178.165.167.123 - - [14/Oct/2024:12:51:12 +0200] "GET /gui/javascript/form_form.js?1728903072 HTTP/1.1" 200 16206 "http://hausegger.activities.at/entry.php?id=10271&&ser=903012" "Mozilla/5.0 (Windows NT 10.0; Win64; x64; rv:131.0) Gecko/20100101 Firefox/131.0"
156.59.198.135 - - [14/Oct/2024:12:51:33 +0200] "GET /renault.activities.at/htdocs/export/pdf/emuc_document/11810041.pdf HTTP/1.0" 404 321 "-" "Mozilla/5.0 (Linux; Android 5.0) AppleWebKit/537.36 (KHTML, like Gecko) Mobile Safari/537.36 (compatible; Bytespider; spider-feedback@bytedance.com)"
156.59.198.136 - - [14/Oct/2024:12:51:54 +0200] "GET /renault.2web.at/stats/lang/awstats-br.txt HTTP/1.0" 404 303 "-" "Mozilla/5.0 (Linux; Android 5.0) AppleWebKit/537.36 (KHTML, like Gecko) Mobile Safari/537.36 (compatible; Bytespider; spider-feedback@bytedance.com)"
178.165.167.123 - - [14/Oct/2024:12:52:12 +0200] "GET /entry.php?id=10271&&ser=903072 HTTP/1.1" 200 987 "http://hausegger.activities.at/entry.php?id=10271&&ser=903012" "Mozilla/5.0 (Windows NT 10.0; Win64; x64; rv:131.0) Gecko/20100101 Firefox/131.0"
178.165.167.123 - - [14/Oct/2024:12:52:12 +0200] "GET /gui/javascript/form_form.js?1728903132 HTTP/1.1" 200 16206 "http://hausegger.activities.at/entry.php?id=10271&&ser=903072" "Mozilla/5.0 (Windows NT 10.0; Win64; x64; rv:131.0) Gecko/20100101 Firefox/131.0"
156.59.198.136 - - [14/Oct/2024:12:52:15 +0200] "GET /renault.activities.at/htdocs/export/xml/data/orders/202007211003_RenOrder.xml HTTP/1.0" 404 329 "-" "Mozilla/5.0 (Linux; Android 5.0) AppleWebKit/537.36 (KHTML, like Gecko) Mobile Safari/537.36 (compatible; Bytespider; spider-feedback@bytedance.com)"
156.59.198.135 - - [14/Oct/2024:12:52:37 +0200] "GET /renault.activities.at/htdocs/export/pdf/emuc_document/11182077.pdf HTTP/1.0" 404 322 "-" "Mozilla/5.0 (Linux; Android 5.0) AppleWebKit/537.36 (KHTML, like Gecko) Mobile Safari/537.36 (compatible; Bytespider; spider-feedback@bytedance.com)"
156.59.198.135 - - [14/Oct/2024:12:52:58 +0200] "GET /renault.activities.at/htdocs/export/xml/data/orders/201910071003_RenOrder.xml HTTP/1.0" 404 328 "-" "Mozilla/5.0 (Linux; Android 5.0) AppleWebKit/537.36 (KHTML, like Gecko) Mobile Safari/537.36 (compatible; Bytespider; spider-feedback@bytedance.com)"
178.165.167.123 - - [14/Oct/2024:12:53:12 +0200] "GET /entry.php?id=10271&&ser=903132 HTTP/1.1" 200 987 "http://hausegger.activities.at/entry.php?id=10271&&ser=903072" "Mozilla/5.0 (Windows NT 10.0; Win64; x64; rv:131.0) Gecko/20100101 Firefox/131.0"
178.165.167.123 - - [14/Oct/2024:12:53:13 +0200] "GET /gui/javascript/form_form.js?1728903192 HTTP/1.1" 200 16206 "http://hausegger.activities.at/entry.php?id=10271&&ser=903132" "Mozilla/5.0 (Windows NT 10.0; Win64; x64; rv:131.0) Gecko/20100101 Firefox/131.0"
156.59.198.135 - - [14/Oct/2024:12:53:20 +0200] "GET /renault.activities.at/htdocs/export/pdf/emuc_document/12202577.pdf HTTP/1.0" 404 322 "-" "Mozilla/5.0 (Linux; Android 5.0) AppleWebKit/537.36 (KHTML, like Gecko) Mobile Safari/537.36 (compatible; Bytespider; spider-feedback@bytedance.com)"
178.165.167.123 - - [14/Oct/2024:12:54:13 +0200] "GET /entry.php?id=10271&&ser=903192 HTTP/1.1" 200 987 "http://hausegger.activities.at/entry.php?id=10271&&ser=903132" "Mozilla/5.0 (Windows NT 10.0; Win64; x64; rv:131.0) Gecko/20100101 Firefox/131.0"
178.165.167.123 - - [14/Oct/2024:12:54:13 +0200] "GET /gui/javascript/form_form.js?1728903253 HTTP/1.1" 200 16206 "http://hausegger.activities.at/entry.php?id=10271&&ser=903192" "Mozilla/5.0 (Windows NT 10.0; Win64; x64; rv:131.0) Gecko/20100101 Firefox/131.0"
178.165.167.123 - - [14/Oct/2024:12:55:13 +0200] "GET /entry.php?id=10271&&ser=903253 HTTP/1.1" 200 987 "http://hausegger.activities.at/entry.php?id=10271&&ser=903192" "Mozilla/5.0 (Windows NT 10.0; Win64; x64; rv:131.0) Gecko/20100101 Firefox/131.0"
178.165.167.123 - - [14/Oct/2024:12:55:13 +0200] "GET /gui/javascript/form_form.js?1728903313 HTTP/1.1" 200 16206 "http://hausegger.activities.at/entry.php?id=10271&&ser=903253" "Mozilla/5.0 (Windows NT 10.0; Win64; x64; rv:131.0) Gecko/20100101 Firefox/131.0"
156.59.198.136 - - [14/Oct/2024:12:55:17 +0200] "GET /renault.activities.at/htdocs/export/xml/data/orders/202107151103_RenOrder.xml HTTP/1.0" 404 329 "-" "Mozilla/5.0 (Linux; Android 5.0) AppleWebKit/537.36 (KHTML, like Gecko) Mobile Safari/537.36 (compatible; Bytespider; spider-feedback@bytedance.com)"
156.59.198.135 - - [14/Oct/2024:12:55:38 +0200] "GET /renault.activities.at/htdocs/export/xml/data/orders/202002281003_RenOrder.xml HTTP/1.0" 404 329 "-" "Mozilla/5.0 (Linux; Android 5.0) AppleWebKit/537.36 (KHTML, like Gecko) Mobile Safari/537.36 (compatible; Bytespider; spider-feedback@bytedance.com)"
156.59.198.136 - - [14/Oct/2024:12:55:59 +0200] "GET /renault.activities.at/htdocs/export/xml/data/orders/202104141103_RenOrder.xml HTTP/1.0" 404 328 "-" "Mozilla/5.0 (Linux; Android 5.0) AppleWebKit/537.36 (KHTML, like Gecko) Mobile Safari/537.36 (compatible; Bytespider; spider-feedback@bytedance.com)"
178.165.167.123 - - [14/Oct/2024:12:56:13 +0200] "GET /entry.php?id=10271&&ser=903313 HTTP/1.1" 200 987 "http://hausegger.activities.at/entry.php?id=10271&&ser=903253" "Mozilla/5.0 (Windows NT 10.0; Win64; x64; rv:131.0) Gecko/20100101 Firefox/131.0"
178.165.167.123 - - [14/Oct/2024:12:56:13 +0200] "GET /gui/javascript/form_form.js?1728903373 HTTP/1.1" 200 16206 "http://hausegger.activities.at/entry.php?id=10271&&ser=903313" "Mozilla/5.0 (Windows NT 10.0; Win64; x64; rv:131.0) Gecko/20100101 Firefox/131.0"
156.59.198.136 - - [14/Oct/2024:12:56:21 +0200] "GET /renault.activities.at/htdocs/export/xml/data/orders/202109221203_RenOrder.xml HTTP/1.0" 404 329 "-" "Mozilla/5.0 (Linux; Android 5.0) AppleWebKit/537.36 (KHTML, like Gecko) Mobile Safari/537.36 (compatible; Bytespider; spider-feedback@bytedance.com)"
156.59.198.135 - - [14/Oct/2024:12:56:51 +0200] "GET /renault.activities.at/htdocs/export/xml/data/orders/202005010803_RenOrder.xml HTTP/1.0" 404 328 "-" "Mozilla/5.0 (Linux; Android 5.0) AppleWebKit/537.36 (KHTML, like Gecko) Mobile Safari/537.36 (compatible; Bytespider; spider-feedback@bytedance.com)"
109.194.248.203 - - [14/Oct/2024:12:57:12 +0200] "GET / HTTP/1.0" 200 423 "-" "Mozilla/5.0 (Windows NT 6.3; Win64; x64) AppleWebKit/537.36 (KHTML, like Gecko) Chrome/75.0.3770.100 Safari/537.36"
178.165.167.123 - - [14/Oct/2024:12:57:14 +0200] "GET /entry.php?id=10271&&ser=903373 HTTP/1.1" 200 987 "http://hausegger.activities.at/entry.php?id=10271&&ser=903313" "Mozilla/5.0 (Windows NT 10.0; Win64; x64; rv:131.0) Gecko/20100101 Firefox/131.0"
178.165.167.123 - - [14/Oct/2024:12:57:14 +0200] "GET /gui/javascript/form_form.js?1728903434 HTTP/1.1" 200 16206 "http://hausegger.activities.at/entry.php?id=10271&&ser=903373" "Mozilla/5.0 (Windows NT 10.0; Win64; x64; rv:131.0) Gecko/20100101 Firefox/131.0"
178.165.167.123 - - [14/Oct/2024:12:58:14 +0200] "GET /entry.php?id=10271&&ser=903434 HTTP/1.1" 200 987 "http://hausegger.activities.at/entry.php?id=10271&&ser=903373" "Mozilla/5.0 (Windows NT 10.0; Win64; x64; rv:131.0) Gecko/20100101 Firefox/131.0"
178.165.167.123 - - [14/Oct/2024:12:58:14 +0200] "GET /gui/javascript/form_form.js?1728903494 HTTP/1.1" 200 16206 "http://hausegger.activities.at/entry.php?id=10271&&ser=903434" "Mozilla/5.0 (Windows NT 10.0; Win64; x64; rv:131.0) Gecko/20100101 Firefox/131.0"
178.165.167.123 - - [14/Oct/2024:12:59:15 +0200] "GET /entry.php?id=10271&&ser=903494 HTTP/1.1" 200 988 "http://hausegger.activities.at/entry.php?id=10271&&ser=903434" "Mozilla/5.0 (Windows NT 10.0; Win64; x64; rv:131.0) Gecko/20100101 Firefox/131.0"
178.165.167.123 - - [14/Oct/2024:12:59:15 +0200] "GET /gui/javascript/form_form.js?1728903555 HTTP/1.1" 200 16206 "http://hausegger.activities.at/entry.php?id=10271&&ser=903494" "Mozilla/5.0 (Windows NT 10.0; Win64; x64; rv:131.0) Gecko/20100101 Firefox/131.0"
178.165.167.123 - - [14/Oct/2024:13:00:15 +0200] "GET /entry.php?id=10271&&ser=903555 HTTP/1.1" 200 987 "http://hausegger.activities.at/entry.php?id=10271&&ser=903494" "Mozilla/5.0 (Windows NT 10.0; Win64; x64; rv:131.0) Gecko/20100101 Firefox/131.0"
178.165.167.123 - - [14/Oct/2024:13:00:16 +0200] "GET /gui/javascript/form_form.js?1728903616 HTTP/1.1" 200 16206 "http://hausegger.activities.at/entry.php?id=10271&&ser=903555" "Mozilla/5.0 (Windows NT 10.0; Win64; x64; rv:131.0) Gecko/20100101 Firefox/131.0"
178.165.167.123 - - [14/Oct/2024:13:01:16 +0200] "GET /entry.php?id=10271&&ser=903616 HTTP/1.1" 200 987 "http://hausegger.activities.at/entry.php?id=10271&&ser=903555" "Mozilla/5.0 (Windows NT 10.0; Win64; x64; rv:131.0) Gecko/20100101 Firefox/131.0"
178.165.167.123 - - [14/Oct/2024:13:01:16 +0200] "GET /gui/javascript/form_form.js?1728903676 HTTP/1.1" 200 16206 "http://hausegger.activities.at/entry.php?id=10271&&ser=903616" "Mozilla/5.0 (Windows NT 10.0; Win64; x64; rv:131.0) Gecko/20100101 Firefox/131.0"
156.59.198.136 - - [14/Oct/2024:13:01:16 +0200] "GET /renault.activities.at/htdocs/export/xml/data/orders/201908231203_RenOrder.xml HTTP/1.0" 404 329 "-" "Mozilla/5.0 (Linux; Android 5.0) AppleWebKit/537.36 (KHTML, like Gecko) Mobile Safari/537.36 (compatible; Bytespider; spider-feedback@bytedance.com)"
156.59.198.135 - - [14/Oct/2024:13:01:37 +0200] "GET /renault.activities.at/htdocs/export/pdf/emuc_document/11254176.pdf HTTP/1.0" 404 322 "-" "Mozilla/5.0 (Linux; Android 5.0) AppleWebKit/537.36 (KHTML, like Gecko) Mobile Safari/537.36 (compatible; Bytespider; spider-feedback@bytedance.com)"
178.165.167.123 - - [14/Oct/2024:13:02:16 +0200] "GET /entry.php?id=10271&&ser=903676 HTTP/1.1" 200 987 "http://hausegger.activities.at/entry.php?id=10271&&ser=903616" "Mozilla/5.0 (Windows NT 10.0; Win64; x64; rv:131.0) Gecko/20100101 Firefox/131.0"
178.165.167.123 - - [14/Oct/2024:13:02:16 +0200] "GET /gui/javascript/form_form.js?1728903736 HTTP/1.1" 200 16206 "http://hausegger.activities.at/entry.php?id=10271&&ser=903676" "Mozilla/5.0 (Windows NT 10.0; Win64; x64; rv:131.0) Gecko/20100101 Firefox/131.0"
156.59.198.135 - - [14/Oct/2024:13:02:34 +0200] "GET /renault.activities.at/htdocs/export/xml/data/orders/201908231803_RenOrder.xml HTTP/1.0" 404 329 "-" "Mozilla/5.0 (Linux; Android 5.0) AppleWebKit/537.36 (KHTML, like Gecko) Mobile Safari/537.36 (compatible; Bytespider; spider-feedback@bytedance.com)"
156.59.198.136 - - [14/Oct/2024:13:02:55 +0200] "GET /ed-test.2web.at/stats/lang/awstats-dk.txt HTTP/1.0" 404 303 "-" "Mozilla/5.0 (Linux; Android 5.0) AppleWebKit/537.36 (KHTML, like Gecko) Mobile Safari/537.36 (compatible; Bytespider; spider-feedback@bytedance.com)"
178.165.167.123 - - [14/Oct/2024:13:03:16 +0200] "GET /entry.php?id=10271&&ser=903736 HTTP/1.1" 200 987 "http://hausegger.activities.at/entry.php?id=10271&&ser=903676" "Mozilla/5.0 (Windows NT 10.0; Win64; x64; rv:131.0) Gecko/20100101 Firefox/131.0"
178.165.167.123 - - [14/Oct/2024:13:03:17 +0200] "GET /gui/javascript/form_form.js?1728903796 HTTP/1.1" 200 16206 "http://hausegger.activities.at/entry.php?id=10271&&ser=903736" "Mozilla/5.0 (Windows NT 10.0; Win64; x64; rv:131.0) Gecko/20100101 Firefox/131.0"
156.59.198.136 - - [14/Oct/2024:13:03:17 +0200] "GET /renault.activities.at/htdocs/export/xml/data/orders/202010090803_RenOrder.xml HTTP/1.0" 404 328 "-" "Mozilla/5.0 (Linux; Android 5.0) AppleWebKit/537.36 (KHTML, like Gecko) Mobile Safari/537.36 (compatible; Bytespider; spider-feedback@bytedance.com)"
178.165.167.123 - - [14/Oct/2024:13:04:17 +0200] "GET /entry.php?id=10271&&ser=903796 HTTP/1.1" 200 987 "http://hausegger.activities.at/entry.php?id=10271&&ser=903736" "Mozilla/5.0 (Windows NT 10.0; Win64; x64; rv:131.0) Gecko/20100101 Firefox/131.0"
178.165.167.123 - - [14/Oct/2024:13:04:17 +0200] "GET /gui/javascript/form_form.js?1728903857 HTTP/1.1" 200 16206 "http://hausegger.activities.at/entry.php?id=10271&&ser=903796" "Mozilla/5.0 (Windows NT 10.0; Win64; x64; rv:131.0) Gecko/20100101 Firefox/131.0"
178.165.167.123 - - [14/Oct/2024:13:05:17 +0200] "GET /entry.php?id=10271&&ser=903857 HTTP/1.1" 200 987 "http://hausegger.activities.at/entry.php?id=10271&&ser=903796" "Mozilla/5.0 (Windows NT 10.0; Win64; x64; rv:131.0) Gecko/20100101 Firefox/131.0"
178.165.167.123 - - [14/Oct/2024:13:05:17 +0200] "GET /gui/javascript/form_form.js?1728903917 HTTP/1.1" 200 16206 "http://hausegger.activities.at/entry.php?id=10271&&ser=903857" "Mozilla/5.0 (Windows NT 10.0; Win64; x64; rv:131.0) Gecko/20100101 Firefox/131.0"
178.165.167.123 - - [14/Oct/2024:13:06:17 +0200] "GET /entry.php?id=10271&&ser=903917 HTTP/1.1" 200 987 "http://hausegger.activities.at/entry.php?id=10271&&ser=903857" "Mozilla/5.0 (Windows NT 10.0; Win64; x64; rv:131.0) Gecko/20100101 Firefox/131.0"
178.165.167.123 - - [14/Oct/2024:13:06:17 +0200] "GET /gui/javascript/form_form.js?1728903977 HTTP/1.1" 200 16206 "http://hausegger.activities.at/entry.php?id=10271&&ser=903917" "Mozilla/5.0 (Windows NT 10.0; Win64; x64; rv:131.0) Gecko/20100101 Firefox/131.0"
156.59.198.136 - - [14/Oct/2024:13:07:07 +0200] "GET /renault.activities.at/htdocs/export/pdf/emuc_document/11358638.pdf HTTP/1.0" 404 322 "-" "Mozilla/5.0 (Linux; Android 5.0) AppleWebKit/537.36 (KHTML, like Gecko) Mobile Safari/537.36 (compatible; Bytespider; spider-feedback@bytedance.com)"
178.165.167.123 - - [14/Oct/2024:13:07:18 +0200] "GET /entry.php?id=10271&&ser=903977 HTTP/1.1" 200 987 "http://hausegger.activities.at/entry.php?id=10271&&ser=903917" "Mozilla/5.0 (Windows NT 10.0; Win64; x64; rv:131.0) Gecko/20100101 Firefox/131.0"
178.165.167.123 - - [14/Oct/2024:13:07:18 +0200] "GET /gui/javascript/form_form.js?1728904038 HTTP/1.1" 200 16206 "http://hausegger.activities.at/entry.php?id=10271&&ser=903977" "Mozilla/5.0 (Windows NT 10.0; Win64; x64; rv:131.0) Gecko/20100101 Firefox/131.0"
156.59.198.135 - - [14/Oct/2024:13:07:28 +0200] "GET /renault.activities.at/htdocs/export/pdf/emuc_document/12431218.pdf HTTP/1.0" 404 322 "-" "Mozilla/5.0 (Linux; Android 5.0) AppleWebKit/537.36 (KHTML, like Gecko) Mobile Safari/537.36 (compatible; Bytespider; spider-feedback@bytedance.com)"
156.59.198.135 - - [14/Oct/2024:13:07:49 +0200] "GET /renault.activities.at/htdocs/export/xml/data/orders/202107131603_RenOrder.xml HTTP/1.0" 404 330 "-" "Mozilla/5.0 (Linux; Android 5.0) AppleWebKit/537.36 (KHTML, like Gecko) Mobile Safari/537.36 (compatible; Bytespider; spider-feedback@bytedance.com)"
156.59.198.135 - - [14/Oct/2024:13:08:10 +0200] "GET /ed-test.2web.at/stats/lang/awstats-ko.txt HTTP/1.0" 404 303 "-" "Mozilla/5.0 (Linux; Android 5.0) AppleWebKit/537.36 (KHTML, like Gecko) Mobile Safari/537.36 (compatible; Bytespider; spider-feedback@bytedance.com)"
178.165.167.123 - - [14/Oct/2024:13:08:18 +0200] "GET /entry.php?id=10271&&ser=904038 HTTP/1.1" 200 987 "http://hausegger.activities.at/entry.php?id=10271&&ser=903977" "Mozilla/5.0 (Windows NT 10.0; Win64; x64; rv:131.0) Gecko/20100101 Firefox/131.0"
178.165.167.123 - - [14/Oct/2024:13:08:18 +0200] "GET /gui/javascript/form_form.js?1728904098 HTTP/1.1" 200 16206 "http://hausegger.activities.at/entry.php?id=10271&&ser=904038" "Mozilla/5.0 (Windows NT 10.0; Win64; x64; rv:131.0) Gecko/20100101 Firefox/131.0"
156.59.198.135 - - [14/Oct/2024:13:08:31 +0200] "GET /renault.activities.at/htdocs/export/xml/data/orders/202004280803_RenOrder.xml HTTP/1.0" 404 329 "-" "Mozilla/5.0 (Linux; Android 5.0) AppleWebKit/537.36 (KHTML, like Gecko) Mobile Safari/537.36 (compatible; Bytespider; spider-feedback@bytedance.com)"
156.59.198.136 - - [14/Oct/2024:13:08:52 +0200] "GET /renault.activities.at/htdocs/export/pdf/emuc_document/11250519.pdf HTTP/1.0" 404 321 "-" "Mozilla/5.0 (Linux; Android 5.0) AppleWebKit/537.36 (KHTML, like Gecko) Mobile Safari/537.36 (compatible; Bytespider; spider-feedback@bytedance.com)"
156.59.198.136 - - [14/Oct/2024:13:09:13 +0200] "GET /renault.activities.at/htdocs/export/pdf/emuc_document/12383854.pdf HTTP/1.0" 404 322 "-" "Mozilla/5.0 (Linux; Android 5.0) AppleWebKit/537.36 (KHTML, like Gecko) Mobile Safari/537.36 (compatible; Bytespider; spider-feedback@bytedance.com)"
178.165.167.123 - - [14/Oct/2024:13:09:18 +0200] "GET /entry.php?id=10271&&ser=904098 HTTP/1.1" 200 986 "http://hausegger.activities.at/entry.php?id=10271&&ser=904038" "Mozilla/5.0 (Windows NT 10.0; Win64; x64; rv:131.0) Gecko/20100101 Firefox/131.0"
178.165.167.123 - - [14/Oct/2024:13:09:18 +0200] "GET /gui/javascript/form_form.js?1728904158 HTTP/1.1" 200 16206 "http://hausegger.activities.at/entry.php?id=10271&&ser=904098" "Mozilla/5.0 (Windows NT 10.0; Win64; x64; rv:131.0) Gecko/20100101 Firefox/131.0"
156.59.198.135 - - [14/Oct/2024:13:09:34 +0200] "GET /renault.activities.at/htdocs/export/xml/data/orders/202011101103_RenOrder.xml HTTP/1.0" 404 328 "-" "Mozilla/5.0 (Linux; Android 5.0) AppleWebKit/537.36 (KHTML, like Gecko) Mobile Safari/537.36 (compatible; Bytespider; spider-feedback@bytedance.com)"
156.59.198.136 - - [14/Oct/2024:13:09:56 +0200] "GET /hausegger.activities.at/stats/lang/awstats-lv.txt HTTP/1.0" 404 309 "-" "Mozilla/5.0 (Linux; Android 5.0) AppleWebKit/537.36 (KHTML, like Gecko) Mobile Safari/537.36 (compatible; Bytespider; spider-feedback@bytedance.com)"
156.59.198.135 - - [14/Oct/2024:13:10:16 +0200] "GET /renault.activities.at/htdocs/export/xml/data/orders/202002141203_RenOrder.xml HTTP/1.0" 404 329 "-" "Mozilla/5.0 (Linux; Android 5.0) AppleWebKit/537.36 (KHTML, like Gecko) Mobile Safari/537.36 (compatible; Bytespider; spider-feedback@bytedance.com)"
178.165.167.123 - - [14/Oct/2024:13:10:18 +0200] "GET /entry.php?id=10271&&ser=904158 HTTP/1.1" 200 987 "http://hausegger.activities.at/entry.php?id=10271&&ser=904098" "Mozilla/5.0 (Windows NT 10.0; Win64; x64; rv:131.0) Gecko/20100101 Firefox/131.0"
178.165.167.123 - - [14/Oct/2024:13:10:19 +0200] "GET /gui/javascript/form_form.js?1728904218 HTTP/1.1" 200 16206 "http://hausegger.activities.at/entry.php?id=10271&&ser=904158" "Mozilla/5.0 (Windows NT 10.0; Win64; x64; rv:131.0) Gecko/20100101 Firefox/131.0"
156.59.198.135 - - [14/Oct/2024:13:10:38 +0200] "GET /renault.activities.at/htdocs/export/xml/data/orders/202105041003_RenOrder.xml HTTP/1.0" 404 329 "-" "Mozilla/5.0 (Linux; Android 5.0) AppleWebKit/537.36 (KHTML, like Gecko) Mobile Safari/537.36 (compatible; Bytespider; spider-feedback@bytedance.com)"
156.59.198.136 - - [14/Oct/2024:13:10:59 +0200] "GET /renault.activities.at/htdocs/export/pdf/emuc_document/12102865.pdf HTTP/1.0" 404 321 "-" "Mozilla/5.0 (Linux; Android 5.0) AppleWebKit/537.36 (KHTML, like Gecko) Mobile Safari/537.36 (compatible; Bytespider; spider-feedback@bytedance.com)"
178.165.167.123 - - [14/Oct/2024:13:11:19 +0200] "GET /entry.php?id=10271&&ser=904218 HTTP/1.1" 200 987 "http://hausegger.activities.at/entry.php?id=10271&&ser=904158" "Mozilla/5.0 (Windows NT 10.0; Win64; x64; rv:131.0) Gecko/20100101 Firefox/131.0"
178.165.167.123 - - [14/Oct/2024:13:11:19 +0200] "GET /gui/javascript/form_form.js?1728904279 HTTP/1.1" 200 16206 "http://hausegger.activities.at/entry.php?id=10271&&ser=904218" "Mozilla/5.0 (Windows NT 10.0; Win64; x64; rv:131.0) Gecko/20100101 Firefox/131.0"
156.59.198.136 - - [14/Oct/2024:13:11:20 +0200] "GET /ed-test.2web.at/stats/lang/awstats-mk.txt HTTP/1.0" 404 303 "-" "Mozilla/5.0 (Linux; Android 5.0) AppleWebKit/537.36 (KHTML, like Gecko) Mobile Safari/537.36 (compatible; Bytespider; spider-feedback@bytedance.com)"
156.59.198.136 - - [14/Oct/2024:13:11:41 +0200] "GET /default/cgi-bin/lang/awstats-eu.txt HTTP/1.0" 404 302 "-" "Mozilla/5.0 (Linux; Android 5.0) AppleWebKit/537.36 (KHTML, like Gecko) Mobile Safari/537.36 (compatible; Bytespider; spider-feedback@bytedance.com)"
156.59.198.135 - - [14/Oct/2024:13:12:03 +0200] "GET /ed-test.2web.at/stats/lang/tooltips_w/awstats-tt-sk.txt HTTP/1.0" 404 312 "-" "Mozilla/5.0 (Linux; Android 5.0) AppleWebKit/537.36 (KHTML, like Gecko) Mobile Safari/537.36 (compatible; Bytespider; spider-feedback@bytedance.com)"
178.165.167.123 - - [14/Oct/2024:13:12:19 +0200] "GET /entry.php?id=10271&&ser=904279 HTTP/1.1" 200 987 "http://hausegger.activities.at/entry.php?id=10271&&ser=904218" "Mozilla/5.0 (Windows NT 10.0; Win64; x64; rv:131.0) Gecko/20100101 Firefox/131.0"
178.165.167.123 - - [14/Oct/2024:13:12:19 +0200] "GET /gui/javascript/form_form.js?1728904339 HTTP/1.1" 200 16206 "http://hausegger.activities.at/entry.php?id=10271&&ser=904279" "Mozilla/5.0 (Windows NT 10.0; Win64; x64; rv:131.0) Gecko/20100101 Firefox/131.0"
156.59.198.135 - - [14/Oct/2024:13:12:24 +0200] "GET /renault.activities.at/htdocs/export/xml/data/orders/202001181203_RenOrder.xml HTTP/1.0" 404 329 "-" "Mozilla/5.0 (Linux; Android 5.0) AppleWebKit/537.36 (KHTML, like Gecko) Mobile Safari/537.36 (compatible; Bytespider; spider-feedback@bytedance.com)"
156.59.198.136 - - [14/Oct/2024:13:12:45 +0200] "GET /default/cgi-bin/lang/awstats-nl.txt HTTP/1.0" 404 302 "-" "Mozilla/5.0 (Linux; Android 5.0) AppleWebKit/537.36 (KHTML, like Gecko) Mobile Safari/537.36 (compatible; Bytespider; spider-feedback@bytedance.com)"
156.59.198.135 - - [14/Oct/2024:13:13:06 +0200] "GET /renault.activities.at/htdocs/export/xml/data/orders/202105171403_RenOrder.xml HTTP/1.0" 404 329 "-" "Mozilla/5.0 (Linux; Android 5.0) AppleWebKit/537.36 (KHTML, like Gecko) Mobile Safari/537.36 (compatible; Bytespider; spider-feedback@bytedance.com)"
178.165.167.123 - - [14/Oct/2024:13:13:19 +0200] "GET /entry.php?id=10271&&ser=904339 HTTP/1.1" 200 987 "http://hausegger.activities.at/entry.php?id=10271&&ser=904279" "Mozilla/5.0 (Windows NT 10.0; Win64; x64; rv:131.0) Gecko/20100101 Firefox/131.0"
178.165.167.123 - - [14/Oct/2024:13:13:19 +0200] "GET /gui/javascript/form_form.js?1728904399 HTTP/1.1" 200 16206 "http://hausegger.activities.at/entry.php?id=10271&&ser=904339" "Mozilla/5.0 (Windows NT 10.0; Win64; x64; rv:131.0) Gecko/20100101 Firefox/131.0"
156.59.198.136 - - [14/Oct/2024:13:13:27 +0200] "GET /renault.activities.at/htdocs/export/pdf/emuc_document/11293615.pdf HTTP/1.0" 404 322 "-" "Mozilla/5.0 (Linux; Android 5.0) AppleWebKit/537.36 (KHTML, like Gecko) Mobile Safari/537.36 (compatible; Bytespider; spider-feedback@bytedance.com)"
156.59.198.136 - - [14/Oct/2024:13:13:48 +0200] "GET /default/cgi-bin/lang/tooltips_w/awstats-tt-ba.txt HTTP/1.0" 404 311 "-" "Mozilla/5.0 (Linux; Android 5.0) AppleWebKit/537.36 (KHTML, like Gecko) Mobile Safari/537.36 (compatible; Bytespider; spider-feedback@bytedance.com)"
156.59.198.136 - - [14/Oct/2024:13:14:10 +0200] "GET /renault.activities.at/htdocs/export/pdf/emuc_document/10883818.pdf HTTP/1.0" 404 322 "-" "Mozilla/5.0 (Linux; Android 5.0) AppleWebKit/537.36 (KHTML, like Gecko) Mobile Safari/537.36 (compatible; Bytespider; spider-feedback@bytedance.com)"
178.165.167.123 - - [14/Oct/2024:13:14:20 +0200] "GET /entry.php?id=10271&&ser=904399 HTTP/1.1" 200 987 "http://hausegger.activities.at/entry.php?id=10271&&ser=904339" "Mozilla/5.0 (Windows NT 10.0; Win64; x64; rv:131.0) Gecko/20100101 Firefox/131.0"
178.165.167.123 - - [14/Oct/2024:13:14:20 +0200] "GET /gui/javascript/form_form.js?1728904460 HTTP/1.1" 200 16206 "http://hausegger.activities.at/entry.php?id=10271&&ser=904399" "Mozilla/5.0 (Windows NT 10.0; Win64; x64; rv:131.0) Gecko/20100101 Firefox/131.0"
156.59.198.135 - - [14/Oct/2024:13:14:31 +0200] "GET /renault.activities.at/htdocs/export/pdf/emuc_document/11601036.pdf HTTP/1.0" 404 322 "-" "Mozilla/5.0 (Linux; Android 5.0) AppleWebKit/537.36 (KHTML, like Gecko) Mobile Safari/537.36 (compatible; Bytespider; spider-feedback@bytedance.com)"
156.59.198.136 - - [14/Oct/2024:13:14:52 +0200] "GET /renault.activities.at/htdocs/export/xml/data/orders/202107131103_RenOrder.xml HTTP/1.0" 404 329 "-" "Mozilla/5.0 (Linux; Android 5.0) AppleWebKit/537.36 (KHTML, like Gecko) Mobile Safari/537.36 (compatible; Bytespider; spider-feedback@bytedance.com)"
178.165.167.123 - - [14/Oct/2024:13:15:20 +0200] "GET /entry.php?id=10271&&ser=904460 HTTP/1.1" 200 987 "http://hausegger.activities.at/entry.php?id=10271&&ser=904399" "Mozilla/5.0 (Windows NT 10.0; Win64; x64; rv:131.0) Gecko/20100101 Firefox/131.0"
178.165.167.123 - - [14/Oct/2024:13:15:20 +0200] "GET /gui/javascript/form_form.js?1728904520 HTTP/1.1" 200 16206 "http://hausegger.activities.at/entry.php?id=10271&&ser=904460" "Mozilla/5.0 (Windows NT 10.0; Win64; x64; rv:131.0) Gecko/20100101 Firefox/131.0"
178.165.167.123 - - [14/Oct/2024:13:16:20 +0200] "GET /entry.php?id=10271&&ser=904520 HTTP/1.1" 200 987 "http://hausegger.activities.at/entry.php?id=10271&&ser=904460" "Mozilla/5.0 (Windows NT 10.0; Win64; x64; rv:131.0) Gecko/20100101 Firefox/131.0"
178.165.167.123 - - [14/Oct/2024:13:16:20 +0200] "GET /gui/javascript/form_form.js?1728904580 HTTP/1.1" 200 16206 "http://hausegger.activities.at/entry.php?id=10271&&ser=904520" "Mozilla/5.0 (Windows NT 10.0; Win64; x64; rv:131.0) Gecko/20100101 Firefox/131.0"
178.165.167.123 - - [14/Oct/2024:13:17:20 +0200] "GET /entry.php?id=10271&&ser=904580 HTTP/1.1" 200 987 "http://hausegger.activities.at/entry.php?id=10271&&ser=904520" "Mozilla/5.0 (Windows NT 10.0; Win64; x64; rv:131.0) Gecko/20100101 Firefox/131.0"
178.165.167.123 - - [14/Oct/2024:13:17:21 +0200] "GET /gui/javascript/form_form.js?1728904640 HTTP/1.1" 200 16206 "http://hausegger.activities.at/entry.php?id=10271&&ser=904580" "Mozilla/5.0 (Windows NT 10.0; Win64; x64; rv:131.0) Gecko/20100101 Firefox/131.0"
178.165.167.123 - - [14/Oct/2024:13:18:21 +0200] "GET /entry.php?id=10271&&ser=904640 HTTP/1.1" 200 986 "http://hausegger.activities.at/entry.php?id=10271&&ser=904580" "Mozilla/5.0 (Windows NT 10.0; Win64; x64; rv:131.0) Gecko/20100101 Firefox/131.0"
178.165.167.123 - - [14/Oct/2024:13:18:21 +0200] "GET /gui/javascript/form_form.js?1728904701 HTTP/1.1" 200 16206 "http://hausegger.activities.at/entry.php?id=10271&&ser=904640" "Mozilla/5.0 (Windows NT 10.0; Win64; x64; rv:131.0) Gecko/20100101 Firefox/131.0"
178.165.167.123 - - [14/Oct/2024:13:19:21 +0200] "GET /entry.php?id=10271&&ser=904701 HTTP/1.1" 200 987 "http://hausegger.activities.at/entry.php?id=10271&&ser=904640" "Mozilla/5.0 (Windows NT 10.0; Win64; x64; rv:131.0) Gecko/20100101 Firefox/131.0"
178.165.167.123 - - [14/Oct/2024:13:19:21 +0200] "GET /gui/javascript/form_form.js?1728904761 HTTP/1.1" 200 16206 "http://hausegger.activities.at/entry.php?id=10271&&ser=904701" "Mozilla/5.0 (Windows NT 10.0; Win64; x64; rv:131.0) Gecko/20100101 Firefox/131.0"
178.165.167.123 - - [14/Oct/2024:13:20:21 +0200] "GET /entry.php?id=10271&&ser=904761 HTTP/1.1" 200 986 "http://hausegger.activities.at/entry.php?id=10271&&ser=904701" "Mozilla/5.0 (Windows NT 10.0; Win64; x64; rv:131.0) Gecko/20100101 Firefox/131.0"
178.165.167.123 - - [14/Oct/2024:13:20:21 +0200] "GET /gui/javascript/form_form.js?1728904821 HTTP/1.1" 200 16206 "http://hausegger.activities.at/entry.php?id=10271&&ser=904761" "Mozilla/5.0 (Windows NT 10.0; Win64; x64; rv:131.0) Gecko/20100101 Firefox/131.0"
178.165.167.123 - - [14/Oct/2024:13:21:22 +0200] "GET /entry.php?id=10271&&ser=904821 HTTP/1.1" 200 987 "http://hausegger.activities.at/entry.php?id=10271&&ser=904761" "Mozilla/5.0 (Windows NT 10.0; Win64; x64; rv:131.0) Gecko/20100101 Firefox/131.0"
178.165.167.123 - - [14/Oct/2024:13:21:22 +0200] "GET /gui/javascript/form_form.js?1728904882 HTTP/1.1" 200 16206 "http://hausegger.activities.at/entry.php?id=10271&&ser=904821" "Mozilla/5.0 (Windows NT 10.0; Win64; x64; rv:131.0) Gecko/20100101 Firefox/131.0"
178.165.167.123 - - [14/Oct/2024:13:22:22 +0200] "GET /entry.php?id=10271&&ser=904882 HTTP/1.1" 200 987 "http://hausegger.activities.at/entry.php?id=10271&&ser=904821" "Mozilla/5.0 (Windows NT 10.0; Win64; x64; rv:131.0) Gecko/20100101 Firefox/131.0"
178.165.167.123 - - [14/Oct/2024:13:22:22 +0200] "GET /gui/javascript/form_form.js?1728904942 HTTP/1.1" 200 16206 "http://hausegger.activities.at/entry.php?id=10271&&ser=904882" "Mozilla/5.0 (Windows NT 10.0; Win64; x64; rv:131.0) Gecko/20100101 Firefox/131.0"
178.165.167.123 - - [14/Oct/2024:13:23:22 +0200] "GET /entry.php?id=10271&&ser=904942 HTTP/1.1" 200 986 "http://hausegger.activities.at/entry.php?id=10271&&ser=904882" "Mozilla/5.0 (Windows NT 10.0; Win64; x64; rv:131.0) Gecko/20100101 Firefox/131.0"
178.165.167.123 - - [14/Oct/2024:13:23:22 +0200] "GET /gui/javascript/form_form.js?1728905002 HTTP/1.1" 200 16206 "http://hausegger.activities.at/entry.php?id=10271&&ser=904942" "Mozilla/5.0 (Windows NT 10.0; Win64; x64; rv:131.0) Gecko/20100101 Firefox/131.0"
178.165.167.123 - - [14/Oct/2024:13:24:22 +0200] "GET /entry.php?id=10271&&ser=905002 HTTP/1.1" 200 987 "http://hausegger.activities.at/entry.php?id=10271&&ser=904942" "Mozilla/5.0 (Windows NT 10.0; Win64; x64; rv:131.0) Gecko/20100101 Firefox/131.0"
178.165.167.123 - - [14/Oct/2024:13:24:23 +0200] "GET /gui/javascript/form_form.js?1728905063 HTTP/1.1" 200 16206 "http://hausegger.activities.at/entry.php?id=10271&&ser=905002" "Mozilla/5.0 (Windows NT 10.0; Win64; x64; rv:131.0) Gecko/20100101 Firefox/131.0"
178.165.167.123 - - [14/Oct/2024:13:25:23 +0200] "GET /entry.php?id=10271&&ser=905063 HTTP/1.1" 200 987 "http://hausegger.activities.at/entry.php?id=10271&&ser=905002" "Mozilla/5.0 (Windows NT 10.0; Win64; x64; rv:131.0) Gecko/20100101 Firefox/131.0"
178.165.167.123 - - [14/Oct/2024:13:25:23 +0200] "GET /gui/javascript/form_form.js?1728905123 HTTP/1.1" 200 16206 "http://hausegger.activities.at/entry.php?id=10271&&ser=905063" "Mozilla/5.0 (Windows NT 10.0; Win64; x64; rv:131.0) Gecko/20100101 Firefox/131.0"
34.159.213.18 - - [14/Oct/2024:13:25:38 +0200] "\x16\x03\x01" 400 383 "-" "-"
34.159.213.18 - - [14/Oct/2024:13:25:40 +0200] "OPTIONS / HTTP/1.0" 200 423 "-" "-"
178.165.167.123 - - [14/Oct/2024:13:26:23 +0200] "GET /entry.php?id=10271&&ser=905123 HTTP/1.1" 200 987 "http://hausegger.activities.at/entry.php?id=10271&&ser=905063" "Mozilla/5.0 (Windows NT 10.0; Win64; x64; rv:131.0) Gecko/20100101 Firefox/131.0"
178.165.167.123 - - [14/Oct/2024:13:26:23 +0200] "GET /gui/javascript/form_form.js?1728905183 HTTP/1.1" 200 16206 "http://hausegger.activities.at/entry.php?id=10271&&ser=905123" "Mozilla/5.0 (Windows NT 10.0; Win64; x64; rv:131.0) Gecko/20100101 Firefox/131.0"
178.165.167.123 - - [14/Oct/2024:13:27:23 +0200] "GET /entry.php?id=10271&&ser=905183 HTTP/1.1" 200 987 "http://hausegger.activities.at/entry.php?id=10271&&ser=905123" "Mozilla/5.0 (Windows NT 10.0; Win64; x64; rv:131.0) Gecko/20100101 Firefox/131.0"
178.165.167.123 - - [14/Oct/2024:13:27:23 +0200] "GET /gui/javascript/form_form.js?1728905243 HTTP/1.1" 200 16206 "http://hausegger.activities.at/entry.php?id=10271&&ser=905183" "Mozilla/5.0 (Windows NT 10.0; Win64; x64; rv:131.0) Gecko/20100101 Firefox/131.0"
178.165.167.123 - - [14/Oct/2024:13:28:24 +0200] "GET /entry.php?id=10271&&ser=905243 HTTP/1.1" 200 987 "http://hausegger.activities.at/entry.php?id=10271&&ser=905183" "Mozilla/5.0 (Windows NT 10.0; Win64; x64; rv:131.0) Gecko/20100101 Firefox/131.0"
178.165.167.123 - - [14/Oct/2024:13:28:24 +0200] "GET /gui/javascript/form_form.js?1728905304 HTTP/1.1" 200 16206 "http://hausegger.activities.at/entry.php?id=10271&&ser=905243" "Mozilla/5.0 (Windows NT 10.0; Win64; x64; rv:131.0) Gecko/20100101 Firefox/131.0"
178.165.167.123 - - [14/Oct/2024:13:29:24 +0200] "GET /entry.php?id=10271&&ser=905304 HTTP/1.1" 200 987 "http://hausegger.activities.at/entry.php?id=10271&&ser=905243" "Mozilla/5.0 (Windows NT 10.0; Win64; x64; rv:131.0) Gecko/20100101 Firefox/131.0"
178.165.167.123 - - [14/Oct/2024:13:29:24 +0200] "GET /gui/javascript/form_form.js?1728905364 HTTP/1.1" 200 16206 "http://hausegger.activities.at/entry.php?id=10271&&ser=905304" "Mozilla/5.0 (Windows NT 10.0; Win64; x64; rv:131.0) Gecko/20100101 Firefox/131.0"
178.165.167.123 - - [14/Oct/2024:13:30:24 +0200] "GET /entry.php?id=10271&&ser=905364 HTTP/1.1" 200 987 "http://hausegger.activities.at/entry.php?id=10271&&ser=905304" "Mozilla/5.0 (Windows NT 10.0; Win64; x64; rv:131.0) Gecko/20100101 Firefox/131.0"
178.165.167.123 - - [14/Oct/2024:13:30:24 +0200] "GET /gui/javascript/form_form.js?1728905424 HTTP/1.1" 200 16206 "http://hausegger.activities.at/entry.php?id=10271&&ser=905364" "Mozilla/5.0 (Windows NT 10.0; Win64; x64; rv:131.0) Gecko/20100101 Firefox/131.0"
178.165.167.123 - - [14/Oct/2024:13:31:25 +0200] "GET /entry.php?id=10271&&ser=905424 HTTP/1.1" 200 987 "http://hausegger.activities.at/entry.php?id=10271&&ser=905364" "Mozilla/5.0 (Windows NT 10.0; Win64; x64; rv:131.0) Gecko/20100101 Firefox/131.0"
178.165.167.123 - - [14/Oct/2024:13:31:25 +0200] "GET /gui/javascript/form_form.js?1728905485 HTTP/1.1" 200 16206 "http://hausegger.activities.at/entry.php?id=10271&&ser=905424" "Mozilla/5.0 (Windows NT 10.0; Win64; x64; rv:131.0) Gecko/20100101 Firefox/131.0"
178.165.167.123 - - [14/Oct/2024:13:32:25 +0200] "GET /entry.php?id=10271&&ser=905485 HTTP/1.1" 200 988 "http://hausegger.activities.at/entry.php?id=10271&&ser=905424" "Mozilla/5.0 (Windows NT 10.0; Win64; x64; rv:131.0) Gecko/20100101 Firefox/131.0"
178.165.167.123 - - [14/Oct/2024:13:32:25 +0200] "GET /gui/javascript/form_form.js?1728905545 HTTP/1.1" 200 16206 "http://hausegger.activities.at/entry.php?id=10271&&ser=905485" "Mozilla/5.0 (Windows NT 10.0; Win64; x64; rv:131.0) Gecko/20100101 Firefox/131.0"
178.165.167.123 - - [14/Oct/2024:13:33:25 +0200] "GET /entry.php?id=10271&&ser=905545 HTTP/1.1" 200 987 "http://hausegger.activities.at/entry.php?id=10271&&ser=905485" "Mozilla/5.0 (Windows NT 10.0; Win64; x64; rv:131.0) Gecko/20100101 Firefox/131.0"
178.165.167.123 - - [14/Oct/2024:13:33:25 +0200] "GET /gui/javascript/form_form.js?1728905605 HTTP/1.1" 200 16206 "http://hausegger.activities.at/entry.php?id=10271&&ser=905545" "Mozilla/5.0 (Windows NT 10.0; Win64; x64; rv:131.0) Gecko/20100101 Firefox/131.0"
178.165.167.123 - - [14/Oct/2024:13:34:25 +0200] "GET /entry.php?id=10271&&ser=905605 HTTP/1.1" 200 987 "http://hausegger.activities.at/entry.php?id=10271&&ser=905545" "Mozilla/5.0 (Windows NT 10.0; Win64; x64; rv:131.0) Gecko/20100101 Firefox/131.0"
178.165.167.123 - - [14/Oct/2024:13:34:26 +0200] "GET /gui/javascript/form_form.js?1728905665 HTTP/1.1" 200 16206 "http://hausegger.activities.at/entry.php?id=10271&&ser=905605" "Mozilla/5.0 (Windows NT 10.0; Win64; x64; rv:131.0) Gecko/20100101 Firefox/131.0"
178.165.167.123 - - [14/Oct/2024:13:35:26 +0200] "GET /entry.php?id=10271&&ser=905665 HTTP/1.1" 200 987 "http://hausegger.activities.at/entry.php?id=10271&&ser=905605" "Mozilla/5.0 (Windows NT 10.0; Win64; x64; rv:131.0) Gecko/20100101 Firefox/131.0"
156.59.198.135 - - [14/Oct/2024:13:35:26 +0200] "GET /renault.activities.at/htdocs/pinEdit/editor/config/toolbar%20quick%20mode.txt HTTP/1.0" 404 325 "-" "Mozilla/5.0 (Linux; Android 5.0) AppleWebKit/537.36 (KHTML, like Gecko) Mobile Safari/537.36 (compatible; Bytespider; spider-feedback@bytedance.com)"
178.165.167.123 - - [14/Oct/2024:13:35:26 +0200] "GET /gui/javascript/form_form.js?1728905726 HTTP/1.1" 200 16206 "http://hausegger.activities.at/entry.php?id=10271&&ser=905665" "Mozilla/5.0 (Windows NT 10.0; Win64; x64; rv:131.0) Gecko/20100101 Firefox/131.0"
156.59.198.135 - - [14/Oct/2024:13:35:47 +0200] "GET /renault.activities.at/htdocs/binaries/10656106.doc HTTP/1.0" 404 310 "-" "Mozilla/5.0 (Linux; Android 5.0) AppleWebKit/537.36 (KHTML, like Gecko) Mobile Safari/537.36 (compatible; Bytespider; spider-feedback@bytedance.com)"
156.59.198.136 - - [14/Oct/2024:13:36:08 +0200] "GET /renault.activities.at/htdocs/export/pdf/emuc_document/11985090.pdf HTTP/1.0" 404 321 "-" "Mozilla/5.0 (Linux; Android 5.0) AppleWebKit/537.36 (KHTML, like Gecko) Mobile Safari/537.36 (compatible; Bytespider; spider-feedback@bytedance.com)"
178.165.167.123 - - [14/Oct/2024:13:36:26 +0200] "GET /entry.php?id=10271&&ser=905726 HTTP/1.1" 200 987 "http://hausegger.activities.at/entry.php?id=10271&&ser=905665" "Mozilla/5.0 (Windows NT 10.0; Win64; x64; rv:131.0) Gecko/20100101 Firefox/131.0"
178.165.167.123 - - [14/Oct/2024:13:36:26 +0200] "GET /gui/javascript/form_form.js?1728905786 HTTP/1.1" 200 16206 "http://hausegger.activities.at/entry.php?id=10271&&ser=905726" "Mozilla/5.0 (Windows NT 10.0; Win64; x64; rv:131.0) Gecko/20100101 Firefox/131.0"
156.59.198.136 - - [14/Oct/2024:13:36:30 +0200] "GET /renault.activities.at/htdocs/export/pdf/emuc_document/11177621.pdf HTTP/1.0" 404 321 "-" "Mozilla/5.0 (Linux; Android 5.0) AppleWebKit/537.36 (KHTML, like Gecko) Mobile Safari/537.36 (compatible; Bytespider; spider-feedback@bytedance.com)"
64.62.156.48 - - [14/Oct/2024:13:36:34 +0200] "GET / HTTP/1.1" 200 274 "-" "Mozilla/5.0 (Macintosh; Intel Mac OS X 10.14; rv:62.0) Gecko/20100101 Firefox/62.0"
156.59.198.136 - - [14/Oct/2024:13:36:50 +0200] "GET /renault.activities.at/htdocs/export/xml/data/orders/201907231703_RenOrder.xml HTTP/1.0" 404 330 "-" "Mozilla/5.0 (Linux; Android 5.0) AppleWebKit/537.36 (KHTML, like Gecko) Mobile Safari/537.36 (compatible; Bytespider; spider-feedback@bytedance.com)"
156.59.198.136 - - [14/Oct/2024:13:37:11 +0200] "GET /renault.activities.at/htdocs/export/pdf/emuc_document/10748821.pdf HTTP/1.0" 404 322 "-" "Mozilla/5.0 (Linux; Android 5.0) AppleWebKit/537.36 (KHTML, like Gecko) Mobile Safari/537.36 (compatible; Bytespider; spider-feedback@bytedance.com)"
178.165.167.123 - - [14/Oct/2024:13:37:26 +0200] "GET /entry.php?id=10271&&ser=905786 HTTP/1.1" 200 987 "http://hausegger.activities.at/entry.php?id=10271&&ser=905726" "Mozilla/5.0 (Windows NT 10.0; Win64; x64; rv:131.0) Gecko/20100101 Firefox/131.0"
178.165.167.123 - - [14/Oct/2024:13:37:26 +0200] "GET /gui/javascript/form_form.js?1728905846 HTTP/1.1" 200 16206 "http://hausegger.activities.at/entry.php?id=10271&&ser=905786" "Mozilla/5.0 (Windows NT 10.0; Win64; x64; rv:131.0) Gecko/20100101 Firefox/131.0"
156.59.198.135 - - [14/Oct/2024:13:37:33 +0200] "GET /renault.activities.at/htdocs/export/xml/data/orders/202108031003_RenOrder.xml HTTP/1.0" 404 329 "-" "Mozilla/5.0 (Linux; Android 5.0) AppleWebKit/537.36 (KHTML, like Gecko) Mobile Safari/537.36 (compatible; Bytespider; spider-feedback@bytedance.com)"
156.59.198.135 - - [14/Oct/2024:13:37:53 +0200] "GET /hausegger.activities.at/stats/lang/awstats-it.txt HTTP/1.0" 404 308 "-" "Mozilla/5.0 (Linux; Android 5.0) AppleWebKit/537.36 (KHTML, like Gecko) Mobile Safari/537.36 (compatible; Bytespider; spider-feedback@bytedance.com)"
156.59.198.136 - - [14/Oct/2024:13:38:14 +0200] "GET /renault.activities.at/htdocs/export/xml/data/orders/202102160903_RenOrder.xml HTTP/1.0" 404 328 "-" "Mozilla/5.0 (Linux; Android 5.0) AppleWebKit/537.36 (KHTML, like Gecko) Mobile Safari/537.36 (compatible; Bytespider; spider-feedback@bytedance.com)"
178.165.167.123 - - [14/Oct/2024:13:38:27 +0200] "GET /entry.php?id=10271&&ser=905846 HTTP/1.1" 200 987 "http://hausegger.activities.at/entry.php?id=10271&&ser=905786" "Mozilla/5.0 (Windows NT 10.0; Win64; x64; rv:131.0) Gecko/20100101 Firefox/131.0"
178.165.167.123 - - [14/Oct/2024:13:38:27 +0200] "GET /gui/javascript/form_form.js?1728905907 HTTP/1.1" 200 16206 "http://hausegger.activities.at/entry.php?id=10271&&ser=905846" "Mozilla/5.0 (Windows NT 10.0; Win64; x64; rv:131.0) Gecko/20100101 Firefox/131.0"
156.59.198.136 - - [14/Oct/2024:13:38:35 +0200] "GET /renault.activities.at/htdocs/export/xml/data/orders/202105201403_RenOrder.xml HTTP/1.0" 404 329 "-" "Mozilla/5.0 (Linux; Android 5.0) AppleWebKit/537.36 (KHTML, like Gecko) Mobile Safari/537.36 (compatible; Bytespider; spider-feedback@bytedance.com)"
180.149.125.167 - - [14/Oct/2024:13:38:55 +0200] "GET /stalker_portal/server/tools/auth_simple.php HTTP/1.1" 404 304 "-" "Mozilla/5.0 (Windows NT 5.1; Win64; x64) AppleWebKit/537.36 (KHTML, like Gecko) Chrome/60.0.3112.90 Safari/537.36"
156.59.198.135 - - [14/Oct/2024:13:38:57 +0200] "GET /renault.activities.at/htdocs/pinEdit/editor/config/toolbar%20quick%20mode.txt HTTP/1.0" 404 325 "-" "Mozilla/5.0 (Linux; Android 5.0) AppleWebKit/537.36 (KHTML, like Gecko) Mobile Safari/537.36 (compatible; Bytespider; spider-feedback@bytedance.com)"
156.59.198.135 - - [14/Oct/2024:13:39:18 +0200] "GET /renault.activities.at/htdocs/export/xml/data/orders/202101051103_RenOrder.xml HTTP/1.0" 404 328 "-" "Mozilla/5.0 (Linux; Android 5.0) AppleWebKit/537.36 (KHTML, like Gecko) Mobile Safari/537.36 (compatible; Bytespider; spider-feedback@bytedance.com)"
178.165.167.123 - - [14/Oct/2024:13:39:27 +0200] "GET /entry.php?id=10271&&ser=905907 HTTP/1.1" 200 987 "http://hausegger.activities.at/entry.php?id=10271&&ser=905846" "Mozilla/5.0 (Windows NT 10.0; Win64; x64; rv:131.0) Gecko/20100101 Firefox/131.0"
178.165.167.123 - - [14/Oct/2024:13:39:27 +0200] "GET /gui/javascript/form_form.js?1728905967 HTTP/1.1" 200 16206 "http://hausegger.activities.at/entry.php?id=10271&&ser=905907" "Mozilla/5.0 (Windows NT 10.0; Win64; x64; rv:131.0) Gecko/20100101 Firefox/131.0"
64.62.156.41 - - [14/Oct/2024:13:39:34 +0200] "GET /favicon.ico HTTP/1.1" 404 284 "-" "Mozilla/5.0 (Windows NT 10.0; Win64; x64) AppleWebKit/537.36 (KHTML, like Gecko) Chrome/110.0.0.0 Safari/537.36 Edg/110.0.1587.41"
156.59.198.135 - - [14/Oct/2024:13:39:39 +0200] "GET /default/cgi-bin/lang/tooltips_w/awstats-tt-nn.txt HTTP/1.0" 404 311 "-" "Mozilla/5.0 (Linux; Android 5.0) AppleWebKit/537.36 (KHTML, like Gecko) Mobile Safari/537.36 (compatible; Bytespider; spider-feedback@bytedance.com)"
64.62.156.49 - - [14/Oct/2024:13:40:13 +0200] "GET /geoserver/web/ HTTP/1.1" 404 284 "-" "Mozilla/5.0 (Macintosh; Intel Mac OS X 10.14; rv:62.0) Gecko/20100101 Firefox/62.0"
178.165.167.123 - - [14/Oct/2024:13:40:27 +0200] "GET /entry.php?id=10271&&ser=905967 HTTP/1.1" 200 986 "http://hausegger.activities.at/entry.php?id=10271&&ser=905907" "Mozilla/5.0 (Windows NT 10.0; Win64; x64; rv:131.0) Gecko/20100101 Firefox/131.0"
178.165.167.123 - - [14/Oct/2024:13:40:27 +0200] "GET /gui/javascript/form_form.js?1728906027 HTTP/1.1" 200 16206 "http://hausegger.activities.at/entry.php?id=10271&&ser=905967" "Mozilla/5.0 (Windows NT 10.0; Win64; x64; rv:131.0) Gecko/20100101 Firefox/131.0"
178.165.167.123 - - [14/Oct/2024:13:40:28 +0200] "POST /entry.php?id=10828 HTTP/1.1" 200 9332 "http://hausegger.activities.at/entry.php?id=10828" "Mozilla/5.0 (Windows NT 10.0; Win64; x64; rv:131.0) Gecko/20100101 Firefox/131.0"
178.165.167.123 - - [14/Oct/2024:13:40:29 +0200] "GET /gui/javascript/form_form.js?1728906029 HTTP/1.1" 200 16206 "http://hausegger.activities.at/entry.php?id=10828" "Mozilla/5.0 (Windows NT 10.0; Win64; x64; rv:131.0) Gecko/20100101 Firefox/131.0"
178.165.167.123 - - [14/Oct/2024:13:40:29 +0200] "GET /entry.php?id=10889&document_id=& HTTP/1.1" 200 1509 "http://hausegger.activities.at/entry.php?id=10828" "Mozilla/5.0 (Windows NT 10.0; Win64; x64; rv:131.0) Gecko/20100101 Firefox/131.0"
178.165.167.123 - - [14/Oct/2024:13:40:33 +0200] "GET /entry.php?id=10877&mode=loadSearchCustomer&obj=number&tag=debitor&value=f&ser=1728900885963 HTTP/1.1" 200 325 "http://hausegger.activities.at/entry.php?id=10828" "Mozilla/5.0 (Windows NT 10.0; Win64; x64; rv:131.0) Gecko/20100101 Firefox/131.0"
178.165.167.123 - - [14/Oct/2024:13:40:34 +0200] "GET /entry.php?id=10877&mode=loadSearchCustomer&obj=number&tag=debitor&value=f.&ser=1728900886451 HTTP/1.1" 200 175 "http://hausegger.activities.at/entry.php?id=10828" "Mozilla/5.0 (Windows NT 10.0; Win64; x64; rv:131.0) Gecko/20100101 Firefox/131.0"
178.165.167.123 - - [14/Oct/2024:13:40:34 +0200] "POST /entry.php?id=10889 HTTP/1.1" 200 1760 "http://hausegger.activities.at/entry.php?id=10889&document_id=&" "Mozilla/5.0 (Windows NT 10.0; Win64; x64; rv:131.0) Gecko/20100101 Firefox/131.0"
178.165.167.123 - - [14/Oct/2024:13:40:35 +0200] "GET /gui/javascript/form_form.js?1728906035 HTTP/1.1" 200 16206 "http://hausegger.activities.at/entry.php?id=10889" "Mozilla/5.0 (Windows NT 10.0; Win64; x64; rv:131.0) Gecko/20100101 Firefox/131.0"
178.165.167.123 - - [14/Oct/2024:13:40:47 +0200] "POST /entry.php?id=10828 HTTP/1.1" 200 8731 "http://hausegger.activities.at/entry.php?id=10828" "Mozilla/5.0 (Windows NT 10.0; Win64; x64; rv:131.0) Gecko/20100101 Firefox/131.0"
178.165.167.123 - - [14/Oct/2024:13:40:47 +0200] "GET /gui/javascript/form_form.js?1728906047 HTTP/1.1" 200 16206 "http://hausegger.activities.at/entry.php?id=10828" "Mozilla/5.0 (Windows NT 10.0; Win64; x64; rv:131.0) Gecko/20100101 Firefox/131.0"
178.165.167.123 - - [14/Oct/2024:13:40:47 +0200] "GET /entry.php?id=10889&document_id=10343265& HTTP/1.1" 200 1509 "http://hausegger.activities.at/entry.php?id=10828" "Mozilla/5.0 (Windows NT 10.0; Win64; x64; rv:131.0) Gecko/20100101 Firefox/131.0"
178.165.167.123 - - [14/Oct/2024:13:40:48 +0200] "GET /gui/javascript/form_form.js?1728906048 HTTP/1.1" 200 16206 "http://hausegger.activities.at/entry.php?id=10889&document_id=10343265&" "Mozilla/5.0 (Windows NT 10.0; Win64; x64; rv:131.0) Gecko/20100101 Firefox/131.0"
178.165.167.123 - - [14/Oct/2024:13:40:49 +0200] "POST /entry.php?id=10828 HTTP/1.1" 200 4990 "http://hausegger.activities.at/entry.php?id=10828" "Mozilla/5.0 (Windows NT 10.0; Win64; x64; rv:131.0) Gecko/20100101 Firefox/131.0"
178.165.167.123 - - [14/Oct/2024:13:40:49 +0200] "GET /gui/javascript/form_form.js?1728906049 HTTP/1.1" 200 16206 "http://hausegger.activities.at/entry.php?id=10828" "Mozilla/5.0 (Windows NT 10.0; Win64; x64; rv:131.0) Gecko/20100101 Firefox/131.0"
178.165.167.123 - - [14/Oct/2024:13:40:49 +0200] "GET /entry.php?id=10889&document_id=10343265& HTTP/1.1" 200 1509 "http://hausegger.activities.at/entry.php?id=10828" "Mozilla/5.0 (Windows NT 10.0; Win64; x64; rv:131.0) Gecko/20100101 Firefox/131.0"
178.165.167.123 - - [14/Oct/2024:13:40:53 +0200] "POST /entry.php?id=10828 HTTP/1.1" 200 5007 "http://hausegger.activities.at/entry.php?id=10828" "Mozilla/5.0 (Windows NT 10.0; Win64; x64; rv:131.0) Gecko/20100101 Firefox/131.0"
178.165.167.123 - - [14/Oct/2024:13:40:54 +0200] "GET /gui/javascript/form_form.js?1728906053 HTTP/1.1" 200 16206 "http://hausegger.activities.at/entry.php?id=10828" "Mozilla/5.0 (Windows NT 10.0; Win64; x64; rv:131.0) Gecko/20100101 Firefox/131.0"
178.165.167.123 - - [14/Oct/2024:13:40:54 +0200] "GET /entry.php?id=10889&document_id=10343265& HTTP/1.1" 200 1509 "http://hausegger.activities.at/entry.php?id=10828" "Mozilla/5.0 (Windows NT 10.0; Win64; x64; rv:131.0) Gecko/20100101 Firefox/131.0"
178.165.167.123 - - [14/Oct/2024:13:40:54 +0200] "GET /gui/javascript/form_form.js?1728906054 HTTP/1.1" 200 16206 "http://hausegger.activities.at/entry.php?id=10889&document_id=10343265&" "Mozilla/5.0 (Windows NT 10.0; Win64; x64; rv:131.0) Gecko/20100101 Firefox/131.0"
178.165.167.123 - - [14/Oct/2024:13:40:54 +0200] "POST /entry.php?id=10828 HTTP/1.1" 200 4789 "http://hausegger.activities.at/entry.php?id=10828" "Mozilla/5.0 (Windows NT 10.0; Win64; x64; rv:131.0) Gecko/20100101 Firefox/131.0"
178.165.167.123 - - [14/Oct/2024:13:40:55 +0200] "GET /gui/javascript/form_form.js?1728906055 HTTP/1.1" 200 16206 "http://hausegger.activities.at/entry.php?id=10828" "Mozilla/5.0 (Windows NT 10.0; Win64; x64; rv:131.0) Gecko/20100101 Firefox/131.0"
178.165.167.123 - - [14/Oct/2024:13:40:55 +0200] "GET /entry.php?id=10889&document_id=10343265& HTTP/1.1" 200 1509 "http://hausegger.activities.at/entry.php?id=10828" "Mozilla/5.0 (Windows NT 10.0; Win64; x64; rv:131.0) Gecko/20100101 Firefox/131.0"
178.165.167.123 - - [14/Oct/2024:13:40:55 +0200] "GET /entry.php?id=10830&&object=10343265&account=&mode=documentdebitor HTTP/1.1" 200 3133 "http://hausegger.activities.at/entry.php?id=10828" "Mozilla/5.0 (Windows NT 10.0; Win64; x64; rv:131.0) Gecko/20100101 Firefox/131.0"
178.165.167.123 - - [14/Oct/2024:13:40:55 +0200] "GET /gui/styles/DocumentPosition.css HTTP/1.1" 200 614 "http://hausegger.activities.at/entry.php?id=10830&&object=10343265&account=&mode=documentdebitor" "Mozilla/5.0 (Windows NT 10.0; Win64; x64; rv:131.0) Gecko/20100101 Firefox/131.0"
178.165.167.123 - - [14/Oct/2024:13:40:55 +0200] "POST /entry.php?id=10889 HTTP/1.1" 200 1581 "http://hausegger.activities.at/entry.php?id=10889&document_id=10343265&" "Mozilla/5.0 (Windows NT 10.0; Win64; x64; rv:131.0) Gecko/20100101 Firefox/131.0"
178.165.167.123 - - [14/Oct/2024:13:40:56 +0200] "GET /entry.php?id=10877&mode=loadSearchArticle&obj=article_1&tag=debit&refobject=10343265&value=1&ser=1728900909115 HTTP/1.1" 200 37895 "http://hausegger.activities.at/entry.php?id=10830&&object=10343265&account=&mode=documentdebitor" "Mozilla/5.0 (Windows NT 10.0; Win64; x64; rv:131.0) Gecko/20100101 Firefox/131.0"
178.165.167.123 - - [14/Oct/2024:13:40:57 +0200] "GET /entry.php?id=10877&mode=loadSearchArticle&obj=article_1&tag=debit&refobject=10343265&value=160&ser=1728900909411 HTTP/1.1" 200 1789 "http://hausegger.activities.at/entry.php?id=10830&&object=10343265&account=&mode=documentdebitor" "Mozilla/5.0 (Windows NT 10.0; Win64; x64; rv:131.0) Gecko/20100101 Firefox/131.0"
178.165.167.123 - - [14/Oct/2024:13:40:57 +0200] "GET /entry.php?id=10877&mode=loadSearchArticle&obj=article_1&tag=debit&refobject=10343265&value=160&ser=1728900909467 HTTP/1.1" 200 1789 "http://hausegger.activities.at/entry.php?id=10830&&object=10343265&account=&mode=documentdebitor" "Mozilla/5.0 (Windows NT 10.0; Win64; x64; rv:131.0) Gecko/20100101 Firefox/131.0"
178.165.167.123 - - [14/Oct/2024:13:40:57 +0200] "GET /entry.php?id=10877&mode=loadSearchArticle&obj=article_1&tag=debit&refobject=10343265&value=1601&ser=1728900909643 HTTP/1.1" 200 1346 "http://hausegger.activities.at/entry.php?id=10830&&object=10343265&account=&mode=documentdebitor" "Mozilla/5.0 (Windows NT 10.0; Win64; x64; rv:131.0) Gecko/20100101 Firefox/131.0"
178.165.167.123 - - [14/Oct/2024:13:40:57 +0200] "GET /entry.php?id=10877&mode=loadSearchArticle&obj=article_1&tag=debit&refobject=10343265&value=16016&ser=1728900909923 HTTP/1.1" 200 1233 "http://hausegger.activities.at/entry.php?id=10830&&object=10343265&account=&mode=documentdebitor" "Mozilla/5.0 (Windows NT 10.0; Win64; x64; rv:131.0) Gecko/20100101 Firefox/131.0"
