156.59.198.136 - - [14/Oct/2024:15:02:41 +0200] "GET /renault.activities.at/htdocs/export/pdf/emuc_document/11358745.pdf HTTP/1.0" 404 322 "-" "Mozilla/5.0 (Linux; Android 5.0) AppleWebKit/537.36 (KHTML, like Gecko) Mobile Safari/537.36 (compatible; Bytespider; spider-feedback@bytedance.com)"
156.59.198.135 - - [14/Oct/2024:15:03:02 +0200] "GET /hausegger.activities.at/stats/lang/tooltips_w/awstats-tt-ro.txt HTTP/1.0" 404 318 "-" "Mozilla/5.0 (Linux; Android 5.0) AppleWebKit/537.36 (KHTML, like Gecko) Mobile Safari/537.36 (compatible; Bytespider; spider-feedback@bytedance.com)"
178.165.167.123 - - [14/Oct/2024:15:03:15 +0200] "GET /entry.php?id=10271&&ser=910935 HTTP/1.1" 200 987 "http://hausegger.activities.at/entry.php?id=10271&&ser=910875" "Mozilla/5.0 (Windows NT 10.0; Win64; x64; rv:131.0) Gecko/20100101 Firefox/131.0"
178.165.167.123 - - [14/Oct/2024:15:03:15 +0200] "GET /gui/javascript/form_form.js?1728910995 HTTP/1.1" 200 16206 "http://hausegger.activities.at/entry.php?id=10271&&ser=910935" "Mozilla/5.0 (Windows NT 10.0; Win64; x64; rv:131.0) Gecko/20100101 Firefox/131.0"
156.59.198.135 - - [14/Oct/2024:15:03:23 +0200] "GET /hausegger.activities.at/stats/lang/tooltips_w/awstats-tt-nn.txt HTTP/1.0" 404 318 "-" "Mozilla/5.0 (Linux; Android 5.0) AppleWebKit/537.36 (KHTML, like Gecko) Mobile Safari/537.36 (compatible; Bytespider; spider-feedback@bytedance.com)"
156.59.198.135 - - [14/Oct/2024:15:03:44 +0200] "GET /renault.activities.at/htdocs/export/xml/data/orders/202008101103_RenOrder.xml HTTP/1.0" 404 328 "-" "Mozilla/5.0 (Linux; Android 5.0) AppleWebKit/537.36 (KHTML, like Gecko) Mobile Safari/537.36 (compatible; Bytespider; spider-feedback@bytedance.com)"
156.59.198.135 - - [14/Oct/2024:15:04:05 +0200] "GET /renault.activities.at/htdocs/export/pdf/emuc_document/11168217.pdf HTTP/1.0" 404 321 "-" "Mozilla/5.0 (Linux; Android 5.0) AppleWebKit/537.36 (KHTML, like Gecko) Mobile Safari/537.36 (compatible; Bytespider; spider-feedback@bytedance.com)"
178.165.167.123 - - [14/Oct/2024:15:04:15 +0200] "GET /entry.php?id=10271&&ser=910995 HTTP/1.1" 200 987 "http://hausegger.activities.at/entry.php?id=10271&&ser=910935" "Mozilla/5.0 (Windows NT 10.0; Win64; x64; rv:131.0) Gecko/20100101 Firefox/131.0"
178.165.167.123 - - [14/Oct/2024:15:04:15 +0200] "GET /gui/javascript/form_form.js?1728911055 HTTP/1.1" 200 16206 "http://hausegger.activities.at/entry.php?id=10271&&ser=910995" "Mozilla/5.0 (Windows NT 10.0; Win64; x64; rv:131.0) Gecko/20100101 Firefox/131.0"
156.59.198.136 - - [14/Oct/2024:15:04:27 +0200] "GET /renault.activities.at/htdocs/export/pdf/emuc_document/10668910.pdf HTTP/1.0" 404 321 "-" "Mozilla/5.0 (Linux; Android 5.0) AppleWebKit/537.36 (KHTML, like Gecko) Mobile Safari/537.36 (compatible; Bytespider; spider-feedback@bytedance.com)"
156.59.198.135 - - [14/Oct/2024:15:04:48 +0200] "GET /renault.activities.at/htdocs/export/pdf/emuc_document/11629046.pdf HTTP/1.0" 404 322 "-" "Mozilla/5.0 (Linux; Android 5.0) AppleWebKit/537.36 (KHTML, like Gecko) Mobile Safari/537.36 (compatible; Bytespider; spider-feedback@bytedance.com)"
156.59.198.135 - - [14/Oct/2024:15:05:09 +0200] "GET /renault.activities.at/htdocs/export/pdf/emuc_document/11348259.pdf HTTP/1.0" 404 322 "-" "Mozilla/5.0 (Linux; Android 5.0) AppleWebKit/537.36 (KHTML, like Gecko) Mobile Safari/537.36 (compatible; Bytespider; spider-feedback@bytedance.com)"
178.165.167.123 - - [14/Oct/2024:15:05:16 +0200] "GET /entry.php?id=10271&&ser=911055 HTTP/1.1" 200 986 "http://hausegger.activities.at/entry.php?id=10271&&ser=910995" "Mozilla/5.0 (Windows NT 10.0; Win64; x64; rv:131.0) Gecko/20100101 Firefox/131.0"
178.165.167.123 - - [14/Oct/2024:15:05:16 +0200] "GET /gui/javascript/form_form.js?1728911116 HTTP/1.1" 200 16206 "http://hausegger.activities.at/entry.php?id=10271&&ser=911055" "Mozilla/5.0 (Windows NT 10.0; Win64; x64; rv:131.0) Gecko/20100101 Firefox/131.0"
156.59.198.135 - - [14/Oct/2024:15:05:31 +0200] "GET /renault.activities.at/htdocs/export/xml/data/orders/202006041603_RenOrder.xml HTTP/1.0" 404 329 "-" "Mozilla/5.0 (Linux; Android 5.0) AppleWebKit/537.36 (KHTML, like Gecko) Mobile Safari/537.36 (compatible; Bytespider; spider-feedback@bytedance.com)"
156.59.198.136 - - [14/Oct/2024:15:05:52 +0200] "GET /renault.activities.at/htdocs/export/xml/data/orders/202101251703_RenOrder.xml HTTP/1.0" 404 329 "-" "Mozilla/5.0 (Linux; Android 5.0) AppleWebKit/537.36 (KHTML, like Gecko) Mobile Safari/537.36 (compatible; Bytespider; spider-feedback@bytedance.com)"
156.59.198.136 - - [14/Oct/2024:15:06:13 +0200] "GET /renault.activities.at/htdocs/export/xml/data/orders/202001131403_RenOrder.xml HTTP/1.0" 404 329 "-" "Mozilla/5.0 (Linux; Android 5.0) AppleWebKit/537.36 (KHTML, like Gecko) Mobile Safari/537.36 (compatible; Bytespider; spider-feedback@bytedance.com)"
178.165.167.123 - - [14/Oct/2024:15:06:16 +0200] "GET /entry.php?id=10271&&ser=911116 HTTP/1.1" 200 988 "http://hausegger.activities.at/entry.php?id=10271&&ser=911055" "Mozilla/5.0 (Windows NT 10.0; Win64; x64; rv:131.0) Gecko/20100101 Firefox/131.0"
178.165.167.123 - - [14/Oct/2024:15:06:16 +0200] "GET /gui/javascript/form_form.js?1728911176 HTTP/1.1" 200 16206 "http://hausegger.activities.at/entry.php?id=10271&&ser=911116" "Mozilla/5.0 (Windows NT 10.0; Win64; x64; rv:131.0) Gecko/20100101 Firefox/131.0"
156.59.198.135 - - [14/Oct/2024:15:06:34 +0200] "GET /renault.activities.at/htdocs/export/xml/data/orders/202111021003_RenOrder.xml HTTP/1.0" 404 327 "-" "Mozilla/5.0 (Linux; Android 5.0) AppleWebKit/537.36 (KHTML, like Gecko) Mobile Safari/537.36 (compatible; Bytespider; spider-feedback@bytedance.com)"
178.165.167.123 - - [14/Oct/2024:15:06:54 +0200] "POST /entry.php?id=10828 HTTP/1.1" 200 9332 "http://hausegger.activities.at/entry.php?id=10828" "Mozilla/5.0 (Windows NT 10.0; Win64; x64; rv:131.0) Gecko/20100101 Firefox/131.0"
178.165.167.123 - - [14/Oct/2024:15:06:54 +0200] "GET /gui/javascript/form_form.js?1728911214 HTTP/1.1" 200 16206 "http://hausegger.activities.at/entry.php?id=10828" "Mozilla/5.0 (Windows NT 10.0; Win64; x64; rv:131.0) Gecko/20100101 Firefox/131.0"
178.165.167.123 - - [14/Oct/2024:15:06:54 +0200] "GET /entry.php?id=10889&document_id=& HTTP/1.1" 200 1509 "http://hausegger.activities.at/entry.php?id=10828" "Mozilla/5.0 (Windows NT 10.0; Win64; x64; rv:131.0) Gecko/20100101 Firefox/131.0"
156.59.198.135 - - [14/Oct/2024:15:06:55 +0200] "GET /renault.activities.at/htdocs/export/xml/data/orders/202101141703_RenOrder.xml HTTP/1.0" 404 329 "-" "Mozilla/5.0 (Linux; Android 5.0) AppleWebKit/537.36 (KHTML, like Gecko) Mobile Safari/537.36 (compatible; Bytespider; spider-feedback@bytedance.com)"
178.165.167.123 - - [14/Oct/2024:15:06:59 +0200] "GET /entry.php?id=10877&mode=loadSearchCustomer&obj=number&tag=debitor&value=f&ser=1728906071581 HTTP/1.1" 200 325 "http://hausegger.activities.at/entry.php?id=10828" "Mozilla/5.0 (Windows NT 10.0; Win64; x64; rv:131.0) Gecko/20100101 Firefox/131.0"
178.165.167.123 - - [14/Oct/2024:15:06:59 +0200] "GET /entry.php?id=10877&mode=loadSearchCustomer&obj=number&tag=debitor&value=f.&ser=1728906072053 HTTP/1.1" 200 175 "http://hausegger.activities.at/entry.php?id=10828" "Mozilla/5.0 (Windows NT 10.0; Win64; x64; rv:131.0) Gecko/20100101 Firefox/131.0"
178.165.167.123 - - [14/Oct/2024:15:07:00 +0200] "POST /entry.php?id=10889 HTTP/1.1" 200 1759 "http://hausegger.activities.at/entry.php?id=10889&document_id=&" "Mozilla/5.0 (Windows NT 10.0; Win64; x64; rv:131.0) Gecko/20100101 Firefox/131.0"
178.165.167.123 - - [14/Oct/2024:15:07:00 +0200] "GET /gui/javascript/form_form.js?1728911220 HTTP/1.1" 200 16206 "http://hausegger.activities.at/entry.php?id=10889" "Mozilla/5.0 (Windows NT 10.0; Win64; x64; rv:131.0) Gecko/20100101 Firefox/131.0"
178.165.167.123 - - [14/Oct/2024:15:07:10 +0200] "POST /entry.php?id=10828 HTTP/1.1" 200 8736 "http://hausegger.activities.at/entry.php?id=10828" "Mozilla/5.0 (Windows NT 10.0; Win64; x64; rv:131.0) Gecko/20100101 Firefox/131.0"
178.165.167.123 - - [14/Oct/2024:15:07:10 +0200] "GET /gui/javascript/form_form.js?1728911230 HTTP/1.1" 200 16206 "http://hausegger.activities.at/entry.php?id=10828" "Mozilla/5.0 (Windows NT 10.0; Win64; x64; rv:131.0) Gecko/20100101 Firefox/131.0"
178.165.167.123 - - [14/Oct/2024:15:07:10 +0200] "GET /entry.php?id=10889&document_id=10343273& HTTP/1.1" 200 1508 "http://hausegger.activities.at/entry.php?id=10828" "Mozilla/5.0 (Windows NT 10.0; Win64; x64; rv:131.0) Gecko/20100101 Firefox/131.0"
178.165.167.123 - - [14/Oct/2024:15:07:11 +0200] "GET /gui/javascript/form_form.js?1728911231 HTTP/1.1" 200 16206 "http://hausegger.activities.at/entry.php?id=10889&document_id=10343273&" "Mozilla/5.0 (Windows NT 10.0; Win64; x64; rv:131.0) Gecko/20100101 Firefox/131.0"
178.165.167.123 - - [14/Oct/2024:15:07:11 +0200] "POST /entry.php?id=10828 HTTP/1.1" 200 4990 "http://hausegger.activities.at/entry.php?id=10828" "Mozilla/5.0 (Windows NT 10.0; Win64; x64; rv:131.0) Gecko/20100101 Firefox/131.0"
178.165.167.123 - - [14/Oct/2024:15:07:12 +0200] "GET /entry.php?id=10889&document_id=10343273& HTTP/1.1" 200 1509 "http://hausegger.activities.at/entry.php?id=10828" "Mozilla/5.0 (Windows NT 10.0; Win64; x64; rv:131.0) Gecko/20100101 Firefox/131.0"
178.165.167.123 - - [14/Oct/2024:15:07:12 +0200] "GET /gui/javascript/form_form.js?1728911232 HTTP/1.1" 200 16206 "http://hausegger.activities.at/entry.php?id=10889&document_id=10343273&" "Mozilla/5.0 (Windows NT 10.0; Win64; x64; rv:131.0) Gecko/20100101 Firefox/131.0"
178.165.167.123 - - [14/Oct/2024:15:07:16 +0200] "POST /entry.php?id=10828 HTTP/1.1" 200 5011 "http://hausegger.activities.at/entry.php?id=10828" "Mozilla/5.0 (Windows NT 10.0; Win64; x64; rv:131.0) Gecko/20100101 Firefox/131.0"
178.165.167.123 - - [14/Oct/2024:15:07:16 +0200] "GET /gui/javascript/form_form.js?1728911236 HTTP/1.1" 200 16206 "http://hausegger.activities.at/entry.php?id=10828" "Mozilla/5.0 (Windows NT 10.0; Win64; x64; rv:131.0) Gecko/20100101 Firefox/131.0"
178.165.167.123 - - [14/Oct/2024:15:07:16 +0200] "GET /entry.php?id=10889&document_id=10343273& HTTP/1.1" 200 1509 "http://hausegger.activities.at/entry.php?id=10828" "Mozilla/5.0 (Windows NT 10.0; Win64; x64; rv:131.0) Gecko/20100101 Firefox/131.0"
178.165.167.123 - - [14/Oct/2024:15:07:16 +0200] "GET /entry.php?id=10271&&ser=911176 HTTP/1.1" 200 987 "http://hausegger.activities.at/entry.php?id=10271&&ser=911116" "Mozilla/5.0 (Windows NT 10.0; Win64; x64; rv:131.0) Gecko/20100101 Firefox/131.0"
156.59.198.135 - - [14/Oct/2024:15:07:17 +0200] "GET /renault.activities.at/htdocs/export/xml/data/orders/201908161503_RenOrder.xml HTTP/1.0" 404 329 "-" "Mozilla/5.0 (Linux; Android 5.0) AppleWebKit/537.36 (KHTML, like Gecko) Mobile Safari/537.36 (compatible; Bytespider; spider-feedback@bytedance.com)"
178.165.167.123 - - [14/Oct/2024:15:07:17 +0200] "POST /entry.php?id=10828 HTTP/1.1" 200 4789 "http://hausegger.activities.at/entry.php?id=10828" "Mozilla/5.0 (Windows NT 10.0; Win64; x64; rv:131.0) Gecko/20100101 Firefox/131.0"
178.165.167.123 - - [14/Oct/2024:15:07:17 +0200] "GET /gui/javascript/form_form.js?1728911237 HTTP/1.1" 200 16206 "http://hausegger.activities.at/entry.php?id=10828" "Mozilla/5.0 (Windows NT 10.0; Win64; x64; rv:131.0) Gecko/20100101 Firefox/131.0"
178.165.167.123 - - [14/Oct/2024:15:07:17 +0200] "GET /entry.php?id=10889&document_id=10343273& HTTP/1.1" 200 1509 "http://hausegger.activities.at/entry.php?id=10828" "Mozilla/5.0 (Windows NT 10.0; Win64; x64; rv:131.0) Gecko/20100101 Firefox/131.0"
178.165.167.123 - - [14/Oct/2024:15:07:17 +0200] "GET /entry.php?id=10830&&object=10343273&account=&mode=documentdebitor HTTP/1.1" 200 3133 "http://hausegger.activities.at/entry.php?id=10828" "Mozilla/5.0 (Windows NT 10.0; Win64; x64; rv:131.0) Gecko/20100101 Firefox/131.0"
178.165.167.123 - - [14/Oct/2024:15:07:18 +0200] "POST /entry.php?id=10889 HTTP/1.1" 200 1581 "http://hausegger.activities.at/entry.php?id=10889&document_id=10343273&" "Mozilla/5.0 (Windows NT 10.0; Win64; x64; rv:131.0) Gecko/20100101 Firefox/131.0"
178.165.167.123 - - [14/Oct/2024:15:07:18 +0200] "GET /gui/javascript/form_form.js?1728911238 HTTP/1.1" 200 16206 "http://hausegger.activities.at/entry.php?id=10889" "Mozilla/5.0 (Windows NT 10.0; Win64; x64; rv:131.0) Gecko/20100101 Firefox/131.0"
178.165.167.123 - - [14/Oct/2024:15:07:21 +0200] "GET /entry.php?id=10877&mode=loadSearchArticle&obj=article_1&tag=debit&refobject=10343273&value=1&ser=1728906094092 HTTP/1.1" 200 37895 "http://hausegger.activities.at/entry.php?id=10830&&object=10343273&account=&mode=documentdebitor" "Mozilla/5.0 (Windows NT 10.0; Win64; x64; rv:131.0) Gecko/20100101 Firefox/131.0"
178.165.167.123 - - [14/Oct/2024:15:07:22 +0200] "GET /entry.php?id=10877&mode=loadSearchArticle&obj=article_1&tag=debit&refobject=10343273&value=12&ser=1728906094300 HTTP/1.1" 200 14014 "http://hausegger.activities.at/entry.php?id=10830&&object=10343273&account=&mode=documentdebitor" "Mozilla/5.0 (Windows NT 10.0; Win64; x64; rv:131.0) Gecko/20100101 Firefox/131.0"
178.165.167.123 - - [14/Oct/2024:15:07:22 +0200] "GET /entry.php?id=10877&mode=loadSearchArticle&obj=article_1&tag=debit&refobject=10343273&value=125&ser=1728906094468 HTTP/1.1" 200 2704 "http://hausegger.activities.at/entry.php?id=10830&&object=10343273&account=&mode=documentdebitor" "Mozilla/5.0 (Windows NT 10.0; Win64; x64; rv:131.0) Gecko/20100101 Firefox/131.0"
178.165.167.123 - - [14/Oct/2024:15:07:27 +0200] "GET /entry.php?id=10877&mode=loadSearchArticle&obj=article_1&tag=debit&refobject=10343273&value=12&ser=1728906099412 HTTP/1.1" 200 14014 "http://hausegger.activities.at/entry.php?id=10830&&object=10343273&account=&mode=documentdebitor" "Mozilla/5.0 (Windows NT 10.0; Win64; x64; rv:131.0) Gecko/20100101 Firefox/131.0"
178.165.167.123 - - [14/Oct/2024:15:07:27 +0200] "GET /entry.php?id=10877&mode=loadSearchArticle&obj=article_1&tag=debit&refobject=10343273&value=1&ser=1728906099581 HTTP/1.1" 200 37895 "http://hausegger.activities.at/entry.php?id=10830&&object=10343273&account=&mode=documentdebitor" "Mozilla/5.0 (Windows NT 10.0; Win64; x64; rv:131.0) Gecko/20100101 Firefox/131.0"
178.165.167.123 - - [14/Oct/2024:15:07:28 +0200] "GET /entry.php?id=10877&mode=loadSearchArticle&obj=article_1&tag=debit&refobject=10343273&value=7&ser=1728906100596 HTTP/1.1" 200 4291 "http://hausegger.activities.at/entry.php?id=10830&&object=10343273&account=&mode=documentdebitor" "Mozilla/5.0 (Windows NT 10.0; Win64; x64; rv:131.0) Gecko/20100101 Firefox/131.0"
178.165.167.123 - - [14/Oct/2024:15:07:28 +0200] "GET /entry.php?id=10877&mode=loadSearchArticle&obj=article_1&tag=debit&refobject=10343273&value=76&ser=1728906100876 HTTP/1.1" 200 2017 "http://hausegger.activities.at/entry.php?id=10830&&object=10343273&account=&mode=documentdebitor" "Mozilla/5.0 (Windows NT 10.0; Win64; x64; rv:131.0) Gecko/20100101 Firefox/131.0"
178.165.167.123 - - [14/Oct/2024:15:07:28 +0200] "GET /entry.php?id=10877&mode=loadSearchArticle&obj=article_1&tag=debit&refobject=10343273&value=760&ser=1728906100988 HTTP/1.1" 200 811 "http://hausegger.activities.at/entry.php?id=10830&&object=10343273&account=&mode=documentdebitor" "Mozilla/5.0 (Windows NT 10.0; Win64; x64; rv:131.0) Gecko/20100101 Firefox/131.0"
178.165.167.123 - - [14/Oct/2024:15:07:29 +0200] "GET /entry.php?id=10877&mode=loadSearchArticle&obj=article_1&tag=debit&refobject=10343273&value=760-&ser=1728906101341 HTTP/1.1" 200 376 "http://hausegger.activities.at/entry.php?id=10830&&object=10343273&account=&mode=documentdebitor" "Mozilla/5.0 (Windows NT 10.0; Win64; x64; rv:131.0) Gecko/20100101 Firefox/131.0"
178.165.167.123 - - [14/Oct/2024:15:07:29 +0200] "GET /entry.php?id=10877&mode=loadSearchArticle&obj=article_1&tag=debit&refobject=10343273&value=760-1&ser=1728906101709 HTTP/1.1" 200 279 "http://hausegger.activities.at/entry.php?id=10830&&object=10343273&account=&mode=documentdebitor" "Mozilla/5.0 (Windows NT 10.0; Win64; x64; rv:131.0) Gecko/20100101 Firefox/131.0"
178.165.167.123 - - [14/Oct/2024:15:07:29 +0200] "GET /entry.php?id=10877&mode=loadSearchArticle&obj=article_1&tag=debit&refobject=10343273&value=760-12&ser=1728906101940 HTTP/1.1" 200 279 "http://hausegger.activities.at/entry.php?id=10830&&object=10343273&account=&mode=documentdebitor" "Mozilla/5.0 (Windows NT 10.0; Win64; x64; rv:131.0) Gecko/20100101 Firefox/131.0"
178.165.167.123 - - [14/Oct/2024:15:07:32 +0200] "POST /entry.php?id=10889 HTTP/1.1" 200 1908 "http://hausegger.activities.at/entry.php?id=10889" "Mozilla/5.0 (Windows NT 10.0; Win64; x64; rv:131.0) Gecko/20100101 Firefox/131.0"
178.165.167.123 - - [14/Oct/2024:15:07:32 +0200] "GET /gui/javascript/form_form.js?1728911252 HTTP/1.1" 200 16206 "http://hausegger.activities.at/entry.php?id=10889" "Mozilla/5.0 (Windows NT 10.0; Win64; x64; rv:131.0) Gecko/20100101 Firefox/131.0"
178.165.167.123 - - [14/Oct/2024:15:07:32 +0200] "POST /entry.php?id=10889 HTTP/1.1" 200 1681 "http://hausegger.activities.at/entry.php?id=10889" "Mozilla/5.0 (Windows NT 10.0; Win64; x64; rv:131.0) Gecko/20100101 Firefox/131.0"
178.165.167.123 - - [14/Oct/2024:15:07:34 +0200] "POST /entry.php?id=10889 HTTP/1.1" 200 1833 "http://hausegger.activities.at/entry.php?id=10889" "Mozilla/5.0 (Windows NT 10.0; Win64; x64; rv:131.0) Gecko/20100101 Firefox/131.0"
178.165.167.123 - - [14/Oct/2024:15:07:35 +0200] "GET /gui/javascript/form_form.js?1728911255 HTTP/1.1" 200 16206 "http://hausegger.activities.at/entry.php?id=10889" "Mozilla/5.0 (Windows NT 10.0; Win64; x64; rv:131.0) Gecko/20100101 Firefox/131.0"
178.165.167.123 - - [14/Oct/2024:15:07:37 +0200] "GET /entry.php?id=11270&document=10343273 HTTP/1.1" 200 1975 "http://hausegger.activities.at/entry.php?id=10828" "Mozilla/5.0 (Windows NT 10.0; Win64; x64; rv:131.0) Gecko/20100101 Firefox/131.0"
178.165.167.123 - - [14/Oct/2024:15:07:37 +0200] "GET /gui/javascript/form_bu_document.js?1728911257 HTTP/1.1" 200 2675 "http://hausegger.activities.at/entry.php?id=11270&document=10343273" "Mozilla/5.0 (Windows NT 10.0; Win64; x64; rv:131.0) Gecko/20100101 Firefox/131.0"
178.165.167.123 - - [14/Oct/2024:15:07:37 +0200] "GET /gui/javascript/form_form.js?1728911257 HTTP/1.1" 200 16206 "http://hausegger.activities.at/entry.php?id=11270&document=10343273" "Mozilla/5.0 (Windows NT 10.0; Win64; x64; rv:131.0) Gecko/20100101 Firefox/131.0"
178.165.167.123 - - [14/Oct/2024:15:07:37 +0200] "GET /entry.php?id=11241&images=false&document=10343273 HTTP/1.1" 200 2223 "http://hausegger.activities.at/entry.php?id=11270&document=10343273" "Mozilla/5.0 (Windows NT 10.0; Win64; x64; rv:131.0) Gecko/20100101 Firefox/131.0"
178.165.167.123 - - [14/Oct/2024:15:07:37 +0200] "GET /entry.php?id=10877&mode=observePrint HTTP/1.1" 200 58 "http://hausegger.activities.at/entry.php?id=11270&document=10343273" "Mozilla/5.0 (Windows NT 10.0; Win64; x64; rv:131.0) Gecko/20100101 Firefox/131.0"
156.59.198.135 - - [14/Oct/2024:15:07:38 +0200] "GET /renault.2web.at/stats/lang/awstats-gl.txt HTTP/1.0" 404 303 "-" "Mozilla/5.0 (Linux; Android 5.0) AppleWebKit/537.36 (KHTML, like Gecko) Mobile Safari/537.36 (compatible; Bytespider; spider-feedback@bytedance.com)"
178.165.167.123 - - [14/Oct/2024:15:08:17 +0200] "GET /entry.php?id=10271&&ser=911236 HTTP/1.1" 200 987 "http://hausegger.activities.at/entry.php?id=10271&&ser=911176" "Mozilla/5.0 (Windows NT 10.0; Win64; x64; rv:131.0) Gecko/20100101 Firefox/131.0"
178.165.167.123 - - [14/Oct/2024:15:08:17 +0200] "GET /gui/javascript/form_form.js?1728911297 HTTP/1.1" 200 16206 "http://hausegger.activities.at/entry.php?id=10271&&ser=911236" "Mozilla/5.0 (Windows NT 10.0; Win64; x64; rv:131.0) Gecko/20100101 Firefox/131.0"
178.165.167.123 - - [14/Oct/2024:15:09:18 +0200] "GET /entry.php?id=10271&&ser=911297 HTTP/1.1" 200 987 "http://hausegger.activities.at/entry.php?id=10271&&ser=911236" "Mozilla/5.0 (Windows NT 10.0; Win64; x64; rv:131.0) Gecko/20100101 Firefox/131.0"
178.165.167.123 - - [14/Oct/2024:15:09:18 +0200] "GET /gui/javascript/form_form.js?1728911358 HTTP/1.1" 200 16206 "http://hausegger.activities.at/entry.php?id=10271&&ser=911297" "Mozilla/5.0 (Windows NT 10.0; Win64; x64; rv:131.0) Gecko/20100101 Firefox/131.0"
178.165.167.123 - - [14/Oct/2024:15:10:18 +0200] "GET /entry.php?id=10271&&ser=911358 HTTP/1.1" 200 987 "http://hausegger.activities.at/entry.php?id=10271&&ser=911297" "Mozilla/5.0 (Windows NT 10.0; Win64; x64; rv:131.0) Gecko/20100101 Firefox/131.0"
178.165.167.123 - - [14/Oct/2024:15:10:19 +0200] "GET /gui/javascript/form_form.js?1728911419 HTTP/1.1" 200 16206 "http://hausegger.activities.at/entry.php?id=10271&&ser=911358" "Mozilla/5.0 (Windows NT 10.0; Win64; x64; rv:131.0) Gecko/20100101 Firefox/131.0"
178.165.167.123 - - [14/Oct/2024:15:11:19 +0200] "GET /entry.php?id=10271&&ser=911419 HTTP/1.1" 200 987 "http://hausegger.activities.at/entry.php?id=10271&&ser=911358" "Mozilla/5.0 (Windows NT 10.0; Win64; x64; rv:131.0) Gecko/20100101 Firefox/131.0"
178.165.167.123 - - [14/Oct/2024:15:11:19 +0200] "GET /gui/javascript/form_form.js?1728911479 HTTP/1.1" 200 16206 "http://hausegger.activities.at/entry.php?id=10271&&ser=911419" "Mozilla/5.0 (Windows NT 10.0; Win64; x64; rv:131.0) Gecko/20100101 Firefox/131.0"
91.238.181.71 - - [14/Oct/2024:15:11:48 +0200] "\x03" 400 383 "-" "-"
156.59.198.135 - - [14/Oct/2024:15:12:01 +0200] "GET /renault.activities.at/htdocs/export/pdf/emuc_document/12423021.pdf HTTP/1.0" 404 322 "-" "Mozilla/5.0 (Linux; Android 5.0) AppleWebKit/537.36 (KHTML, like Gecko) Mobile Safari/537.36 (compatible; Bytespider; spider-feedback@bytedance.com)"
173.252.83.57 - - [14/Oct/2024:15:12:14 +0200] "GET /robots.txt HTTP/1.1" 404 366 "-" "facebookexternalhit/1.1 (+http://www.facebook.com/externalhit_uatext.php)"
178.165.167.123 - - [14/Oct/2024:15:12:19 +0200] "GET /entry.php?id=10271&&ser=911479 HTTP/1.1" 200 987 "http://hausegger.activities.at/entry.php?id=10271&&ser=911419" "Mozilla/5.0 (Windows NT 10.0; Win64; x64; rv:131.0) Gecko/20100101 Firefox/131.0"
178.165.167.123 - - [14/Oct/2024:15:12:19 +0200] "GET /gui/javascript/form_form.js?1728911539 HTTP/1.1" 200 16206 "http://hausegger.activities.at/entry.php?id=10271&&ser=911479" "Mozilla/5.0 (Windows NT 10.0; Win64; x64; rv:131.0) Gecko/20100101 Firefox/131.0"
156.59.198.135 - - [14/Oct/2024:15:12:22 +0200] "GET /renault.activities.at/htdocs/export/pdf/emuc_document/10744952.pdf HTTP/1.0" 404 322 "-" "Mozilla/5.0 (Linux; Android 5.0) AppleWebKit/537.36 (KHTML, like Gecko) Mobile Safari/537.36 (compatible; Bytespider; spider-feedback@bytedance.com)"
173.252.83.20 - - [14/Oct/2024:15:12:35 +0200] "GET /download/file.php?id=252&%3Bsid=6ff1203ea21ad55ae131b8f2a9dee9b6 HTTP/1.1" 404 373 "-" "meta-externalagent/1.1 (+https://developers.facebook.com/docs/sharing/webmasters/crawler)"
156.59.198.136 - - [14/Oct/2024:15:12:43 +0200] "GET /renault.activities.at/htdocs/export/pdf/emuc_document/11918498.pdf HTTP/1.0" 404 321 "-" "Mozilla/5.0 (Linux; Android 5.0) AppleWebKit/537.36 (KHTML, like Gecko) Mobile Safari/537.36 (compatible; Bytespider; spider-feedback@bytedance.com)"
156.59.198.135 - - [14/Oct/2024:15:13:05 +0200] "GET /renault.activities.at/htdocs/import/werbung.csv HTTP/1.0" 404 309 "-" "Mozilla/5.0 (Linux; Android 5.0) AppleWebKit/537.36 (KHTML, like Gecko) Mobile Safari/537.36 (compatible; Bytespider; spider-feedback@bytedance.com)"
180.149.125.163 - - [14/Oct/2024:15:13:06 +0200] "GET /stalker_portal/server/tools/auth_simple.php HTTP/1.1" 404 304 "-" "Mozilla/5.0 (Windows NT 5.1; Win64; x64) AppleWebKit/537.36 (KHTML, like Gecko) Chrome/60.0.3112.90 Safari/537.36"
178.165.167.123 - - [14/Oct/2024:15:13:19 +0200] "GET /entry.php?id=10271&&ser=911539 HTTP/1.1" 200 987 "http://hausegger.activities.at/entry.php?id=10271&&ser=911479" "Mozilla/5.0 (Windows NT 10.0; Win64; x64; rv:131.0) Gecko/20100101 Firefox/131.0"
178.165.167.123 - - [14/Oct/2024:15:13:19 +0200] "GET /gui/javascript/form_form.js?1728911599 HTTP/1.1" 200 16206 "http://hausegger.activities.at/entry.php?id=10271&&ser=911539" "Mozilla/5.0 (Windows NT 10.0; Win64; x64; rv:131.0) Gecko/20100101 Firefox/131.0"
156.59.198.135 - - [14/Oct/2024:15:13:26 +0200] "GET /ed-test.2web.at/stats/lang/tooltips_w/awstats-tt-gl.txt HTTP/1.0" 404 312 "-" "Mozilla/5.0 (Linux; Android 5.0) AppleWebKit/537.36 (KHTML, like Gecko) Mobile Safari/537.36 (compatible; Bytespider; spider-feedback@bytedance.com)"
156.59.198.135 - - [14/Oct/2024:15:13:47 +0200] "GET /renault.activities.at/htdocs/activities/framework/webfx/javascript/flot/API.md HTTP/1.0" 404 327 "-" "Mozilla/5.0 (Linux; Android 5.0) AppleWebKit/537.36 (KHTML, like Gecko) Mobile Safari/537.36 (compatible; Bytespider; spider-feedback@bytedance.com)"
156.59.198.135 - - [14/Oct/2024:15:14:08 +0200] "GET /renault.activities.at/htdocs/export/xml/data/orders/202110121303_RenOrder.xml HTTP/1.0" 404 329 "-" "Mozilla/5.0 (Linux; Android 5.0) AppleWebKit/537.36 (KHTML, like Gecko) Mobile Safari/537.36 (compatible; Bytespider; spider-feedback@bytedance.com)"
178.165.167.123 - - [14/Oct/2024:15:14:20 +0200] "GET /entry.php?id=10271&&ser=911599 HTTP/1.1" 200 987 "http://hausegger.activities.at/entry.php?id=10271&&ser=911539" "Mozilla/5.0 (Windows NT 10.0; Win64; x64; rv:131.0) Gecko/20100101 Firefox/131.0"
178.165.167.123 - - [14/Oct/2024:15:14:20 +0200] "GET /gui/javascript/form_form.js?1728911660 HTTP/1.1" 200 16206 "http://hausegger.activities.at/entry.php?id=10271&&ser=911599" "Mozilla/5.0 (Windows NT 10.0; Win64; x64; rv:131.0) Gecko/20100101 Firefox/131.0"
156.59.198.135 - - [14/Oct/2024:15:14:30 +0200] "GET /renault.activities.at/htdocs/export/xml/data/orders/202001211803_RenOrder.xml HTTP/1.0" 404 329 "-" "Mozilla/5.0 (Linux; Android 5.0) AppleWebKit/537.36 (KHTML, like Gecko) Mobile Safari/537.36 (compatible; Bytespider; spider-feedback@bytedance.com)"
156.59.198.136 - - [14/Oct/2024:15:14:50 +0200] "GET /renault.activities.at/htdocs/export/xml/data/orders/202107161103_RenOrder.xml HTTP/1.0" 404 329 "-" "Mozilla/5.0 (Linux; Android 5.0) AppleWebKit/537.36 (KHTML, like Gecko) Mobile Safari/537.36 (compatible; Bytespider; spider-feedback@bytedance.com)"
178.165.167.123 - - [14/Oct/2024:15:14:55 +0200] "GET /entry.php?id=11237&type=10665 HTTP/1.1" 200 276 "http://hausegger.activities.at/entry.php?id=10828" "Mozilla/5.0 (Windows NT 10.0; Win64; x64; rv:131.0) Gecko/20100101 Firefox/131.0"
178.165.167.123 - - [14/Oct/2024:15:14:56 +0200] "GET /entry.php?id=10676&&title=Belegsuche HTTP/1.1" 200 1390 "http://hausegger.activities.at/entry.php?id=11237&type=10665" "Mozilla/5.0 (Windows NT 10.0; Win64; x64; rv:131.0) Gecko/20100101 Firefox/131.0"
178.165.167.123 - - [14/Oct/2024:15:14:56 +0200] "GET /gui/javascript/form_form.js?1728911696 HTTP/1.1" 200 16206 "http://hausegger.activities.at/entry.php?id=10676&&title=Belegsuche" "Mozilla/5.0 (Windows NT 10.0; Win64; x64; rv:131.0) Gecko/20100101 Firefox/131.0"
178.165.167.123 - - [14/Oct/2024:15:14:56 +0200] "GET /entry.php?id=11239&mode=document&form=10665& HTTP/1.1" 200 2017 "http://hausegger.activities.at/entry.php?id=11237&type=10665" "Mozilla/5.0 (Windows NT 10.0; Win64; x64; rv:131.0) Gecko/20100101 Firefox/131.0"
178.165.167.123 - - [14/Oct/2024:15:14:56 +0200] "GET /gui/javascript/form_bu_document_workflow.js?1728911696 HTTP/1.1" 200 4900 "http://hausegger.activities.at/entry.php?id=11239&mode=document&form=10665&" "Mozilla/5.0 (Windows NT 10.0; Win64; x64; rv:131.0) Gecko/20100101 Firefox/131.0"
178.165.167.123 - - [14/Oct/2024:15:14:56 +0200] "GET /entry.php?id=11240&mode=document&form=10665& HTTP/1.1" 200 2671 "http://hausegger.activities.at/entry.php?id=11237&type=10665" "Mozilla/5.0 (Windows NT 10.0; Win64; x64; rv:131.0) Gecko/20100101 Firefox/131.0"
178.165.167.123 - - [14/Oct/2024:15:14:56 +0200] "GET /entry.php?id=11238&mode=document&form=10665& HTTP/1.1" 200 3303 "http://hausegger.activities.at/entry.php?id=11237&type=10665" "Mozilla/5.0 (Windows NT 10.0; Win64; x64; rv:131.0) Gecko/20100101 Firefox/131.0"
178.165.167.123 - - [14/Oct/2024:15:14:56 +0200] "GET /entry.php?id=10776&form=11066&name=list& HTTP/1.1" 200 1513 "http://hausegger.activities.at/entry.php?id=11240&mode=document&form=10665&" "Mozilla/5.0 (Windows NT 10.0; Win64; x64; rv:131.0) Gecko/20100101 Firefox/131.0"
178.165.167.123 - - [14/Oct/2024:15:14:56 +0200] "GET /entry.php?id=10778&form=11066&name=list& HTTP/1.1" 200 2586 "http://hausegger.activities.at/entry.php?id=11240&mode=document&form=10665&" "Mozilla/5.0 (Windows NT 10.0; Win64; x64; rv:131.0) Gecko/20100101 Firefox/131.0"
178.165.167.123 - - [14/Oct/2024:15:14:56 +0200] "GET /gui/javascript/form_bu_job_processing.js HTTP/1.1" 200 11852 "http://hausegger.activities.at/entry.php?id=11238&mode=document&form=10665&" "Mozilla/5.0 (Windows NT 10.0; Win64; x64; rv:131.0) Gecko/20100101 Firefox/131.0"
178.165.167.123 - - [14/Oct/2024:15:14:56 +0200] "GET /framework/icons/sortUp.gif HTTP/1.1" 200 53 "http://hausegger.activities.at/entry.php?id=10776&form=11066&name=list&" "Mozilla/5.0 (Windows NT 10.0; Win64; x64; rv:131.0) Gecko/20100101 Firefox/131.0"
178.165.167.123 - - [14/Oct/2024:15:14:57 +0200] "POST /entry.php?id=11240 HTTP/1.1" 200 2671 "http://hausegger.activities.at/entry.php?id=11240&mode=document&form=10665&" "Mozilla/5.0 (Windows NT 10.0; Win64; x64; rv:131.0) Gecko/20100101 Firefox/131.0"
178.165.167.123 - - [14/Oct/2024:15:14:57 +0200] "GET /gui/javascript/form_bu_document_workflow.js?1728911697 HTTP/1.1" 200 4900 "http://hausegger.activities.at/entry.php?id=11240" "Mozilla/5.0 (Windows NT 10.0; Win64; x64; rv:131.0) Gecko/20100101 Firefox/131.0"
178.165.167.123 - - [14/Oct/2024:15:14:57 +0200] "GET /gui/javascript/form_form.js?1728911697 HTTP/1.1" 200 16206 "http://hausegger.activities.at/entry.php?id=11240" "Mozilla/5.0 (Windows NT 10.0; Win64; x64; rv:131.0) Gecko/20100101 Firefox/131.0"
178.165.167.123 - - [14/Oct/2024:15:14:57 +0200] "GET /entry.php?id=10776&form=11066&name=list& HTTP/1.1" 200 1513 "http://hausegger.activities.at/entry.php?id=11240" "Mozilla/5.0 (Windows NT 10.0; Win64; x64; rv:131.0) Gecko/20100101 Firefox/131.0"
178.165.167.123 - - [14/Oct/2024:15:14:57 +0200] "GET /entry.php?id=10778&form=11066&name=list& HTTP/1.1" 200 3120 "http://hausegger.activities.at/entry.php?id=11240" "Mozilla/5.0 (Windows NT 10.0; Win64; x64; rv:131.0) Gecko/20100101 Firefox/131.0"
178.165.167.123 - - [14/Oct/2024:15:15:01 +0200] "POST /entry.php?id=10828 HTTP/1.1" 200 8700 "http://hausegger.activities.at/entry.php?id=10828" "Mozilla/5.0 (Windows NT 10.0; Win64; x64; rv:131.0) Gecko/20100101 Firefox/131.0"
178.165.167.123 - - [14/Oct/2024:15:15:01 +0200] "GET /gui/javascript/form_form.js?1728911701 HTTP/1.1" 200 16206 "http://hausegger.activities.at/entry.php?id=10828" "Mozilla/5.0 (Windows NT 10.0; Win64; x64; rv:131.0) Gecko/20100101 Firefox/131.0"
178.165.167.123 - - [14/Oct/2024:15:15:01 +0200] "GET /entry.php?id=10889&document_id=10343265& HTTP/1.1" 200 1508 "http://hausegger.activities.at/entry.php?id=10828" "Mozilla/5.0 (Windows NT 10.0; Win64; x64; rv:131.0) Gecko/20100101 Firefox/131.0"
178.165.167.123 - - [14/Oct/2024:15:15:03 +0200] "GET /gui/images/progressbar.gif HTTP/1.1" 200 2157 "http://hausegger.activities.at/entry.php?id=10272" "Mozilla/5.0 (Windows NT 10.0; Win64; x64; rv:131.0) Gecko/20100101 Firefox/131.0"
178.165.167.123 - - [14/Oct/2024:15:15:03 +0200] "POST /entry.php?id=10828 HTTP/1.1" 200 8770 "http://hausegger.activities.at/entry.php?id=10828" "Mozilla/5.0 (Windows NT 10.0; Win64; x64; rv:131.0) Gecko/20100101 Firefox/131.0"
178.165.167.123 - - [14/Oct/2024:15:15:03 +0200] "GET /gui/javascript/form_form.js?1728911703 HTTP/1.1" 200 16206 "http://hausegger.activities.at/entry.php?id=10828" "Mozilla/5.0 (Windows NT 10.0; Win64; x64; rv:131.0) Gecko/20100101 Firefox/131.0"
178.165.167.123 - - [14/Oct/2024:15:15:04 +0200] "GET /entry.php?id=10889&document_id=10343265& HTTP/1.1" 200 1509 "http://hausegger.activities.at/entry.php?id=10828" "Mozilla/5.0 (Windows NT 10.0; Win64; x64; rv:131.0) Gecko/20100101 Firefox/131.0"
178.165.167.123 - - [14/Oct/2024:15:15:04 +0200] "GET /gui/javascript/form_form.js?1728911704 HTTP/1.1" 200 16206 "http://hausegger.activities.at/entry.php?id=10889&document_id=10343265&" "Mozilla/5.0 (Windows NT 10.0; Win64; x64; rv:131.0) Gecko/20100101 Firefox/131.0"
156.59.198.136 - - [14/Oct/2024:15:15:12 +0200] "GET /renault.activities.at/htdocs/newsletter_log/nl_608251.txt HTTP/1.0" 404 317 "-" "Mozilla/5.0 (Linux; Android 5.0) AppleWebKit/537.36 (KHTML, like Gecko) Mobile Safari/537.36 (compatible; Bytespider; spider-feedback@bytedance.com)"
178.165.167.123 - - [14/Oct/2024:15:15:14 +0200] "GET /entry.php?id=10828 HTTP/1.1" 200 9142 "http://hausegger.activities.at/entry.php?id=10270&__app__=10006038" "Mozilla/5.0 (Windows NT 10.0; Win64; x64; rv:131.0) Gecko/20100101 Firefox/131.0"
178.165.167.123 - - [14/Oct/2024:15:15:14 +0200] "GET /gui/javascript/form_form.js?1728911714 HTTP/1.1" 200 16206 "http://hausegger.activities.at/entry.php?id=10828" "Mozilla/5.0 (Windows NT 10.0; Win64; x64; rv:131.0) Gecko/20100101 Firefox/131.0"
178.165.167.123 - - [14/Oct/2024:15:15:14 +0200] "GET /entry.php?id=10889&document_id=& HTTP/1.1" 200 1508 "http://hausegger.activities.at/entry.php?id=10828" "Mozilla/5.0 (Windows NT 10.0; Win64; x64; rv:131.0) Gecko/20100101 Firefox/131.0"
178.165.167.123 - - [14/Oct/2024:15:15:20 +0200] "GET /entry.php?id=10271&&ser=911660 HTTP/1.1" 200 986 "http://hausegger.activities.at/entry.php?id=10271&&ser=911599" "Mozilla/5.0 (Windows NT 10.0; Win64; x64; rv:131.0) Gecko/20100101 Firefox/131.0"
178.165.167.123 - - [14/Oct/2024:15:15:20 +0200] "GET /gui/javascript/form_form.js?1728911720 HTTP/1.1" 200 16206 "http://hausegger.activities.at/entry.php?id=10271&&ser=911660" "Mozilla/5.0 (Windows NT 10.0; Win64; x64; rv:131.0) Gecko/20100101 Firefox/131.0"
156.59.198.135 - - [14/Oct/2024:15:15:33 +0200] "GET /renault.activities.at/htdocs/export/xml/data/orders/202110011803_RenOrder.xml HTTP/1.0" 404 328 "-" "Mozilla/5.0 (Linux; Android 5.0) AppleWebKit/537.36 (KHTML, like Gecko) Mobile Safari/537.36 (compatible; Bytespider; spider-feedback@bytedance.com)"
178.165.167.123 - - [14/Oct/2024:15:16:20 +0200] "GET /entry.php?id=10271&&ser=911720 HTTP/1.1" 200 987 "http://hausegger.activities.at/entry.php?id=10271&&ser=911660" "Mozilla/5.0 (Windows NT 10.0; Win64; x64; rv:131.0) Gecko/20100101 Firefox/131.0"
178.165.167.123 - - [14/Oct/2024:15:16:20 +0200] "GET /gui/javascript/form_form.js?1728911780 HTTP/1.1" 200 16206 "http://hausegger.activities.at/entry.php?id=10271&&ser=911720" "Mozilla/5.0 (Windows NT 10.0; Win64; x64; rv:131.0) Gecko/20100101 Firefox/131.0"
178.165.167.123 - - [14/Oct/2024:15:17:20 +0200] "GET /entry.php?id=10271&&ser=911780 HTTP/1.1" 200 986 "http://hausegger.activities.at/entry.php?id=10271&&ser=911720" "Mozilla/5.0 (Windows NT 10.0; Win64; x64; rv:131.0) Gecko/20100101 Firefox/131.0"
178.165.167.123 - - [14/Oct/2024:15:17:21 +0200] "GET /gui/javascript/form_form.js?1728911841 HTTP/1.1" 200 16206 "http://hausegger.activities.at/entry.php?id=10271&&ser=911780" "Mozilla/5.0 (Windows NT 10.0; Win64; x64; rv:131.0) Gecko/20100101 Firefox/131.0"
178.165.167.123 - - [14/Oct/2024:15:18:21 +0200] "GET /entry.php?id=10271&&ser=911841 HTTP/1.1" 200 986 "http://hausegger.activities.at/entry.php?id=10271&&ser=911780" "Mozilla/5.0 (Windows NT 10.0; Win64; x64; rv:131.0) Gecko/20100101 Firefox/131.0"
178.165.167.123 - - [14/Oct/2024:15:18:21 +0200] "GET /gui/javascript/form_form.js?1728911901 HTTP/1.1" 200 16206 "http://hausegger.activities.at/entry.php?id=10271&&ser=911841" "Mozilla/5.0 (Windows NT 10.0; Win64; x64; rv:131.0) Gecko/20100101 Firefox/131.0"
178.165.167.123 - - [14/Oct/2024:15:19:21 +0200] "GET /entry.php?id=10271&&ser=911901 HTTP/1.1" 200 986 "http://hausegger.activities.at/entry.php?id=10271&&ser=911841" "Mozilla/5.0 (Windows NT 10.0; Win64; x64; rv:131.0) Gecko/20100101 Firefox/131.0"
178.165.167.123 - - [14/Oct/2024:15:19:21 +0200] "GET /gui/javascript/form_form.js?1728911961 HTTP/1.1" 200 16206 "http://hausegger.activities.at/entry.php?id=10271&&ser=911901" "Mozilla/5.0 (Windows NT 10.0; Win64; x64; rv:131.0) Gecko/20100101 Firefox/131.0"
178.165.167.123 - - [14/Oct/2024:15:20:21 +0200] "GET /entry.php?id=10271&&ser=911961 HTTP/1.1" 200 986 "http://hausegger.activities.at/entry.php?id=10271&&ser=911901" "Mozilla/5.0 (Windows NT 10.0; Win64; x64; rv:131.0) Gecko/20100101 Firefox/131.0"
178.165.167.123 - - [14/Oct/2024:15:20:21 +0200] "GET /gui/javascript/form_form.js?1728912021 HTTP/1.1" 200 16206 "http://hausegger.activities.at/entry.php?id=10271&&ser=911961" "Mozilla/5.0 (Windows NT 10.0; Win64; x64; rv:131.0) Gecko/20100101 Firefox/131.0"
178.165.167.123 - - [14/Oct/2024:15:21:22 +0200] "GET /entry.php?id=10271&&ser=912021 HTTP/1.1" 200 987 "http://hausegger.activities.at/entry.php?id=10271&&ser=911961" "Mozilla/5.0 (Windows NT 10.0; Win64; x64; rv:131.0) Gecko/20100101 Firefox/131.0"
178.165.167.123 - - [14/Oct/2024:15:21:22 +0200] "GET /gui/javascript/form_form.js?1728912082 HTTP/1.1" 200 16206 "http://hausegger.activities.at/entry.php?id=10271&&ser=912021" "Mozilla/5.0 (Windows NT 10.0; Win64; x64; rv:131.0) Gecko/20100101 Firefox/131.0"
178.165.167.123 - - [14/Oct/2024:15:22:22 +0200] "GET /entry.php?id=10271&&ser=912082 HTTP/1.1" 200 987 "http://hausegger.activities.at/entry.php?id=10271&&ser=912021" "Mozilla/5.0 (Windows NT 10.0; Win64; x64; rv:131.0) Gecko/20100101 Firefox/131.0"
178.165.167.123 - - [14/Oct/2024:15:22:22 +0200] "GET /gui/javascript/form_form.js?1728912142 HTTP/1.1" 200 16206 "http://hausegger.activities.at/entry.php?id=10271&&ser=912082" "Mozilla/5.0 (Windows NT 10.0; Win64; x64; rv:131.0) Gecko/20100101 Firefox/131.0"
178.165.167.123 - - [14/Oct/2024:15:23:22 +0200] "GET /entry.php?id=10271&&ser=912142 HTTP/1.1" 200 987 "http://hausegger.activities.at/entry.php?id=10271&&ser=912082" "Mozilla/5.0 (Windows NT 10.0; Win64; x64; rv:131.0) Gecko/20100101 Firefox/131.0"
178.165.167.123 - - [14/Oct/2024:15:23:22 +0200] "GET /gui/javascript/form_form.js?1728912202 HTTP/1.1" 200 16206 "http://hausegger.activities.at/entry.php?id=10271&&ser=912142" "Mozilla/5.0 (Windows NT 10.0; Win64; x64; rv:131.0) Gecko/20100101 Firefox/131.0"
178.165.167.123 - - [14/Oct/2024:15:24:22 +0200] "GET /entry.php?id=10271&&ser=912202 HTTP/1.1" 200 987 "http://hausegger.activities.at/entry.php?id=10271&&ser=912142" "Mozilla/5.0 (Windows NT 10.0; Win64; x64; rv:131.0) Gecko/20100101 Firefox/131.0"
178.165.167.123 - - [14/Oct/2024:15:24:23 +0200] "GET /gui/javascript/form_form.js?1728912263 HTTP/1.1" 200 16206 "http://hausegger.activities.at/entry.php?id=10271&&ser=912202" "Mozilla/5.0 (Windows NT 10.0; Win64; x64; rv:131.0) Gecko/20100101 Firefox/131.0"
178.165.167.123 - - [14/Oct/2024:15:25:23 +0200] "GET /entry.php?id=10271&&ser=912263 HTTP/1.1" 200 987 "http://hausegger.activities.at/entry.php?id=10271&&ser=912202" "Mozilla/5.0 (Windows NT 10.0; Win64; x64; rv:131.0) Gecko/20100101 Firefox/131.0"
178.165.167.123 - - [14/Oct/2024:15:25:23 +0200] "GET /gui/javascript/form_form.js?1728912323 HTTP/1.1" 200 16206 "http://hausegger.activities.at/entry.php?id=10271&&ser=912263" "Mozilla/5.0 (Windows NT 10.0; Win64; x64; rv:131.0) Gecko/20100101 Firefox/131.0"
178.165.167.123 - - [14/Oct/2024:15:26:23 +0200] "GET /entry.php?id=10271&&ser=912323 HTTP/1.1" 200 987 "http://hausegger.activities.at/entry.php?id=10271&&ser=912263" "Mozilla/5.0 (Windows NT 10.0; Win64; x64; rv:131.0) Gecko/20100101 Firefox/131.0"
178.165.167.123 - - [14/Oct/2024:15:26:23 +0200] "GET /gui/javascript/form_form.js?1728912383 HTTP/1.1" 200 16206 "http://hausegger.activities.at/entry.php?id=10271&&ser=912323" "Mozilla/5.0 (Windows NT 10.0; Win64; x64; rv:131.0) Gecko/20100101 Firefox/131.0"
178.165.167.123 - - [14/Oct/2024:15:27:23 +0200] "GET /entry.php?id=10271&&ser=912383 HTTP/1.1" 200 987 "http://hausegger.activities.at/entry.php?id=10271&&ser=912323" "Mozilla/5.0 (Windows NT 10.0; Win64; x64; rv:131.0) Gecko/20100101 Firefox/131.0"
178.165.167.123 - - [14/Oct/2024:15:27:24 +0200] "GET /gui/javascript/form_form.js?1728912443 HTTP/1.1" 200 16206 "http://hausegger.activities.at/entry.php?id=10271&&ser=912383" "Mozilla/5.0 (Windows NT 10.0; Win64; x64; rv:131.0) Gecko/20100101 Firefox/131.0"
178.165.167.123 - - [14/Oct/2024:15:28:24 +0200] "GET /entry.php?id=10271&&ser=912443 HTTP/1.1" 200 986 "http://hausegger.activities.at/entry.php?id=10271&&ser=912383" "Mozilla/5.0 (Windows NT 10.0; Win64; x64; rv:131.0) Gecko/20100101 Firefox/131.0"
178.165.167.123 - - [14/Oct/2024:15:28:24 +0200] "GET /gui/javascript/form_form.js?1728912504 HTTP/1.1" 200 16206 "http://hausegger.activities.at/entry.php?id=10271&&ser=912443" "Mozilla/5.0 (Windows NT 10.0; Win64; x64; rv:131.0) Gecko/20100101 Firefox/131.0"
178.165.167.123 - - [14/Oct/2024:15:29:24 +0200] "GET /entry.php?id=10271&&ser=912504 HTTP/1.1" 200 987 "http://hausegger.activities.at/entry.php?id=10271&&ser=912443" "Mozilla/5.0 (Windows NT 10.0; Win64; x64; rv:131.0) Gecko/20100101 Firefox/131.0"
178.165.167.123 - - [14/Oct/2024:15:29:24 +0200] "GET /gui/javascript/form_form.js?1728912564 HTTP/1.1" 200 16206 "http://hausegger.activities.at/entry.php?id=10271&&ser=912504" "Mozilla/5.0 (Windows NT 10.0; Win64; x64; rv:131.0) Gecko/20100101 Firefox/131.0"
178.165.167.123 - - [14/Oct/2024:15:30:24 +0200] "GET /entry.php?id=10271&&ser=912564 HTTP/1.1" 200 987 "http://hausegger.activities.at/entry.php?id=10271&&ser=912504" "Mozilla/5.0 (Windows NT 10.0; Win64; x64; rv:131.0) Gecko/20100101 Firefox/131.0"
178.165.167.123 - - [14/Oct/2024:15:30:24 +0200] "GET /gui/javascript/form_form.js?1728912624 HTTP/1.1" 200 16206 "http://hausegger.activities.at/entry.php?id=10271&&ser=912564" "Mozilla/5.0 (Windows NT 10.0; Win64; x64; rv:131.0) Gecko/20100101 Firefox/131.0"
173.252.83.13 - - [14/Oct/2024:15:31:22 +0200] "GET /download/file.php?id=251&%3Bsid=6f4b7a33bc4e830bbf8faafd5b602414 HTTP/1.1" 404 373 "-" "meta-externalagent/1.1 (+https://developers.facebook.com/docs/sharing/webmasters/crawler)"
178.165.167.123 - - [14/Oct/2024:15:31:25 +0200] "GET /entry.php?id=10271&&ser=912624 HTTP/1.1" 200 987 "http://hausegger.activities.at/entry.php?id=10271&&ser=912564" "Mozilla/5.0 (Windows NT 10.0; Win64; x64; rv:131.0) Gecko/20100101 Firefox/131.0"
178.165.167.123 - - [14/Oct/2024:15:31:25 +0200] "GET /gui/javascript/form_form.js?1728912685 HTTP/1.1" 200 16206 "http://hausegger.activities.at/entry.php?id=10271&&ser=912624" "Mozilla/5.0 (Windows NT 10.0; Win64; x64; rv:131.0) Gecko/20100101 Firefox/131.0"
87.120.127.173 - - [14/Oct/2024:15:31:25 +0200] "GET /.env HTTP/1.1" 404 280 "-" "Mozilla/5.0 (X11; Linux i686) AppleWebKit/537.36 (KHTML, like Gecko) Ubuntu Chromium/65.0.3325.181 Chrome/65.0.3325.181 Safari/537.36"
178.165.167.123 - - [14/Oct/2024:15:32:25 +0200] "GET /entry.php?id=10271&&ser=912685 HTTP/1.1" 200 986 "http://hausegger.activities.at/entry.php?id=10271&&ser=912624" "Mozilla/5.0 (Windows NT 10.0; Win64; x64; rv:131.0) Gecko/20100101 Firefox/131.0"
178.165.167.123 - - [14/Oct/2024:15:32:25 +0200] "GET /gui/javascript/form_form.js?1728912745 HTTP/1.1" 200 16206 "http://hausegger.activities.at/entry.php?id=10271&&ser=912685" "Mozilla/5.0 (Windows NT 10.0; Win64; x64; rv:131.0) Gecko/20100101 Firefox/131.0"
178.165.167.123 - - [14/Oct/2024:15:33:25 +0200] "GET /entry.php?id=10271&&ser=912745 HTTP/1.1" 200 987 "http://hausegger.activities.at/entry.php?id=10271&&ser=912685" "Mozilla/5.0 (Windows NT 10.0; Win64; x64; rv:131.0) Gecko/20100101 Firefox/131.0"
178.165.167.123 - - [14/Oct/2024:15:33:25 +0200] "GET /gui/javascript/form_form.js?1728912805 HTTP/1.1" 200 16206 "http://hausegger.activities.at/entry.php?id=10271&&ser=912745" "Mozilla/5.0 (Windows NT 10.0; Win64; x64; rv:131.0) Gecko/20100101 Firefox/131.0"
178.165.167.123 - - [14/Oct/2024:15:34:25 +0200] "GET /entry.php?id=10271&&ser=912805 HTTP/1.1" 200 987 "http://hausegger.activities.at/entry.php?id=10271&&ser=912745" "Mozilla/5.0 (Windows NT 10.0; Win64; x64; rv:131.0) Gecko/20100101 Firefox/131.0"
178.165.167.123 - - [14/Oct/2024:15:34:26 +0200] "GET /gui/javascript/form_form.js?1728912866 HTTP/1.1" 200 16206 "http://hausegger.activities.at/entry.php?id=10271&&ser=912805" "Mozilla/5.0 (Windows NT 10.0; Win64; x64; rv:131.0) Gecko/20100101 Firefox/131.0"
178.165.167.123 - - [14/Oct/2024:15:35:26 +0200] "GET /entry.php?id=10271&&ser=912866 HTTP/1.1" 200 987 "http://hausegger.activities.at/entry.php?id=10271&&ser=912805" "Mozilla/5.0 (Windows NT 10.0; Win64; x64; rv:131.0) Gecko/20100101 Firefox/131.0"
178.165.167.123 - - [14/Oct/2024:15:35:26 +0200] "GET /gui/javascript/form_form.js?1728912926 HTTP/1.1" 200 16206 "http://hausegger.activities.at/entry.php?id=10271&&ser=912866" "Mozilla/5.0 (Windows NT 10.0; Win64; x64; rv:131.0) Gecko/20100101 Firefox/131.0"
178.165.167.123 - - [14/Oct/2024:15:36:26 +0200] "GET /entry.php?id=10271&&ser=912926 HTTP/1.1" 200 987 "http://hausegger.activities.at/entry.php?id=10271&&ser=912866" "Mozilla/5.0 (Windows NT 10.0; Win64; x64; rv:131.0) Gecko/20100101 Firefox/131.0"
178.165.167.123 - - [14/Oct/2024:15:36:26 +0200] "GET /gui/javascript/form_form.js?1728912986 HTTP/1.1" 200 16206 "http://hausegger.activities.at/entry.php?id=10271&&ser=912926" "Mozilla/5.0 (Windows NT 10.0; Win64; x64; rv:131.0) Gecko/20100101 Firefox/131.0"
156.59.198.136 - - [14/Oct/2024:15:37:00 +0200] "GET /renault.activities.at/htdocs/export/pdf/emuc_document/10742398.pdf HTTP/1.0" 404 323 "-" "Mozilla/5.0 (Linux; Android 5.0) AppleWebKit/537.36 (KHTML, like Gecko) Mobile Safari/537.36 (compatible; Bytespider; spider-feedback@bytedance.com)"
156.59.198.135 - - [14/Oct/2024:15:37:20 +0200] "GET /renault.activities.at/htdocs/export/pdf/emuc_document/12466708.pdf HTTP/1.0" 404 322 "-" "Mozilla/5.0 (Linux; Android 5.0) AppleWebKit/537.36 (KHTML, like Gecko) Mobile Safari/537.36 (compatible; Bytespider; spider-feedback@bytedance.com)"
178.165.167.123 - - [14/Oct/2024:15:37:26 +0200] "GET /entry.php?id=10271&&ser=912986 HTTP/1.1" 200 987 "http://hausegger.activities.at/entry.php?id=10271&&ser=912926" "Mozilla/5.0 (Windows NT 10.0; Win64; x64; rv:131.0) Gecko/20100101 Firefox/131.0"
178.165.167.123 - - [14/Oct/2024:15:37:26 +0200] "GET /gui/javascript/form_form.js?1728913046 HTTP/1.1" 200 16206 "http://hausegger.activities.at/entry.php?id=10271&&ser=912986" "Mozilla/5.0 (Windows NT 10.0; Win64; x64; rv:131.0) Gecko/20100101 Firefox/131.0"
156.59.198.136 - - [14/Oct/2024:15:37:41 +0200] "GET /renault.activities.at/htdocs/export/xml/data/orders/202109171503_RenOrder.xml HTTP/1.0" 404 329 "-" "Mozilla/5.0 (Linux; Android 5.0) AppleWebKit/537.36 (KHTML, like Gecko) Mobile Safari/537.36 (compatible; Bytespider; spider-feedback@bytedance.com)"
156.59.198.135 - - [14/Oct/2024:15:38:03 +0200] "GET /renault.activities.at/htdocs/export/pdf/emuc_document/11644497.pdf HTTP/1.0" 404 322 "-" "Mozilla/5.0 (Linux; Android 5.0) AppleWebKit/537.36 (KHTML, like Gecko) Mobile Safari/537.36 (compatible; Bytespider; spider-feedback@bytedance.com)"
156.59.198.135 - - [14/Oct/2024:15:38:24 +0200] "GET /renault.2web.at/stats/lang/awstats-ro.txt HTTP/1.0" 404 303 "-" "Mozilla/5.0 (Linux; Android 5.0) AppleWebKit/537.36 (KHTML, like Gecko) Mobile Safari/537.36 (compatible; Bytespider; spider-feedback@bytedance.com)"
178.165.167.123 - - [14/Oct/2024:15:38:27 +0200] "GET /entry.php?id=10271&&ser=913046 HTTP/1.1" 200 987 "http://hausegger.activities.at/entry.php?id=10271&&ser=912986" "Mozilla/5.0 (Windows NT 10.0; Win64; x64; rv:131.0) Gecko/20100101 Firefox/131.0"
178.165.167.123 - - [14/Oct/2024:15:38:27 +0200] "GET /gui/javascript/form_form.js?1728913107 HTTP/1.1" 200 16206 "http://hausegger.activities.at/entry.php?id=10271&&ser=913046" "Mozilla/5.0 (Windows NT 10.0; Win64; x64; rv:131.0) Gecko/20100101 Firefox/131.0"
156.59.198.136 - - [14/Oct/2024:15:38:45 +0200] "GET /renault.activities.at/htdocs/export/pdf/emuc_document/10535023.pdf HTTP/1.0" 404 322 "-" "Mozilla/5.0 (Linux; Android 5.0) AppleWebKit/537.36 (KHTML, like Gecko) Mobile Safari/537.36 (compatible; Bytespider; spider-feedback@bytedance.com)"
156.59.198.136 - - [14/Oct/2024:15:39:06 +0200] "GET /ed-test.activities.at/stats/lang/tooltips_w/awstats-tt-al.txt HTTP/1.0" 404 315 "-" "Mozilla/5.0 (Linux; Android 5.0) AppleWebKit/537.36 (KHTML, like Gecko) Mobile Safari/537.36 (compatible; Bytespider; spider-feedback@bytedance.com)"
156.59.198.136 - - [14/Oct/2024:15:39:27 +0200] "GET /renault.activities.at/htdocs/export/pdf/emuc_document/10981099.pdf HTTP/1.0" 404 321 "-" "Mozilla/5.0 (Linux; Android 5.0) AppleWebKit/537.36 (KHTML, like Gecko) Mobile Safari/537.36 (compatible; Bytespider; spider-feedback@bytedance.com)"
178.165.167.123 - - [14/Oct/2024:15:39:27 +0200] "GET /entry.php?id=10271&&ser=913107 HTTP/1.1" 200 987 "http://hausegger.activities.at/entry.php?id=10271&&ser=913046" "Mozilla/5.0 (Windows NT 10.0; Win64; x64; rv:131.0) Gecko/20100101 Firefox/131.0"
178.165.167.123 - - [14/Oct/2024:15:39:27 +0200] "GET /gui/javascript/form_form.js?1728913167 HTTP/1.1" 200 16206 "http://hausegger.activities.at/entry.php?id=10271&&ser=913107" "Mozilla/5.0 (Windows NT 10.0; Win64; x64; rv:131.0) Gecko/20100101 Firefox/131.0"
156.59.198.136 - - [14/Oct/2024:15:39:48 +0200] "GET /renault.activities.at/htdocs/export/pdf/emuc_document/11983558.pdf HTTP/1.0" 404 322 "-" "Mozilla/5.0 (Linux; Android 5.0) AppleWebKit/537.36 (KHTML, like Gecko) Mobile Safari/537.36 (compatible; Bytespider; spider-feedback@bytedance.com)"
156.59.198.136 - - [14/Oct/2024:15:40:09 +0200] "GET /ed-test.2web.at/stats/lang/awstats-es.txt HTTP/1.0" 404 302 "-" "Mozilla/5.0 (Linux; Android 5.0) AppleWebKit/537.36 (KHTML, like Gecko) Mobile Safari/537.36 (compatible; Bytespider; spider-feedback@bytedance.com)"
178.165.167.123 - - [14/Oct/2024:15:40:27 +0200] "GET /entry.php?id=10271&&ser=913167 HTTP/1.1" 200 987 "http://hausegger.activities.at/entry.php?id=10271&&ser=913107" "Mozilla/5.0 (Windows NT 10.0; Win64; x64; rv:131.0) Gecko/20100101 Firefox/131.0"
