178.165.167.123 - - [15/Oct/2024:13:24:16 +0200] "GET /entry.php?id=10271&&ser=991395 HTTP/1.1" 200 987 "http://hausegger.activities.at/entry.php?id=10271&&ser=991334" "Mozilla/5.0 (Windows NT 10.0; Win64; x64) AppleWebKit/537.36 (KHTML, like Gecko) Chrome/129.0.0.0 Safari/537.36"
178.165.167.123 - - [15/Oct/2024:13:24:16 +0200] "GET /gui/javascript/form_form.js?1728991456 HTTP/1.1" 200 16206 "http://hausegger.activities.at/entry.php?id=10271&&ser=991395" "Mozilla/5.0 (Windows NT 10.0; Win64; x64) AppleWebKit/537.36 (KHTML, like Gecko) Chrome/129.0.0.0 Safari/537.36"
178.165.167.123 - - [15/Oct/2024:13:25:13 +0200] "GET /entry.php?id=10271&&ser=991453 HTTP/1.1" 200 987 "http://hausegger.activities.at/entry.php?id=10271&&ser=991393" "Mozilla/5.0 (Windows NT 10.0; Win64; x64; rv:131.0) Gecko/20100101 Firefox/131.0"
178.165.167.123 - - [15/Oct/2024:13:25:13 +0200] "GET /gui/javascript/form_form.js?1728991513 HTTP/1.1" 200 16206 "http://hausegger.activities.at/entry.php?id=10271&&ser=991453" "Mozilla/5.0 (Windows NT 10.0; Win64; x64; rv:131.0) Gecko/20100101 Firefox/131.0"
178.165.167.123 - - [15/Oct/2024:13:25:17 +0200] "GET /entry.php?id=10271&&ser=991456 HTTP/1.1" 200 987 "http://hausegger.activities.at/entry.php?id=10271&&ser=991395" "Mozilla/5.0 (Windows NT 10.0; Win64; x64) AppleWebKit/537.36 (KHTML, like Gecko) Chrome/129.0.0.0 Safari/537.36"
178.165.167.123 - - [15/Oct/2024:13:25:17 +0200] "GET /gui/javascript/form_form.js?1728991517 HTTP/1.1" 200 16206 "http://hausegger.activities.at/entry.php?id=10271&&ser=991456" "Mozilla/5.0 (Windows NT 10.0; Win64; x64) AppleWebKit/537.36 (KHTML, like Gecko) Chrome/129.0.0.0 Safari/537.36"
178.165.167.123 - - [15/Oct/2024:13:26:13 +0200] "GET /entry.php?id=10271&&ser=991513 HTTP/1.1" 200 987 "http://hausegger.activities.at/entry.php?id=10271&&ser=991453" "Mozilla/5.0 (Windows NT 10.0; Win64; x64; rv:131.0) Gecko/20100101 Firefox/131.0"
178.165.167.123 - - [15/Oct/2024:13:26:14 +0200] "GET /gui/javascript/form_form.js?1728991574 HTTP/1.1" 200 16206 "http://hausegger.activities.at/entry.php?id=10271&&ser=991513" "Mozilla/5.0 (Windows NT 10.0; Win64; x64; rv:131.0) Gecko/20100101 Firefox/131.0"
178.165.167.123 - - [15/Oct/2024:13:26:18 +0200] "GET /entry.php?id=10271&&ser=991517 HTTP/1.1" 200 987 "http://hausegger.activities.at/entry.php?id=10271&&ser=991456" "Mozilla/5.0 (Windows NT 10.0; Win64; x64) AppleWebKit/537.36 (KHTML, like Gecko) Chrome/129.0.0.0 Safari/537.36"
178.165.167.123 - - [15/Oct/2024:13:26:18 +0200] "GET /gui/javascript/form_form.js?1728991578 HTTP/1.1" 200 16206 "http://hausegger.activities.at/entry.php?id=10271&&ser=991517" "Mozilla/5.0 (Windows NT 10.0; Win64; x64) AppleWebKit/537.36 (KHTML, like Gecko) Chrome/129.0.0.0 Safari/537.36"
178.165.167.123 - - [15/Oct/2024:13:27:14 +0200] "GET /entry.php?id=10271&&ser=991574 HTTP/1.1" 200 987 "http://hausegger.activities.at/entry.php?id=10271&&ser=991513" "Mozilla/5.0 (Windows NT 10.0; Win64; x64; rv:131.0) Gecko/20100101 Firefox/131.0"
178.165.167.123 - - [15/Oct/2024:13:27:14 +0200] "GET /gui/javascript/form_form.js?1728991634 HTTP/1.1" 200 16206 "http://hausegger.activities.at/entry.php?id=10271&&ser=991574" "Mozilla/5.0 (Windows NT 10.0; Win64; x64; rv:131.0) Gecko/20100101 Firefox/131.0"
178.165.167.123 - - [15/Oct/2024:13:27:19 +0200] "GET /entry.php?id=10271&&ser=991578 HTTP/1.1" 200 987 "http://hausegger.activities.at/entry.php?id=10271&&ser=991517" "Mozilla/5.0 (Windows NT 10.0; Win64; x64) AppleWebKit/537.36 (KHTML, like Gecko) Chrome/129.0.0.0 Safari/537.36"
178.165.167.123 - - [15/Oct/2024:13:27:19 +0200] "GET /gui/javascript/form_form.js?1728991639 HTTP/1.1" 200 16206 "http://hausegger.activities.at/entry.php?id=10271&&ser=991578" "Mozilla/5.0 (Windows NT 10.0; Win64; x64) AppleWebKit/537.36 (KHTML, like Gecko) Chrome/129.0.0.0 Safari/537.36"
178.165.167.123 - - [15/Oct/2024:13:28:14 +0200] "GET /entry.php?id=10271&&ser=991634 HTTP/1.1" 200 987 "http://hausegger.activities.at/entry.php?id=10271&&ser=991574" "Mozilla/5.0 (Windows NT 10.0; Win64; x64; rv:131.0) Gecko/20100101 Firefox/131.0"
178.165.167.123 - - [15/Oct/2024:13:28:14 +0200] "GET /gui/javascript/form_form.js?1728991694 HTTP/1.1" 200 16206 "http://hausegger.activities.at/entry.php?id=10271&&ser=991634" "Mozilla/5.0 (Windows NT 10.0; Win64; x64; rv:131.0) Gecko/20100101 Firefox/131.0"
178.165.167.123 - - [15/Oct/2024:13:28:20 +0200] "GET /entry.php?id=10271&&ser=991639 HTTP/1.1" 200 987 "http://hausegger.activities.at/entry.php?id=10271&&ser=991578" "Mozilla/5.0 (Windows NT 10.0; Win64; x64) AppleWebKit/537.36 (KHTML, like Gecko) Chrome/129.0.0.0 Safari/537.36"
178.165.167.123 - - [15/Oct/2024:13:28:20 +0200] "GET /gui/javascript/form_form.js?1728991700 HTTP/1.1" 200 16206 "http://hausegger.activities.at/entry.php?id=10271&&ser=991639" "Mozilla/5.0 (Windows NT 10.0; Win64; x64) AppleWebKit/537.36 (KHTML, like Gecko) Chrome/129.0.0.0 Safari/537.36"
178.165.167.123 - - [15/Oct/2024:13:29:14 +0200] "GET /entry.php?id=10271&&ser=991694 HTTP/1.1" 200 987 "http://hausegger.activities.at/entry.php?id=10271&&ser=991634" "Mozilla/5.0 (Windows NT 10.0; Win64; x64; rv:131.0) Gecko/20100101 Firefox/131.0"
178.165.167.123 - - [15/Oct/2024:13:29:14 +0200] "GET /gui/javascript/form_form.js?1728991754 HTTP/1.1" 200 16206 "http://hausegger.activities.at/entry.php?id=10271&&ser=991694" "Mozilla/5.0 (Windows NT 10.0; Win64; x64; rv:131.0) Gecko/20100101 Firefox/131.0"
178.165.167.123 - - [15/Oct/2024:13:29:21 +0200] "GET /entry.php?id=10271&&ser=991700 HTTP/1.1" 200 987 "http://hausegger.activities.at/entry.php?id=10271&&ser=991639" "Mozilla/5.0 (Windows NT 10.0; Win64; x64) AppleWebKit/537.36 (KHTML, like Gecko) Chrome/129.0.0.0 Safari/537.36"
178.165.167.123 - - [15/Oct/2024:13:29:21 +0200] "GET /gui/javascript/form_form.js?1728991761 HTTP/1.1" 200 16206 "http://hausegger.activities.at/entry.php?id=10271&&ser=991700" "Mozilla/5.0 (Windows NT 10.0; Win64; x64) AppleWebKit/537.36 (KHTML, like Gecko) Chrome/129.0.0.0 Safari/537.36"
178.165.167.123 - - [15/Oct/2024:13:30:15 +0200] "GET /entry.php?id=10271&&ser=991754 HTTP/1.1" 200 987 "http://hausegger.activities.at/entry.php?id=10271&&ser=991694" "Mozilla/5.0 (Windows NT 10.0; Win64; x64; rv:131.0) Gecko/20100101 Firefox/131.0"
178.165.167.123 - - [15/Oct/2024:13:30:15 +0200] "GET /gui/javascript/form_form.js?1728991815 HTTP/1.1" 200 16206 "http://hausegger.activities.at/entry.php?id=10271&&ser=991754" "Mozilla/5.0 (Windows NT 10.0; Win64; x64; rv:131.0) Gecko/20100101 Firefox/131.0"
178.165.167.123 - - [15/Oct/2024:13:30:22 +0200] "GET /entry.php?id=10271&&ser=991761 HTTP/1.1" 200 987 "http://hausegger.activities.at/entry.php?id=10271&&ser=991700" "Mozilla/5.0 (Windows NT 10.0; Win64; x64) AppleWebKit/537.36 (KHTML, like Gecko) Chrome/129.0.0.0 Safari/537.36"
178.165.167.123 - - [15/Oct/2024:13:30:22 +0200] "GET /gui/javascript/form_form.js?1728991822 HTTP/1.1" 200 16206 "http://hausegger.activities.at/entry.php?id=10271&&ser=991761" "Mozilla/5.0 (Windows NT 10.0; Win64; x64) AppleWebKit/537.36 (KHTML, like Gecko) Chrome/129.0.0.0 Safari/537.36"
178.165.167.123 - - [15/Oct/2024:13:31:15 +0200] "GET /entry.php?id=10271&&ser=991815 HTTP/1.1" 200 987 "http://hausegger.activities.at/entry.php?id=10271&&ser=991754" "Mozilla/5.0 (Windows NT 10.0; Win64; x64; rv:131.0) Gecko/20100101 Firefox/131.0"
178.165.167.123 - - [15/Oct/2024:13:31:15 +0200] "GET /gui/javascript/form_form.js?1728991875 HTTP/1.1" 200 16206 "http://hausegger.activities.at/entry.php?id=10271&&ser=991815" "Mozilla/5.0 (Windows NT 10.0; Win64; x64; rv:131.0) Gecko/20100101 Firefox/131.0"
178.165.167.123 - - [15/Oct/2024:13:31:23 +0200] "GET /entry.php?id=10271&&ser=991822 HTTP/1.1" 200 986 "http://hausegger.activities.at/entry.php?id=10271&&ser=991761" "Mozilla/5.0 (Windows NT 10.0; Win64; x64) AppleWebKit/537.36 (KHTML, like Gecko) Chrome/129.0.0.0 Safari/537.36"
178.165.167.123 - - [15/Oct/2024:13:31:23 +0200] "GET /gui/javascript/form_form.js?1728991883 HTTP/1.1" 200 16206 "http://hausegger.activities.at/entry.php?id=10271&&ser=991822" "Mozilla/5.0 (Windows NT 10.0; Win64; x64) AppleWebKit/537.36 (KHTML, like Gecko) Chrome/129.0.0.0 Safari/537.36"
178.165.167.123 - - [15/Oct/2024:13:32:15 +0200] "GET /entry.php?id=10271&&ser=991875 HTTP/1.1" 200 987 "http://hausegger.activities.at/entry.php?id=10271&&ser=991815" "Mozilla/5.0 (Windows NT 10.0; Win64; x64; rv:131.0) Gecko/20100101 Firefox/131.0"
178.165.167.123 - - [15/Oct/2024:13:32:15 +0200] "GET /gui/javascript/form_form.js?1728991935 HTTP/1.1" 200 16206 "http://hausegger.activities.at/entry.php?id=10271&&ser=991875" "Mozilla/5.0 (Windows NT 10.0; Win64; x64; rv:131.0) Gecko/20100101 Firefox/131.0"
178.165.167.123 - - [15/Oct/2024:13:32:24 +0200] "GET /entry.php?id=10271&&ser=991883 HTTP/1.1" 200 986 "http://hausegger.activities.at/entry.php?id=10271&&ser=991822" "Mozilla/5.0 (Windows NT 10.0; Win64; x64) AppleWebKit/537.36 (KHTML, like Gecko) Chrome/129.0.0.0 Safari/537.36"
178.165.167.123 - - [15/Oct/2024:13:32:24 +0200] "GET /gui/javascript/form_form.js?1728991944 HTTP/1.1" 200 16206 "http://hausegger.activities.at/entry.php?id=10271&&ser=991883" "Mozilla/5.0 (Windows NT 10.0; Win64; x64) AppleWebKit/537.36 (KHTML, like Gecko) Chrome/129.0.0.0 Safari/537.36"
178.165.167.123 - - [15/Oct/2024:13:33:15 +0200] "GET /entry.php?id=10271&&ser=991935 HTTP/1.1" 200 987 "http://hausegger.activities.at/entry.php?id=10271&&ser=991875" "Mozilla/5.0 (Windows NT 10.0; Win64; x64; rv:131.0) Gecko/20100101 Firefox/131.0"
178.165.167.123 - - [15/Oct/2024:13:33:16 +0200] "GET /gui/javascript/form_form.js?1728991996 HTTP/1.1" 200 16206 "http://hausegger.activities.at/entry.php?id=10271&&ser=991935" "Mozilla/5.0 (Windows NT 10.0; Win64; x64; rv:131.0) Gecko/20100101 Firefox/131.0"
178.165.167.123 - - [15/Oct/2024:13:33:25 +0200] "GET /entry.php?id=10271&&ser=991944 HTTP/1.1" 200 987 "http://hausegger.activities.at/entry.php?id=10271&&ser=991883" "Mozilla/5.0 (Windows NT 10.0; Win64; x64) AppleWebKit/537.36 (KHTML, like Gecko) Chrome/129.0.0.0 Safari/537.36"
178.165.167.123 - - [15/Oct/2024:13:33:25 +0200] "GET /gui/javascript/form_form.js?1728992005 HTTP/1.1" 200 16206 "http://hausegger.activities.at/entry.php?id=10271&&ser=991944" "Mozilla/5.0 (Windows NT 10.0; Win64; x64) AppleWebKit/537.36 (KHTML, like Gecko) Chrome/129.0.0.0 Safari/537.36"
178.165.167.123 - - [15/Oct/2024:13:34:16 +0200] "GET /entry.php?id=10271&&ser=991996 HTTP/1.1" 200 987 "http://hausegger.activities.at/entry.php?id=10271&&ser=991935" "Mozilla/5.0 (Windows NT 10.0; Win64; x64; rv:131.0) Gecko/20100101 Firefox/131.0"
178.165.167.123 - - [15/Oct/2024:13:34:16 +0200] "GET /gui/javascript/form_form.js?1728992056 HTTP/1.1" 200 16206 "http://hausegger.activities.at/entry.php?id=10271&&ser=991996" "Mozilla/5.0 (Windows NT 10.0; Win64; x64; rv:131.0) Gecko/20100101 Firefox/131.0"
178.165.167.123 - - [15/Oct/2024:13:34:26 +0200] "GET /entry.php?id=10271&&ser=992005 HTTP/1.1" 200 986 "http://hausegger.activities.at/entry.php?id=10271&&ser=991944" "Mozilla/5.0 (Windows NT 10.0; Win64; x64) AppleWebKit/537.36 (KHTML, like Gecko) Chrome/129.0.0.0 Safari/537.36"
178.165.167.123 - - [15/Oct/2024:13:34:26 +0200] "GET /gui/javascript/form_form.js?1728992066 HTTP/1.1" 200 16206 "http://hausegger.activities.at/entry.php?id=10271&&ser=992005" "Mozilla/5.0 (Windows NT 10.0; Win64; x64) AppleWebKit/537.36 (KHTML, like Gecko) Chrome/129.0.0.0 Safari/537.36"
178.165.167.123 - - [15/Oct/2024:13:35:16 +0200] "GET /entry.php?id=10271&&ser=992056 HTTP/1.1" 200 987 "http://hausegger.activities.at/entry.php?id=10271&&ser=991996" "Mozilla/5.0 (Windows NT 10.0; Win64; x64; rv:131.0) Gecko/20100101 Firefox/131.0"
178.165.167.123 - - [15/Oct/2024:13:35:16 +0200] "GET /gui/javascript/form_form.js?1728992116 HTTP/1.1" 200 16206 "http://hausegger.activities.at/entry.php?id=10271&&ser=992056" "Mozilla/5.0 (Windows NT 10.0; Win64; x64; rv:131.0) Gecko/20100101 Firefox/131.0"
178.165.167.123 - - [15/Oct/2024:13:35:27 +0200] "GET /entry.php?id=10271&&ser=992066 HTTP/1.1" 200 987 "http://hausegger.activities.at/entry.php?id=10271&&ser=992005" "Mozilla/5.0 (Windows NT 10.0; Win64; x64) AppleWebKit/537.36 (KHTML, like Gecko) Chrome/129.0.0.0 Safari/537.36"
178.165.167.123 - - [15/Oct/2024:13:35:27 +0200] "GET /gui/javascript/form_form.js?1728992127 HTTP/1.1" 200 16206 "http://hausegger.activities.at/entry.php?id=10271&&ser=992066" "Mozilla/5.0 (Windows NT 10.0; Win64; x64) AppleWebKit/537.36 (KHTML, like Gecko) Chrome/129.0.0.0 Safari/537.36"
178.165.167.123 - - [15/Oct/2024:13:36:16 +0200] "GET /entry.php?id=10271&&ser=992116 HTTP/1.1" 200 987 "http://hausegger.activities.at/entry.php?id=10271&&ser=992056" "Mozilla/5.0 (Windows NT 10.0; Win64; x64; rv:131.0) Gecko/20100101 Firefox/131.0"
178.165.167.123 - - [15/Oct/2024:13:36:16 +0200] "GET /gui/javascript/form_form.js?1728992176 HTTP/1.1" 200 16206 "http://hausegger.activities.at/entry.php?id=10271&&ser=992116" "Mozilla/5.0 (Windows NT 10.0; Win64; x64; rv:131.0) Gecko/20100101 Firefox/131.0"
178.165.167.123 - - [15/Oct/2024:13:36:28 +0200] "GET /entry.php?id=10271&&ser=992127 HTTP/1.1" 200 987 "http://hausegger.activities.at/entry.php?id=10271&&ser=992066" "Mozilla/5.0 (Windows NT 10.0; Win64; x64) AppleWebKit/537.36 (KHTML, like Gecko) Chrome/129.0.0.0 Safari/537.36"
178.165.167.123 - - [15/Oct/2024:13:36:28 +0200] "GET /gui/javascript/form_form.js?1728992188 HTTP/1.1" 200 16206 "http://hausegger.activities.at/entry.php?id=10271&&ser=992127" "Mozilla/5.0 (Windows NT 10.0; Win64; x64) AppleWebKit/537.36 (KHTML, like Gecko) Chrome/129.0.0.0 Safari/537.36"
178.165.167.123 - - [15/Oct/2024:13:37:17 +0200] "GET /entry.php?id=10271&&ser=992176 HTTP/1.1" 200 987 "http://hausegger.activities.at/entry.php?id=10271&&ser=992116" "Mozilla/5.0 (Windows NT 10.0; Win64; x64; rv:131.0) Gecko/20100101 Firefox/131.0"
178.165.167.123 - - [15/Oct/2024:13:37:17 +0200] "GET /gui/javascript/form_form.js?1728992237 HTTP/1.1" 200 16206 "http://hausegger.activities.at/entry.php?id=10271&&ser=992176" "Mozilla/5.0 (Windows NT 10.0; Win64; x64; rv:131.0) Gecko/20100101 Firefox/131.0"
178.165.167.123 - - [15/Oct/2024:13:37:29 +0200] "GET /entry.php?id=10271&&ser=992188 HTTP/1.1" 200 987 "http://hausegger.activities.at/entry.php?id=10271&&ser=992127" "Mozilla/5.0 (Windows NT 10.0; Win64; x64) AppleWebKit/537.36 (KHTML, like Gecko) Chrome/129.0.0.0 Safari/537.36"
178.165.167.123 - - [15/Oct/2024:13:37:29 +0200] "GET /gui/javascript/form_form.js?1728992249 HTTP/1.1" 200 16206 "http://hausegger.activities.at/entry.php?id=10271&&ser=992188" "Mozilla/5.0 (Windows NT 10.0; Win64; x64) AppleWebKit/537.36 (KHTML, like Gecko) Chrome/129.0.0.0 Safari/537.36"
178.165.167.123 - - [15/Oct/2024:13:38:17 +0200] "GET /entry.php?id=10271&&ser=992237 HTTP/1.1" 200 987 "http://hausegger.activities.at/entry.php?id=10271&&ser=992176" "Mozilla/5.0 (Windows NT 10.0; Win64; x64; rv:131.0) Gecko/20100101 Firefox/131.0"
178.165.167.123 - - [15/Oct/2024:13:38:17 +0200] "GET /gui/javascript/form_form.js?1728992297 HTTP/1.1" 200 16206 "http://hausegger.activities.at/entry.php?id=10271&&ser=992237" "Mozilla/5.0 (Windows NT 10.0; Win64; x64; rv:131.0) Gecko/20100101 Firefox/131.0"
178.165.167.123 - - [15/Oct/2024:13:38:30 +0200] "GET /entry.php?id=10271&&ser=992249 HTTP/1.1" 200 987 "http://hausegger.activities.at/entry.php?id=10271&&ser=992188" "Mozilla/5.0 (Windows NT 10.0; Win64; x64) AppleWebKit/537.36 (KHTML, like Gecko) Chrome/129.0.0.0 Safari/537.36"
178.165.167.123 - - [15/Oct/2024:13:38:30 +0200] "GET /gui/javascript/form_form.js?1728992310 HTTP/1.1" 200 16206 "http://hausegger.activities.at/entry.php?id=10271&&ser=992249" "Mozilla/5.0 (Windows NT 10.0; Win64; x64) AppleWebKit/537.36 (KHTML, like Gecko) Chrome/129.0.0.0 Safari/537.36"
178.165.167.123 - - [15/Oct/2024:13:39:17 +0200] "GET /entry.php?id=10271&&ser=992297 HTTP/1.1" 200 987 "http://hausegger.activities.at/entry.php?id=10271&&ser=992237" "Mozilla/5.0 (Windows NT 10.0; Win64; x64; rv:131.0) Gecko/20100101 Firefox/131.0"
178.165.167.123 - - [15/Oct/2024:13:39:17 +0200] "GET /gui/javascript/form_form.js?1728992357 HTTP/1.1" 200 16206 "http://hausegger.activities.at/entry.php?id=10271&&ser=992297" "Mozilla/5.0 (Windows NT 10.0; Win64; x64; rv:131.0) Gecko/20100101 Firefox/131.0"
178.165.167.123 - - [15/Oct/2024:13:39:31 +0200] "GET /entry.php?id=10271&&ser=992310 HTTP/1.1" 200 987 "http://hausegger.activities.at/entry.php?id=10271&&ser=992249" "Mozilla/5.0 (Windows NT 10.0; Win64; x64) AppleWebKit/537.36 (KHTML, like Gecko) Chrome/129.0.0.0 Safari/537.36"
178.165.167.123 - - [15/Oct/2024:13:39:31 +0200] "GET /gui/javascript/form_form.js?1728992371 HTTP/1.1" 200 16206 "http://hausegger.activities.at/entry.php?id=10271&&ser=992310" "Mozilla/5.0 (Windows NT 10.0; Win64; x64) AppleWebKit/537.36 (KHTML, like Gecko) Chrome/129.0.0.0 Safari/537.36"
178.165.167.123 - - [15/Oct/2024:13:40:17 +0200] "GET /entry.php?id=10271&&ser=992357 HTTP/1.1" 200 986 "http://hausegger.activities.at/entry.php?id=10271&&ser=992297" "Mozilla/5.0 (Windows NT 10.0; Win64; x64; rv:131.0) Gecko/20100101 Firefox/131.0"
178.165.167.123 - - [15/Oct/2024:13:40:18 +0200] "GET /gui/javascript/form_form.js?1728992418 HTTP/1.1" 200 16206 "http://hausegger.activities.at/entry.php?id=10271&&ser=992357" "Mozilla/5.0 (Windows NT 10.0; Win64; x64; rv:131.0) Gecko/20100101 Firefox/131.0"
178.165.167.123 - - [15/Oct/2024:13:40:32 +0200] "GET /entry.php?id=10271&&ser=992371 HTTP/1.1" 200 987 "http://hausegger.activities.at/entry.php?id=10271&&ser=992310" "Mozilla/5.0 (Windows NT 10.0; Win64; x64) AppleWebKit/537.36 (KHTML, like Gecko) Chrome/129.0.0.0 Safari/537.36"
178.165.167.123 - - [15/Oct/2024:13:40:32 +0200] "GET /gui/javascript/form_form.js?1728992432 HTTP/1.1" 200 16206 "http://hausegger.activities.at/entry.php?id=10271&&ser=992371" "Mozilla/5.0 (Windows NT 10.0; Win64; x64) AppleWebKit/537.36 (KHTML, like Gecko) Chrome/129.0.0.0 Safari/537.36"
178.165.167.123 - - [15/Oct/2024:13:41:18 +0200] "GET /entry.php?id=10271&&ser=992418 HTTP/1.1" 200 987 "http://hausegger.activities.at/entry.php?id=10271&&ser=992357" "Mozilla/5.0 (Windows NT 10.0; Win64; x64; rv:131.0) Gecko/20100101 Firefox/131.0"
178.165.167.123 - - [15/Oct/2024:13:41:18 +0200] "GET /gui/javascript/form_form.js?1728992478 HTTP/1.1" 200 16206 "http://hausegger.activities.at/entry.php?id=10271&&ser=992418" "Mozilla/5.0 (Windows NT 10.0; Win64; x64; rv:131.0) Gecko/20100101 Firefox/131.0"
178.165.167.123 - - [15/Oct/2024:13:41:33 +0200] "GET /entry.php?id=10271&&ser=992432 HTTP/1.1" 200 987 "http://hausegger.activities.at/entry.php?id=10271&&ser=992371" "Mozilla/5.0 (Windows NT 10.0; Win64; x64) AppleWebKit/537.36 (KHTML, like Gecko) Chrome/129.0.0.0 Safari/537.36"
178.165.167.123 - - [15/Oct/2024:13:41:33 +0200] "GET /gui/javascript/form_form.js?1728992493 HTTP/1.1" 200 16206 "http://hausegger.activities.at/entry.php?id=10271&&ser=992432" "Mozilla/5.0 (Windows NT 10.0; Win64; x64) AppleWebKit/537.36 (KHTML, like Gecko) Chrome/129.0.0.0 Safari/537.36"
178.165.167.123 - - [15/Oct/2024:13:42:18 +0200] "GET /entry.php?id=10271&&ser=992478 HTTP/1.1" 200 987 "http://hausegger.activities.at/entry.php?id=10271&&ser=992418" "Mozilla/5.0 (Windows NT 10.0; Win64; x64; rv:131.0) Gecko/20100101 Firefox/131.0"
178.165.167.123 - - [15/Oct/2024:13:42:18 +0200] "GET /gui/javascript/form_form.js?1728992538 HTTP/1.1" 200 16206 "http://hausegger.activities.at/entry.php?id=10271&&ser=992478" "Mozilla/5.0 (Windows NT 10.0; Win64; x64; rv:131.0) Gecko/20100101 Firefox/131.0"
178.165.167.123 - - [15/Oct/2024:13:42:34 +0200] "GET /entry.php?id=10271&&ser=992493 HTTP/1.1" 200 987 "http://hausegger.activities.at/entry.php?id=10271&&ser=992432" "Mozilla/5.0 (Windows NT 10.0; Win64; x64) AppleWebKit/537.36 (KHTML, like Gecko) Chrome/129.0.0.0 Safari/537.36"
178.165.167.123 - - [15/Oct/2024:13:42:34 +0200] "GET /gui/javascript/form_form.js?1728992554 HTTP/1.1" 200 16206 "http://hausegger.activities.at/entry.php?id=10271&&ser=992493" "Mozilla/5.0 (Windows NT 10.0; Win64; x64) AppleWebKit/537.36 (KHTML, like Gecko) Chrome/129.0.0.0 Safari/537.36"
178.165.167.123 - - [15/Oct/2024:13:43:18 +0200] "GET /entry.php?id=10271&&ser=992538 HTTP/1.1" 200 987 "http://hausegger.activities.at/entry.php?id=10271&&ser=992478" "Mozilla/5.0 (Windows NT 10.0; Win64; x64; rv:131.0) Gecko/20100101 Firefox/131.0"
178.165.167.123 - - [15/Oct/2024:13:43:18 +0200] "GET /gui/javascript/form_form.js?1728992598 HTTP/1.1" 200 16206 "http://hausegger.activities.at/entry.php?id=10271&&ser=992538" "Mozilla/5.0 (Windows NT 10.0; Win64; x64; rv:131.0) Gecko/20100101 Firefox/131.0"
178.165.167.123 - - [15/Oct/2024:13:43:35 +0200] "GET /entry.php?id=10271&&ser=992554 HTTP/1.1" 200 987 "http://hausegger.activities.at/entry.php?id=10271&&ser=992493" "Mozilla/5.0 (Windows NT 10.0; Win64; x64) AppleWebKit/537.36 (KHTML, like Gecko) Chrome/129.0.0.0 Safari/537.36"
178.165.167.123 - - [15/Oct/2024:13:43:35 +0200] "GET /gui/javascript/form_form.js?1728992615 HTTP/1.1" 200 16206 "http://hausegger.activities.at/entry.php?id=10271&&ser=992554" "Mozilla/5.0 (Windows NT 10.0; Win64; x64) AppleWebKit/537.36 (KHTML, like Gecko) Chrome/129.0.0.0 Safari/537.36"
156.59.198.135 - - [15/Oct/2024:13:44:00 +0200] "GET /renault.activities.at/htdocs/export/xml/data/orders/201909301003_RenOrder.xml HTTP/1.0" 404 329 "-" "Mozilla/5.0 (Linux; Android 5.0) AppleWebKit/537.36 (KHTML, like Gecko) Mobile Safari/537.36 (compatible; Bytespider; spider-feedback@bytedance.com)"
178.165.167.123 - - [15/Oct/2024:13:44:19 +0200] "GET /entry.php?id=10271&&ser=992598 HTTP/1.1" 200 987 "http://hausegger.activities.at/entry.php?id=10271&&ser=992538" "Mozilla/5.0 (Windows NT 10.0; Win64; x64; rv:131.0) Gecko/20100101 Firefox/131.0"
178.165.167.123 - - [15/Oct/2024:13:44:19 +0200] "GET /gui/javascript/form_form.js?1728992659 HTTP/1.1" 200 16206 "http://hausegger.activities.at/entry.php?id=10271&&ser=992598" "Mozilla/5.0 (Windows NT 10.0; Win64; x64; rv:131.0) Gecko/20100101 Firefox/131.0"
156.59.198.136 - - [15/Oct/2024:13:44:22 +0200] "GET /renault.activities.at/htdocs/log/cron/exportXML_3116131.txt HTTP/1.0" 404 319 "-" "Mozilla/5.0 (Linux; Android 5.0) AppleWebKit/537.36 (KHTML, like Gecko) Mobile Safari/537.36 (compatible; Bytespider; spider-feedback@bytedance.com)"
178.165.167.123 - - [15/Oct/2024:13:44:36 +0200] "GET /entry.php?id=10271&&ser=992615 HTTP/1.1" 200 987 "http://hausegger.activities.at/entry.php?id=10271&&ser=992554" "Mozilla/5.0 (Windows NT 10.0; Win64; x64) AppleWebKit/537.36 (KHTML, like Gecko) Chrome/129.0.0.0 Safari/537.36"
178.165.167.123 - - [15/Oct/2024:13:44:36 +0200] "GET /gui/javascript/form_form.js?1728992676 HTTP/1.1" 200 16206 "http://hausegger.activities.at/entry.php?id=10271&&ser=992615" "Mozilla/5.0 (Windows NT 10.0; Win64; x64) AppleWebKit/537.36 (KHTML, like Gecko) Chrome/129.0.0.0 Safari/537.36"
156.59.198.135 - - [15/Oct/2024:13:44:43 +0200] "GET /renault.activities.at/htdocs/export/pdf/emuc_document/11869492.pdf HTTP/1.0" 404 321 "-" "Mozilla/5.0 (Linux; Android 5.0) AppleWebKit/537.36 (KHTML, like Gecko) Mobile Safari/537.36 (compatible; Bytespider; spider-feedback@bytedance.com)"
156.59.198.135 - - [15/Oct/2024:13:45:05 +0200] "GET /renault.activities.at/htdocs/export/pdf/emuc_document/10668894.pdf HTTP/1.0" 404 322 "-" "Mozilla/5.0 (Linux; Android 5.0) AppleWebKit/537.36 (KHTML, like Gecko) Mobile Safari/537.36 (compatible; Bytespider; spider-feedback@bytedance.com)"
93.174.93.12 - - [15/Oct/2024:13:45:15 +0200] "GET / HTTP/1.0" 200 423 "-" "Mozilla/5.0 (Android; Mobile; rv:35.0) Gecko/35.0 Firefox/35.0"
178.165.167.123 - - [15/Oct/2024:13:45:19 +0200] "GET /entry.php?id=10271&&ser=992659 HTTP/1.1" 200 987 "http://hausegger.activities.at/entry.php?id=10271&&ser=992598" "Mozilla/5.0 (Windows NT 10.0; Win64; x64; rv:131.0) Gecko/20100101 Firefox/131.0"
178.165.167.123 - - [15/Oct/2024:13:45:19 +0200] "GET /gui/styles/tmplDefault.css HTTP/1.1" 304 - "http://hausegger.activities.at/entry.php?id=10271&&ser=992659" "Mozilla/5.0 (Windows NT 10.0; Win64; x64; rv:131.0) Gecko/20100101 Firefox/131.0"
178.165.167.123 - - [15/Oct/2024:13:45:19 +0200] "GET /gui/javascript/jquery/jquery-tooltip/jquery.tooltip.min.js HTTP/1.1" 304 - "http://hausegger.activities.at/entry.php?id=10271&&ser=992659" "Mozilla/5.0 (Windows NT 10.0; Win64; x64; rv:131.0) Gecko/20100101 Firefox/131.0"
178.165.167.123 - - [15/Oct/2024:13:45:19 +0200] "GET /gui/javascript/form_form.js?1728992719 HTTP/1.1" 200 16206 "http://hausegger.activities.at/entry.php?id=10271&&ser=992659" "Mozilla/5.0 (Windows NT 10.0; Win64; x64; rv:131.0) Gecko/20100101 Firefox/131.0"
156.59.198.136 - - [15/Oct/2024:13:45:26 +0200] "GET /renault.activities.at/htdocs/export/pdf/emuc_document/11531738.pdf HTTP/1.0" 404 322 "-" "Mozilla/5.0 (Linux; Android 5.0) AppleWebKit/537.36 (KHTML, like Gecko) Mobile Safari/537.36 (compatible; Bytespider; spider-feedback@bytedance.com)"
178.165.167.123 - - [15/Oct/2024:13:45:37 +0200] "GET /entry.php?id=10271&&ser=992676 HTTP/1.1" 200 987 "http://hausegger.activities.at/entry.php?id=10271&&ser=992615" "Mozilla/5.0 (Windows NT 10.0; Win64; x64) AppleWebKit/537.36 (KHTML, like Gecko) Chrome/129.0.0.0 Safari/537.36"
178.165.167.123 - - [15/Oct/2024:13:45:37 +0200] "GET /gui/javascript/form_form.js?1728992737 HTTP/1.1" 200 16206 "http://hausegger.activities.at/entry.php?id=10271&&ser=992676" "Mozilla/5.0 (Windows NT 10.0; Win64; x64) AppleWebKit/537.36 (KHTML, like Gecko) Chrome/129.0.0.0 Safari/537.36"
156.59.198.135 - - [15/Oct/2024:13:45:47 +0200] "GET /renault.activities.at/htdocs/export/xml/data/orders/201710191019_RenOrderAction.xml HTTP/1.0" 404 332 "-" "Mozilla/5.0 (Linux; Android 5.0) AppleWebKit/537.36 (KHTML, like Gecko) Mobile Safari/537.36 (compatible; Bytespider; spider-feedback@bytedance.com)"
156.59.198.135 - - [15/Oct/2024:13:46:08 +0200] "GET /renault.activities.at/htdocs/export/pdf/emuc_document/10553881.pdf HTTP/1.0" 404 322 "-" "Mozilla/5.0 (Linux; Android 5.0) AppleWebKit/537.36 (KHTML, like Gecko) Mobile Safari/537.36 (compatible; Bytespider; spider-feedback@bytedance.com)"
178.165.167.123 - - [15/Oct/2024:13:46:19 +0200] "GET /entry.php?id=10271&&ser=992719 HTTP/1.1" 200 987 "http://hausegger.activities.at/entry.php?id=10271&&ser=992659" "Mozilla/5.0 (Windows NT 10.0; Win64; x64; rv:131.0) Gecko/20100101 Firefox/131.0"
178.165.167.123 - - [15/Oct/2024:13:46:19 +0200] "GET /gui/javascript/form_form.js?1728992779 HTTP/1.1" 200 16206 "http://hausegger.activities.at/entry.php?id=10271&&ser=992719" "Mozilla/5.0 (Windows NT 10.0; Win64; x64; rv:131.0) Gecko/20100101 Firefox/131.0"
156.59.198.136 - - [15/Oct/2024:13:46:29 +0200] "GET /renault.activities.at/htdocs/log/cron/reminder_mailing_3116534.txt HTTP/1.0" 404 323 "-" "Mozilla/5.0 (Linux; Android 5.0) AppleWebKit/537.36 (KHTML, like Gecko) Mobile Safari/537.36 (compatible; Bytespider; spider-feedback@bytedance.com)"
180.149.125.173 - - [15/Oct/2024:13:46:31 +0200] "GET /stalker_portal/server/tools/auth_simple.php HTTP/1.1" 404 304 "-" "Mozilla/5.0 (Windows NT 5.1; Win64; x64) AppleWebKit/537.36 (KHTML, like Gecko) Chrome/60.0.3112.90 Safari/537.36"
178.165.167.123 - - [15/Oct/2024:13:46:38 +0200] "GET /entry.php?id=10271&&ser=992737 HTTP/1.1" 200 987 "http://hausegger.activities.at/entry.php?id=10271&&ser=992676" "Mozilla/5.0 (Windows NT 10.0; Win64; x64) AppleWebKit/537.36 (KHTML, like Gecko) Chrome/129.0.0.0 Safari/537.36"
178.165.167.123 - - [15/Oct/2024:13:46:38 +0200] "GET /gui/javascript/form_form.js?1728992798 HTTP/1.1" 200 16206 "http://hausegger.activities.at/entry.php?id=10271&&ser=992737" "Mozilla/5.0 (Windows NT 10.0; Win64; x64) AppleWebKit/537.36 (KHTML, like Gecko) Chrome/129.0.0.0 Safari/537.36"
156.59.198.136 - - [15/Oct/2024:13:46:50 +0200] "GET /renault.activities.at/htdocs/log/cron/system_mail_3115436.txt HTTP/1.0" 404 321 "-" "Mozilla/5.0 (Linux; Android 5.0) AppleWebKit/537.36 (KHTML, like Gecko) Mobile Safari/537.36 (compatible; Bytespider; spider-feedback@bytedance.com)"
156.59.198.136 - - [15/Oct/2024:13:47:12 +0200] "GET /renault.activities.at/htdocs/export/xml/data/orders/202101111003_RenOrder.xml HTTP/1.0" 404 328 "-" "Mozilla/5.0 (Linux; Android 5.0) AppleWebKit/537.36 (KHTML, like Gecko) Mobile Safari/537.36 (compatible; Bytespider; spider-feedback@bytedance.com)"
178.165.167.123 - - [15/Oct/2024:13:47:20 +0200] "GET /entry.php?id=10271&&ser=992779 HTTP/1.1" 200 987 "http://hausegger.activities.at/entry.php?id=10271&&ser=992719" "Mozilla/5.0 (Windows NT 10.0; Win64; x64; rv:131.0) Gecko/20100101 Firefox/131.0"
178.165.167.123 - - [15/Oct/2024:13:47:20 +0200] "GET /gui/javascript/form_form.js?1728992840 HTTP/1.1" 200 16206 "http://hausegger.activities.at/entry.php?id=10271&&ser=992779" "Mozilla/5.0 (Windows NT 10.0; Win64; x64; rv:131.0) Gecko/20100101 Firefox/131.0"
156.59.198.136 - - [15/Oct/2024:13:47:33 +0200] "GET /renault.activities.at/htdocs/export/pdf/emuc_document/12414467.pdf HTTP/1.0" 404 322 "-" "Mozilla/5.0 (Linux; Android 5.0) AppleWebKit/537.36 (KHTML, like Gecko) Mobile Safari/537.36 (compatible; Bytespider; spider-feedback@bytedance.com)"
178.165.167.123 - - [15/Oct/2024:13:47:39 +0200] "GET /entry.php?id=10271&&ser=992798 HTTP/1.1" 200 987 "http://hausegger.activities.at/entry.php?id=10271&&ser=992737" "Mozilla/5.0 (Windows NT 10.0; Win64; x64) AppleWebKit/537.36 (KHTML, like Gecko) Chrome/129.0.0.0 Safari/537.36"
178.165.167.123 - - [15/Oct/2024:13:47:39 +0200] "GET /gui/javascript/form_form.js?1728992859 HTTP/1.1" 200 16206 "http://hausegger.activities.at/entry.php?id=10271&&ser=992798" "Mozilla/5.0 (Windows NT 10.0; Win64; x64) AppleWebKit/537.36 (KHTML, like Gecko) Chrome/129.0.0.0 Safari/537.36"
156.59.198.135 - - [15/Oct/2024:13:47:54 +0200] "GET /renault.activities.at/htdocs/export/pdf/emuc_document/12017929.pdf HTTP/1.0" 404 322 "-" "Mozilla/5.0 (Linux; Android 5.0) AppleWebKit/537.36 (KHTML, like Gecko) Mobile Safari/537.36 (compatible; Bytespider; spider-feedback@bytedance.com)"
156.59.198.135 - - [15/Oct/2024:13:48:15 +0200] "GET /renault.activities.at/htdocs/log/cron/autologout_3116310.txt HTTP/1.0" 404 318 "-" "Mozilla/5.0 (Linux; Android 5.0) AppleWebKit/537.36 (KHTML, like Gecko) Mobile Safari/537.36 (compatible; Bytespider; spider-feedback@bytedance.com)"
178.165.167.123 - - [15/Oct/2024:13:48:20 +0200] "GET /entry.php?id=10271&&ser=992840 HTTP/1.1" 200 987 "http://hausegger.activities.at/entry.php?id=10271&&ser=992779" "Mozilla/5.0 (Windows NT 10.0; Win64; x64; rv:131.0) Gecko/20100101 Firefox/131.0"
178.165.167.123 - - [15/Oct/2024:13:48:20 +0200] "GET /gui/javascript/form_form.js?1728992900 HTTP/1.1" 200 16206 "http://hausegger.activities.at/entry.php?id=10271&&ser=992840" "Mozilla/5.0 (Windows NT 10.0; Win64; x64; rv:131.0) Gecko/20100101 Firefox/131.0"
156.59.198.135 - - [15/Oct/2024:13:48:36 +0200] "GET /renault.activities.at/htdocs/log/cron/reminder_mailing_3116165.txt HTTP/1.0" 404 323 "-" "Mozilla/5.0 (Linux; Android 5.0) AppleWebKit/537.36 (KHTML, like Gecko) Mobile Safari/537.36 (compatible; Bytespider; spider-feedback@bytedance.com)"
178.165.167.123 - - [15/Oct/2024:13:48:40 +0200] "GET /entry.php?id=10271&&ser=992859 HTTP/1.1" 200 987 "http://hausegger.activities.at/entry.php?id=10271&&ser=992798" "Mozilla/5.0 (Windows NT 10.0; Win64; x64) AppleWebKit/537.36 (KHTML, like Gecko) Chrome/129.0.0.0 Safari/537.36"
178.165.167.123 - - [15/Oct/2024:13:48:40 +0200] "GET /gui/javascript/form_form.js?1728992920 HTTP/1.1" 200 16206 "http://hausegger.activities.at/entry.php?id=10271&&ser=992859" "Mozilla/5.0 (Windows NT 10.0; Win64; x64) AppleWebKit/537.36 (KHTML, like Gecko) Chrome/129.0.0.0 Safari/537.36"
58.240.238.212 - - [15/Oct/2024:13:49:05 +0200] "HEAD /invoker/EJBInvokerServlet HTTP/1.1" 404 - "-" "Mozilla/5.0 (Windows NT 6.1; WOW64; rv:41.0) Gecko/20100101 Firefox/41.0"
58.240.238.212 - - [15/Oct/2024:13:49:08 +0200] "HEAD /jmx-console/HtmlAdaptor?action=inspectMBean&name=jboss.system:type=ServerInfo HTTP/1.1" 404 - "-" "Mozilla/5.0 (Windows NT 6.1; WOW64; rv:41.0) Gecko/20100101 Firefox/41.0"
58.240.238.212 - - [15/Oct/2024:13:49:10 +0200] "HEAD /invoker/JMXInvokerServlet HTTP/1.1" 404 - "-" "Mozilla/5.0 (Windows NT 6.1; WOW64; rv:41.0) Gecko/20100101 Firefox/41.0"
58.240.238.212 - - [15/Oct/2024:13:49:13 +0200] "HEAD /web-console/ServerInfo.jsp HTTP/1.1" 404 - "-" "Mozilla/5.0 (Windows NT 6.1; WOW64; rv:41.0) Gecko/20100101 Firefox/41.0"
178.165.167.123 - - [15/Oct/2024:13:49:20 +0200] "GET /entry.php?id=10271&&ser=992900 HTTP/1.1" 200 987 "http://hausegger.activities.at/entry.php?id=10271&&ser=992840" "Mozilla/5.0 (Windows NT 10.0; Win64; x64; rv:131.0) Gecko/20100101 Firefox/131.0"
178.165.167.123 - - [15/Oct/2024:13:49:20 +0200] "GET /gui/javascript/form_form.js?1728992960 HTTP/1.1" 200 16206 "http://hausegger.activities.at/entry.php?id=10271&&ser=992900" "Mozilla/5.0 (Windows NT 10.0; Win64; x64; rv:131.0) Gecko/20100101 Firefox/131.0"
59.126.229.170 - - [15/Oct/2024:13:49:36 +0200] "GET / HTTP/1.0" 200 423 "-" "Mozilla/5.0 (Linux; U; Android 4.0.3; ko-kr; LG-L160L Build/IML74K) AppleWebkit/534.30 (KHTML, like Gecko) Version/4.0 Mobile Safari/534.30"
178.165.167.123 - - [15/Oct/2024:13:49:41 +0200] "GET /entry.php?id=10271&&ser=992920 HTTP/1.1" 200 986 "http://hausegger.activities.at/entry.php?id=10271&&ser=992859" "Mozilla/5.0 (Windows NT 10.0; Win64; x64) AppleWebKit/537.36 (KHTML, like Gecko) Chrome/129.0.0.0 Safari/537.36"
178.165.167.123 - - [15/Oct/2024:13:49:41 +0200] "GET /gui/javascript/form_form.js?1728992981 HTTP/1.1" 200 16206 "http://hausegger.activities.at/entry.php?id=10271&&ser=992920" "Mozilla/5.0 (Windows NT 10.0; Win64; x64) AppleWebKit/537.36 (KHTML, like Gecko) Chrome/129.0.0.0 Safari/537.36"
156.59.198.135 - - [15/Oct/2024:13:49:54 +0200] "GET /renault.activities.at/htdocs/log/cron/exportXML_3116153.txt HTTP/1.0" 404 319 "-" "Mozilla/5.0 (Linux; Android 5.0) AppleWebKit/537.36 (KHTML, like Gecko) Mobile Safari/537.36 (compatible; Bytespider; spider-feedback@bytedance.com)"
156.59.198.135 - - [15/Oct/2024:13:50:15 +0200] "GET /renault.activities.at/htdocs/log/cron/exportXML_3115291.txt HTTP/1.0" 404 319 "-" "Mozilla/5.0 (Linux; Android 5.0) AppleWebKit/537.36 (KHTML, like Gecko) Mobile Safari/537.36 (compatible; Bytespider; spider-feedback@bytedance.com)"
178.165.167.123 - - [15/Oct/2024:13:50:20 +0200] "GET /entry.php?id=10271&&ser=992960 HTTP/1.1" 200 986 "http://hausegger.activities.at/entry.php?id=10271&&ser=992900" "Mozilla/5.0 (Windows NT 10.0; Win64; x64; rv:131.0) Gecko/20100101 Firefox/131.0"
178.165.167.123 - - [15/Oct/2024:13:50:20 +0200] "GET /gui/javascript/form_form.js?1728993020 HTTP/1.1" 200 16206 "http://hausegger.activities.at/entry.php?id=10271&&ser=992960" "Mozilla/5.0 (Windows NT 10.0; Win64; x64; rv:131.0) Gecko/20100101 Firefox/131.0"
156.59.198.136 - - [15/Oct/2024:13:50:36 +0200] "GET /renault.activities.at/htdocs/export/pdf/emuc_document/11444237.pdf HTTP/1.0" 404 322 "-" "Mozilla/5.0 (Linux; Android 5.0) AppleWebKit/537.36 (KHTML, like Gecko) Mobile Safari/537.36 (compatible; Bytespider; spider-feedback@bytedance.com)"
178.165.167.123 - - [15/Oct/2024:13:50:42 +0200] "GET /entry.php?id=10271&&ser=992981 HTTP/1.1" 200 987 "http://hausegger.activities.at/entry.php?id=10271&&ser=992920" "Mozilla/5.0 (Windows NT 10.0; Win64; x64) AppleWebKit/537.36 (KHTML, like Gecko) Chrome/129.0.0.0 Safari/537.36"
178.165.167.123 - - [15/Oct/2024:13:50:42 +0200] "GET /gui/javascript/form_form.js?1728993042 HTTP/1.1" 200 16206 "http://hausegger.activities.at/entry.php?id=10271&&ser=992981" "Mozilla/5.0 (Windows NT 10.0; Win64; x64) AppleWebKit/537.36 (KHTML, like Gecko) Chrome/129.0.0.0 Safari/537.36"
156.59.198.135 - - [15/Oct/2024:13:50:57 +0200] "GET /renault.activities.at/htdocs/export/xml/data/orders/202102231403_RenOrder.xml HTTP/1.0" 404 329 "-" "Mozilla/5.0 (Linux; Android 5.0) AppleWebKit/537.36 (KHTML, like Gecko) Mobile Safari/537.36 (compatible; Bytespider; spider-feedback@bytedance.com)"
156.59.198.136 - - [15/Oct/2024:13:51:18 +0200] "GET /renault.activities.at/htdocs/log/cron/system_mail_3115148.txt HTTP/1.0" 404 320 "-" "Mozilla/5.0 (Linux; Android 5.0) AppleWebKit/537.36 (KHTML, like Gecko) Mobile Safari/537.36 (compatible; Bytespider; spider-feedback@bytedance.com)"
178.165.167.123 - - [15/Oct/2024:13:51:21 +0200] "GET /entry.php?id=10271&&ser=993020 HTTP/1.1" 200 986 "http://hausegger.activities.at/entry.php?id=10271&&ser=992960" "Mozilla/5.0 (Windows NT 10.0; Win64; x64; rv:131.0) Gecko/20100101 Firefox/131.0"
178.165.167.123 - - [15/Oct/2024:13:51:21 +0200] "GET /gui/javascript/form_form.js?1728993081 HTTP/1.1" 200 16206 "http://hausegger.activities.at/entry.php?id=10271&&ser=993020" "Mozilla/5.0 (Windows NT 10.0; Win64; x64; rv:131.0) Gecko/20100101 Firefox/131.0"
178.165.167.123 - - [15/Oct/2024:13:51:43 +0200] "GET /entry.php?id=10271&&ser=993042 HTTP/1.1" 200 987 "http://hausegger.activities.at/entry.php?id=10271&&ser=992981" "Mozilla/5.0 (Windows NT 10.0; Win64; x64) AppleWebKit/537.36 (KHTML, like Gecko) Chrome/129.0.0.0 Safari/537.36"
178.165.167.123 - - [15/Oct/2024:13:51:43 +0200] "GET /gui/javascript/form_form.js?1728993103 HTTP/1.1" 200 16206 "http://hausegger.activities.at/entry.php?id=10271&&ser=993042" "Mozilla/5.0 (Windows NT 10.0; Win64; x64) AppleWebKit/537.36 (KHTML, like Gecko) Chrome/129.0.0.0 Safari/537.36"
178.165.167.123 - - [15/Oct/2024:13:52:21 +0200] "GET /entry.php?id=10271&&ser=993081 HTTP/1.1" 200 987 "http://hausegger.activities.at/entry.php?id=10271&&ser=993020" "Mozilla/5.0 (Windows NT 10.0; Win64; x64; rv:131.0) Gecko/20100101 Firefox/131.0"
178.165.167.123 - - [15/Oct/2024:13:52:21 +0200] "GET /gui/javascript/form_form.js?1728993141 HTTP/1.1" 200 16206 "http://hausegger.activities.at/entry.php?id=10271&&ser=993081" "Mozilla/5.0 (Windows NT 10.0; Win64; x64; rv:131.0) Gecko/20100101 Firefox/131.0"
178.165.167.123 - - [15/Oct/2024:13:52:44 +0200] "GET /entry.php?id=10271&&ser=993103 HTTP/1.1" 200 987 "http://hausegger.activities.at/entry.php?id=10271&&ser=993042" "Mozilla/5.0 (Windows NT 10.0; Win64; x64) AppleWebKit/537.36 (KHTML, like Gecko) Chrome/129.0.0.0 Safari/537.36"
178.165.167.123 - - [15/Oct/2024:13:52:44 +0200] "GET /gui/javascript/form_form.js?1728993164 HTTP/1.1" 200 16206 "http://hausegger.activities.at/entry.php?id=10271&&ser=993103" "Mozilla/5.0 (Windows NT 10.0; Win64; x64) AppleWebKit/537.36 (KHTML, like Gecko) Chrome/129.0.0.0 Safari/537.36"
178.165.167.123 - - [15/Oct/2024:13:53:21 +0200] "GET /entry.php?id=10271&&ser=993141 HTTP/1.1" 200 986 "http://hausegger.activities.at/entry.php?id=10271&&ser=993081" "Mozilla/5.0 (Windows NT 10.0; Win64; x64; rv:131.0) Gecko/20100101 Firefox/131.0"
178.165.167.123 - - [15/Oct/2024:13:53:21 +0200] "GET /gui/javascript/form_form.js?1728993201 HTTP/1.1" 200 16206 "http://hausegger.activities.at/entry.php?id=10271&&ser=993141" "Mozilla/5.0 (Windows NT 10.0; Win64; x64; rv:131.0) Gecko/20100101 Firefox/131.0"
178.165.167.123 - - [15/Oct/2024:13:53:45 +0200] "GET /entry.php?id=10271&&ser=993164 HTTP/1.1" 200 987 "http://hausegger.activities.at/entry.php?id=10271&&ser=993103" "Mozilla/5.0 (Windows NT 10.0; Win64; x64) AppleWebKit/537.36 (KHTML, like Gecko) Chrome/129.0.0.0 Safari/537.36"
178.165.167.123 - - [15/Oct/2024:13:53:45 +0200] "GET /gui/javascript/form_form.js?1728993225 HTTP/1.1" 200 16206 "http://hausegger.activities.at/entry.php?id=10271&&ser=993164" "Mozilla/5.0 (Windows NT 10.0; Win64; x64) AppleWebKit/537.36 (KHTML, like Gecko) Chrome/129.0.0.0 Safari/537.36"
178.165.167.123 - - [15/Oct/2024:13:54:21 +0200] "GET /entry.php?id=10271&&ser=993201 HTTP/1.1" 200 987 "http://hausegger.activities.at/entry.php?id=10271&&ser=993141" "Mozilla/5.0 (Windows NT 10.0; Win64; x64; rv:131.0) Gecko/20100101 Firefox/131.0"
178.165.167.123 - - [15/Oct/2024:13:54:22 +0200] "GET /gui/javascript/form_form.js?1728993262 HTTP/1.1" 200 16206 "http://hausegger.activities.at/entry.php?id=10271&&ser=993201" "Mozilla/5.0 (Windows NT 10.0; Win64; x64; rv:131.0) Gecko/20100101 Firefox/131.0"
178.165.167.123 - - [15/Oct/2024:13:54:46 +0200] "GET /entry.php?id=10271&&ser=993225 HTTP/1.1" 200 987 "http://hausegger.activities.at/entry.php?id=10271&&ser=993164" "Mozilla/5.0 (Windows NT 10.0; Win64; x64) AppleWebKit/537.36 (KHTML, like Gecko) Chrome/129.0.0.0 Safari/537.36"
178.165.167.123 - - [15/Oct/2024:13:54:46 +0200] "GET /gui/javascript/form_form.js?1728993286 HTTP/1.1" 200 16206 "http://hausegger.activities.at/entry.php?id=10271&&ser=993225" "Mozilla/5.0 (Windows NT 10.0; Win64; x64) AppleWebKit/537.36 (KHTML, like Gecko) Chrome/129.0.0.0 Safari/537.36"
178.165.167.123 - - [15/Oct/2024:13:55:22 +0200] "GET /entry.php?id=10271&&ser=993262 HTTP/1.1" 200 987 "http://hausegger.activities.at/entry.php?id=10271&&ser=993201" "Mozilla/5.0 (Windows NT 10.0; Win64; x64; rv:131.0) Gecko/20100101 Firefox/131.0"
178.165.167.123 - - [15/Oct/2024:13:55:22 +0200] "GET /gui/javascript/form_form.js?1728993322 HTTP/1.1" 200 16206 "http://hausegger.activities.at/entry.php?id=10271&&ser=993262" "Mozilla/5.0 (Windows NT 10.0; Win64; x64; rv:131.0) Gecko/20100101 Firefox/131.0"
64.62.197.100 - - [15/Oct/2024:13:55:39 +0200] "GET / HTTP/1.1" 200 274 "-" "Mozilla/5.0 (X11; Linux x86_64) AppleWebKit/537.36 (KHTML, like Gecko) Chrome/124.0.0.0 Safari/537.36 Edg/124.0.0.0"
156.59.198.136 - - [15/Oct/2024:13:55:42 +0200] "GET /renault.activities.at/htdocs/export/pdf/emuc_document/12094895.pdf HTTP/1.0" 404 322 "-" "Mozilla/5.0 (Linux; Android 5.0) AppleWebKit/537.36 (KHTML, like Gecko) Mobile Safari/537.36 (compatible; Bytespider; spider-feedback@bytedance.com)"
178.165.167.123 - - [15/Oct/2024:13:55:47 +0200] "GET /entry.php?id=10271&&ser=993286 HTTP/1.1" 200 987 "http://hausegger.activities.at/entry.php?id=10271&&ser=993225" "Mozilla/5.0 (Windows NT 10.0; Win64; x64) AppleWebKit/537.36 (KHTML, like Gecko) Chrome/129.0.0.0 Safari/537.36"
178.165.167.123 - - [15/Oct/2024:13:55:47 +0200] "GET /gui/javascript/form_form.js?1728993347 HTTP/1.1" 200 16206 "http://hausegger.activities.at/entry.php?id=10271&&ser=993286" "Mozilla/5.0 (Windows NT 10.0; Win64; x64) AppleWebKit/537.36 (KHTML, like Gecko) Chrome/129.0.0.0 Safari/537.36"
156.59.198.136 - - [15/Oct/2024:13:56:03 +0200] "GET /renault.activities.at/htdocs/export/xml/data/orders/202110151403_RenOrder.xml HTTP/1.0" 404 329 "-" "Mozilla/5.0 (Linux; Android 5.0) AppleWebKit/537.36 (KHTML, like Gecko) Mobile Safari/537.36 (compatible; Bytespider; spider-feedback@bytedance.com)"
178.165.167.123 - - [15/Oct/2024:13:56:22 +0200] "GET /entry.php?id=10271&&ser=993322 HTTP/1.1" 200 987 "http://hausegger.activities.at/entry.php?id=10271&&ser=993262" "Mozilla/5.0 (Windows NT 10.0; Win64; x64; rv:131.0) Gecko/20100101 Firefox/131.0"
178.165.167.123 - - [15/Oct/2024:13:56:22 +0200] "GET /gui/javascript/form_form.js?1728993382 HTTP/1.1" 200 16206 "http://hausegger.activities.at/entry.php?id=10271&&ser=993322" "Mozilla/5.0 (Windows NT 10.0; Win64; x64; rv:131.0) Gecko/20100101 Firefox/131.0"
156.59.198.136 - - [15/Oct/2024:13:56:25 +0200] "GET /renault.activities.at/htdocs/export/pdf/emuc_document/11810033.pdf HTTP/1.0" 404 322 "-" "Mozilla/5.0 (Linux; Android 5.0) AppleWebKit/537.36 (KHTML, like Gecko) Mobile Safari/537.36 (compatible; Bytespider; spider-feedback@bytedance.com)"
156.59.198.135 - - [15/Oct/2024:13:56:45 +0200] "GET /renault.activities.at/htdocs/export/pdf/emuc_document/10937028.pdf HTTP/1.0" 404 322 "-" "Mozilla/5.0 (Linux; Android 5.0) AppleWebKit/537.36 (KHTML, like Gecko) Mobile Safari/537.36 (compatible; Bytespider; spider-feedback@bytedance.com)"
178.165.167.123 - - [15/Oct/2024:13:56:48 +0200] "GET /entry.php?id=10271&&ser=993347 HTTP/1.1" 200 987 "http://hausegger.activities.at/entry.php?id=10271&&ser=993286" "Mozilla/5.0 (Windows NT 10.0; Win64; x64) AppleWebKit/537.36 (KHTML, like Gecko) Chrome/129.0.0.0 Safari/537.36"
178.165.167.123 - - [15/Oct/2024:13:56:48 +0200] "GET /gui/javascript/form_form.js?1728993408 HTTP/1.1" 200 16206 "http://hausegger.activities.at/entry.php?id=10271&&ser=993347" "Mozilla/5.0 (Windows NT 10.0; Win64; x64) AppleWebKit/537.36 (KHTML, like Gecko) Chrome/129.0.0.0 Safari/537.36"
156.59.198.135 - - [15/Oct/2024:13:57:07 +0200] "GET /renault.activities.at/htdocs/log/cron/autologout_3115744.txt HTTP/1.0" 404 319 "-" "Mozilla/5.0 (Linux; Android 5.0) AppleWebKit/537.36 (KHTML, like Gecko) Mobile Safari/537.36 (compatible; Bytespider; spider-feedback@bytedance.com)"
178.165.167.123 - - [15/Oct/2024:13:57:22 +0200] "GET /entry.php?id=10271&&ser=993382 HTTP/1.1" 200 987 "http://hausegger.activities.at/entry.php?id=10271&&ser=993322" "Mozilla/5.0 (Windows NT 10.0; Win64; x64; rv:131.0) Gecko/20100101 Firefox/131.0"
178.165.167.123 - - [15/Oct/2024:13:57:22 +0200] "GET /gui/javascript/form_form.js?1728993442 HTTP/1.1" 200 16206 "http://hausegger.activities.at/entry.php?id=10271&&ser=993382" "Mozilla/5.0 (Windows NT 10.0; Win64; x64; rv:131.0) Gecko/20100101 Firefox/131.0"
156.59.198.135 - - [15/Oct/2024:13:57:28 +0200] "GET /renault.activities.at/htdocs/export/xml/data/orders/202101071103_RenOrder.xml HTTP/1.0" 404 329 "-" "Mozilla/5.0 (Linux; Android 5.0) AppleWebKit/537.36 (KHTML, like Gecko) Mobile Safari/537.36 (compatible; Bytespider; spider-feedback@bytedance.com)"
64.62.197.102 - - [15/Oct/2024:13:57:45 +0200] "GET /favicon.ico HTTP/1.1" 404 284 "-" "Mozilla/5.0 (Macintosh; Intel Mac OS X 10_15_7) AppleWebKit/605.1.15 (KHTML, like Gecko) Version/17.1 Safari/605.1.15"
178.165.167.123 - - [15/Oct/2024:13:57:49 +0200] "GET /entry.php?id=10271&&ser=993408 HTTP/1.1" 200 987 "http://hausegger.activities.at/entry.php?id=10271&&ser=993347" "Mozilla/5.0 (Windows NT 10.0; Win64; x64) AppleWebKit/537.36 (KHTML, like Gecko) Chrome/129.0.0.0 Safari/537.36"
178.165.167.123 - - [15/Oct/2024:13:57:49 +0200] "GET /gui/javascript/form_form.js?1728993469 HTTP/1.1" 200 16206 "http://hausegger.activities.at/entry.php?id=10271&&ser=993408" "Mozilla/5.0 (Windows NT 10.0; Win64; x64) AppleWebKit/537.36 (KHTML, like Gecko) Chrome/129.0.0.0 Safari/537.36"
87.120.113.56 - - [15/Oct/2024:13:57:56 +0200] "GET /.env HTTP/1.1" 404 280 "-" "Mozilla/5.0 (compatible; Konqueror/4.3; Linux) KHTML/4.3.1 (like Gecko) Fedora/4.3.1-3.fc11"
64.62.197.101 - - [15/Oct/2024:13:58:15 +0200] "GET /geoserver/web/ HTTP/1.1" 404 284 "-" "Mozilla/5.0 (X11; Linux x86_64) AppleWebKit/537.36 (KHTML, like Gecko) Chrome/124.0.0.0 Safari/537.36 Edg/124.0.0.0"
178.165.167.123 - - [15/Oct/2024:13:58:23 +0200] "GET /entry.php?id=10271&&ser=993442 HTTP/1.1" 200 987 "http://hausegger.activities.at/entry.php?id=10271&&ser=993382" "Mozilla/5.0 (Windows NT 10.0; Win64; x64; rv:131.0) Gecko/20100101 Firefox/131.0"
178.165.167.123 - - [15/Oct/2024:13:58:23 +0200] "GET /gui/javascript/form_form.js?1728993503 HTTP/1.1" 200 16206 "http://hausegger.activities.at/entry.php?id=10271&&ser=993442" "Mozilla/5.0 (Windows NT 10.0; Win64; x64; rv:131.0) Gecko/20100101 Firefox/131.0"
178.165.167.123 - - [15/Oct/2024:13:58:50 +0200] "GET /entry.php?id=10271&&ser=993469 HTTP/1.1" 200 987 "http://hausegger.activities.at/entry.php?id=10271&&ser=993408" "Mozilla/5.0 (Windows NT 10.0; Win64; x64) AppleWebKit/537.36 (KHTML, like Gecko) Chrome/129.0.0.0 Safari/537.36"
178.165.167.123 - - [15/Oct/2024:13:58:50 +0200] "GET /gui/javascript/form_form.js?1728993530 HTTP/1.1" 200 16206 "http://hausegger.activities.at/entry.php?id=10271&&ser=993469" "Mozilla/5.0 (Windows NT 10.0; Win64; x64) AppleWebKit/537.36 (KHTML, like Gecko) Chrome/129.0.0.0 Safari/537.36"
178.165.167.123 - - [15/Oct/2024:13:59:23 +0200] "GET /entry.php?id=10271&&ser=993503 HTTP/1.1" 200 987 "http://hausegger.activities.at/entry.php?id=10271&&ser=993442" "Mozilla/5.0 (Windows NT 10.0; Win64; x64; rv:131.0) Gecko/20100101 Firefox/131.0"
178.165.167.123 - - [15/Oct/2024:13:59:23 +0200] "GET /gui/javascript/form_form.js?1728993563 HTTP/1.1" 200 16206 "http://hausegger.activities.at/entry.php?id=10271&&ser=993503" "Mozilla/5.0 (Windows NT 10.0; Win64; x64; rv:131.0) Gecko/20100101 Firefox/131.0"
178.165.167.123 - - [15/Oct/2024:13:59:51 +0200] "GET /entry.php?id=10271&&ser=993530 HTTP/1.1" 200 987 "http://hausegger.activities.at/entry.php?id=10271&&ser=993469" "Mozilla/5.0 (Windows NT 10.0; Win64; x64) AppleWebKit/537.36 (KHTML, like Gecko) Chrome/129.0.0.0 Safari/537.36"
178.165.167.123 - - [15/Oct/2024:13:59:51 +0200] "GET /gui/javascript/form_form.js?1728993591 HTTP/1.1" 200 16206 "http://hausegger.activities.at/entry.php?id=10271&&ser=993530" "Mozilla/5.0 (Windows NT 10.0; Win64; x64) AppleWebKit/537.36 (KHTML, like Gecko) Chrome/129.0.0.0 Safari/537.36"
178.165.167.123 - - [15/Oct/2024:14:00:23 +0200] "GET /entry.php?id=10271&&ser=993563 HTTP/1.1" 200 987 "http://hausegger.activities.at/entry.php?id=10271&&ser=993503" "Mozilla/5.0 (Windows NT 10.0; Win64; x64; rv:131.0) Gecko/20100101 Firefox/131.0"
178.165.167.123 - - [15/Oct/2024:14:00:23 +0200] "GET /gui/javascript/form_form.js?1728993623 HTTP/1.1" 200 16206 "http://hausegger.activities.at/entry.php?id=10271&&ser=993563" "Mozilla/5.0 (Windows NT 10.0; Win64; x64; rv:131.0) Gecko/20100101 Firefox/131.0"
178.165.167.123 - - [15/Oct/2024:14:00:38 +0200] "POST /entry.php?id=10828 HTTP/1.1" 200 9331 "http://hausegger.activities.at/entry.php?id=10828" "Mozilla/5.0 (Windows NT 10.0; Win64; x64; rv:131.0) Gecko/20100101 Firefox/131.0"
178.165.167.123 - - [15/Oct/2024:14:00:38 +0200] "GET /gui/javascript/form_form.js?1728993638 HTTP/1.1" 200 16206 "http://hausegger.activities.at/entry.php?id=10828" "Mozilla/5.0 (Windows NT 10.0; Win64; x64; rv:131.0) Gecko/20100101 Firefox/131.0"
178.165.167.123 - - [15/Oct/2024:14:00:39 +0200] "GET /entry.php?id=10889&document_id=& HTTP/1.1" 200 1508 "http://hausegger.activities.at/entry.php?id=10828" "Mozilla/5.0 (Windows NT 10.0; Win64; x64; rv:131.0) Gecko/20100101 Firefox/131.0"
