156.59.198.136 - - [16/Oct/2024:17:30:35 +0200] "GET /renault.activities.at/htdocs/log/cron/reminder_mailing_3115516.txt HTTP/1.0" 404 323 "-" "Mozilla/5.0 (Linux; Android 5.0) AppleWebKit/537.36 (KHTML, like Gecko) Mobile Safari/537.36 (compatible; Bytespider; spider-feedback@bytedance.com)"
156.59.198.136 - - [16/Oct/2024:17:30:56 +0200] "GET /renault.activities.at/htdocs/export/xml/data/orders/202106161303_RenOrder.xml HTTP/1.0" 404 329 "-" "Mozilla/5.0 (Linux; Android 5.0) AppleWebKit/537.36 (KHTML, like Gecko) Mobile Safari/537.36 (compatible; Bytespider; spider-feedback@bytedance.com)"
156.59.198.136 - - [16/Oct/2024:17:31:17 +0200] "GET /renault.activities.at/htdocs/export/xml/data/orders/201908261403_RenOrder.xml HTTP/1.0" 404 329 "-" "Mozilla/5.0 (Linux; Android 5.0) AppleWebKit/537.36 (KHTML, like Gecko) Mobile Safari/537.36 (compatible; Bytespider; spider-feedback@bytedance.com)"
178.165.167.123 - - [16/Oct/2024:17:31:29 +0200] "GET /entry.php?id=10271&&ser=92629 HTTP/1.1" 200 987 "http://hausegger.activities.at/entry.php?id=10271&&ser=92568" "Mozilla/5.0 (Windows NT 10.0; Win64; x64; rv:131.0) Gecko/20100101 Firefox/131.0"
178.165.167.123 - - [16/Oct/2024:17:31:29 +0200] "GET /gui/javascript/form_form.js?1729092689 HTTP/1.1" 200 16206 "http://hausegger.activities.at/entry.php?id=10271&&ser=92629" "Mozilla/5.0 (Windows NT 10.0; Win64; x64; rv:131.0) Gecko/20100101 Firefox/131.0"
194.50.16.94 - - [16/Oct/2024:17:32:06 +0200] "GET /env HTTP/1.1" 404 290 "-" "Mozilla/5.0 (X11; Linux x86_64; rv:123.0) Gecko/20100101 Firefox/123.0"
194.50.16.94 - - [16/Oct/2024:17:32:06 +0200] "GET /actuator/env HTTP/1.1" 404 296 "-" "Mozilla/5.0 (X11; Linux x86_64) AppleWebKit/537.36 (KHTML, like Gecko) Chrome/83.0.4103.7 Safari/537.36"
194.50.16.94 - - [16/Oct/2024:17:32:06 +0200] "GET /actuator;/env; HTTP/1.1" 404 298 "-" "Mozilla/5.0 (X11; Linux x86_64; rv:109.0) Gecko/20100101 Firefox/116.0"
194.50.16.94 - - [16/Oct/2024:17:32:06 +0200] "GET /actuator/env HTTP/1.1" 404 296 "-" "Mozilla/5.0 (Macintosh; Intel Mac OS X 10_15_7) AppleWebKit/605.1.15 (KHTML, like Gecko) Version/17.4.1 Safari/605.7.25"
194.50.16.94 - - [16/Oct/2024:17:32:06 +0200] "GET /actuators/env HTTP/1.1" 404 297 "-" "Mozilla/5.0 (Macintosh; Intel Mac OS X 10_15_7) AppleWebKit/605.1.15 (KHTML, like Gecko) Version/17.4.1 Safari/605.2.20"
194.50.16.94 - - [16/Oct/2024:17:32:06 +0200] "GET /admin/env HTTP/1.1" 404 294 "-" "Mozilla/5.0 (Knoppix; Linux x86_64) AppleWebKit/537.36 (KHTML, like Gecko) Chrome/128.0.0.0 Safari/537.36"
194.50.16.94 - - [16/Oct/2024:17:32:06 +0200] "GET /manage/env HTTP/1.1" 404 295 "-" "Mozilla/5.0 (X11; Linux x86_64) AppleWebKit/537.36 (KHTML, like Gecko) Chrome/126.0.0.0 Safari/537.36"
194.50.16.94 - - [16/Oct/2024:17:32:06 +0200] "GET /management/env HTTP/1.1" 404 297 "-" "Mozilla/5.0 (Knoppix; Linux i686) AppleWebKit/537.36 (KHTML, like Gecko) Chrome/121.0.0.0 Safari/537.36"
194.50.16.94 - - [16/Oct/2024:17:32:06 +0200] "GET /manager/env HTTP/1.1" 404 295 "-" "Mozilla/5.0 (Macintosh; Intel Mac OS X 10_15_7) AppleWebKit/537.36 (KHTML, like Gecko) Chrome/114.0.0.0 Safari/537.36"
194.50.16.94 - - [16/Oct/2024:17:32:07 +0200] "GET /metrics/env HTTP/1.1" 404 296 "-" "Mozilla/5.0 (ZZ; Linux i686) AppleWebKit/537.36 (KHTML, like Gecko) Chrome/122.0.0.0 Safari/537.36"
194.50.16.94 - - [16/Oct/2024:17:32:07 +0200] "GET /analytics/env HTTP/1.1" 404 297 "-" "Mozilla/5.0 (Macintosh; Intel Mac OS X 10_13_4) AppleWebKit/605.1.15 (KHTML, like Gecko) Version/11.1 Safari/605.1.15"
194.50.16.94 - - [16/Oct/2024:17:32:07 +0200] "GET /internal/env HTTP/1.1" 404 296 "-" "Mozilla/5.0 (CentOS; Linux x86_64) AppleWebKit/537.36 (KHTML, like Gecko) Chrome/129.0.0.0 Safari/537.36"
194.50.16.94 - - [16/Oct/2024:17:32:07 +0200] "GET /internal/actuator/env HTTP/1.1" 404 302 "-" "Mozilla/5.0 (CentOS; Linux x86_64; rv:128.0) Gecko/20100101 Firefox/128.0"
194.50.16.94 - - [16/Oct/2024:17:32:07 +0200] "GET /api/env HTTP/1.1" 404 293 "-" "Mozilla/5.0 (X11; Linux i686; rv:122.0) Gecko/20100101 Firefox/122.0"
194.50.16.94 - - [16/Oct/2024:17:32:07 +0200] "GET /api/system/env HTTP/1.1" 404 297 "-" "Mozilla/5.0 (ZZ; Linux i686) AppleWebKit/537.36 (KHTML, like Gecko) Chrome/122.0.0.0 Safari/537.36"
194.50.16.94 - - [16/Oct/2024:17:32:07 +0200] "GET /api/manage/env HTTP/1.1" 404 297 "-" "Mozilla/5.0 (Macintosh; Intel Mac OS X 10.15; rv:123.0) Gecko/20100101 Firefox/123.0"
194.50.16.94 - - [16/Oct/2024:17:32:07 +0200] "GET /api/internal/env HTTP/1.1" 404 299 "-" "Mozilla/5.0 (Macintosh; Intel Mac OS X 10_15_7) AppleWebKit/605.1.15 (KHTML, like Gecko) Version/17.5 Mobile/15E148 Safari/604.1"
194.50.16.94 - - [16/Oct/2024:17:32:07 +0200] "GET /api/internal/actuator/env HTTP/1.1" 404 305 "-" "Mozilla/5.0 (X11; CrOS x86_64 14816.131.0) AppleWebKit/537.36 (KHTML, like Gecko) Chrome/103.0.0.0 Safari/537.36"
194.50.16.94 - - [16/Oct/2024:17:32:07 +0200] "GET /api/actuator/env HTTP/1.1" 404 299 "-" "Mozilla/5.0 (Windows NT 10.0; Win64; x64) AppleWebKit/537.36 (KHTML, like Gecko) Chrome/81.0.4044.138 Safari/537.36"
194.50.16.94 - - [16/Oct/2024:17:32:07 +0200] "GET /api/env HTTP/1.1" 404 293 "-" "Mozilla/5.0 (Macintosh; Intel Mac OS X 12.5) AppleWebKit/617.19 (KHTML, like Gecko) Version/17.6.47 Safari/617.19"
194.50.16.94 - - [16/Oct/2024:17:32:07 +0200] "GET /gateway/env HTTP/1.1" 404 296 "-" "Mozilla/5.0 (Windows NT 10.0; Win64; x64) AppleWebKit/537.36 (KHTML, like Gecko) Chrome/94.0.4606.81 Safari/537.36"
194.50.16.94 - - [16/Oct/2024:17:32:07 +0200] "GET /gateway/actuator/env HTTP/1.1" 404 302 "-" "Mozilla/5.0 (Knoppix; Linux x86_64) AppleWebKit/537.36 (KHTML, like Gecko) Chrome/118.0.0.0 Safari/537.36"
194.50.16.94 - - [16/Oct/2024:17:32:07 +0200] "GET /config/actuator/env HTTP/1.1" 404 301 "-" "Mozilla/5.0 (Macintosh; Intel Mac OS X 10_15_7) AppleWebKit/537.36 (KHTML, like Gecko) Chrome/120.0.0.0 Safari/537.36"
194.50.16.94 - - [16/Oct/2024:17:32:07 +0200] "GET /config/env HTTP/1.1" 404 295 "-" "Mozilla/5.0 (SS; Linux x86_64; rv:123.0) Gecko/20100101 Firefox/123.0"
178.165.167.123 - - [16/Oct/2024:17:32:29 +0200] "GET /entry.php?id=10271&&ser=92689 HTTP/1.1" 200 986 "http://hausegger.activities.at/entry.php?id=10271&&ser=92629" "Mozilla/5.0 (Windows NT 10.0; Win64; x64; rv:131.0) Gecko/20100101 Firefox/131.0"
178.165.167.123 - - [16/Oct/2024:17:32:29 +0200] "GET /gui/javascript/form_form.js?1729092749 HTTP/1.1" 200 16206 "http://hausegger.activities.at/entry.php?id=10271&&ser=92689" "Mozilla/5.0 (Windows NT 10.0; Win64; x64; rv:131.0) Gecko/20100101 Firefox/131.0"
178.165.167.123 - - [16/Oct/2024:17:33:29 +0200] "GET /entry.php?id=10271&&ser=92749 HTTP/1.1" 200 987 "http://hausegger.activities.at/entry.php?id=10271&&ser=92689" "Mozilla/5.0 (Windows NT 10.0; Win64; x64; rv:131.0) Gecko/20100101 Firefox/131.0"
178.165.167.123 - - [16/Oct/2024:17:33:30 +0200] "GET /gui/javascript/form_form.js?1729092810 HTTP/1.1" 200 16206 "http://hausegger.activities.at/entry.php?id=10271&&ser=92749" "Mozilla/5.0 (Windows NT 10.0; Win64; x64; rv:131.0) Gecko/20100101 Firefox/131.0"
178.165.167.123 - - [16/Oct/2024:17:34:30 +0200] "GET /entry.php?id=10271&&ser=92810 HTTP/1.1" 200 987 "http://hausegger.activities.at/entry.php?id=10271&&ser=92749" "Mozilla/5.0 (Windows NT 10.0; Win64; x64; rv:131.0) Gecko/20100101 Firefox/131.0"
178.165.167.123 - - [16/Oct/2024:17:34:30 +0200] "GET /gui/javascript/form_form.js?1729092870 HTTP/1.1" 200 16206 "http://hausegger.activities.at/entry.php?id=10271&&ser=92810" "Mozilla/5.0 (Windows NT 10.0; Win64; x64; rv:131.0) Gecko/20100101 Firefox/131.0"
178.165.167.123 - - [16/Oct/2024:17:35:30 +0200] "GET /entry.php?id=10271&&ser=92870 HTTP/1.1" 200 987 "http://hausegger.activities.at/entry.php?id=10271&&ser=92810" "Mozilla/5.0 (Windows NT 10.0; Win64; x64; rv:131.0) Gecko/20100101 Firefox/131.0"
178.165.167.123 - - [16/Oct/2024:17:35:30 +0200] "GET /gui/javascript/form_form.js?1729092930 HTTP/1.1" 200 16206 "http://hausegger.activities.at/entry.php?id=10271&&ser=92870" "Mozilla/5.0 (Windows NT 10.0; Win64; x64; rv:131.0) Gecko/20100101 Firefox/131.0"
178.165.167.123 - - [16/Oct/2024:17:36:30 +0200] "GET /entry.php?id=10271&&ser=92930 HTTP/1.1" 200 987 "http://hausegger.activities.at/entry.php?id=10271&&ser=92870" "Mozilla/5.0 (Windows NT 10.0; Win64; x64; rv:131.0) Gecko/20100101 Firefox/131.0"
178.165.167.123 - - [16/Oct/2024:17:36:30 +0200] "GET /gui/javascript/form_form.js?1729092990 HTTP/1.1" 200 16206 "http://hausegger.activities.at/entry.php?id=10271&&ser=92930" "Mozilla/5.0 (Windows NT 10.0; Win64; x64; rv:131.0) Gecko/20100101 Firefox/131.0"
156.59.198.136 - - [16/Oct/2024:17:37:03 +0200] "GET /renault.activities.at/htdocs/export/pdf/emuc_document/11744268.pdf HTTP/1.0" 404 322 "-" "Mozilla/5.0 (Linux; Android 5.0) AppleWebKit/537.36 (KHTML, like Gecko) Mobile Safari/537.36 (compatible; Bytespider; spider-feedback@bytedance.com)"
156.59.198.135 - - [16/Oct/2024:17:37:24 +0200] "GET /renault.activities.at/htdocs/log/cron/system_mail_3115875.txt HTTP/1.0" 404 321 "-" "Mozilla/5.0 (Linux; Android 5.0) AppleWebKit/537.36 (KHTML, like Gecko) Mobile Safari/537.36 (compatible; Bytespider; spider-feedback@bytedance.com)"
178.165.167.123 - - [16/Oct/2024:17:37:31 +0200] "GET /entry.php?id=10271&&ser=92990 HTTP/1.1" 200 987 "http://hausegger.activities.at/entry.php?id=10271&&ser=92930" "Mozilla/5.0 (Windows NT 10.0; Win64; x64; rv:131.0) Gecko/20100101 Firefox/131.0"
178.165.167.123 - - [16/Oct/2024:17:37:31 +0200] "GET /gui/javascript/form_form.js?1729093051 HTTP/1.1" 200 16206 "http://hausegger.activities.at/entry.php?id=10271&&ser=92990" "Mozilla/5.0 (Windows NT 10.0; Win64; x64; rv:131.0) Gecko/20100101 Firefox/131.0"
156.59.198.136 - - [16/Oct/2024:17:37:45 +0200] "GET /renault.activities.at/htdocs/export/pdf/emuc_document/12023052.pdf HTTP/1.0" 404 322 "-" "Mozilla/5.0 (Linux; Android 5.0) AppleWebKit/537.36 (KHTML, like Gecko) Mobile Safari/537.36 (compatible; Bytespider; spider-feedback@bytedance.com)"
156.59.198.136 - - [16/Oct/2024:17:38:06 +0200] "GET /renault.activities.at/htdocs/log/cron/pickupLogisticData_3115580.txt HTTP/1.0" 404 325 "-" "Mozilla/5.0 (Linux; Android 5.0) AppleWebKit/537.36 (KHTML, like Gecko) Mobile Safari/537.36 (compatible; Bytespider; spider-feedback@bytedance.com)"
156.59.198.136 - - [16/Oct/2024:17:38:27 +0200] "GET /renault.activities.at/htdocs/export/xml/data/orders/202108260903_RenOrder.xml HTTP/1.0" 404 329 "-" "Mozilla/5.0 (Linux; Android 5.0) AppleWebKit/537.36 (KHTML, like Gecko) Mobile Safari/537.36 (compatible; Bytespider; spider-feedback@bytedance.com)"
178.165.167.123 - - [16/Oct/2024:17:38:31 +0200] "GET /entry.php?id=10271&&ser=93051 HTTP/1.1" 200 986 "http://hausegger.activities.at/entry.php?id=10271&&ser=92990" "Mozilla/5.0 (Windows NT 10.0; Win64; x64; rv:131.0) Gecko/20100101 Firefox/131.0"
178.165.167.123 - - [16/Oct/2024:17:38:31 +0200] "GET /gui/javascript/form_form.js?1729093111 HTTP/1.1" 200 16206 "http://hausegger.activities.at/entry.php?id=10271&&ser=93051" "Mozilla/5.0 (Windows NT 10.0; Win64; x64; rv:131.0) Gecko/20100101 Firefox/131.0"
156.59.198.136 - - [16/Oct/2024:17:38:48 +0200] "GET /renault.activities.at/htdocs/export/pdf/emuc_document/11038575.pdf HTTP/1.0" 404 322 "-" "Mozilla/5.0 (Linux; Android 5.0) AppleWebKit/537.36 (KHTML, like Gecko) Mobile Safari/537.36 (compatible; Bytespider; spider-feedback@bytedance.com)"
122.116.189.221 - - [16/Oct/2024:17:39:00 +0200] "GET / HTTP/1.0" 200 423 "-" "Mozilla/5.0 (Linux; U; Android 4.0.3; ko-kr; LG-L160L Build/IML74K) AppleWebkit/534.30 (KHTML, like Gecko) Version/4.0 Mobile Safari/534.30"
156.59.198.135 - - [16/Oct/2024:17:39:09 +0200] "GET /renault.activities.at/htdocs/log/cron/exportXML_3114852.txt HTTP/1.0" 404 319 "-" "Mozilla/5.0 (Linux; Android 5.0) AppleWebKit/537.36 (KHTML, like Gecko) Mobile Safari/537.36 (compatible; Bytespider; spider-feedback@bytedance.com)"
178.165.167.123 - - [16/Oct/2024:17:39:27 +0200] "GET /entry.php?id=11237&type=10665 HTTP/1.1" 200 276 "http://hausegger.activities.at/entry.php?id=10828" "Mozilla/5.0 (Windows NT 10.0; Win64; x64; rv:131.0) Gecko/20100101 Firefox/131.0"
178.165.167.123 - - [16/Oct/2024:17:39:27 +0200] "GET /entry.php?id=10676&&title=Belegsuche HTTP/1.1" 200 1392 "http://hausegger.activities.at/entry.php?id=11237&type=10665" "Mozilla/5.0 (Windows NT 10.0; Win64; x64; rv:131.0) Gecko/20100101 Firefox/131.0"
178.165.167.123 - - [16/Oct/2024:17:39:27 +0200] "GET /gui/javascript/form_form.js?1729093167 HTTP/1.1" 200 16206 "http://hausegger.activities.at/entry.php?id=10676&&title=Belegsuche" "Mozilla/5.0 (Windows NT 10.0; Win64; x64; rv:131.0) Gecko/20100101 Firefox/131.0"
178.165.167.123 - - [16/Oct/2024:17:39:27 +0200] "GET /entry.php?id=11240&mode=document&form=10665& HTTP/1.1" 200 2672 "http://hausegger.activities.at/entry.php?id=11237&type=10665" "Mozilla/5.0 (Windows NT 10.0; Win64; x64; rv:131.0) Gecko/20100101 Firefox/131.0"
178.165.167.123 - - [16/Oct/2024:17:39:28 +0200] "GET /gui/javascript/form_bu_document_workflow.js?1729093168 HTTP/1.1" 200 4900 "http://hausegger.activities.at/entry.php?id=11240&mode=document&form=10665&" "Mozilla/5.0 (Windows NT 10.0; Win64; x64; rv:131.0) Gecko/20100101 Firefox/131.0"
178.165.167.123 - - [16/Oct/2024:17:39:28 +0200] "GET /gui/javascript/form_form.js?1729093168 HTTP/1.1" 200 16206 "http://hausegger.activities.at/entry.php?id=11240&mode=document&form=10665&" "Mozilla/5.0 (Windows NT 10.0; Win64; x64; rv:131.0) Gecko/20100101 Firefox/131.0"
178.165.167.123 - - [16/Oct/2024:17:39:27 +0200] "GET /entry.php?id=11239&mode=document&form=10665& HTTP/1.1" 200 2017 "http://hausegger.activities.at/entry.php?id=11237&type=10665" "Mozilla/5.0 (Windows NT 10.0; Win64; x64; rv:131.0) Gecko/20100101 Firefox/131.0"
178.165.167.123 - - [16/Oct/2024:17:39:27 +0200] "GET /entry.php?id=11238&mode=document&form=10665& HTTP/1.1" 200 3304 "http://hausegger.activities.at/entry.php?id=11237&type=10665" "Mozilla/5.0 (Windows NT 10.0; Win64; x64; rv:131.0) Gecko/20100101 Firefox/131.0"
178.165.167.123 - - [16/Oct/2024:17:39:28 +0200] "GET /entry.php?id=10776&form=11066&name=list& HTTP/1.1" 200 1513 "http://hausegger.activities.at/entry.php?id=11240&mode=document&form=10665&" "Mozilla/5.0 (Windows NT 10.0; Win64; x64; rv:131.0) Gecko/20100101 Firefox/131.0"
178.165.167.123 - - [16/Oct/2024:17:39:28 +0200] "GET /entry.php?id=10778&form=11066&name=list& HTTP/1.1" 200 2586 "http://hausegger.activities.at/entry.php?id=11240&mode=document&form=10665&" "Mozilla/5.0 (Windows NT 10.0; Win64; x64; rv:131.0) Gecko/20100101 Firefox/131.0"
178.165.167.123 - - [16/Oct/2024:17:39:28 +0200] "POST /entry.php?id=11240 HTTP/1.1" 200 2675 "http://hausegger.activities.at/entry.php?id=11240&mode=document&form=10665&" "Mozilla/5.0 (Windows NT 10.0; Win64; x64; rv:131.0) Gecko/20100101 Firefox/131.0"
178.165.167.123 - - [16/Oct/2024:17:39:29 +0200] "GET /gui/javascript/form_form.js?1729093169 HTTP/1.1" 200 16206 "http://hausegger.activities.at/entry.php?id=11240" "Mozilla/5.0 (Windows NT 10.0; Win64; x64; rv:131.0) Gecko/20100101 Firefox/131.0"
178.165.167.123 - - [16/Oct/2024:17:39:29 +0200] "GET /entry.php?id=10776&form=11066&name=list& HTTP/1.1" 200 1513 "http://hausegger.activities.at/entry.php?id=11240" "Mozilla/5.0 (Windows NT 10.0; Win64; x64; rv:131.0) Gecko/20100101 Firefox/131.0"
178.165.167.123 - - [16/Oct/2024:17:39:29 +0200] "GET /entry.php?id=10778&form=11066&name=list& HTTP/1.1" 200 3165 "http://hausegger.activities.at/entry.php?id=11240" "Mozilla/5.0 (Windows NT 10.0; Win64; x64; rv:131.0) Gecko/20100101 Firefox/131.0"
156.59.198.136 - - [16/Oct/2024:17:39:31 +0200] "GET /renault.activities.at/htdocs/log/cron/reminder_mailing_3115785.txt HTTP/1.0" 404 323 "-" "Mozilla/5.0 (Linux; Android 5.0) AppleWebKit/537.36 (KHTML, like Gecko) Mobile Safari/537.36 (compatible; Bytespider; spider-feedback@bytedance.com)"
178.165.167.123 - - [16/Oct/2024:17:39:31 +0200] "GET /framework/icons/rowselect.gif HTTP/1.1" 200 67 "http://hausegger.activities.at/entry.php?id=10778&form=11066&name=list&" "Mozilla/5.0 (Windows NT 10.0; Win64; x64; rv:131.0) Gecko/20100101 Firefox/131.0"
178.165.167.123 - - [16/Oct/2024:17:39:31 +0200] "GET /entry.php?id=10271&&ser=93111 HTTP/1.1" 200 987 "http://hausegger.activities.at/entry.php?id=10271&&ser=93051" "Mozilla/5.0 (Windows NT 10.0; Win64; x64; rv:131.0) Gecko/20100101 Firefox/131.0"
178.165.167.123 - - [16/Oct/2024:17:39:31 +0200] "GET /gui/javascript/form_form.js?1729093171 HTTP/1.1" 200 16206 "http://hausegger.activities.at/entry.php?id=10271&&ser=93111" "Mozilla/5.0 (Windows NT 10.0; Win64; x64; rv:131.0) Gecko/20100101 Firefox/131.0"
178.165.167.123 - - [16/Oct/2024:17:39:32 +0200] "POST /entry.php?id=10828 HTTP/1.1" 200 8737 "http://hausegger.activities.at/entry.php?id=10828" "Mozilla/5.0 (Windows NT 10.0; Win64; x64; rv:131.0) Gecko/20100101 Firefox/131.0"
178.165.167.123 - - [16/Oct/2024:17:39:32 +0200] "GET /gui/javascript/form_form.js?1729093172 HTTP/1.1" 200 16206 "http://hausegger.activities.at/entry.php?id=10828" "Mozilla/5.0 (Windows NT 10.0; Win64; x64; rv:131.0) Gecko/20100101 Firefox/131.0"
178.165.167.123 - - [16/Oct/2024:17:39:32 +0200] "GET /entry.php?id=10889&document_id=10343283& HTTP/1.1" 200 1509 "http://hausegger.activities.at/entry.php?id=10828" "Mozilla/5.0 (Windows NT 10.0; Win64; x64; rv:131.0) Gecko/20100101 Firefox/131.0"
178.165.167.123 - - [16/Oct/2024:17:39:35 +0200] "POST /entry.php?id=10828 HTTP/1.1" 200 8804 "http://hausegger.activities.at/entry.php?id=10828" "Mozilla/5.0 (Windows NT 10.0; Win64; x64; rv:131.0) Gecko/20100101 Firefox/131.0"
178.165.167.123 - - [16/Oct/2024:17:39:36 +0200] "GET /gui/javascript/form_form.js?1729093175 HTTP/1.1" 200 16206 "http://hausegger.activities.at/entry.php?id=10828" "Mozilla/5.0 (Windows NT 10.0; Win64; x64; rv:131.0) Gecko/20100101 Firefox/131.0"
178.165.167.123 - - [16/Oct/2024:17:39:36 +0200] "GET /entry.php?id=10889&document_id=10343283& HTTP/1.1" 200 1510 "http://hausegger.activities.at/entry.php?id=10828" "Mozilla/5.0 (Windows NT 10.0; Win64; x64; rv:131.0) Gecko/20100101 Firefox/131.0"
178.165.167.123 - - [16/Oct/2024:17:39:36 +0200] "GET /gui/javascript/form_form.js?1729093176 HTTP/1.1" 200 16206 "http://hausegger.activities.at/entry.php?id=10889&document_id=10343283&" "Mozilla/5.0 (Windows NT 10.0; Win64; x64; rv:131.0) Gecko/20100101 Firefox/131.0"
122.117.58.111 - - [16/Oct/2024:17:39:41 +0200] "GET / HTTP/1.0" 200 423 "-" "Mozilla/5.0 (Linux; U; Android 4.0.3; ko-kr; LG-L160L Build/IML74K) AppleWebkit/534.30 (KHTML, like Gecko) Version/4.0 Mobile Safari/534.30"
178.165.167.123 - - [16/Oct/2024:17:39:48 +0200] "GET /entry.php?id=11237&type=10665 HTTP/1.1" 200 276 "http://hausegger.activities.at/entry.php?id=10828" "Mozilla/5.0 (Windows NT 10.0; Win64; x64; rv:131.0) Gecko/20100101 Firefox/131.0"
178.165.167.123 - - [16/Oct/2024:17:39:48 +0200] "GET /entry.php?id=10676&&title=Belegsuche HTTP/1.1" 200 1392 "http://hausegger.activities.at/entry.php?id=11237&type=10665" "Mozilla/5.0 (Windows NT 10.0; Win64; x64; rv:131.0) Gecko/20100101 Firefox/131.0"
178.165.167.123 - - [16/Oct/2024:17:39:49 +0200] "GET /gui/javascript/form_form.js?1729093189 HTTP/1.1" 200 16206 "http://hausegger.activities.at/entry.php?id=10676&&title=Belegsuche" "Mozilla/5.0 (Windows NT 10.0; Win64; x64; rv:131.0) Gecko/20100101 Firefox/131.0"
178.165.167.123 - - [16/Oct/2024:17:39:48 +0200] "GET /entry.php?id=11239&mode=document&form=10665& HTTP/1.1" 200 2018 "http://hausegger.activities.at/entry.php?id=11237&type=10665" "Mozilla/5.0 (Windows NT 10.0; Win64; x64; rv:131.0) Gecko/20100101 Firefox/131.0"
178.165.167.123 - - [16/Oct/2024:17:39:49 +0200] "GET /gui/javascript/form_bu_document_workflow.js?1729093189 HTTP/1.1" 200 4900 "http://hausegger.activities.at/entry.php?id=11239&mode=document&form=10665&" "Mozilla/5.0 (Windows NT 10.0; Win64; x64; rv:131.0) Gecko/20100101 Firefox/131.0"
178.165.167.123 - - [16/Oct/2024:17:39:48 +0200] "GET /entry.php?id=11238&mode=document&form=10665& HTTP/1.1" 200 3305 "http://hausegger.activities.at/entry.php?id=11237&type=10665" "Mozilla/5.0 (Windows NT 10.0; Win64; x64; rv:131.0) Gecko/20100101 Firefox/131.0"
178.165.167.123 - - [16/Oct/2024:17:39:48 +0200] "GET /entry.php?id=11240&mode=document&form=10665& HTTP/1.1" 200 2673 "http://hausegger.activities.at/entry.php?id=11237&type=10665" "Mozilla/5.0 (Windows NT 10.0; Win64; x64; rv:131.0) Gecko/20100101 Firefox/131.0"
178.165.167.123 - - [16/Oct/2024:17:39:49 +0200] "GET /entry.php?id=10776&form=11066&name=list& HTTP/1.1" 200 1513 "http://hausegger.activities.at/entry.php?id=11240&mode=document&form=10665&" "Mozilla/5.0 (Windows NT 10.0; Win64; x64; rv:131.0) Gecko/20100101 Firefox/131.0"
178.165.167.123 - - [16/Oct/2024:17:39:49 +0200] "GET /entry.php?id=10778&form=11066&name=list& HTTP/1.1" 200 2586 "http://hausegger.activities.at/entry.php?id=11240&mode=document&form=10665&" "Mozilla/5.0 (Windows NT 10.0; Win64; x64; rv:131.0) Gecko/20100101 Firefox/131.0"
178.165.167.123 - - [16/Oct/2024:17:39:49 +0200] "POST /entry.php?id=11240 HTTP/1.1" 200 2676 "http://hausegger.activities.at/entry.php?id=11240&mode=document&form=10665&" "Mozilla/5.0 (Windows NT 10.0; Win64; x64; rv:131.0) Gecko/20100101 Firefox/131.0"
178.165.167.123 - - [16/Oct/2024:17:39:50 +0200] "GET /gui/javascript/form_form.js?1729093190 HTTP/1.1" 200 16206 "http://hausegger.activities.at/entry.php?id=11240" "Mozilla/5.0 (Windows NT 10.0; Win64; x64; rv:131.0) Gecko/20100101 Firefox/131.0"
178.165.167.123 - - [16/Oct/2024:17:39:50 +0200] "GET /entry.php?id=10776&form=11066&name=list& HTTP/1.1" 200 1513 "http://hausegger.activities.at/entry.php?id=11240" "Mozilla/5.0 (Windows NT 10.0; Win64; x64; rv:131.0) Gecko/20100101 Firefox/131.0"
178.165.167.123 - - [16/Oct/2024:17:39:50 +0200] "GET /entry.php?id=10778&form=11066&name=list& HTTP/1.1" 200 3030 "http://hausegger.activities.at/entry.php?id=11240" "Mozilla/5.0 (Windows NT 10.0; Win64; x64; rv:131.0) Gecko/20100101 Firefox/131.0"
156.59.198.135 - - [16/Oct/2024:17:39:51 +0200] "GET /renault.activities.at/htdocs/export/pdf/emuc_document/10535047.pdf HTTP/1.0" 404 323 "-" "Mozilla/5.0 (Linux; Android 5.0) AppleWebKit/537.36 (KHTML, like Gecko) Mobile Safari/537.36 (compatible; Bytespider; spider-feedback@bytedance.com)"
156.59.198.136 - - [16/Oct/2024:17:40:12 +0200] "GET /renault.activities.at/htdocs/log/cron/shipp_Export_Data_3115721.txt HTTP/1.0" 404 325 "-" "Mozilla/5.0 (Linux; Android 5.0) AppleWebKit/537.36 (KHTML, like Gecko) Mobile Safari/537.36 (compatible; Bytespider; spider-feedback@bytedance.com)"
178.165.167.123 - - [16/Oct/2024:17:40:31 +0200] "GET /entry.php?id=10271&&ser=93171 HTTP/1.1" 200 987 "http://hausegger.activities.at/entry.php?id=10271&&ser=93111" "Mozilla/5.0 (Windows NT 10.0; Win64; x64; rv:131.0) Gecko/20100101 Firefox/131.0"
178.165.167.123 - - [16/Oct/2024:17:40:32 +0200] "GET /gui/javascript/form_form.js?1729093232 HTTP/1.1" 200 16206 "http://hausegger.activities.at/entry.php?id=10271&&ser=93171" "Mozilla/5.0 (Windows NT 10.0; Win64; x64; rv:131.0) Gecko/20100101 Firefox/131.0"
156.59.198.136 - - [16/Oct/2024:17:40:34 +0200] "GET /renault.activities.at/htdocs/log/cron/check_inventory_days_3115179.txt HTTP/1.0" 404 327 "-" "Mozilla/5.0 (Linux; Android 5.0) AppleWebKit/537.36 (KHTML, like Gecko) Mobile Safari/537.36 (compatible; Bytespider; spider-feedback@bytedance.com)"
156.59.198.136 - - [16/Oct/2024:17:40:55 +0200] "GET /renault.activities.at/htdocs/export/pdf/emuc_document/10252811.pdf HTTP/1.0" 404 321 "-" "Mozilla/5.0 (Linux; Android 5.0) AppleWebKit/537.36 (KHTML, like Gecko) Mobile Safari/537.36 (compatible; Bytespider; spider-feedback@bytedance.com)"
178.165.167.123 - - [16/Oct/2024:17:41:12 +0200] "POST /entry.php?id=10828 HTTP/1.1" 200 8715 "http://hausegger.activities.at/entry.php?id=10828" "Mozilla/5.0 (Windows NT 10.0; Win64; x64; rv:131.0) Gecko/20100101 Firefox/131.0"
178.165.167.123 - - [16/Oct/2024:17:41:12 +0200] "GET /gui/javascript/form_form.js?1729093272 HTTP/1.1" 200 16206 "http://hausegger.activities.at/entry.php?id=10828" "Mozilla/5.0 (Windows NT 10.0; Win64; x64; rv:131.0) Gecko/20100101 Firefox/131.0"
178.165.167.123 - - [16/Oct/2024:17:41:12 +0200] "GET /entry.php?id=10889&document_id=10343334& HTTP/1.1" 200 1510 "http://hausegger.activities.at/entry.php?id=10828" "Mozilla/5.0 (Windows NT 10.0; Win64; x64; rv:131.0) Gecko/20100101 Firefox/131.0"
178.165.167.123 - - [16/Oct/2024:17:41:14 +0200] "POST /entry.php?id=10828 HTTP/1.1" 200 8773 "http://hausegger.activities.at/entry.php?id=10828" "Mozilla/5.0 (Windows NT 10.0; Win64; x64; rv:131.0) Gecko/20100101 Firefox/131.0"
178.165.167.123 - - [16/Oct/2024:17:41:15 +0200] "GET /gui/javascript/form_form.js?1729093275 HTTP/1.1" 200 16206 "http://hausegger.activities.at/entry.php?id=10828" "Mozilla/5.0 (Windows NT 10.0; Win64; x64; rv:131.0) Gecko/20100101 Firefox/131.0"
178.165.167.123 - - [16/Oct/2024:17:41:15 +0200] "GET /entry.php?id=10889&document_id=10343334& HTTP/1.1" 200 1510 "http://hausegger.activities.at/entry.php?id=10828" "Mozilla/5.0 (Windows NT 10.0; Win64; x64; rv:131.0) Gecko/20100101 Firefox/131.0"
178.165.167.123 - - [16/Oct/2024:17:41:15 +0200] "GET /entry.php?id=10831 HTTP/1.1" 200 8825 "http://hausegger.activities.at/entry.php?id=10270&__app__=10006038" "Mozilla/5.0 (Windows NT 10.0; Win64; x64; rv:131.0) Gecko/20100101 Firefox/131.0"
156.59.198.136 - - [16/Oct/2024:17:41:16 +0200] "GET /renault.activities.at/htdocs/export/pdf/emuc_document/10916036.pdf HTTP/1.0" 404 322 "-" "Mozilla/5.0 (Linux; Android 5.0) AppleWebKit/537.36 (KHTML, like Gecko) Mobile Safari/537.36 (compatible; Bytespider; spider-feedback@bytedance.com)"
178.165.167.123 - - [16/Oct/2024:17:41:16 +0200] "GET /gui/javascript/form_form.js?1729093276 HTTP/1.1" 200 16206 "http://hausegger.activities.at/entry.php?id=10831" "Mozilla/5.0 (Windows NT 10.0; Win64; x64; rv:131.0) Gecko/20100101 Firefox/131.0"
178.165.167.123 - - [16/Oct/2024:17:41:16 +0200] "GET /entry.php?id=10889&document_id=& HTTP/1.1" 200 1510 "http://hausegger.activities.at/entry.php?id=10831" "Mozilla/5.0 (Windows NT 10.0; Win64; x64; rv:131.0) Gecko/20100101 Firefox/131.0"
178.165.167.123 - - [16/Oct/2024:17:41:17 +0200] "GET /entry.php?id=11237&type=10668 HTTP/1.1" 200 276 "http://hausegger.activities.at/entry.php?id=10831" "Mozilla/5.0 (Windows NT 10.0; Win64; x64; rv:131.0) Gecko/20100101 Firefox/131.0"
178.165.167.123 - - [16/Oct/2024:17:41:17 +0200] "GET /entry.php?id=11238&mode=document&form=10668& HTTP/1.1" 200 3240 "http://hausegger.activities.at/entry.php?id=11237&type=10668" "Mozilla/5.0 (Windows NT 10.0; Win64; x64; rv:131.0) Gecko/20100101 Firefox/131.0"
178.165.167.123 - - [16/Oct/2024:17:41:17 +0200] "GET /entry.php?id=10676&&title=Belegsuche HTTP/1.1" 200 1392 "http://hausegger.activities.at/entry.php?id=11237&type=10668" "Mozilla/5.0 (Windows NT 10.0; Win64; x64; rv:131.0) Gecko/20100101 Firefox/131.0"
178.165.167.123 - - [16/Oct/2024:17:41:18 +0200] "GET /gui/javascript/form_bu_document_workflow.js?1729093278 HTTP/1.1" 200 4900 "http://hausegger.activities.at/entry.php?id=11238&mode=document&form=10668&" "Mozilla/5.0 (Windows NT 10.0; Win64; x64; rv:131.0) Gecko/20100101 Firefox/131.0"
178.165.167.123 - - [16/Oct/2024:17:41:18 +0200] "GET /gui/javascript/form_form.js?1729093278 HTTP/1.1" 200 16206 "http://hausegger.activities.at/entry.php?id=11238&mode=document&form=10668&" "Mozilla/5.0 (Windows NT 10.0; Win64; x64; rv:131.0) Gecko/20100101 Firefox/131.0"
178.165.167.123 - - [16/Oct/2024:17:41:18 +0200] "GET /gui/javascript/form_form.js?1729093278 HTTP/1.1" 200 16206 "http://hausegger.activities.at/entry.php?id=10676&&title=Belegsuche" "Mozilla/5.0 (Windows NT 10.0; Win64; x64; rv:131.0) Gecko/20100101 Firefox/131.0"
178.165.167.123 - - [16/Oct/2024:17:41:17 +0200] "GET /entry.php?id=11239&mode=document&form=10668& HTTP/1.1" 200 2023 "http://hausegger.activities.at/entry.php?id=11237&type=10668" "Mozilla/5.0 (Windows NT 10.0; Win64; x64; rv:131.0) Gecko/20100101 Firefox/131.0"
178.165.167.123 - - [16/Oct/2024:17:41:18 +0200] "GET /framework/icons/treeview/ftv2doc.gif HTTP/1.1" 200 199 "http://hausegger.activities.at/entry.php?id=11239&mode=document&form=10668&" "Mozilla/5.0 (Windows NT 10.0; Win64; x64; rv:131.0) Gecko/20100101 Firefox/131.0"
178.165.167.123 - - [16/Oct/2024:17:41:18 +0200] "GET /entry.php?id=11240&mode=document&form=10668& HTTP/1.1" 200 2673 "http://hausegger.activities.at/entry.php?id=11237&type=10668" "Mozilla/5.0 (Windows NT 10.0; Win64; x64; rv:131.0) Gecko/20100101 Firefox/131.0"
178.165.167.123 - - [16/Oct/2024:17:41:18 +0200] "GET /entry.php?id=10778&form=11066&name=list& HTTP/1.1" 200 2588 "http://hausegger.activities.at/entry.php?id=11240&mode=document&form=10668&" "Mozilla/5.0 (Windows NT 10.0; Win64; x64; rv:131.0) Gecko/20100101 Firefox/131.0"
178.165.167.123 - - [16/Oct/2024:17:41:18 +0200] "GET /entry.php?id=10776&form=11066&name=list& HTTP/1.1" 200 1515 "http://hausegger.activities.at/entry.php?id=11240&mode=document&form=10668&" "Mozilla/5.0 (Windows NT 10.0; Win64; x64; rv:131.0) Gecko/20100101 Firefox/131.0"
178.165.167.123 - - [16/Oct/2024:17:41:18 +0200] "POST /entry.php?id=11240 HTTP/1.1" 200 2677 "http://hausegger.activities.at/entry.php?id=11240&mode=document&form=10668&" "Mozilla/5.0 (Windows NT 10.0; Win64; x64; rv:131.0) Gecko/20100101 Firefox/131.0"
178.165.167.123 - - [16/Oct/2024:17:41:19 +0200] "GET /gui/javascript/form_form.js?1729093279 HTTP/1.1" 200 16206 "http://hausegger.activities.at/entry.php?id=11240" "Mozilla/5.0 (Windows NT 10.0; Win64; x64; rv:131.0) Gecko/20100101 Firefox/131.0"
178.165.167.123 - - [16/Oct/2024:17:41:19 +0200] "GET /entry.php?id=10776&form=11066&name=list& HTTP/1.1" 200 1515 "http://hausegger.activities.at/entry.php?id=11240" "Mozilla/5.0 (Windows NT 10.0; Win64; x64; rv:131.0) Gecko/20100101 Firefox/131.0"
178.165.167.123 - - [16/Oct/2024:17:41:19 +0200] "GET /entry.php?id=10778&form=11066&name=list& HTTP/1.1" 200 2790 "http://hausegger.activities.at/entry.php?id=11240" "Mozilla/5.0 (Windows NT 10.0; Win64; x64; rv:131.0) Gecko/20100101 Firefox/131.0"
178.165.167.123 - - [16/Oct/2024:17:41:21 +0200] "POST /entry.php?id=10831 HTTP/1.1" 200 8323 "http://hausegger.activities.at/entry.php?id=10831" "Mozilla/5.0 (Windows NT 10.0; Win64; x64; rv:131.0) Gecko/20100101 Firefox/131.0"
178.165.167.123 - - [16/Oct/2024:17:41:21 +0200] "GET /gui/javascript/form_form.js?1729093281 HTTP/1.1" 200 16206 "http://hausegger.activities.at/entry.php?id=10831" "Mozilla/5.0 (Windows NT 10.0; Win64; x64; rv:131.0) Gecko/20100101 Firefox/131.0"
178.165.167.123 - - [16/Oct/2024:17:41:21 +0200] "GET /entry.php?id=10889&document_id=10343339& HTTP/1.1" 200 1510 "http://hausegger.activities.at/entry.php?id=10831" "Mozilla/5.0 (Windows NT 10.0; Win64; x64; rv:131.0) Gecko/20100101 Firefox/131.0"
178.165.167.123 - - [16/Oct/2024:17:41:22 +0200] "GET /gui/javascript/form_form.js?1729093282 HTTP/1.1" 200 16206 "http://hausegger.activities.at/entry.php?id=10889&document_id=10343339&" "Mozilla/5.0 (Windows NT 10.0; Win64; x64; rv:131.0) Gecko/20100101 Firefox/131.0"
178.165.167.123 - - [16/Oct/2024:17:41:25 +0200] "POST /entry.php?id=10831 HTTP/1.1" 200 8377 "http://hausegger.activities.at/entry.php?id=10831" "Mozilla/5.0 (Windows NT 10.0; Win64; x64; rv:131.0) Gecko/20100101 Firefox/131.0"
178.165.167.123 - - [16/Oct/2024:17:41:25 +0200] "GET /gui/javascript/form_form.js?1729093285 HTTP/1.1" 200 16206 "http://hausegger.activities.at/entry.php?id=10831" "Mozilla/5.0 (Windows NT 10.0; Win64; x64; rv:131.0) Gecko/20100101 Firefox/131.0"
178.165.167.123 - - [16/Oct/2024:17:41:25 +0200] "GET /entry.php?id=10889&document_id=10343339& HTTP/1.1" 200 1510 "http://hausegger.activities.at/entry.php?id=10831" "Mozilla/5.0 (Windows NT 10.0; Win64; x64; rv:131.0) Gecko/20100101 Firefox/131.0"
178.165.167.123 - - [16/Oct/2024:17:41:32 +0200] "GET /entry.php?id=10271&&ser=93232 HTTP/1.1" 200 987 "http://hausegger.activities.at/entry.php?id=10271&&ser=93171" "Mozilla/5.0 (Windows NT 10.0; Win64; x64; rv:131.0) Gecko/20100101 Firefox/131.0"
178.165.167.123 - - [16/Oct/2024:17:41:32 +0200] "GET /gui/javascript/form_form.js?1729093292 HTTP/1.1" 200 16206 "http://hausegger.activities.at/entry.php?id=10271&&ser=93232" "Mozilla/5.0 (Windows NT 10.0; Win64; x64; rv:131.0) Gecko/20100101 Firefox/131.0"
156.59.198.135 - - [16/Oct/2024:17:41:37 +0200] "GET /renault.activities.at/htdocs/export/xml/data/orders/202010131703_RenOrder.xml HTTP/1.0" 404 329 "-" "Mozilla/5.0 (Linux; Android 5.0) AppleWebKit/537.36 (KHTML, like Gecko) Mobile Safari/537.36 (compatible; Bytespider; spider-feedback@bytedance.com)"
178.165.167.123 - - [16/Oct/2024:17:41:39 +0200] "GET /entry.php?id=10828 HTTP/1.1" 200 9145 "http://hausegger.activities.at/entry.php?id=10270&__app__=10006038" "Mozilla/5.0 (Windows NT 10.0; Win64; x64; rv:131.0) Gecko/20100101 Firefox/131.0"
178.165.167.123 - - [16/Oct/2024:17:41:39 +0200] "GET /gui/javascript/form_form.js?1729093299 HTTP/1.1" 200 16206 "http://hausegger.activities.at/entry.php?id=10828" "Mozilla/5.0 (Windows NT 10.0; Win64; x64; rv:131.0) Gecko/20100101 Firefox/131.0"
178.165.167.123 - - [16/Oct/2024:17:41:39 +0200] "GET /entry.php?id=10889&document_id=& HTTP/1.1" 200 1510 "http://hausegger.activities.at/entry.php?id=10828" "Mozilla/5.0 (Windows NT 10.0; Win64; x64; rv:131.0) Gecko/20100101 Firefox/131.0"
178.165.167.123 - - [16/Oct/2024:17:41:41 +0200] "GET /entry.php?id=11237&type=10665 HTTP/1.1" 200 276 "http://hausegger.activities.at/entry.php?id=10828" "Mozilla/5.0 (Windows NT 10.0; Win64; x64; rv:131.0) Gecko/20100101 Firefox/131.0"
178.165.167.123 - - [16/Oct/2024:17:41:41 +0200] "GET /entry.php?id=11238&mode=document&form=10665& HTTP/1.1" 200 3304 "http://hausegger.activities.at/entry.php?id=11237&type=10665" "Mozilla/5.0 (Windows NT 10.0; Win64; x64; rv:131.0) Gecko/20100101 Firefox/131.0"
178.165.167.123 - - [16/Oct/2024:17:41:41 +0200] "GET /entry.php?id=10676&&title=Belegsuche HTTP/1.1" 200 1392 "http://hausegger.activities.at/entry.php?id=11237&type=10665" "Mozilla/5.0 (Windows NT 10.0; Win64; x64; rv:131.0) Gecko/20100101 Firefox/131.0"
178.165.167.123 - - [16/Oct/2024:17:41:41 +0200] "GET /gui/javascript/form_bu_document_workflow.js?1729093301 HTTP/1.1" 200 4900 "http://hausegger.activities.at/entry.php?id=11238&mode=document&form=10665&" "Mozilla/5.0 (Windows NT 10.0; Win64; x64; rv:131.0) Gecko/20100101 Firefox/131.0"
178.165.167.123 - - [16/Oct/2024:17:41:41 +0200] "GET /gui/javascript/form_form.js?1729093301 HTTP/1.1" 200 16206 "http://hausegger.activities.at/entry.php?id=11238&mode=document&form=10665&" "Mozilla/5.0 (Windows NT 10.0; Win64; x64; rv:131.0) Gecko/20100101 Firefox/131.0"
178.165.167.123 - - [16/Oct/2024:17:41:41 +0200] "GET /gui/javascript/form_form.js?1729093301 HTTP/1.1" 200 16206 "http://hausegger.activities.at/entry.php?id=10676&&title=Belegsuche" "Mozilla/5.0 (Windows NT 10.0; Win64; x64; rv:131.0) Gecko/20100101 Firefox/131.0"
178.165.167.123 - - [16/Oct/2024:17:41:41 +0200] "GET /entry.php?id=11239&mode=document&form=10665& HTTP/1.1" 200 2018 "http://hausegger.activities.at/entry.php?id=11237&type=10665" "Mozilla/5.0 (Windows NT 10.0; Win64; x64; rv:131.0) Gecko/20100101 Firefox/131.0"
178.165.167.123 - - [16/Oct/2024:17:41:41 +0200] "GET /entry.php?id=11240&mode=document&form=10665& HTTP/1.1" 200 2672 "http://hausegger.activities.at/entry.php?id=11237&type=10665" "Mozilla/5.0 (Windows NT 10.0; Win64; x64; rv:131.0) Gecko/20100101 Firefox/131.0"
178.165.167.123 - - [16/Oct/2024:17:41:41 +0200] "GET /entry.php?id=10776&form=11066&name=list& HTTP/1.1" 200 1513 "http://hausegger.activities.at/entry.php?id=11240&mode=document&form=10665&" "Mozilla/5.0 (Windows NT 10.0; Win64; x64; rv:131.0) Gecko/20100101 Firefox/131.0"
178.165.167.123 - - [16/Oct/2024:17:41:41 +0200] "GET /entry.php?id=10778&form=11066&name=list& HTTP/1.1" 200 2586 "http://hausegger.activities.at/entry.php?id=11240&mode=document&form=10665&" "Mozilla/5.0 (Windows NT 10.0; Win64; x64; rv:131.0) Gecko/20100101 Firefox/131.0"
178.165.167.123 - - [16/Oct/2024:17:41:42 +0200] "POST /entry.php?id=11240 HTTP/1.1" 200 2673 "http://hausegger.activities.at/entry.php?id=11240&mode=document&form=10665&" "Mozilla/5.0 (Windows NT 10.0; Win64; x64; rv:131.0) Gecko/20100101 Firefox/131.0"
178.165.167.123 - - [16/Oct/2024:17:41:42 +0200] "GET /gui/javascript/form_bu_document_workflow.js?1729093302 HTTP/1.1" 200 4900 "http://hausegger.activities.at/entry.php?id=11240" "Mozilla/5.0 (Windows NT 10.0; Win64; x64; rv:131.0) Gecko/20100101 Firefox/131.0"
178.165.167.123 - - [16/Oct/2024:17:41:42 +0200] "GET /gui/javascript/form_form.js?1729093302 HTTP/1.1" 200 16206 "http://hausegger.activities.at/entry.php?id=11240" "Mozilla/5.0 (Windows NT 10.0; Win64; x64; rv:131.0) Gecko/20100101 Firefox/131.0"
178.165.167.123 - - [16/Oct/2024:17:41:42 +0200] "GET /entry.php?id=10778&form=11066&name=list& HTTP/1.1" 200 2915 "http://hausegger.activities.at/entry.php?id=11240" "Mozilla/5.0 (Windows NT 10.0; Win64; x64; rv:131.0) Gecko/20100101 Firefox/131.0"
178.165.167.123 - - [16/Oct/2024:17:41:42 +0200] "GET /entry.php?id=10776&form=11066&name=list& HTTP/1.1" 200 1513 "http://hausegger.activities.at/entry.php?id=11240" "Mozilla/5.0 (Windows NT 10.0; Win64; x64; rv:131.0) Gecko/20100101 Firefox/131.0"
156.59.198.136 - - [16/Oct/2024:17:41:58 +0200] "GET /renault.activities.at/htdocs/export/xml/data/orders/202109301603_RenOrder.xml HTTP/1.0" 404 329 "-" "Mozilla/5.0 (Linux; Android 5.0) AppleWebKit/537.36 (KHTML, like Gecko) Mobile Safari/537.36 (compatible; Bytespider; spider-feedback@bytedance.com)"
156.59.198.135 - - [16/Oct/2024:17:42:20 +0200] "GET /renault.activities.at/htdocs/log/cron/reminder_mailing_3115199.txt HTTP/1.0" 404 322 "-" "Mozilla/5.0 (Linux; Android 5.0) AppleWebKit/537.36 (KHTML, like Gecko) Mobile Safari/537.36 (compatible; Bytespider; spider-feedback@bytedance.com)"
178.165.167.123 - - [16/Oct/2024:17:42:32 +0200] "GET /entry.php?id=10271&&ser=93292 HTTP/1.1" 200 987 "http://hausegger.activities.at/entry.php?id=10271&&ser=93232" "Mozilla/5.0 (Windows NT 10.0; Win64; x64; rv:131.0) Gecko/20100101 Firefox/131.0"
178.165.167.123 - - [16/Oct/2024:17:42:32 +0200] "GET /gui/javascript/form_form.js?1729093352 HTTP/1.1" 200 16206 "http://hausegger.activities.at/entry.php?id=10271&&ser=93292" "Mozilla/5.0 (Windows NT 10.0; Win64; x64; rv:131.0) Gecko/20100101 Firefox/131.0"
156.59.198.136 - - [16/Oct/2024:17:42:40 +0200] "GET /renault.activities.at/htdocs/log/cron/system_mail_3115959.txt HTTP/1.0" 404 320 "-" "Mozilla/5.0 (Linux; Android 5.0) AppleWebKit/537.36 (KHTML, like Gecko) Mobile Safari/537.36 (compatible; Bytespider; spider-feedback@bytedance.com)"
156.59.198.135 - - [16/Oct/2024:17:43:01 +0200] "GET /renault.activities.at/htdocs/log/cron/shipp_Export_Data_3114856.txt HTTP/1.0" 404 325 "-" "Mozilla/5.0 (Linux; Android 5.0) AppleWebKit/537.36 (KHTML, like Gecko) Mobile Safari/537.36 (compatible; Bytespider; spider-feedback@bytedance.com)"
156.59.198.136 - - [16/Oct/2024:17:43:22 +0200] "GET /renault.activities.at/htdocs/export/xml/data/orders/201908201703_RenOrder.xml HTTP/1.0" 404 328 "-" "Mozilla/5.0 (Linux; Android 5.0) AppleWebKit/537.36 (KHTML, like Gecko) Mobile Safari/537.36 (compatible; Bytespider; spider-feedback@bytedance.com)"
178.165.167.123 - - [16/Oct/2024:17:43:32 +0200] "GET /entry.php?id=10271&&ser=93352 HTTP/1.1" 200 987 "http://hausegger.activities.at/entry.php?id=10271&&ser=93292" "Mozilla/5.0 (Windows NT 10.0; Win64; x64; rv:131.0) Gecko/20100101 Firefox/131.0"
178.165.167.123 - - [16/Oct/2024:17:43:32 +0200] "GET /gui/javascript/form_form.js?1729093412 HTTP/1.1" 200 16206 "http://hausegger.activities.at/entry.php?id=10271&&ser=93352" "Mozilla/5.0 (Windows NT 10.0; Win64; x64; rv:131.0) Gecko/20100101 Firefox/131.0"
156.59.198.136 - - [16/Oct/2024:17:43:44 +0200] "GET /renault.activities.at/htdocs/export/xml/data/orders/202105310803_RenOrder.xml HTTP/1.0" 404 329 "-" "Mozilla/5.0 (Linux; Android 5.0) AppleWebKit/537.36 (KHTML, like Gecko) Mobile Safari/537.36 (compatible; Bytespider; spider-feedback@bytedance.com)"
156.59.198.135 - - [16/Oct/2024:17:44:05 +0200] "GET /renault.activities.at/htdocs/log/cron/importLogisticData_3115996.txt HTTP/1.0" 404 324 "-" "Mozilla/5.0 (Linux; Android 5.0) AppleWebKit/537.36 (KHTML, like Gecko) Mobile Safari/537.36 (compatible; Bytespider; spider-feedback@bytedance.com)"
156.59.198.136 - - [16/Oct/2024:17:44:27 +0200] "GET /renault.activities.at/htdocs/export/xml/data/orders/202005111003_RenOrder.xml HTTP/1.0" 404 328 "-" "Mozilla/5.0 (Linux; Android 5.0) AppleWebKit/537.36 (KHTML, like Gecko) Mobile Safari/537.36 (compatible; Bytespider; spider-feedback@bytedance.com)"
178.165.167.123 - - [16/Oct/2024:17:44:32 +0200] "GET /entry.php?id=10271&&ser=93412 HTTP/1.1" 200 986 "http://hausegger.activities.at/entry.php?id=10271&&ser=93352" "Mozilla/5.0 (Windows NT 10.0; Win64; x64; rv:131.0) Gecko/20100101 Firefox/131.0"
178.165.167.123 - - [16/Oct/2024:17:44:33 +0200] "GET /gui/javascript/form_form.js?1729093473 HTTP/1.1" 200 16206 "http://hausegger.activities.at/entry.php?id=10271&&ser=93412" "Mozilla/5.0 (Windows NT 10.0; Win64; x64; rv:131.0) Gecko/20100101 Firefox/131.0"
156.59.198.136 - - [16/Oct/2024:17:44:48 +0200] "GET /renault.activities.at/htdocs/log/cron/importLogisticData_3116175.txt HTTP/1.0" 404 325 "-" "Mozilla/5.0 (Linux; Android 5.0) AppleWebKit/537.36 (KHTML, like Gecko) Mobile Safari/537.36 (compatible; Bytespider; spider-feedback@bytedance.com)"
156.59.198.136 - - [16/Oct/2024:17:45:10 +0200] "GET /renault.activities.at/htdocs/export/pdf/emuc_document/12149055.pdf HTTP/1.0" 404 321 "-" "Mozilla/5.0 (Linux; Android 5.0) AppleWebKit/537.36 (KHTML, like Gecko) Mobile Safari/537.36 (compatible; Bytespider; spider-feedback@bytedance.com)"
156.59.198.135 - - [16/Oct/2024:17:45:30 +0200] "GET /renault.activities.at/htdocs/export/xml/data/orders/202003051103_RenOrder.xml HTTP/1.0" 404 329 "-" "Mozilla/5.0 (Linux; Android 5.0) AppleWebKit/537.36 (KHTML, like Gecko) Mobile Safari/537.36 (compatible; Bytespider; spider-feedback@bytedance.com)"
178.165.167.123 - - [16/Oct/2024:17:45:33 +0200] "GET /entry.php?id=10271&&ser=93473 HTTP/1.1" 200 987 "http://hausegger.activities.at/entry.php?id=10271&&ser=93412" "Mozilla/5.0 (Windows NT 10.0; Win64; x64; rv:131.0) Gecko/20100101 Firefox/131.0"
178.165.167.123 - - [16/Oct/2024:17:45:33 +0200] "GET /gui/javascript/form_form.js?1729093533 HTTP/1.1" 200 16206 "http://hausegger.activities.at/entry.php?id=10271&&ser=93473" "Mozilla/5.0 (Windows NT 10.0; Win64; x64; rv:131.0) Gecko/20100101 Firefox/131.0"
156.59.198.135 - - [16/Oct/2024:17:45:52 +0200] "GET /renault.activities.at/htdocs/log/cron/reminder_mailing_3115246.txt HTTP/1.0" 404 323 "-" "Mozilla/5.0 (Linux; Android 5.0) AppleWebKit/537.36 (KHTML, like Gecko) Mobile Safari/537.36 (compatible; Bytespider; spider-feedback@bytedance.com)"
156.59.198.135 - - [16/Oct/2024:17:46:13 +0200] "GET /renault.activities.at/htdocs/export/xml/data/orders/202101281003_RenOrder.xml HTTP/1.0" 404 329 "-" "Mozilla/5.0 (Linux; Android 5.0) AppleWebKit/537.36 (KHTML, like Gecko) Mobile Safari/537.36 (compatible; Bytespider; spider-feedback@bytedance.com)"
178.165.167.123 - - [16/Oct/2024:17:46:33 +0200] "GET /entry.php?id=10271&&ser=93533 HTTP/1.1" 200 987 "http://hausegger.activities.at/entry.php?id=10271&&ser=93473" "Mozilla/5.0 (Windows NT 10.0; Win64; x64; rv:131.0) Gecko/20100101 Firefox/131.0"
178.165.167.123 - - [16/Oct/2024:17:46:33 +0200] "GET /gui/javascript/form_form.js?1729093593 HTTP/1.1" 200 16206 "http://hausegger.activities.at/entry.php?id=10271&&ser=93533" "Mozilla/5.0 (Windows NT 10.0; Win64; x64; rv:131.0) Gecko/20100101 Firefox/131.0"
156.59.198.135 - - [16/Oct/2024:17:46:34 +0200] "GET /renault.activities.at/htdocs/export/xml/data/orders/202111231203_RenOrder.xml HTTP/1.0" 404 329 "-" "Mozilla/5.0 (Linux; Android 5.0) AppleWebKit/537.36 (KHTML, like Gecko) Mobile Safari/537.36 (compatible; Bytespider; spider-feedback@bytedance.com)"
156.59.198.135 - - [16/Oct/2024:17:46:55 +0200] "GET /renault.activities.at/htdocs/log/cron/system_mail_3116044.txt HTTP/1.0" 404 320 "-" "Mozilla/5.0 (Linux; Android 5.0) AppleWebKit/537.36 (KHTML, like Gecko) Mobile Safari/537.36 (compatible; Bytespider; spider-feedback@bytedance.com)"
156.59.198.135 - - [16/Oct/2024:17:47:16 +0200] "GET /renault.activities.at/htdocs/export/xml/data/orders/202010141703_RenOrder.xml HTTP/1.0" 404 329 "-" "Mozilla/5.0 (Linux; Android 5.0) AppleWebKit/537.36 (KHTML, like Gecko) Mobile Safari/537.36 (compatible; Bytespider; spider-feedback@bytedance.com)"
93.174.93.12 - - [16/Oct/2024:17:47:22 +0200] "GET / HTTP/1.0" 200 423 "-" "Mozilla/5.0 (Windows NT 10.0; Win64; x64) AppleWebKit/537.36 (KHTML, like Gecko) Chrome/78.0.3887.7 Safari/537.36"
178.165.167.123 - - [16/Oct/2024:17:47:33 +0200] "GET /entry.php?id=10271&&ser=93593 HTTP/1.1" 200 987 "http://hausegger.activities.at/entry.php?id=10271&&ser=93533" "Mozilla/5.0 (Windows NT 10.0; Win64; x64; rv:131.0) Gecko/20100101 Firefox/131.0"
178.165.167.123 - - [16/Oct/2024:17:47:33 +0200] "GET /gui/javascript/form_form.js?1729093653 HTTP/1.1" 200 16206 "http://hausegger.activities.at/entry.php?id=10271&&ser=93593" "Mozilla/5.0 (Windows NT 10.0; Win64; x64; rv:131.0) Gecko/20100101 Firefox/131.0"
156.59.198.136 - - [16/Oct/2024:17:47:38 +0200] "GET /renault.activities.at/htdocs/export/xml/data/orders/202012071103_RenOrder.xml HTTP/1.0" 404 329 "-" "Mozilla/5.0 (Linux; Android 5.0) AppleWebKit/537.36 (KHTML, like Gecko) Mobile Safari/537.36 (compatible; Bytespider; spider-feedback@bytedance.com)"
156.59.198.136 - - [16/Oct/2024:17:47:58 +0200] "GET /renault.activities.at/htdocs/export/pdf/emuc_document/10424416.pdf HTTP/1.0" 404 321 "-" "Mozilla/5.0 (Linux; Android 5.0) AppleWebKit/537.36 (KHTML, like Gecko) Mobile Safari/537.36 (compatible; Bytespider; spider-feedback@bytedance.com)"
156.59.198.136 - - [16/Oct/2024:17:48:20 +0200] "GET /renault.activities.at/htdocs/log/cron/pickupLogisticData_3115710.txt HTTP/1.0" 404 326 "-" "Mozilla/5.0 (Linux; Android 5.0) AppleWebKit/537.36 (KHTML, like Gecko) Mobile Safari/537.36 (compatible; Bytespider; spider-feedback@bytedance.com)"
178.165.167.123 - - [16/Oct/2024:17:48:34 +0200] "GET /entry.php?id=10271&&ser=93653 HTTP/1.1" 200 987 "http://hausegger.activities.at/entry.php?id=10271&&ser=93593" "Mozilla/5.0 (Windows NT 10.0; Win64; x64; rv:131.0) Gecko/20100101 Firefox/131.0"
178.165.167.123 - - [16/Oct/2024:17:48:34 +0200] "GET /gui/javascript/form_form.js?1729093714 HTTP/1.1" 200 16206 "http://hausegger.activities.at/entry.php?id=10271&&ser=93653" "Mozilla/5.0 (Windows NT 10.0; Win64; x64; rv:131.0) Gecko/20100101 Firefox/131.0"
156.59.198.135 - - [16/Oct/2024:17:48:41 +0200] "GET /renault.activities.at/htdocs/export/xml/data/orders/201701171228_RenOrderAction.xml HTTP/1.0" 404 333 "-" "Mozilla/5.0 (Linux; Android 5.0) AppleWebKit/537.36 (KHTML, like Gecko) Mobile Safari/537.36 (compatible; Bytespider; spider-feedback@bytedance.com)"
156.59.198.135 - - [16/Oct/2024:17:49:03 +0200] "GET /renault.activities.at/htdocs/export/xml/data/orders/202109201503_RenOrder.xml HTTP/1.0" 404 328 "-" "Mozilla/5.0 (Linux; Android 5.0) AppleWebKit/537.36 (KHTML, like Gecko) Mobile Safari/537.36 (compatible; Bytespider; spider-feedback@bytedance.com)"
156.59.198.135 - - [16/Oct/2024:17:49:24 +0200] "GET /renault.activities.at/htdocs/log/cron/system_mail_3116236.txt HTTP/1.0" 404 320 "-" "Mozilla/5.0 (Linux; Android 5.0) AppleWebKit/537.36 (KHTML, like Gecko) Mobile Safari/537.36 (compatible; Bytespider; spider-feedback@bytedance.com)"
178.165.167.123 - - [16/Oct/2024:17:49:34 +0200] "GET /entry.php?id=10271&&ser=93714 HTTP/1.1" 200 987 "http://hausegger.activities.at/entry.php?id=10271&&ser=93653" "Mozilla/5.0 (Windows NT 10.0; Win64; x64; rv:131.0) Gecko/20100101 Firefox/131.0"
178.165.167.123 - - [16/Oct/2024:17:49:34 +0200] "GET /gui/javascript/form_form.js?1729093774 HTTP/1.1" 200 16206 "http://hausegger.activities.at/entry.php?id=10271&&ser=93714" "Mozilla/5.0 (Windows NT 10.0; Win64; x64; rv:131.0) Gecko/20100101 Firefox/131.0"
156.59.198.136 - - [16/Oct/2024:17:49:46 +0200] "GET /renault.activities.at/htdocs/export/xml/data/orders/202003111403_RenOrder.xml HTTP/1.0" 404 329 "-" "Mozilla/5.0 (Linux; Android 5.0) AppleWebKit/537.36 (KHTML, like Gecko) Mobile Safari/537.36 (compatible; Bytespider; spider-feedback@bytedance.com)"
156.59.198.135 - - [16/Oct/2024:17:50:06 +0200] "GET /renault.activities.at/htdocs/log/cron/check_inventory_days_3115178.txt HTTP/1.0" 404 327 "-" "Mozilla/5.0 (Linux; Android 5.0) AppleWebKit/537.36 (KHTML, like Gecko) Mobile Safari/537.36 (compatible; Bytespider; spider-feedback@bytedance.com)"
156.59.198.136 - - [16/Oct/2024:17:50:27 +0200] "GET /renault.activities.at/htdocs/log/cron/reminder_mailing_3115984.txt HTTP/1.0" 404 323 "-" "Mozilla/5.0 (Linux; Android 5.0) AppleWebKit/537.36 (KHTML, like Gecko) Mobile Safari/537.36 (compatible; Bytespider; spider-feedback@bytedance.com)"
178.165.167.123 - - [16/Oct/2024:17:50:34 +0200] "GET /entry.php?id=10271&&ser=93774 HTTP/1.1" 200 987 "http://hausegger.activities.at/entry.php?id=10271&&ser=93714" "Mozilla/5.0 (Windows NT 10.0; Win64; x64; rv:131.0) Gecko/20100101 Firefox/131.0"
178.165.167.123 - - [16/Oct/2024:17:50:34 +0200] "GET /gui/javascript/form_form.js?1729093834 HTTP/1.1" 200 16206 "http://hausegger.activities.at/entry.php?id=10271&&ser=93774" "Mozilla/5.0 (Windows NT 10.0; Win64; x64; rv:131.0) Gecko/20100101 Firefox/131.0"
156.59.198.135 - - [16/Oct/2024:17:50:48 +0200] "GET /renault.activities.at/htdocs/export/pdf/emuc_document/11907326.pdf HTTP/1.0" 404 322 "-" "Mozilla/5.0 (Linux; Android 5.0) AppleWebKit/537.36 (KHTML, like Gecko) Mobile Safari/537.36 (compatible; Bytespider; spider-feedback@bytedance.com)"
