178.165.167.123 - - [16/Oct/2024:12:20:45 +0200] "GET /gui/javascript/form_form.js?1729074045 HTTP/1.1" 200 16206 "http://hausegger.activities.at/entry.php?id=10271&&ser=73984" "Mozilla/5.0 (Windows NT 10.0; Win64; x64; rv:131.0) Gecko/20100101 Firefox/131.0"
178.165.167.123 - - [16/Oct/2024:12:21:29 +0200] "GET /entry.php?id=10271&&ser=74027 HTTP/1.1" 200 987 "http://hausegger.activities.at/entry.php?id=10271&&ser=73967" "Mozilla/5.0 (Windows NT 10.0; Win64; x64; rv:131.0) Gecko/20100101 Firefox/131.0"
178.165.167.123 - - [16/Oct/2024:12:21:29 +0200] "GET /gui/javascript/form_form.js?1729074089 HTTP/1.1" 200 16206 "http://hausegger.activities.at/entry.php?id=10271&&ser=74027" "Mozilla/5.0 (Windows NT 10.0; Win64; x64; rv:131.0) Gecko/20100101 Firefox/131.0"
178.165.167.123 - - [16/Oct/2024:12:21:45 +0200] "GET /entry.php?id=10271&&ser=74045 HTTP/1.1" 200 987 "http://hausegger.activities.at/entry.php?id=10271&&ser=73984" "Mozilla/5.0 (Windows NT 10.0; Win64; x64; rv:131.0) Gecko/20100101 Firefox/131.0"
178.165.167.123 - - [16/Oct/2024:12:21:45 +0200] "GET /gui/javascript/form_form.js?1729074105 HTTP/1.1" 200 16206 "http://hausegger.activities.at/entry.php?id=10271&&ser=74045" "Mozilla/5.0 (Windows NT 10.0; Win64; x64; rv:131.0) Gecko/20100101 Firefox/131.0"
178.165.167.123 - - [16/Oct/2024:12:22:29 +0200] "GET /entry.php?id=10271&&ser=74089 HTTP/1.1" 200 987 "http://hausegger.activities.at/entry.php?id=10271&&ser=74027" "Mozilla/5.0 (Windows NT 10.0; Win64; x64; rv:131.0) Gecko/20100101 Firefox/131.0"
178.165.167.123 - - [16/Oct/2024:12:22:29 +0200] "GET /gui/javascript/form_form.js?1729074149 HTTP/1.1" 200 16206 "http://hausegger.activities.at/entry.php?id=10271&&ser=74089" "Mozilla/5.0 (Windows NT 10.0; Win64; x64; rv:131.0) Gecko/20100101 Firefox/131.0"
178.165.167.123 - - [16/Oct/2024:12:22:46 +0200] "GET /entry.php?id=10271&&ser=74105 HTTP/1.1" 200 987 "http://hausegger.activities.at/entry.php?id=10271&&ser=74045" "Mozilla/5.0 (Windows NT 10.0; Win64; x64; rv:131.0) Gecko/20100101 Firefox/131.0"
178.165.167.123 - - [16/Oct/2024:12:22:46 +0200] "GET /gui/javascript/form_form.js?1729074166 HTTP/1.1" 200 16206 "http://hausegger.activities.at/entry.php?id=10271&&ser=74105" "Mozilla/5.0 (Windows NT 10.0; Win64; x64; rv:131.0) Gecko/20100101 Firefox/131.0"
178.165.167.123 - - [16/Oct/2024:12:23:29 +0200] "GET /entry.php?id=10271&&ser=74149 HTTP/1.1" 200 987 "http://hausegger.activities.at/entry.php?id=10271&&ser=74089" "Mozilla/5.0 (Windows NT 10.0; Win64; x64; rv:131.0) Gecko/20100101 Firefox/131.0"
178.165.167.123 - - [16/Oct/2024:12:23:30 +0200] "GET /gui/javascript/form_form.js?1729074209 HTTP/1.1" 200 16206 "http://hausegger.activities.at/entry.php?id=10271&&ser=74149" "Mozilla/5.0 (Windows NT 10.0; Win64; x64; rv:131.0) Gecko/20100101 Firefox/131.0"
178.165.167.123 - - [16/Oct/2024:12:23:46 +0200] "GET /entry.php?id=10271&&ser=74166 HTTP/1.1" 200 987 "http://hausegger.activities.at/entry.php?id=10271&&ser=74105" "Mozilla/5.0 (Windows NT 10.0; Win64; x64; rv:131.0) Gecko/20100101 Firefox/131.0"
178.165.167.123 - - [16/Oct/2024:12:23:46 +0200] "GET /gui/javascript/form_form.js?1729074226 HTTP/1.1" 200 16206 "http://hausegger.activities.at/entry.php?id=10271&&ser=74166" "Mozilla/5.0 (Windows NT 10.0; Win64; x64; rv:131.0) Gecko/20100101 Firefox/131.0"
178.165.167.123 - - [16/Oct/2024:12:24:30 +0200] "GET /entry.php?id=10271&&ser=74209 HTTP/1.1" 200 987 "http://hausegger.activities.at/entry.php?id=10271&&ser=74149" "Mozilla/5.0 (Windows NT 10.0; Win64; x64; rv:131.0) Gecko/20100101 Firefox/131.0"
178.165.167.123 - - [16/Oct/2024:12:24:30 +0200] "GET /gui/javascript/form_form.js?1729074270 HTTP/1.1" 200 16206 "http://hausegger.activities.at/entry.php?id=10271&&ser=74209" "Mozilla/5.0 (Windows NT 10.0; Win64; x64; rv:131.0) Gecko/20100101 Firefox/131.0"
178.165.167.123 - - [16/Oct/2024:12:24:46 +0200] "GET /entry.php?id=10271&&ser=74226 HTTP/1.1" 200 987 "http://hausegger.activities.at/entry.php?id=10271&&ser=74166" "Mozilla/5.0 (Windows NT 10.0; Win64; x64; rv:131.0) Gecko/20100101 Firefox/131.0"
178.165.167.123 - - [16/Oct/2024:12:24:46 +0200] "GET /gui/javascript/form_form.js?1729074286 HTTP/1.1" 200 16206 "http://hausegger.activities.at/entry.php?id=10271&&ser=74226" "Mozilla/5.0 (Windows NT 10.0; Win64; x64; rv:131.0) Gecko/20100101 Firefox/131.0"
178.165.167.123 - - [16/Oct/2024:12:25:30 +0200] "GET /entry.php?id=10271&&ser=74270 HTTP/1.1" 200 986 "http://hausegger.activities.at/entry.php?id=10271&&ser=74209" "Mozilla/5.0 (Windows NT 10.0; Win64; x64; rv:131.0) Gecko/20100101 Firefox/131.0"
178.165.167.123 - - [16/Oct/2024:12:25:30 +0200] "GET /gui/javascript/form_form.js?1729074330 HTTP/1.1" 200 16206 "http://hausegger.activities.at/entry.php?id=10271&&ser=74270" "Mozilla/5.0 (Windows NT 10.0; Win64; x64; rv:131.0) Gecko/20100101 Firefox/131.0"
46.174.191.29 - - [16/Oct/2024:12:25:37 +0200] "GET / HTTP/1.0" 200 423 "-" "Mozilla/5.0 (Windows NT 6.1; WOW64; Trident/7.0; AS; rv:11.0) like Gecko"
178.165.167.123 - - [16/Oct/2024:12:25:47 +0200] "GET /entry.php?id=10271&&ser=74286 HTTP/1.1" 200 987 "http://hausegger.activities.at/entry.php?id=10271&&ser=74226" "Mozilla/5.0 (Windows NT 10.0; Win64; x64; rv:131.0) Gecko/20100101 Firefox/131.0"
178.165.167.123 - - [16/Oct/2024:12:25:47 +0200] "GET /gui/javascript/form_form.js?1729074347 HTTP/1.1" 200 16206 "http://hausegger.activities.at/entry.php?id=10271&&ser=74286" "Mozilla/5.0 (Windows NT 10.0; Win64; x64; rv:131.0) Gecko/20100101 Firefox/131.0"
178.165.167.123 - - [16/Oct/2024:12:26:30 +0200] "GET /entry.php?id=10271&&ser=74330 HTTP/1.1" 200 985 "http://hausegger.activities.at/entry.php?id=10271&&ser=74270" "Mozilla/5.0 (Windows NT 10.0; Win64; x64; rv:131.0) Gecko/20100101 Firefox/131.0"
178.165.167.123 - - [16/Oct/2024:12:26:31 +0200] "GET /gui/javascript/form_form.js?1729074390 HTTP/1.1" 200 16206 "http://hausegger.activities.at/entry.php?id=10271&&ser=74330" "Mozilla/5.0 (Windows NT 10.0; Win64; x64; rv:131.0) Gecko/20100101 Firefox/131.0"
178.165.167.123 - - [16/Oct/2024:12:26:47 +0200] "GET /entry.php?id=10271&&ser=74347 HTTP/1.1" 200 986 "http://hausegger.activities.at/entry.php?id=10271&&ser=74286" "Mozilla/5.0 (Windows NT 10.0; Win64; x64; rv:131.0) Gecko/20100101 Firefox/131.0"
178.165.167.123 - - [16/Oct/2024:12:26:47 +0200] "GET /gui/javascript/form_form.js?1729074407 HTTP/1.1" 200 16206 "http://hausegger.activities.at/entry.php?id=10271&&ser=74347" "Mozilla/5.0 (Windows NT 10.0; Win64; x64; rv:131.0) Gecko/20100101 Firefox/131.0"
178.165.167.123 - - [16/Oct/2024:12:27:31 +0200] "GET /entry.php?id=10271&&ser=74390 HTTP/1.1" 200 986 "http://hausegger.activities.at/entry.php?id=10271&&ser=74330" "Mozilla/5.0 (Windows NT 10.0; Win64; x64; rv:131.0) Gecko/20100101 Firefox/131.0"
178.165.167.123 - - [16/Oct/2024:12:27:31 +0200] "GET /gui/javascript/form_form.js?1729074451 HTTP/1.1" 200 16206 "http://hausegger.activities.at/entry.php?id=10271&&ser=74390" "Mozilla/5.0 (Windows NT 10.0; Win64; x64; rv:131.0) Gecko/20100101 Firefox/131.0"
178.165.167.123 - - [16/Oct/2024:12:27:47 +0200] "GET /entry.php?id=10271&&ser=74407 HTTP/1.1" 200 986 "http://hausegger.activities.at/entry.php?id=10271&&ser=74347" "Mozilla/5.0 (Windows NT 10.0; Win64; x64; rv:131.0) Gecko/20100101 Firefox/131.0"
178.165.167.123 - - [16/Oct/2024:12:27:48 +0200] "GET /gui/javascript/form_form.js?1729074467 HTTP/1.1" 200 16206 "http://hausegger.activities.at/entry.php?id=10271&&ser=74407" "Mozilla/5.0 (Windows NT 10.0; Win64; x64; rv:131.0) Gecko/20100101 Firefox/131.0"
178.165.167.123 - - [16/Oct/2024:12:28:31 +0200] "GET /entry.php?id=10271&&ser=74451 HTTP/1.1" 200 987 "http://hausegger.activities.at/entry.php?id=10271&&ser=74390" "Mozilla/5.0 (Windows NT 10.0; Win64; x64; rv:131.0) Gecko/20100101 Firefox/131.0"
178.165.167.123 - - [16/Oct/2024:12:28:31 +0200] "GET /gui/javascript/form_form.js?1729074511 HTTP/1.1" 200 16206 "http://hausegger.activities.at/entry.php?id=10271&&ser=74451" "Mozilla/5.0 (Windows NT 10.0; Win64; x64; rv:131.0) Gecko/20100101 Firefox/131.0"
178.165.167.123 - - [16/Oct/2024:12:28:48 +0200] "GET /entry.php?id=10271&&ser=74467 HTTP/1.1" 200 988 "http://hausegger.activities.at/entry.php?id=10271&&ser=74407" "Mozilla/5.0 (Windows NT 10.0; Win64; x64; rv:131.0) Gecko/20100101 Firefox/131.0"
178.165.167.123 - - [16/Oct/2024:12:28:48 +0200] "GET /gui/javascript/form_form.js?1729074528 HTTP/1.1" 200 16206 "http://hausegger.activities.at/entry.php?id=10271&&ser=74467" "Mozilla/5.0 (Windows NT 10.0; Win64; x64; rv:131.0) Gecko/20100101 Firefox/131.0"
178.165.167.123 - - [16/Oct/2024:12:29:31 +0200] "GET /entry.php?id=10271&&ser=74511 HTTP/1.1" 200 987 "http://hausegger.activities.at/entry.php?id=10271&&ser=74451" "Mozilla/5.0 (Windows NT 10.0; Win64; x64; rv:131.0) Gecko/20100101 Firefox/131.0"
178.165.167.123 - - [16/Oct/2024:12:29:31 +0200] "GET /gui/javascript/form_form.js?1729074571 HTTP/1.1" 200 16206 "http://hausegger.activities.at/entry.php?id=10271&&ser=74511" "Mozilla/5.0 (Windows NT 10.0; Win64; x64; rv:131.0) Gecko/20100101 Firefox/131.0"
178.165.167.123 - - [16/Oct/2024:12:29:48 +0200] "GET /entry.php?id=10271&&ser=74528 HTTP/1.1" 200 987 "http://hausegger.activities.at/entry.php?id=10271&&ser=74467" "Mozilla/5.0 (Windows NT 10.0; Win64; x64; rv:131.0) Gecko/20100101 Firefox/131.0"
178.165.167.123 - - [16/Oct/2024:12:29:48 +0200] "GET /gui/javascript/form_form.js?1729074588 HTTP/1.1" 200 16206 "http://hausegger.activities.at/entry.php?id=10271&&ser=74528" "Mozilla/5.0 (Windows NT 10.0; Win64; x64; rv:131.0) Gecko/20100101 Firefox/131.0"
178.165.167.123 - - [16/Oct/2024:12:30:32 +0200] "GET /entry.php?id=10271&&ser=74571 HTTP/1.1" 200 987 "http://hausegger.activities.at/entry.php?id=10271&&ser=74511" "Mozilla/5.0 (Windows NT 10.0; Win64; x64; rv:131.0) Gecko/20100101 Firefox/131.0"
178.165.167.123 - - [16/Oct/2024:12:30:32 +0200] "GET /gui/javascript/form_form.js?1729074632 HTTP/1.1" 200 16206 "http://hausegger.activities.at/entry.php?id=10271&&ser=74571" "Mozilla/5.0 (Windows NT 10.0; Win64; x64; rv:131.0) Gecko/20100101 Firefox/131.0"
178.165.167.123 - - [16/Oct/2024:12:30:48 +0200] "GET /entry.php?id=10271&&ser=74588 HTTP/1.1" 200 987 "http://hausegger.activities.at/entry.php?id=10271&&ser=74528" "Mozilla/5.0 (Windows NT 10.0; Win64; x64; rv:131.0) Gecko/20100101 Firefox/131.0"
178.165.167.123 - - [16/Oct/2024:12:30:49 +0200] "GET /gui/javascript/form_form.js?1729074649 HTTP/1.1" 200 16206 "http://hausegger.activities.at/entry.php?id=10271&&ser=74588" "Mozilla/5.0 (Windows NT 10.0; Win64; x64; rv:131.0) Gecko/20100101 Firefox/131.0"
80.82.77.202 - - [16/Oct/2024:12:31:13 +0200] "\x16\x03\x02\x01o\x01" 400 383 "-" "-"
178.165.167.123 - - [16/Oct/2024:12:31:32 +0200] "GET /entry.php?id=10271&&ser=74632 HTTP/1.1" 200 987 "http://hausegger.activities.at/entry.php?id=10271&&ser=74571" "Mozilla/5.0 (Windows NT 10.0; Win64; x64; rv:131.0) Gecko/20100101 Firefox/131.0"
178.165.167.123 - - [16/Oct/2024:12:31:32 +0200] "GET /gui/javascript/form_form.js?1729074692 HTTP/1.1" 200 16206 "http://hausegger.activities.at/entry.php?id=10271&&ser=74632" "Mozilla/5.0 (Windows NT 10.0; Win64; x64; rv:131.0) Gecko/20100101 Firefox/131.0"
178.165.167.123 - - [16/Oct/2024:12:31:49 +0200] "GET /entry.php?id=10271&&ser=74649 HTTP/1.1" 200 987 "http://hausegger.activities.at/entry.php?id=10271&&ser=74588" "Mozilla/5.0 (Windows NT 10.0; Win64; x64; rv:131.0) Gecko/20100101 Firefox/131.0"
178.165.167.123 - - [16/Oct/2024:12:31:49 +0200] "GET /gui/javascript/form_form.js?1729074709 HTTP/1.1" 200 16206 "http://hausegger.activities.at/entry.php?id=10271&&ser=74649" "Mozilla/5.0 (Windows NT 10.0; Win64; x64; rv:131.0) Gecko/20100101 Firefox/131.0"
178.165.167.123 - - [16/Oct/2024:12:32:32 +0200] "GET /entry.php?id=10271&&ser=74692 HTTP/1.1" 200 987 "http://hausegger.activities.at/entry.php?id=10271&&ser=74632" "Mozilla/5.0 (Windows NT 10.0; Win64; x64; rv:131.0) Gecko/20100101 Firefox/131.0"
178.165.167.123 - - [16/Oct/2024:12:32:32 +0200] "GET /gui/javascript/form_form.js?1729074752 HTTP/1.1" 200 16206 "http://hausegger.activities.at/entry.php?id=10271&&ser=74692" "Mozilla/5.0 (Windows NT 10.0; Win64; x64; rv:131.0) Gecko/20100101 Firefox/131.0"
178.165.167.123 - - [16/Oct/2024:12:32:49 +0200] "GET /entry.php?id=10271&&ser=74709 HTTP/1.1" 200 987 "http://hausegger.activities.at/entry.php?id=10271&&ser=74649" "Mozilla/5.0 (Windows NT 10.0; Win64; x64; rv:131.0) Gecko/20100101 Firefox/131.0"
178.165.167.123 - - [16/Oct/2024:12:32:49 +0200] "GET /gui/javascript/form_form.js?1729074769 HTTP/1.1" 200 16206 "http://hausegger.activities.at/entry.php?id=10271&&ser=74709" "Mozilla/5.0 (Windows NT 10.0; Win64; x64; rv:131.0) Gecko/20100101 Firefox/131.0"
178.165.167.123 - - [16/Oct/2024:12:33:32 +0200] "GET /entry.php?id=10271&&ser=74752 HTTP/1.1" 200 987 "http://hausegger.activities.at/entry.php?id=10271&&ser=74692" "Mozilla/5.0 (Windows NT 10.0; Win64; x64; rv:131.0) Gecko/20100101 Firefox/131.0"
178.165.167.123 - - [16/Oct/2024:12:33:33 +0200] "GET /gui/javascript/form_form.js?1729074812 HTTP/1.1" 200 16206 "http://hausegger.activities.at/entry.php?id=10271&&ser=74752" "Mozilla/5.0 (Windows NT 10.0; Win64; x64; rv:131.0) Gecko/20100101 Firefox/131.0"
178.165.167.123 - - [16/Oct/2024:12:33:50 +0200] "GET /entry.php?id=10271&&ser=74769 HTTP/1.1" 200 987 "http://hausegger.activities.at/entry.php?id=10271&&ser=74709" "Mozilla/5.0 (Windows NT 10.0; Win64; x64; rv:131.0) Gecko/20100101 Firefox/131.0"
178.165.167.123 - - [16/Oct/2024:12:33:50 +0200] "GET /gui/javascript/form_form.js?1729074830 HTTP/1.1" 200 16206 "http://hausegger.activities.at/entry.php?id=10271&&ser=74769" "Mozilla/5.0 (Windows NT 10.0; Win64; x64; rv:131.0) Gecko/20100101 Firefox/131.0"
178.165.167.123 - - [16/Oct/2024:12:34:33 +0200] "GET /entry.php?id=10271&&ser=74812 HTTP/1.1" 200 987 "http://hausegger.activities.at/entry.php?id=10271&&ser=74752" "Mozilla/5.0 (Windows NT 10.0; Win64; x64; rv:131.0) Gecko/20100101 Firefox/131.0"
178.165.167.123 - - [16/Oct/2024:12:34:33 +0200] "GET /gui/javascript/form_form.js?1729074873 HTTP/1.1" 200 16206 "http://hausegger.activities.at/entry.php?id=10271&&ser=74812" "Mozilla/5.0 (Windows NT 10.0; Win64; x64; rv:131.0) Gecko/20100101 Firefox/131.0"
178.165.167.123 - - [16/Oct/2024:12:34:50 +0200] "GET /entry.php?id=10271&&ser=74830 HTTP/1.1" 200 987 "http://hausegger.activities.at/entry.php?id=10271&&ser=74769" "Mozilla/5.0 (Windows NT 10.0; Win64; x64; rv:131.0) Gecko/20100101 Firefox/131.0"
178.165.167.123 - - [16/Oct/2024:12:34:50 +0200] "GET /gui/javascript/form_form.js?1729074890 HTTP/1.1" 200 16206 "http://hausegger.activities.at/entry.php?id=10271&&ser=74830" "Mozilla/5.0 (Windows NT 10.0; Win64; x64; rv:131.0) Gecko/20100101 Firefox/131.0"
178.165.167.123 - - [16/Oct/2024:12:35:33 +0200] "GET /entry.php?id=10271&&ser=74873 HTTP/1.1" 200 987 "http://hausegger.activities.at/entry.php?id=10271&&ser=74812" "Mozilla/5.0 (Windows NT 10.0; Win64; x64; rv:131.0) Gecko/20100101 Firefox/131.0"
178.165.167.123 - - [16/Oct/2024:12:35:33 +0200] "GET /gui/javascript/form_form.js?1729074933 HTTP/1.1" 200 16206 "http://hausegger.activities.at/entry.php?id=10271&&ser=74873" "Mozilla/5.0 (Windows NT 10.0; Win64; x64; rv:131.0) Gecko/20100101 Firefox/131.0"
178.165.167.123 - - [16/Oct/2024:12:35:50 +0200] "GET /entry.php?id=10271&&ser=74890 HTTP/1.1" 200 987 "http://hausegger.activities.at/entry.php?id=10271&&ser=74830" "Mozilla/5.0 (Windows NT 10.0; Win64; x64; rv:131.0) Gecko/20100101 Firefox/131.0"
178.165.167.123 - - [16/Oct/2024:12:35:50 +0200] "GET /gui/javascript/form_form.js?1729074950 HTTP/1.1" 200 16206 "http://hausegger.activities.at/entry.php?id=10271&&ser=74890" "Mozilla/5.0 (Windows NT 10.0; Win64; x64; rv:131.0) Gecko/20100101 Firefox/131.0"
178.165.167.123 - - [16/Oct/2024:12:36:33 +0200] "GET /entry.php?id=10271&&ser=74933 HTTP/1.1" 200 987 "http://hausegger.activities.at/entry.php?id=10271&&ser=74873" "Mozilla/5.0 (Windows NT 10.0; Win64; x64; rv:131.0) Gecko/20100101 Firefox/131.0"
178.165.167.123 - - [16/Oct/2024:12:36:33 +0200] "GET /gui/javascript/form_form.js?1729074993 HTTP/1.1" 200 16206 "http://hausegger.activities.at/entry.php?id=10271&&ser=74933" "Mozilla/5.0 (Windows NT 10.0; Win64; x64; rv:131.0) Gecko/20100101 Firefox/131.0"
178.165.167.123 - - [16/Oct/2024:12:36:51 +0200] "GET /entry.php?id=10271&&ser=74950 HTTP/1.1" 200 986 "http://hausegger.activities.at/entry.php?id=10271&&ser=74890" "Mozilla/5.0 (Windows NT 10.0; Win64; x64; rv:131.0) Gecko/20100101 Firefox/131.0"
178.165.167.123 - - [16/Oct/2024:12:36:51 +0200] "GET /gui/javascript/form_form.js?1729075011 HTTP/1.1" 200 16206 "http://hausegger.activities.at/entry.php?id=10271&&ser=74950" "Mozilla/5.0 (Windows NT 10.0; Win64; x64; rv:131.0) Gecko/20100101 Firefox/131.0"
178.165.167.123 - - [16/Oct/2024:12:37:34 +0200] "GET /entry.php?id=10271&&ser=74993 HTTP/1.1" 200 987 "http://hausegger.activities.at/entry.php?id=10271&&ser=74933" "Mozilla/5.0 (Windows NT 10.0; Win64; x64; rv:131.0) Gecko/20100101 Firefox/131.0"
178.165.167.123 - - [16/Oct/2024:12:37:34 +0200] "GET /gui/javascript/form_form.js?1729075054 HTTP/1.1" 200 16206 "http://hausegger.activities.at/entry.php?id=10271&&ser=74993" "Mozilla/5.0 (Windows NT 10.0; Win64; x64; rv:131.0) Gecko/20100101 Firefox/131.0"
178.165.167.123 - - [16/Oct/2024:12:37:51 +0200] "GET /entry.php?id=10271&&ser=75011 HTTP/1.1" 200 987 "http://hausegger.activities.at/entry.php?id=10271&&ser=74950" "Mozilla/5.0 (Windows NT 10.0; Win64; x64; rv:131.0) Gecko/20100101 Firefox/131.0"
178.165.167.123 - - [16/Oct/2024:12:37:51 +0200] "GET /gui/javascript/form_form.js?1729075071 HTTP/1.1" 200 16206 "http://hausegger.activities.at/entry.php?id=10271&&ser=75011" "Mozilla/5.0 (Windows NT 10.0; Win64; x64; rv:131.0) Gecko/20100101 Firefox/131.0"
178.165.167.123 - - [16/Oct/2024:12:38:34 +0200] "GET /entry.php?id=10271&&ser=75054 HTTP/1.1" 200 987 "http://hausegger.activities.at/entry.php?id=10271&&ser=74993" "Mozilla/5.0 (Windows NT 10.0; Win64; x64; rv:131.0) Gecko/20100101 Firefox/131.0"
178.165.167.123 - - [16/Oct/2024:12:38:34 +0200] "GET /gui/javascript/form_form.js?1729075114 HTTP/1.1" 200 16206 "http://hausegger.activities.at/entry.php?id=10271&&ser=75054" "Mozilla/5.0 (Windows NT 10.0; Win64; x64; rv:131.0) Gecko/20100101 Firefox/131.0"
178.165.167.123 - - [16/Oct/2024:12:38:51 +0200] "GET /entry.php?id=10271&&ser=75071 HTTP/1.1" 200 987 "http://hausegger.activities.at/entry.php?id=10271&&ser=75011" "Mozilla/5.0 (Windows NT 10.0; Win64; x64; rv:131.0) Gecko/20100101 Firefox/131.0"
178.165.167.123 - - [16/Oct/2024:12:38:52 +0200] "GET /gui/javascript/form_form.js?1729075131 HTTP/1.1" 200 16206 "http://hausegger.activities.at/entry.php?id=10271&&ser=75071" "Mozilla/5.0 (Windows NT 10.0; Win64; x64; rv:131.0) Gecko/20100101 Firefox/131.0"
178.165.167.123 - - [16/Oct/2024:12:39:34 +0200] "GET /entry.php?id=10271&&ser=75114 HTTP/1.1" 200 987 "http://hausegger.activities.at/entry.php?id=10271&&ser=75054" "Mozilla/5.0 (Windows NT 10.0; Win64; x64; rv:131.0) Gecko/20100101 Firefox/131.0"
178.165.167.123 - - [16/Oct/2024:12:39:34 +0200] "GET /gui/javascript/form_form.js?1729075174 HTTP/1.1" 200 16206 "http://hausegger.activities.at/entry.php?id=10271&&ser=75114" "Mozilla/5.0 (Windows NT 10.0; Win64; x64; rv:131.0) Gecko/20100101 Firefox/131.0"
178.165.167.123 - - [16/Oct/2024:12:39:52 +0200] "GET /entry.php?id=10271&&ser=75131 HTTP/1.1" 200 987 "http://hausegger.activities.at/entry.php?id=10271&&ser=75071" "Mozilla/5.0 (Windows NT 10.0; Win64; x64; rv:131.0) Gecko/20100101 Firefox/131.0"
178.165.167.123 - - [16/Oct/2024:12:39:52 +0200] "GET /gui/javascript/form_form.js?1729075192 HTTP/1.1" 200 16206 "http://hausegger.activities.at/entry.php?id=10271&&ser=75131" "Mozilla/5.0 (Windows NT 10.0; Win64; x64; rv:131.0) Gecko/20100101 Firefox/131.0"
178.165.167.123 - - [16/Oct/2024:12:40:34 +0200] "GET /entry.php?id=10271&&ser=75174 HTTP/1.1" 200 987 "http://hausegger.activities.at/entry.php?id=10271&&ser=75114" "Mozilla/5.0 (Windows NT 10.0; Win64; x64; rv:131.0) Gecko/20100101 Firefox/131.0"
178.165.167.123 - - [16/Oct/2024:12:40:34 +0200] "GET /gui/javascript/form_form.js?1729075234 HTTP/1.1" 200 16206 "http://hausegger.activities.at/entry.php?id=10271&&ser=75174" "Mozilla/5.0 (Windows NT 10.0; Win64; x64; rv:131.0) Gecko/20100101 Firefox/131.0"
178.165.167.123 - - [16/Oct/2024:12:40:52 +0200] "GET /entry.php?id=10271&&ser=75192 HTTP/1.1" 200 987 "http://hausegger.activities.at/entry.php?id=10271&&ser=75131" "Mozilla/5.0 (Windows NT 10.0; Win64; x64; rv:131.0) Gecko/20100101 Firefox/131.0"
178.165.167.123 - - [16/Oct/2024:12:40:52 +0200] "GET /gui/javascript/form_form.js?1729075252 HTTP/1.1" 200 16206 "http://hausegger.activities.at/entry.php?id=10271&&ser=75192" "Mozilla/5.0 (Windows NT 10.0; Win64; x64; rv:131.0) Gecko/20100101 Firefox/131.0"
178.165.167.123 - - [16/Oct/2024:12:41:35 +0200] "GET /entry.php?id=10271&&ser=75234 HTTP/1.1" 200 987 "http://hausegger.activities.at/entry.php?id=10271&&ser=75174" "Mozilla/5.0 (Windows NT 10.0; Win64; x64; rv:131.0) Gecko/20100101 Firefox/131.0"
178.165.167.123 - - [16/Oct/2024:12:41:35 +0200] "GET /gui/javascript/form_form.js?1729075295 HTTP/1.1" 200 16206 "http://hausegger.activities.at/entry.php?id=10271&&ser=75234" "Mozilla/5.0 (Windows NT 10.0; Win64; x64; rv:131.0) Gecko/20100101 Firefox/131.0"
178.165.167.123 - - [16/Oct/2024:12:41:52 +0200] "GET /entry.php?id=10271&&ser=75252 HTTP/1.1" 200 987 "http://hausegger.activities.at/entry.php?id=10271&&ser=75192" "Mozilla/5.0 (Windows NT 10.0; Win64; x64; rv:131.0) Gecko/20100101 Firefox/131.0"
178.165.167.123 - - [16/Oct/2024:12:41:53 +0200] "GET /gui/javascript/form_form.js?1729075313 HTTP/1.1" 200 16206 "http://hausegger.activities.at/entry.php?id=10271&&ser=75252" "Mozilla/5.0 (Windows NT 10.0; Win64; x64; rv:131.0) Gecko/20100101 Firefox/131.0"
87.120.113.249 - - [16/Oct/2024:12:41:55 +0200] "GET /_adminer.php HTTP/1.1" 404 289 "-" "Mozilla/5.0 (Macintosh; Intel Mac OS X 10_15_7) AppleWebKit/605.1.15 (KHTML, like Gecko) LoiLoNote/19.0.0 Version/17.1.2 Safari/605.1.15"
87.120.113.249 - - [16/Oct/2024:12:41:55 +0200] "GET /adminer/ HTTP/1.1" 404 287 "-" "Mozilla/5.0 (ZZ; Linux x86_64; rv:125.0) Gecko/20100101 Firefox/125.0"
87.120.113.249 - - [16/Oct/2024:12:41:55 +0200] "GET /adminer.php HTTP/1.1" 404 289 "-" "Mozilla/5.0 (Windows NT 10.0; Win64; x64) AppleWebKit/537.36 (KHTML, like Gecko) Chrome/124.0.0.0 Whale/3.26.244.21 Safari/537.36"
87.120.113.249 - - [16/Oct/2024:12:41:55 +0200] "GET /editor.php HTTP/1.1" 404 288 "-" "Mozilla/5.0 (Macintosh; Intel Mac OS X 10_15_7) AppleWebKit/605.1.15 (KHTML, like Gecko) Version/17.4.1 Safari/605.2.17"
87.120.113.249 - - [16/Oct/2024:12:41:55 +0200] "GET /mysql.php HTTP/1.1" 404 288 "-" "Mozilla/5.0 (Macintosh; Intel Mac OS X 10_15_7) AppleWebKit/605.1.15 (KHTML, like Gecko) Version/17.4 Safari/605.8.22"
87.120.113.249 - - [16/Oct/2024:12:41:55 +0200] "GET /sql.php HTTP/1.1" 404 287 "-" "Mozilla/5.0 (Macintosh; Intel Mac OS X 10_13_6) AppleWebKit/605.1.15 (KHTML, like Gecko) Version/13.1.2 Safari/605.1.15"
87.120.113.249 - - [16/Oct/2024:12:41:56 +0200] "GET /wp-content/plugins/adminer/adminer.php HTTP/1.1" 404 304 "-" "Mozilla/5.0 (Macintosh; Intel Mac OS X 10_15_7) AppleWebKit/605.1.15 (KHTML, like Gecko) Version/17.5 Safari/605.1.27"
178.165.167.123 - - [16/Oct/2024:12:42:36 +0200] "GET /entry.php?id=10271&&ser=75295 HTTP/1.1" 200 987 "http://hausegger.activities.at/entry.php?id=10271&&ser=75234" "Mozilla/5.0 (Windows NT 10.0; Win64; x64; rv:131.0) Gecko/20100101 Firefox/131.0"
178.165.167.123 - - [16/Oct/2024:12:42:36 +0200] "GET /gui/javascript/form_form.js?1729075356 HTTP/1.1" 200 16206 "http://hausegger.activities.at/entry.php?id=10271&&ser=75295" "Mozilla/5.0 (Windows NT 10.0; Win64; x64; rv:131.0) Gecko/20100101 Firefox/131.0"
178.165.167.123 - - [16/Oct/2024:12:42:53 +0200] "GET /entry.php?id=10271&&ser=75313 HTTP/1.1" 200 987 "http://hausegger.activities.at/entry.php?id=10271&&ser=75252" "Mozilla/5.0 (Windows NT 10.0; Win64; x64; rv:131.0) Gecko/20100101 Firefox/131.0"
178.165.167.123 - - [16/Oct/2024:12:42:53 +0200] "GET /gui/javascript/form_form.js?1729075373 HTTP/1.1" 200 16206 "http://hausegger.activities.at/entry.php?id=10271&&ser=75313" "Mozilla/5.0 (Windows NT 10.0; Win64; x64; rv:131.0) Gecko/20100101 Firefox/131.0"
156.59.198.135 - - [16/Oct/2024:12:43:03 +0200] "GET /renault.activities.at/htdocs/log/cron/shipp_Export_Data_3115308.txt HTTP/1.0" 404 325 "-" "Mozilla/5.0 (Linux; Android 5.0) AppleWebKit/537.36 (KHTML, like Gecko) Mobile Safari/537.36 (compatible; Bytespider; spider-feedback@bytedance.com)"
156.59.198.135 - - [16/Oct/2024:12:43:24 +0200] "GET /renault.activities.at/htdocs/export/pdf/emuc_document/10770075.pdf HTTP/1.0" 404 322 "-" "Mozilla/5.0 (Linux; Android 5.0) AppleWebKit/537.36 (KHTML, like Gecko) Mobile Safari/537.36 (compatible; Bytespider; spider-feedback@bytedance.com)"
178.165.167.123 - - [16/Oct/2024:12:43:36 +0200] "GET /entry.php?id=10271&&ser=75356 HTTP/1.1" 200 987 "http://hausegger.activities.at/entry.php?id=10271&&ser=75295" "Mozilla/5.0 (Windows NT 10.0; Win64; x64; rv:131.0) Gecko/20100101 Firefox/131.0"
178.165.167.123 - - [16/Oct/2024:12:43:36 +0200] "GET /gui/javascript/form_form.js?1729075416 HTTP/1.1" 200 16206 "http://hausegger.activities.at/entry.php?id=10271&&ser=75356" "Mozilla/5.0 (Windows NT 10.0; Win64; x64; rv:131.0) Gecko/20100101 Firefox/131.0"
156.59.198.136 - - [16/Oct/2024:12:43:45 +0200] "GET /renault.activities.at/htdocs/export/xml/data/orders/202001291103_RenOrder.xml HTTP/1.0" 404 329 "-" "Mozilla/5.0 (Linux; Android 5.0) AppleWebKit/537.36 (KHTML, like Gecko) Mobile Safari/537.36 (compatible; Bytespider; spider-feedback@bytedance.com)"
178.165.167.123 - - [16/Oct/2024:12:43:53 +0200] "GET /entry.php?id=10271&&ser=75373 HTTP/1.1" 200 987 "http://hausegger.activities.at/entry.php?id=10271&&ser=75313" "Mozilla/5.0 (Windows NT 10.0; Win64; x64; rv:131.0) Gecko/20100101 Firefox/131.0"
178.165.167.123 - - [16/Oct/2024:12:43:53 +0200] "GET /gui/javascript/form_form.js?1729075433 HTTP/1.1" 200 16206 "http://hausegger.activities.at/entry.php?id=10271&&ser=75373" "Mozilla/5.0 (Windows NT 10.0; Win64; x64; rv:131.0) Gecko/20100101 Firefox/131.0"
156.59.198.135 - - [16/Oct/2024:12:44:06 +0200] "GET /renault.activities.at/htdocs/export/pdf/emuc_document/12333535.pdf HTTP/1.0" 404 322 "-" "Mozilla/5.0 (Linux; Android 5.0) AppleWebKit/537.36 (KHTML, like Gecko) Mobile Safari/537.36 (compatible; Bytespider; spider-feedback@bytedance.com)"
156.59.198.135 - - [16/Oct/2024:12:44:27 +0200] "GET /renault.activities.at/htdocs/export/xml/data/orders/202002041703_RenOrder.xml HTTP/1.0" 404 329 "-" "Mozilla/5.0 (Linux; Android 5.0) AppleWebKit/537.36 (KHTML, like Gecko) Mobile Safari/537.36 (compatible; Bytespider; spider-feedback@bytedance.com)"
178.165.167.123 - - [16/Oct/2024:12:44:36 +0200] "GET /entry.php?id=10271&&ser=75416 HTTP/1.1" 200 987 "http://hausegger.activities.at/entry.php?id=10271&&ser=75356" "Mozilla/5.0 (Windows NT 10.0; Win64; x64; rv:131.0) Gecko/20100101 Firefox/131.0"
178.165.167.123 - - [16/Oct/2024:12:44:36 +0200] "GET /gui/javascript/form_form.js?1729075476 HTTP/1.1" 200 16206 "http://hausegger.activities.at/entry.php?id=10271&&ser=75416" "Mozilla/5.0 (Windows NT 10.0; Win64; x64; rv:131.0) Gecko/20100101 Firefox/131.0"
156.59.198.135 - - [16/Oct/2024:12:44:48 +0200] "GET /renault.activities.at/htdocs/log/cron/reminder_mailing_3116316.txt HTTP/1.0" 404 323 "-" "Mozilla/5.0 (Linux; Android 5.0) AppleWebKit/537.36 (KHTML, like Gecko) Mobile Safari/537.36 (compatible; Bytespider; spider-feedback@bytedance.com)"
178.165.167.123 - - [16/Oct/2024:12:44:54 +0200] "GET /entry.php?id=10271&&ser=75433 HTTP/1.1" 200 987 "http://hausegger.activities.at/entry.php?id=10271&&ser=75373" "Mozilla/5.0 (Windows NT 10.0; Win64; x64; rv:131.0) Gecko/20100101 Firefox/131.0"
178.165.167.123 - - [16/Oct/2024:12:44:54 +0200] "GET /gui/javascript/form_form.js?1729075494 HTTP/1.1" 200 16206 "http://hausegger.activities.at/entry.php?id=10271&&ser=75433" "Mozilla/5.0 (Windows NT 10.0; Win64; x64; rv:131.0) Gecko/20100101 Firefox/131.0"
156.59.198.136 - - [16/Oct/2024:12:45:09 +0200] "GET /renault.activities.at/htdocs/export/xml/data/orders/201912200903_RenOrder.xml HTTP/1.0" 404 329 "-" "Mozilla/5.0 (Linux; Android 5.0) AppleWebKit/537.36 (KHTML, like Gecko) Mobile Safari/537.36 (compatible; Bytespider; spider-feedback@bytedance.com)"
156.59.198.135 - - [16/Oct/2024:12:45:30 +0200] "GET /renault.activities.at/htdocs/export/xml/data/orders/201912131003_RenOrder.xml HTTP/1.0" 404 328 "-" "Mozilla/5.0 (Linux; Android 5.0) AppleWebKit/537.36 (KHTML, like Gecko) Mobile Safari/537.36 (compatible; Bytespider; spider-feedback@bytedance.com)"
178.165.167.123 - - [16/Oct/2024:12:45:37 +0200] "GET /entry.php?id=10271&&ser=75476 HTTP/1.1" 200 987 "http://hausegger.activities.at/entry.php?id=10271&&ser=75416" "Mozilla/5.0 (Windows NT 10.0; Win64; x64; rv:131.0) Gecko/20100101 Firefox/131.0"
178.165.167.123 - - [16/Oct/2024:12:45:37 +0200] "GET /gui/javascript/form_form.js?1729075537 HTTP/1.1" 200 16206 "http://hausegger.activities.at/entry.php?id=10271&&ser=75476" "Mozilla/5.0 (Windows NT 10.0; Win64; x64; rv:131.0) Gecko/20100101 Firefox/131.0"
156.59.198.136 - - [16/Oct/2024:12:45:51 +0200] "GET /renault.activities.at/htdocs/log/cron/autologout_3115770.txt HTTP/1.0" 404 318 "-" "Mozilla/5.0 (Linux; Android 5.0) AppleWebKit/537.36 (KHTML, like Gecko) Mobile Safari/537.36 (compatible; Bytespider; spider-feedback@bytedance.com)"
178.165.167.123 - - [16/Oct/2024:12:45:54 +0200] "GET /entry.php?id=10271&&ser=75494 HTTP/1.1" 200 988 "http://hausegger.activities.at/entry.php?id=10271&&ser=75433" "Mozilla/5.0 (Windows NT 10.0; Win64; x64; rv:131.0) Gecko/20100101 Firefox/131.0"
178.165.167.123 - - [16/Oct/2024:12:45:54 +0200] "GET /gui/javascript/form_form.js?1729075554 HTTP/1.1" 200 16206 "http://hausegger.activities.at/entry.php?id=10271&&ser=75494" "Mozilla/5.0 (Windows NT 10.0; Win64; x64; rv:131.0) Gecko/20100101 Firefox/131.0"
156.59.198.136 - - [16/Oct/2024:12:46:12 +0200] "GET /renault.activities.at/htdocs/log/cron/reminder_mailing_3115463.txt HTTP/1.0" 404 323 "-" "Mozilla/5.0 (Linux; Android 5.0) AppleWebKit/537.36 (KHTML, like Gecko) Mobile Safari/537.36 (compatible; Bytespider; spider-feedback@bytedance.com)"
156.59.198.136 - - [16/Oct/2024:12:46:34 +0200] "GET /renault.activities.at/htdocs/log/cron/system_mail_3115312.txt HTTP/1.0" 404 320 "-" "Mozilla/5.0 (Linux; Android 5.0) AppleWebKit/537.36 (KHTML, like Gecko) Mobile Safari/537.36 (compatible; Bytespider; spider-feedback@bytedance.com)"
178.165.167.123 - - [16/Oct/2024:12:46:38 +0200] "GET /entry.php?id=10271&&ser=75537 HTTP/1.1" 200 987 "http://hausegger.activities.at/entry.php?id=10271&&ser=75476" "Mozilla/5.0 (Windows NT 10.0; Win64; x64; rv:131.0) Gecko/20100101 Firefox/131.0"
178.165.167.123 - - [16/Oct/2024:12:46:38 +0200] "GET /gui/javascript/form_form.js?1729075598 HTTP/1.1" 200 16206 "http://hausegger.activities.at/entry.php?id=10271&&ser=75537" "Mozilla/5.0 (Windows NT 10.0; Win64; x64; rv:131.0) Gecko/20100101 Firefox/131.0"
178.165.167.123 - - [16/Oct/2024:12:46:54 +0200] "GET /entry.php?id=10271&&ser=75554 HTTP/1.1" 200 987 "http://hausegger.activities.at/entry.php?id=10271&&ser=75494" "Mozilla/5.0 (Windows NT 10.0; Win64; x64; rv:131.0) Gecko/20100101 Firefox/131.0"
178.165.167.123 - - [16/Oct/2024:12:46:54 +0200] "GET /gui/javascript/form_form.js?1729075614 HTTP/1.1" 200 16206 "http://hausegger.activities.at/entry.php?id=10271&&ser=75554" "Mozilla/5.0 (Windows NT 10.0; Win64; x64; rv:131.0) Gecko/20100101 Firefox/131.0"
156.59.198.136 - - [16/Oct/2024:12:46:55 +0200] "GET /renault.activities.at/htdocs/export/xml/data/orders/202009171003_RenOrder.xml HTTP/1.0" 404 330 "-" "Mozilla/5.0 (Linux; Android 5.0) AppleWebKit/537.36 (KHTML, like Gecko) Mobile Safari/537.36 (compatible; Bytespider; spider-feedback@bytedance.com)"
156.59.198.135 - - [16/Oct/2024:12:47:16 +0200] "GET /renault.activities.at/htdocs/log/cron/reminder_mailing_3115649.txt HTTP/1.0" 404 323 "-" "Mozilla/5.0 (Linux; Android 5.0) AppleWebKit/537.36 (KHTML, like Gecko) Mobile Safari/537.36 (compatible; Bytespider; spider-feedback@bytedance.com)"
156.59.198.136 - - [16/Oct/2024:12:47:37 +0200] "GET /renault.activities.at/htdocs/export/pdf/emuc_document/12251581.pdf HTTP/1.0" 404 321 "-" "Mozilla/5.0 (Linux; Android 5.0) AppleWebKit/537.36 (KHTML, like Gecko) Mobile Safari/537.36 (compatible; Bytespider; spider-feedback@bytedance.com)"
178.165.167.123 - - [16/Oct/2024:12:47:38 +0200] "GET /entry.php?id=10271&&ser=75598 HTTP/1.1" 200 987 "http://hausegger.activities.at/entry.php?id=10271&&ser=75537" "Mozilla/5.0 (Windows NT 10.0; Win64; x64; rv:131.0) Gecko/20100101 Firefox/131.0"
178.165.167.123 - - [16/Oct/2024:12:47:38 +0200] "GET /gui/javascript/form_form.js?1729075658 HTTP/1.1" 200 16206 "http://hausegger.activities.at/entry.php?id=10271&&ser=75598" "Mozilla/5.0 (Windows NT 10.0; Win64; x64; rv:131.0) Gecko/20100101 Firefox/131.0"
178.165.167.123 - - [16/Oct/2024:12:47:55 +0200] "GET /entry.php?id=10271&&ser=75614 HTTP/1.1" 200 987 "http://hausegger.activities.at/entry.php?id=10271&&ser=75554" "Mozilla/5.0 (Windows NT 10.0; Win64; x64; rv:131.0) Gecko/20100101 Firefox/131.0"
178.165.167.123 - - [16/Oct/2024:12:47:55 +0200] "GET /gui/javascript/form_form.js?1729075675 HTTP/1.1" 200 16206 "http://hausegger.activities.at/entry.php?id=10271&&ser=75614" "Mozilla/5.0 (Windows NT 10.0; Win64; x64; rv:131.0) Gecko/20100101 Firefox/131.0"
156.59.198.136 - - [16/Oct/2024:12:47:59 +0200] "GET /renault.activities.at/htdocs/log/cron/shipp_Export_Data_3114939.txt HTTP/1.0" 404 325 "-" "Mozilla/5.0 (Linux; Android 5.0) AppleWebKit/537.36 (KHTML, like Gecko) Mobile Safari/537.36 (compatible; Bytespider; spider-feedback@bytedance.com)"
156.59.198.135 - - [16/Oct/2024:12:48:19 +0200] "GET /renault.activities.at/htdocs/export/xml/data/orders/202104291103_RenOrder.xml HTTP/1.0" 404 329 "-" "Mozilla/5.0 (Linux; Android 5.0) AppleWebKit/537.36 (KHTML, like Gecko) Mobile Safari/537.36 (compatible; Bytespider; spider-feedback@bytedance.com)"
178.165.167.123 - - [16/Oct/2024:12:48:38 +0200] "GET /entry.php?id=10271&&ser=75658 HTTP/1.1" 200 987 "http://hausegger.activities.at/entry.php?id=10271&&ser=75598" "Mozilla/5.0 (Windows NT 10.0; Win64; x64; rv:131.0) Gecko/20100101 Firefox/131.0"
178.165.167.123 - - [16/Oct/2024:12:48:38 +0200] "GET /gui/javascript/form_form.js?1729075718 HTTP/1.1" 200 16206 "http://hausegger.activities.at/entry.php?id=10271&&ser=75658" "Mozilla/5.0 (Windows NT 10.0; Win64; x64; rv:131.0) Gecko/20100101 Firefox/131.0"
156.59.198.136 - - [16/Oct/2024:12:48:41 +0200] "GET /renault.activities.at/htdocs/export/xml/data/orders/201908260903_RenOrder.xml HTTP/1.0" 404 329 "-" "Mozilla/5.0 (Linux; Android 5.0) AppleWebKit/537.36 (KHTML, like Gecko) Mobile Safari/537.36 (compatible; Bytespider; spider-feedback@bytedance.com)"
178.165.167.123 - - [16/Oct/2024:12:48:55 +0200] "GET /entry.php?id=10271&&ser=75675 HTTP/1.1" 200 987 "http://hausegger.activities.at/entry.php?id=10271&&ser=75614" "Mozilla/5.0 (Windows NT 10.0; Win64; x64; rv:131.0) Gecko/20100101 Firefox/131.0"
178.165.167.123 - - [16/Oct/2024:12:48:55 +0200] "GET /gui/javascript/form_form.js?1729075735 HTTP/1.1" 200 16206 "http://hausegger.activities.at/entry.php?id=10271&&ser=75675" "Mozilla/5.0 (Windows NT 10.0; Win64; x64; rv:131.0) Gecko/20100101 Firefox/131.0"
156.59.198.135 - - [16/Oct/2024:12:49:02 +0200] "GET /renault.activities.at/htdocs/export/pdf/emuc_document/10608474.pdf HTTP/1.0" 404 322 "-" "Mozilla/5.0 (Linux; Android 5.0) AppleWebKit/537.36 (KHTML, like Gecko) Mobile Safari/537.36 (compatible; Bytespider; spider-feedback@bytedance.com)"
156.59.198.136 - - [16/Oct/2024:12:49:23 +0200] "GET /renault.activities.at/htdocs/export/pdf/emuc_document/12226506.pdf HTTP/1.0" 404 322 "-" "Mozilla/5.0 (Linux; Android 5.0) AppleWebKit/537.36 (KHTML, like Gecko) Mobile Safari/537.36 (compatible; Bytespider; spider-feedback@bytedance.com)"
178.165.167.123 - - [16/Oct/2024:12:49:38 +0200] "GET /entry.php?id=10271&&ser=75718 HTTP/1.1" 200 988 "http://hausegger.activities.at/entry.php?id=10271&&ser=75658" "Mozilla/5.0 (Windows NT 10.0; Win64; x64; rv:131.0) Gecko/20100101 Firefox/131.0"
178.165.167.123 - - [16/Oct/2024:12:49:39 +0200] "GET /gui/javascript/form_form.js?1729075778 HTTP/1.1" 200 16206 "http://hausegger.activities.at/entry.php?id=10271&&ser=75718" "Mozilla/5.0 (Windows NT 10.0; Win64; x64; rv:131.0) Gecko/20100101 Firefox/131.0"
156.59.198.135 - - [16/Oct/2024:12:49:44 +0200] "GET /renault.activities.at/htdocs/export/pdf/emuc_document/10668168.pdf HTTP/1.0" 404 322 "-" "Mozilla/5.0 (Linux; Android 5.0) AppleWebKit/537.36 (KHTML, like Gecko) Mobile Safari/537.36 (compatible; Bytespider; spider-feedback@bytedance.com)"
178.165.167.123 - - [16/Oct/2024:12:49:55 +0200] "GET /entry.php?id=10271&&ser=75735 HTTP/1.1" 200 987 "http://hausegger.activities.at/entry.php?id=10271&&ser=75675" "Mozilla/5.0 (Windows NT 10.0; Win64; x64; rv:131.0) Gecko/20100101 Firefox/131.0"
178.165.167.123 - - [16/Oct/2024:12:49:56 +0200] "GET /gui/javascript/form_form.js?1729075795 HTTP/1.1" 200 16206 "http://hausegger.activities.at/entry.php?id=10271&&ser=75735" "Mozilla/5.0 (Windows NT 10.0; Win64; x64; rv:131.0) Gecko/20100101 Firefox/131.0"
156.59.198.135 - - [16/Oct/2024:12:50:05 +0200] "GET /renault.activities.at/htdocs/export/xml/data/orders/201911080903_RenOrder.xml HTTP/1.0" 404 328 "-" "Mozilla/5.0 (Linux; Android 5.0) AppleWebKit/537.36 (KHTML, like Gecko) Mobile Safari/537.36 (compatible; Bytespider; spider-feedback@bytedance.com)"
156.59.198.135 - - [16/Oct/2024:12:50:26 +0200] "GET /renault.activities.at/htdocs/export/pdf/emuc_document/12251466.pdf HTTP/1.0" 404 322 "-" "Mozilla/5.0 (Linux; Android 5.0) AppleWebKit/537.36 (KHTML, like Gecko) Mobile Safari/537.36 (compatible; Bytespider; spider-feedback@bytedance.com)"
178.165.167.123 - - [16/Oct/2024:12:50:39 +0200] "GET /entry.php?id=10271&&ser=75778 HTTP/1.1" 200 987 "http://hausegger.activities.at/entry.php?id=10271&&ser=75718" "Mozilla/5.0 (Windows NT 10.0; Win64; x64; rv:131.0) Gecko/20100101 Firefox/131.0"
178.165.167.123 - - [16/Oct/2024:12:50:39 +0200] "GET /gui/javascript/form_form.js?1729075839 HTTP/1.1" 200 16206 "http://hausegger.activities.at/entry.php?id=10271&&ser=75778" "Mozilla/5.0 (Windows NT 10.0; Win64; x64; rv:131.0) Gecko/20100101 Firefox/131.0"
156.59.198.136 - - [16/Oct/2024:12:50:48 +0200] "GET /renault.activities.at/htdocs/export/pdf/emuc_document/10554294.pdf HTTP/1.0" 404 322 "-" "Mozilla/5.0 (Linux; Android 5.0) AppleWebKit/537.36 (KHTML, like Gecko) Mobile Safari/537.36 (compatible; Bytespider; spider-feedback@bytedance.com)"
178.165.167.123 - - [16/Oct/2024:12:50:56 +0200] "GET /entry.php?id=10271&&ser=75795 HTTP/1.1" 200 987 "http://hausegger.activities.at/entry.php?id=10271&&ser=75735" "Mozilla/5.0 (Windows NT 10.0; Win64; x64; rv:131.0) Gecko/20100101 Firefox/131.0"
178.165.167.123 - - [16/Oct/2024:12:50:56 +0200] "GET /gui/javascript/form_form.js?1729075856 HTTP/1.1" 200 16206 "http://hausegger.activities.at/entry.php?id=10271&&ser=75795" "Mozilla/5.0 (Windows NT 10.0; Win64; x64; rv:131.0) Gecko/20100101 Firefox/131.0"
156.59.198.135 - - [16/Oct/2024:12:51:10 +0200] "GET /renault.activities.at/htdocs/log/cron/reminder_mailing_3115519.txt HTTP/1.0" 404 322 "-" "Mozilla/5.0 (Linux; Android 5.0) AppleWebKit/537.36 (KHTML, like Gecko) Mobile Safari/537.36 (compatible; Bytespider; spider-feedback@bytedance.com)"
156.59.198.135 - - [16/Oct/2024:12:51:31 +0200] "GET /renault.activities.at/htdocs/log/cron/reminder_mailing_3115977.txt HTTP/1.0" 404 323 "-" "Mozilla/5.0 (Linux; Android 5.0) AppleWebKit/537.36 (KHTML, like Gecko) Mobile Safari/537.36 (compatible; Bytespider; spider-feedback@bytedance.com)"
178.165.167.123 - - [16/Oct/2024:12:51:39 +0200] "GET /entry.php?id=10271&&ser=75839 HTTP/1.1" 200 987 "http://hausegger.activities.at/entry.php?id=10271&&ser=75778" "Mozilla/5.0 (Windows NT 10.0; Win64; x64; rv:131.0) Gecko/20100101 Firefox/131.0"
178.165.167.123 - - [16/Oct/2024:12:51:39 +0200] "GET /gui/javascript/form_form.js?1729075899 HTTP/1.1" 200 16206 "http://hausegger.activities.at/entry.php?id=10271&&ser=75839" "Mozilla/5.0 (Windows NT 10.0; Win64; x64; rv:131.0) Gecko/20100101 Firefox/131.0"
156.59.198.135 - - [16/Oct/2024:12:51:52 +0200] "GET /renault.activities.at/htdocs/export/xml/data/orders/202002210903_RenOrder.xml HTTP/1.0" 404 329 "-" "Mozilla/5.0 (Linux; Android 5.0) AppleWebKit/537.36 (KHTML, like Gecko) Mobile Safari/537.36 (compatible; Bytespider; spider-feedback@bytedance.com)"
178.165.167.123 - - [16/Oct/2024:12:51:56 +0200] "GET /entry.php?id=10271&&ser=75856 HTTP/1.1" 200 987 "http://hausegger.activities.at/entry.php?id=10271&&ser=75795" "Mozilla/5.0 (Windows NT 10.0; Win64; x64; rv:131.0) Gecko/20100101 Firefox/131.0"
178.165.167.123 - - [16/Oct/2024:12:51:56 +0200] "GET /gui/javascript/form_form.js?1729075916 HTTP/1.1" 200 16206 "http://hausegger.activities.at/entry.php?id=10271&&ser=75856" "Mozilla/5.0 (Windows NT 10.0; Win64; x64; rv:131.0) Gecko/20100101 Firefox/131.0"
156.59.198.135 - - [16/Oct/2024:12:52:13 +0200] "GET /renault.activities.at/htdocs/log/cron/reminder_mailing_3115664.txt HTTP/1.0" 404 323 "-" "Mozilla/5.0 (Linux; Android 5.0) AppleWebKit/537.36 (KHTML, like Gecko) Mobile Safari/537.36 (compatible; Bytespider; spider-feedback@bytedance.com)"
156.59.198.136 - - [16/Oct/2024:12:52:34 +0200] "GET /renault.activities.at/htdocs/log/cron/autologout_3115718.txt HTTP/1.0" 404 318 "-" "Mozilla/5.0 (Linux; Android 5.0) AppleWebKit/537.36 (KHTML, like Gecko) Mobile Safari/537.36 (compatible; Bytespider; spider-feedback@bytedance.com)"
178.165.167.123 - - [16/Oct/2024:12:52:39 +0200] "GET /entry.php?id=10271&&ser=75899 HTTP/1.1" 200 987 "http://hausegger.activities.at/entry.php?id=10271&&ser=75839" "Mozilla/5.0 (Windows NT 10.0; Win64; x64; rv:131.0) Gecko/20100101 Firefox/131.0"
178.165.167.123 - - [16/Oct/2024:12:52:39 +0200] "GET /gui/javascript/form_form.js?1729075959 HTTP/1.1" 200 16206 "http://hausegger.activities.at/entry.php?id=10271&&ser=75899" "Mozilla/5.0 (Windows NT 10.0; Win64; x64; rv:131.0) Gecko/20100101 Firefox/131.0"
156.59.198.136 - - [16/Oct/2024:12:52:55 +0200] "GET /renault.activities.at/htdocs/export/pdf/emuc_document/10413461.pdf HTTP/1.0" 404 322 "-" "Mozilla/5.0 (Linux; Android 5.0) AppleWebKit/537.36 (KHTML, like Gecko) Mobile Safari/537.36 (compatible; Bytespider; spider-feedback@bytedance.com)"
178.165.167.123 - - [16/Oct/2024:12:52:56 +0200] "GET /entry.php?id=10271&&ser=75916 HTTP/1.1" 200 987 "http://hausegger.activities.at/entry.php?id=10271&&ser=75856" "Mozilla/5.0 (Windows NT 10.0; Win64; x64; rv:131.0) Gecko/20100101 Firefox/131.0"
178.165.167.123 - - [16/Oct/2024:12:52:57 +0200] "GET /gui/javascript/form_form.js?1729075976 HTTP/1.1" 200 16206 "http://hausegger.activities.at/entry.php?id=10271&&ser=75916" "Mozilla/5.0 (Windows NT 10.0; Win64; x64; rv:131.0) Gecko/20100101 Firefox/131.0"
156.59.198.135 - - [16/Oct/2024:12:53:16 +0200] "GET /renault.activities.at/htdocs/log/cron/importLogisticData_3116396.txt HTTP/1.0" 404 324 "-" "Mozilla/5.0 (Linux; Android 5.0) AppleWebKit/537.36 (KHTML, like Gecko) Mobile Safari/537.36 (compatible; Bytespider; spider-feedback@bytedance.com)"
156.59.198.135 - - [16/Oct/2024:12:53:37 +0200] "GET /renault.activities.at/htdocs/export/xml/data/orders/202009040803_RenOrder.xml HTTP/1.0" 404 328 "-" "Mozilla/5.0 (Linux; Android 5.0) AppleWebKit/537.36 (KHTML, like Gecko) Mobile Safari/537.36 (compatible; Bytespider; spider-feedback@bytedance.com)"
178.165.167.123 - - [16/Oct/2024:12:53:40 +0200] "GET /entry.php?id=10271&&ser=75959 HTTP/1.1" 200 986 "http://hausegger.activities.at/entry.php?id=10271&&ser=75899" "Mozilla/5.0 (Windows NT 10.0; Win64; x64; rv:131.0) Gecko/20100101 Firefox/131.0"
178.165.167.123 - - [16/Oct/2024:12:53:40 +0200] "GET /gui/javascript/form_form.js?1729076020 HTTP/1.1" 200 16206 "http://hausegger.activities.at/entry.php?id=10271&&ser=75959" "Mozilla/5.0 (Windows NT 10.0; Win64; x64; rv:131.0) Gecko/20100101 Firefox/131.0"
178.165.167.123 - - [16/Oct/2024:12:53:57 +0200] "GET /entry.php?id=10271&&ser=75976 HTTP/1.1" 200 987 "http://hausegger.activities.at/entry.php?id=10271&&ser=75916" "Mozilla/5.0 (Windows NT 10.0; Win64; x64; rv:131.0) Gecko/20100101 Firefox/131.0"
178.165.167.123 - - [16/Oct/2024:12:53:57 +0200] "GET /gui/javascript/form_form.js?1729076037 HTTP/1.1" 200 16206 "http://hausegger.activities.at/entry.php?id=10271&&ser=75976" "Mozilla/5.0 (Windows NT 10.0; Win64; x64; rv:131.0) Gecko/20100101 Firefox/131.0"
156.59.198.136 - - [16/Oct/2024:12:53:59 +0200] "GET /renault.activities.at/htdocs/export/xml/data/orders/202006101603_RenOrder.xml HTTP/1.0" 404 329 "-" "Mozilla/5.0 (Linux; Android 5.0) AppleWebKit/537.36 (KHTML, like Gecko) Mobile Safari/537.36 (compatible; Bytespider; spider-feedback@bytedance.com)"
156.59.198.136 - - [16/Oct/2024:12:54:20 +0200] "GET /renault.activities.at/htdocs/export/pdf/emuc_document/12383243.pdf HTTP/1.0" 404 322 "-" "Mozilla/5.0 (Linux; Android 5.0) AppleWebKit/537.36 (KHTML, like Gecko) Mobile Safari/537.36 (compatible; Bytespider; spider-feedback@bytedance.com)"
178.165.167.123 - - [16/Oct/2024:12:54:40 +0200] "GET /entry.php?id=10271&&ser=76020 HTTP/1.1" 200 987 "http://hausegger.activities.at/entry.php?id=10271&&ser=75959" "Mozilla/5.0 (Windows NT 10.0; Win64; x64; rv:131.0) Gecko/20100101 Firefox/131.0"
178.165.167.123 - - [16/Oct/2024:12:54:40 +0200] "GET /gui/javascript/form_form.js?1729076080 HTTP/1.1" 200 16206 "http://hausegger.activities.at/entry.php?id=10271&&ser=76020" "Mozilla/5.0 (Windows NT 10.0; Win64; x64; rv:131.0) Gecko/20100101 Firefox/131.0"
156.59.198.135 - - [16/Oct/2024:12:54:41 +0200] "GET /renault.activities.at/htdocs/export/pdf/emuc_document/10608361.pdf HTTP/1.0" 404 322 "-" "Mozilla/5.0 (Linux; Android 5.0) AppleWebKit/537.36 (KHTML, like Gecko) Mobile Safari/537.36 (compatible; Bytespider; spider-feedback@bytedance.com)"
178.165.167.123 - - [16/Oct/2024:12:54:57 +0200] "GET /entry.php?id=10271&&ser=76037 HTTP/1.1" 200 987 "http://hausegger.activities.at/entry.php?id=10271&&ser=75976" "Mozilla/5.0 (Windows NT 10.0; Win64; x64; rv:131.0) Gecko/20100101 Firefox/131.0"
178.165.167.123 - - [16/Oct/2024:12:54:57 +0200] "GET /gui/javascript/form_form.js?1729076097 HTTP/1.1" 200 16206 "http://hausegger.activities.at/entry.php?id=10271&&ser=76037" "Mozilla/5.0 (Windows NT 10.0; Win64; x64; rv:131.0) Gecko/20100101 Firefox/131.0"
156.59.198.136 - - [16/Oct/2024:12:55:02 +0200] "GET /renault.activities.at/htdocs/export/xml/data/orders/202110071203_RenOrder.xml HTTP/1.0" 404 329 "-" "Mozilla/5.0 (Linux; Android 5.0) AppleWebKit/537.36 (KHTML, like Gecko) Mobile Safari/537.36 (compatible; Bytespider; spider-feedback@bytedance.com)"
156.59.198.136 - - [16/Oct/2024:12:55:23 +0200] "GET /renault.activities.at/htdocs/export/pdf/emuc_document/11995248.pdf HTTP/1.0" 404 322 "-" "Mozilla/5.0 (Linux; Android 5.0) AppleWebKit/537.36 (KHTML, like Gecko) Mobile Safari/537.36 (compatible; Bytespider; spider-feedback@bytedance.com)"
178.165.167.123 - - [16/Oct/2024:12:55:40 +0200] "GET /entry.php?id=10271&&ser=76080 HTTP/1.1" 200 987 "http://hausegger.activities.at/entry.php?id=10271&&ser=76020" "Mozilla/5.0 (Windows NT 10.0; Win64; x64; rv:131.0) Gecko/20100101 Firefox/131.0"
178.165.167.123 - - [16/Oct/2024:12:55:40 +0200] "GET /gui/javascript/form_form.js?1729076140 HTTP/1.1" 200 16206 "http://hausegger.activities.at/entry.php?id=10271&&ser=76080" "Mozilla/5.0 (Windows NT 10.0; Win64; x64; rv:131.0) Gecko/20100101 Firefox/131.0"
156.59.198.135 - - [16/Oct/2024:12:55:44 +0200] "GET /renault.activities.at/htdocs/log/cron/autologout_3115562.txt HTTP/1.0" 404 318 "-" "Mozilla/5.0 (Linux; Android 5.0) AppleWebKit/537.36 (KHTML, like Gecko) Mobile Safari/537.36 (compatible; Bytespider; spider-feedback@bytedance.com)"
178.165.167.123 - - [16/Oct/2024:12:55:57 +0200] "GET /entry.php?id=10271&&ser=76097 HTTP/1.1" 200 987 "http://hausegger.activities.at/entry.php?id=10271&&ser=76037" "Mozilla/5.0 (Windows NT 10.0; Win64; x64; rv:131.0) Gecko/20100101 Firefox/131.0"
178.165.167.123 - - [16/Oct/2024:12:55:58 +0200] "GET /gui/javascript/form_form.js?1729076158 HTTP/1.1" 200 16206 "http://hausegger.activities.at/entry.php?id=10271&&ser=76097" "Mozilla/5.0 (Windows NT 10.0; Win64; x64; rv:131.0) Gecko/20100101 Firefox/131.0"
156.59.198.135 - - [16/Oct/2024:12:56:05 +0200] "GET /renault.activities.at/htdocs/export/xml/data/orders/202105181203_RenOrder.xml HTTP/1.0" 404 328 "-" "Mozilla/5.0 (Linux; Android 5.0) AppleWebKit/537.36 (KHTML, like Gecko) Mobile Safari/537.36 (compatible; Bytespider; spider-feedback@bytedance.com)"
156.59.198.136 - - [16/Oct/2024:12:56:27 +0200] "GET /renault.activities.at/htdocs/log/cron/system_mail_3116516.txt HTTP/1.0" 404 320 "-" "Mozilla/5.0 (Linux; Android 5.0) AppleWebKit/537.36 (KHTML, like Gecko) Mobile Safari/537.36 (compatible; Bytespider; spider-feedback@bytedance.com)"
178.165.167.123 - - [16/Oct/2024:12:56:40 +0200] "GET /entry.php?id=10271&&ser=76140 HTTP/1.1" 200 987 "http://hausegger.activities.at/entry.php?id=10271&&ser=76080" "Mozilla/5.0 (Windows NT 10.0; Win64; x64; rv:131.0) Gecko/20100101 Firefox/131.0"
178.165.167.123 - - [16/Oct/2024:12:56:41 +0200] "GET /gui/javascript/form_form.js?1729076200 HTTP/1.1" 200 16206 "http://hausegger.activities.at/entry.php?id=10271&&ser=76140" "Mozilla/5.0 (Windows NT 10.0; Win64; x64; rv:131.0) Gecko/20100101 Firefox/131.0"
156.59.198.136 - - [16/Oct/2024:12:56:48 +0200] "GET /renault.activities.at/htdocs/export/xml/data/orders/202001141203_RenOrder.xml HTTP/1.0" 404 328 "-" "Mozilla/5.0 (Linux; Android 5.0) AppleWebKit/537.36 (KHTML, like Gecko) Mobile Safari/537.36 (compatible; Bytespider; spider-feedback@bytedance.com)"
