156.59.198.136 - - [17/Oct/2024:08:53:45 +0200] "GET /hausegger.activities.at/stats/lang/awstats-cz.txt HTTP/1.0" 404 309 "-" "Mozilla/5.0 (Linux; Android 5.0) AppleWebKit/537.36 (KHTML, like Gecko) Mobile Safari/537.36 (compatible; Bytespider; spider-feedback@bytedance.com)"
156.59.198.135 - - [17/Oct/2024:08:54:06 +0200] "GET /renault.activities.at/htdocs/export/pdf/emuc_document/11763108.pdf HTTP/1.0" 404 322 "-" "Mozilla/5.0 (Linux; Android 5.0) AppleWebKit/537.36 (KHTML, like Gecko) Mobile Safari/537.36 (compatible; Bytespider; spider-feedback@bytedance.com)"
156.59.198.135 - - [17/Oct/2024:08:54:27 +0200] "GET /renault.activities.at/htdocs/export/xml/data/orders/202106020803_RenOrder.xml HTTP/1.0" 404 329 "-" "Mozilla/5.0 (Linux; Android 5.0) AppleWebKit/537.36 (KHTML, like Gecko) Mobile Safari/537.36 (compatible; Bytespider; spider-feedback@bytedance.com)"
178.165.167.123 - - [17/Oct/2024:08:54:39 +0200] "GET /entry.php?id=10271&&ser=148019 HTTP/1.1" 200 986 "http://hausegger.activities.at/entry.php?id=10271&&ser=147959" "Mozilla/5.0 (Windows NT 10.0; Win64; x64; rv:131.0) Gecko/20100101 Firefox/131.0"
178.165.167.123 - - [17/Oct/2024:08:54:40 +0200] "GET /gui/javascript/form_form.js?1729148080 HTTP/1.1" 200 16206 "http://hausegger.activities.at/entry.php?id=10271&&ser=148019" "Mozilla/5.0 (Windows NT 10.0; Win64; x64; rv:131.0) Gecko/20100101 Firefox/131.0"
156.59.198.136 - - [17/Oct/2024:08:54:48 +0200] "GET /renault.2web.at/stats/lang/awstats-pt.txt HTTP/1.0" 404 303 "-" "Mozilla/5.0 (Linux; Android 5.0) AppleWebKit/537.36 (KHTML, like Gecko) Mobile Safari/537.36 (compatible; Bytespider; spider-feedback@bytedance.com)"
156.59.198.136 - - [17/Oct/2024:08:55:09 +0200] "GET /renault.activities.at/htdocs/log/cron/system_mail_3116268.txt HTTP/1.0" 404 320 "-" "Mozilla/5.0 (Linux; Android 5.0) AppleWebKit/537.36 (KHTML, like Gecko) Mobile Safari/537.36 (compatible; Bytespider; spider-feedback@bytedance.com)"
156.59.198.135 - - [17/Oct/2024:08:55:30 +0200] "GET /renault.activities.at/htdocs/newsletter_log/nl_608251.txt HTTP/1.0" 404 317 "-" "Mozilla/5.0 (Linux; Android 5.0) AppleWebKit/537.36 (KHTML, like Gecko) Mobile Safari/537.36 (compatible; Bytespider; spider-feedback@bytedance.com)"
178.165.167.123 - - [17/Oct/2024:08:55:40 +0200] "GET /entry.php?id=10271&&ser=148080 HTTP/1.1" 200 987 "http://hausegger.activities.at/entry.php?id=10271&&ser=148019" "Mozilla/5.0 (Windows NT 10.0; Win64; x64; rv:131.0) Gecko/20100101 Firefox/131.0"
178.165.167.123 - - [17/Oct/2024:08:55:40 +0200] "GET /gui/javascript/form_form.js?1729148140 HTTP/1.1" 200 16206 "http://hausegger.activities.at/entry.php?id=10271&&ser=148080" "Mozilla/5.0 (Windows NT 10.0; Win64; x64; rv:131.0) Gecko/20100101 Firefox/131.0"
156.59.198.136 - - [17/Oct/2024:08:55:52 +0200] "GET /renault.activities.at/htdocs/export/xml/data/orders/201911051603_RenOrder.xml HTTP/1.0" 404 329 "-" "Mozilla/5.0 (Linux; Android 5.0) AppleWebKit/537.36 (KHTML, like Gecko) Mobile Safari/537.36 (compatible; Bytespider; spider-feedback@bytedance.com)"
156.59.198.135 - - [17/Oct/2024:08:56:13 +0200] "GET /renault.activities.at/htdocs/export/xml/data/orders/202104281003_RenOrder.xml HTTP/1.0" 404 329 "-" "Mozilla/5.0 (Linux; Android 5.0) AppleWebKit/537.36 (KHTML, like Gecko) Mobile Safari/537.36 (compatible; Bytespider; spider-feedback@bytedance.com)"
156.59.198.136 - - [17/Oct/2024:08:56:34 +0200] "GET /ed.activities.at/stats/lang/awstats-de.txt HTTP/1.0" 404 303 "-" "Mozilla/5.0 (Linux; Android 5.0) AppleWebKit/537.36 (KHTML, like Gecko) Mobile Safari/537.36 (compatible; Bytespider; spider-feedback@bytedance.com)"
178.165.167.123 - - [17/Oct/2024:08:56:40 +0200] "GET /entry.php?id=10271&&ser=148140 HTTP/1.1" 200 986 "http://hausegger.activities.at/entry.php?id=10271&&ser=148080" "Mozilla/5.0 (Windows NT 10.0; Win64; x64; rv:131.0) Gecko/20100101 Firefox/131.0"
178.165.167.123 - - [17/Oct/2024:08:56:40 +0200] "GET /gui/javascript/form_form.js?1729148200 HTTP/1.1" 200 16206 "http://hausegger.activities.at/entry.php?id=10271&&ser=148140" "Mozilla/5.0 (Windows NT 10.0; Win64; x64; rv:131.0) Gecko/20100101 Firefox/131.0"
156.59.198.135 - - [17/Oct/2024:08:56:55 +0200] "GET /renault.activities.at/htdocs/export/xml/data/orders/202103241403_RenOrder.xml HTTP/1.0" 404 329 "-" "Mozilla/5.0 (Linux; Android 5.0) AppleWebKit/537.36 (KHTML, like Gecko) Mobile Safari/537.36 (compatible; Bytespider; spider-feedback@bytedance.com)"
156.59.198.135 - - [17/Oct/2024:08:57:15 +0200] "GET /renault.activities.at/htdocs/export/xml/data/orders/202010021403_RenOrder.xml HTTP/1.0" 404 328 "-" "Mozilla/5.0 (Linux; Android 5.0) AppleWebKit/537.36 (KHTML, like Gecko) Mobile Safari/537.36 (compatible; Bytespider; spider-feedback@bytedance.com)"
156.59.198.136 - - [17/Oct/2024:08:57:37 +0200] "GET /renault.activities.at/htdocs/export/txt/factura/FacturaExport20190819080502.txt HTTP/1.0" 404 326 "-" "Mozilla/5.0 (Linux; Android 5.0) AppleWebKit/537.36 (KHTML, like Gecko) Mobile Safari/537.36 (compatible; Bytespider; spider-feedback@bytedance.com)"
178.165.167.123 - - [17/Oct/2024:08:57:41 +0200] "GET /entry.php?id=10271&&ser=148200 HTTP/1.1" 200 986 "http://hausegger.activities.at/entry.php?id=10271&&ser=148140" "Mozilla/5.0 (Windows NT 10.0; Win64; x64; rv:131.0) Gecko/20100101 Firefox/131.0"
178.165.167.123 - - [17/Oct/2024:08:57:41 +0200] "GET /gui/javascript/form_form.js?1729148261 HTTP/1.1" 200 16206 "http://hausegger.activities.at/entry.php?id=10271&&ser=148200" "Mozilla/5.0 (Windows NT 10.0; Win64; x64; rv:131.0) Gecko/20100101 Firefox/131.0"
156.59.198.136 - - [17/Oct/2024:08:57:59 +0200] "GET /renault.activities.at/htdocs/export/pdf/emuc_document/11723477.pdf HTTP/1.0" 404 323 "-" "Mozilla/5.0 (Linux; Android 5.0) AppleWebKit/537.36 (KHTML, like Gecko) Mobile Safari/537.36 (compatible; Bytespider; spider-feedback@bytedance.com)"
156.59.198.136 - - [17/Oct/2024:08:58:19 +0200] "GET /ed-test.2web.at/stats/lang/tooltips_w/awstats-tt-tr.txt HTTP/1.0" 404 311 "-" "Mozilla/5.0 (Linux; Android 5.0) AppleWebKit/537.36 (KHTML, like Gecko) Mobile Safari/537.36 (compatible; Bytespider; spider-feedback@bytedance.com)"
156.59.198.136 - - [17/Oct/2024:08:58:40 +0200] "GET /renault.activities.at/htdocs/export/xml/data/orders/202108091603_RenOrder.xml HTTP/1.0" 404 329 "-" "Mozilla/5.0 (Linux; Android 5.0) AppleWebKit/537.36 (KHTML, like Gecko) Mobile Safari/537.36 (compatible; Bytespider; spider-feedback@bytedance.com)"
178.165.167.123 - - [17/Oct/2024:08:58:41 +0200] "GET /entry.php?id=10271&&ser=148261 HTTP/1.1" 200 986 "http://hausegger.activities.at/entry.php?id=10271&&ser=148200" "Mozilla/5.0 (Windows NT 10.0; Win64; x64; rv:131.0) Gecko/20100101 Firefox/131.0"
178.165.167.123 - - [17/Oct/2024:08:58:41 +0200] "GET /gui/javascript/form_form.js?1729148321 HTTP/1.1" 200 16206 "http://hausegger.activities.at/entry.php?id=10271&&ser=148261" "Mozilla/5.0 (Windows NT 10.0; Win64; x64; rv:131.0) Gecko/20100101 Firefox/131.0"
156.59.198.135 - - [17/Oct/2024:08:59:01 +0200] "GET /hausegger.activities.at/stats/lang/awstats-en.txt HTTP/1.0" 404 308 "-" "Mozilla/5.0 (Linux; Android 5.0) AppleWebKit/537.36 (KHTML, like Gecko) Mobile Safari/537.36 (compatible; Bytespider; spider-feedback@bytedance.com)"
156.59.198.135 - - [17/Oct/2024:08:59:22 +0200] "GET /renault.activities.at/htdocs/log/cron/reminder_mailing_3116482.txt HTTP/1.0" 404 323 "-" "Mozilla/5.0 (Linux; Android 5.0) AppleWebKit/537.36 (KHTML, like Gecko) Mobile Safari/537.36 (compatible; Bytespider; spider-feedback@bytedance.com)"
178.165.167.123 - - [17/Oct/2024:08:59:41 +0200] "GET /entry.php?id=10271&&ser=148321 HTTP/1.1" 200 986 "http://hausegger.activities.at/entry.php?id=10271&&ser=148261" "Mozilla/5.0 (Windows NT 10.0; Win64; x64; rv:131.0) Gecko/20100101 Firefox/131.0"
178.165.167.123 - - [17/Oct/2024:08:59:41 +0200] "GET /gui/javascript/form_form.js?1729148381 HTTP/1.1" 200 16206 "http://hausegger.activities.at/entry.php?id=10271&&ser=148321" "Mozilla/5.0 (Windows NT 10.0; Win64; x64; rv:131.0) Gecko/20100101 Firefox/131.0"
156.59.198.136 - - [17/Oct/2024:08:59:43 +0200] "GET /renault.activities.at/htdocs/export/xml/data/orders/202108201503_RenOrder.xml HTTP/1.0" 404 328 "-" "Mozilla/5.0 (Linux; Android 5.0) AppleWebKit/537.36 (KHTML, like Gecko) Mobile Safari/537.36 (compatible; Bytespider; spider-feedback@bytedance.com)"
156.59.198.135 - - [17/Oct/2024:09:00:05 +0200] "GET /renault.activities.at/htdocs/export/xml/data/articles/202010070803_RenArticle.xml HTTP/1.0" 404 331 "-" "Mozilla/5.0 (Linux; Android 5.0) AppleWebKit/537.36 (KHTML, like Gecko) Mobile Safari/537.36 (compatible; Bytespider; spider-feedback@bytedance.com)"
156.59.198.136 - - [17/Oct/2024:09:00:26 +0200] "GET /renault.activities.at/htdocs/export/pdf/emuc_document/12113180.pdf HTTP/1.0" 404 321 "-" "Mozilla/5.0 (Linux; Android 5.0) AppleWebKit/537.36 (KHTML, like Gecko) Mobile Safari/537.36 (compatible; Bytespider; spider-feedback@bytedance.com)"
178.165.167.123 - - [17/Oct/2024:09:00:42 +0200] "GET /entry.php?id=10271&&ser=148381 HTTP/1.1" 200 987 "http://hausegger.activities.at/entry.php?id=10271&&ser=148321" "Mozilla/5.0 (Windows NT 10.0; Win64; x64; rv:131.0) Gecko/20100101 Firefox/131.0"
178.165.167.123 - - [17/Oct/2024:09:00:42 +0200] "GET /gui/javascript/form_form.js?1729148442 HTTP/1.1" 200 16206 "http://hausegger.activities.at/entry.php?id=10271&&ser=148381" "Mozilla/5.0 (Windows NT 10.0; Win64; x64; rv:131.0) Gecko/20100101 Firefox/131.0"
156.59.198.136 - - [17/Oct/2024:09:00:47 +0200] "GET /renault.activities.at/htdocs/export/pdf/emuc_document/12490415.pdf HTTP/1.0" 404 322 "-" "Mozilla/5.0 (Linux; Android 5.0) AppleWebKit/537.36 (KHTML, like Gecko) Mobile Safari/537.36 (compatible; Bytespider; spider-feedback@bytedance.com)"
156.59.198.135 - - [17/Oct/2024:09:01:08 +0200] "GET /renault.activities.at/htdocs/export/pdf/emuc_document/10319997.pdf HTTP/1.0" 404 323 "-" "Mozilla/5.0 (Linux; Android 5.0) AppleWebKit/537.36 (KHTML, like Gecko) Mobile Safari/537.36 (compatible; Bytespider; spider-feedback@bytedance.com)"
87.120.113.3 - - [17/Oct/2024:09:01:22 +0200] "GET / HTTP/1.0" 200 423 "-" "-"
156.59.198.136 - - [17/Oct/2024:09:01:29 +0200] "GET /renault.activities.at/htdocs/export/xml/data/orders/202103290903_RenOrder.xml HTTP/1.0" 404 329 "-" "Mozilla/5.0 (Linux; Android 5.0) AppleWebKit/537.36 (KHTML, like Gecko) Mobile Safari/537.36 (compatible; Bytespider; spider-feedback@bytedance.com)"
178.165.167.123 - - [17/Oct/2024:09:01:42 +0200] "GET /entry.php?id=10271&&ser=148442 HTTP/1.1" 200 987 "http://hausegger.activities.at/entry.php?id=10271&&ser=148381" "Mozilla/5.0 (Windows NT 10.0; Win64; x64; rv:131.0) Gecko/20100101 Firefox/131.0"
178.165.167.123 - - [17/Oct/2024:09:01:42 +0200] "GET /gui/javascript/form_form.js?1729148502 HTTP/1.1" 200 16206 "http://hausegger.activities.at/entry.php?id=10271&&ser=148442" "Mozilla/5.0 (Windows NT 10.0; Win64; x64; rv:131.0) Gecko/20100101 Firefox/131.0"
156.59.198.135 - - [17/Oct/2024:09:01:50 +0200] "GET /renault.activities.at/htdocs/export/xml/data/articles/202002201303_RenArticle.xml HTTP/1.0" 404 331 "-" "Mozilla/5.0 (Linux; Android 5.0) AppleWebKit/537.36 (KHTML, like Gecko) Mobile Safari/537.36 (compatible; Bytespider; spider-feedback@bytedance.com)"
156.59.198.136 - - [17/Oct/2024:09:02:11 +0200] "GET /renault.activities.at/htdocs/export/txt/factura/FacturaExport20210406134624.txt HTTP/1.0" 404 328 "-" "Mozilla/5.0 (Linux; Android 5.0) AppleWebKit/537.36 (KHTML, like Gecko) Mobile Safari/537.36 (compatible; Bytespider; spider-feedback@bytedance.com)"
156.59.198.136 - - [17/Oct/2024:09:02:32 +0200] "GET /renault.activities.at/htdocs/export/pdf/emuc_document/11320425.pdf HTTP/1.0" 404 322 "-" "Mozilla/5.0 (Linux; Android 5.0) AppleWebKit/537.36 (KHTML, like Gecko) Mobile Safari/537.36 (compatible; Bytespider; spider-feedback@bytedance.com)"
178.165.167.123 - - [17/Oct/2024:09:02:42 +0200] "GET /entry.php?id=10271&&ser=148502 HTTP/1.1" 200 987 "http://hausegger.activities.at/entry.php?id=10271&&ser=148442" "Mozilla/5.0 (Windows NT 10.0; Win64; x64; rv:131.0) Gecko/20100101 Firefox/131.0"
178.165.167.123 - - [17/Oct/2024:09:02:42 +0200] "GET /gui/javascript/form_form.js?1729148562 HTTP/1.1" 200 16206 "http://hausegger.activities.at/entry.php?id=10271&&ser=148502" "Mozilla/5.0 (Windows NT 10.0; Win64; x64; rv:131.0) Gecko/20100101 Firefox/131.0"
156.59.198.136 - - [17/Oct/2024:09:02:54 +0200] "GET /renault.activities.at/htdocs/log/cron/autologout_3115448.txt HTTP/1.0" 404 318 "-" "Mozilla/5.0 (Linux; Android 5.0) AppleWebKit/537.36 (KHTML, like Gecko) Mobile Safari/537.36 (compatible; Bytespider; spider-feedback@bytedance.com)"
156.59.198.136 - - [17/Oct/2024:09:03:15 +0200] "GET /renault.activities.at/htdocs/export/xml/data/orders/202011081703_RenOrder.xml HTTP/1.0" 404 329 "-" "Mozilla/5.0 (Linux; Android 5.0) AppleWebKit/537.36 (KHTML, like Gecko) Mobile Safari/537.36 (compatible; Bytespider; spider-feedback@bytedance.com)"
156.59.198.136 - - [17/Oct/2024:09:03:36 +0200] "GET /renault.activities.at/htdocs/export/xml/data/articles/201909111103_RenArticle.xml HTTP/1.0" 404 330 "-" "Mozilla/5.0 (Linux; Android 5.0) AppleWebKit/537.36 (KHTML, like Gecko) Mobile Safari/537.36 (compatible; Bytespider; spider-feedback@bytedance.com)"
178.165.167.123 - - [17/Oct/2024:09:03:43 +0200] "GET /entry.php?id=10271&&ser=148562 HTTP/1.1" 200 987 "http://hausegger.activities.at/entry.php?id=10271&&ser=148502" "Mozilla/5.0 (Windows NT 10.0; Win64; x64; rv:131.0) Gecko/20100101 Firefox/131.0"
178.165.167.123 - - [17/Oct/2024:09:03:43 +0200] "GET /gui/javascript/form_form.js?1729148623 HTTP/1.1" 200 16206 "http://hausegger.activities.at/entry.php?id=10271&&ser=148562" "Mozilla/5.0 (Windows NT 10.0; Win64; x64; rv:131.0) Gecko/20100101 Firefox/131.0"
156.59.198.136 - - [17/Oct/2024:09:03:57 +0200] "GET /renault.activities.at/htdocs/export/pdf/emuc_document/12113201.pdf HTTP/1.0" 404 321 "-" "Mozilla/5.0 (Linux; Android 5.0) AppleWebKit/537.36 (KHTML, like Gecko) Mobile Safari/537.36 (compatible; Bytespider; spider-feedback@bytedance.com)"
156.59.198.135 - - [17/Oct/2024:09:04:19 +0200] "GET /renault.activities.at/htdocs/export/txt/factura/FacturaExport20200626090717.txt HTTP/1.0" 404 328 "-" "Mozilla/5.0 (Linux; Android 5.0) AppleWebKit/537.36 (KHTML, like Gecko) Mobile Safari/537.36 (compatible; Bytespider; spider-feedback@bytedance.com)"
156.59.198.135 - - [17/Oct/2024:09:04:40 +0200] "GET /ed.activities.at/stats/lang/tooltips_m/awstats-tt-en.txt HTTP/1.0" 404 313 "-" "Mozilla/5.0 (Linux; Android 5.0) AppleWebKit/537.36 (KHTML, like Gecko) Mobile Safari/537.36 (compatible; Bytespider; spider-feedback@bytedance.com)"
178.165.167.123 - - [17/Oct/2024:09:04:43 +0200] "GET /entry.php?id=10271&&ser=148623 HTTP/1.1" 200 987 "http://hausegger.activities.at/entry.php?id=10271&&ser=148562" "Mozilla/5.0 (Windows NT 10.0; Win64; x64; rv:131.0) Gecko/20100101 Firefox/131.0"
178.165.167.123 - - [17/Oct/2024:09:04:43 +0200] "GET /gui/javascript/form_form.js?1729148683 HTTP/1.1" 200 16206 "http://hausegger.activities.at/entry.php?id=10271&&ser=148623" "Mozilla/5.0 (Windows NT 10.0; Win64; x64; rv:131.0) Gecko/20100101 Firefox/131.0"
156.59.198.135 - - [17/Oct/2024:09:05:01 +0200] "GET /renault.activities.at/htdocs/export/pdf/emuc_document/11850992.pdf HTTP/1.0" 404 321 "-" "Mozilla/5.0 (Linux; Android 5.0) AppleWebKit/537.36 (KHTML, like Gecko) Mobile Safari/537.36 (compatible; Bytespider; spider-feedback@bytedance.com)"
156.59.198.135 - - [17/Oct/2024:09:05:22 +0200] "GET /renault.activities.at/htdocs/export/xml/data/orders/202011251703_RenOrder.xml HTTP/1.0" 404 329 "-" "Mozilla/5.0 (Linux; Android 5.0) AppleWebKit/537.36 (KHTML, like Gecko) Mobile Safari/537.36 (compatible; Bytespider; spider-feedback@bytedance.com)"
125.231.226.12 - - [17/Oct/2024:09:05:36 +0200] "GET / HTTP/1.0" 200 423 "-" "Mozilla/5.0 (Linux; U; Android 4.0.3; ko-kr; LG-L160L Build/IML74K) AppleWebkit/534.30 (KHTML, like Gecko) Version/4.0 Mobile Safari/534.30"
156.59.198.136 - - [17/Oct/2024:09:05:43 +0200] "GET /renault.activities.at/htdocs/export/xml/data/orders/202103161903_RenOrder.xml HTTP/1.0" 404 328 "-" "Mozilla/5.0 (Linux; Android 5.0) AppleWebKit/537.36 (KHTML, like Gecko) Mobile Safari/537.36 (compatible; Bytespider; spider-feedback@bytedance.com)"
178.165.167.123 - - [17/Oct/2024:09:05:43 +0200] "GET /entry.php?id=10271&&ser=148683 HTTP/1.1" 200 986 "http://hausegger.activities.at/entry.php?id=10271&&ser=148623" "Mozilla/5.0 (Windows NT 10.0; Win64; x64; rv:131.0) Gecko/20100101 Firefox/131.0"
178.165.167.123 - - [17/Oct/2024:09:05:43 +0200] "GET /gui/javascript/form_form.js?1729148743 HTTP/1.1" 200 16206 "http://hausegger.activities.at/entry.php?id=10271&&ser=148683" "Mozilla/5.0 (Windows NT 10.0; Win64; x64; rv:131.0) Gecko/20100101 Firefox/131.0"
156.59.198.135 - - [17/Oct/2024:09:06:04 +0200] "GET /renault.2web.at/stats/lang/awstats-sk.txt HTTP/1.0" 404 303 "-" "Mozilla/5.0 (Linux; Android 5.0) AppleWebKit/537.36 (KHTML, like Gecko) Mobile Safari/537.36 (compatible; Bytespider; spider-feedback@bytedance.com)"
156.59.198.136 - - [17/Oct/2024:09:06:26 +0200] "GET /renault.activities.at/htdocs/export/pdf/emuc_document/11483210.pdf HTTP/1.0" 404 322 "-" "Mozilla/5.0 (Linux; Android 5.0) AppleWebKit/537.36 (KHTML, like Gecko) Mobile Safari/537.36 (compatible; Bytespider; spider-feedback@bytedance.com)"
178.165.167.123 - - [17/Oct/2024:09:06:44 +0200] "GET /entry.php?id=10271&&ser=148743 HTTP/1.1" 200 987 "http://hausegger.activities.at/entry.php?id=10271&&ser=148683" "Mozilla/5.0 (Windows NT 10.0; Win64; x64; rv:131.0) Gecko/20100101 Firefox/131.0"
178.165.167.123 - - [17/Oct/2024:09:06:44 +0200] "GET /gui/javascript/form_form.js?1729148804 HTTP/1.1" 200 16206 "http://hausegger.activities.at/entry.php?id=10271&&ser=148743" "Mozilla/5.0 (Windows NT 10.0; Win64; x64; rv:131.0) Gecko/20100101 Firefox/131.0"
156.59.198.135 - - [17/Oct/2024:09:06:47 +0200] "GET /renault.activities.at/htdocs/export/pdf/emuc_document/12299631.pdf HTTP/1.0" 404 322 "-" "Mozilla/5.0 (Linux; Android 5.0) AppleWebKit/537.36 (KHTML, like Gecko) Mobile Safari/537.36 (compatible; Bytespider; spider-feedback@bytedance.com)"
156.59.198.136 - - [17/Oct/2024:09:07:08 +0200] "GET /ed.activities.at/stats/lang/awstats-et.txt HTTP/1.0" 404 303 "-" "Mozilla/5.0 (Linux; Android 5.0) AppleWebKit/537.36 (KHTML, like Gecko) Mobile Safari/537.36 (compatible; Bytespider; spider-feedback@bytedance.com)"
156.59.198.136 - - [17/Oct/2024:09:07:29 +0200] "GET /renault.activities.at/htdocs/export/xml/data/orders/202006041203_RenOrder.xml HTTP/1.0" 404 329 "-" "Mozilla/5.0 (Linux; Android 5.0) AppleWebKit/537.36 (KHTML, like Gecko) Mobile Safari/537.36 (compatible; Bytespider; spider-feedback@bytedance.com)"
178.165.167.123 - - [17/Oct/2024:09:07:44 +0200] "GET /entry.php?id=10271&&ser=148804 HTTP/1.1" 200 987 "http://hausegger.activities.at/entry.php?id=10271&&ser=148743" "Mozilla/5.0 (Windows NT 10.0; Win64; x64; rv:131.0) Gecko/20100101 Firefox/131.0"
178.165.167.123 - - [17/Oct/2024:09:07:44 +0200] "GET /gui/javascript/form_form.js?1729148864 HTTP/1.1" 200 16206 "http://hausegger.activities.at/entry.php?id=10271&&ser=148804" "Mozilla/5.0 (Windows NT 10.0; Win64; x64; rv:131.0) Gecko/20100101 Firefox/131.0"
156.59.198.135 - - [17/Oct/2024:09:07:50 +0200] "GET /default/cgi-bin/lang/tooltips_w/awstats-tt-al.txt HTTP/1.0" 404 311 "-" "Mozilla/5.0 (Linux; Android 5.0) AppleWebKit/537.36 (KHTML, like Gecko) Mobile Safari/537.36 (compatible; Bytespider; spider-feedback@bytedance.com)"
156.59.198.135 - - [17/Oct/2024:09:08:12 +0200] "GET /renault.activities.at/htdocs/export/xml/data/orders/202107190903_RenOrder.xml HTTP/1.0" 404 329 "-" "Mozilla/5.0 (Linux; Android 5.0) AppleWebKit/537.36 (KHTML, like Gecko) Mobile Safari/537.36 (compatible; Bytespider; spider-feedback@bytedance.com)"
156.59.198.135 - - [17/Oct/2024:09:08:33 +0200] "GET /renault.2web.at/stats/lang/awstats-ru.txt HTTP/1.0" 404 303 "-" "Mozilla/5.0 (Linux; Android 5.0) AppleWebKit/537.36 (KHTML, like Gecko) Mobile Safari/537.36 (compatible; Bytespider; spider-feedback@bytedance.com)"
178.165.167.123 - - [17/Oct/2024:09:08:44 +0200] "GET /entry.php?id=10271&&ser=148864 HTTP/1.1" 200 986 "http://hausegger.activities.at/entry.php?id=10271&&ser=148804" "Mozilla/5.0 (Windows NT 10.0; Win64; x64; rv:131.0) Gecko/20100101 Firefox/131.0"
178.165.167.123 - - [17/Oct/2024:09:08:44 +0200] "GET /gui/javascript/form_form.js?1729148924 HTTP/1.1" 200 16206 "http://hausegger.activities.at/entry.php?id=10271&&ser=148864" "Mozilla/5.0 (Windows NT 10.0; Win64; x64; rv:131.0) Gecko/20100101 Firefox/131.0"
156.59.198.135 - - [17/Oct/2024:09:08:55 +0200] "GET /renault.activities.at/htdocs/export/xml/data/orders/202108161603_RenOrder.xml HTTP/1.0" 404 329 "-" "Mozilla/5.0 (Linux; Android 5.0) AppleWebKit/537.36 (KHTML, like Gecko) Mobile Safari/537.36 (compatible; Bytespider; spider-feedback@bytedance.com)"
156.59.198.136 - - [17/Oct/2024:09:09:16 +0200] "GET /renault.activities.at/htdocs/log/cron/exportXML_3115613.txt HTTP/1.0" 404 319 "-" "Mozilla/5.0 (Linux; Android 5.0) AppleWebKit/537.36 (KHTML, like Gecko) Mobile Safari/537.36 (compatible; Bytespider; spider-feedback@bytedance.com)"
156.59.198.135 - - [17/Oct/2024:09:09:37 +0200] "GET /renault.activities.at/htdocs/export/xml/data/orders/202001170903_RenOrder.xml HTTP/1.0" 404 330 "-" "Mozilla/5.0 (Linux; Android 5.0) AppleWebKit/537.36 (KHTML, like Gecko) Mobile Safari/537.36 (compatible; Bytespider; spider-feedback@bytedance.com)"
178.165.167.123 - - [17/Oct/2024:09:09:45 +0200] "GET /entry.php?id=10271&&ser=148924 HTTP/1.1" 200 986 "http://hausegger.activities.at/entry.php?id=10271&&ser=148864" "Mozilla/5.0 (Windows NT 10.0; Win64; x64; rv:131.0) Gecko/20100101 Firefox/131.0"
178.165.167.123 - - [17/Oct/2024:09:09:45 +0200] "GET /gui/javascript/form_form.js?1729148985 HTTP/1.1" 200 16206 "http://hausegger.activities.at/entry.php?id=10271&&ser=148924" "Mozilla/5.0 (Windows NT 10.0; Win64; x64; rv:131.0) Gecko/20100101 Firefox/131.0"
156.59.198.135 - - [17/Oct/2024:09:09:58 +0200] "GET /renault.activities.at/htdocs/log/cron/autologout_3114853.txt HTTP/1.0" 404 318 "-" "Mozilla/5.0 (Linux; Android 5.0) AppleWebKit/537.36 (KHTML, like Gecko) Mobile Safari/537.36 (compatible; Bytespider; spider-feedback@bytedance.com)"
156.59.198.135 - - [17/Oct/2024:09:10:20 +0200] "GET /renault.activities.at/htdocs/export/xml/data/articles/202108241203_RenArticle.xml HTTP/1.0" 404 331 "-" "Mozilla/5.0 (Linux; Android 5.0) AppleWebKit/537.36 (KHTML, like Gecko) Mobile Safari/537.36 (compatible; Bytespider; spider-feedback@bytedance.com)"
156.59.198.136 - - [17/Oct/2024:09:10:40 +0200] "GET /renault.activities.at/htdocs/export/txt/factura/FacturaExport20190125090341.txt HTTP/1.0" 404 328 "-" "Mozilla/5.0 (Linux; Android 5.0) AppleWebKit/537.36 (KHTML, like Gecko) Mobile Safari/537.36 (compatible; Bytespider; spider-feedback@bytedance.com)"
178.165.167.123 - - [17/Oct/2024:09:10:45 +0200] "GET /entry.php?id=10271&&ser=148985 HTTP/1.1" 200 987 "http://hausegger.activities.at/entry.php?id=10271&&ser=148924" "Mozilla/5.0 (Windows NT 10.0; Win64; x64; rv:131.0) Gecko/20100101 Firefox/131.0"
178.165.167.123 - - [17/Oct/2024:09:10:45 +0200] "GET /gui/javascript/form_form.js?1729149045 HTTP/1.1" 200 16206 "http://hausegger.activities.at/entry.php?id=10271&&ser=148985" "Mozilla/5.0 (Windows NT 10.0; Win64; x64; rv:131.0) Gecko/20100101 Firefox/131.0"
156.59.198.135 - - [17/Oct/2024:09:11:02 +0200] "GET /renault.activities.at/htdocs/export/pdf/emuc_document/12103419.pdf HTTP/1.0" 404 322 "-" "Mozilla/5.0 (Linux; Android 5.0) AppleWebKit/537.36 (KHTML, like Gecko) Mobile Safari/537.36 (compatible; Bytespider; spider-feedback@bytedance.com)"
156.59.198.135 - - [17/Oct/2024:09:11:23 +0200] "GET /renault.activities.at/htdocs/export/pdf/emuc_document/11379568.pdf HTTP/1.0" 404 323 "-" "Mozilla/5.0 (Linux; Android 5.0) AppleWebKit/537.36 (KHTML, like Gecko) Mobile Safari/537.36 (compatible; Bytespider; spider-feedback@bytedance.com)"
156.59.198.135 - - [17/Oct/2024:09:11:44 +0200] "GET /renault.activities.at/htdocs/export/xml/data/articles/202111241703_RenArticle.xml HTTP/1.0" 404 331 "-" "Mozilla/5.0 (Linux; Android 5.0) AppleWebKit/537.36 (KHTML, like Gecko) Mobile Safari/537.36 (compatible; Bytespider; spider-feedback@bytedance.com)"
178.165.167.123 - - [17/Oct/2024:09:11:45 +0200] "GET /entry.php?id=10271&&ser=149045 HTTP/1.1" 200 987 "http://hausegger.activities.at/entry.php?id=10271&&ser=148985" "Mozilla/5.0 (Windows NT 10.0; Win64; x64; rv:131.0) Gecko/20100101 Firefox/131.0"
178.165.167.123 - - [17/Oct/2024:09:11:45 +0200] "GET /gui/javascript/form_form.js?1729149105 HTTP/1.1" 200 16206 "http://hausegger.activities.at/entry.php?id=10271&&ser=149045" "Mozilla/5.0 (Windows NT 10.0; Win64; x64; rv:131.0) Gecko/20100101 Firefox/131.0"
156.59.198.135 - - [17/Oct/2024:09:12:05 +0200] "GET /renault.activities.at/htdocs/export/pdf/emuc_document/10777624.pdf HTTP/1.0" 404 322 "-" "Mozilla/5.0 (Linux; Android 5.0) AppleWebKit/537.36 (KHTML, like Gecko) Mobile Safari/537.36 (compatible; Bytespider; spider-feedback@bytedance.com)"
156.59.198.136 - - [17/Oct/2024:09:12:26 +0200] "GET /renault.activities.at/htdocs/export/xml/data/articles/201909041003_RenArticle.xml HTTP/1.0" 404 331 "-" "Mozilla/5.0 (Linux; Android 5.0) AppleWebKit/537.36 (KHTML, like Gecko) Mobile Safari/537.36 (compatible; Bytespider; spider-feedback@bytedance.com)"
178.165.167.123 - - [17/Oct/2024:09:12:46 +0200] "GET /entry.php?id=10271&&ser=149105 HTTP/1.1" 200 987 "http://hausegger.activities.at/entry.php?id=10271&&ser=149045" "Mozilla/5.0 (Windows NT 10.0; Win64; x64; rv:131.0) Gecko/20100101 Firefox/131.0"
178.165.167.123 - - [17/Oct/2024:09:12:46 +0200] "GET /gui/javascript/form_form.js?1729149166 HTTP/1.1" 200 16206 "http://hausegger.activities.at/entry.php?id=10271&&ser=149105" "Mozilla/5.0 (Windows NT 10.0; Win64; x64; rv:131.0) Gecko/20100101 Firefox/131.0"
156.59.198.135 - - [17/Oct/2024:09:12:48 +0200] "GET /ed-test.2web.at/stats/lang/tooltips_w/awstats-tt-cn.txt HTTP/1.0" 404 312 "-" "Mozilla/5.0 (Linux; Android 5.0) AppleWebKit/537.36 (KHTML, like Gecko) Mobile Safari/537.36 (compatible; Bytespider; spider-feedback@bytedance.com)"
156.59.198.136 - - [17/Oct/2024:09:13:09 +0200] "GET /renault.activities.at/htdocs/export/pdf/emuc_document/11951710.pdf HTTP/1.0" 404 322 "-" "Mozilla/5.0 (Linux; Android 5.0) AppleWebKit/537.36 (KHTML, like Gecko) Mobile Safari/537.36 (compatible; Bytespider; spider-feedback@bytedance.com)"
156.59.198.136 - - [17/Oct/2024:09:13:30 +0200] "GET /renault.activities.at/htdocs/export/pdf/emuc_document/12291191.pdf HTTP/1.0" 404 321 "-" "Mozilla/5.0 (Linux; Android 5.0) AppleWebKit/537.36 (KHTML, like Gecko) Mobile Safari/537.36 (compatible; Bytespider; spider-feedback@bytedance.com)"
178.165.167.123 - - [17/Oct/2024:09:13:46 +0200] "GET /entry.php?id=10271&&ser=149166 HTTP/1.1" 200 987 "http://hausegger.activities.at/entry.php?id=10271&&ser=149105" "Mozilla/5.0 (Windows NT 10.0; Win64; x64; rv:131.0) Gecko/20100101 Firefox/131.0"
178.165.167.123 - - [17/Oct/2024:09:13:46 +0200] "GET /gui/javascript/form_form.js?1729149226 HTTP/1.1" 200 16206 "http://hausegger.activities.at/entry.php?id=10271&&ser=149166" "Mozilla/5.0 (Windows NT 10.0; Win64; x64; rv:131.0) Gecko/20100101 Firefox/131.0"
156.59.198.136 - - [17/Oct/2024:09:13:51 +0200] "GET /default/cgi-bin/lang/tooltips_w/awstats-tt-ca.txt HTTP/1.0" 404 311 "-" "Mozilla/5.0 (Linux; Android 5.0) AppleWebKit/537.36 (KHTML, like Gecko) Mobile Safari/537.36 (compatible; Bytespider; spider-feedback@bytedance.com)"
156.59.198.136 - - [17/Oct/2024:09:14:12 +0200] "GET /renault.activities.at/htdocs/export/xml/data/articles/201911131303_RenArticle.xml HTTP/1.0" 404 331 "-" "Mozilla/5.0 (Linux; Android 5.0) AppleWebKit/537.36 (KHTML, like Gecko) Mobile Safari/537.36 (compatible; Bytespider; spider-feedback@bytedance.com)"
156.59.198.135 - - [17/Oct/2024:09:14:33 +0200] "GET /renault.activities.at/htdocs/export/pdf/emuc_document/11659691.pdf HTTP/1.0" 404 321 "-" "Mozilla/5.0 (Linux; Android 5.0) AppleWebKit/537.36 (KHTML, like Gecko) Mobile Safari/537.36 (compatible; Bytespider; spider-feedback@bytedance.com)"
178.165.167.123 - - [17/Oct/2024:09:14:46 +0200] "GET /entry.php?id=10271&&ser=149226 HTTP/1.1" 200 987 "http://hausegger.activities.at/entry.php?id=10271&&ser=149166" "Mozilla/5.0 (Windows NT 10.0; Win64; x64; rv:131.0) Gecko/20100101 Firefox/131.0"
178.165.167.123 - - [17/Oct/2024:09:14:47 +0200] "GET /gui/javascript/form_form.js?1729149286 HTTP/1.1" 200 16206 "http://hausegger.activities.at/entry.php?id=10271&&ser=149226" "Mozilla/5.0 (Windows NT 10.0; Win64; x64; rv:131.0) Gecko/20100101 Firefox/131.0"
156.59.198.136 - - [17/Oct/2024:09:14:54 +0200] "GET /renault.activities.at/htdocs/export/pdf/emuc_document/10371195.pdf HTTP/1.0" 404 322 "-" "Mozilla/5.0 (Linux; Android 5.0) AppleWebKit/537.36 (KHTML, like Gecko) Mobile Safari/537.36 (compatible; Bytespider; spider-feedback@bytedance.com)"
156.59.198.135 - - [17/Oct/2024:09:15:16 +0200] "GET /renault.activities.at/htdocs/export/txt/factura/FacturaExport20211109101143.txt HTTP/1.0" 404 327 "-" "Mozilla/5.0 (Linux; Android 5.0) AppleWebKit/537.36 (KHTML, like Gecko) Mobile Safari/537.36 (compatible; Bytespider; spider-feedback@bytedance.com)"
46.174.191.28 - - [17/Oct/2024:09:15:30 +0200] "GET / HTTP/1.0" 200 423 "-" "Mozilla/5.0 (Windows NT 6.1; WOW64; Trident/7.0; AS; rv:11.0) like Gecko"
156.59.198.135 - - [17/Oct/2024:09:15:37 +0200] "GET /renault.activities.at/htdocs/export/pdf/emuc_document/12239580.pdf HTTP/1.0" 404 322 "-" "Mozilla/5.0 (Linux; Android 5.0) AppleWebKit/537.36 (KHTML, like Gecko) Mobile Safari/537.36 (compatible; Bytespider; spider-feedback@bytedance.com)"
178.165.167.123 - - [17/Oct/2024:09:15:47 +0200] "GET /entry.php?id=10271&&ser=149286 HTTP/1.1" 200 987 "http://hausegger.activities.at/entry.php?id=10271&&ser=149226" "Mozilla/5.0 (Windows NT 10.0; Win64; x64; rv:131.0) Gecko/20100101 Firefox/131.0"
178.165.167.123 - - [17/Oct/2024:09:15:47 +0200] "GET /gui/javascript/form_form.js?1729149347 HTTP/1.1" 200 16206 "http://hausegger.activities.at/entry.php?id=10271&&ser=149286" "Mozilla/5.0 (Windows NT 10.0; Win64; x64; rv:131.0) Gecko/20100101 Firefox/131.0"
156.59.198.136 - - [17/Oct/2024:09:15:58 +0200] "GET /renault.activities.at/htdocs/export/xml/data/orders/202110141403_RenOrder.xml HTTP/1.0" 404 328 "-" "Mozilla/5.0 (Linux; Android 5.0) AppleWebKit/537.36 (KHTML, like Gecko) Mobile Safari/537.36 (compatible; Bytespider; spider-feedback@bytedance.com)"
156.59.198.135 - - [17/Oct/2024:09:16:20 +0200] "GET /renault.activities.at/htdocs/export/pdf/emuc_document/11890637.pdf HTTP/1.0" 404 322 "-" "Mozilla/5.0 (Linux; Android 5.0) AppleWebKit/537.36 (KHTML, like Gecko) Mobile Safari/537.36 (compatible; Bytespider; spider-feedback@bytedance.com)"
156.59.198.136 - - [17/Oct/2024:09:16:41 +0200] "GET /renault.2web.at/stats/lang/tooltips_w/awstats-tt-gl.txt HTTP/1.0" 404 313 "-" "Mozilla/5.0 (Linux; Android 5.0) AppleWebKit/537.36 (KHTML, like Gecko) Mobile Safari/537.36 (compatible; Bytespider; spider-feedback@bytedance.com)"
178.165.167.123 - - [17/Oct/2024:09:16:47 +0200] "GET /entry.php?id=10271&&ser=149347 HTTP/1.1" 200 987 "http://hausegger.activities.at/entry.php?id=10271&&ser=149286" "Mozilla/5.0 (Windows NT 10.0; Win64; x64; rv:131.0) Gecko/20100101 Firefox/131.0"
178.165.167.123 - - [17/Oct/2024:09:16:47 +0200] "GET /gui/javascript/form_form.js?1729149407 HTTP/1.1" 200 16206 "http://hausegger.activities.at/entry.php?id=10271&&ser=149347" "Mozilla/5.0 (Windows NT 10.0; Win64; x64; rv:131.0) Gecko/20100101 Firefox/131.0"
156.59.198.135 - - [17/Oct/2024:09:17:02 +0200] "GET /renault.activities.at/htdocs/export/pdf/emuc_document/11642135.pdf HTTP/1.0" 404 322 "-" "Mozilla/5.0 (Linux; Android 5.0) AppleWebKit/537.36 (KHTML, like Gecko) Mobile Safari/537.36 (compatible; Bytespider; spider-feedback@bytedance.com)"
156.59.198.135 - - [17/Oct/2024:09:17:24 +0200] "GET /renault.activities.at/htdocs/export/pdf/emuc_document/10709252.pdf HTTP/1.0" 404 322 "-" "Mozilla/5.0 (Linux; Android 5.0) AppleWebKit/537.36 (KHTML, like Gecko) Mobile Safari/537.36 (compatible; Bytespider; spider-feedback@bytedance.com)"
156.59.198.136 - - [17/Oct/2024:09:17:45 +0200] "GET /renault.activities.at/htdocs/log/cron/system_mail_3115924.txt HTTP/1.0" 404 320 "-" "Mozilla/5.0 (Linux; Android 5.0) AppleWebKit/537.36 (KHTML, like Gecko) Mobile Safari/537.36 (compatible; Bytespider; spider-feedback@bytedance.com)"
178.165.167.123 - - [17/Oct/2024:09:17:47 +0200] "GET /entry.php?id=10271&&ser=149407 HTTP/1.1" 200 987 "http://hausegger.activities.at/entry.php?id=10271&&ser=149347" "Mozilla/5.0 (Windows NT 10.0; Win64; x64; rv:131.0) Gecko/20100101 Firefox/131.0"
178.165.167.123 - - [17/Oct/2024:09:17:48 +0200] "GET /gui/javascript/form_form.js?1729149468 HTTP/1.1" 200 16206 "http://hausegger.activities.at/entry.php?id=10271&&ser=149407" "Mozilla/5.0 (Windows NT 10.0; Win64; x64; rv:131.0) Gecko/20100101 Firefox/131.0"
156.59.198.135 - - [17/Oct/2024:09:18:06 +0200] "GET /renault.activities.at/htdocs/export/xml/data/orders/202110011103_RenOrder.xml HTTP/1.0" 404 327 "-" "Mozilla/5.0 (Linux; Android 5.0) AppleWebKit/537.36 (KHTML, like Gecko) Mobile Safari/537.36 (compatible; Bytespider; spider-feedback@bytedance.com)"
156.59.198.136 - - [17/Oct/2024:09:18:27 +0200] "GET /renault.activities.at/htdocs/export/pdf/emuc_document/10789913.pdf HTTP/1.0" 404 322 "-" "Mozilla/5.0 (Linux; Android 5.0) AppleWebKit/537.36 (KHTML, like Gecko) Mobile Safari/537.36 (compatible; Bytespider; spider-feedback@bytedance.com)"
178.165.167.123 - - [17/Oct/2024:09:18:48 +0200] "GET /entry.php?id=10271&&ser=149468 HTTP/1.1" 200 988 "http://hausegger.activities.at/entry.php?id=10271&&ser=149407" "Mozilla/5.0 (Windows NT 10.0; Win64; x64; rv:131.0) Gecko/20100101 Firefox/131.0"
178.165.167.123 - - [17/Oct/2024:09:18:48 +0200] "GET /gui/javascript/form_form.js?1729149528 HTTP/1.1" 200 16206 "http://hausegger.activities.at/entry.php?id=10271&&ser=149468" "Mozilla/5.0 (Windows NT 10.0; Win64; x64; rv:131.0) Gecko/20100101 Firefox/131.0"
156.59.198.135 - - [17/Oct/2024:09:18:48 +0200] "GET /renault.activities.at/htdocs/export/pdf/emuc_document/11177722.pdf HTTP/1.0" 404 322 "-" "Mozilla/5.0 (Linux; Android 5.0) AppleWebKit/537.36 (KHTML, like Gecko) Mobile Safari/537.36 (compatible; Bytespider; spider-feedback@bytedance.com)"
156.59.198.135 - - [17/Oct/2024:09:19:09 +0200] "GET /renault.activities.at/htdocs/export/pdf/emuc_document/12202958.pdf HTTP/1.0" 404 321 "-" "Mozilla/5.0 (Linux; Android 5.0) AppleWebKit/537.36 (KHTML, like Gecko) Mobile Safari/537.36 (compatible; Bytespider; spider-feedback@bytedance.com)"
156.59.198.136 - - [17/Oct/2024:09:19:30 +0200] "GET /renault.activities.at/htdocs/binaries/10311644.doc HTTP/1.0" 404 311 "-" "Mozilla/5.0 (Linux; Android 5.0) AppleWebKit/537.36 (KHTML, like Gecko) Mobile Safari/537.36 (compatible; Bytespider; spider-feedback@bytedance.com)"
178.165.167.123 - - [17/Oct/2024:09:19:48 +0200] "GET /entry.php?id=10271&&ser=149528 HTTP/1.1" 200 987 "http://hausegger.activities.at/entry.php?id=10271&&ser=149468" "Mozilla/5.0 (Windows NT 10.0; Win64; x64; rv:131.0) Gecko/20100101 Firefox/131.0"
178.165.167.123 - - [17/Oct/2024:09:19:48 +0200] "GET /gui/javascript/form_form.js?1729149588 HTTP/1.1" 200 16206 "http://hausegger.activities.at/entry.php?id=10271&&ser=149528" "Mozilla/5.0 (Windows NT 10.0; Win64; x64; rv:131.0) Gecko/20100101 Firefox/131.0"
156.59.198.135 - - [17/Oct/2024:09:19:51 +0200] "GET /renault.activities.at/htdocs/export/txt/factura/FacturaExport20190404091211.txt HTTP/1.0" 404 326 "-" "Mozilla/5.0 (Linux; Android 5.0) AppleWebKit/537.36 (KHTML, like Gecko) Mobile Safari/537.36 (compatible; Bytespider; spider-feedback@bytedance.com)"
156.59.198.136 - - [17/Oct/2024:09:20:13 +0200] "GET /ed.activities.at/stats/lang/tooltips_m/awstats-tt-is.txt HTTP/1.0" 404 313 "-" "Mozilla/5.0 (Linux; Android 5.0) AppleWebKit/537.36 (KHTML, like Gecko) Mobile Safari/537.36 (compatible; Bytespider; spider-feedback@bytedance.com)"
156.59.198.135 - - [17/Oct/2024:09:20:34 +0200] "GET /renault.activities.at/htdocs/export/xml/data/articles/201909121603_RenArticle.xml HTTP/1.0" 404 331 "-" "Mozilla/5.0 (Linux; Android 5.0) AppleWebKit/537.36 (KHTML, like Gecko) Mobile Safari/537.36 (compatible; Bytespider; spider-feedback@bytedance.com)"
178.165.167.123 - - [17/Oct/2024:09:20:48 +0200] "GET /entry.php?id=10271&&ser=149588 HTTP/1.1" 200 987 "http://hausegger.activities.at/entry.php?id=10271&&ser=149528" "Mozilla/5.0 (Windows NT 10.0; Win64; x64; rv:131.0) Gecko/20100101 Firefox/131.0"
178.165.167.123 - - [17/Oct/2024:09:20:49 +0200] "GET /gui/javascript/form_form.js?1729149649 HTTP/1.1" 200 16206 "http://hausegger.activities.at/entry.php?id=10271&&ser=149588" "Mozilla/5.0 (Windows NT 10.0; Win64; x64; rv:131.0) Gecko/20100101 Firefox/131.0"
156.59.198.136 - - [17/Oct/2024:09:20:55 +0200] "GET /renault.activities.at/htdocs/export/txt/factura/FacturaExport20150930112658.txt HTTP/1.0" 404 328 "-" "Mozilla/5.0 (Linux; Android 5.0) AppleWebKit/537.36 (KHTML, like Gecko) Mobile Safari/537.36 (compatible; Bytespider; spider-feedback@bytedance.com)"
156.59.198.136 - - [17/Oct/2024:09:21:16 +0200] "GET /renault.activities.at/htdocs/log/cron/reminder_mailing_3116303.txt HTTP/1.0" 404 323 "-" "Mozilla/5.0 (Linux; Android 5.0) AppleWebKit/537.36 (KHTML, like Gecko) Mobile Safari/537.36 (compatible; Bytespider; spider-feedback@bytedance.com)"
156.59.198.136 - - [17/Oct/2024:09:21:37 +0200] "GET /default/cgi-bin/lang/awstats-gr.txt HTTP/1.0" 404 303 "-" "Mozilla/5.0 (Linux; Android 5.0) AppleWebKit/537.36 (KHTML, like Gecko) Mobile Safari/537.36 (compatible; Bytespider; spider-feedback@bytedance.com)"
178.165.167.123 - - [17/Oct/2024:09:21:50 +0200] "GET /entry.php?id=10271&&ser=149649 HTTP/1.1" 200 987 "http://hausegger.activities.at/entry.php?id=10271&&ser=149588" "Mozilla/5.0 (Windows NT 10.0; Win64; x64; rv:131.0) Gecko/20100101 Firefox/131.0"
178.165.167.123 - - [17/Oct/2024:09:21:51 +0200] "GET /gui/javascript/form_form.js?1729149711 HTTP/1.1" 200 16206 "http://hausegger.activities.at/entry.php?id=10271&&ser=149649" "Mozilla/5.0 (Windows NT 10.0; Win64; x64; rv:131.0) Gecko/20100101 Firefox/131.0"
156.59.198.136 - - [17/Oct/2024:09:21:58 +0200] "GET /renault.activities.at/htdocs/export/xml/data/orders/202005071403_RenOrder.xml HTTP/1.0" 404 329 "-" "Mozilla/5.0 (Linux; Android 5.0) AppleWebKit/537.36 (KHTML, like Gecko) Mobile Safari/537.36 (compatible; Bytespider; spider-feedback@bytedance.com)"
156.59.198.135 - - [17/Oct/2024:09:22:19 +0200] "GET /renault.activities.at/htdocs/export/pdf/emuc_document/10482221.pdf HTTP/1.0" 404 321 "-" "Mozilla/5.0 (Linux; Android 5.0) AppleWebKit/537.36 (KHTML, like Gecko) Mobile Safari/537.36 (compatible; Bytespider; spider-feedback@bytedance.com)"
156.59.198.136 - - [17/Oct/2024:09:22:41 +0200] "GET /renault.activities.at/htdocs/export/xml/data/orders/202102041603_RenOrder.xml HTTP/1.0" 404 329 "-" "Mozilla/5.0 (Linux; Android 5.0) AppleWebKit/537.36 (KHTML, like Gecko) Mobile Safari/537.36 (compatible; Bytespider; spider-feedback@bytedance.com)"
178.165.167.123 - - [17/Oct/2024:09:22:51 +0200] "GET /entry.php?id=10271&&ser=149711 HTTP/1.1" 200 987 "http://hausegger.activities.at/entry.php?id=10271&&ser=149649" "Mozilla/5.0 (Windows NT 10.0; Win64; x64; rv:131.0) Gecko/20100101 Firefox/131.0"
178.165.167.123 - - [17/Oct/2024:09:22:51 +0200] "GET /gui/javascript/form_form.js?1729149771 HTTP/1.1" 200 16206 "http://hausegger.activities.at/entry.php?id=10271&&ser=149711" "Mozilla/5.0 (Windows NT 10.0; Win64; x64; rv:131.0) Gecko/20100101 Firefox/131.0"
156.59.198.136 - - [17/Oct/2024:09:23:02 +0200] "GET /renault.activities.at/htdocs/export/xml/data/orders/202007211003_RenOrder.xml HTTP/1.0" 404 329 "-" "Mozilla/5.0 (Linux; Android 5.0) AppleWebKit/537.36 (KHTML, like Gecko) Mobile Safari/537.36 (compatible; Bytespider; spider-feedback@bytedance.com)"
156.59.198.136 - - [17/Oct/2024:09:23:23 +0200] "GET /renault.2web.at/stats/lang/awstats-ua.txt HTTP/1.0" 404 303 "-" "Mozilla/5.0 (Linux; Android 5.0) AppleWebKit/537.36 (KHTML, like Gecko) Mobile Safari/537.36 (compatible; Bytespider; spider-feedback@bytedance.com)"
156.59.198.136 - - [17/Oct/2024:09:23:44 +0200] "GET /renault.activities.at/htdocs/export/xml/data/articles/202011041103_RenArticle.xml HTTP/1.0" 404 330 "-" "Mozilla/5.0 (Linux; Android 5.0) AppleWebKit/537.36 (KHTML, like Gecko) Mobile Safari/537.36 (compatible; Bytespider; spider-feedback@bytedance.com)"
178.165.167.123 - - [17/Oct/2024:09:23:51 +0200] "GET /entry.php?id=10271&&ser=149771 HTTP/1.1" 200 987 "http://hausegger.activities.at/entry.php?id=10271&&ser=149711" "Mozilla/5.0 (Windows NT 10.0; Win64; x64; rv:131.0) Gecko/20100101 Firefox/131.0"
178.165.167.123 - - [17/Oct/2024:09:23:51 +0200] "GET /gui/javascript/form_form.js?1729149831 HTTP/1.1" 200 16206 "http://hausegger.activities.at/entry.php?id=10271&&ser=149771" "Mozilla/5.0 (Windows NT 10.0; Win64; x64; rv:131.0) Gecko/20100101 Firefox/131.0"
156.59.198.136 - - [17/Oct/2024:09:24:05 +0200] "GET /renault.activities.at/htdocs/export/txt/factura/FacturaExport20200806111840.txt HTTP/1.0" 404 327 "-" "Mozilla/5.0 (Linux; Android 5.0) AppleWebKit/537.36 (KHTML, like Gecko) Mobile Safari/537.36 (compatible; Bytespider; spider-feedback@bytedance.com)"
156.59.198.136 - - [17/Oct/2024:09:24:26 +0200] "GET /hausegger.activities.at/stats/lang/tooltips_w/awstats-tt-cn.txt HTTP/1.0" 404 318 "-" "Mozilla/5.0 (Linux; Android 5.0) AppleWebKit/537.36 (KHTML, like Gecko) Mobile Safari/537.36 (compatible; Bytespider; spider-feedback@bytedance.com)"
178.165.167.123 - - [17/Oct/2024:09:24:51 +0200] "GET /entry.php?id=10271&&ser=149831 HTTP/1.1" 200 988 "http://hausegger.activities.at/entry.php?id=10271&&ser=149771" "Mozilla/5.0 (Windows NT 10.0; Win64; x64; rv:131.0) Gecko/20100101 Firefox/131.0"
178.165.167.123 - - [17/Oct/2024:09:24:52 +0200] "GET /gui/javascript/form_form.js?1729149892 HTTP/1.1" 200 16206 "http://hausegger.activities.at/entry.php?id=10271&&ser=149831" "Mozilla/5.0 (Windows NT 10.0; Win64; x64; rv:131.0) Gecko/20100101 Firefox/131.0"
156.59.198.135 - - [17/Oct/2024:09:25:08 +0200] "GET /renault.activities.at/htdocs/export/pdf/emuc_document/10969001.pdf HTTP/1.0" 404 321 "-" "Mozilla/5.0 (Linux; Android 5.0) AppleWebKit/537.36 (KHTML, like Gecko) Mobile Safari/537.36 (compatible; Bytespider; spider-feedback@bytedance.com)"
156.59.198.135 - - [17/Oct/2024:09:25:30 +0200] "GET /renault.activities.at/htdocs/export/pdf/emuc_document/11228134.pdf HTTP/1.0" 404 322 "-" "Mozilla/5.0 (Linux; Android 5.0) AppleWebKit/537.36 (KHTML, like Gecko) Mobile Safari/537.36 (compatible; Bytespider; spider-feedback@bytedance.com)"
156.59.198.135 - - [17/Oct/2024:09:25:51 +0200] "GET /renault.activities.at/htdocs/log/cron/reminder_mailing_3116433.txt HTTP/1.0" 404 323 "-" "Mozilla/5.0 (Linux; Android 5.0) AppleWebKit/537.36 (KHTML, like Gecko) Mobile Safari/537.36 (compatible; Bytespider; spider-feedback@bytedance.com)"
178.165.167.123 - - [17/Oct/2024:09:25:52 +0200] "GET /entry.php?id=10271&&ser=149891 HTTP/1.1" 200 987 "http://hausegger.activities.at/entry.php?id=10271&&ser=149831" "Mozilla/5.0 (Windows NT 10.0; Win64; x64; rv:131.0) Gecko/20100101 Firefox/131.0"
178.165.167.123 - - [17/Oct/2024:09:25:52 +0200] "GET /gui/javascript/form_form.js?1729149952 HTTP/1.1" 200 16206 "http://hausegger.activities.at/entry.php?id=10271&&ser=149891" "Mozilla/5.0 (Windows NT 10.0; Win64; x64; rv:131.0) Gecko/20100101 Firefox/131.0"
156.59.198.136 - - [17/Oct/2024:09:26:12 +0200] "GET /ed.activities.at/stats/lang/awstats-cy.txt HTTP/1.0" 404 304 "-" "Mozilla/5.0 (Linux; Android 5.0) AppleWebKit/537.36 (KHTML, like Gecko) Mobile Safari/537.36 (compatible; Bytespider; spider-feedback@bytedance.com)"
156.59.198.136 - - [17/Oct/2024:09:26:33 +0200] "GET /renault.activities.at/htdocs/export/xml/data/orders/202106081403_RenOrder.xml HTTP/1.0" 404 329 "-" "Mozilla/5.0 (Linux; Android 5.0) AppleWebKit/537.36 (KHTML, like Gecko) Mobile Safari/537.36 (compatible; Bytespider; spider-feedback@bytedance.com)"
178.165.167.123 - - [17/Oct/2024:09:26:52 +0200] "GET /entry.php?id=10271&&ser=149952 HTTP/1.1" 200 986 "http://hausegger.activities.at/entry.php?id=10271&&ser=149891" "Mozilla/5.0 (Windows NT 10.0; Win64; x64; rv:131.0) Gecko/20100101 Firefox/131.0"
178.165.167.123 - - [17/Oct/2024:09:26:52 +0200] "GET /gui/javascript/form_form.js?1729150012 HTTP/1.1" 200 16206 "http://hausegger.activities.at/entry.php?id=10271&&ser=149952" "Mozilla/5.0 (Windows NT 10.0; Win64; x64; rv:131.0) Gecko/20100101 Firefox/131.0"
156.59.198.135 - - [17/Oct/2024:09:26:54 +0200] "GET /renault.activities.at/htdocs/export/xml/data/orders/202109171303_RenOrder.xml HTTP/1.0" 404 329 "-" "Mozilla/5.0 (Linux; Android 5.0) AppleWebKit/537.36 (KHTML, like Gecko) Mobile Safari/537.36 (compatible; Bytespider; spider-feedback@bytedance.com)"
156.59.198.135 - - [17/Oct/2024:09:27:15 +0200] "GET /renault.activities.at/htdocs/export/txt/factura/FacturaExport20151109122453.txt HTTP/1.0" 404 328 "-" "Mozilla/5.0 (Linux; Android 5.0) AppleWebKit/537.36 (KHTML, like Gecko) Mobile Safari/537.36 (compatible; Bytespider; spider-feedback@bytedance.com)"
156.59.198.135 - - [17/Oct/2024:09:27:37 +0200] "GET /renault.activities.at/htdocs/export/xml/data/orders/202101301203_RenOrder.xml HTTP/1.0" 404 329 "-" "Mozilla/5.0 (Linux; Android 5.0) AppleWebKit/537.36 (KHTML, like Gecko) Mobile Safari/537.36 (compatible; Bytespider; spider-feedback@bytedance.com)"
178.165.167.123 - - [17/Oct/2024:09:27:53 +0200] "GET /entry.php?id=10271&&ser=150012 HTTP/1.1" 200 986 "http://hausegger.activities.at/entry.php?id=10271&&ser=149952" "Mozilla/5.0 (Windows NT 10.0; Win64; x64; rv:131.0) Gecko/20100101 Firefox/131.0"
178.165.167.123 - - [17/Oct/2024:09:27:53 +0200] "GET /gui/javascript/form_form.js?1729150073 HTTP/1.1" 200 16206 "http://hausegger.activities.at/entry.php?id=10271&&ser=150012" "Mozilla/5.0 (Windows NT 10.0; Win64; x64; rv:131.0) Gecko/20100101 Firefox/131.0"
156.59.198.135 - - [17/Oct/2024:09:27:58 +0200] "GET /renault.activities.at/htdocs/export/xml/data/orders/202105191603_RenOrder.xml HTTP/1.0" 404 330 "-" "Mozilla/5.0 (Linux; Android 5.0) AppleWebKit/537.36 (KHTML, like Gecko) Mobile Safari/537.36 (compatible; Bytespider; spider-feedback@bytedance.com)"
156.59.198.135 - - [17/Oct/2024:09:28:19 +0200] "GET /renault.activities.at/htdocs/export/pdf/emuc_document/11850854.pdf HTTP/1.0" 404 321 "-" "Mozilla/5.0 (Linux; Android 5.0) AppleWebKit/537.36 (KHTML, like Gecko) Mobile Safari/537.36 (compatible; Bytespider; spider-feedback@bytedance.com)"
156.59.198.135 - - [17/Oct/2024:09:28:40 +0200] "GET /renault.activities.at/htdocs/export/txt/factura/FacturaExport20190325101126.txt HTTP/1.0" 404 327 "-" "Mozilla/5.0 (Linux; Android 5.0) AppleWebKit/537.36 (KHTML, like Gecko) Mobile Safari/537.36 (compatible; Bytespider; spider-feedback@bytedance.com)"
178.165.167.123 - - [17/Oct/2024:09:28:53 +0200] "GET /entry.php?id=10271&&ser=150073 HTTP/1.1" 200 987 "http://hausegger.activities.at/entry.php?id=10271&&ser=150012" "Mozilla/5.0 (Windows NT 10.0; Win64; x64; rv:131.0) Gecko/20100101 Firefox/131.0"
178.165.167.123 - - [17/Oct/2024:09:28:53 +0200] "GET /gui/javascript/form_form.js?1729150133 HTTP/1.1" 200 16206 "http://hausegger.activities.at/entry.php?id=10271&&ser=150073" "Mozilla/5.0 (Windows NT 10.0; Win64; x64; rv:131.0) Gecko/20100101 Firefox/131.0"
156.59.198.135 - - [17/Oct/2024:09:29:01 +0200] "GET /renault.activities.at/htdocs/export/pdf/emuc_document/12113245.pdf HTTP/1.0" 404 322 "-" "Mozilla/5.0 (Linux; Android 5.0) AppleWebKit/537.36 (KHTML, like Gecko) Mobile Safari/537.36 (compatible; Bytespider; spider-feedback@bytedance.com)"
178.165.167.123 - - [17/Oct/2024:09:29:53 +0200] "GET /entry.php?id=10271&&ser=150133 HTTP/1.1" 200 987 "http://hausegger.activities.at/entry.php?id=10271&&ser=150073" "Mozilla/5.0 (Windows NT 10.0; Win64; x64; rv:131.0) Gecko/20100101 Firefox/131.0"
178.165.167.123 - - [17/Oct/2024:09:29:53 +0200] "GET /gui/javascript/form_form.js?1729150193 HTTP/1.1" 200 16206 "http://hausegger.activities.at/entry.php?id=10271&&ser=150133" "Mozilla/5.0 (Windows NT 10.0; Win64; x64; rv:131.0) Gecko/20100101 Firefox/131.0"
178.165.167.123 - - [17/Oct/2024:09:30:54 +0200] "GET /entry.php?id=10271&&ser=150193 HTTP/1.1" 200 986 "http://hausegger.activities.at/entry.php?id=10271&&ser=150133" "Mozilla/5.0 (Windows NT 10.0; Win64; x64; rv:131.0) Gecko/20100101 Firefox/131.0"
178.165.167.123 - - [17/Oct/2024:09:30:54 +0200] "GET /gui/javascript/form_form.js?1729150254 HTTP/1.1" 200 16206 "http://hausegger.activities.at/entry.php?id=10271&&ser=150193" "Mozilla/5.0 (Windows NT 10.0; Win64; x64; rv:131.0) Gecko/20100101 Firefox/131.0"
114.33.69.141 - - [17/Oct/2024:09:31:42 +0200] "GET / HTTP/1.0" 200 423 "-" "Mozilla/5.0 (Linux; U; Android 4.0.3; ko-kr; LG-L160L Build/IML74K) AppleWebkit/534.30 (KHTML, like Gecko) Version/4.0 Mobile Safari/534.30"
156.59.198.136 - - [17/Oct/2024:09:37:06 +0200] "GET /renault.activities.at/htdocs/export/pdf/emuc_document/10623479.pdf HTTP/1.0" 404 323 "-" "Mozilla/5.0 (Linux; Android 5.0) AppleWebKit/537.36 (KHTML, like Gecko) Mobile Safari/537.36 (compatible; Bytespider; spider-feedback@bytedance.com)"
156.59.198.135 - - [17/Oct/2024:09:37:27 +0200] "GET /renault.activities.at/htdocs/export/xml/data/articles/202104221603_RenArticle.xml HTTP/1.0" 404 331 "-" "Mozilla/5.0 (Linux; Android 5.0) AppleWebKit/537.36 (KHTML, like Gecko) Mobile Safari/537.36 (compatible; Bytespider; spider-feedback@bytedance.com)"
