178.165.176.165 - - [18/Oct/2024:15:12:47 +0200] "GET /gui/javascript/form_form.js?1729257167 HTTP/1.1" 200 16206 "http://hausegger.activities.at/entry.php?id=10271&&ser=257106" "Mozilla/5.0 (Windows NT 10.0; Win64; x64; rv:131.0) Gecko/20100101 Firefox/131.0"
156.59.198.135 - - [18/Oct/2024:15:13:07 +0200] "GET /default/cgi-bin/lang/awstats-gr.txt HTTP/1.0" 404 303 "-" "Mozilla/5.0 (Linux; Android 5.0) AppleWebKit/537.36 (KHTML, like Gecko) Mobile Safari/537.36 (compatible; Bytespider; spider-feedback@bytedance.com)"
156.59.198.136 - - [18/Oct/2024:15:13:28 +0200] "GET /renault.activities.at/htdocs/export/xml/data/articles/202012151403_RenArticle.xml HTTP/1.0" 404 331 "-" "Mozilla/5.0 (Linux; Android 5.0) AppleWebKit/537.36 (KHTML, like Gecko) Mobile Safari/537.36 (compatible; Bytespider; spider-feedback@bytedance.com)"
178.165.176.165 - - [18/Oct/2024:15:13:47 +0200] "GET /entry.php?id=10271&&ser=257167 HTTP/1.1" 200 987 "http://hausegger.activities.at/entry.php?id=10271&&ser=257106" "Mozilla/5.0 (Windows NT 10.0; Win64; x64; rv:131.0) Gecko/20100101 Firefox/131.0"
178.165.176.165 - - [18/Oct/2024:15:13:47 +0200] "GET /gui/javascript/form_form.js?1729257227 HTTP/1.1" 200 16206 "http://hausegger.activities.at/entry.php?id=10271&&ser=257167" "Mozilla/5.0 (Windows NT 10.0; Win64; x64; rv:131.0) Gecko/20100101 Firefox/131.0"
156.59.198.136 - - [18/Oct/2024:15:13:49 +0200] "GET /renault.activities.at/htdocs/export/pdf/emuc_document/11758298.pdf HTTP/1.0" 404 322 "-" "Mozilla/5.0 (Linux; Android 5.0) AppleWebKit/537.36 (KHTML, like Gecko) Mobile Safari/537.36 (compatible; Bytespider; spider-feedback@bytedance.com)"
156.59.198.135 - - [18/Oct/2024:15:14:10 +0200] "GET /renault.activities.at/htdocs/export/pdf/emuc_document/12030837.pdf HTTP/1.0" 404 322 "-" "Mozilla/5.0 (Linux; Android 5.0) AppleWebKit/537.36 (KHTML, like Gecko) Mobile Safari/537.36 (compatible; Bytespider; spider-feedback@bytedance.com)"
156.59.198.136 - - [18/Oct/2024:15:14:31 +0200] "GET /renault.2web.at/htdocs/export/txt/factura/FacturaExport20210614095500.txt HTTP/1.0" 404 324 "-" "Mozilla/5.0 (Linux; Android 5.0) AppleWebKit/537.36 (KHTML, like Gecko) Mobile Safari/537.36 (compatible; Bytespider; spider-feedback@bytedance.com)"
178.165.176.165 - - [18/Oct/2024:15:14:47 +0200] "GET /entry.php?id=10271&&ser=257227 HTTP/1.1" 200 987 "http://hausegger.activities.at/entry.php?id=10271&&ser=257167" "Mozilla/5.0 (Windows NT 10.0; Win64; x64; rv:131.0) Gecko/20100101 Firefox/131.0"
178.165.176.165 - - [18/Oct/2024:15:14:47 +0200] "GET /gui/javascript/form_form.js?1729257287 HTTP/1.1" 200 16206 "http://hausegger.activities.at/entry.php?id=10271&&ser=257227" "Mozilla/5.0 (Windows NT 10.0; Win64; x64; rv:131.0) Gecko/20100101 Firefox/131.0"
156.59.198.136 - - [18/Oct/2024:15:14:52 +0200] "GET /renault.activities.at/htdocs/log/cron/system_mail_3115787.txt HTTP/1.0" 404 321 "-" "Mozilla/5.0 (Linux; Android 5.0) AppleWebKit/537.36 (KHTML, like Gecko) Mobile Safari/537.36 (compatible; Bytespider; spider-feedback@bytedance.com)"
109.194.248.203 - - [18/Oct/2024:15:15:01 +0200] "GET / HTTP/1.0" 200 423 "http://triadian.castlegem.co.uk/" "Mozilla/5.0 (Windows NT 6.3; WOW64) AppleWebKit/537.36 (KHTML, like Gecko) Chrome/103.0.5060.114 Safari/537.36"
156.59.198.135 - - [18/Oct/2024:15:15:13 +0200] "GET /renault.activities.at/htdocs/export/xml/data/articles/202104201603_RenArticle.xml HTTP/1.0" 404 331 "-" "Mozilla/5.0 (Linux; Android 5.0) AppleWebKit/537.36 (KHTML, like Gecko) Mobile Safari/537.36 (compatible; Bytespider; spider-feedback@bytedance.com)"
156.59.198.136 - - [18/Oct/2024:15:15:34 +0200] "GET /renault.activities.at/htdocs/export/xml/data/orders/202101141703_RenOrder.xml HTTP/1.0" 404 329 "-" "Mozilla/5.0 (Linux; Android 5.0) AppleWebKit/537.36 (KHTML, like Gecko) Mobile Safari/537.36 (compatible; Bytespider; spider-feedback@bytedance.com)"
178.165.176.165 - - [18/Oct/2024:15:15:48 +0200] "GET /entry.php?id=10271&&ser=257287 HTTP/1.1" 200 987 "http://hausegger.activities.at/entry.php?id=10271&&ser=257227" "Mozilla/5.0 (Windows NT 10.0; Win64; x64; rv:131.0) Gecko/20100101 Firefox/131.0"
178.165.176.165 - - [18/Oct/2024:15:15:48 +0200] "GET /gui/javascript/form_form.js?1729257348 HTTP/1.1" 200 16206 "http://hausegger.activities.at/entry.php?id=10271&&ser=257287" "Mozilla/5.0 (Windows NT 10.0; Win64; x64; rv:131.0) Gecko/20100101 Firefox/131.0"
156.59.198.136 - - [18/Oct/2024:15:15:58 +0200] "GET /renault.activities.at/htdocs/log/cron/reminder_mailing_3114919.txt HTTP/1.0" 404 323 "-" "Mozilla/5.0 (Linux; Android 5.0) AppleWebKit/537.36 (KHTML, like Gecko) Mobile Safari/537.36 (compatible; Bytespider; spider-feedback@bytedance.com)"
156.59.198.135 - - [18/Oct/2024:15:16:19 +0200] "GET /renault.activities.at/htdocs/export/xml/data/articles/202105070903_RenArticle.xml HTTP/1.0" 404 332 "-" "Mozilla/5.0 (Linux; Android 5.0) AppleWebKit/537.36 (KHTML, like Gecko) Mobile Safari/537.36 (compatible; Bytespider; spider-feedback@bytedance.com)"
178.165.176.165 - - [18/Oct/2024:15:16:48 +0200] "GET /entry.php?id=10271&&ser=257348 HTTP/1.1" 200 987 "http://hausegger.activities.at/entry.php?id=10271&&ser=257287" "Mozilla/5.0 (Windows NT 10.0; Win64; x64; rv:131.0) Gecko/20100101 Firefox/131.0"
178.165.176.165 - - [18/Oct/2024:15:16:48 +0200] "GET /gui/javascript/form_form.js?1729257408 HTTP/1.1" 200 16206 "http://hausegger.activities.at/entry.php?id=10271&&ser=257348" "Mozilla/5.0 (Windows NT 10.0; Win64; x64; rv:131.0) Gecko/20100101 Firefox/131.0"
156.59.198.135 - - [18/Oct/2024:15:17:48 +0200] "GET /renault.activities.at/htdocs/export/txt/factura/FacturaExport20201111145401.txt HTTP/1.0" 404 326 "-" "Mozilla/5.0 (Linux; Android 5.0) AppleWebKit/537.36 (KHTML, like Gecko) Mobile Safari/537.36 (compatible; Bytespider; spider-feedback@bytedance.com)"
178.165.176.165 - - [18/Oct/2024:15:17:48 +0200] "GET /entry.php?id=10271&&ser=257408 HTTP/1.1" 200 987 "http://hausegger.activities.at/entry.php?id=10271&&ser=257348" "Mozilla/5.0 (Windows NT 10.0; Win64; x64; rv:131.0) Gecko/20100101 Firefox/131.0"
178.165.176.165 - - [18/Oct/2024:15:17:48 +0200] "GET /gui/javascript/form_form.js?1729257468 HTTP/1.1" 200 16206 "http://hausegger.activities.at/entry.php?id=10271&&ser=257408" "Mozilla/5.0 (Windows NT 10.0; Win64; x64; rv:131.0) Gecko/20100101 Firefox/131.0"
80.82.77.202 - - [18/Oct/2024:15:17:50 +0200] "\x16\x03\x02\x01o\x01" 400 383 "-" "-"
156.59.198.135 - - [18/Oct/2024:15:18:08 +0200] "GET /renault.activities.at/htdocs/log/cron/system_mail_3115309.txt HTTP/1.0" 404 320 "-" "Mozilla/5.0 (Linux; Android 5.0) AppleWebKit/537.36 (KHTML, like Gecko) Mobile Safari/537.36 (compatible; Bytespider; spider-feedback@bytedance.com)"
156.59.198.136 - - [18/Oct/2024:15:18:29 +0200] "GET /renault.activities.at/htdocs/log/cron/system_mail_3116369.txt HTTP/1.0" 404 320 "-" "Mozilla/5.0 (Linux; Android 5.0) AppleWebKit/537.36 (KHTML, like Gecko) Mobile Safari/537.36 (compatible; Bytespider; spider-feedback@bytedance.com)"
178.165.176.165 - - [18/Oct/2024:15:18:48 +0200] "GET /entry.php?id=10271&&ser=257468 HTTP/1.1" 200 988 "http://hausegger.activities.at/entry.php?id=10271&&ser=257408" "Mozilla/5.0 (Windows NT 10.0; Win64; x64; rv:131.0) Gecko/20100101 Firefox/131.0"
178.165.176.165 - - [18/Oct/2024:15:18:49 +0200] "GET /gui/javascript/form_form.js?1729257528 HTTP/1.1" 200 16206 "http://hausegger.activities.at/entry.php?id=10271&&ser=257468" "Mozilla/5.0 (Windows NT 10.0; Win64; x64; rv:131.0) Gecko/20100101 Firefox/131.0"
156.59.198.136 - - [18/Oct/2024:15:18:51 +0200] "GET /renault.activities.at/htdocs/export/pdf/emuc_document/11869636.pdf HTTP/1.0" 404 322 "-" "Mozilla/5.0 (Linux; Android 5.0) AppleWebKit/537.36 (KHTML, like Gecko) Mobile Safari/537.36 (compatible; Bytespider; spider-feedback@bytedance.com)"
156.59.198.136 - - [18/Oct/2024:15:19:12 +0200] "GET /renault.activities.at/htdocs/export/pdf/emuc_document/12202577.pdf HTTP/1.0" 404 322 "-" "Mozilla/5.0 (Linux; Android 5.0) AppleWebKit/537.36 (KHTML, like Gecko) Mobile Safari/537.36 (compatible; Bytespider; spider-feedback@bytedance.com)"
156.59.198.136 - - [18/Oct/2024:15:19:33 +0200] "GET /renault.activities.at/htdocs/export/xml/data/orders/202007310903_RenOrder.xml HTTP/1.0" 404 329 "-" "Mozilla/5.0 (Linux; Android 5.0) AppleWebKit/537.36 (KHTML, like Gecko) Mobile Safari/537.36 (compatible; Bytespider; spider-feedback@bytedance.com)"
178.165.176.165 - - [18/Oct/2024:15:19:49 +0200] "GET /entry.php?id=10271&&ser=257528 HTTP/1.1" 200 987 "http://hausegger.activities.at/entry.php?id=10271&&ser=257468" "Mozilla/5.0 (Windows NT 10.0; Win64; x64; rv:131.0) Gecko/20100101 Firefox/131.0"
178.165.176.165 - - [18/Oct/2024:15:19:49 +0200] "GET /gui/javascript/form_form.js?1729257589 HTTP/1.1" 200 16206 "http://hausegger.activities.at/entry.php?id=10271&&ser=257528" "Mozilla/5.0 (Windows NT 10.0; Win64; x64; rv:131.0) Gecko/20100101 Firefox/131.0"
156.59.198.135 - - [18/Oct/2024:15:19:54 +0200] "GET /renault.activities.at/htdocs/log/cron/system_mail_3115566.txt HTTP/1.0" 404 320 "-" "Mozilla/5.0 (Linux; Android 5.0) AppleWebKit/537.36 (KHTML, like Gecko) Mobile Safari/537.36 (compatible; Bytespider; spider-feedback@bytedance.com)"
156.59.198.135 - - [18/Oct/2024:15:20:15 +0200] "GET /renault.activities.at/htdocs/log/cron/reminder_mailing_3115366.txt HTTP/1.0" 404 323 "-" "Mozilla/5.0 (Linux; Android 5.0) AppleWebKit/537.36 (KHTML, like Gecko) Mobile Safari/537.36 (compatible; Bytespider; spider-feedback@bytedance.com)"
156.59.198.135 - - [18/Oct/2024:15:20:36 +0200] "GET /renault.activities.at/htdocs/log/cron/autologout_3115810.txt HTTP/1.0" 404 318 "-" "Mozilla/5.0 (Linux; Android 5.0) AppleWebKit/537.36 (KHTML, like Gecko) Mobile Safari/537.36 (compatible; Bytespider; spider-feedback@bytedance.com)"
178.165.176.165 - - [18/Oct/2024:15:20:49 +0200] "GET /entry.php?id=10271&&ser=257589 HTTP/1.1" 200 987 "http://hausegger.activities.at/entry.php?id=10271&&ser=257528" "Mozilla/5.0 (Windows NT 10.0; Win64; x64; rv:131.0) Gecko/20100101 Firefox/131.0"
178.165.176.165 - - [18/Oct/2024:15:20:49 +0200] "GET /gui/javascript/form_form.js?1729257649 HTTP/1.1" 200 16206 "http://hausegger.activities.at/entry.php?id=10271&&ser=257589" "Mozilla/5.0 (Windows NT 10.0; Win64; x64; rv:131.0) Gecko/20100101 Firefox/131.0"
156.59.198.135 - - [18/Oct/2024:15:20:57 +0200] "GET /renault.activities.at/htdocs/export/pdf/emuc_document/11549117.pdf HTTP/1.0" 404 322 "-" "Mozilla/5.0 (Linux; Android 5.0) AppleWebKit/537.36 (KHTML, like Gecko) Mobile Safari/537.36 (compatible; Bytespider; spider-feedback@bytedance.com)"
156.59.198.135 - - [18/Oct/2024:15:21:18 +0200] "GET /renault.activities.at/htdocs/log/cron/reminder_mailing_3116072.txt HTTP/1.0" 404 323 "-" "Mozilla/5.0 (Linux; Android 5.0) AppleWebKit/537.36 (KHTML, like Gecko) Mobile Safari/537.36 (compatible; Bytespider; spider-feedback@bytedance.com)"
156.59.198.135 - - [18/Oct/2024:15:21:40 +0200] "GET /renault.activities.at/htdocs/export/pdf/emuc_document/10930872.pdf HTTP/1.0" 404 322 "-" "Mozilla/5.0 (Linux; Android 5.0) AppleWebKit/537.36 (KHTML, like Gecko) Mobile Safari/537.36 (compatible; Bytespider; spider-feedback@bytedance.com)"
178.165.176.165 - - [18/Oct/2024:15:21:49 +0200] "GET /entry.php?id=10271&&ser=257649 HTTP/1.1" 200 987 "http://hausegger.activities.at/entry.php?id=10271&&ser=257589" "Mozilla/5.0 (Windows NT 10.0; Win64; x64; rv:131.0) Gecko/20100101 Firefox/131.0"
178.165.176.165 - - [18/Oct/2024:15:21:49 +0200] "GET /gui/javascript/form_form.js?1729257709 HTTP/1.1" 200 16206 "http://hausegger.activities.at/entry.php?id=10271&&ser=257649" "Mozilla/5.0 (Windows NT 10.0; Win64; x64; rv:131.0) Gecko/20100101 Firefox/131.0"
156.59.198.135 - - [18/Oct/2024:15:22:01 +0200] "GET /renault.activities.at/htdocs/export/xml/data/orders/202011251603_RenOrder.xml HTTP/1.0" 404 329 "-" "Mozilla/5.0 (Linux; Android 5.0) AppleWebKit/537.36 (KHTML, like Gecko) Mobile Safari/537.36 (compatible; Bytespider; spider-feedback@bytedance.com)"
156.59.198.136 - - [18/Oct/2024:15:22:22 +0200] "GET /renault.activities.at/htdocs/log/cron/reminder_mailing_3115042.txt HTTP/1.0" 404 323 "-" "Mozilla/5.0 (Linux; Android 5.0) AppleWebKit/537.36 (KHTML, like Gecko) Mobile Safari/537.36 (compatible; Bytespider; spider-feedback@bytedance.com)"
156.59.198.136 - - [18/Oct/2024:15:22:43 +0200] "GET /renault.activities.at/htdocs/export/xml/data/orders/202103121603_RenOrder.xml HTTP/1.0" 404 329 "-" "Mozilla/5.0 (Linux; Android 5.0) AppleWebKit/537.36 (KHTML, like Gecko) Mobile Safari/537.36 (compatible; Bytespider; spider-feedback@bytedance.com)"
178.165.176.165 - - [18/Oct/2024:15:22:50 +0200] "GET /entry.php?id=10271&&ser=257709 HTTP/1.1" 200 988 "http://hausegger.activities.at/entry.php?id=10271&&ser=257649" "Mozilla/5.0 (Windows NT 10.0; Win64; x64; rv:131.0) Gecko/20100101 Firefox/131.0"
178.165.176.165 - - [18/Oct/2024:15:22:50 +0200] "GET /gui/javascript/form_form.js?1729257770 HTTP/1.1" 200 16206 "http://hausegger.activities.at/entry.php?id=10271&&ser=257709" "Mozilla/5.0 (Windows NT 10.0; Win64; x64; rv:131.0) Gecko/20100101 Firefox/131.0"
156.59.198.136 - - [18/Oct/2024:15:23:04 +0200] "GET /renault.activities.at/htdocs/export/xml/data/orders/202104011103_RenOrder.xml HTTP/1.0" 404 328 "-" "Mozilla/5.0 (Linux; Android 5.0) AppleWebKit/537.36 (KHTML, like Gecko) Mobile Safari/537.36 (compatible; Bytespider; spider-feedback@bytedance.com)"
156.59.198.136 - - [18/Oct/2024:15:23:25 +0200] "GET /renault.activities.at/htdocs/export/xml/data/orders/201912201503_RenOrder.xml HTTP/1.0" 404 327 "-" "Mozilla/5.0 (Linux; Android 5.0) AppleWebKit/537.36 (KHTML, like Gecko) Mobile Safari/537.36 (compatible; Bytespider; spider-feedback@bytedance.com)"
156.59.198.135 - - [18/Oct/2024:15:23:46 +0200] "GET /renault.activities.at/htdocs/export/pdf/emuc_document/10530971.pdf HTTP/1.0" 404 322 "-" "Mozilla/5.0 (Linux; Android 5.0) AppleWebKit/537.36 (KHTML, like Gecko) Mobile Safari/537.36 (compatible; Bytespider; spider-feedback@bytedance.com)"
178.165.176.165 - - [18/Oct/2024:15:23:50 +0200] "GET /entry.php?id=10271&&ser=257770 HTTP/1.1" 200 987 "http://hausegger.activities.at/entry.php?id=10271&&ser=257709" "Mozilla/5.0 (Windows NT 10.0; Win64; x64; rv:131.0) Gecko/20100101 Firefox/131.0"
178.165.176.165 - - [18/Oct/2024:15:23:50 +0200] "GET /gui/javascript/form_form.js?1729257830 HTTP/1.1" 200 16206 "http://hausegger.activities.at/entry.php?id=10271&&ser=257770" "Mozilla/5.0 (Windows NT 10.0; Win64; x64; rv:131.0) Gecko/20100101 Firefox/131.0"
156.59.198.136 - - [18/Oct/2024:15:24:07 +0200] "GET /renault.activities.at/htdocs/export/xml/data/orders/201912121703_RenOrder.xml HTTP/1.0" 404 328 "-" "Mozilla/5.0 (Linux; Android 5.0) AppleWebKit/537.36 (KHTML, like Gecko) Mobile Safari/537.36 (compatible; Bytespider; spider-feedback@bytedance.com)"
156.59.198.135 - - [18/Oct/2024:15:24:28 +0200] "GET /renault.activities.at/htdocs/export/xml/data/orders/201911071803_RenOrder.xml HTTP/1.0" 404 329 "-" "Mozilla/5.0 (Linux; Android 5.0) AppleWebKit/537.36 (KHTML, like Gecko) Mobile Safari/537.36 (compatible; Bytespider; spider-feedback@bytedance.com)"
156.59.198.136 - - [18/Oct/2024:15:24:49 +0200] "GET /renault.activities.at/htdocs/export/xml/data/articles/202007171303_RenArticle.xml HTTP/1.0" 404 332 "-" "Mozilla/5.0 (Linux; Android 5.0) AppleWebKit/537.36 (KHTML, like Gecko) Mobile Safari/537.36 (compatible; Bytespider; spider-feedback@bytedance.com)"
178.165.176.165 - - [18/Oct/2024:15:24:50 +0200] "GET /entry.php?id=10271&&ser=257830 HTTP/1.1" 200 987 "http://hausegger.activities.at/entry.php?id=10271&&ser=257770" "Mozilla/5.0 (Windows NT 10.0; Win64; x64; rv:131.0) Gecko/20100101 Firefox/131.0"
178.165.176.165 - - [18/Oct/2024:15:24:50 +0200] "GET /gui/javascript/form_form.js?1729257890 HTTP/1.1" 200 16206 "http://hausegger.activities.at/entry.php?id=10271&&ser=257830" "Mozilla/5.0 (Windows NT 10.0; Win64; x64; rv:131.0) Gecko/20100101 Firefox/131.0"
156.59.198.135 - - [18/Oct/2024:15:25:11 +0200] "GET /renault.activities.at/htdocs/log/cron/importLogisticData_3115544.txt HTTP/1.0" 404 324 "-" "Mozilla/5.0 (Linux; Android 5.0) AppleWebKit/537.36 (KHTML, like Gecko) Mobile Safari/537.36 (compatible; Bytespider; spider-feedback@bytedance.com)"
156.59.198.135 - - [18/Oct/2024:15:25:32 +0200] "GET /renault.activities.at/htdocs/export/xml/data/orders/202004161103_RenOrder.xml HTTP/1.0" 404 329 "-" "Mozilla/5.0 (Linux; Android 5.0) AppleWebKit/537.36 (KHTML, like Gecko) Mobile Safari/537.36 (compatible; Bytespider; spider-feedback@bytedance.com)"
178.165.176.165 - - [18/Oct/2024:15:25:50 +0200] "GET /entry.php?id=10271&&ser=257890 HTTP/1.1" 200 987 "http://hausegger.activities.at/entry.php?id=10271&&ser=257830" "Mozilla/5.0 (Windows NT 10.0; Win64; x64; rv:131.0) Gecko/20100101 Firefox/131.0"
178.165.176.165 - - [18/Oct/2024:15:25:51 +0200] "GET /gui/javascript/form_form.js?1729257951 HTTP/1.1" 200 16206 "http://hausegger.activities.at/entry.php?id=10271&&ser=257890" "Mozilla/5.0 (Windows NT 10.0; Win64; x64; rv:131.0) Gecko/20100101 Firefox/131.0"
156.59.198.136 - - [18/Oct/2024:15:25:52 +0200] "GET /renault.activities.at/htdocs/export/pdf/emuc_document/12239783.pdf HTTP/1.0" 404 323 "-" "Mozilla/5.0 (Linux; Android 5.0) AppleWebKit/537.36 (KHTML, like Gecko) Mobile Safari/537.36 (compatible; Bytespider; spider-feedback@bytedance.com)"
156.59.198.135 - - [18/Oct/2024:15:26:14 +0200] "GET /renault.activities.at/htdocs/export/xml/data/orders/202104281203_RenOrder.xml HTTP/1.0" 404 329 "-" "Mozilla/5.0 (Linux; Android 5.0) AppleWebKit/537.36 (KHTML, like Gecko) Mobile Safari/537.36 (compatible; Bytespider; spider-feedback@bytedance.com)"
156.59.198.135 - - [18/Oct/2024:15:26:35 +0200] "GET /renault.activities.at/htdocs/export/xml/data/articles/202006120803_RenArticle.xml HTTP/1.0" 404 331 "-" "Mozilla/5.0 (Linux; Android 5.0) AppleWebKit/537.36 (KHTML, like Gecko) Mobile Safari/537.36 (compatible; Bytespider; spider-feedback@bytedance.com)"
178.165.176.165 - - [18/Oct/2024:15:26:51 +0200] "GET /entry.php?id=10271&&ser=257951 HTTP/1.1" 200 986 "http://hausegger.activities.at/entry.php?id=10271&&ser=257890" "Mozilla/5.0 (Windows NT 10.0; Win64; x64; rv:131.0) Gecko/20100101 Firefox/131.0"
178.165.176.165 - - [18/Oct/2024:15:26:51 +0200] "GET /gui/javascript/form_form.js?1729258011 HTTP/1.1" 200 16206 "http://hausegger.activities.at/entry.php?id=10271&&ser=257951" "Mozilla/5.0 (Windows NT 10.0; Win64; x64; rv:131.0) Gecko/20100101 Firefox/131.0"
156.59.198.135 - - [18/Oct/2024:15:26:56 +0200] "GET /renault.activities.at/htdocs/log/cron/system_mail_3115419.txt HTTP/1.0" 404 320 "-" "Mozilla/5.0 (Linux; Android 5.0) AppleWebKit/537.36 (KHTML, like Gecko) Mobile Safari/537.36 (compatible; Bytespider; spider-feedback@bytedance.com)"
156.59.198.136 - - [18/Oct/2024:15:27:17 +0200] "GET /renault.activities.at/htdocs/log/cron/exportXML_3115460.txt HTTP/1.0" 404 320 "-" "Mozilla/5.0 (Linux; Android 5.0) AppleWebKit/537.36 (KHTML, like Gecko) Mobile Safari/537.36 (compatible; Bytespider; spider-feedback@bytedance.com)"
156.59.198.135 - - [18/Oct/2024:15:27:38 +0200] "GET /renault.activities.at/htdocs/log/cron/system_mail_3115872.txt HTTP/1.0" 404 320 "-" "Mozilla/5.0 (Linux; Android 5.0) AppleWebKit/537.36 (KHTML, like Gecko) Mobile Safari/537.36 (compatible; Bytespider; spider-feedback@bytedance.com)"
178.165.176.165 - - [18/Oct/2024:15:27:51 +0200] "GET /entry.php?id=10271&&ser=258011 HTTP/1.1" 200 986 "http://hausegger.activities.at/entry.php?id=10271&&ser=257951" "Mozilla/5.0 (Windows NT 10.0; Win64; x64; rv:131.0) Gecko/20100101 Firefox/131.0"
178.165.176.165 - - [18/Oct/2024:15:27:51 +0200] "GET /gui/javascript/form_form.js?1729258071 HTTP/1.1" 200 16206 "http://hausegger.activities.at/entry.php?id=10271&&ser=258011" "Mozilla/5.0 (Windows NT 10.0; Win64; x64; rv:131.0) Gecko/20100101 Firefox/131.0"
156.59.198.135 - - [18/Oct/2024:15:27:59 +0200] "GET /renault.2web.at/htdocs/export/txt/factura/FacturaExport20180309110216.txt HTTP/1.0" 404 324 "-" "Mozilla/5.0 (Linux; Android 5.0) AppleWebKit/537.36 (KHTML, like Gecko) Mobile Safari/537.36 (compatible; Bytespider; spider-feedback@bytedance.com)"
178.165.176.165 - - [18/Oct/2024:15:28:51 +0200] "GET /entry.php?id=10271&&ser=258071 HTTP/1.1" 200 986 "http://hausegger.activities.at/entry.php?id=10271&&ser=258011" "Mozilla/5.0 (Windows NT 10.0; Win64; x64; rv:131.0) Gecko/20100101 Firefox/131.0"
178.165.176.165 - - [18/Oct/2024:15:28:51 +0200] "GET /gui/javascript/form_form.js?1729258131 HTTP/1.1" 200 16206 "http://hausegger.activities.at/entry.php?id=10271&&ser=258071" "Mozilla/5.0 (Windows NT 10.0; Win64; x64; rv:131.0) Gecko/20100101 Firefox/131.0"
178.165.176.165 - - [18/Oct/2024:15:29:52 +0200] "GET /entry.php?id=10271&&ser=258131 HTTP/1.1" 200 986 "http://hausegger.activities.at/entry.php?id=10271&&ser=258071" "Mozilla/5.0 (Windows NT 10.0; Win64; x64; rv:131.0) Gecko/20100101 Firefox/131.0"
178.165.176.165 - - [18/Oct/2024:15:29:52 +0200] "GET /gui/javascript/form_form.js?1729258192 HTTP/1.1" 200 16206 "http://hausegger.activities.at/entry.php?id=10271&&ser=258131" "Mozilla/5.0 (Windows NT 10.0; Win64; x64; rv:131.0) Gecko/20100101 Firefox/131.0"
178.165.176.165 - - [18/Oct/2024:15:30:52 +0200] "GET /entry.php?id=10271&&ser=258192 HTTP/1.1" 200 987 "http://hausegger.activities.at/entry.php?id=10271&&ser=258131" "Mozilla/5.0 (Windows NT 10.0; Win64; x64; rv:131.0) Gecko/20100101 Firefox/131.0"
178.165.176.165 - - [18/Oct/2024:15:30:52 +0200] "GET /gui/javascript/form_form.js?1729258252 HTTP/1.1" 200 16206 "http://hausegger.activities.at/entry.php?id=10271&&ser=258192" "Mozilla/5.0 (Windows NT 10.0; Win64; x64; rv:131.0) Gecko/20100101 Firefox/131.0"
178.165.176.165 - - [18/Oct/2024:15:31:52 +0200] "GET /entry.php?id=10271&&ser=258252 HTTP/1.1" 200 987 "http://hausegger.activities.at/entry.php?id=10271&&ser=258192" "Mozilla/5.0 (Windows NT 10.0; Win64; x64; rv:131.0) Gecko/20100101 Firefox/131.0"
178.165.176.165 - - [18/Oct/2024:15:31:52 +0200] "GET /gui/javascript/form_form.js?1729258312 HTTP/1.1" 200 16206 "http://hausegger.activities.at/entry.php?id=10271&&ser=258252" "Mozilla/5.0 (Windows NT 10.0; Win64; x64; rv:131.0) Gecko/20100101 Firefox/131.0"
178.165.176.165 - - [18/Oct/2024:15:32:52 +0200] "GET /entry.php?id=10271&&ser=258312 HTTP/1.1" 200 987 "http://hausegger.activities.at/entry.php?id=10271&&ser=258252" "Mozilla/5.0 (Windows NT 10.0; Win64; x64; rv:131.0) Gecko/20100101 Firefox/131.0"
178.165.176.165 - - [18/Oct/2024:15:32:53 +0200] "GET /gui/javascript/form_form.js?1729258373 HTTP/1.1" 200 16206 "http://hausegger.activities.at/entry.php?id=10271&&ser=258312" "Mozilla/5.0 (Windows NT 10.0; Win64; x64; rv:131.0) Gecko/20100101 Firefox/131.0"
178.165.176.165 - - [18/Oct/2024:15:33:53 +0200] "GET /entry.php?id=10271&&ser=258373 HTTP/1.1" 200 987 "http://hausegger.activities.at/entry.php?id=10271&&ser=258312" "Mozilla/5.0 (Windows NT 10.0; Win64; x64; rv:131.0) Gecko/20100101 Firefox/131.0"
178.165.176.165 - - [18/Oct/2024:15:33:53 +0200] "GET /gui/javascript/form_form.js?1729258433 HTTP/1.1" 200 16206 "http://hausegger.activities.at/entry.php?id=10271&&ser=258373" "Mozilla/5.0 (Windows NT 10.0; Win64; x64; rv:131.0) Gecko/20100101 Firefox/131.0"
178.165.176.165 - - [18/Oct/2024:15:34:53 +0200] "GET /entry.php?id=10271&&ser=258433 HTTP/1.1" 200 987 "http://hausegger.activities.at/entry.php?id=10271&&ser=258373" "Mozilla/5.0 (Windows NT 10.0; Win64; x64; rv:131.0) Gecko/20100101 Firefox/131.0"
178.165.176.165 - - [18/Oct/2024:15:34:53 +0200] "GET /gui/javascript/form_form.js?1729258493 HTTP/1.1" 200 16206 "http://hausegger.activities.at/entry.php?id=10271&&ser=258433" "Mozilla/5.0 (Windows NT 10.0; Win64; x64; rv:131.0) Gecko/20100101 Firefox/131.0"
178.165.176.165 - - [18/Oct/2024:15:35:53 +0200] "GET /entry.php?id=10271&&ser=258493 HTTP/1.1" 200 988 "http://hausegger.activities.at/entry.php?id=10271&&ser=258433" "Mozilla/5.0 (Windows NT 10.0; Win64; x64; rv:131.0) Gecko/20100101 Firefox/131.0"
178.165.176.165 - - [18/Oct/2024:15:35:53 +0200] "GET /gui/javascript/form_form.js?1729258553 HTTP/1.1" 200 16206 "http://hausegger.activities.at/entry.php?id=10271&&ser=258493" "Mozilla/5.0 (Windows NT 10.0; Win64; x64; rv:131.0) Gecko/20100101 Firefox/131.0"
178.165.176.165 - - [18/Oct/2024:15:36:54 +0200] "GET /entry.php?id=10271&&ser=258553 HTTP/1.1" 200 987 "http://hausegger.activities.at/entry.php?id=10271&&ser=258493" "Mozilla/5.0 (Windows NT 10.0; Win64; x64; rv:131.0) Gecko/20100101 Firefox/131.0"
178.165.176.165 - - [18/Oct/2024:15:36:54 +0200] "GET /gui/javascript/form_form.js?1729258614 HTTP/1.1" 200 16206 "http://hausegger.activities.at/entry.php?id=10271&&ser=258553" "Mozilla/5.0 (Windows NT 10.0; Win64; x64; rv:131.0) Gecko/20100101 Firefox/131.0"
178.165.176.165 - - [18/Oct/2024:15:37:54 +0200] "GET /entry.php?id=10271&&ser=258614 HTTP/1.1" 200 987 "http://hausegger.activities.at/entry.php?id=10271&&ser=258553" "Mozilla/5.0 (Windows NT 10.0; Win64; x64; rv:131.0) Gecko/20100101 Firefox/131.0"
178.165.176.165 - - [18/Oct/2024:15:37:54 +0200] "GET /gui/javascript/form_form.js?1729258674 HTTP/1.1" 200 16206 "http://hausegger.activities.at/entry.php?id=10271&&ser=258614" "Mozilla/5.0 (Windows NT 10.0; Win64; x64; rv:131.0) Gecko/20100101 Firefox/131.0"
178.165.176.165 - - [18/Oct/2024:15:38:54 +0200] "GET /entry.php?id=10271&&ser=258674 HTTP/1.1" 200 987 "http://hausegger.activities.at/entry.php?id=10271&&ser=258614" "Mozilla/5.0 (Windows NT 10.0; Win64; x64; rv:131.0) Gecko/20100101 Firefox/131.0"
178.165.176.165 - - [18/Oct/2024:15:38:54 +0200] "GET /gui/javascript/form_form.js?1729258734 HTTP/1.1" 200 16206 "http://hausegger.activities.at/entry.php?id=10271&&ser=258674" "Mozilla/5.0 (Windows NT 10.0; Win64; x64; rv:131.0) Gecko/20100101 Firefox/131.0"
178.165.176.165 - - [18/Oct/2024:15:39:54 +0200] "GET /entry.php?id=10271&&ser=258734 HTTP/1.1" 200 987 "http://hausegger.activities.at/entry.php?id=10271&&ser=258674" "Mozilla/5.0 (Windows NT 10.0; Win64; x64; rv:131.0) Gecko/20100101 Firefox/131.0"
178.165.176.165 - - [18/Oct/2024:15:39:55 +0200] "GET /gui/javascript/form_form.js?1729258795 HTTP/1.1" 200 16206 "http://hausegger.activities.at/entry.php?id=10271&&ser=258734" "Mozilla/5.0 (Windows NT 10.0; Win64; x64; rv:131.0) Gecko/20100101 Firefox/131.0"
178.165.176.165 - - [18/Oct/2024:15:40:55 +0200] "GET /entry.php?id=10271&&ser=258795 HTTP/1.1" 200 987 "http://hausegger.activities.at/entry.php?id=10271&&ser=258734" "Mozilla/5.0 (Windows NT 10.0; Win64; x64; rv:131.0) Gecko/20100101 Firefox/131.0"
178.165.176.165 - - [18/Oct/2024:15:40:55 +0200] "GET /gui/javascript/form_form.js?1729258855 HTTP/1.1" 200 16206 "http://hausegger.activities.at/entry.php?id=10271&&ser=258795" "Mozilla/5.0 (Windows NT 10.0; Win64; x64; rv:131.0) Gecko/20100101 Firefox/131.0"
156.59.198.135 - - [18/Oct/2024:15:41:00 +0200] "GET /renault.activities.at/htdocs/export/pdf/emuc_document/11245464.pdf HTTP/1.0" 404 321 "-" "Mozilla/5.0 (Linux; Android 5.0) AppleWebKit/537.36 (KHTML, like Gecko) Mobile Safari/537.36 (compatible; Bytespider; spider-feedback@bytedance.com)"
156.59.198.135 - - [18/Oct/2024:15:41:21 +0200] "GET /renault.activities.at/htdocs/export/xml/data/articles/202101111503_RenArticle.xml HTTP/1.0" 404 330 "-" "Mozilla/5.0 (Linux; Android 5.0) AppleWebKit/537.36 (KHTML, like Gecko) Mobile Safari/537.36 (compatible; Bytespider; spider-feedback@bytedance.com)"
156.59.198.136 - - [18/Oct/2024:15:41:42 +0200] "GET /renault.activities.at/htdocs/export/xml/data/articles/202005111403_RenArticle.xml HTTP/1.0" 404 331 "-" "Mozilla/5.0 (Linux; Android 5.0) AppleWebKit/537.36 (KHTML, like Gecko) Mobile Safari/537.36 (compatible; Bytespider; spider-feedback@bytedance.com)"
178.165.176.165 - - [18/Oct/2024:15:41:55 +0200] "GET /entry.php?id=10271&&ser=258855 HTTP/1.1" 200 987 "http://hausegger.activities.at/entry.php?id=10271&&ser=258795" "Mozilla/5.0 (Windows NT 10.0; Win64; x64; rv:131.0) Gecko/20100101 Firefox/131.0"
178.165.176.165 - - [18/Oct/2024:15:41:55 +0200] "GET /gui/javascript/form_form.js?1729258915 HTTP/1.1" 200 16206 "http://hausegger.activities.at/entry.php?id=10271&&ser=258855" "Mozilla/5.0 (Windows NT 10.0; Win64; x64; rv:131.0) Gecko/20100101 Firefox/131.0"
156.59.198.135 - - [18/Oct/2024:15:42:03 +0200] "GET /renault.activities.at/htdocs/export/xml/data/orders/202106231003_RenOrder.xml HTTP/1.0" 404 329 "-" "Mozilla/5.0 (Linux; Android 5.0) AppleWebKit/537.36 (KHTML, like Gecko) Mobile Safari/537.36 (compatible; Bytespider; spider-feedback@bytedance.com)"
156.59.198.136 - - [18/Oct/2024:15:42:24 +0200] "GET /renault.activities.at/htdocs/export/xml/data/orders/202107161703_RenOrder.xml HTTP/1.0" 404 329 "-" "Mozilla/5.0 (Linux; Android 5.0) AppleWebKit/537.36 (KHTML, like Gecko) Mobile Safari/537.36 (compatible; Bytespider; spider-feedback@bytedance.com)"
156.59.198.135 - - [18/Oct/2024:15:42:46 +0200] "GET /renault.activities.at/htdocs/export/xml/data/orders/202110201203_RenOrder.xml HTTP/1.0" 404 328 "-" "Mozilla/5.0 (Linux; Android 5.0) AppleWebKit/537.36 (KHTML, like Gecko) Mobile Safari/537.36 (compatible; Bytespider; spider-feedback@bytedance.com)"
178.165.176.165 - - [18/Oct/2024:15:42:55 +0200] "GET /entry.php?id=10271&&ser=258915 HTTP/1.1" 200 987 "http://hausegger.activities.at/entry.php?id=10271&&ser=258855" "Mozilla/5.0 (Windows NT 10.0; Win64; x64; rv:131.0) Gecko/20100101 Firefox/131.0"
178.165.176.165 - - [18/Oct/2024:15:42:55 +0200] "GET /gui/javascript/form_form.js?1729258975 HTTP/1.1" 200 16206 "http://hausegger.activities.at/entry.php?id=10271&&ser=258915" "Mozilla/5.0 (Windows NT 10.0; Win64; x64; rv:131.0) Gecko/20100101 Firefox/131.0"
156.59.198.135 - - [18/Oct/2024:15:43:07 +0200] "GET /renault.activities.at/htdocs/export/xml/data/orders/201911051103_RenOrder.xml HTTP/1.0" 404 328 "-" "Mozilla/5.0 (Linux; Android 5.0) AppleWebKit/537.36 (KHTML, like Gecko) Mobile Safari/537.36 (compatible; Bytespider; spider-feedback@bytedance.com)"
156.59.198.135 - - [18/Oct/2024:15:43:28 +0200] "GET /renault.activities.at/htdocs/export/txt/factura/FacturaExport20130729111144.txt HTTP/1.0" 404 327 "-" "Mozilla/5.0 (Linux; Android 5.0) AppleWebKit/537.36 (KHTML, like Gecko) Mobile Safari/537.36 (compatible; Bytespider; spider-feedback@bytedance.com)"
156.59.198.136 - - [18/Oct/2024:15:43:50 +0200] "GET /renault.activities.at/htdocs/export/xml/data/orders/202010091503_RenOrder.xml HTTP/1.0" 404 329 "-" "Mozilla/5.0 (Linux; Android 5.0) AppleWebKit/537.36 (KHTML, like Gecko) Mobile Safari/537.36 (compatible; Bytespider; spider-feedback@bytedance.com)"
178.165.176.165 - - [18/Oct/2024:15:43:56 +0200] "GET /entry.php?id=10271&&ser=258975 HTTP/1.1" 200 987 "http://hausegger.activities.at/entry.php?id=10271&&ser=258915" "Mozilla/5.0 (Windows NT 10.0; Win64; x64; rv:131.0) Gecko/20100101 Firefox/131.0"
178.165.176.165 - - [18/Oct/2024:15:43:56 +0200] "GET /gui/javascript/form_form.js?1729259036 HTTP/1.1" 200 16206 "http://hausegger.activities.at/entry.php?id=10271&&ser=258975" "Mozilla/5.0 (Windows NT 10.0; Win64; x64; rv:131.0) Gecko/20100101 Firefox/131.0"
156.59.198.136 - - [18/Oct/2024:15:44:11 +0200] "GET /renault.activities.at/htdocs/export/xml/data/orders/202111031103_RenOrder.xml HTTP/1.0" 404 327 "-" "Mozilla/5.0 (Linux; Android 5.0) AppleWebKit/537.36 (KHTML, like Gecko) Mobile Safari/537.36 (compatible; Bytespider; spider-feedback@bytedance.com)"
156.59.198.135 - - [18/Oct/2024:15:44:32 +0200] "GET /renault.activities.at/htdocs/export/pdf/emuc_document/10884189.pdf HTTP/1.0" 404 321 "-" "Mozilla/5.0 (Linux; Android 5.0) AppleWebKit/537.36 (KHTML, like Gecko) Mobile Safari/537.36 (compatible; Bytespider; spider-feedback@bytedance.com)"
156.59.198.135 - - [18/Oct/2024:15:44:53 +0200] "GET /renault.activities.at/htdocs/export/xml/data/orders/202010071203_RenOrder.xml HTTP/1.0" 404 329 "-" "Mozilla/5.0 (Linux; Android 5.0) AppleWebKit/537.36 (KHTML, like Gecko) Mobile Safari/537.36 (compatible; Bytespider; spider-feedback@bytedance.com)"
178.165.176.165 - - [18/Oct/2024:15:44:56 +0200] "GET /entry.php?id=10271&&ser=259036 HTTP/1.1" 200 987 "http://hausegger.activities.at/entry.php?id=10271&&ser=258975" "Mozilla/5.0 (Windows NT 10.0; Win64; x64; rv:131.0) Gecko/20100101 Firefox/131.0"
178.165.176.165 - - [18/Oct/2024:15:44:56 +0200] "GET /gui/javascript/form_form.js?1729259096 HTTP/1.1" 200 16206 "http://hausegger.activities.at/entry.php?id=10271&&ser=259036" "Mozilla/5.0 (Windows NT 10.0; Win64; x64; rv:131.0) Gecko/20100101 Firefox/131.0"
156.59.198.136 - - [18/Oct/2024:15:45:14 +0200] "GET /renault.activities.at/htdocs/log/cron/reminder_mailing_3114912.txt HTTP/1.0" 404 322 "-" "Mozilla/5.0 (Linux; Android 5.0) AppleWebKit/537.36 (KHTML, like Gecko) Mobile Safari/537.36 (compatible; Bytespider; spider-feedback@bytedance.com)"
156.59.198.135 - - [18/Oct/2024:15:45:36 +0200] "GET /renault.activities.at/htdocs/export/xml/data/orders/202105261003_RenOrder.xml HTTP/1.0" 404 329 "-" "Mozilla/5.0 (Linux; Android 5.0) AppleWebKit/537.36 (KHTML, like Gecko) Mobile Safari/537.36 (compatible; Bytespider; spider-feedback@bytedance.com)"
178.165.176.165 - - [18/Oct/2024:15:45:56 +0200] "GET /entry.php?id=10271&&ser=259096 HTTP/1.1" 200 987 "http://hausegger.activities.at/entry.php?id=10271&&ser=259036" "Mozilla/5.0 (Windows NT 10.0; Win64; x64; rv:131.0) Gecko/20100101 Firefox/131.0"
178.165.176.165 - - [18/Oct/2024:15:45:56 +0200] "GET /gui/javascript/form_form.js?1729259156 HTTP/1.1" 200 16206 "http://hausegger.activities.at/entry.php?id=10271&&ser=259096" "Mozilla/5.0 (Windows NT 10.0; Win64; x64; rv:131.0) Gecko/20100101 Firefox/131.0"
156.59.198.136 - - [18/Oct/2024:15:45:57 +0200] "GET /renault.activities.at/htdocs/export/xml/data/orders/202108101003_RenOrder.xml HTTP/1.0" 404 328 "-" "Mozilla/5.0 (Linux; Android 5.0) AppleWebKit/537.36 (KHTML, like Gecko) Mobile Safari/537.36 (compatible; Bytespider; spider-feedback@bytedance.com)"
156.59.198.136 - - [18/Oct/2024:15:46:18 +0200] "GET /renault.activities.at/htdocs/export/xml/data/orders/202103061003_RenOrder.xml HTTP/1.0" 404 329 "-" "Mozilla/5.0 (Linux; Android 5.0) AppleWebKit/537.36 (KHTML, like Gecko) Mobile Safari/537.36 (compatible; Bytespider; spider-feedback@bytedance.com)"
156.59.198.135 - - [18/Oct/2024:15:46:39 +0200] "GET /renault.activities.at/htdocs/log/cron/reminder_mailing_3115177.txt HTTP/1.0" 404 323 "-" "Mozilla/5.0 (Linux; Android 5.0) AppleWebKit/537.36 (KHTML, like Gecko) Mobile Safari/537.36 (compatible; Bytespider; spider-feedback@bytedance.com)"
178.165.176.165 - - [18/Oct/2024:15:46:56 +0200] "GET /entry.php?id=10271&&ser=259156 HTTP/1.1" 200 987 "http://hausegger.activities.at/entry.php?id=10271&&ser=259096" "Mozilla/5.0 (Windows NT 10.0; Win64; x64; rv:131.0) Gecko/20100101 Firefox/131.0"
178.165.176.165 - - [18/Oct/2024:15:46:57 +0200] "GET /gui/javascript/form_form.js?1729259216 HTTP/1.1" 200 16206 "http://hausegger.activities.at/entry.php?id=10271&&ser=259156" "Mozilla/5.0 (Windows NT 10.0; Win64; x64; rv:131.0) Gecko/20100101 Firefox/131.0"
156.59.198.136 - - [18/Oct/2024:15:47:00 +0200] "GET /renault.activities.at/htdocs/export/xml/data/orders/201911111503_RenOrder.xml HTTP/1.0" 404 327 "-" "Mozilla/5.0 (Linux; Android 5.0) AppleWebKit/537.36 (KHTML, like Gecko) Mobile Safari/537.36 (compatible; Bytespider; spider-feedback@bytedance.com)"
156.59.198.135 - - [18/Oct/2024:15:47:22 +0200] "GET /renault.2web.at/htdocs/export/txt/factura/FacturaExport20141202165901.txt HTTP/1.0" 404 324 "-" "Mozilla/5.0 (Linux; Android 5.0) AppleWebKit/537.36 (KHTML, like Gecko) Mobile Safari/537.36 (compatible; Bytespider; spider-feedback@bytedance.com)"
156.59.198.136 - - [18/Oct/2024:15:47:43 +0200] "GET /renault.activities.at/htdocs/log/cron/system_mail_3116093.txt HTTP/1.0" 404 321 "-" "Mozilla/5.0 (Linux; Android 5.0) AppleWebKit/537.36 (KHTML, like Gecko) Mobile Safari/537.36 (compatible; Bytespider; spider-feedback@bytedance.com)"
178.165.176.165 - - [18/Oct/2024:15:47:57 +0200] "GET /entry.php?id=10271&&ser=259216 HTTP/1.1" 200 987 "http://hausegger.activities.at/entry.php?id=10271&&ser=259156" "Mozilla/5.0 (Windows NT 10.0; Win64; x64; rv:131.0) Gecko/20100101 Firefox/131.0"
178.165.176.165 - - [18/Oct/2024:15:47:57 +0200] "GET /gui/javascript/form_form.js?1729259277 HTTP/1.1" 200 16206 "http://hausegger.activities.at/entry.php?id=10271&&ser=259216" "Mozilla/5.0 (Windows NT 10.0; Win64; x64; rv:131.0) Gecko/20100101 Firefox/131.0"
156.59.198.135 - - [18/Oct/2024:15:48:04 +0200] "GET /renault.activities.at/htdocs/binaries/10656106.doc HTTP/1.0" 404 310 "-" "Mozilla/5.0 (Linux; Android 5.0) AppleWebKit/537.36 (KHTML, like Gecko) Mobile Safari/537.36 (compatible; Bytespider; spider-feedback@bytedance.com)"
156.59.198.136 - - [18/Oct/2024:15:48:25 +0200] "GET /renault.activities.at/htdocs/export/pdf/emuc_document/11451737.pdf HTTP/1.0" 404 322 "-" "Mozilla/5.0 (Linux; Android 5.0) AppleWebKit/537.36 (KHTML, like Gecko) Mobile Safari/537.36 (compatible; Bytespider; spider-feedback@bytedance.com)"
156.59.198.135 - - [18/Oct/2024:15:48:46 +0200] "GET /renault.activities.at/htdocs/export/pdf/emuc_document/10396337.pdf HTTP/1.0" 404 323 "-" "Mozilla/5.0 (Linux; Android 5.0) AppleWebKit/537.36 (KHTML, like Gecko) Mobile Safari/537.36 (compatible; Bytespider; spider-feedback@bytedance.com)"
178.165.176.165 - - [18/Oct/2024:15:48:57 +0200] "GET /entry.php?id=10271&&ser=259277 HTTP/1.1" 200 987 "http://hausegger.activities.at/entry.php?id=10271&&ser=259216" "Mozilla/5.0 (Windows NT 10.0; Win64; x64; rv:131.0) Gecko/20100101 Firefox/131.0"
178.165.176.165 - - [18/Oct/2024:15:48:57 +0200] "GET /gui/javascript/form_form.js?1729259337 HTTP/1.1" 200 16206 "http://hausegger.activities.at/entry.php?id=10271&&ser=259277" "Mozilla/5.0 (Windows NT 10.0; Win64; x64; rv:131.0) Gecko/20100101 Firefox/131.0"
156.59.198.136 - - [18/Oct/2024:15:49:07 +0200] "GET /renault.activities.at/htdocs/log/cron/shipp_Export_Data_3115513.txt HTTP/1.0" 404 324 "-" "Mozilla/5.0 (Linux; Android 5.0) AppleWebKit/537.36 (KHTML, like Gecko) Mobile Safari/537.36 (compatible; Bytespider; spider-feedback@bytedance.com)"
156.59.198.135 - - [18/Oct/2024:15:49:28 +0200] "GET /renault.activities.at/htdocs/export/xml/data/orders/202008071003_RenOrder.xml HTTP/1.0" 404 329 "-" "Mozilla/5.0 (Linux; Android 5.0) AppleWebKit/537.36 (KHTML, like Gecko) Mobile Safari/537.36 (compatible; Bytespider; spider-feedback@bytedance.com)"
156.59.198.136 - - [18/Oct/2024:15:49:49 +0200] "GET /renault.activities.at/htdocs/export/xml/data/articles/202007201103_RenArticle.xml HTTP/1.0" 404 331 "-" "Mozilla/5.0 (Linux; Android 5.0) AppleWebKit/537.36 (KHTML, like Gecko) Mobile Safari/537.36 (compatible; Bytespider; spider-feedback@bytedance.com)"
178.165.176.165 - - [18/Oct/2024:15:49:57 +0200] "GET /entry.php?id=10271&&ser=259337 HTTP/1.1" 200 987 "http://hausegger.activities.at/entry.php?id=10271&&ser=259277" "Mozilla/5.0 (Windows NT 10.0; Win64; x64; rv:131.0) Gecko/20100101 Firefox/131.0"
178.165.176.165 - - [18/Oct/2024:15:49:57 +0200] "GET /gui/javascript/form_form.js?1729259397 HTTP/1.1" 200 16206 "http://hausegger.activities.at/entry.php?id=10271&&ser=259337" "Mozilla/5.0 (Windows NT 10.0; Win64; x64; rv:131.0) Gecko/20100101 Firefox/131.0"
156.59.198.136 - - [18/Oct/2024:15:50:10 +0200] "GET /renault.activities.at/htdocs/log/cron/importLogisticData_3116100.txt HTTP/1.0" 404 324 "-" "Mozilla/5.0 (Linux; Android 5.0) AppleWebKit/537.36 (KHTML, like Gecko) Mobile Safari/537.36 (compatible; Bytespider; spider-feedback@bytedance.com)"
109.194.248.203 - - [18/Oct/2024:15:50:13 +0200] "GET / HTTP/1.0" 200 423 "-" "Mozilla/5.0 (Windows NT 6.3; Win64; x64) AppleWebKit/537.36 (KHTML, like Gecko) Chrome/75.0.3770.100 Safari/537.36"
156.59.198.135 - - [18/Oct/2024:15:50:31 +0200] "GET /renault.activities.at/htdocs/export/xml/data/orders/201911271103_RenOrder.xml HTTP/1.0" 404 329 "-" "Mozilla/5.0 (Linux; Android 5.0) AppleWebKit/537.36 (KHTML, like Gecko) Mobile Safari/537.36 (compatible; Bytespider; spider-feedback@bytedance.com)"
156.59.198.136 - - [18/Oct/2024:15:50:52 +0200] "GET /renault.activities.at/htdocs/log/cron/autologout_3116066.txt HTTP/1.0" 404 318 "-" "Mozilla/5.0 (Linux; Android 5.0) AppleWebKit/537.36 (KHTML, like Gecko) Mobile Safari/537.36 (compatible; Bytespider; spider-feedback@bytedance.com)"
178.165.176.165 - - [18/Oct/2024:15:50:58 +0200] "GET /entry.php?id=10271&&ser=259397 HTTP/1.1" 200 987 "http://hausegger.activities.at/entry.php?id=10271&&ser=259337" "Mozilla/5.0 (Windows NT 10.0; Win64; x64; rv:131.0) Gecko/20100101 Firefox/131.0"
178.165.176.165 - - [18/Oct/2024:15:50:58 +0200] "GET /gui/javascript/form_form.js?1729259458 HTTP/1.1" 200 16206 "http://hausegger.activities.at/entry.php?id=10271&&ser=259397" "Mozilla/5.0 (Windows NT 10.0; Win64; x64; rv:131.0) Gecko/20100101 Firefox/131.0"
156.59.198.136 - - [18/Oct/2024:15:51:14 +0200] "GET /renault.activities.at/htdocs/export/pdf/emuc_document/11333425.pdf HTTP/1.0" 404 322 "-" "Mozilla/5.0 (Linux; Android 5.0) AppleWebKit/537.36 (KHTML, like Gecko) Mobile Safari/537.36 (compatible; Bytespider; spider-feedback@bytedance.com)"
156.59.198.136 - - [18/Oct/2024:15:51:34 +0200] "GET /renault.activities.at/htdocs/export/xml/data/orders/202111241803_RenOrder.xml HTTP/1.0" 404 329 "-" "Mozilla/5.0 (Linux; Android 5.0) AppleWebKit/537.36 (KHTML, like Gecko) Mobile Safari/537.36 (compatible; Bytespider; spider-feedback@bytedance.com)"
156.59.198.135 - - [18/Oct/2024:15:51:55 +0200] "GET /renault.activities.at/htdocs/export/pdf/emuc_document/11536847.pdf HTTP/1.0" 404 322 "-" "Mozilla/5.0 (Linux; Android 5.0) AppleWebKit/537.36 (KHTML, like Gecko) Mobile Safari/537.36 (compatible; Bytespider; spider-feedback@bytedance.com)"
178.165.176.165 - - [18/Oct/2024:15:51:58 +0200] "GET /entry.php?id=10271&&ser=259458 HTTP/1.1" 200 987 "http://hausegger.activities.at/entry.php?id=10271&&ser=259397" "Mozilla/5.0 (Windows NT 10.0; Win64; x64; rv:131.0) Gecko/20100101 Firefox/131.0"
178.165.176.165 - - [18/Oct/2024:15:51:58 +0200] "GET /gui/javascript/form_form.js?1729259518 HTTP/1.1" 200 16206 "http://hausegger.activities.at/entry.php?id=10271&&ser=259458" "Mozilla/5.0 (Windows NT 10.0; Win64; x64; rv:131.0) Gecko/20100101 Firefox/131.0"
4.255.100.243 - - [18/Oct/2024:15:52:10 +0200] "GET /manager/text/list HTTP/1.1" 404 289 "-" "Mozilla/5.0 zgrab/0.x"
156.59.198.136 - - [18/Oct/2024:15:52:17 +0200] "GET /renault.activities.at/htdocs/export/xml/data/orders/202102231403_RenOrder.xml HTTP/1.0" 404 329 "-" "Mozilla/5.0 (Linux; Android 5.0) AppleWebKit/537.36 (KHTML, like Gecko) Mobile Safari/537.36 (compatible; Bytespider; spider-feedback@bytedance.com)"
156.59.198.136 - - [18/Oct/2024:15:52:38 +0200] "GET /renault.activities.at/htdocs/export/xml/data/articles/202009161003_RenArticle.xml HTTP/1.0" 404 331 "-" "Mozilla/5.0 (Linux; Android 5.0) AppleWebKit/537.36 (KHTML, like Gecko) Mobile Safari/537.36 (compatible; Bytespider; spider-feedback@bytedance.com)"
178.165.176.165 - - [18/Oct/2024:15:52:58 +0200] "GET /entry.php?id=10271&&ser=259518 HTTP/1.1" 200 987 "http://hausegger.activities.at/entry.php?id=10271&&ser=259458" "Mozilla/5.0 (Windows NT 10.0; Win64; x64; rv:131.0) Gecko/20100101 Firefox/131.0"
178.165.176.165 - - [18/Oct/2024:15:52:58 +0200] "GET /gui/javascript/form_form.js?1729259578 HTTP/1.1" 200 16206 "http://hausegger.activities.at/entry.php?id=10271&&ser=259518" "Mozilla/5.0 (Windows NT 10.0; Win64; x64; rv:131.0) Gecko/20100101 Firefox/131.0"
156.59.198.136 - - [18/Oct/2024:15:52:59 +0200] "GET /renault.activities.at/htdocs/log/cron/pickupLogisticData_3115258.txt HTTP/1.0" 404 325 "-" "Mozilla/5.0 (Linux; Android 5.0) AppleWebKit/537.36 (KHTML, like Gecko) Mobile Safari/537.36 (compatible; Bytespider; spider-feedback@bytedance.com)"
156.59.198.135 - - [18/Oct/2024:15:53:20 +0200] "GET /renault.activities.at/htdocs/log/cron/system_mail_3115429.txt HTTP/1.0" 404 320 "-" "Mozilla/5.0 (Linux; Android 5.0) AppleWebKit/537.36 (KHTML, like Gecko) Mobile Safari/537.36 (compatible; Bytespider; spider-feedback@bytedance.com)"
156.59.198.136 - - [18/Oct/2024:15:53:41 +0200] "GET /renault.activities.at/htdocs/export/xml/data/orders/202008181403_RenOrder.xml HTTP/1.0" 404 329 "-" "Mozilla/5.0 (Linux; Android 5.0) AppleWebKit/537.36 (KHTML, like Gecko) Mobile Safari/537.36 (compatible; Bytespider; spider-feedback@bytedance.com)"
178.165.176.165 - - [18/Oct/2024:15:53:58 +0200] "GET /entry.php?id=10271&&ser=259578 HTTP/1.1" 200 987 "http://hausegger.activities.at/entry.php?id=10271&&ser=259518" "Mozilla/5.0 (Windows NT 10.0; Win64; x64; rv:131.0) Gecko/20100101 Firefox/131.0"
178.165.176.165 - - [18/Oct/2024:15:53:59 +0200] "GET /gui/javascript/form_form.js?1729259639 HTTP/1.1" 200 16206 "http://hausegger.activities.at/entry.php?id=10271&&ser=259578" "Mozilla/5.0 (Windows NT 10.0; Win64; x64; rv:131.0) Gecko/20100101 Firefox/131.0"
156.59.198.135 - - [18/Oct/2024:15:54:02 +0200] "GET /renault.activities.at/htdocs/export/xml/data/orders/202102031603_RenOrder.xml HTTP/1.0" 404 329 "-" "Mozilla/5.0 (Linux; Android 5.0) AppleWebKit/537.36 (KHTML, like Gecko) Mobile Safari/537.36 (compatible; Bytespider; spider-feedback@bytedance.com)"
156.59.198.136 - - [18/Oct/2024:15:54:23 +0200] "GET /renault.activities.at/htdocs/export/xml/data/orders/202009231803_RenOrder.xml HTTP/1.0" 404 328 "-" "Mozilla/5.0 (Linux; Android 5.0) AppleWebKit/537.36 (KHTML, like Gecko) Mobile Safari/537.36 (compatible; Bytespider; spider-feedback@bytedance.com)"
156.59.198.135 - - [18/Oct/2024:15:54:44 +0200] "GET /renault.activities.at/htdocs/export/xml/data/orders/202001171003_RenOrder.xml HTTP/1.0" 404 329 "-" "Mozilla/5.0 (Linux; Android 5.0) AppleWebKit/537.36 (KHTML, like Gecko) Mobile Safari/537.36 (compatible; Bytespider; spider-feedback@bytedance.com)"
178.165.176.165 - - [18/Oct/2024:15:54:59 +0200] "GET /entry.php?id=10271&&ser=259639 HTTP/1.1" 200 987 "http://hausegger.activities.at/entry.php?id=10271&&ser=259578" "Mozilla/5.0 (Windows NT 10.0; Win64; x64; rv:131.0) Gecko/20100101 Firefox/131.0"
178.165.176.165 - - [18/Oct/2024:15:54:59 +0200] "GET /gui/javascript/form_form.js?1729259699 HTTP/1.1" 200 16206 "http://hausegger.activities.at/entry.php?id=10271&&ser=259639" "Mozilla/5.0 (Windows NT 10.0; Win64; x64; rv:131.0) Gecko/20100101 Firefox/131.0"
156.59.198.136 - - [18/Oct/2024:15:55:05 +0200] "GET /renault.activities.at/htdocs/log/cron/check_inventory_days_3114864.txt HTTP/1.0" 404 326 "-" "Mozilla/5.0 (Linux; Android 5.0) AppleWebKit/537.36 (KHTML, like Gecko) Mobile Safari/537.36 (compatible; Bytespider; spider-feedback@bytedance.com)"
156.59.198.135 - - [18/Oct/2024:15:55:26 +0200] "GET /renault.activities.at/htdocs/export/txt/factura/FacturaExport20211129114349.txt HTTP/1.0" 404 328 "-" "Mozilla/5.0 (Linux; Android 5.0) AppleWebKit/537.36 (KHTML, like Gecko) Mobile Safari/537.36 (compatible; Bytespider; spider-feedback@bytedance.com)"
156.59.198.135 - - [18/Oct/2024:15:55:47 +0200] "GET /renault.activities.at/htdocs/export/pdf/emuc_document/11763031.pdf HTTP/1.0" 404 322 "-" "Mozilla/5.0 (Linux; Android 5.0) AppleWebKit/537.36 (KHTML, like Gecko) Mobile Safari/537.36 (compatible; Bytespider; spider-feedback@bytedance.com)"
178.165.176.165 - - [18/Oct/2024:15:55:59 +0200] "GET /entry.php?id=10271&&ser=259699 HTTP/1.1" 200 987 "http://hausegger.activities.at/entry.php?id=10271&&ser=259639" "Mozilla/5.0 (Windows NT 10.0; Win64; x64; rv:131.0) Gecko/20100101 Firefox/131.0"
178.165.176.165 - - [18/Oct/2024:15:55:59 +0200] "GET /gui/javascript/form_form.js?1729259759 HTTP/1.1" 200 16206 "http://hausegger.activities.at/entry.php?id=10271&&ser=259699" "Mozilla/5.0 (Windows NT 10.0; Win64; x64; rv:131.0) Gecko/20100101 Firefox/131.0"
156.59.198.136 - - [18/Oct/2024:15:56:09 +0200] "GET /renault.activities.at/htdocs/log/cron/pickupLogisticData_3114980.txt HTTP/1.0" 404 325 "-" "Mozilla/5.0 (Linux; Android 5.0) AppleWebKit/537.36 (KHTML, like Gecko) Mobile Safari/537.36 (compatible; Bytespider; spider-feedback@bytedance.com)"
156.59.198.135 - - [18/Oct/2024:15:56:29 +0200] "GET /renault.activities.at/htdocs/export/xml/data/orders/201909061103_RenOrder.xml HTTP/1.0" 404 329 "-" "Mozilla/5.0 (Linux; Android 5.0) AppleWebKit/537.36 (KHTML, like Gecko) Mobile Safari/537.36 (compatible; Bytespider; spider-feedback@bytedance.com)"
156.59.198.135 - - [18/Oct/2024:15:56:51 +0200] "GET /renault.activities.at/htdocs/export/xml/data/articles/201910211503_RenArticle.xml HTTP/1.0" 404 331 "-" "Mozilla/5.0 (Linux; Android 5.0) AppleWebKit/537.36 (KHTML, like Gecko) Mobile Safari/537.36 (compatible; Bytespider; spider-feedback@bytedance.com)"
178.165.176.165 - - [18/Oct/2024:15:56:59 +0200] "GET /entry.php?id=10271&&ser=259759 HTTP/1.1" 200 986 "http://hausegger.activities.at/entry.php?id=10271&&ser=259699" "Mozilla/5.0 (Windows NT 10.0; Win64; x64; rv:131.0) Gecko/20100101 Firefox/131.0"
178.165.176.165 - - [18/Oct/2024:15:57:00 +0200] "GET /gui/javascript/form_form.js?1729259819 HTTP/1.1" 200 16206 "http://hausegger.activities.at/entry.php?id=10271&&ser=259759" "Mozilla/5.0 (Windows NT 10.0; Win64; x64; rv:131.0) Gecko/20100101 Firefox/131.0"
156.59.198.135 - - [18/Oct/2024:15:57:12 +0200] "GET /renault.activities.at/htdocs/log/cron/exportXML_3115330.txt HTTP/1.0" 404 319 "-" "Mozilla/5.0 (Linux; Android 5.0) AppleWebKit/537.36 (KHTML, like Gecko) Mobile Safari/537.36 (compatible; Bytespider; spider-feedback@bytedance.com)"
156.59.198.135 - - [18/Oct/2024:15:57:33 +0200] "GET /renault.activities.at/htdocs/export/xml/data/orders/201911121503_RenOrder.xml HTTP/1.0" 404 328 "-" "Mozilla/5.0 (Linux; Android 5.0) AppleWebKit/537.36 (KHTML, like Gecko) Mobile Safari/537.36 (compatible; Bytespider; spider-feedback@bytedance.com)"
