156.59.198.136 - - [18/Oct/2024:11:08:10 +0200] "GET /renault.activities.at/htdocs/export/pdf/emuc_document/12102928.pdf HTTP/1.0" 404 321 "-" "Mozilla/5.0 (Linux; Android 5.0) AppleWebKit/537.36 (KHTML, like Gecko) Mobile Safari/537.36 (compatible; Bytespider; spider-feedback@bytedance.com)"
156.59.198.135 - - [18/Oct/2024:11:08:31 +0200] "GET /renault.activities.at/htdocs/export/pdf/emuc_document/11912200.pdf HTTP/1.0" 404 321 "-" "Mozilla/5.0 (Linux; Android 5.0) AppleWebKit/537.36 (KHTML, like Gecko) Mobile Safari/537.36 (compatible; Bytespider; spider-feedback@bytedance.com)"
156.59.198.136 - - [18/Oct/2024:11:08:52 +0200] "GET /renault.activities.at/htdocs/export/pdf/emuc_document/10892630.pdf HTTP/1.0" 404 322 "-" "Mozilla/5.0 (Linux; Android 5.0) AppleWebKit/537.36 (KHTML, like Gecko) Mobile Safari/537.36 (compatible; Bytespider; spider-feedback@bytedance.com)"
178.165.176.165 - - [18/Oct/2024:11:09:01 +0200] "GET /entry.php?id=10271&&ser=242481 HTTP/1.1" 200 986 "http://hausegger.activities.at/entry.php?id=10271&&ser=242421" "Mozilla/5.0 (Windows NT 10.0; Win64; x64; rv:131.0) Gecko/20100101 Firefox/131.0"
178.165.176.165 - - [18/Oct/2024:11:09:01 +0200] "GET /gui/javascript/form_form.js?1729242541 HTTP/1.1" 200 16206 "http://hausegger.activities.at/entry.php?id=10271&&ser=242481" "Mozilla/5.0 (Windows NT 10.0; Win64; x64; rv:131.0) Gecko/20100101 Firefox/131.0"
156.59.198.136 - - [18/Oct/2024:11:09:13 +0200] "GET /renault.activities.at/htdocs/log/cron/system_mail_3115400.txt HTTP/1.0" 404 320 "-" "Mozilla/5.0 (Linux; Android 5.0) AppleWebKit/537.36 (KHTML, like Gecko) Mobile Safari/537.36 (compatible; Bytespider; spider-feedback@bytedance.com)"
156.59.198.135 - - [18/Oct/2024:11:09:34 +0200] "GET /renault.activities.at/htdocs/export/txt/factura/FacturaExport20140401140306.txt HTTP/1.0" 404 326 "-" "Mozilla/5.0 (Linux; Android 5.0) AppleWebKit/537.36 (KHTML, like Gecko) Mobile Safari/537.36 (compatible; Bytespider; spider-feedback@bytedance.com)"
156.59.198.136 - - [18/Oct/2024:11:09:55 +0200] "GET /renault.activities.at/htdocs/export/pdf/emuc_document/12413718.pdf HTTP/1.0" 404 322 "-" "Mozilla/5.0 (Linux; Android 5.0) AppleWebKit/537.36 (KHTML, like Gecko) Mobile Safari/537.36 (compatible; Bytespider; spider-feedback@bytedance.com)"
178.165.176.165 - - [18/Oct/2024:11:10:01 +0200] "GET /entry.php?id=10271&&ser=242541 HTTP/1.1" 200 986 "http://hausegger.activities.at/entry.php?id=10271&&ser=242481" "Mozilla/5.0 (Windows NT 10.0; Win64; x64; rv:131.0) Gecko/20100101 Firefox/131.0"
178.165.176.165 - - [18/Oct/2024:11:10:02 +0200] "GET /gui/javascript/form_form.js?1729242602 HTTP/1.1" 200 16206 "http://hausegger.activities.at/entry.php?id=10271&&ser=242541" "Mozilla/5.0 (Windows NT 10.0; Win64; x64; rv:131.0) Gecko/20100101 Firefox/131.0"
156.59.198.135 - - [18/Oct/2024:11:10:16 +0200] "GET /document.xml HTTP/1.0" 404 286 "-" "Mozilla/5.0 (Linux; Android 5.0) AppleWebKit/537.36 (KHTML, like Gecko) Mobile Safari/537.36 (compatible; Bytespider; spider-feedback@bytedance.com)"
156.59.198.136 - - [18/Oct/2024:11:10:39 +0200] "GET /renault.activities.at/htdocs/export/xml/data/orders/202001111003_RenOrder.xml HTTP/1.0" 404 328 "-" "Mozilla/5.0 (Linux; Android 5.0) AppleWebKit/537.36 (KHTML, like Gecko) Mobile Safari/537.36 (compatible; Bytespider; spider-feedback@bytedance.com)"
156.59.198.136 - - [18/Oct/2024:11:10:59 +0200] "GET /renault.activities.at/htdocs/export/xml/data/orders/202002271203_RenOrder.xml HTTP/1.0" 404 329 "-" "Mozilla/5.0 (Linux; Android 5.0) AppleWebKit/537.36 (KHTML, like Gecko) Mobile Safari/537.36 (compatible; Bytespider; spider-feedback@bytedance.com)"
178.165.176.165 - - [18/Oct/2024:11:11:02 +0200] "GET /entry.php?id=10271&&ser=242602 HTTP/1.1" 200 987 "http://hausegger.activities.at/entry.php?id=10271&&ser=242541" "Mozilla/5.0 (Windows NT 10.0; Win64; x64; rv:131.0) Gecko/20100101 Firefox/131.0"
178.165.176.165 - - [18/Oct/2024:11:11:02 +0200] "GET /gui/javascript/form_form.js?1729242662 HTTP/1.1" 200 16206 "http://hausegger.activities.at/entry.php?id=10271&&ser=242602" "Mozilla/5.0 (Windows NT 10.0; Win64; x64; rv:131.0) Gecko/20100101 Firefox/131.0"
156.59.198.136 - - [18/Oct/2024:11:11:20 +0200] "GET /renault.activities.at/htdocs/export/pdf/emuc_document/10314951.pdf HTTP/1.0" 404 322 "-" "Mozilla/5.0 (Linux; Android 5.0) AppleWebKit/537.36 (KHTML, like Gecko) Mobile Safari/537.36 (compatible; Bytespider; spider-feedback@bytedance.com)"
156.59.198.136 - - [18/Oct/2024:11:11:42 +0200] "GET /renault.activities.at/htdocs/log/cron/system_mail_3115868.txt HTTP/1.0" 404 320 "-" "Mozilla/5.0 (Linux; Android 5.0) AppleWebKit/537.36 (KHTML, like Gecko) Mobile Safari/537.36 (compatible; Bytespider; spider-feedback@bytedance.com)"
178.165.176.165 - - [18/Oct/2024:11:12:02 +0200] "GET /entry.php?id=10271&&ser=242662 HTTP/1.1" 200 986 "http://hausegger.activities.at/entry.php?id=10271&&ser=242602" "Mozilla/5.0 (Windows NT 10.0; Win64; x64; rv:131.0) Gecko/20100101 Firefox/131.0"
178.165.176.165 - - [18/Oct/2024:11:12:02 +0200] "GET /gui/javascript/form_form.js?1729242722 HTTP/1.1" 200 16206 "http://hausegger.activities.at/entry.php?id=10271&&ser=242662" "Mozilla/5.0 (Windows NT 10.0; Win64; x64; rv:131.0) Gecko/20100101 Firefox/131.0"
156.59.198.136 - - [18/Oct/2024:11:12:03 +0200] "GET /renault.activities.at/htdocs/log/cron/system_mail_3115585.txt HTTP/1.0" 404 321 "-" "Mozilla/5.0 (Linux; Android 5.0) AppleWebKit/537.36 (KHTML, like Gecko) Mobile Safari/537.36 (compatible; Bytespider; spider-feedback@bytedance.com)"
13.40.120.109 - - [18/Oct/2024:11:12:12 +0200] "GET /manage/account/login HTTP/1.1" 404 291 "-" "'Mozilla/5.0 (compatible; GenomeCrawlerd/1.0; +https://www.nokia.com/networks/ip-networks/deepfield/genome/)'"
156.59.198.135 - - [18/Oct/2024:11:12:25 +0200] "GET /renault.activities.at/htdocs/log/cron/system_mail_3115250.txt HTTP/1.0" 404 320 "-" "Mozilla/5.0 (Linux; Android 5.0) AppleWebKit/537.36 (KHTML, like Gecko) Mobile Safari/537.36 (compatible; Bytespider; spider-feedback@bytedance.com)"
156.59.198.135 - - [18/Oct/2024:11:12:46 +0200] "GET /renault.2web.at/htdocs/export/txt/factura/FacturaExport20151109122453.txt HTTP/1.0" 404 324 "-" "Mozilla/5.0 (Linux; Android 5.0) AppleWebKit/537.36 (KHTML, like Gecko) Mobile Safari/537.36 (compatible; Bytespider; spider-feedback@bytedance.com)"
178.165.176.165 - - [18/Oct/2024:11:13:02 +0200] "GET /entry.php?id=10271&&ser=242722 HTTP/1.1" 200 986 "http://hausegger.activities.at/entry.php?id=10271&&ser=242662" "Mozilla/5.0 (Windows NT 10.0; Win64; x64; rv:131.0) Gecko/20100101 Firefox/131.0"
178.165.176.165 - - [18/Oct/2024:11:13:02 +0200] "GET /gui/javascript/form_form.js?1729242782 HTTP/1.1" 200 16206 "http://hausegger.activities.at/entry.php?id=10271&&ser=242722" "Mozilla/5.0 (Windows NT 10.0; Win64; x64; rv:131.0) Gecko/20100101 Firefox/131.0"
156.59.198.136 - - [18/Oct/2024:11:13:07 +0200] "GET /renault.activities.at/htdocs/export/pdf/emuc_document/10371251.pdf HTTP/1.0" 404 322 "-" "Mozilla/5.0 (Linux; Android 5.0) AppleWebKit/537.36 (KHTML, like Gecko) Mobile Safari/537.36 (compatible; Bytespider; spider-feedback@bytedance.com)"
156.59.198.136 - - [18/Oct/2024:11:13:28 +0200] "GET /renault.activities.at/htdocs/log/cron/reminder_mailing_3115999.txt HTTP/1.0" 404 323 "-" "Mozilla/5.0 (Linux; Android 5.0) AppleWebKit/537.36 (KHTML, like Gecko) Mobile Safari/537.36 (compatible; Bytespider; spider-feedback@bytedance.com)"
156.59.198.136 - - [18/Oct/2024:11:13:49 +0200] "GET /renault.activities.at/htdocs/export/xml/data/articles/202006301003_RenArticle.xml HTTP/1.0" 404 331 "-" "Mozilla/5.0 (Linux; Android 5.0) AppleWebKit/537.36 (KHTML, like Gecko) Mobile Safari/537.36 (compatible; Bytespider; spider-feedback@bytedance.com)"
178.165.176.165 - - [18/Oct/2024:11:14:03 +0200] "GET /entry.php?id=10271&&ser=242782 HTTP/1.1" 200 987 "http://hausegger.activities.at/entry.php?id=10271&&ser=242722" "Mozilla/5.0 (Windows NT 10.0; Win64; x64; rv:131.0) Gecko/20100101 Firefox/131.0"
178.165.176.165 - - [18/Oct/2024:11:14:03 +0200] "GET /gui/javascript/form_form.js?1729242843 HTTP/1.1" 200 16206 "http://hausegger.activities.at/entry.php?id=10271&&ser=242782" "Mozilla/5.0 (Windows NT 10.0; Win64; x64; rv:131.0) Gecko/20100101 Firefox/131.0"
156.59.198.135 - - [18/Oct/2024:11:14:11 +0200] "GET /renault.activities.at/htdocs/export/xml/data/orders/202101051303_RenOrder.xml HTTP/1.0" 404 328 "-" "Mozilla/5.0 (Linux; Android 5.0) AppleWebKit/537.36 (KHTML, like Gecko) Mobile Safari/537.36 (compatible; Bytespider; spider-feedback@bytedance.com)"
13.40.120.109 - - [18/Oct/2024:11:14:22 +0200] "\x16\x03\x01" 400 383 "-" "-"
156.59.198.136 - - [18/Oct/2024:11:14:33 +0200] "GET /renault.activities.at/htdocs/export/pdf/emuc_document/10535067.pdf HTTP/1.0" 404 323 "-" "Mozilla/5.0 (Linux; Android 5.0) AppleWebKit/537.36 (KHTML, like Gecko) Mobile Safari/537.36 (compatible; Bytespider; spider-feedback@bytedance.com)"
156.59.198.135 - - [18/Oct/2024:11:14:54 +0200] "GET /renault.activities.at/htdocs/export/xml/data/orders/202010051603_RenOrder.xml HTTP/1.0" 404 328 "-" "Mozilla/5.0 (Linux; Android 5.0) AppleWebKit/537.36 (KHTML, like Gecko) Mobile Safari/537.36 (compatible; Bytespider; spider-feedback@bytedance.com)"
178.165.176.165 - - [18/Oct/2024:11:15:03 +0200] "GET /entry.php?id=10271&&ser=242843 HTTP/1.1" 200 987 "http://hausegger.activities.at/entry.php?id=10271&&ser=242782" "Mozilla/5.0 (Windows NT 10.0; Win64; x64; rv:131.0) Gecko/20100101 Firefox/131.0"
178.165.176.165 - - [18/Oct/2024:11:15:03 +0200] "GET /gui/javascript/form_form.js?1729242903 HTTP/1.1" 200 16206 "http://hausegger.activities.at/entry.php?id=10271&&ser=242843" "Mozilla/5.0 (Windows NT 10.0; Win64; x64; rv:131.0) Gecko/20100101 Firefox/131.0"
156.59.198.135 - - [18/Oct/2024:11:15:15 +0200] "GET /renault.2web.at/stats/lang/awstats-id.txt HTTP/1.0" 404 303 "-" "Mozilla/5.0 (Linux; Android 5.0) AppleWebKit/537.36 (KHTML, like Gecko) Mobile Safari/537.36 (compatible; Bytespider; spider-feedback@bytedance.com)"
156.59.198.135 - - [18/Oct/2024:11:15:36 +0200] "GET /renault.activities.at/htdocs/export/xml/data/articles/202010091003_RenArticle.xml HTTP/1.0" 404 330 "-" "Mozilla/5.0 (Linux; Android 5.0) AppleWebKit/537.36 (KHTML, like Gecko) Mobile Safari/537.36 (compatible; Bytespider; spider-feedback@bytedance.com)"
156.59.198.135 - - [18/Oct/2024:11:15:57 +0200] "GET /renault.activities.at/htdocs/export/pdf/emuc_document/10744973.pdf HTTP/1.0" 404 323 "-" "Mozilla/5.0 (Linux; Android 5.0) AppleWebKit/537.36 (KHTML, like Gecko) Mobile Safari/537.36 (compatible; Bytespider; spider-feedback@bytedance.com)"
178.165.176.165 - - [18/Oct/2024:11:16:03 +0200] "GET /entry.php?id=10271&&ser=242903 HTTP/1.1" 200 987 "http://hausegger.activities.at/entry.php?id=10271&&ser=242843" "Mozilla/5.0 (Windows NT 10.0; Win64; x64; rv:131.0) Gecko/20100101 Firefox/131.0"
178.165.176.165 - - [18/Oct/2024:11:16:03 +0200] "GET /gui/javascript/form_form.js?1729242963 HTTP/1.1" 200 16206 "http://hausegger.activities.at/entry.php?id=10271&&ser=242903" "Mozilla/5.0 (Windows NT 10.0; Win64; x64; rv:131.0) Gecko/20100101 Firefox/131.0"
156.59.198.135 - - [18/Oct/2024:11:16:18 +0200] "GET /renault.activities.at/htdocs/export/pdf/emuc_document/10711288.pdf HTTP/1.0" 404 322 "-" "Mozilla/5.0 (Linux; Android 5.0) AppleWebKit/537.36 (KHTML, like Gecko) Mobile Safari/537.36 (compatible; Bytespider; spider-feedback@bytedance.com)"
156.59.198.135 - - [18/Oct/2024:11:16:39 +0200] "GET /renault.activities.at/htdocs/log/cron/reminder_mailing_3116373.txt HTTP/1.0" 404 323 "-" "Mozilla/5.0 (Linux; Android 5.0) AppleWebKit/537.36 (KHTML, like Gecko) Mobile Safari/537.36 (compatible; Bytespider; spider-feedback@bytedance.com)"
156.59.198.136 - - [18/Oct/2024:11:17:00 +0200] "GET /renault.activities.at/htdocs/export/xml/data/orders/202109201003_RenOrder.xml HTTP/1.0" 404 328 "-" "Mozilla/5.0 (Linux; Android 5.0) AppleWebKit/537.36 (KHTML, like Gecko) Mobile Safari/537.36 (compatible; Bytespider; spider-feedback@bytedance.com)"
178.165.176.165 - - [18/Oct/2024:11:17:03 +0200] "GET /entry.php?id=10271&&ser=242963 HTTP/1.1" 200 986 "http://hausegger.activities.at/entry.php?id=10271&&ser=242903" "Mozilla/5.0 (Windows NT 10.0; Win64; x64; rv:131.0) Gecko/20100101 Firefox/131.0"
178.165.176.165 - - [18/Oct/2024:11:17:04 +0200] "GET /gui/javascript/form_form.js?1729243024 HTTP/1.1" 200 16206 "http://hausegger.activities.at/entry.php?id=10271&&ser=242963" "Mozilla/5.0 (Windows NT 10.0; Win64; x64; rv:131.0) Gecko/20100101 Firefox/131.0"
156.59.198.135 - - [18/Oct/2024:11:17:21 +0200] "GET /renault.2web.at/stats/lang/awstats-es.txt HTTP/1.0" 404 303 "-" "Mozilla/5.0 (Linux; Android 5.0) AppleWebKit/537.36 (KHTML, like Gecko) Mobile Safari/537.36 (compatible; Bytespider; spider-feedback@bytedance.com)"
156.59.198.136 - - [18/Oct/2024:11:17:42 +0200] "GET /renault.activities.at/htdocs/export/xml/data/orders/202002041003_RenOrder.xml HTTP/1.0" 404 328 "-" "Mozilla/5.0 (Linux; Android 5.0) AppleWebKit/537.36 (KHTML, like Gecko) Mobile Safari/537.36 (compatible; Bytespider; spider-feedback@bytedance.com)"
156.59.198.136 - - [18/Oct/2024:11:18:03 +0200] "GET /renault.activities.at/htdocs/log/cron/exportXML_3116104.txt HTTP/1.0" 404 319 "-" "Mozilla/5.0 (Linux; Android 5.0) AppleWebKit/537.36 (KHTML, like Gecko) Mobile Safari/537.36 (compatible; Bytespider; spider-feedback@bytedance.com)"
178.165.176.165 - - [18/Oct/2024:11:18:04 +0200] "GET /entry.php?id=10271&&ser=243024 HTTP/1.1" 200 987 "http://hausegger.activities.at/entry.php?id=10271&&ser=242963" "Mozilla/5.0 (Windows NT 10.0; Win64; x64; rv:131.0) Gecko/20100101 Firefox/131.0"
178.165.176.165 - - [18/Oct/2024:11:18:04 +0200] "GET /gui/javascript/form_form.js?1729243084 HTTP/1.1" 200 16206 "http://hausegger.activities.at/entry.php?id=10271&&ser=243024" "Mozilla/5.0 (Windows NT 10.0; Win64; x64; rv:131.0) Gecko/20100101 Firefox/131.0"
13.40.120.109 - - [18/Oct/2024:11:18:19 +0200] "\x16\x03\x01" 400 383 "-" "-"
156.59.198.136 - - [18/Oct/2024:11:18:24 +0200] "GET /ed-test.activities.at/stats/lang/awstats-lt.txt HTTP/1.0" 404 306 "-" "Mozilla/5.0 (Linux; Android 5.0) AppleWebKit/537.36 (KHTML, like Gecko) Mobile Safari/537.36 (compatible; Bytespider; spider-feedback@bytedance.com)"
178.165.176.165 - - [18/Oct/2024:11:19:04 +0200] "GET /entry.php?id=10271&&ser=243084 HTTP/1.1" 200 987 "http://hausegger.activities.at/entry.php?id=10271&&ser=243024" "Mozilla/5.0 (Windows NT 10.0; Win64; x64; rv:131.0) Gecko/20100101 Firefox/131.0"
178.165.176.165 - - [18/Oct/2024:11:19:04 +0200] "GET /gui/javascript/form_form.js?1729243144 HTTP/1.1" 200 16206 "http://hausegger.activities.at/entry.php?id=10271&&ser=243084" "Mozilla/5.0 (Windows NT 10.0; Win64; x64; rv:131.0) Gecko/20100101 Firefox/131.0"
178.165.176.165 - - [18/Oct/2024:11:20:04 +0200] "GET /entry.php?id=10271&&ser=243144 HTTP/1.1" 200 987 "http://hausegger.activities.at/entry.php?id=10271&&ser=243084" "Mozilla/5.0 (Windows NT 10.0; Win64; x64; rv:131.0) Gecko/20100101 Firefox/131.0"
178.165.176.165 - - [18/Oct/2024:11:20:05 +0200] "GET /gui/javascript/form_form.js?1729243204 HTTP/1.1" 200 16206 "http://hausegger.activities.at/entry.php?id=10271&&ser=243144" "Mozilla/5.0 (Windows NT 10.0; Win64; x64; rv:131.0) Gecko/20100101 Firefox/131.0"
178.165.176.165 - - [18/Oct/2024:11:21:05 +0200] "GET /entry.php?id=10271&&ser=243204 HTTP/1.1" 200 987 "http://hausegger.activities.at/entry.php?id=10271&&ser=243144" "Mozilla/5.0 (Windows NT 10.0; Win64; x64; rv:131.0) Gecko/20100101 Firefox/131.0"
178.165.176.165 - - [18/Oct/2024:11:21:05 +0200] "GET /gui/javascript/form_form.js?1729243265 HTTP/1.1" 200 16206 "http://hausegger.activities.at/entry.php?id=10271&&ser=243204" "Mozilla/5.0 (Windows NT 10.0; Win64; x64; rv:131.0) Gecko/20100101 Firefox/131.0"
178.165.176.165 - - [18/Oct/2024:11:22:05 +0200] "GET /entry.php?id=10271&&ser=243265 HTTP/1.1" 200 987 "http://hausegger.activities.at/entry.php?id=10271&&ser=243204" "Mozilla/5.0 (Windows NT 10.0; Win64; x64; rv:131.0) Gecko/20100101 Firefox/131.0"
178.165.176.165 - - [18/Oct/2024:11:22:05 +0200] "GET /gui/javascript/form_form.js?1729243325 HTTP/1.1" 200 16206 "http://hausegger.activities.at/entry.php?id=10271&&ser=243265" "Mozilla/5.0 (Windows NT 10.0; Win64; x64; rv:131.0) Gecko/20100101 Firefox/131.0"
178.165.176.165 - - [18/Oct/2024:11:23:05 +0200] "GET /entry.php?id=10271&&ser=243325 HTTP/1.1" 200 987 "http://hausegger.activities.at/entry.php?id=10271&&ser=243265" "Mozilla/5.0 (Windows NT 10.0; Win64; x64; rv:131.0) Gecko/20100101 Firefox/131.0"
178.165.176.165 - - [18/Oct/2024:11:23:05 +0200] "GET /gui/javascript/form_form.js?1729243385 HTTP/1.1" 200 16206 "http://hausegger.activities.at/entry.php?id=10271&&ser=243325" "Mozilla/5.0 (Windows NT 10.0; Win64; x64; rv:131.0) Gecko/20100101 Firefox/131.0"
178.165.176.165 - - [18/Oct/2024:11:24:05 +0200] "GET /entry.php?id=10271&&ser=243385 HTTP/1.1" 200 987 "http://hausegger.activities.at/entry.php?id=10271&&ser=243325" "Mozilla/5.0 (Windows NT 10.0; Win64; x64; rv:131.0) Gecko/20100101 Firefox/131.0"
178.165.176.165 - - [18/Oct/2024:11:24:06 +0200] "GET /gui/javascript/form_form.js?1729243446 HTTP/1.1" 200 16206 "http://hausegger.activities.at/entry.php?id=10271&&ser=243385" "Mozilla/5.0 (Windows NT 10.0; Win64; x64; rv:131.0) Gecko/20100101 Firefox/131.0"
13.40.120.109 - - [18/Oct/2024:11:24:23 +0200] "GET /+CSCOE+/logon.html HTTP/1.1" 404 290 "-" "'Mozilla/5.0 (compatible; GenomeCrawlerd/1.0; +https://www.nokia.com/networks/ip-networks/deepfield/genome/)'"
178.165.176.165 - - [18/Oct/2024:11:25:06 +0200] "GET /entry.php?id=10271&&ser=243446 HTTP/1.1" 200 987 "http://hausegger.activities.at/entry.php?id=10271&&ser=243385" "Mozilla/5.0 (Windows NT 10.0; Win64; x64; rv:131.0) Gecko/20100101 Firefox/131.0"
178.165.176.165 - - [18/Oct/2024:11:25:06 +0200] "GET /gui/javascript/form_form.js?1729243506 HTTP/1.1" 200 16206 "http://hausegger.activities.at/entry.php?id=10271&&ser=243446" "Mozilla/5.0 (Windows NT 10.0; Win64; x64; rv:131.0) Gecko/20100101 Firefox/131.0"
178.165.176.165 - - [18/Oct/2024:11:26:06 +0200] "GET /entry.php?id=10271&&ser=243506 HTTP/1.1" 200 987 "http://hausegger.activities.at/entry.php?id=10271&&ser=243446" "Mozilla/5.0 (Windows NT 10.0; Win64; x64; rv:131.0) Gecko/20100101 Firefox/131.0"
178.165.176.165 - - [18/Oct/2024:11:26:06 +0200] "GET /gui/javascript/form_form.js?1729243566 HTTP/1.1" 200 16206 "http://hausegger.activities.at/entry.php?id=10271&&ser=243506" "Mozilla/5.0 (Windows NT 10.0; Win64; x64; rv:131.0) Gecko/20100101 Firefox/131.0"
178.165.176.165 - - [18/Oct/2024:11:27:06 +0200] "GET /entry.php?id=10271&&ser=243566 HTTP/1.1" 200 987 "http://hausegger.activities.at/entry.php?id=10271&&ser=243506" "Mozilla/5.0 (Windows NT 10.0; Win64; x64; rv:131.0) Gecko/20100101 Firefox/131.0"
178.165.176.165 - - [18/Oct/2024:11:27:07 +0200] "GET /gui/javascript/form_form.js?1729243626 HTTP/1.1" 200 16206 "http://hausegger.activities.at/entry.php?id=10271&&ser=243566" "Mozilla/5.0 (Windows NT 10.0; Win64; x64; rv:131.0) Gecko/20100101 Firefox/131.0"
178.165.176.165 - - [18/Oct/2024:11:28:07 +0200] "GET /entry.php?id=10271&&ser=243626 HTTP/1.1" 200 986 "http://hausegger.activities.at/entry.php?id=10271&&ser=243566" "Mozilla/5.0 (Windows NT 10.0; Win64; x64; rv:131.0) Gecko/20100101 Firefox/131.0"
178.165.176.165 - - [18/Oct/2024:11:28:07 +0200] "GET /gui/javascript/form_form.js?1729243687 HTTP/1.1" 200 16206 "http://hausegger.activities.at/entry.php?id=10271&&ser=243626" "Mozilla/5.0 (Windows NT 10.0; Win64; x64; rv:131.0) Gecko/20100101 Firefox/131.0"
178.165.176.165 - - [18/Oct/2024:11:29:07 +0200] "GET /entry.php?id=10271&&ser=243687 HTTP/1.1" 200 987 "http://hausegger.activities.at/entry.php?id=10271&&ser=243626" "Mozilla/5.0 (Windows NT 10.0; Win64; x64; rv:131.0) Gecko/20100101 Firefox/131.0"
178.165.176.165 - - [18/Oct/2024:11:29:07 +0200] "GET /gui/javascript/form_form.js?1729243747 HTTP/1.1" 200 16206 "http://hausegger.activities.at/entry.php?id=10271&&ser=243687" "Mozilla/5.0 (Windows NT 10.0; Win64; x64; rv:131.0) Gecko/20100101 Firefox/131.0"
178.165.176.165 - - [18/Oct/2024:11:30:07 +0200] "GET /entry.php?id=10271&&ser=243747 HTTP/1.1" 200 987 "http://hausegger.activities.at/entry.php?id=10271&&ser=243687" "Mozilla/5.0 (Windows NT 10.0; Win64; x64; rv:131.0) Gecko/20100101 Firefox/131.0"
178.165.176.165 - - [18/Oct/2024:11:30:07 +0200] "GET /gui/javascript/form_form.js?1729243807 HTTP/1.1" 200 16206 "http://hausegger.activities.at/entry.php?id=10271&&ser=243747" "Mozilla/5.0 (Windows NT 10.0; Win64; x64; rv:131.0) Gecko/20100101 Firefox/131.0"
13.40.120.109 - - [18/Oct/2024:11:30:38 +0200] "\x16\x03\x01" 400 383 "-" "-"
178.165.176.165 - - [18/Oct/2024:11:31:08 +0200] "GET /entry.php?id=10271&&ser=243807 HTTP/1.1" 200 987 "http://hausegger.activities.at/entry.php?id=10271&&ser=243747" "Mozilla/5.0 (Windows NT 10.0; Win64; x64; rv:131.0) Gecko/20100101 Firefox/131.0"
178.165.176.165 - - [18/Oct/2024:11:31:08 +0200] "GET /gui/javascript/form_form.js?1729243868 HTTP/1.1" 200 16206 "http://hausegger.activities.at/entry.php?id=10271&&ser=243807" "Mozilla/5.0 (Windows NT 10.0; Win64; x64; rv:131.0) Gecko/20100101 Firefox/131.0"
178.165.176.165 - - [18/Oct/2024:11:32:08 +0200] "GET /entry.php?id=10271&&ser=243868 HTTP/1.1" 200 987 "http://hausegger.activities.at/entry.php?id=10271&&ser=243807" "Mozilla/5.0 (Windows NT 10.0; Win64; x64; rv:131.0) Gecko/20100101 Firefox/131.0"
178.165.176.165 - - [18/Oct/2024:11:32:08 +0200] "GET /gui/javascript/form_form.js?1729243928 HTTP/1.1" 200 16206 "http://hausegger.activities.at/entry.php?id=10271&&ser=243868" "Mozilla/5.0 (Windows NT 10.0; Win64; x64; rv:131.0) Gecko/20100101 Firefox/131.0"
13.40.120.109 - - [18/Oct/2024:11:32:30 +0200] "GET /logon.htm HTTP/1.1" 404 283 "-" "'Mozilla/5.0 (compatible; GenomeCrawlerd/1.0; +https://www.nokia.com/networks/ip-networks/deepfield/genome/)'"
178.165.176.165 - - [18/Oct/2024:11:33:08 +0200] "GET /entry.php?id=10271&&ser=243928 HTTP/1.1" 200 987 "http://hausegger.activities.at/entry.php?id=10271&&ser=243868" "Mozilla/5.0 (Windows NT 10.0; Win64; x64; rv:131.0) Gecko/20100101 Firefox/131.0"
178.165.176.165 - - [18/Oct/2024:11:33:08 +0200] "GET /gui/javascript/form_form.js?1729243988 HTTP/1.1" 200 16206 "http://hausegger.activities.at/entry.php?id=10271&&ser=243928" "Mozilla/5.0 (Windows NT 10.0; Win64; x64; rv:131.0) Gecko/20100101 Firefox/131.0"
178.165.176.165 - - [18/Oct/2024:11:34:08 +0200] "GET /entry.php?id=10271&&ser=243988 HTTP/1.1" 200 987 "http://hausegger.activities.at/entry.php?id=10271&&ser=243928" "Mozilla/5.0 (Windows NT 10.0; Win64; x64; rv:131.0) Gecko/20100101 Firefox/131.0"
178.165.176.165 - - [18/Oct/2024:11:34:09 +0200] "GET /gui/javascript/form_form.js?1729244048 HTTP/1.1" 200 16206 "http://hausegger.activities.at/entry.php?id=10271&&ser=243988" "Mozilla/5.0 (Windows NT 10.0; Win64; x64; rv:131.0) Gecko/20100101 Firefox/131.0"
178.165.176.165 - - [18/Oct/2024:11:35:09 +0200] "GET /entry.php?id=10271&&ser=244048 HTTP/1.1" 200 987 "http://hausegger.activities.at/entry.php?id=10271&&ser=243988" "Mozilla/5.0 (Windows NT 10.0; Win64; x64; rv:131.0) Gecko/20100101 Firefox/131.0"
178.165.176.165 - - [18/Oct/2024:11:35:09 +0200] "GET /gui/javascript/form_form.js?1729244109 HTTP/1.1" 200 16206 "http://hausegger.activities.at/entry.php?id=10271&&ser=244048" "Mozilla/5.0 (Windows NT 10.0; Win64; x64; rv:131.0) Gecko/20100101 Firefox/131.0"
178.165.176.165 - - [18/Oct/2024:11:36:09 +0200] "GET /entry.php?id=10271&&ser=244109 HTTP/1.1" 200 987 "http://hausegger.activities.at/entry.php?id=10271&&ser=244048" "Mozilla/5.0 (Windows NT 10.0; Win64; x64; rv:131.0) Gecko/20100101 Firefox/131.0"
178.165.176.165 - - [18/Oct/2024:11:36:09 +0200] "GET /gui/javascript/form_form.js?1729244169 HTTP/1.1" 200 16206 "http://hausegger.activities.at/entry.php?id=10271&&ser=244109" "Mozilla/5.0 (Windows NT 10.0; Win64; x64; rv:131.0) Gecko/20100101 Firefox/131.0"
13.40.120.109 - - [18/Oct/2024:11:36:38 +0200] "GET /login.jsp HTTP/1.1" 404 284 "-" "'Mozilla/5.0 (compatible; GenomeCrawlerd/1.0; +https://www.nokia.com/networks/ip-networks/deepfield/genome/)'"
178.165.176.165 - - [18/Oct/2024:11:37:09 +0200] "GET /entry.php?id=10271&&ser=244169 HTTP/1.1" 200 987 "http://hausegger.activities.at/entry.php?id=10271&&ser=244109" "Mozilla/5.0 (Windows NT 10.0; Win64; x64; rv:131.0) Gecko/20100101 Firefox/131.0"
178.165.176.165 - - [18/Oct/2024:11:37:09 +0200] "GET /gui/javascript/form_form.js?1729244229 HTTP/1.1" 200 16206 "http://hausegger.activities.at/entry.php?id=10271&&ser=244169" "Mozilla/5.0 (Windows NT 10.0; Win64; x64; rv:131.0) Gecko/20100101 Firefox/131.0"
156.59.198.135 - - [18/Oct/2024:11:37:40 +0200] "GET /renault.activities.at/htdocs/export/xml/data/orders/202001210903_RenOrder.xml HTTP/1.0" 404 328 "-" "Mozilla/5.0 (Linux; Android 5.0) AppleWebKit/537.36 (KHTML, like Gecko) Mobile Safari/537.36 (compatible; Bytespider; spider-feedback@bytedance.com)"
156.59.198.136 - - [18/Oct/2024:11:38:02 +0200] "GET /renault.activities.at/htdocs/export/pdf/emuc_document/11824110.pdf HTTP/1.0" 404 321 "-" "Mozilla/5.0 (Linux; Android 5.0) AppleWebKit/537.36 (KHTML, like Gecko) Mobile Safari/537.36 (compatible; Bytespider; spider-feedback@bytedance.com)"
178.165.176.165 - - [18/Oct/2024:11:38:10 +0200] "GET /entry.php?id=10271&&ser=244229 HTTP/1.1" 200 987 "http://hausegger.activities.at/entry.php?id=10271&&ser=244169" "Mozilla/5.0 (Windows NT 10.0; Win64; x64; rv:131.0) Gecko/20100101 Firefox/131.0"
178.165.176.165 - - [18/Oct/2024:11:38:10 +0200] "GET /gui/javascript/form_form.js?1729244290 HTTP/1.1" 200 16206 "http://hausegger.activities.at/entry.php?id=10271&&ser=244229" "Mozilla/5.0 (Windows NT 10.0; Win64; x64; rv:131.0) Gecko/20100101 Firefox/131.0"
156.59.198.136 - - [18/Oct/2024:11:38:23 +0200] "GET /renault.activities.at/htdocs/export/xml/data/orders/201911221203_RenOrder.xml HTTP/1.0" 404 329 "-" "Mozilla/5.0 (Linux; Android 5.0) AppleWebKit/537.36 (KHTML, like Gecko) Mobile Safari/537.36 (compatible; Bytespider; spider-feedback@bytedance.com)"
156.59.198.135 - - [18/Oct/2024:11:38:44 +0200] "GET /renault.activities.at/htdocs/export/pdf/emuc_document/11430210.pdf HTTP/1.0" 404 322 "-" "Mozilla/5.0 (Linux; Android 5.0) AppleWebKit/537.36 (KHTML, like Gecko) Mobile Safari/537.36 (compatible; Bytespider; spider-feedback@bytedance.com)"
156.59.198.136 - - [18/Oct/2024:11:39:05 +0200] "GET /renault.activities.at/htdocs/export/pdf/emuc_document/11659706.pdf HTTP/1.0" 404 322 "-" "Mozilla/5.0 (Linux; Android 5.0) AppleWebKit/537.36 (KHTML, like Gecko) Mobile Safari/537.36 (compatible; Bytespider; spider-feedback@bytedance.com)"
178.165.176.165 - - [18/Oct/2024:11:39:10 +0200] "GET /entry.php?id=10271&&ser=244290 HTTP/1.1" 200 987 "http://hausegger.activities.at/entry.php?id=10271&&ser=244229" "Mozilla/5.0 (Windows NT 10.0; Win64; x64; rv:131.0) Gecko/20100101 Firefox/131.0"
178.165.176.165 - - [18/Oct/2024:11:39:10 +0200] "GET /gui/javascript/form_form.js?1729244350 HTTP/1.1" 200 16206 "http://hausegger.activities.at/entry.php?id=10271&&ser=244290" "Mozilla/5.0 (Windows NT 10.0; Win64; x64; rv:131.0) Gecko/20100101 Firefox/131.0"
156.59.198.135 - - [18/Oct/2024:11:39:27 +0200] "GET /renault.activities.at/htdocs/export/txt/factura/FacturaExport20160729100111.txt HTTP/1.0" 404 328 "-" "Mozilla/5.0 (Linux; Android 5.0) AppleWebKit/537.36 (KHTML, like Gecko) Mobile Safari/537.36 (compatible; Bytespider; spider-feedback@bytedance.com)"
156.59.198.136 - - [18/Oct/2024:11:39:48 +0200] "GET /renault.activities.at/htdocs/export/pdf/emuc_document/11810905.pdf HTTP/1.0" 404 321 "-" "Mozilla/5.0 (Linux; Android 5.0) AppleWebKit/537.36 (KHTML, like Gecko) Mobile Safari/537.36 (compatible; Bytespider; spider-feedback@bytedance.com)"
156.59.198.135 - - [18/Oct/2024:11:40:08 +0200] "GET /renault.activities.at/htdocs/export/txt/factura/FacturaExport20180212123344.txt HTTP/1.0" 404 326 "-" "Mozilla/5.0 (Linux; Android 5.0) AppleWebKit/537.36 (KHTML, like Gecko) Mobile Safari/537.36 (compatible; Bytespider; spider-feedback@bytedance.com)"
178.165.176.165 - - [18/Oct/2024:11:40:10 +0200] "GET /entry.php?id=10271&&ser=244350 HTTP/1.1" 200 986 "http://hausegger.activities.at/entry.php?id=10271&&ser=244290" "Mozilla/5.0 (Windows NT 10.0; Win64; x64; rv:131.0) Gecko/20100101 Firefox/131.0"
178.165.176.165 - - [18/Oct/2024:11:40:10 +0200] "GET /gui/javascript/form_form.js?1729244410 HTTP/1.1" 200 16206 "http://hausegger.activities.at/entry.php?id=10271&&ser=244350" "Mozilla/5.0 (Windows NT 10.0; Win64; x64; rv:131.0) Gecko/20100101 Firefox/131.0"
156.59.198.135 - - [18/Oct/2024:11:40:30 +0200] "GET /renault.activities.at/htdocs/log/cron/importLogisticData_3115853.txt HTTP/1.0" 404 325 "-" "Mozilla/5.0 (Linux; Android 5.0) AppleWebKit/537.36 (KHTML, like Gecko) Mobile Safari/537.36 (compatible; Bytespider; spider-feedback@bytedance.com)"
156.59.198.136 - - [18/Oct/2024:11:40:51 +0200] "GET /renault.2web.at/htdocs/export/txt/factura/FacturaExport20201007143707.txt HTTP/1.0" 404 325 "-" "Mozilla/5.0 (Linux; Android 5.0) AppleWebKit/537.36 (KHTML, like Gecko) Mobile Safari/537.36 (compatible; Bytespider; spider-feedback@bytedance.com)"
178.165.176.165 - - [18/Oct/2024:11:41:10 +0200] "GET /entry.php?id=10271&&ser=244410 HTTP/1.1" 200 986 "http://hausegger.activities.at/entry.php?id=10271&&ser=244350" "Mozilla/5.0 (Windows NT 10.0; Win64; x64; rv:131.0) Gecko/20100101 Firefox/131.0"
178.165.176.165 - - [18/Oct/2024:11:41:10 +0200] "GET /gui/javascript/form_form.js?1729244470 HTTP/1.1" 200 16206 "http://hausegger.activities.at/entry.php?id=10271&&ser=244410" "Mozilla/5.0 (Windows NT 10.0; Win64; x64; rv:131.0) Gecko/20100101 Firefox/131.0"
156.59.198.135 - - [18/Oct/2024:11:41:13 +0200] "GET /renault.activities.at/htdocs/export/xml/data/orders/202011251303_RenOrder.xml HTTP/1.0" 404 328 "-" "Mozilla/5.0 (Linux; Android 5.0) AppleWebKit/537.36 (KHTML, like Gecko) Mobile Safari/537.36 (compatible; Bytespider; spider-feedback@bytedance.com)"
156.59.198.136 - - [18/Oct/2024:11:41:33 +0200] "GET /renault.activities.at/htdocs/export/xml/data/orders/202005131103_RenOrder.xml HTTP/1.0" 404 328 "-" "Mozilla/5.0 (Linux; Android 5.0) AppleWebKit/537.36 (KHTML, like Gecko) Mobile Safari/537.36 (compatible; Bytespider; spider-feedback@bytedance.com)"
156.59.198.135 - - [18/Oct/2024:11:41:55 +0200] "GET /renault.activities.at/htdocs/export/pdf/emuc_document/10969025.pdf HTTP/1.0" 404 321 "-" "Mozilla/5.0 (Linux; Android 5.0) AppleWebKit/537.36 (KHTML, like Gecko) Mobile Safari/537.36 (compatible; Bytespider; spider-feedback@bytedance.com)"
178.165.176.165 - - [18/Oct/2024:11:42:11 +0200] "GET /entry.php?id=10271&&ser=244470 HTTP/1.1" 200 986 "http://hausegger.activities.at/entry.php?id=10271&&ser=244410" "Mozilla/5.0 (Windows NT 10.0; Win64; x64; rv:131.0) Gecko/20100101 Firefox/131.0"
178.165.176.165 - - [18/Oct/2024:11:42:11 +0200] "GET /gui/javascript/form_form.js?1729244531 HTTP/1.1" 200 16206 "http://hausegger.activities.at/entry.php?id=10271&&ser=244470" "Mozilla/5.0 (Windows NT 10.0; Win64; x64; rv:131.0) Gecko/20100101 Firefox/131.0"
156.59.198.135 - - [18/Oct/2024:11:42:16 +0200] "GET /renault.activities.at/htdocs/export/txt/factura/FacturaExport20211004093354.txt HTTP/1.0" 404 328 "-" "Mozilla/5.0 (Linux; Android 5.0) AppleWebKit/537.36 (KHTML, like Gecko) Mobile Safari/537.36 (compatible; Bytespider; spider-feedback@bytedance.com)"
156.59.198.136 - - [18/Oct/2024:11:42:37 +0200] "GET /renault.activities.at/htdocs/log/cron/reminder_mailing_3115737.txt HTTP/1.0" 404 323 "-" "Mozilla/5.0 (Linux; Android 5.0) AppleWebKit/537.36 (KHTML, like Gecko) Mobile Safari/537.36 (compatible; Bytespider; spider-feedback@bytedance.com)"
156.59.198.135 - - [18/Oct/2024:11:42:57 +0200] "GET /renault.activities.at/htdocs/export/txt/factura/FacturaExport20181206111303.txt HTTP/1.0" 404 327 "-" "Mozilla/5.0 (Linux; Android 5.0) AppleWebKit/537.36 (KHTML, like Gecko) Mobile Safari/537.36 (compatible; Bytespider; spider-feedback@bytedance.com)"
178.165.176.165 - - [18/Oct/2024:11:43:11 +0200] "GET /entry.php?id=10271&&ser=244531 HTTP/1.1" 200 986 "http://hausegger.activities.at/entry.php?id=10271&&ser=244470" "Mozilla/5.0 (Windows NT 10.0; Win64; x64; rv:131.0) Gecko/20100101 Firefox/131.0"
178.165.176.165 - - [18/Oct/2024:11:43:11 +0200] "GET /gui/javascript/form_form.js?1729244591 HTTP/1.1" 200 16206 "http://hausegger.activities.at/entry.php?id=10271&&ser=244531" "Mozilla/5.0 (Windows NT 10.0; Win64; x64; rv:131.0) Gecko/20100101 Firefox/131.0"
156.59.198.136 - - [18/Oct/2024:11:43:19 +0200] "GET /renault.activities.at/htdocs/log/cron/system_mail_3115231.txt HTTP/1.0" 404 320 "-" "Mozilla/5.0 (Linux; Android 5.0) AppleWebKit/537.36 (KHTML, like Gecko) Mobile Safari/537.36 (compatible; Bytespider; spider-feedback@bytedance.com)"
156.59.198.136 - - [18/Oct/2024:11:43:40 +0200] "GET /renault.activities.at/htdocs/export/xml/data/orders/202102041803_RenOrder.xml HTTP/1.0" 404 329 "-" "Mozilla/5.0 (Linux; Android 5.0) AppleWebKit/537.36 (KHTML, like Gecko) Mobile Safari/537.36 (compatible; Bytespider; spider-feedback@bytedance.com)"
156.59.198.136 - - [18/Oct/2024:11:44:01 +0200] "GET /renault.activities.at/htdocs/export/xml/data/orders/201910281603_RenOrder.xml HTTP/1.0" 404 329 "-" "Mozilla/5.0 (Linux; Android 5.0) AppleWebKit/537.36 (KHTML, like Gecko) Mobile Safari/537.36 (compatible; Bytespider; spider-feedback@bytedance.com)"
178.165.176.165 - - [18/Oct/2024:11:44:11 +0200] "GET /entry.php?id=10271&&ser=244591 HTTP/1.1" 200 986 "http://hausegger.activities.at/entry.php?id=10271&&ser=244531" "Mozilla/5.0 (Windows NT 10.0; Win64; x64; rv:131.0) Gecko/20100101 Firefox/131.0"
178.165.176.165 - - [18/Oct/2024:11:44:11 +0200] "GET /gui/javascript/form_form.js?1729244651 HTTP/1.1" 200 16206 "http://hausegger.activities.at/entry.php?id=10271&&ser=244591" "Mozilla/5.0 (Windows NT 10.0; Win64; x64; rv:131.0) Gecko/20100101 Firefox/131.0"
156.59.198.135 - - [18/Oct/2024:11:44:22 +0200] "GET /renault.activities.at/htdocs/log/cron/exportXML_3115639.txt HTTP/1.0" 404 320 "-" "Mozilla/5.0 (Linux; Android 5.0) AppleWebKit/537.36 (KHTML, like Gecko) Mobile Safari/537.36 (compatible; Bytespider; spider-feedback@bytedance.com)"
156.59.198.136 - - [18/Oct/2024:11:44:43 +0200] "GET /renault.activities.at/htdocs/export/pdf/emuc_document/11177795.pdf HTTP/1.0" 404 322 "-" "Mozilla/5.0 (Linux; Android 5.0) AppleWebKit/537.36 (KHTML, like Gecko) Mobile Safari/537.36 (compatible; Bytespider; spider-feedback@bytedance.com)"
47.128.119.173 - - [18/Oct/2024:11:45:05 +0200] "GET /robots.txt HTTP/1.1" 404 284 "-" "Mozilla/5.0 (Linux; Android 5.0) AppleWebKit/537.36 (KHTML, like Gecko) Mobile Safari/537.36 (compatible; Bytespider; spider-feedback@bytedance.com)"
178.165.176.165 - - [18/Oct/2024:11:45:12 +0200] "GET /entry.php?id=10271&&ser=244651 HTTP/1.1" 200 987 "http://hausegger.activities.at/entry.php?id=10271&&ser=244591" "Mozilla/5.0 (Windows NT 10.0; Win64; x64; rv:131.0) Gecko/20100101 Firefox/131.0"
178.165.176.165 - - [18/Oct/2024:11:45:12 +0200] "GET /gui/javascript/form_form.js?1729244712 HTTP/1.1" 200 16206 "http://hausegger.activities.at/entry.php?id=10271&&ser=244651" "Mozilla/5.0 (Windows NT 10.0; Win64; x64; rv:131.0) Gecko/20100101 Firefox/131.0"
156.59.198.136 - - [18/Oct/2024:11:45:26 +0200] "GET /renault.activities.at/htdocs/export/xml/data/orders/202008251203_RenOrder.xml HTTP/1.0" 404 328 "-" "Mozilla/5.0 (Linux; Android 5.0) AppleWebKit/537.36 (KHTML, like Gecko) Mobile Safari/537.36 (compatible; Bytespider; spider-feedback@bytedance.com)"
47.128.99.53 - - [18/Oct/2024:11:45:48 +0200] "GET /robots.txt HTTP/1.1" 404 284 "-" "Mozilla/5.0 (Linux; Android 5.0) AppleWebKit/537.36 (KHTML, like Gecko) Mobile Safari/537.36 (compatible; Bytespider; spider-feedback@bytedance.com)"
178.165.176.165 - - [18/Oct/2024:11:46:12 +0200] "GET /entry.php?id=10271&&ser=244712 HTTP/1.1" 200 987 "http://hausegger.activities.at/entry.php?id=10271&&ser=244651" "Mozilla/5.0 (Windows NT 10.0; Win64; x64; rv:131.0) Gecko/20100101 Firefox/131.0"
178.165.176.165 - - [18/Oct/2024:11:46:12 +0200] "GET /gui/javascript/form_form.js?1729244772 HTTP/1.1" 200 16206 "http://hausegger.activities.at/entry.php?id=10271&&ser=244712" "Mozilla/5.0 (Windows NT 10.0; Win64; x64; rv:131.0) Gecko/20100101 Firefox/131.0"
156.59.198.136 - - [18/Oct/2024:11:47:11 +0200] "GET /renault.activities.at/htdocs/export/pdf/emuc_document/11549217.pdf HTTP/1.0" 404 322 "-" "Mozilla/5.0 (Linux; Android 5.0) AppleWebKit/537.36 (KHTML, like Gecko) Mobile Safari/537.36 (compatible; Bytespider; spider-feedback@bytedance.com)"
178.165.176.165 - - [18/Oct/2024:11:47:12 +0200] "GET /entry.php?id=10271&&ser=244772 HTTP/1.1" 200 987 "http://hausegger.activities.at/entry.php?id=10271&&ser=244712" "Mozilla/5.0 (Windows NT 10.0; Win64; x64; rv:131.0) Gecko/20100101 Firefox/131.0"
178.165.176.165 - - [18/Oct/2024:11:47:12 +0200] "GET /gui/javascript/form_form.js?1729244832 HTTP/1.1" 200 16206 "http://hausegger.activities.at/entry.php?id=10271&&ser=244772" "Mozilla/5.0 (Windows NT 10.0; Win64; x64; rv:131.0) Gecko/20100101 Firefox/131.0"
156.59.198.135 - - [18/Oct/2024:11:47:33 +0200] "GET /renault.activities.at/htdocs/export/pdf/emuc_document/11072166.pdf HTTP/1.0" 404 322 "-" "Mozilla/5.0 (Linux; Android 5.0) AppleWebKit/537.36 (KHTML, like Gecko) Mobile Safari/537.36 (compatible; Bytespider; spider-feedback@bytedance.com)"
156.59.198.136 - - [18/Oct/2024:11:47:54 +0200] "GET /ed-test.activities.at/stats/lib/blacklist.txt HTTP/1.0" 404 307 "-" "Mozilla/5.0 (Linux; Android 5.0) AppleWebKit/537.36 (KHTML, like Gecko) Mobile Safari/537.36 (compatible; Bytespider; spider-feedback@bytedance.com)"
178.165.176.165 - - [18/Oct/2024:11:48:12 +0200] "GET /entry.php?id=10271&&ser=244832 HTTP/1.1" 200 987 "http://hausegger.activities.at/entry.php?id=10271&&ser=244772" "Mozilla/5.0 (Windows NT 10.0; Win64; x64; rv:131.0) Gecko/20100101 Firefox/131.0"
178.165.176.165 - - [18/Oct/2024:11:48:12 +0200] "GET /gui/javascript/form_form.js?1729244892 HTTP/1.1" 200 16206 "http://hausegger.activities.at/entry.php?id=10271&&ser=244832" "Mozilla/5.0 (Windows NT 10.0; Win64; x64; rv:131.0) Gecko/20100101 Firefox/131.0"
156.59.198.136 - - [18/Oct/2024:11:48:15 +0200] "GET /renault.activities.at/htdocs/export/xml/data/orders/202105111003_RenOrder.xml HTTP/1.0" 404 328 "-" "Mozilla/5.0 (Linux; Android 5.0) AppleWebKit/537.36 (KHTML, like Gecko) Mobile Safari/537.36 (compatible; Bytespider; spider-feedback@bytedance.com)"
156.59.198.136 - - [18/Oct/2024:11:48:36 +0200] "GET /renault.activities.at/htdocs/export/pdf/emuc_document/11985294.pdf HTTP/1.0" 404 322 "-" "Mozilla/5.0 (Linux; Android 5.0) AppleWebKit/537.36 (KHTML, like Gecko) Mobile Safari/537.36 (compatible; Bytespider; spider-feedback@bytedance.com)"
156.59.198.136 - - [18/Oct/2024:11:48:57 +0200] "GET /renault.activities.at/htdocs/export/xml/data/orders/202010131503_RenOrder.xml HTTP/1.0" 404 328 "-" "Mozilla/5.0 (Linux; Android 5.0) AppleWebKit/537.36 (KHTML, like Gecko) Mobile Safari/537.36 (compatible; Bytespider; spider-feedback@bytedance.com)"
178.165.176.165 - - [18/Oct/2024:11:49:13 +0200] "GET /entry.php?id=10271&&ser=244892 HTTP/1.1" 200 987 "http://hausegger.activities.at/entry.php?id=10271&&ser=244832" "Mozilla/5.0 (Windows NT 10.0; Win64; x64; rv:131.0) Gecko/20100101 Firefox/131.0"
178.165.176.165 - - [18/Oct/2024:11:49:13 +0200] "GET /gui/javascript/form_form.js?1729244953 HTTP/1.1" 200 16206 "http://hausegger.activities.at/entry.php?id=10271&&ser=244892" "Mozilla/5.0 (Windows NT 10.0; Win64; x64; rv:131.0) Gecko/20100101 Firefox/131.0"
156.59.198.135 - - [18/Oct/2024:11:49:18 +0200] "GET /renault.activities.at/htdocs/export/pdf/emuc_document/10770092.pdf HTTP/1.0" 404 322 "-" "Mozilla/5.0 (Linux; Android 5.0) AppleWebKit/537.36 (KHTML, like Gecko) Mobile Safari/537.36 (compatible; Bytespider; spider-feedback@bytedance.com)"
156.59.198.135 - - [18/Oct/2024:11:49:40 +0200] "GET /renault.activities.at/htdocs/export/xml/data/articles/202104071303_RenArticle.xml HTTP/1.0" 404 332 "-" "Mozilla/5.0 (Linux; Android 5.0) AppleWebKit/537.36 (KHTML, like Gecko) Mobile Safari/537.36 (compatible; Bytespider; spider-feedback@bytedance.com)"
156.59.198.135 - - [18/Oct/2024:11:50:00 +0200] "GET /renault.activities.at/htdocs/log/cron/system_mail_3115332.txt HTTP/1.0" 404 321 "-" "Mozilla/5.0 (Linux; Android 5.0) AppleWebKit/537.36 (KHTML, like Gecko) Mobile Safari/537.36 (compatible; Bytespider; spider-feedback@bytedance.com)"
178.165.176.165 - - [18/Oct/2024:11:50:13 +0200] "GET /entry.php?id=10271&&ser=244953 HTTP/1.1" 200 987 "http://hausegger.activities.at/entry.php?id=10271&&ser=244892" "Mozilla/5.0 (Windows NT 10.0; Win64; x64; rv:131.0) Gecko/20100101 Firefox/131.0"
178.165.176.165 - - [18/Oct/2024:11:50:13 +0200] "GET /gui/javascript/form_form.js?1729245013 HTTP/1.1" 200 16206 "http://hausegger.activities.at/entry.php?id=10271&&ser=244953" "Mozilla/5.0 (Windows NT 10.0; Win64; x64; rv:131.0) Gecko/20100101 Firefox/131.0"
156.59.198.135 - - [18/Oct/2024:11:50:22 +0200] "GET /renault.activities.at/htdocs/export/txt/factura/FacturaExport20151103104248.txt HTTP/1.0" 404 327 "-" "Mozilla/5.0 (Linux; Android 5.0) AppleWebKit/537.36 (KHTML, like Gecko) Mobile Safari/537.36 (compatible; Bytespider; spider-feedback@bytedance.com)"
156.59.198.135 - - [18/Oct/2024:11:50:43 +0200] "GET /renault.activities.at/htdocs/export/pdf/emuc_document/12149472.pdf HTTP/1.0" 404 322 "-" "Mozilla/5.0 (Linux; Android 5.0) AppleWebKit/537.36 (KHTML, like Gecko) Mobile Safari/537.36 (compatible; Bytespider; spider-feedback@bytedance.com)"
156.59.198.136 - - [18/Oct/2024:11:51:04 +0200] "GET /renault.activities.at/htdocs/log/cron/reminder_mailing_3114893.txt HTTP/1.0" 404 323 "-" "Mozilla/5.0 (Linux; Android 5.0) AppleWebKit/537.36 (KHTML, like Gecko) Mobile Safari/537.36 (compatible; Bytespider; spider-feedback@bytedance.com)"
178.165.176.165 - - [18/Oct/2024:11:51:13 +0200] "GET /entry.php?id=10271&&ser=245013 HTTP/1.1" 200 987 "http://hausegger.activities.at/entry.php?id=10271&&ser=244953" "Mozilla/5.0 (Windows NT 10.0; Win64; x64; rv:131.0) Gecko/20100101 Firefox/131.0"
178.165.176.165 - - [18/Oct/2024:11:51:13 +0200] "GET /gui/javascript/form_form.js?1729245073 HTTP/1.1" 200 16206 "http://hausegger.activities.at/entry.php?id=10271&&ser=245013" "Mozilla/5.0 (Windows NT 10.0; Win64; x64; rv:131.0) Gecko/20100101 Firefox/131.0"
156.59.198.135 - - [18/Oct/2024:11:51:25 +0200] "GET /renault.activities.at/htdocs/export/pdf/emuc_document/10482195.pdf HTTP/1.0" 404 321 "-" "Mozilla/5.0 (Linux; Android 5.0) AppleWebKit/537.36 (KHTML, like Gecko) Mobile Safari/537.36 (compatible; Bytespider; spider-feedback@bytedance.com)"
156.59.198.135 - - [18/Oct/2024:11:51:46 +0200] "GET /renault.activities.at/htdocs/export/xml/data/orders/201910111803_RenOrder.xml HTTP/1.0" 404 328 "-" "Mozilla/5.0 (Linux; Android 5.0) AppleWebKit/537.36 (KHTML, like Gecko) Mobile Safari/537.36 (compatible; Bytespider; spider-feedback@bytedance.com)"
156.59.198.136 - - [18/Oct/2024:11:52:07 +0200] "GET /renault.activities.at/htdocs/export/pdf/emuc_document/11850934.pdf HTTP/1.0" 404 322 "-" "Mozilla/5.0 (Linux; Android 5.0) AppleWebKit/537.36 (KHTML, like Gecko) Mobile Safari/537.36 (compatible; Bytespider; spider-feedback@bytedance.com)"
178.165.176.165 - - [18/Oct/2024:11:52:14 +0200] "GET /entry.php?id=10271&&ser=245073 HTTP/1.1" 200 987 "http://hausegger.activities.at/entry.php?id=10271&&ser=245013" "Mozilla/5.0 (Windows NT 10.0; Win64; x64; rv:131.0) Gecko/20100101 Firefox/131.0"
178.165.176.165 - - [18/Oct/2024:11:52:14 +0200] "GET /gui/javascript/form_form.js?1729245134 HTTP/1.1" 200 16206 "http://hausegger.activities.at/entry.php?id=10271&&ser=245073" "Mozilla/5.0 (Windows NT 10.0; Win64; x64; rv:131.0) Gecko/20100101 Firefox/131.0"
156.59.198.135 - - [18/Oct/2024:11:52:28 +0200] "GET /renault.activities.at/htdocs/export/xml/data/orders/202104131803_RenOrder.xml HTTP/1.0" 404 328 "-" "Mozilla/5.0 (Linux; Android 5.0) AppleWebKit/537.36 (KHTML, like Gecko) Mobile Safari/537.36 (compatible; Bytespider; spider-feedback@bytedance.com)"
178.165.176.165 - - [18/Oct/2024:11:53:14 +0200] "GET /entry.php?id=10271&&ser=245134 HTTP/1.1" 200 986 "http://hausegger.activities.at/entry.php?id=10271&&ser=245073" "Mozilla/5.0 (Windows NT 10.0; Win64; x64; rv:131.0) Gecko/20100101 Firefox/131.0"
178.165.176.165 - - [18/Oct/2024:11:53:14 +0200] "GET /gui/javascript/form_form.js?1729245194 HTTP/1.1" 200 16206 "http://hausegger.activities.at/entry.php?id=10271&&ser=245134" "Mozilla/5.0 (Windows NT 10.0; Win64; x64; rv:131.0) Gecko/20100101 Firefox/131.0"
178.165.176.165 - - [18/Oct/2024:11:54:14 +0200] "GET /entry.php?id=10271&&ser=245194 HTTP/1.1" 200 987 "http://hausegger.activities.at/entry.php?id=10271&&ser=245134" "Mozilla/5.0 (Windows NT 10.0; Win64; x64; rv:131.0) Gecko/20100101 Firefox/131.0"
178.165.176.165 - - [18/Oct/2024:11:54:14 +0200] "GET /gui/javascript/form_form.js?1729245254 HTTP/1.1" 200 16206 "http://hausegger.activities.at/entry.php?id=10271&&ser=245194" "Mozilla/5.0 (Windows NT 10.0; Win64; x64; rv:131.0) Gecko/20100101 Firefox/131.0"
178.165.176.165 - - [18/Oct/2024:11:55:14 +0200] "GET /entry.php?id=10271&&ser=245254 HTTP/1.1" 200 988 "http://hausegger.activities.at/entry.php?id=10271&&ser=245194" "Mozilla/5.0 (Windows NT 10.0; Win64; x64; rv:131.0) Gecko/20100101 Firefox/131.0"
178.165.176.165 - - [18/Oct/2024:11:55:15 +0200] "GET /gui/javascript/form_form.js?1729245315 HTTP/1.1" 200 16206 "http://hausegger.activities.at/entry.php?id=10271&&ser=245254" "Mozilla/5.0 (Windows NT 10.0; Win64; x64; rv:131.0) Gecko/20100101 Firefox/131.0"
178.165.176.165 - - [18/Oct/2024:11:56:15 +0200] "GET /entry.php?id=10271&&ser=245314 HTTP/1.1" 200 986 "http://hausegger.activities.at/entry.php?id=10271&&ser=245254" "Mozilla/5.0 (Windows NT 10.0; Win64; x64; rv:131.0) Gecko/20100101 Firefox/131.0"
178.165.176.165 - - [18/Oct/2024:11:56:15 +0200] "GET /gui/javascript/form_form.js?1729245375 HTTP/1.1" 200 16206 "http://hausegger.activities.at/entry.php?id=10271&&ser=245314" "Mozilla/5.0 (Windows NT 10.0; Win64; x64; rv:131.0) Gecko/20100101 Firefox/131.0"
156.59.198.136 - - [18/Oct/2024:11:56:58 +0200] "GET /renault.activities.at/htdocs/export/pdf/emuc_document/11671738.pdf HTTP/1.0" 404 322 "-" "Mozilla/5.0 (Linux; Android 5.0) AppleWebKit/537.36 (KHTML, like Gecko) Mobile Safari/537.36 (compatible; Bytespider; spider-feedback@bytedance.com)"
178.165.176.165 - - [18/Oct/2024:11:57:15 +0200] "GET /entry.php?id=10271&&ser=245375 HTTP/1.1" 200 987 "http://hausegger.activities.at/entry.php?id=10271&&ser=245314" "Mozilla/5.0 (Windows NT 10.0; Win64; x64; rv:131.0) Gecko/20100101 Firefox/131.0"
178.165.176.165 - - [18/Oct/2024:11:57:15 +0200] "GET /gui/javascript/form_form.js?1729245435 HTTP/1.1" 200 16206 "http://hausegger.activities.at/entry.php?id=10271&&ser=245375" "Mozilla/5.0 (Windows NT 10.0; Win64; x64; rv:131.0) Gecko/20100101 Firefox/131.0"
156.59.198.136 - - [18/Oct/2024:11:57:19 +0200] "GET /renault.activities.at/htdocs/export/xml/data/orders/202102181403_RenOrder.xml HTTP/1.0" 404 328 "-" "Mozilla/5.0 (Linux; Android 5.0) AppleWebKit/537.36 (KHTML, like Gecko) Mobile Safari/537.36 (compatible; Bytespider; spider-feedback@bytedance.com)"
156.59.198.136 - - [18/Oct/2024:11:57:41 +0200] "GET /renault.activities.at/htdocs/export/xml/data/orders/202105281103_RenOrder.xml HTTP/1.0" 404 328 "-" "Mozilla/5.0 (Linux; Android 5.0) AppleWebKit/537.36 (KHTML, like Gecko) Mobile Safari/537.36 (compatible; Bytespider; spider-feedback@bytedance.com)"
156.59.198.136 - - [18/Oct/2024:11:58:02 +0200] "GET /renault.activities.at/htdocs/log/cron/system_mail_3115002.txt HTTP/1.0" 404 320 "-" "Mozilla/5.0 (Linux; Android 5.0) AppleWebKit/537.36 (KHTML, like Gecko) Mobile Safari/537.36 (compatible; Bytespider; spider-feedback@bytedance.com)"
178.165.176.165 - - [18/Oct/2024:11:58:15 +0200] "GET /entry.php?id=10271&&ser=245435 HTTP/1.1" 200 987 "http://hausegger.activities.at/entry.php?id=10271&&ser=245375" "Mozilla/5.0 (Windows NT 10.0; Win64; x64; rv:131.0) Gecko/20100101 Firefox/131.0"
178.165.176.165 - - [18/Oct/2024:11:58:15 +0200] "GET /gui/javascript/form_form.js?1729245495 HTTP/1.1" 200 16206 "http://hausegger.activities.at/entry.php?id=10271&&ser=245435" "Mozilla/5.0 (Windows NT 10.0; Win64; x64; rv:131.0) Gecko/20100101 Firefox/131.0"
156.59.198.135 - - [18/Oct/2024:11:58:23 +0200] "GET /renault.activities.at/htdocs/export/pdf/emuc_document/11348316.pdf HTTP/1.0" 404 322 "-" "Mozilla/5.0 (Linux; Android 5.0) AppleWebKit/537.36 (KHTML, like Gecko) Mobile Safari/537.36 (compatible; Bytespider; spider-feedback@bytedance.com)"
156.59.198.136 - - [18/Oct/2024:11:58:44 +0200] "GET /renault.activities.at/htdocs/export/pdf/emuc_document/12023013.pdf HTTP/1.0" 404 322 "-" "Mozilla/5.0 (Linux; Android 5.0) AppleWebKit/537.36 (KHTML, like Gecko) Mobile Safari/537.36 (compatible; Bytespider; spider-feedback@bytedance.com)"
212.47.70.69 - - [18/Oct/2024:11:58:51 +0200] "GET /.env HTTP/1.1" 404 280 "-" "python-requests/2.28.1"
212.47.70.69 - - [18/Oct/2024:11:58:51 +0200] "\x16\x03\x01\x02" 400 383 "-" "-"
156.59.198.136 - - [18/Oct/2024:11:59:05 +0200] "GET /renault.activities.at/htdocs/log/cron/system_mail_3115237.txt HTTP/1.0" 404 321 "-" "Mozilla/5.0 (Linux; Android 5.0) AppleWebKit/537.36 (KHTML, like Gecko) Mobile Safari/537.36 (compatible; Bytespider; spider-feedback@bytedance.com)"
178.165.176.165 - - [18/Oct/2024:11:59:16 +0200] "GET /entry.php?id=10271&&ser=245495 HTTP/1.1" 200 987 "http://hausegger.activities.at/entry.php?id=10271&&ser=245435" "Mozilla/5.0 (Windows NT 10.0; Win64; x64; rv:131.0) Gecko/20100101 Firefox/131.0"
