178.165.176.165 - - [21/Oct/2024:11:48:23 +0200] "GET /gui/javascript/form_form.js?1729504103 HTTP/1.1" 200 16206 "http://hausegger.activities.at/entry.php?id=10830&&object=10343438&account=&mode=documentkreditor" "Mozilla/5.0 (Windows NT 10.0; Win64; x64; rv:131.0) Gecko/20100101 Firefox/131.0"
156.59.198.136 - - [21/Oct/2024:11:48:26 +0200] "GET /renault.activities.at/htdocs/export/pdf/emuc_document/10936660.pdf HTTP/1.0" 404 322 "-" "Mozilla/5.0 (Linux; Android 5.0) AppleWebKit/537.36 (KHTML, like Gecko) Mobile Safari/537.36 (compatible; Bytespider; spider-feedback@bytedance.com)"
156.59.198.135 - - [21/Oct/2024:11:48:48 +0200] "GET /renault.activities.at/htdocs/export/pdf/emuc_document/10625563.pdf HTTP/1.0" 404 322 "-" "Mozilla/5.0 (Linux; Android 5.0) AppleWebKit/537.36 (KHTML, like Gecko) Mobile Safari/537.36 (compatible; Bytespider; spider-feedback@bytedance.com)"
178.165.176.165 - - [21/Oct/2024:11:49:05 +0200] "GET /entry.php?id=10271&&ser=504085 HTTP/1.1" 200 987 "http://hausegger.activities.at/entry.php?id=10271&&ser=504025" "Mozilla/5.0 (Windows NT 10.0; Win64; x64; rv:131.0) Gecko/20100101 Firefox/131.0"
178.165.176.165 - - [21/Oct/2024:11:49:05 +0200] "GET /gui/javascript/form_form.js?1729504145 HTTP/1.1" 200 16206 "http://hausegger.activities.at/entry.php?id=10271&&ser=504085" "Mozilla/5.0 (Windows NT 10.0; Win64; x64; rv:131.0) Gecko/20100101 Firefox/131.0"
156.59.198.136 - - [21/Oct/2024:11:49:09 +0200] "GET /renault.activities.at/htdocs/log/cron/reminder_mailing_3115441.txt HTTP/1.0" 404 323 "-" "Mozilla/5.0 (Linux; Android 5.0) AppleWebKit/537.36 (KHTML, like Gecko) Mobile Safari/537.36 (compatible; Bytespider; spider-feedback@bytedance.com)"
156.59.198.136 - - [21/Oct/2024:11:49:30 +0200] "GET /renault.activities.at/htdocs/export/xml/data/articles/202109071503_RenArticle.xml HTTP/1.0" 404 332 "-" "Mozilla/5.0 (Linux; Android 5.0) AppleWebKit/537.36 (KHTML, like Gecko) Mobile Safari/537.36 (compatible; Bytespider; spider-feedback@bytedance.com)"
156.59.198.135 - - [21/Oct/2024:11:49:51 +0200] "GET /renault.activities.at/htdocs/log/cron/shipp_Export_Data_3115817.txt HTTP/1.0" 404 325 "-" "Mozilla/5.0 (Linux; Android 5.0) AppleWebKit/537.36 (KHTML, like Gecko) Mobile Safari/537.36 (compatible; Bytespider; spider-feedback@bytedance.com)"
178.165.176.165 - - [21/Oct/2024:11:50:05 +0200] "GET /entry.php?id=10271&&ser=504145 HTTP/1.1" 200 987 "http://hausegger.activities.at/entry.php?id=10271&&ser=504085" "Mozilla/5.0 (Windows NT 10.0; Win64; x64; rv:131.0) Gecko/20100101 Firefox/131.0"
178.165.176.165 - - [21/Oct/2024:11:50:06 +0200] "GET /gui/javascript/form_form.js?1729504205 HTTP/1.1" 200 16206 "http://hausegger.activities.at/entry.php?id=10271&&ser=504145" "Mozilla/5.0 (Windows NT 10.0; Win64; x64; rv:131.0) Gecko/20100101 Firefox/131.0"
156.59.198.136 - - [21/Oct/2024:11:50:12 +0200] "GET /renault.activities.at/htdocs/export/pdf/emuc_document/11213701.pdf HTTP/1.0" 404 322 "-" "Mozilla/5.0 (Linux; Android 5.0) AppleWebKit/537.36 (KHTML, like Gecko) Mobile Safari/537.36 (compatible; Bytespider; spider-feedback@bytedance.com)"
156.59.198.136 - - [21/Oct/2024:11:50:33 +0200] "GET /renault.activities.at/htdocs/export/xml/data/orders/202110291503_RenOrder.xml HTTP/1.0" 404 328 "-" "Mozilla/5.0 (Linux; Android 5.0) AppleWebKit/537.36 (KHTML, like Gecko) Mobile Safari/537.36 (compatible; Bytespider; spider-feedback@bytedance.com)"
156.59.198.136 - - [21/Oct/2024:11:50:55 +0200] "GET /renault.activities.at/htdocs/log/cron/reminder_mailing_3115737.txt HTTP/1.0" 404 323 "-" "Mozilla/5.0 (Linux; Android 5.0) AppleWebKit/537.36 (KHTML, like Gecko) Mobile Safari/537.36 (compatible; Bytespider; spider-feedback@bytedance.com)"
178.165.176.165 - - [21/Oct/2024:11:51:06 +0200] "GET /entry.php?id=10271&&ser=504205 HTTP/1.1" 200 987 "http://hausegger.activities.at/entry.php?id=10271&&ser=504145" "Mozilla/5.0 (Windows NT 10.0; Win64; x64; rv:131.0) Gecko/20100101 Firefox/131.0"
178.165.176.165 - - [21/Oct/2024:11:51:06 +0200] "GET /gui/javascript/form_form.js?1729504266 HTTP/1.1" 200 16206 "http://hausegger.activities.at/entry.php?id=10271&&ser=504205" "Mozilla/5.0 (Windows NT 10.0; Win64; x64; rv:131.0) Gecko/20100101 Firefox/131.0"
156.59.198.136 - - [21/Oct/2024:11:51:16 +0200] "GET /renault.activities.at/htdocs/export/xml/data/orders/202103030903_RenOrder.xml HTTP/1.0" 404 327 "-" "Mozilla/5.0 (Linux; Android 5.0) AppleWebKit/537.36 (KHTML, like Gecko) Mobile Safari/537.36 (compatible; Bytespider; spider-feedback@bytedance.com)"
156.59.198.135 - - [21/Oct/2024:11:51:37 +0200] "GET /renault.activities.at/htdocs/log/cron/reminder_mailing_3115262.txt HTTP/1.0" 404 323 "-" "Mozilla/5.0 (Linux; Android 5.0) AppleWebKit/537.36 (KHTML, like Gecko) Mobile Safari/537.36 (compatible; Bytespider; spider-feedback@bytedance.com)"
156.59.198.135 - - [21/Oct/2024:11:51:58 +0200] "GET /renault.activities.at/htdocs/export/xml/data/articles/202104071103_RenArticle.xml HTTP/1.0" 404 331 "-" "Mozilla/5.0 (Linux; Android 5.0) AppleWebKit/537.36 (KHTML, like Gecko) Mobile Safari/537.36 (compatible; Bytespider; spider-feedback@bytedance.com)"
178.165.176.165 - - [21/Oct/2024:11:52:06 +0200] "GET /entry.php?id=10271&&ser=504266 HTTP/1.1" 200 987 "http://hausegger.activities.at/entry.php?id=10271&&ser=504205" "Mozilla/5.0 (Windows NT 10.0; Win64; x64; rv:131.0) Gecko/20100101 Firefox/131.0"
178.165.176.165 - - [21/Oct/2024:11:52:06 +0200] "GET /gui/javascript/form_form.js?1729504326 HTTP/1.1" 200 16206 "http://hausegger.activities.at/entry.php?id=10271&&ser=504266" "Mozilla/5.0 (Windows NT 10.0; Win64; x64; rv:131.0) Gecko/20100101 Firefox/131.0"
156.59.198.136 - - [21/Oct/2024:11:52:19 +0200] "GET /renault.activities.at/htdocs/export/xml/data/articles/202101041103_RenArticle.xml HTTP/1.0" 404 330 "-" "Mozilla/5.0 (Linux; Android 5.0) AppleWebKit/537.36 (KHTML, like Gecko) Mobile Safari/537.36 (compatible; Bytespider; spider-feedback@bytedance.com)"
156.59.198.136 - - [21/Oct/2024:11:52:40 +0200] "GET /renault.activities.at/htdocs/log/cron/importLogisticData_3116292.txt HTTP/1.0" 404 324 "-" "Mozilla/5.0 (Linux; Android 5.0) AppleWebKit/537.36 (KHTML, like Gecko) Mobile Safari/537.36 (compatible; Bytespider; spider-feedback@bytedance.com)"
156.59.198.136 - - [21/Oct/2024:11:53:01 +0200] "GET /renault.activities.at/htdocs/log/cron/check_inventory_days_3116462.txt HTTP/1.0" 404 326 "-" "Mozilla/5.0 (Linux; Android 5.0) AppleWebKit/537.36 (KHTML, like Gecko) Mobile Safari/537.36 (compatible; Bytespider; spider-feedback@bytedance.com)"
178.165.176.165 - - [21/Oct/2024:11:53:06 +0200] "GET /entry.php?id=10271&&ser=504326 HTTP/1.1" 200 987 "http://hausegger.activities.at/entry.php?id=10271&&ser=504266" "Mozilla/5.0 (Windows NT 10.0; Win64; x64; rv:131.0) Gecko/20100101 Firefox/131.0"
178.165.176.165 - - [21/Oct/2024:11:53:06 +0200] "GET /gui/javascript/form_form.js?1729504386 HTTP/1.1" 200 16206 "http://hausegger.activities.at/entry.php?id=10271&&ser=504326" "Mozilla/5.0 (Windows NT 10.0; Win64; x64; rv:131.0) Gecko/20100101 Firefox/131.0"
156.59.198.136 - - [21/Oct/2024:11:53:22 +0200] "GET /renault.activities.at/htdocs/export/txt/factura/FacturaExport20180503140106.txt HTTP/1.0" 404 328 "-" "Mozilla/5.0 (Linux; Android 5.0) AppleWebKit/537.36 (KHTML, like Gecko) Mobile Safari/537.36 (compatible; Bytespider; spider-feedback@bytedance.com)"
156.59.198.135 - - [21/Oct/2024:11:53:44 +0200] "GET /renault.activities.at/htdocs/export/pdf/emuc_document/12304992.pdf HTTP/1.0" 404 322 "-" "Mozilla/5.0 (Linux; Android 5.0) AppleWebKit/537.36 (KHTML, like Gecko) Mobile Safari/537.36 (compatible; Bytespider; spider-feedback@bytedance.com)"
156.59.198.136 - - [21/Oct/2024:11:54:05 +0200] "GET /renault.activities.at/htdocs/log/cron/pickupLogisticData_3114928.txt HTTP/1.0" 404 325 "-" "Mozilla/5.0 (Linux; Android 5.0) AppleWebKit/537.36 (KHTML, like Gecko) Mobile Safari/537.36 (compatible; Bytespider; spider-feedback@bytedance.com)"
178.165.176.165 - - [21/Oct/2024:11:54:07 +0200] "GET /entry.php?id=10271&&ser=504386 HTTP/1.1" 200 986 "http://hausegger.activities.at/entry.php?id=10271&&ser=504326" "Mozilla/5.0 (Windows NT 10.0; Win64; x64; rv:131.0) Gecko/20100101 Firefox/131.0"
178.165.176.165 - - [21/Oct/2024:11:54:07 +0200] "GET /gui/javascript/form_form.js?1729504447 HTTP/1.1" 200 16206 "http://hausegger.activities.at/entry.php?id=10271&&ser=504386" "Mozilla/5.0 (Windows NT 10.0; Win64; x64; rv:131.0) Gecko/20100101 Firefox/131.0"
156.59.198.135 - - [21/Oct/2024:11:54:26 +0200] "GET /renault.activities.at/htdocs/log/cron/shipp_Export_Data_3115643.txt HTTP/1.0" 404 325 "-" "Mozilla/5.0 (Linux; Android 5.0) AppleWebKit/537.36 (KHTML, like Gecko) Mobile Safari/537.36 (compatible; Bytespider; spider-feedback@bytedance.com)"
156.59.198.136 - - [21/Oct/2024:11:54:47 +0200] "GET /renault.activities.at/htdocs/export/pdf/emuc_document/10668187.pdf HTTP/1.0" 404 322 "-" "Mozilla/5.0 (Linux; Android 5.0) AppleWebKit/537.36 (KHTML, like Gecko) Mobile Safari/537.36 (compatible; Bytespider; spider-feedback@bytedance.com)"
178.165.176.165 - - [21/Oct/2024:11:55:07 +0200] "GET /entry.php?id=10271&&ser=504447 HTTP/1.1" 200 987 "http://hausegger.activities.at/entry.php?id=10271&&ser=504386" "Mozilla/5.0 (Windows NT 10.0; Win64; x64; rv:131.0) Gecko/20100101 Firefox/131.0"
178.165.176.165 - - [21/Oct/2024:11:55:07 +0200] "GET /gui/javascript/form_form.js?1729504507 HTTP/1.1" 200 16206 "http://hausegger.activities.at/entry.php?id=10271&&ser=504447" "Mozilla/5.0 (Windows NT 10.0; Win64; x64; rv:131.0) Gecko/20100101 Firefox/131.0"
156.59.198.136 - - [21/Oct/2024:11:55:09 +0200] "GET /renault.activities.at/htdocs/log/cron/system_mail_3115060.txt HTTP/1.0" 404 321 "-" "Mozilla/5.0 (Linux; Android 5.0) AppleWebKit/537.36 (KHTML, like Gecko) Mobile Safari/537.36 (compatible; Bytespider; spider-feedback@bytedance.com)"
156.59.198.135 - - [21/Oct/2024:11:55:30 +0200] "GET /renault.activities.at/htdocs/export/xml/data/orders/202104061503_RenOrder.xml HTTP/1.0" 404 329 "-" "Mozilla/5.0 (Linux; Android 5.0) AppleWebKit/537.36 (KHTML, like Gecko) Mobile Safari/537.36 (compatible; Bytespider; spider-feedback@bytedance.com)"
178.165.176.165 - - [21/Oct/2024:11:55:42 +0200] "GET /entry.php?id=10828 HTTP/1.1" 200 9142 "http://hausegger.activities.at/entry.php?id=10270&__app__=10006038" "Mozilla/5.0 (Windows NT 10.0; Win64; x64; rv:131.0) Gecko/20100101 Firefox/131.0"
178.165.176.165 - - [21/Oct/2024:11:55:42 +0200] "GET /gui/javascript/form_form.js?1729504542 HTTP/1.1" 200 16206 "http://hausegger.activities.at/entry.php?id=10828" "Mozilla/5.0 (Windows NT 10.0; Win64; x64; rv:131.0) Gecko/20100101 Firefox/131.0"
178.165.176.165 - - [21/Oct/2024:11:55:42 +0200] "GET /entry.php?id=10889&document_id=& HTTP/1.1" 200 1509 "http://hausegger.activities.at/entry.php?id=10828" "Mozilla/5.0 (Windows NT 10.0; Win64; x64; rv:131.0) Gecko/20100101 Firefox/131.0"
178.165.176.165 - - [21/Oct/2024:11:55:44 +0200] "GET /entry.php?id=11237&type=10665 HTTP/1.1" 200 276 "http://hausegger.activities.at/entry.php?id=10828" "Mozilla/5.0 (Windows NT 10.0; Win64; x64; rv:131.0) Gecko/20100101 Firefox/131.0"
178.165.176.165 - - [21/Oct/2024:11:55:44 +0200] "GET /entry.php?id=11239&mode=document&form=10665& HTTP/1.1" 200 2018 "http://hausegger.activities.at/entry.php?id=11237&type=10665" "Mozilla/5.0 (Windows NT 10.0; Win64; x64; rv:131.0) Gecko/20100101 Firefox/131.0"
178.165.176.165 - - [21/Oct/2024:11:55:44 +0200] "GET /gui/javascript/form_bu_document_workflow.js?1729504544 HTTP/1.1" 200 4900 "http://hausegger.activities.at/entry.php?id=11239&mode=document&form=10665&" "Mozilla/5.0 (Windows NT 10.0; Win64; x64; rv:131.0) Gecko/20100101 Firefox/131.0"
178.165.176.165 - - [21/Oct/2024:11:55:44 +0200] "GET /gui/javascript/form_form.js?1729504544 HTTP/1.1" 200 16206 "http://hausegger.activities.at/entry.php?id=11239&mode=document&form=10665&" "Mozilla/5.0 (Windows NT 10.0; Win64; x64; rv:131.0) Gecko/20100101 Firefox/131.0"
178.165.176.165 - - [21/Oct/2024:11:55:44 +0200] "GET /entry.php?id=11238&mode=document&form=10665& HTTP/1.1" 200 3304 "http://hausegger.activities.at/entry.php?id=11237&type=10665" "Mozilla/5.0 (Windows NT 10.0; Win64; x64; rv:131.0) Gecko/20100101 Firefox/131.0"
178.165.176.165 - - [21/Oct/2024:11:55:44 +0200] "GET /gui/images/icons/kalender.gif HTTP/1.1" 200 564 "http://hausegger.activities.at/entry.php?id=11238&mode=document&form=10665&" "Mozilla/5.0 (Windows NT 10.0; Win64; x64; rv:131.0) Gecko/20100101 Firefox/131.0"
178.165.176.165 - - [21/Oct/2024:11:55:44 +0200] "GET /entry.php?id=10676&&title=Belegsuche HTTP/1.1" 200 1392 "http://hausegger.activities.at/entry.php?id=11237&type=10665" "Mozilla/5.0 (Windows NT 10.0; Win64; x64; rv:131.0) Gecko/20100101 Firefox/131.0"
178.165.176.165 - - [21/Oct/2024:11:55:44 +0200] "GET /entry.php?id=11240&mode=document&form=10665& HTTP/1.1" 200 2667 "http://hausegger.activities.at/entry.php?id=11237&type=10665" "Mozilla/5.0 (Windows NT 10.0; Win64; x64; rv:131.0) Gecko/20100101 Firefox/131.0"
178.165.176.165 - - [21/Oct/2024:11:55:45 +0200] "GET /entry.php?id=10778&form=11066&name=list& HTTP/1.1" 200 2586 "http://hausegger.activities.at/entry.php?id=11240&mode=document&form=10665&" "Mozilla/5.0 (Windows NT 10.0; Win64; x64; rv:131.0) Gecko/20100101 Firefox/131.0"
178.165.176.165 - - [21/Oct/2024:11:55:45 +0200] "GET /entry.php?id=10776&form=11066&name=list& HTTP/1.1" 200 1513 "http://hausegger.activities.at/entry.php?id=11240&mode=document&form=10665&" "Mozilla/5.0 (Windows NT 10.0; Win64; x64; rv:131.0) Gecko/20100101 Firefox/131.0"
178.165.176.165 - - [21/Oct/2024:11:55:45 +0200] "GET /framework/icons/sortUp.gif HTTP/1.1" 200 53 "http://hausegger.activities.at/entry.php?id=10776&form=11066&name=list&" "Mozilla/5.0 (Windows NT 10.0; Win64; x64; rv:131.0) Gecko/20100101 Firefox/131.0"
178.165.176.165 - - [21/Oct/2024:11:55:45 +0200] "POST /entry.php?id=11240 HTTP/1.1" 200 2676 "http://hausegger.activities.at/entry.php?id=11240&mode=document&form=10665&" "Mozilla/5.0 (Windows NT 10.0; Win64; x64; rv:131.0) Gecko/20100101 Firefox/131.0"
178.165.176.165 - - [21/Oct/2024:11:55:46 +0200] "GET /gui/javascript/form_bu_document_workflow.js?1729504545 HTTP/1.1" 200 4900 "http://hausegger.activities.at/entry.php?id=11240" "Mozilla/5.0 (Windows NT 10.0; Win64; x64; rv:131.0) Gecko/20100101 Firefox/131.0"
178.165.176.165 - - [21/Oct/2024:11:55:46 +0200] "GET /gui/javascript/form_form.js?1729504546 HTTP/1.1" 200 16206 "http://hausegger.activities.at/entry.php?id=11240" "Mozilla/5.0 (Windows NT 10.0; Win64; x64; rv:131.0) Gecko/20100101 Firefox/131.0"
178.165.176.165 - - [21/Oct/2024:11:55:46 +0200] "GET /entry.php?id=10776&form=11066&name=list& HTTP/1.1" 200 1513 "http://hausegger.activities.at/entry.php?id=11240" "Mozilla/5.0 (Windows NT 10.0; Win64; x64; rv:131.0) Gecko/20100101 Firefox/131.0"
178.165.176.165 - - [21/Oct/2024:11:55:46 +0200] "GET /entry.php?id=10778&form=11066&name=list& HTTP/1.1" 200 2780 "http://hausegger.activities.at/entry.php?id=11240" "Mozilla/5.0 (Windows NT 10.0; Win64; x64; rv:131.0) Gecko/20100101 Firefox/131.0"
156.59.198.136 - - [21/Oct/2024:11:55:52 +0200] "GET /renault.activities.at/htdocs/log/cron/autologout_3116206.txt HTTP/1.0" 404 318 "-" "Mozilla/5.0 (Linux; Android 5.0) AppleWebKit/537.36 (KHTML, like Gecko) Mobile Safari/537.36 (compatible; Bytespider; spider-feedback@bytedance.com)"
178.165.176.165 - - [21/Oct/2024:11:56:07 +0200] "GET /entry.php?id=10271&&ser=504507 HTTP/1.1" 200 987 "http://hausegger.activities.at/entry.php?id=10271&&ser=504447" "Mozilla/5.0 (Windows NT 10.0; Win64; x64; rv:131.0) Gecko/20100101 Firefox/131.0"
178.165.176.165 - - [21/Oct/2024:11:56:07 +0200] "GET /gui/javascript/form_form.js?1729504567 HTTP/1.1" 200 16206 "http://hausegger.activities.at/entry.php?id=10271&&ser=504507" "Mozilla/5.0 (Windows NT 10.0; Win64; x64; rv:131.0) Gecko/20100101 Firefox/131.0"
156.59.198.135 - - [21/Oct/2024:11:56:13 +0200] "GET /renault.activities.at/htdocs/export/xml/data/orders/202111051203_RenOrder.xml HTTP/1.0" 404 328 "-" "Mozilla/5.0 (Linux; Android 5.0) AppleWebKit/537.36 (KHTML, like Gecko) Mobile Safari/537.36 (compatible; Bytespider; spider-feedback@bytedance.com)"
185.191.126.248 - - [21/Oct/2024:11:56:20 +0200] "GET / HTTP/1.1" 200 423 "-" "-"
185.191.126.248 - - [21/Oct/2024:11:56:20 +0200] "POST /HNAP1/ HTTP/1.1" 404 281 "-" "Mozilla/5.0 (Windows NT 10.0; Win64; x64) AppleWebKit/537.36 (KHTML, like Gecko) Chrome/42.0.2311.135 Safari/537.36 Edge/12.246"
156.59.198.136 - - [21/Oct/2024:11:56:34 +0200] "GET /renault.activities.at/htdocs/export/pdf/emuc_document/11054563.pdf HTTP/1.0" 404 322 "-" "Mozilla/5.0 (Linux; Android 5.0) AppleWebKit/537.36 (KHTML, like Gecko) Mobile Safari/537.36 (compatible; Bytespider; spider-feedback@bytedance.com)"
93.174.93.12 - - [21/Oct/2024:11:56:36 +0200] "GET / HTTP/1.0" 200 423 "-" "Mozilla/5.0 (X11; Linux x86_64; rv:38.0) Gecko/20100101 Firefox/38.0 Iceweasel/38.2.1"
156.59.198.136 - - [21/Oct/2024:11:56:55 +0200] "GET /renault.activities.at/htdocs/export/xml/data/articles/202006161203_RenArticle.xml HTTP/1.0" 404 331 "-" "Mozilla/5.0 (Linux; Android 5.0) AppleWebKit/537.36 (KHTML, like Gecko) Mobile Safari/537.36 (compatible; Bytespider; spider-feedback@bytedance.com)"
178.165.176.165 - - [21/Oct/2024:11:57:07 +0200] "GET /entry.php?id=10271&&ser=504567 HTTP/1.1" 200 987 "http://hausegger.activities.at/entry.php?id=10271&&ser=504507" "Mozilla/5.0 (Windows NT 10.0; Win64; x64; rv:131.0) Gecko/20100101 Firefox/131.0"
178.165.176.165 - - [21/Oct/2024:11:57:07 +0200] "GET /gui/javascript/form_form.js?1729504627 HTTP/1.1" 200 16206 "http://hausegger.activities.at/entry.php?id=10271&&ser=504567" "Mozilla/5.0 (Windows NT 10.0; Win64; x64; rv:131.0) Gecko/20100101 Firefox/131.0"
156.59.198.135 - - [21/Oct/2024:11:57:16 +0200] "GET /renault.activities.at/htdocs/export/pdf/emuc_document/11253931.pdf HTTP/1.0" 404 322 "-" "Mozilla/5.0 (Linux; Android 5.0) AppleWebKit/537.36 (KHTML, like Gecko) Mobile Safari/537.36 (compatible; Bytespider; spider-feedback@bytedance.com)"
156.59.198.136 - - [21/Oct/2024:11:57:38 +0200] "GET /default/cgi-bin/lang/awstats-ba.txt HTTP/1.0" 404 303 "-" "Mozilla/5.0 (Linux; Android 5.0) AppleWebKit/537.36 (KHTML, like Gecko) Mobile Safari/537.36 (compatible; Bytespider; spider-feedback@bytedance.com)"
156.59.198.136 - - [21/Oct/2024:11:57:59 +0200] "GET /renault.activities.at/htdocs/log/cron/reminder_mailing_3116397.txt HTTP/1.0" 404 323 "-" "Mozilla/5.0 (Linux; Android 5.0) AppleWebKit/537.36 (KHTML, like Gecko) Mobile Safari/537.36 (compatible; Bytespider; spider-feedback@bytedance.com)"
178.165.176.165 - - [21/Oct/2024:11:58:08 +0200] "GET /entry.php?id=10271&&ser=504627 HTTP/1.1" 200 987 "http://hausegger.activities.at/entry.php?id=10271&&ser=504567" "Mozilla/5.0 (Windows NT 10.0; Win64; x64; rv:131.0) Gecko/20100101 Firefox/131.0"
178.165.176.165 - - [21/Oct/2024:11:58:08 +0200] "GET /gui/javascript/form_form.js?1729504688 HTTP/1.1" 200 16206 "http://hausegger.activities.at/entry.php?id=10271&&ser=504627" "Mozilla/5.0 (Windows NT 10.0; Win64; x64; rv:131.0) Gecko/20100101 Firefox/131.0"
156.59.198.136 - - [21/Oct/2024:11:58:41 +0200] "GET /renault.activities.at/htdocs/export/pdf/emuc_document/10623341.pdf HTTP/1.0" 404 322 "-" "Mozilla/5.0 (Linux; Android 5.0) AppleWebKit/537.36 (KHTML, like Gecko) Mobile Safari/537.36 (compatible; Bytespider; spider-feedback@bytedance.com)"
156.59.198.136 - - [21/Oct/2024:11:59:02 +0200] "GET /renault.activities.at/htdocs/export/pdf/emuc_document/12239564.pdf HTTP/1.0" 404 322 "-" "Mozilla/5.0 (Linux; Android 5.0) AppleWebKit/537.36 (KHTML, like Gecko) Mobile Safari/537.36 (compatible; Bytespider; spider-feedback@bytedance.com)"
178.165.176.165 - - [21/Oct/2024:11:59:08 +0200] "GET /entry.php?id=10271&&ser=504688 HTTP/1.1" 200 987 "http://hausegger.activities.at/entry.php?id=10271&&ser=504627" "Mozilla/5.0 (Windows NT 10.0; Win64; x64; rv:131.0) Gecko/20100101 Firefox/131.0"
178.165.176.165 - - [21/Oct/2024:11:59:08 +0200] "GET /gui/javascript/form_form.js?1729504748 HTTP/1.1" 200 16206 "http://hausegger.activities.at/entry.php?id=10271&&ser=504688" "Mozilla/5.0 (Windows NT 10.0; Win64; x64; rv:131.0) Gecko/20100101 Firefox/131.0"
156.59.198.135 - - [21/Oct/2024:11:59:23 +0200] "GET /renault.activities.at/htdocs/export/xml/data/orders/202009031603_RenOrder.xml HTTP/1.0" 404 329 "-" "Mozilla/5.0 (Linux; Android 5.0) AppleWebKit/537.36 (KHTML, like Gecko) Mobile Safari/537.36 (compatible; Bytespider; spider-feedback@bytedance.com)"
156.59.198.135 - - [21/Oct/2024:11:59:44 +0200] "GET /renault.activities.at/htdocs/export/xml/data/articles/202103021003_RenArticle.xml HTTP/1.0" 404 329 "-" "Mozilla/5.0 (Linux; Android 5.0) AppleWebKit/537.36 (KHTML, like Gecko) Mobile Safari/537.36 (compatible; Bytespider; spider-feedback@bytedance.com)"
156.59.198.136 - - [21/Oct/2024:12:00:05 +0200] "GET /renault.activities.at/htdocs/export/pdf/emuc_document/11907420.pdf HTTP/1.0" 404 322 "-" "Mozilla/5.0 (Linux; Android 5.0) AppleWebKit/537.36 (KHTML, like Gecko) Mobile Safari/537.36 (compatible; Bytespider; spider-feedback@bytedance.com)"
178.165.176.165 - - [21/Oct/2024:12:00:13 +0200] "GET /entry.php?id=10271&&ser=504748 HTTP/1.1" 200 987 "http://hausegger.activities.at/entry.php?id=10271&&ser=504688" "Mozilla/5.0 (Windows NT 10.0; Win64; x64; rv:131.0) Gecko/20100101 Firefox/131.0"
178.165.176.165 - - [21/Oct/2024:12:00:14 +0200] "GET /gui/javascript/form_form.js?1729504814 HTTP/1.1" 200 16206 "http://hausegger.activities.at/entry.php?id=10271&&ser=504748" "Mozilla/5.0 (Windows NT 10.0; Win64; x64; rv:131.0) Gecko/20100101 Firefox/131.0"
156.59.198.136 - - [21/Oct/2024:12:00:26 +0200] "GET /renault.activities.at/htdocs/export/xml/data/articles/201911080903_RenArticle.xml HTTP/1.0" 404 331 "-" "Mozilla/5.0 (Linux; Android 5.0) AppleWebKit/537.36 (KHTML, like Gecko) Mobile Safari/537.36 (compatible; Bytespider; spider-feedback@bytedance.com)"
192.155.90.220 - - [21/Oct/2024:12:00:43 +0200] "GET / HTTP/1.1" 200 274 "-" "Mozilla/5.0 (Macintosh; Intel Mac OS X 13_1) AppleWebKit/537.36 (KHTML, like Gecko) Chrome/108.0.0.0 Safari/537.36"
156.59.198.136 - - [21/Oct/2024:12:00:48 +0200] "GET /renault.activities.at/htdocs/export/pdf/emuc_document/10770588.pdf HTTP/1.0" 404 322 "-" "Mozilla/5.0 (Linux; Android 5.0) AppleWebKit/537.36 (KHTML, like Gecko) Mobile Safari/537.36 (compatible; Bytespider; spider-feedback@bytedance.com)"
178.165.176.165 - - [21/Oct/2024:12:01:14 +0200] "GET /entry.php?id=10271&&ser=504814 HTTP/1.1" 200 987 "http://hausegger.activities.at/entry.php?id=10271&&ser=504748" "Mozilla/5.0 (Windows NT 10.0; Win64; x64; rv:131.0) Gecko/20100101 Firefox/131.0"
178.165.176.165 - - [21/Oct/2024:12:01:14 +0200] "GET /gui/javascript/form_form.js?1729504874 HTTP/1.1" 200 16206 "http://hausegger.activities.at/entry.php?id=10271&&ser=504814" "Mozilla/5.0 (Windows NT 10.0; Win64; x64; rv:131.0) Gecko/20100101 Firefox/131.0"
156.59.198.136 - - [21/Oct/2024:12:01:30 +0200] "GET /renault.activities.at/htdocs/export/pdf/emuc_document/12023080.pdf HTTP/1.0" 404 322 "-" "Mozilla/5.0 (Linux; Android 5.0) AppleWebKit/537.36 (KHTML, like Gecko) Mobile Safari/537.36 (compatible; Bytespider; spider-feedback@bytedance.com)"
156.59.198.136 - - [21/Oct/2024:12:01:51 +0200] "GET /renault.activities.at/htdocs/export/xml/data/orders/202111181603_RenOrder.xml HTTP/1.0" 404 328 "-" "Mozilla/5.0 (Linux; Android 5.0) AppleWebKit/537.36 (KHTML, like Gecko) Mobile Safari/537.36 (compatible; Bytespider; spider-feedback@bytedance.com)"
156.59.198.136 - - [21/Oct/2024:12:02:12 +0200] "GET /renault.activities.at/htdocs/export/xml/data/orders/201908031203_RenOrder.xml HTTP/1.0" 404 329 "-" "Mozilla/5.0 (Linux; Android 5.0) AppleWebKit/537.36 (KHTML, like Gecko) Mobile Safari/537.36 (compatible; Bytespider; spider-feedback@bytedance.com)"
178.165.176.165 - - [21/Oct/2024:12:02:14 +0200] "GET /entry.php?id=10271&&ser=504874 HTTP/1.1" 200 987 "http://hausegger.activities.at/entry.php?id=10271&&ser=504814" "Mozilla/5.0 (Windows NT 10.0; Win64; x64; rv:131.0) Gecko/20100101 Firefox/131.0"
178.165.176.165 - - [21/Oct/2024:12:02:14 +0200] "GET /gui/javascript/form_form.js?1729504934 HTTP/1.1" 200 16206 "http://hausegger.activities.at/entry.php?id=10271&&ser=504874" "Mozilla/5.0 (Windows NT 10.0; Win64; x64; rv:131.0) Gecko/20100101 Firefox/131.0"
156.59.198.135 - - [21/Oct/2024:12:02:33 +0200] "GET /renault.activities.at/htdocs/export/pdf/emuc_document/12102845.pdf HTTP/1.0" 404 321 "-" "Mozilla/5.0 (Linux; Android 5.0) AppleWebKit/537.36 (KHTML, like Gecko) Mobile Safari/537.36 (compatible; Bytespider; spider-feedback@bytedance.com)"
156.59.198.135 - - [21/Oct/2024:12:02:54 +0200] "GET /renault.activities.at/htdocs/export/pdf/emuc_document/10754182.pdf HTTP/1.0" 404 322 "-" "Mozilla/5.0 (Linux; Android 5.0) AppleWebKit/537.36 (KHTML, like Gecko) Mobile Safari/537.36 (compatible; Bytespider; spider-feedback@bytedance.com)"
178.165.176.165 - - [21/Oct/2024:12:03:14 +0200] "GET /entry.php?id=10271&&ser=504934 HTTP/1.1" 200 989 "http://hausegger.activities.at/entry.php?id=10271&&ser=504874" "Mozilla/5.0 (Windows NT 10.0; Win64; x64; rv:131.0) Gecko/20100101 Firefox/131.0"
178.165.176.165 - - [21/Oct/2024:12:03:15 +0200] "GET /gui/javascript/form_form.js?1729504995 HTTP/1.1" 200 16206 "http://hausegger.activities.at/entry.php?id=10271&&ser=504934" "Mozilla/5.0 (Windows NT 10.0; Win64; x64; rv:131.0) Gecko/20100101 Firefox/131.0"
156.59.198.135 - - [21/Oct/2024:12:03:15 +0200] "GET /renault.activities.at/htdocs/export/xml/data/orders/201907261303_RenOrder.xml HTTP/1.0" 404 330 "-" "Mozilla/5.0 (Linux; Android 5.0) AppleWebKit/537.36 (KHTML, like Gecko) Mobile Safari/537.36 (compatible; Bytespider; spider-feedback@bytedance.com)"
156.59.198.136 - - [21/Oct/2024:12:03:36 +0200] "GET /renault.activities.at/htdocs/export/xml/data/orders/202110291703_RenOrder.xml HTTP/1.0" 404 329 "-" "Mozilla/5.0 (Linux; Android 5.0) AppleWebKit/537.36 (KHTML, like Gecko) Mobile Safari/537.36 (compatible; Bytespider; spider-feedback@bytedance.com)"
156.59.198.135 - - [21/Oct/2024:12:03:57 +0200] "GET /ed.activities.at/stats/lang/awstats-he.txt HTTP/1.0" 404 303 "-" "Mozilla/5.0 (Linux; Android 5.0) AppleWebKit/537.36 (KHTML, like Gecko) Mobile Safari/537.36 (compatible; Bytespider; spider-feedback@bytedance.com)"
178.165.176.165 - - [21/Oct/2024:12:04:15 +0200] "GET /entry.php?id=10271&&ser=504994 HTTP/1.1" 200 986 "http://hausegger.activities.at/entry.php?id=10271&&ser=504934" "Mozilla/5.0 (Windows NT 10.0; Win64; x64; rv:131.0) Gecko/20100101 Firefox/131.0"
178.165.176.165 - - [21/Oct/2024:12:04:15 +0200] "GET /gui/javascript/form_form.js?1729505055 HTTP/1.1" 200 16206 "http://hausegger.activities.at/entry.php?id=10271&&ser=504994" "Mozilla/5.0 (Windows NT 10.0; Win64; x64; rv:131.0) Gecko/20100101 Firefox/131.0"
156.59.198.135 - - [21/Oct/2024:12:04:19 +0200] "GET /renault.activities.at/htdocs/export/xml/data/orders/202009221503_RenOrder.xml HTTP/1.0" 404 328 "-" "Mozilla/5.0 (Linux; Android 5.0) AppleWebKit/537.36 (KHTML, like Gecko) Mobile Safari/537.36 (compatible; Bytespider; spider-feedback@bytedance.com)"
156.59.198.136 - - [21/Oct/2024:12:04:40 +0200] "GET /renault.activities.at/htdocs/export/pdf/emuc_document/10973074.pdf HTTP/1.0" 404 323 "-" "Mozilla/5.0 (Linux; Android 5.0) AppleWebKit/537.36 (KHTML, like Gecko) Mobile Safari/537.36 (compatible; Bytespider; spider-feedback@bytedance.com)"
178.165.176.165 - - [21/Oct/2024:12:04:56 +0200] "GET /entry.php?id=10828 HTTP/1.1" 200 9141 "http://hausegger.activities.at/entry.php?id=10270&__app__=10006038" "Mozilla/5.0 (Windows NT 10.0; Win64; x64; rv:131.0) Gecko/20100101 Firefox/131.0"
178.165.176.165 - - [21/Oct/2024:12:04:57 +0200] "GET /gui/javascript/form_form.js?1729505097 HTTP/1.1" 200 16206 "http://hausegger.activities.at/entry.php?id=10828" "Mozilla/5.0 (Windows NT 10.0; Win64; x64; rv:131.0) Gecko/20100101 Firefox/131.0"
178.165.176.165 - - [21/Oct/2024:12:04:57 +0200] "GET /entry.php?id=10889&document_id=& HTTP/1.1" 200 1508 "http://hausegger.activities.at/entry.php?id=10828" "Mozilla/5.0 (Windows NT 10.0; Win64; x64; rv:131.0) Gecko/20100101 Firefox/131.0"
156.59.198.136 - - [21/Oct/2024:12:05:01 +0200] "GET /renault.activities.at/htdocs/export/pdf/emuc_document/11913511.pdf HTTP/1.0" 404 321 "-" "Mozilla/5.0 (Linux; Android 5.0) AppleWebKit/537.36 (KHTML, like Gecko) Mobile Safari/537.36 (compatible; Bytespider; spider-feedback@bytedance.com)"
178.165.176.165 - - [21/Oct/2024:12:05:15 +0200] "GET /entry.php?id=10271&&ser=505055 HTTP/1.1" 200 987 "http://hausegger.activities.at/entry.php?id=10271&&ser=504994" "Mozilla/5.0 (Windows NT 10.0; Win64; x64; rv:131.0) Gecko/20100101 Firefox/131.0"
178.165.176.165 - - [21/Oct/2024:12:05:15 +0200] "GET /gui/javascript/form_form.js?1729505115 HTTP/1.1" 200 16206 "http://hausegger.activities.at/entry.php?id=10271&&ser=505055" "Mozilla/5.0 (Windows NT 10.0; Win64; x64; rv:131.0) Gecko/20100101 Firefox/131.0"
156.59.198.136 - - [21/Oct/2024:12:05:22 +0200] "GET /renault.activities.at/htdocs/log/cron/autologout_3115292.txt HTTP/1.0" 404 318 "-" "Mozilla/5.0 (Linux; Android 5.0) AppleWebKit/537.36 (KHTML, like Gecko) Mobile Safari/537.36 (compatible; Bytespider; spider-feedback@bytedance.com)"
156.59.198.136 - - [21/Oct/2024:12:05:43 +0200] "GET /renault.activities.at/htdocs/log/cron/system_mail_3115002.txt HTTP/1.0" 404 320 "-" "Mozilla/5.0 (Linux; Android 5.0) AppleWebKit/537.36 (KHTML, like Gecko) Mobile Safari/537.36 (compatible; Bytespider; spider-feedback@bytedance.com)"
156.59.198.136 - - [21/Oct/2024:12:06:04 +0200] "GET /renault.activities.at/htdocs/export/xml/data/articles/202009151503_RenArticle.xml HTTP/1.0" 404 331 "-" "Mozilla/5.0 (Linux; Android 5.0) AppleWebKit/537.36 (KHTML, like Gecko) Mobile Safari/537.36 (compatible; Bytespider; spider-feedback@bytedance.com)"
178.165.176.165 - - [21/Oct/2024:12:06:17 +0200] "GET /entry.php?id=10271&&ser=505115 HTTP/1.1" 200 987 "http://hausegger.activities.at/entry.php?id=10271&&ser=505055" "Mozilla/5.0 (Windows NT 10.0; Win64; x64; rv:131.0) Gecko/20100101 Firefox/131.0"
178.165.176.165 - - [21/Oct/2024:12:06:18 +0200] "GET /gui/javascript/form_form.js?1729505178 HTTP/1.1" 200 16206 "http://hausegger.activities.at/entry.php?id=10271&&ser=505115" "Mozilla/5.0 (Windows NT 10.0; Win64; x64; rv:131.0) Gecko/20100101 Firefox/131.0"
156.59.198.135 - - [21/Oct/2024:12:06:26 +0200] "GET /renault.activities.at/htdocs/log/cron/autologout_3115962.txt HTTP/1.0" 404 318 "-" "Mozilla/5.0 (Linux; Android 5.0) AppleWebKit/537.36 (KHTML, like Gecko) Mobile Safari/537.36 (compatible; Bytespider; spider-feedback@bytedance.com)"
156.59.198.135 - - [21/Oct/2024:12:06:46 +0200] "GET /renault.activities.at/htdocs/export/pdf/emuc_document/11549152.pdf HTTP/1.0" 404 321 "-" "Mozilla/5.0 (Linux; Android 5.0) AppleWebKit/537.36 (KHTML, like Gecko) Mobile Safari/537.36 (compatible; Bytespider; spider-feedback@bytedance.com)"
156.59.198.136 - - [21/Oct/2024:12:07:08 +0200] "GET /renault.activities.at/htdocs/export/txt/factura/FacturaExport20140626105623.txt HTTP/1.0" 404 328 "-" "Mozilla/5.0 (Linux; Android 5.0) AppleWebKit/537.36 (KHTML, like Gecko) Mobile Safari/537.36 (compatible; Bytespider; spider-feedback@bytedance.com)"
178.165.176.165 - - [21/Oct/2024:12:07:18 +0200] "GET /entry.php?id=10271&&ser=505178 HTTP/1.1" 200 987 "http://hausegger.activities.at/entry.php?id=10271&&ser=505115" "Mozilla/5.0 (Windows NT 10.0; Win64; x64; rv:131.0) Gecko/20100101 Firefox/131.0"
178.165.176.165 - - [21/Oct/2024:12:07:18 +0200] "GET /gui/javascript/form_form.js?1729505238 HTTP/1.1" 200 16206 "http://hausegger.activities.at/entry.php?id=10271&&ser=505178" "Mozilla/5.0 (Windows NT 10.0; Win64; x64; rv:131.0) Gecko/20100101 Firefox/131.0"
156.59.198.135 - - [21/Oct/2024:12:07:29 +0200] "GET /renault.activities.at/htdocs/export/xml/data/orders/202105261103_RenOrder.xml HTTP/1.0" 404 329 "-" "Mozilla/5.0 (Linux; Android 5.0) AppleWebKit/537.36 (KHTML, like Gecko) Mobile Safari/537.36 (compatible; Bytespider; spider-feedback@bytedance.com)"
156.59.198.136 - - [21/Oct/2024:12:07:50 +0200] "GET /renault.activities.at/htdocs/export/txt/factura/FacturaExport20200626090717.txt HTTP/1.0" 404 328 "-" "Mozilla/5.0 (Linux; Android 5.0) AppleWebKit/537.36 (KHTML, like Gecko) Mobile Safari/537.36 (compatible; Bytespider; spider-feedback@bytedance.com)"
156.59.198.136 - - [21/Oct/2024:12:08:11 +0200] "GET /renault.activities.at/htdocs/log/cron/pickupLogisticData_3116263.txt HTTP/1.0" 404 325 "-" "Mozilla/5.0 (Linux; Android 5.0) AppleWebKit/537.36 (KHTML, like Gecko) Mobile Safari/537.36 (compatible; Bytespider; spider-feedback@bytedance.com)"
178.165.176.165 - - [21/Oct/2024:12:08:18 +0200] "GET /entry.php?id=10271&&ser=505238 HTTP/1.1" 200 987 "http://hausegger.activities.at/entry.php?id=10271&&ser=505178" "Mozilla/5.0 (Windows NT 10.0; Win64; x64; rv:131.0) Gecko/20100101 Firefox/131.0"
178.165.176.165 - - [21/Oct/2024:12:08:18 +0200] "GET /gui/javascript/form_form.js?1729505298 HTTP/1.1" 200 16206 "http://hausegger.activities.at/entry.php?id=10271&&ser=505238" "Mozilla/5.0 (Windows NT 10.0; Win64; x64; rv:131.0) Gecko/20100101 Firefox/131.0"
156.59.198.135 - - [21/Oct/2024:12:08:32 +0200] "GET /renault.activities.at/htdocs/export/pdf/emuc_document/11348311.pdf HTTP/1.0" 404 321 "-" "Mozilla/5.0 (Linux; Android 5.0) AppleWebKit/537.36 (KHTML, like Gecko) Mobile Safari/537.36 (compatible; Bytespider; spider-feedback@bytedance.com)"
156.59.198.136 - - [21/Oct/2024:12:08:53 +0200] "GET /renault.activities.at/htdocs/export/pdf/emuc_document/10637274.pdf HTTP/1.0" 404 323 "-" "Mozilla/5.0 (Linux; Android 5.0) AppleWebKit/537.36 (KHTML, like Gecko) Mobile Safari/537.36 (compatible; Bytespider; spider-feedback@bytedance.com)"
156.59.198.136 - - [21/Oct/2024:12:09:14 +0200] "GET /ed-test.activities.at/stats/lang/tooltips_w/awstats-tt-tw.txt HTTP/1.0" 404 315 "-" "Mozilla/5.0 (Linux; Android 5.0) AppleWebKit/537.36 (KHTML, like Gecko) Mobile Safari/537.36 (compatible; Bytespider; spider-feedback@bytedance.com)"
178.165.176.165 - - [21/Oct/2024:12:09:18 +0200] "GET /entry.php?id=10271&&ser=505298 HTTP/1.1" 200 988 "http://hausegger.activities.at/entry.php?id=10271&&ser=505238" "Mozilla/5.0 (Windows NT 10.0; Win64; x64; rv:131.0) Gecko/20100101 Firefox/131.0"
178.165.176.165 - - [21/Oct/2024:12:09:19 +0200] "GET /gui/javascript/form_form.js?1729505359 HTTP/1.1" 200 16206 "http://hausegger.activities.at/entry.php?id=10271&&ser=505298" "Mozilla/5.0 (Windows NT 10.0; Win64; x64; rv:131.0) Gecko/20100101 Firefox/131.0"
156.59.198.135 - - [21/Oct/2024:12:09:35 +0200] "GET /renault.activities.at/htdocs/export/pdf/emuc_document/12022106.pdf HTTP/1.0" 404 321 "-" "Mozilla/5.0 (Linux; Android 5.0) AppleWebKit/537.36 (KHTML, like Gecko) Mobile Safari/537.36 (compatible; Bytespider; spider-feedback@bytedance.com)"
156.59.198.135 - - [21/Oct/2024:12:09:57 +0200] "GET /renault.activities.at/htdocs/log/cron/reminder_mailing_3116293.txt HTTP/1.0" 404 323 "-" "Mozilla/5.0 (Linux; Android 5.0) AppleWebKit/537.36 (KHTML, like Gecko) Mobile Safari/537.36 (compatible; Bytespider; spider-feedback@bytedance.com)"
156.59.198.135 - - [21/Oct/2024:12:10:18 +0200] "GET /renault.activities.at/htdocs/export/pdf/emuc_document/11483363.pdf HTTP/1.0" 404 322 "-" "Mozilla/5.0 (Linux; Android 5.0) AppleWebKit/537.36 (KHTML, like Gecko) Mobile Safari/537.36 (compatible; Bytespider; spider-feedback@bytedance.com)"
178.165.176.165 - - [21/Oct/2024:12:10:19 +0200] "GET /entry.php?id=10271&&ser=505359 HTTP/1.1" 200 987 "http://hausegger.activities.at/entry.php?id=10271&&ser=505298" "Mozilla/5.0 (Windows NT 10.0; Win64; x64; rv:131.0) Gecko/20100101 Firefox/131.0"
178.165.176.165 - - [21/Oct/2024:12:10:19 +0200] "GET /gui/javascript/form_form.js?1729505419 HTTP/1.1" 200 16206 "http://hausegger.activities.at/entry.php?id=10271&&ser=505359" "Mozilla/5.0 (Windows NT 10.0; Win64; x64; rv:131.0) Gecko/20100101 Firefox/131.0"
156.59.198.136 - - [21/Oct/2024:12:10:39 +0200] "GET /renault.activities.at/htdocs/export/xml/data/articles/202010121003_RenArticle.xml HTTP/1.0" 404 330 "-" "Mozilla/5.0 (Linux; Android 5.0) AppleWebKit/537.36 (KHTML, like Gecko) Mobile Safari/537.36 (compatible; Bytespider; spider-feedback@bytedance.com)"
156.59.198.136 - - [21/Oct/2024:12:11:00 +0200] "GET /renault.activities.at/htdocs/export/xml/data/orders/202004271303_RenOrder.xml HTTP/1.0" 404 329 "-" "Mozilla/5.0 (Linux; Android 5.0) AppleWebKit/537.36 (KHTML, like Gecko) Mobile Safari/537.36 (compatible; Bytespider; spider-feedback@bytedance.com)"
178.165.176.165 - - [21/Oct/2024:12:11:19 +0200] "GET /entry.php?id=10271&&ser=505419 HTTP/1.1" 200 987 "http://hausegger.activities.at/entry.php?id=10271&&ser=505359" "Mozilla/5.0 (Windows NT 10.0; Win64; x64; rv:131.0) Gecko/20100101 Firefox/131.0"
178.165.176.165 - - [21/Oct/2024:12:11:19 +0200] "GET /gui/javascript/form_form.js?1729505479 HTTP/1.1" 200 16206 "http://hausegger.activities.at/entry.php?id=10271&&ser=505419" "Mozilla/5.0 (Windows NT 10.0; Win64; x64; rv:131.0) Gecko/20100101 Firefox/131.0"
156.59.198.136 - - [21/Oct/2024:12:11:21 +0200] "GET /renault.activities.at/htdocs/export/xml/data/orders/202111261503_RenOrder.xml HTTP/1.0" 404 329 "-" "Mozilla/5.0 (Linux; Android 5.0) AppleWebKit/537.36 (KHTML, like Gecko) Mobile Safari/537.36 (compatible; Bytespider; spider-feedback@bytedance.com)"
156.59.198.136 - - [21/Oct/2024:12:11:42 +0200] "GET /renault.activities.at/htdocs/export/xml/data/orders/202001151203_RenOrder.xml HTTP/1.0" 404 329 "-" "Mozilla/5.0 (Linux; Android 5.0) AppleWebKit/537.36 (KHTML, like Gecko) Mobile Safari/537.36 (compatible; Bytespider; spider-feedback@bytedance.com)"
156.59.198.136 - - [21/Oct/2024:12:12:03 +0200] "GET /renault.activities.at/htdocs/export/pdf/emuc_document/12269105.pdf HTTP/1.0" 404 321 "-" "Mozilla/5.0 (Linux; Android 5.0) AppleWebKit/537.36 (KHTML, like Gecko) Mobile Safari/537.36 (compatible; Bytespider; spider-feedback@bytedance.com)"
178.165.176.165 - - [21/Oct/2024:12:12:19 +0200] "GET /entry.php?id=10271&&ser=505479 HTTP/1.1" 200 988 "http://hausegger.activities.at/entry.php?id=10271&&ser=505419" "Mozilla/5.0 (Windows NT 10.0; Win64; x64; rv:131.0) Gecko/20100101 Firefox/131.0"
178.165.176.165 - - [21/Oct/2024:12:12:19 +0200] "GET /gui/javascript/form_form.js?1729505539 HTTP/1.1" 200 16206 "http://hausegger.activities.at/entry.php?id=10271&&ser=505479" "Mozilla/5.0 (Windows NT 10.0; Win64; x64; rv:131.0) Gecko/20100101 Firefox/131.0"
156.59.198.135 - - [21/Oct/2024:12:12:24 +0200] "GET /renault.activities.at/htdocs/export/pdf/emuc_document/10762482.pdf HTTP/1.0" 404 322 "-" "Mozilla/5.0 (Linux; Android 5.0) AppleWebKit/537.36 (KHTML, like Gecko) Mobile Safari/537.36 (compatible; Bytespider; spider-feedback@bytedance.com)"
47.128.22.71 - - [21/Oct/2024:12:12:46 +0200] "GET /robots.txt HTTP/1.1" 404 284 "-" "Mozilla/5.0 (Linux; Android 5.0) AppleWebKit/537.36 (KHTML, like Gecko) Mobile Safari/537.36 (compatible; Bytespider; spider-feedback@bytedance.com)"
156.59.198.135 - - [21/Oct/2024:12:13:06 +0200] "GET /renault.2web.at/htdocs/export/txt/factura/FacturaExport20131119124615.txt HTTP/1.0" 404 324 "-" "Mozilla/5.0 (Linux; Android 5.0) AppleWebKit/537.36 (KHTML, like Gecko) Mobile Safari/537.36 (compatible; Bytespider; spider-feedback@bytedance.com)"
178.165.176.165 - - [21/Oct/2024:12:13:20 +0200] "GET /entry.php?id=10271&&ser=505539 HTTP/1.1" 200 987 "http://hausegger.activities.at/entry.php?id=10271&&ser=505479" "Mozilla/5.0 (Windows NT 10.0; Win64; x64; rv:131.0) Gecko/20100101 Firefox/131.0"
178.165.176.165 - - [21/Oct/2024:12:13:20 +0200] "GET /gui/javascript/form_form.js?1729505600 HTTP/1.1" 200 16206 "http://hausegger.activities.at/entry.php?id=10271&&ser=505539" "Mozilla/5.0 (Windows NT 10.0; Win64; x64; rv:131.0) Gecko/20100101 Firefox/131.0"
156.59.198.135 - - [21/Oct/2024:12:13:27 +0200] "GET /renault.activities.at/htdocs/export/xml/data/orders/202101251703_RenOrder.xml HTTP/1.0" 404 329 "-" "Mozilla/5.0 (Linux; Android 5.0) AppleWebKit/537.36 (KHTML, like Gecko) Mobile Safari/537.36 (compatible; Bytespider; spider-feedback@bytedance.com)"
156.59.198.135 - - [21/Oct/2024:12:13:49 +0200] "GET /renault.activities.at/htdocs/export/pdf/emuc_document/11148717.pdf HTTP/1.0" 404 322 "-" "Mozilla/5.0 (Linux; Android 5.0) AppleWebKit/537.36 (KHTML, like Gecko) Mobile Safari/537.36 (compatible; Bytespider; spider-feedback@bytedance.com)"
156.59.198.135 - - [21/Oct/2024:12:14:10 +0200] "GET /renault.activities.at/htdocs/export/pdf/emuc_document/11744295.pdf HTTP/1.0" 404 322 "-" "Mozilla/5.0 (Linux; Android 5.0) AppleWebKit/537.36 (KHTML, like Gecko) Mobile Safari/537.36 (compatible; Bytespider; spider-feedback@bytedance.com)"
178.165.176.165 - - [21/Oct/2024:12:14:21 +0200] "GET /entry.php?id=10271&&ser=505600 HTTP/1.1" 200 987 "http://hausegger.activities.at/entry.php?id=10271&&ser=505539" "Mozilla/5.0 (Windows NT 10.0; Win64; x64; rv:131.0) Gecko/20100101 Firefox/131.0"
178.165.176.165 - - [21/Oct/2024:12:14:21 +0200] "GET /gui/javascript/form_form.js?1729505661 HTTP/1.1" 200 16206 "http://hausegger.activities.at/entry.php?id=10271&&ser=505600" "Mozilla/5.0 (Windows NT 10.0; Win64; x64; rv:131.0) Gecko/20100101 Firefox/131.0"
156.59.198.135 - - [21/Oct/2024:12:14:31 +0200] "GET /renault.activities.at/htdocs/log/cron/shipp_Export_Data_3116287.txt HTTP/1.0" 404 325 "-" "Mozilla/5.0 (Linux; Android 5.0) AppleWebKit/537.36 (KHTML, like Gecko) Mobile Safari/537.36 (compatible; Bytespider; spider-feedback@bytedance.com)"
156.59.198.136 - - [21/Oct/2024:12:14:52 +0200] "GET /renault.activities.at/htdocs/export/xml/data/orders/201910171103_RenOrder.xml HTTP/1.0" 404 329 "-" "Mozilla/5.0 (Linux; Android 5.0) AppleWebKit/537.36 (KHTML, like Gecko) Mobile Safari/537.36 (compatible; Bytespider; spider-feedback@bytedance.com)"
156.59.198.135 - - [21/Oct/2024:12:15:13 +0200] "GET /renault.activities.at/htdocs/export/xml/data/orders/202111171003_RenOrder.xml HTTP/1.0" 404 328 "-" "Mozilla/5.0 (Linux; Android 5.0) AppleWebKit/537.36 (KHTML, like Gecko) Mobile Safari/537.36 (compatible; Bytespider; spider-feedback@bytedance.com)"
178.165.176.165 - - [21/Oct/2024:12:15:26 +0200] "GET /entry.php?id=10271&&ser=505661 HTTP/1.1" 200 987 "http://hausegger.activities.at/entry.php?id=10271&&ser=505600" "Mozilla/5.0 (Windows NT 10.0; Win64; x64; rv:131.0) Gecko/20100101 Firefox/131.0"
178.165.176.165 - - [21/Oct/2024:12:15:26 +0200] "GET /gui/javascript/form_form.js?1729505726 HTTP/1.1" 200 16206 "http://hausegger.activities.at/entry.php?id=10271&&ser=505661" "Mozilla/5.0 (Windows NT 10.0; Win64; x64; rv:131.0) Gecko/20100101 Firefox/131.0"
156.59.198.135 - - [21/Oct/2024:12:15:35 +0200] "GET /renault.activities.at/htdocs/export/xml/data/articles/202010061103_RenArticle.xml HTTP/1.0" 404 330 "-" "Mozilla/5.0 (Linux; Android 5.0) AppleWebKit/537.36 (KHTML, like Gecko) Mobile Safari/537.36 (compatible; Bytespider; spider-feedback@bytedance.com)"
156.59.198.135 - - [21/Oct/2024:12:15:56 +0200] "GET /renault.2web.at/htdocs/export/txt/factura/FacturaExport20200626090717.txt HTTP/1.0" 404 324 "-" "Mozilla/5.0 (Linux; Android 5.0) AppleWebKit/537.36 (KHTML, like Gecko) Mobile Safari/537.36 (compatible; Bytespider; spider-feedback@bytedance.com)"
178.165.176.165 - - [21/Oct/2024:12:16:09 +0200] "POST /entry.php?id=10828 HTTP/1.1" 200 9331 "http://hausegger.activities.at/entry.php?id=10828" "Mozilla/5.0 (Windows NT 10.0; Win64; x64; rv:131.0) Gecko/20100101 Firefox/131.0"
178.165.176.165 - - [21/Oct/2024:12:16:09 +0200] "GET /gui/javascript/form_form.js?1729505769 HTTP/1.1" 200 16206 "http://hausegger.activities.at/entry.php?id=10828" "Mozilla/5.0 (Windows NT 10.0; Win64; x64; rv:131.0) Gecko/20100101 Firefox/131.0"
178.165.176.165 - - [21/Oct/2024:12:16:10 +0200] "GET /entry.php?id=10889&document_id=& HTTP/1.1" 200 1510 "http://hausegger.activities.at/entry.php?id=10828" "Mozilla/5.0 (Windows NT 10.0; Win64; x64; rv:131.0) Gecko/20100101 Firefox/131.0"
178.165.176.165 - - [21/Oct/2024:12:16:10 +0200] "GET /gui/javascript/form_form.js?1729505770 HTTP/1.1" 200 16206 "http://hausegger.activities.at/entry.php?id=10889&document_id=&" "Mozilla/5.0 (Windows NT 10.0; Win64; x64; rv:131.0) Gecko/20100101 Firefox/131.0"
178.165.176.165 - - [21/Oct/2024:12:16:14 +0200] "GET /entry.php?id=10877&mode=loadSearchCustomer&obj=number&tag=debitor&value=f&ser=1729500609118 HTTP/1.1" 200 325 "http://hausegger.activities.at/entry.php?id=10828" "Mozilla/5.0 (Windows NT 10.0; Win64; x64; rv:131.0) Gecko/20100101 Firefox/131.0"
178.165.176.165 - - [21/Oct/2024:12:16:14 +0200] "GET /entry.php?id=10877&mode=loadSearchCustomer&obj=number&tag=debitor&value=f.&ser=1729500609655 HTTP/1.1" 200 175 "http://hausegger.activities.at/entry.php?id=10828" "Mozilla/5.0 (Windows NT 10.0; Win64; x64; rv:131.0) Gecko/20100101 Firefox/131.0"
178.165.176.165 - - [21/Oct/2024:12:16:15 +0200] "POST /entry.php?id=10889 HTTP/1.1" 200 1760 "http://hausegger.activities.at/entry.php?id=10889&document_id=&" "Mozilla/5.0 (Windows NT 10.0; Win64; x64; rv:131.0) Gecko/20100101 Firefox/131.0"
178.165.176.165 - - [21/Oct/2024:12:16:15 +0200] "GET /gui/javascript/form_form.js?1729505775 HTTP/1.1" 200 16206 "http://hausegger.activities.at/entry.php?id=10889" "Mozilla/5.0 (Windows NT 10.0; Win64; x64; rv:131.0) Gecko/20100101 Firefox/131.0"
156.59.198.135 - - [21/Oct/2024:12:16:17 +0200] "GET /renault.activities.at/htdocs/export/xml/data/orders/202008271103_RenOrder.xml HTTP/1.0" 404 329 "-" "Mozilla/5.0 (Linux; Android 5.0) AppleWebKit/537.36 (KHTML, like Gecko) Mobile Safari/537.36 (compatible; Bytespider; spider-feedback@bytedance.com)"
59.126.168.111 - - [21/Oct/2024:12:16:20 +0200] "GET / HTTP/1.0" 200 423 "-" "Mozilla/5.0 (Linux; U; Android 4.0.3; ko-kr; LG-L160L Build/IML74K) AppleWebkit/534.30 (KHTML, like Gecko) Version/4.0 Mobile Safari/534.30"
178.165.176.165 - - [21/Oct/2024:12:16:27 +0200] "GET /entry.php?id=10271&&ser=505726 HTTP/1.1" 200 987 "http://hausegger.activities.at/entry.php?id=10271&&ser=505661" "Mozilla/5.0 (Windows NT 10.0; Win64; x64; rv:131.0) Gecko/20100101 Firefox/131.0"
178.165.176.165 - - [21/Oct/2024:12:16:27 +0200] "GET /gui/javascript/form_form.js?1729505787 HTTP/1.1" 200 16206 "http://hausegger.activities.at/entry.php?id=10271&&ser=505726" "Mozilla/5.0 (Windows NT 10.0; Win64; x64; rv:131.0) Gecko/20100101 Firefox/131.0"
156.59.198.136 - - [21/Oct/2024:12:16:38 +0200] "GET /renault.activities.at/htdocs/export/xml/data/orders/202010111503_RenOrder.xml HTTP/1.0" 404 328 "-" "Mozilla/5.0 (Linux; Android 5.0) AppleWebKit/537.36 (KHTML, like Gecko) Mobile Safari/537.36 (compatible; Bytespider; spider-feedback@bytedance.com)"
156.59.198.136 - - [21/Oct/2024:12:17:00 +0200] "GET /renault.activities.at/htdocs/export/pdf/emuc_document/11298473.pdf HTTP/1.0" 404 322 "-" "Mozilla/5.0 (Linux; Android 5.0) AppleWebKit/537.36 (KHTML, like Gecko) Mobile Safari/537.36 (compatible; Bytespider; spider-feedback@bytedance.com)"
156.59.198.135 - - [21/Oct/2024:12:17:21 +0200] "GET /renault.activities.at/htdocs/export/pdf/emuc_document/11537873.pdf HTTP/1.0" 404 322 "-" "Mozilla/5.0 (Linux; Android 5.0) AppleWebKit/537.36 (KHTML, like Gecko) Mobile Safari/537.36 (compatible; Bytespider; spider-feedback@bytedance.com)"
178.165.176.165 - - [21/Oct/2024:12:17:27 +0200] "GET /entry.php?id=10271&&ser=505787 HTTP/1.1" 200 987 "http://hausegger.activities.at/entry.php?id=10271&&ser=505726" "Mozilla/5.0 (Windows NT 10.0; Win64; x64; rv:131.0) Gecko/20100101 Firefox/131.0"
178.165.176.165 - - [21/Oct/2024:12:17:27 +0200] "GET /gui/javascript/form_form.js?1729505847 HTTP/1.1" 200 16206 "http://hausegger.activities.at/entry.php?id=10271&&ser=505787" "Mozilla/5.0 (Windows NT 10.0; Win64; x64; rv:131.0) Gecko/20100101 Firefox/131.0"
156.59.198.136 - - [21/Oct/2024:12:17:42 +0200] "GET /renault.activities.at/htdocs/export/xml/data/orders/202102241603_RenOrder.xml HTTP/1.0" 404 329 "-" "Mozilla/5.0 (Linux; Android 5.0) AppleWebKit/537.36 (KHTML, like Gecko) Mobile Safari/537.36 (compatible; Bytespider; spider-feedback@bytedance.com)"
156.59.198.136 - - [21/Oct/2024:12:18:03 +0200] "GET /renault.activities.at/htdocs/export/xml/data/articles/202006300803_RenArticle.xml HTTP/1.0" 404 331 "-" "Mozilla/5.0 (Linux; Android 5.0) AppleWebKit/537.36 (KHTML, like Gecko) Mobile Safari/537.36 (compatible; Bytespider; spider-feedback@bytedance.com)"
178.165.176.165 - - [21/Oct/2024:12:18:07 +0200] "POST /entry.php?id=10828 HTTP/1.1" 200 8730 "http://hausegger.activities.at/entry.php?id=10828" "Mozilla/5.0 (Windows NT 10.0; Win64; x64; rv:131.0) Gecko/20100101 Firefox/131.0"
178.165.176.165 - - [21/Oct/2024:12:18:08 +0200] "GET /gui/javascript/form_form.js?1729505888 HTTP/1.1" 200 16206 "http://hausegger.activities.at/entry.php?id=10828" "Mozilla/5.0 (Windows NT 10.0; Win64; x64; rv:131.0) Gecko/20100101 Firefox/131.0"
178.165.176.165 - - [21/Oct/2024:12:18:08 +0200] "GET /entry.php?id=10889&document_id=10343444& HTTP/1.1" 200 1510 "http://hausegger.activities.at/entry.php?id=10828" "Mozilla/5.0 (Windows NT 10.0; Win64; x64; rv:131.0) Gecko/20100101 Firefox/131.0"
178.165.176.165 - - [21/Oct/2024:12:18:09 +0200] "POST /entry.php?id=10828 HTTP/1.1" 200 4992 "http://hausegger.activities.at/entry.php?id=10828" "Mozilla/5.0 (Windows NT 10.0; Win64; x64; rv:131.0) Gecko/20100101 Firefox/131.0"
178.165.176.165 - - [21/Oct/2024:12:18:10 +0200] "GET /gui/javascript/form_form.js?1729505890 HTTP/1.1" 200 16206 "http://hausegger.activities.at/entry.php?id=10828" "Mozilla/5.0 (Windows NT 10.0; Win64; x64; rv:131.0) Gecko/20100101 Firefox/131.0"
178.165.176.165 - - [21/Oct/2024:12:18:10 +0200] "GET /entry.php?id=10889&document_id=10343444& HTTP/1.1" 200 1509 "http://hausegger.activities.at/entry.php?id=10828" "Mozilla/5.0 (Windows NT 10.0; Win64; x64; rv:131.0) Gecko/20100101 Firefox/131.0"
