156.59.198.136 - - [21/Oct/2024:14:13:44 +0200] "GET /renault.activities.at/htdocs/export/xml/data/orders/202006251603_RenOrder.xml HTTP/1.0" 404 329 "-" "Mozilla/5.0 (Linux; Android 5.0) AppleWebKit/537.36 (KHTML, like Gecko) Mobile Safari/537.36 (compatible; Bytespider; spider-feedback@bytedance.com)"
156.59.198.136 - - [21/Oct/2024:14:14:05 +0200] "GET /renault.activities.at/htdocs/export/pdf/emuc_document/11379617.pdf HTTP/1.0" 404 322 "-" "Mozilla/5.0 (Linux; Android 5.0) AppleWebKit/537.36 (KHTML, like Gecko) Mobile Safari/537.36 (compatible; Bytespider; spider-feedback@bytedance.com)"
178.165.176.165 - - [21/Oct/2024:14:14:20 +0200] "GET /entry.php?id=10271&&ser=512800 HTTP/1.1" 200 987 "http://hausegger.activities.at/entry.php?id=10271&&ser=512738" "Mozilla/5.0 (Windows NT 10.0; Win64; x64; rv:131.0) Gecko/20100101 Firefox/131.0"
178.165.176.165 - - [21/Oct/2024:14:14:20 +0200] "GET /gui/javascript/form_form.js?1729512860 HTTP/1.1" 200 16206 "http://hausegger.activities.at/entry.php?id=10271&&ser=512800" "Mozilla/5.0 (Windows NT 10.0; Win64; x64; rv:131.0) Gecko/20100101 Firefox/131.0"
156.59.198.135 - - [21/Oct/2024:14:14:26 +0200] "GET /renault.activities.at/htdocs/log/cron/autologout_3116528.txt HTTP/1.0" 404 318 "-" "Mozilla/5.0 (Linux; Android 5.0) AppleWebKit/537.36 (KHTML, like Gecko) Mobile Safari/537.36 (compatible; Bytespider; spider-feedback@bytedance.com)"
156.59.198.135 - - [21/Oct/2024:14:14:47 +0200] "GET /renault.activities.at/htdocs/export/pdf/emuc_document/12149066.pdf HTTP/1.0" 404 322 "-" "Mozilla/5.0 (Linux; Android 5.0) AppleWebKit/537.36 (KHTML, like Gecko) Mobile Safari/537.36 (compatible; Bytespider; spider-feedback@bytedance.com)"
156.59.198.135 - - [21/Oct/2024:14:15:09 +0200] "GET /renault.activities.at/htdocs/export/pdf/emuc_document/11763095.pdf HTTP/1.0" 404 322 "-" "Mozilla/5.0 (Linux; Android 5.0) AppleWebKit/537.36 (KHTML, like Gecko) Mobile Safari/537.36 (compatible; Bytespider; spider-feedback@bytedance.com)"
178.165.176.165 - - [21/Oct/2024:14:15:20 +0200] "GET /entry.php?id=10271&&ser=512860 HTTP/1.1" 200 987 "http://hausegger.activities.at/entry.php?id=10271&&ser=512800" "Mozilla/5.0 (Windows NT 10.0; Win64; x64; rv:131.0) Gecko/20100101 Firefox/131.0"
178.165.176.165 - - [21/Oct/2024:14:15:20 +0200] "GET /gui/javascript/form_form.js?1729512920 HTTP/1.1" 200 16206 "http://hausegger.activities.at/entry.php?id=10271&&ser=512860" "Mozilla/5.0 (Windows NT 10.0; Win64; x64; rv:131.0) Gecko/20100101 Firefox/131.0"
156.59.198.136 - - [21/Oct/2024:14:15:30 +0200] "GET /renault.activities.at/htdocs/export/pdf/emuc_document/10744952.pdf HTTP/1.0" 404 322 "-" "Mozilla/5.0 (Linux; Android 5.0) AppleWebKit/537.36 (KHTML, like Gecko) Mobile Safari/537.36 (compatible; Bytespider; spider-feedback@bytedance.com)"
156.59.198.135 - - [21/Oct/2024:14:15:50 +0200] "GET /renault.activities.at/htdocs/export/pdf/emuc_document/12468507.pdf HTTP/1.0" 404 322 "-" "Mozilla/5.0 (Linux; Android 5.0) AppleWebKit/537.36 (KHTML, like Gecko) Mobile Safari/537.36 (compatible; Bytespider; spider-feedback@bytedance.com)"
156.59.198.136 - - [21/Oct/2024:14:16:12 +0200] "GET /renault.activities.at/htdocs/export/pdf/emuc_document/12423084.pdf HTTP/1.0" 404 322 "-" "Mozilla/5.0 (Linux; Android 5.0) AppleWebKit/537.36 (KHTML, like Gecko) Mobile Safari/537.36 (compatible; Bytespider; spider-feedback@bytedance.com)"
178.165.176.165 - - [21/Oct/2024:14:16:21 +0200] "GET /entry.php?id=10271&&ser=512920 HTTP/1.1" 200 986 "http://hausegger.activities.at/entry.php?id=10271&&ser=512860" "Mozilla/5.0 (Windows NT 10.0; Win64; x64; rv:131.0) Gecko/20100101 Firefox/131.0"
178.165.176.165 - - [21/Oct/2024:14:16:21 +0200] "GET /gui/javascript/jquery/css/gui-themes/custom.min.css HTTP/1.1" 304 - "http://hausegger.activities.at/entry.php?id=10271&&ser=512920" "Mozilla/5.0 (Windows NT 10.0; Win64; x64; rv:131.0) Gecko/20100101 Firefox/131.0"
178.165.176.165 - - [21/Oct/2024:14:16:21 +0200] "GET /gui/javascript/jquery/css/gui-themes/ui.spinner.css HTTP/1.1" 304 - "http://hausegger.activities.at/entry.php?id=10271&&ser=512920" "Mozilla/5.0 (Windows NT 10.0; Win64; x64; rv:131.0) Gecko/20100101 Firefox/131.0"
178.165.176.165 - - [21/Oct/2024:14:16:21 +0200] "GET /gui/javascript/jquery/js/jquery-1.8.2.js HTTP/1.1" 304 - "http://hausegger.activities.at/entry.php?id=10271&&ser=512920" "Mozilla/5.0 (Windows NT 10.0; Win64; x64; rv:131.0) Gecko/20100101 Firefox/131.0"
178.165.176.165 - - [21/Oct/2024:14:16:21 +0200] "GET /gui/javascript/jquery/js/jquery-ui-1.9.0.custom.min.js HTTP/1.1" 304 - "http://hausegger.activities.at/entry.php?id=10271&&ser=512920" "Mozilla/5.0 (Windows NT 10.0; Win64; x64; rv:131.0) Gecko/20100101 Firefox/131.0"
178.165.176.165 - - [21/Oct/2024:14:16:21 +0200] "GET /gui/javascript/jquery/css/gui-themes/jquery.tooltip.css HTTP/1.1" 304 - "http://hausegger.activities.at/entry.php?id=10271&&ser=512920" "Mozilla/5.0 (Windows NT 10.0; Win64; x64; rv:131.0) Gecko/20100101 Firefox/131.0"
178.165.176.165 - - [21/Oct/2024:14:16:21 +0200] "GET /gui/javascript/form_form.js?1729512981 HTTP/1.1" 200 16206 "http://hausegger.activities.at/entry.php?id=10271&&ser=512920" "Mozilla/5.0 (Windows NT 10.0; Win64; x64; rv:131.0) Gecko/20100101 Firefox/131.0"
156.59.198.136 - - [21/Oct/2024:14:16:32 +0200] "GET /renault.activities.at/htdocs/export/txt/factura/FacturaExport20140402090606.txt HTTP/1.0" 404 327 "-" "Mozilla/5.0 (Linux; Android 5.0) AppleWebKit/537.36 (KHTML, like Gecko) Mobile Safari/537.36 (compatible; Bytespider; spider-feedback@bytedance.com)"
156.59.198.135 - - [21/Oct/2024:14:16:54 +0200] "GET /renault.activities.at/htdocs/export/pdf/emuc_document/10433516.pdf HTTP/1.0" 404 322 "-" "Mozilla/5.0 (Linux; Android 5.0) AppleWebKit/537.36 (KHTML, like Gecko) Mobile Safari/537.36 (compatible; Bytespider; spider-feedback@bytedance.com)"
156.59.198.136 - - [21/Oct/2024:14:17:15 +0200] "GET /renault.activities.at/htdocs/export/pdf/emuc_document/11228115.pdf HTTP/1.0" 404 321 "-" "Mozilla/5.0 (Linux; Android 5.0) AppleWebKit/537.36 (KHTML, like Gecko) Mobile Safari/537.36 (compatible; Bytespider; spider-feedback@bytedance.com)"
178.165.176.165 - - [21/Oct/2024:14:17:21 +0200] "GET /entry.php?id=10271&&ser=512981 HTTP/1.1" 200 987 "http://hausegger.activities.at/entry.php?id=10271&&ser=512920" "Mozilla/5.0 (Windows NT 10.0; Win64; x64; rv:131.0) Gecko/20100101 Firefox/131.0"
178.165.176.165 - - [21/Oct/2024:14:17:21 +0200] "GET /gui/javascript/form_form.js?1729513041 HTTP/1.1" 200 16206 "http://hausegger.activities.at/entry.php?id=10271&&ser=512981" "Mozilla/5.0 (Windows NT 10.0; Win64; x64; rv:131.0) Gecko/20100101 Firefox/131.0"
156.59.198.135 - - [21/Oct/2024:14:17:36 +0200] "GET /renault.activities.at/htdocs/log/cron/pickupLogisticData_3114701.txt HTTP/1.0" 404 325 "-" "Mozilla/5.0 (Linux; Android 5.0) AppleWebKit/537.36 (KHTML, like Gecko) Mobile Safari/537.36 (compatible; Bytespider; spider-feedback@bytedance.com)"
156.59.198.135 - - [21/Oct/2024:14:17:57 +0200] "GET /renault.activities.at/htdocs/export/pdf/emuc_document/12388028.pdf HTTP/1.0" 404 322 "-" "Mozilla/5.0 (Linux; Android 5.0) AppleWebKit/537.36 (KHTML, like Gecko) Mobile Safari/537.36 (compatible; Bytespider; spider-feedback@bytedance.com)"
156.59.198.136 - - [21/Oct/2024:14:18:18 +0200] "GET /renault.2web.at/stats/lang/awstats-lt.txt HTTP/1.0" 404 302 "-" "Mozilla/5.0 (Linux; Android 5.0) AppleWebKit/537.36 (KHTML, like Gecko) Mobile Safari/537.36 (compatible; Bytespider; spider-feedback@bytedance.com)"
178.165.176.165 - - [21/Oct/2024:14:18:21 +0200] "GET /entry.php?id=10271&&ser=513041 HTTP/1.1" 200 986 "http://hausegger.activities.at/entry.php?id=10271&&ser=512981" "Mozilla/5.0 (Windows NT 10.0; Win64; x64; rv:131.0) Gecko/20100101 Firefox/131.0"
178.165.176.165 - - [21/Oct/2024:14:18:21 +0200] "GET /gui/javascript/form_form.js?1729513101 HTTP/1.1" 200 16206 "http://hausegger.activities.at/entry.php?id=10271&&ser=513041" "Mozilla/5.0 (Windows NT 10.0; Win64; x64; rv:131.0) Gecko/20100101 Firefox/131.0"
156.59.198.135 - - [21/Oct/2024:14:18:39 +0200] "GET /renault.activities.at/htdocs/export/xml/data/orders/202111291103_RenOrder.xml HTTP/1.0" 404 328 "-" "Mozilla/5.0 (Linux; Android 5.0) AppleWebKit/537.36 (KHTML, like Gecko) Mobile Safari/537.36 (compatible; Bytespider; spider-feedback@bytedance.com)"
156.59.198.136 - - [21/Oct/2024:14:19:00 +0200] "GET /renault.activities.at/htdocs/export/pdf/emuc_document/12202958.pdf HTTP/1.0" 404 321 "-" "Mozilla/5.0 (Linux; Android 5.0) AppleWebKit/537.36 (KHTML, like Gecko) Mobile Safari/537.36 (compatible; Bytespider; spider-feedback@bytedance.com)"
156.59.198.136 - - [21/Oct/2024:14:19:21 +0200] "GET /renault.activities.at/htdocs/log/cron/reminder_mailing_3115186.txt HTTP/1.0" 404 322 "-" "Mozilla/5.0 (Linux; Android 5.0) AppleWebKit/537.36 (KHTML, like Gecko) Mobile Safari/537.36 (compatible; Bytespider; spider-feedback@bytedance.com)"
178.165.176.165 - - [21/Oct/2024:14:19:22 +0200] "GET /entry.php?id=10271&&ser=513101 HTTP/1.1" 200 987 "http://hausegger.activities.at/entry.php?id=10271&&ser=513041" "Mozilla/5.0 (Windows NT 10.0; Win64; x64; rv:131.0) Gecko/20100101 Firefox/131.0"
178.165.176.165 - - [21/Oct/2024:14:19:22 +0200] "GET /gui/javascript/form_form.js?1729513162 HTTP/1.1" 200 16206 "http://hausegger.activities.at/entry.php?id=10271&&ser=513101" "Mozilla/5.0 (Windows NT 10.0; Win64; x64; rv:131.0) Gecko/20100101 Firefox/131.0"
156.59.198.135 - - [21/Oct/2024:14:19:43 +0200] "GET /renault.activities.at/htdocs/export/pdf/emuc_document/10961360.pdf HTTP/1.0" 404 322 "-" "Mozilla/5.0 (Linux; Android 5.0) AppleWebKit/537.36 (KHTML, like Gecko) Mobile Safari/537.36 (compatible; Bytespider; spider-feedback@bytedance.com)"
156.59.198.136 - - [21/Oct/2024:14:20:04 +0200] "GET /renault.activities.at/htdocs/export/pdf/emuc_document/12291748.pdf HTTP/1.0" 404 322 "-" "Mozilla/5.0 (Linux; Android 5.0) AppleWebKit/537.36 (KHTML, like Gecko) Mobile Safari/537.36 (compatible; Bytespider; spider-feedback@bytedance.com)"
178.165.176.165 - - [21/Oct/2024:14:20:22 +0200] "GET /entry.php?id=10271&&ser=513162 HTTP/1.1" 200 987 "http://hausegger.activities.at/entry.php?id=10271&&ser=513101" "Mozilla/5.0 (Windows NT 10.0; Win64; x64; rv:131.0) Gecko/20100101 Firefox/131.0"
178.165.176.165 - - [21/Oct/2024:14:20:22 +0200] "GET /gui/javascript/form_form.js?1729513222 HTTP/1.1" 200 16206 "http://hausegger.activities.at/entry.php?id=10271&&ser=513162" "Mozilla/5.0 (Windows NT 10.0; Win64; x64; rv:131.0) Gecko/20100101 Firefox/131.0"
156.59.198.136 - - [21/Oct/2024:14:20:26 +0200] "GET /renault.activities.at/htdocs/export/xml/data/articles/202005281703_RenArticle.xml HTTP/1.0" 404 331 "-" "Mozilla/5.0 (Linux; Android 5.0) AppleWebKit/537.36 (KHTML, like Gecko) Mobile Safari/537.36 (compatible; Bytespider; spider-feedback@bytedance.com)"
178.165.176.165 - - [21/Oct/2024:14:20:32 +0200] "POST /entry.php?id=10828 HTTP/1.1" 200 9331 "http://hausegger.activities.at/entry.php?id=10828" "Mozilla/5.0 (Windows NT 10.0; Win64; x64; rv:131.0) Gecko/20100101 Firefox/131.0"
178.165.176.165 - - [21/Oct/2024:14:20:32 +0200] "GET /gui/javascript/form_form.js?1729513232 HTTP/1.1" 200 16206 "http://hausegger.activities.at/entry.php?id=10828" "Mozilla/5.0 (Windows NT 10.0; Win64; x64; rv:131.0) Gecko/20100101 Firefox/131.0"
178.165.176.165 - - [21/Oct/2024:14:20:33 +0200] "GET /entry.php?id=10889&document_id=& HTTP/1.1" 200 1510 "http://hausegger.activities.at/entry.php?id=10828" "Mozilla/5.0 (Windows NT 10.0; Win64; x64; rv:131.0) Gecko/20100101 Firefox/131.0"
178.165.176.165 - - [21/Oct/2024:14:20:33 +0200] "GET /gui/javascript/form_form.js?1729513233 HTTP/1.1" 200 16206 "http://hausegger.activities.at/entry.php?id=10889&document_id=&" "Mozilla/5.0 (Windows NT 10.0; Win64; x64; rv:131.0) Gecko/20100101 Firefox/131.0"
178.165.176.165 - - [21/Oct/2024:14:20:35 +0200] "GET /entry.php?id=10877&mode=loadSearchCustomer&obj=number&tag=debitor&value=f&ser=1729508070026 HTTP/1.1" 200 325 "http://hausegger.activities.at/entry.php?id=10828" "Mozilla/5.0 (Windows NT 10.0; Win64; x64; rv:131.0) Gecko/20100101 Firefox/131.0"
178.165.176.165 - - [21/Oct/2024:14:20:35 +0200] "GET /entry.php?id=10877&mode=loadSearchCustomer&obj=number&tag=debitor&value=f.&ser=1729508070473 HTTP/1.1" 200 175 "http://hausegger.activities.at/entry.php?id=10828" "Mozilla/5.0 (Windows NT 10.0; Win64; x64; rv:131.0) Gecko/20100101 Firefox/131.0"
178.165.176.165 - - [21/Oct/2024:14:20:36 +0200] "POST /entry.php?id=10889 HTTP/1.1" 200 1760 "http://hausegger.activities.at/entry.php?id=10889&document_id=&" "Mozilla/5.0 (Windows NT 10.0; Win64; x64; rv:131.0) Gecko/20100101 Firefox/131.0"
178.165.176.165 - - [21/Oct/2024:14:20:36 +0200] "GET /gui/javascript/form_form.js?1729513236 HTTP/1.1" 200 16206 "http://hausegger.activities.at/entry.php?id=10889" "Mozilla/5.0 (Windows NT 10.0; Win64; x64; rv:131.0) Gecko/20100101 Firefox/131.0"
178.165.176.165 - - [21/Oct/2024:14:20:45 +0200] "POST /entry.php?id=10828 HTTP/1.1" 200 8731 "http://hausegger.activities.at/entry.php?id=10828" "Mozilla/5.0 (Windows NT 10.0; Win64; x64; rv:131.0) Gecko/20100101 Firefox/131.0"
178.165.176.165 - - [21/Oct/2024:14:20:45 +0200] "GET /gui/javascript/form_form.js?1729513245 HTTP/1.1" 200 16206 "http://hausegger.activities.at/entry.php?id=10828" "Mozilla/5.0 (Windows NT 10.0; Win64; x64; rv:131.0) Gecko/20100101 Firefox/131.0"
178.165.176.165 - - [21/Oct/2024:14:20:45 +0200] "GET /entry.php?id=10889&document_id=10343447& HTTP/1.1" 200 1510 "http://hausegger.activities.at/entry.php?id=10828" "Mozilla/5.0 (Windows NT 10.0; Win64; x64; rv:131.0) Gecko/20100101 Firefox/131.0"
178.165.176.165 - - [21/Oct/2024:14:20:46 +0200] "GET /gui/javascript/form_form.js?1729513246 HTTP/1.1" 200 16206 "http://hausegger.activities.at/entry.php?id=10889&document_id=10343447&" "Mozilla/5.0 (Windows NT 10.0; Win64; x64; rv:131.0) Gecko/20100101 Firefox/131.0"
178.165.176.165 - - [21/Oct/2024:14:20:46 +0200] "POST /entry.php?id=10828 HTTP/1.1" 200 4993 "http://hausegger.activities.at/entry.php?id=10828" "Mozilla/5.0 (Windows NT 10.0; Win64; x64; rv:131.0) Gecko/20100101 Firefox/131.0"
178.165.176.165 - - [21/Oct/2024:14:20:47 +0200] "GET /gui/javascript/form_form.js?1729513247 HTTP/1.1" 200 16206 "http://hausegger.activities.at/entry.php?id=10828" "Mozilla/5.0 (Windows NT 10.0; Win64; x64; rv:131.0) Gecko/20100101 Firefox/131.0"
178.165.176.165 - - [21/Oct/2024:14:20:47 +0200] "GET /entry.php?id=10889&document_id=10343447& HTTP/1.1" 200 1510 "http://hausegger.activities.at/entry.php?id=10828" "Mozilla/5.0 (Windows NT 10.0; Win64; x64; rv:131.0) Gecko/20100101 Firefox/131.0"
156.59.198.136 - - [21/Oct/2024:14:20:47 +0200] "GET /renault.activities.at/htdocs/export/xml/data/articles/202001270903_RenArticle.xml HTTP/1.0" 404 332 "-" "Mozilla/5.0 (Linux; Android 5.0) AppleWebKit/537.36 (KHTML, like Gecko) Mobile Safari/537.36 (compatible; Bytespider; spider-feedback@bytedance.com)"
178.165.176.165 - - [21/Oct/2024:14:20:51 +0200] "POST /entry.php?id=10828 HTTP/1.1" 200 5010 "http://hausegger.activities.at/entry.php?id=10828" "Mozilla/5.0 (Windows NT 10.0; Win64; x64; rv:131.0) Gecko/20100101 Firefox/131.0"
178.165.176.165 - - [21/Oct/2024:14:20:51 +0200] "GET /gui/javascript/form_form.js?1729513251 HTTP/1.1" 200 16206 "http://hausegger.activities.at/entry.php?id=10828" "Mozilla/5.0 (Windows NT 10.0; Win64; x64; rv:131.0) Gecko/20100101 Firefox/131.0"
178.165.176.165 - - [21/Oct/2024:14:20:51 +0200] "GET /entry.php?id=10889&document_id=10343447& HTTP/1.1" 200 1510 "http://hausegger.activities.at/entry.php?id=10828" "Mozilla/5.0 (Windows NT 10.0; Win64; x64; rv:131.0) Gecko/20100101 Firefox/131.0"
178.165.176.165 - - [21/Oct/2024:14:20:52 +0200] "GET /gui/javascript/form_form.js?1729513252 HTTP/1.1" 200 16206 "http://hausegger.activities.at/entry.php?id=10889&document_id=10343447&" "Mozilla/5.0 (Windows NT 10.0; Win64; x64; rv:131.0) Gecko/20100101 Firefox/131.0"
178.165.176.165 - - [21/Oct/2024:14:20:52 +0200] "POST /entry.php?id=10828 HTTP/1.1" 200 4791 "http://hausegger.activities.at/entry.php?id=10828" "Mozilla/5.0 (Windows NT 10.0; Win64; x64; rv:131.0) Gecko/20100101 Firefox/131.0"
178.165.176.165 - - [21/Oct/2024:14:20:52 +0200] "GET /gui/javascript/form_form.js?1729513252 HTTP/1.1" 200 16206 "http://hausegger.activities.at/entry.php?id=10828" "Mozilla/5.0 (Windows NT 10.0; Win64; x64; rv:131.0) Gecko/20100101 Firefox/131.0"
178.165.176.165 - - [21/Oct/2024:14:20:52 +0200] "GET /entry.php?id=10889&document_id=10343447& HTTP/1.1" 200 1510 "http://hausegger.activities.at/entry.php?id=10828" "Mozilla/5.0 (Windows NT 10.0; Win64; x64; rv:131.0) Gecko/20100101 Firefox/131.0"
178.165.176.165 - - [21/Oct/2024:14:20:52 +0200] "GET /entry.php?id=10830&&object=10343447&account=&mode=documentdebitor HTTP/1.1" 200 3130 "http://hausegger.activities.at/entry.php?id=10828" "Mozilla/5.0 (Windows NT 10.0; Win64; x64; rv:131.0) Gecko/20100101 Firefox/131.0"
178.165.176.165 - - [21/Oct/2024:14:20:53 +0200] "GET /gui/images/icons/ajax_loading.gif HTTP/1.1" 200 1542 "http://hausegger.activities.at/entry.php?id=10830&&object=10343447&account=&mode=documentdebitor" "Mozilla/5.0 (Windows NT 10.0; Win64; x64; rv:131.0) Gecko/20100101 Firefox/131.0"
178.165.176.165 - - [21/Oct/2024:14:20:53 +0200] "POST /entry.php?id=10889 HTTP/1.1" 200 1581 "http://hausegger.activities.at/entry.php?id=10889&document_id=10343447&" "Mozilla/5.0 (Windows NT 10.0; Win64; x64; rv:131.0) Gecko/20100101 Firefox/131.0"
178.165.176.165 - - [21/Oct/2024:14:20:53 +0200] "GET /gui/javascript/form_form.js?1729513253 HTTP/1.1" 200 16206 "http://hausegger.activities.at/entry.php?id=10889" "Mozilla/5.0 (Windows NT 10.0; Win64; x64; rv:131.0) Gecko/20100101 Firefox/131.0"
178.165.176.165 - - [21/Oct/2024:14:20:55 +0200] "GET /entry.php?id=10877&mode=loadSearchArticle&obj=article_1&tag=debit&refobject=10343447&value=1&ser=1729508089330 HTTP/1.1" 200 37930 "http://hausegger.activities.at/entry.php?id=10830&&object=10343447&account=&mode=documentdebitor" "Mozilla/5.0 (Windows NT 10.0; Win64; x64; rv:131.0) Gecko/20100101 Firefox/131.0"
178.165.176.165 - - [21/Oct/2024:14:20:55 +0200] "GET /entry.php?id=10877&mode=loadSearchArticle&obj=article_1&tag=debit&refobject=10343447&value=160&ser=1729508089610 HTTP/1.1" 200 1809 "http://hausegger.activities.at/entry.php?id=10830&&object=10343447&account=&mode=documentdebitor" "Mozilla/5.0 (Windows NT 10.0; Win64; x64; rv:131.0) Gecko/20100101 Firefox/131.0"
178.165.176.165 - - [21/Oct/2024:14:20:55 +0200] "GET /entry.php?id=10877&mode=loadSearchArticle&obj=article_1&tag=debit&refobject=10343447&value=160&ser=1729508089674 HTTP/1.1" 200 1809 "http://hausegger.activities.at/entry.php?id=10830&&object=10343447&account=&mode=documentdebitor" "Mozilla/5.0 (Windows NT 10.0; Win64; x64; rv:131.0) Gecko/20100101 Firefox/131.0"
178.165.176.165 - - [21/Oct/2024:14:20:55 +0200] "GET /entry.php?id=10877&mode=loadSearchArticle&obj=article_1&tag=debit&refobject=10343447&value=1601&ser=1729508089841 HTTP/1.1" 200 1346 "http://hausegger.activities.at/entry.php?id=10830&&object=10343447&account=&mode=documentdebitor" "Mozilla/5.0 (Windows NT 10.0; Win64; x64; rv:131.0) Gecko/20100101 Firefox/131.0"
178.165.176.165 - - [21/Oct/2024:14:20:55 +0200] "GET /entry.php?id=10877&mode=loadSearchArticle&obj=article_1&tag=debit&refobject=10343447&value=16016&ser=1729508090130 HTTP/1.1" 200 1231 "http://hausegger.activities.at/entry.php?id=10830&&object=10343447&account=&mode=documentdebitor" "Mozilla/5.0 (Windows NT 10.0; Win64; x64; rv:131.0) Gecko/20100101 Firefox/131.0"
178.165.176.165 - - [21/Oct/2024:14:20:56 +0200] "GET /entry.php?id=10877&mode=loadSearchArticle&obj=article_1&tag=debit&refobject=10343447&value=160160&ser=1729508090209 HTTP/1.1" 200 1231 "http://hausegger.activities.at/entry.php?id=10830&&object=10343447&account=&mode=documentdebitor" "Mozilla/5.0 (Windows NT 10.0; Win64; x64; rv:131.0) Gecko/20100101 Firefox/131.0"
178.165.176.165 - - [21/Oct/2024:14:20:56 +0200] "GET /entry.php?id=10877&mode=loadSearchArticle&obj=article_1&tag=debit&refobject=10343447&value=1601600&ser=1729508090418 HTTP/1.1" 200 788 "http://hausegger.activities.at/entry.php?id=10830&&object=10343447&account=&mode=documentdebitor" "Mozilla/5.0 (Windows NT 10.0; Win64; x64; rv:131.0) Gecko/20100101 Firefox/131.0"
178.165.176.165 - - [21/Oct/2024:14:20:56 +0200] "GET /entry.php?id=10877&mode=loadSearchArticle&obj=article_1&tag=debit&refobject=10343447&value=16016008&ser=1729508090570 HTTP/1.1" 200 451 "http://hausegger.activities.at/entry.php?id=10830&&object=10343447&account=&mode=documentdebitor" "Mozilla/5.0 (Windows NT 10.0; Win64; x64; rv:131.0) Gecko/20100101 Firefox/131.0"
178.165.176.165 - - [21/Oct/2024:14:20:56 +0200] "GET /entry.php?id=10877&mode=loadSearchArticle&obj=article_1&tag=debit&refobject=10343447&value=160160082&ser=1729508090793 HTTP/1.1" 200 281 "http://hausegger.activities.at/entry.php?id=10830&&object=10343447&account=&mode=documentdebitor" "Mozilla/5.0 (Windows NT 10.0; Win64; x64; rv:131.0) Gecko/20100101 Firefox/131.0"
178.165.176.165 - - [21/Oct/2024:14:20:57 +0200] "POST /entry.php?id=10889 HTTP/1.1" 200 1931 "http://hausegger.activities.at/entry.php?id=10889" "Mozilla/5.0 (Windows NT 10.0; Win64; x64; rv:131.0) Gecko/20100101 Firefox/131.0"
178.165.176.165 - - [21/Oct/2024:14:20:58 +0200] "GET /gui/javascript/form_form.js?1729513258 HTTP/1.1" 200 16206 "http://hausegger.activities.at/entry.php?id=10889" "Mozilla/5.0 (Windows NT 10.0; Win64; x64; rv:131.0) Gecko/20100101 Firefox/131.0"
178.165.176.165 - - [21/Oct/2024:14:20:58 +0200] "POST /entry.php?id=10889 HTTP/1.1" 200 1679 "http://hausegger.activities.at/entry.php?id=10889" "Mozilla/5.0 (Windows NT 10.0; Win64; x64; rv:131.0) Gecko/20100101 Firefox/131.0"
178.165.176.165 - - [21/Oct/2024:14:21:04 +0200] "POST /entry.php?id=10889 HTTP/1.1" 200 1854 "http://hausegger.activities.at/entry.php?id=10889" "Mozilla/5.0 (Windows NT 10.0; Win64; x64; rv:131.0) Gecko/20100101 Firefox/131.0"
178.165.176.165 - - [21/Oct/2024:14:21:05 +0200] "GET /gui/javascript/form_form.js?1729513265 HTTP/1.1" 200 16206 "http://hausegger.activities.at/entry.php?id=10889" "Mozilla/5.0 (Windows NT 10.0; Win64; x64; rv:131.0) Gecko/20100101 Firefox/131.0"
178.165.176.165 - - [21/Oct/2024:14:21:05 +0200] "POST /entry.php?id=10889 HTTP/1.1" 200 1669 "http://hausegger.activities.at/entry.php?id=10889" "Mozilla/5.0 (Windows NT 10.0; Win64; x64; rv:131.0) Gecko/20100101 Firefox/131.0"
178.165.176.165 - - [21/Oct/2024:14:21:06 +0200] "GET /gui/javascript/form_form.js?1729513266 HTTP/1.1" 200 16206 "http://hausegger.activities.at/entry.php?id=10889" "Mozilla/5.0 (Windows NT 10.0; Win64; x64; rv:131.0) Gecko/20100101 Firefox/131.0"
178.165.176.165 - - [21/Oct/2024:14:21:06 +0200] "GET /entry.php?id=10877&mode=loadSearchArticle&obj=article_2&tag=debit&refobject=10343447&value=1&ser=1729508101242 HTTP/1.1" 200 37930 "http://hausegger.activities.at/entry.php?id=10830&&object=10343447&account=&mode=documentdebitor" "Mozilla/5.0 (Windows NT 10.0; Win64; x64; rv:131.0) Gecko/20100101 Firefox/131.0"
178.165.176.165 - - [21/Oct/2024:14:21:06 +0200] "GET /entry.php?id=10877&mode=loadSearchArticle&obj=article_2&tag=debit&refobject=10343447&value=160&ser=1729508101522 HTTP/1.1" 200 1809 "http://hausegger.activities.at/entry.php?id=10830&&object=10343447&account=&mode=documentdebitor" "Mozilla/5.0 (Windows NT 10.0; Win64; x64; rv:131.0) Gecko/20100101 Firefox/131.0"
178.165.176.165 - - [21/Oct/2024:14:21:07 +0200] "GET /entry.php?id=10877&mode=loadSearchArticle&obj=article_2&tag=debit&refobject=10343447&value=160&ser=1729508101586 HTTP/1.1" 200 1809 "http://hausegger.activities.at/entry.php?id=10830&&object=10343447&account=&mode=documentdebitor" "Mozilla/5.0 (Windows NT 10.0; Win64; x64; rv:131.0) Gecko/20100101 Firefox/131.0"
178.165.176.165 - - [21/Oct/2024:14:21:07 +0200] "GET /entry.php?id=10877&mode=loadSearchArticle&obj=article_2&tag=debit&refobject=10343447&value=1601&ser=1729508101754 HTTP/1.1" 200 1346 "http://hausegger.activities.at/entry.php?id=10830&&object=10343447&account=&mode=documentdebitor" "Mozilla/5.0 (Windows NT 10.0; Win64; x64; rv:131.0) Gecko/20100101 Firefox/131.0"
178.165.176.165 - - [21/Oct/2024:14:21:07 +0200] "GET /entry.php?id=10877&mode=loadSearchArticle&obj=article_2&tag=debit&refobject=10343447&value=160160&ser=1729508101994 HTTP/1.1" 200 1231 "http://hausegger.activities.at/entry.php?id=10830&&object=10343447&account=&mode=documentdebitor" "Mozilla/5.0 (Windows NT 10.0; Win64; x64; rv:131.0) Gecko/20100101 Firefox/131.0"
178.165.176.165 - - [21/Oct/2024:14:21:07 +0200] "GET /entry.php?id=10877&mode=loadSearchArticle&obj=article_2&tag=debit&refobject=10343447&value=160160&ser=1729508102066 HTTP/1.1" 200 1231 "http://hausegger.activities.at/entry.php?id=10830&&object=10343447&account=&mode=documentdebitor" "Mozilla/5.0 (Windows NT 10.0; Win64; x64; rv:131.0) Gecko/20100101 Firefox/131.0"
178.165.176.165 - - [21/Oct/2024:14:21:07 +0200] "GET /entry.php?id=10877&mode=loadSearchArticle&obj=article_2&tag=debit&refobject=10343447&value=1601600&ser=1729508102249 HTTP/1.1" 200 788 "http://hausegger.activities.at/entry.php?id=10830&&object=10343447&account=&mode=documentdebitor" "Mozilla/5.0 (Windows NT 10.0; Win64; x64; rv:131.0) Gecko/20100101 Firefox/131.0"
178.165.176.165 - - [21/Oct/2024:14:21:07 +0200] "GET /entry.php?id=10877&mode=loadSearchArticle&obj=article_2&tag=debit&refobject=10343447&value=16016009&ser=1729508102491 HTTP/1.1" 200 347 "http://hausegger.activities.at/entry.php?id=10830&&object=10343447&account=&mode=documentdebitor" "Mozilla/5.0 (Windows NT 10.0; Win64; x64; rv:131.0) Gecko/20100101 Firefox/131.0"
178.165.176.165 - - [21/Oct/2024:14:21:08 +0200] "GET /entry.php?id=10877&mode=loadSearchArticle&obj=article_2&tag=debit&refobject=10343447&value=1601600&ser=1729508103321 HTTP/1.1" 200 788 "http://hausegger.activities.at/entry.php?id=10830&&object=10343447&account=&mode=documentdebitor" "Mozilla/5.0 (Windows NT 10.0; Win64; x64; rv:131.0) Gecko/20100101 Firefox/131.0"
178.165.176.165 - - [21/Oct/2024:14:21:09 +0200] "GET /entry.php?id=10877&mode=loadSearchArticle&obj=article_2&tag=debit&refobject=10343447&value=16016008&ser=1729508103745 HTTP/1.1" 200 451 "http://hausegger.activities.at/entry.php?id=10830&&object=10343447&account=&mode=documentdebitor" "Mozilla/5.0 (Windows NT 10.0; Win64; x64; rv:131.0) Gecko/20100101 Firefox/131.0"
156.59.198.136 - - [21/Oct/2024:14:21:09 +0200] "GET /renault.activities.at/htdocs/export/pdf/emuc_document/11214662.pdf HTTP/1.0" 404 321 "-" "Mozilla/5.0 (Linux; Android 5.0) AppleWebKit/537.36 (KHTML, like Gecko) Mobile Safari/537.36 (compatible; Bytespider; spider-feedback@bytedance.com)"
178.165.176.165 - - [21/Oct/2024:14:21:09 +0200] "GET /entry.php?id=10877&mode=loadSearchArticle&obj=article_2&tag=debit&refobject=10343447&value=160160089&ser=1729508103946 HTTP/1.1" 200 286 "http://hausegger.activities.at/entry.php?id=10830&&object=10343447&account=&mode=documentdebitor" "Mozilla/5.0 (Windows NT 10.0; Win64; x64; rv:131.0) Gecko/20100101 Firefox/131.0"
178.165.176.165 - - [21/Oct/2024:14:21:10 +0200] "POST /entry.php?id=10889 HTTP/1.1" 200 1986 "http://hausegger.activities.at/entry.php?id=10889" "Mozilla/5.0 (Windows NT 10.0; Win64; x64; rv:131.0) Gecko/20100101 Firefox/131.0"
178.165.176.165 - - [21/Oct/2024:14:21:10 +0200] "GET /gui/javascript/form_form.js?1729513270 HTTP/1.1" 200 16206 "http://hausegger.activities.at/entry.php?id=10889" "Mozilla/5.0 (Windows NT 10.0; Win64; x64; rv:131.0) Gecko/20100101 Firefox/131.0"
178.165.176.165 - - [21/Oct/2024:14:21:10 +0200] "POST /entry.php?id=10889 HTTP/1.1" 200 1749 "http://hausegger.activities.at/entry.php?id=10889" "Mozilla/5.0 (Windows NT 10.0; Win64; x64; rv:131.0) Gecko/20100101 Firefox/131.0"
178.165.176.165 - - [21/Oct/2024:14:21:11 +0200] "GET /gui/javascript/form_form.js?1729513271 HTTP/1.1" 200 16206 "http://hausegger.activities.at/entry.php?id=10889" "Mozilla/5.0 (Windows NT 10.0; Win64; x64; rv:131.0) Gecko/20100101 Firefox/131.0"
178.165.176.165 - - [21/Oct/2024:14:21:11 +0200] "POST /entry.php?id=10889 HTTP/1.1" 200 1862 "http://hausegger.activities.at/entry.php?id=10889" "Mozilla/5.0 (Windows NT 10.0; Win64; x64; rv:131.0) Gecko/20100101 Firefox/131.0"
178.165.176.165 - - [21/Oct/2024:14:21:12 +0200] "GET /gui/javascript/form_form.js?1729513272 HTTP/1.1" 200 16206 "http://hausegger.activities.at/entry.php?id=10889" "Mozilla/5.0 (Windows NT 10.0; Win64; x64; rv:131.0) Gecko/20100101 Firefox/131.0"
178.165.176.165 - - [21/Oct/2024:14:21:13 +0200] "POST /entry.php?id=10889 HTTP/1.1" 200 1675 "http://hausegger.activities.at/entry.php?id=10889" "Mozilla/5.0 (Windows NT 10.0; Win64; x64; rv:131.0) Gecko/20100101 Firefox/131.0"
178.165.176.165 - - [21/Oct/2024:14:21:13 +0200] "GET /gui/javascript/form_form.js?1729513273 HTTP/1.1" 200 16206 "http://hausegger.activities.at/entry.php?id=10889" "Mozilla/5.0 (Windows NT 10.0; Win64; x64; rv:131.0) Gecko/20100101 Firefox/131.0"
178.165.176.165 - - [21/Oct/2024:14:21:14 +0200] "GET /entry.php?id=10877&mode=loadSearchArticle&obj=article_3&tag=debit&refobject=10343447&value=1&ser=1729508108626 HTTP/1.1" 200 37930 "http://hausegger.activities.at/entry.php?id=10830&&object=10343447&account=&mode=documentdebitor" "Mozilla/5.0 (Windows NT 10.0; Win64; x64; rv:131.0) Gecko/20100101 Firefox/131.0"
178.165.176.165 - - [21/Oct/2024:14:21:14 +0200] "GET /entry.php?id=10877&mode=loadSearchArticle&obj=article_3&tag=debit&refobject=10343447&value=160&ser=1729508108897 HTTP/1.1" 200 1809 "http://hausegger.activities.at/entry.php?id=10830&&object=10343447&account=&mode=documentdebitor" "Mozilla/5.0 (Windows NT 10.0; Win64; x64; rv:131.0) Gecko/20100101 Firefox/131.0"
178.165.176.165 - - [21/Oct/2024:14:21:14 +0200] "GET /entry.php?id=10877&mode=loadSearchArticle&obj=article_3&tag=debit&refobject=10343447&value=160&ser=1729508108994 HTTP/1.1" 200 1809 "http://hausegger.activities.at/entry.php?id=10830&&object=10343447&account=&mode=documentdebitor" "Mozilla/5.0 (Windows NT 10.0; Win64; x64; rv:131.0) Gecko/20100101 Firefox/131.0"
178.165.176.165 - - [21/Oct/2024:14:21:14 +0200] "GET /entry.php?id=10877&mode=loadSearchArticle&obj=article_3&tag=debit&refobject=10343447&value=1601&ser=1729508109170 HTTP/1.1" 200 1346 "http://hausegger.activities.at/entry.php?id=10830&&object=10343447&account=&mode=documentdebitor" "Mozilla/5.0 (Windows NT 10.0; Win64; x64; rv:131.0) Gecko/20100101 Firefox/131.0"
178.165.176.165 - - [21/Oct/2024:14:21:14 +0200] "GET /entry.php?id=10877&mode=loadSearchArticle&obj=article_3&tag=debit&refobject=10343447&value=160160&ser=1729508109451 HTTP/1.1" 200 1231 "http://hausegger.activities.at/entry.php?id=10830&&object=10343447&account=&mode=documentdebitor" "Mozilla/5.0 (Windows NT 10.0; Win64; x64; rv:131.0) Gecko/20100101 Firefox/131.0"
178.165.176.165 - - [21/Oct/2024:14:21:14 +0200] "GET /entry.php?id=10877&mode=loadSearchArticle&obj=article_3&tag=debit&refobject=10343447&value=160160&ser=1729508109522 HTTP/1.1" 200 1231 "http://hausegger.activities.at/entry.php?id=10830&&object=10343447&account=&mode=documentdebitor" "Mozilla/5.0 (Windows NT 10.0; Win64; x64; rv:131.0) Gecko/20100101 Firefox/131.0"
178.165.176.165 - - [21/Oct/2024:14:21:15 +0200] "GET /entry.php?id=10877&mode=loadSearchArticle&obj=article_3&tag=debit&refobject=10343447&value=1601600&ser=1729508109738 HTTP/1.1" 200 788 "http://hausegger.activities.at/entry.php?id=10830&&object=10343447&account=&mode=documentdebitor" "Mozilla/5.0 (Windows NT 10.0; Win64; x64; rv:131.0) Gecko/20100101 Firefox/131.0"
178.165.176.165 - - [21/Oct/2024:14:21:15 +0200] "GET /entry.php?id=10877&mode=loadSearchArticle&obj=article_3&tag=debit&refobject=10343447&value=16016009&ser=1729508109930 HTTP/1.1" 200 347 "http://hausegger.activities.at/entry.php?id=10830&&object=10343447&account=&mode=documentdebitor" "Mozilla/5.0 (Windows NT 10.0; Win64; x64; rv:131.0) Gecko/20100101 Firefox/131.0"
178.165.176.165 - - [21/Oct/2024:14:21:17 +0200] "GET /entry.php?id=10877&mode=loadSearchArticle&obj=article_3&tag=debit&refobject=10343447&value=160160091&ser=1729508111634 HTTP/1.1" 200 288 "http://hausegger.activities.at/entry.php?id=10830&&object=10343447&account=&mode=documentdebitor" "Mozilla/5.0 (Windows NT 10.0; Win64; x64; rv:131.0) Gecko/20100101 Firefox/131.0"
178.165.176.165 - - [21/Oct/2024:14:21:18 +0200] "POST /entry.php?id=10889 HTTP/1.1" 200 1985 "http://hausegger.activities.at/entry.php?id=10889" "Mozilla/5.0 (Windows NT 10.0; Win64; x64; rv:131.0) Gecko/20100101 Firefox/131.0"
178.165.176.165 - - [21/Oct/2024:14:21:18 +0200] "GET /gui/javascript/form_form.js?1729513278 HTTP/1.1" 200 16206 "http://hausegger.activities.at/entry.php?id=10889" "Mozilla/5.0 (Windows NT 10.0; Win64; x64; rv:131.0) Gecko/20100101 Firefox/131.0"
178.165.176.165 - - [21/Oct/2024:14:21:18 +0200] "POST /entry.php?id=10889 HTTP/1.1" 200 1753 "http://hausegger.activities.at/entry.php?id=10889" "Mozilla/5.0 (Windows NT 10.0; Win64; x64; rv:131.0) Gecko/20100101 Firefox/131.0"
178.165.176.165 - - [21/Oct/2024:14:21:19 +0200] "GET /gui/javascript/form_form.js?1729513279 HTTP/1.1" 200 16206 "http://hausegger.activities.at/entry.php?id=10889" "Mozilla/5.0 (Windows NT 10.0; Win64; x64; rv:131.0) Gecko/20100101 Firefox/131.0"
178.165.176.165 - - [21/Oct/2024:14:21:20 +0200] "POST /entry.php?id=10889 HTTP/1.1" 200 1678 "http://hausegger.activities.at/entry.php?id=10889" "Mozilla/5.0 (Windows NT 10.0; Win64; x64; rv:131.0) Gecko/20100101 Firefox/131.0"
178.165.176.165 - - [21/Oct/2024:14:21:20 +0200] "GET /gui/javascript/form_form.js?1729513280 HTTP/1.1" 200 16206 "http://hausegger.activities.at/entry.php?id=10889" "Mozilla/5.0 (Windows NT 10.0; Win64; x64; rv:131.0) Gecko/20100101 Firefox/131.0"
178.165.176.165 - - [21/Oct/2024:14:21:21 +0200] "GET /entry.php?id=10877&mode=loadSearchArticle&obj=article_4&tag=debit&refobject=10343447&value=1&ser=1729508115681 HTTP/1.1" 200 37930 "http://hausegger.activities.at/entry.php?id=10830&&object=10343447&account=&mode=documentdebitor" "Mozilla/5.0 (Windows NT 10.0; Win64; x64; rv:131.0) Gecko/20100101 Firefox/131.0"
178.165.176.165 - - [21/Oct/2024:14:21:21 +0200] "GET /entry.php?id=10877&mode=loadSearchArticle&obj=article_4&tag=debit&refobject=10343447&value=160&ser=1729508115969 HTTP/1.1" 200 1809 "http://hausegger.activities.at/entry.php?id=10830&&object=10343447&account=&mode=documentdebitor" "Mozilla/5.0 (Windows NT 10.0; Win64; x64; rv:131.0) Gecko/20100101 Firefox/131.0"
178.165.176.165 - - [21/Oct/2024:14:21:21 +0200] "GET /entry.php?id=10877&mode=loadSearchArticle&obj=article_4&tag=debit&refobject=10343447&value=160&ser=1729508116018 HTTP/1.1" 200 1809 "http://hausegger.activities.at/entry.php?id=10830&&object=10343447&account=&mode=documentdebitor" "Mozilla/5.0 (Windows NT 10.0; Win64; x64; rv:131.0) Gecko/20100101 Firefox/131.0"
178.165.176.165 - - [21/Oct/2024:14:21:21 +0200] "GET /entry.php?id=10877&mode=loadSearchArticle&obj=article_4&tag=debit&refobject=10343447&value=1601&ser=1729508116202 HTTP/1.1" 200 1346 "http://hausegger.activities.at/entry.php?id=10830&&object=10343447&account=&mode=documentdebitor" "Mozilla/5.0 (Windows NT 10.0; Win64; x64; rv:131.0) Gecko/20100101 Firefox/131.0"
178.165.176.165 - - [21/Oct/2024:14:21:21 +0200] "GET /entry.php?id=10877&mode=loadSearchArticle&obj=article_4&tag=debit&refobject=10343447&value=1601+60&ser=1729508116482 HTTP/1.1" 200 20 "http://hausegger.activities.at/entry.php?id=10830&&object=10343447&account=&mode=documentdebitor" "Mozilla/5.0 (Windows NT 10.0; Win64; x64; rv:131.0) Gecko/20100101 Firefox/131.0"
178.165.176.165 - - [21/Oct/2024:14:21:22 +0200] "GET /entry.php?id=10877&mode=loadSearchArticle&obj=article_4&tag=debit&refobject=10343447&value=1601+60&ser=1729508116569 HTTP/1.1" 200 20 "http://hausegger.activities.at/entry.php?id=10830&&object=10343447&account=&mode=documentdebitor" "Mozilla/5.0 (Windows NT 10.0; Win64; x64; rv:131.0) Gecko/20100101 Firefox/131.0"
178.165.176.165 - - [21/Oct/2024:14:21:22 +0200] "GET /entry.php?id=10877&mode=loadSearchArticle&obj=article_4&tag=debit&refobject=10343447&value=1601+6&ser=1729508117161 HTTP/1.1" 200 20 "http://hausegger.activities.at/entry.php?id=10830&&object=10343447&account=&mode=documentdebitor" "Mozilla/5.0 (Windows NT 10.0; Win64; x64; rv:131.0) Gecko/20100101 Firefox/131.0"
178.165.176.165 - - [21/Oct/2024:14:21:22 +0200] "GET /entry.php?id=10271&&ser=513222 HTTP/1.1" 200 987 "http://hausegger.activities.at/entry.php?id=10271&&ser=513162" "Mozilla/5.0 (Windows NT 10.0; Win64; x64; rv:131.0) Gecko/20100101 Firefox/131.0"
178.165.176.165 - - [21/Oct/2024:14:21:22 +0200] "GET /gui/javascript/form_form.js?1729513282 HTTP/1.1" 200 16206 "http://hausegger.activities.at/entry.php?id=10271&&ser=513222" "Mozilla/5.0 (Windows NT 10.0; Win64; x64; rv:131.0) Gecko/20100101 Firefox/131.0"
178.165.176.165 - - [21/Oct/2024:14:21:22 +0200] "GET /entry.php?id=10877&mode=loadSearchArticle&obj=article_4&tag=debit&refobject=10343447&value=1601+&ser=1729508117338 HTTP/1.1" 200 20 "http://hausegger.activities.at/entry.php?id=10830&&object=10343447&account=&mode=documentdebitor" "Mozilla/5.0 (Windows NT 10.0; Win64; x64; rv:131.0) Gecko/20100101 Firefox/131.0"
178.165.176.165 - - [21/Oct/2024:14:21:22 +0200] "GET /entry.php?id=10877&mode=loadSearchArticle&obj=article_4&tag=debit&refobject=10343447&value=1601&ser=1729508117474 HTTP/1.1" 200 1346 "http://hausegger.activities.at/entry.php?id=10830&&object=10343447&account=&mode=documentdebitor" "Mozilla/5.0 (Windows NT 10.0; Win64; x64; rv:131.0) Gecko/20100101 Firefox/131.0"
178.165.176.165 - - [21/Oct/2024:14:21:23 +0200] "GET /entry.php?id=10877&mode=loadSearchArticle&obj=article_4&tag=debit&refobject=10343447&value=160160&ser=1729508118170 HTTP/1.1" 200 1231 "http://hausegger.activities.at/entry.php?id=10830&&object=10343447&account=&mode=documentdebitor" "Mozilla/5.0 (Windows NT 10.0; Win64; x64; rv:131.0) Gecko/20100101 Firefox/131.0"
178.165.176.165 - - [21/Oct/2024:14:21:23 +0200] "GET /entry.php?id=10877&mode=loadSearchArticle&obj=article_4&tag=debit&refobject=10343447&value=160160&ser=1729508118258 HTTP/1.1" 200 1231 "http://hausegger.activities.at/entry.php?id=10830&&object=10343447&account=&mode=documentdebitor" "Mozilla/5.0 (Windows NT 10.0; Win64; x64; rv:131.0) Gecko/20100101 Firefox/131.0"
178.165.176.165 - - [21/Oct/2024:14:21:24 +0200] "GET /entry.php?id=10877&mode=loadSearchArticle&obj=article_4&tag=debit&refobject=10343447&value=1601600&ser=1729508118562 HTTP/1.1" 200 788 "http://hausegger.activities.at/entry.php?id=10830&&object=10343447&account=&mode=documentdebitor" "Mozilla/5.0 (Windows NT 10.0; Win64; x64; rv:131.0) Gecko/20100101 Firefox/131.0"
178.165.176.165 - - [21/Oct/2024:14:21:24 +0200] "GET /entry.php?id=10877&mode=loadSearchArticle&obj=article_4&tag=debit&refobject=10343447&value=16016009&ser=1729508118762 HTTP/1.1" 200 347 "http://hausegger.activities.at/entry.php?id=10830&&object=10343447&account=&mode=documentdebitor" "Mozilla/5.0 (Windows NT 10.0; Win64; x64; rv:131.0) Gecko/20100101 Firefox/131.0"
178.165.176.165 - - [21/Oct/2024:14:21:24 +0200] "GET /entry.php?id=10877&mode=loadSearchArticle&obj=article_4&tag=debit&refobject=10343447&value=160160090&ser=1729508119058 HTTP/1.1" 200 283 "http://hausegger.activities.at/entry.php?id=10830&&object=10343447&account=&mode=documentdebitor" "Mozilla/5.0 (Windows NT 10.0; Win64; x64; rv:131.0) Gecko/20100101 Firefox/131.0"
178.165.176.165 - - [21/Oct/2024:14:21:25 +0200] "POST /entry.php?id=10889 HTTP/1.1" 200 1993 "http://hausegger.activities.at/entry.php?id=10889" "Mozilla/5.0 (Windows NT 10.0; Win64; x64; rv:131.0) Gecko/20100101 Firefox/131.0"
178.165.176.165 - - [21/Oct/2024:14:21:26 +0200] "GET /gui/javascript/form_form.js?1729513286 HTTP/1.1" 200 16206 "http://hausegger.activities.at/entry.php?id=10889" "Mozilla/5.0 (Windows NT 10.0; Win64; x64; rv:131.0) Gecko/20100101 Firefox/131.0"
178.165.176.165 - - [21/Oct/2024:14:21:26 +0200] "POST /entry.php?id=10889 HTTP/1.1" 200 1752 "http://hausegger.activities.at/entry.php?id=10889" "Mozilla/5.0 (Windows NT 10.0; Win64; x64; rv:131.0) Gecko/20100101 Firefox/131.0"
178.165.176.165 - - [21/Oct/2024:14:21:29 +0200] "POST /entry.php?id=10889 HTTP/1.1" 200 1857 "http://hausegger.activities.at/entry.php?id=10889" "Mozilla/5.0 (Windows NT 10.0; Win64; x64; rv:131.0) Gecko/20100101 Firefox/131.0"
178.165.176.165 - - [21/Oct/2024:14:21:29 +0200] "GET /gui/javascript/form_form.js?1729513289 HTTP/1.1" 200 16206 "http://hausegger.activities.at/entry.php?id=10889" "Mozilla/5.0 (Windows NT 10.0; Win64; x64; rv:131.0) Gecko/20100101 Firefox/131.0"
156.59.198.135 - - [21/Oct/2024:14:21:30 +0200] "GET /default/cgi-bin/lang/tooltips_w/awstats-tt-ba.txt HTTP/1.0" 404 311 "-" "Mozilla/5.0 (Linux; Android 5.0) AppleWebKit/537.36 (KHTML, like Gecko) Mobile Safari/537.36 (compatible; Bytespider; spider-feedback@bytedance.com)"
178.165.176.165 - - [21/Oct/2024:14:21:30 +0200] "GET /entry.php?id=11270&document=10343447 HTTP/1.1" 200 1975 "http://hausegger.activities.at/entry.php?id=10828" "Mozilla/5.0 (Windows NT 10.0; Win64; x64; rv:131.0) Gecko/20100101 Firefox/131.0"
178.165.176.165 - - [21/Oct/2024:14:21:31 +0200] "GET /gui/javascript/form_bu_document.js?1729513291 HTTP/1.1" 200 2675 "http://hausegger.activities.at/entry.php?id=11270&document=10343447" "Mozilla/5.0 (Windows NT 10.0; Win64; x64; rv:131.0) Gecko/20100101 Firefox/131.0"
178.165.176.165 - - [21/Oct/2024:14:21:31 +0200] "GET /gui/javascript/form_form.js?1729513291 HTTP/1.1" 200 16206 "http://hausegger.activities.at/entry.php?id=11270&document=10343447" "Mozilla/5.0 (Windows NT 10.0; Win64; x64; rv:131.0) Gecko/20100101 Firefox/131.0"
178.165.176.165 - - [21/Oct/2024:14:21:31 +0200] "GET /activities.ico HTTP/1.1" 200 1406 "http://hausegger.activities.at/entry.php?id=11270&document=10343447" "Mozilla/5.0 (Windows NT 10.0; Win64; x64; rv:131.0) Gecko/20100101 Firefox/131.0"
178.165.176.165 - - [21/Oct/2024:14:21:31 +0200] "GET /entry.php?id=11241&images=false&document=10343447 HTTP/1.1" 200 2363 "http://hausegger.activities.at/entry.php?id=11270&document=10343447" "Mozilla/5.0 (Windows NT 10.0; Win64; x64; rv:131.0) Gecko/20100101 Firefox/131.0"
178.165.176.165 - - [21/Oct/2024:14:21:31 +0200] "GET /entry.php?id=10877&mode=observePrint HTTP/1.1" 200 58 "http://hausegger.activities.at/entry.php?id=11270&document=10343447" "Mozilla/5.0 (Windows NT 10.0; Win64; x64; rv:131.0) Gecko/20100101 Firefox/131.0"
156.59.198.136 - - [21/Oct/2024:14:21:51 +0200] "GET /renault.activities.at/htdocs/export/pdf/emuc_document/10958954.pdf HTTP/1.0" 404 322 "-" "Mozilla/5.0 (Linux; Android 5.0) AppleWebKit/537.36 (KHTML, like Gecko) Mobile Safari/537.36 (compatible; Bytespider; spider-feedback@bytedance.com)"
156.59.198.136 - - [21/Oct/2024:14:22:13 +0200] "GET /renault.activities.at/htdocs/export/txt/factura/FacturaExport20170306110147.txt HTTP/1.0" 404 328 "-" "Mozilla/5.0 (Linux; Android 5.0) AppleWebKit/537.36 (KHTML, like Gecko) Mobile Safari/537.36 (compatible; Bytespider; spider-feedback@bytedance.com)"
178.165.176.165 - - [21/Oct/2024:14:22:23 +0200] "GET /entry.php?id=10271&&ser=513282 HTTP/1.1" 200 987 "http://hausegger.activities.at/entry.php?id=10271&&ser=513222" "Mozilla/5.0 (Windows NT 10.0; Win64; x64; rv:131.0) Gecko/20100101 Firefox/131.0"
178.165.176.165 - - [21/Oct/2024:14:22:23 +0200] "GET /gui/javascript/form_form.js?1729513343 HTTP/1.1" 200 16206 "http://hausegger.activities.at/entry.php?id=10271&&ser=513282" "Mozilla/5.0 (Windows NT 10.0; Win64; x64; rv:131.0) Gecko/20100101 Firefox/131.0"
156.59.198.136 - - [21/Oct/2024:14:22:34 +0200] "GET /renault.activities.at/htdocs/log/cron/reminder_mailing_3115077.txt HTTP/1.0" 404 323 "-" "Mozilla/5.0 (Linux; Android 5.0) AppleWebKit/537.36 (KHTML, like Gecko) Mobile Safari/537.36 (compatible; Bytespider; spider-feedback@bytedance.com)"
156.59.198.135 - - [21/Oct/2024:14:22:55 +0200] "GET /renault.activities.at/htdocs/export/xml/data/orders/202006101503_RenOrder.xml HTTP/1.0" 404 329 "-" "Mozilla/5.0 (Linux; Android 5.0) AppleWebKit/537.36 (KHTML, like Gecko) Mobile Safari/537.36 (compatible; Bytespider; spider-feedback@bytedance.com)"
178.165.176.165 - - [21/Oct/2024:14:23:23 +0200] "GET /entry.php?id=10271&&ser=513343 HTTP/1.1" 200 987 "http://hausegger.activities.at/entry.php?id=10271&&ser=513282" "Mozilla/5.0 (Windows NT 10.0; Win64; x64; rv:131.0) Gecko/20100101 Firefox/131.0"
178.165.176.165 - - [21/Oct/2024:14:23:23 +0200] "GET /gui/javascript/form_form.js?1729513403 HTTP/1.1" 200 16206 "http://hausegger.activities.at/entry.php?id=10271&&ser=513343" "Mozilla/5.0 (Windows NT 10.0; Win64; x64; rv:131.0) Gecko/20100101 Firefox/131.0"
46.174.191.32 - - [21/Oct/2024:14:23:29 +0200] "GET / HTTP/1.0" 200 423 "-" "Mozilla/5.0 (Windows NT 6.1; WOW64; Trident/7.0; AS; rv:11.0) like Gecko"
178.165.176.165 - - [21/Oct/2024:14:24:23 +0200] "GET /entry.php?id=10271&&ser=513403 HTTP/1.1" 200 987 "http://hausegger.activities.at/entry.php?id=10271&&ser=513343" "Mozilla/5.0 (Windows NT 10.0; Win64; x64; rv:131.0) Gecko/20100101 Firefox/131.0"
178.165.176.165 - - [21/Oct/2024:14:24:23 +0200] "GET /gui/javascript/form_form.js?1729513463 HTTP/1.1" 200 16206 "http://hausegger.activities.at/entry.php?id=10271&&ser=513403" "Mozilla/5.0 (Windows NT 10.0; Win64; x64; rv:131.0) Gecko/20100101 Firefox/131.0"
178.165.176.165 - - [21/Oct/2024:14:25:23 +0200] "GET /entry.php?id=10271&&ser=513463 HTTP/1.1" 200 987 "http://hausegger.activities.at/entry.php?id=10271&&ser=513403" "Mozilla/5.0 (Windows NT 10.0; Win64; x64; rv:131.0) Gecko/20100101 Firefox/131.0"
178.165.176.165 - - [21/Oct/2024:14:25:23 +0200] "GET /gui/javascript/form_form.js?1729513523 HTTP/1.1" 200 16206 "http://hausegger.activities.at/entry.php?id=10271&&ser=513463" "Mozilla/5.0 (Windows NT 10.0; Win64; x64; rv:131.0) Gecko/20100101 Firefox/131.0"
178.165.176.165 - - [21/Oct/2024:14:26:24 +0200] "GET /entry.php?id=10271&&ser=513523 HTTP/1.1" 200 987 "http://hausegger.activities.at/entry.php?id=10271&&ser=513463" "Mozilla/5.0 (Windows NT 10.0; Win64; x64; rv:131.0) Gecko/20100101 Firefox/131.0"
178.165.176.165 - - [21/Oct/2024:14:26:24 +0200] "GET /gui/javascript/form_form.js?1729513584 HTTP/1.1" 200 16206 "http://hausegger.activities.at/entry.php?id=10271&&ser=513523" "Mozilla/5.0 (Windows NT 10.0; Win64; x64; rv:131.0) Gecko/20100101 Firefox/131.0"
178.165.176.165 - - [21/Oct/2024:14:27:24 +0200] "GET /entry.php?id=10271&&ser=513584 HTTP/1.1" 200 987 "http://hausegger.activities.at/entry.php?id=10271&&ser=513523" "Mozilla/5.0 (Windows NT 10.0; Win64; x64; rv:131.0) Gecko/20100101 Firefox/131.0"
178.165.176.165 - - [21/Oct/2024:14:27:24 +0200] "GET /gui/javascript/form_form.js?1729513644 HTTP/1.1" 200 16206 "http://hausegger.activities.at/entry.php?id=10271&&ser=513584" "Mozilla/5.0 (Windows NT 10.0; Win64; x64; rv:131.0) Gecko/20100101 Firefox/131.0"
178.165.176.165 - - [21/Oct/2024:14:28:24 +0200] "GET /entry.php?id=10271&&ser=513644 HTTP/1.1" 200 987 "http://hausegger.activities.at/entry.php?id=10271&&ser=513584" "Mozilla/5.0 (Windows NT 10.0; Win64; x64; rv:131.0) Gecko/20100101 Firefox/131.0"
178.165.176.165 - - [21/Oct/2024:14:28:24 +0200] "GET /gui/javascript/form_form.js?1729513704 HTTP/1.1" 200 16206 "http://hausegger.activities.at/entry.php?id=10271&&ser=513644" "Mozilla/5.0 (Windows NT 10.0; Win64; x64; rv:131.0) Gecko/20100101 Firefox/131.0"
178.165.176.165 - - [21/Oct/2024:14:29:25 +0200] "GET /entry.php?id=10271&&ser=513704 HTTP/1.1" 200 987 "http://hausegger.activities.at/entry.php?id=10271&&ser=513644" "Mozilla/5.0 (Windows NT 10.0; Win64; x64; rv:131.0) Gecko/20100101 Firefox/131.0"
178.165.176.165 - - [21/Oct/2024:14:29:25 +0200] "GET /gui/javascript/form_form.js?1729513765 HTTP/1.1" 200 16206 "http://hausegger.activities.at/entry.php?id=10271&&ser=513704" "Mozilla/5.0 (Windows NT 10.0; Win64; x64; rv:131.0) Gecko/20100101 Firefox/131.0"
178.165.176.165 - - [21/Oct/2024:14:30:25 +0200] "GET /entry.php?id=10271&&ser=513765 HTTP/1.1" 200 987 "http://hausegger.activities.at/entry.php?id=10271&&ser=513704" "Mozilla/5.0 (Windows NT 10.0; Win64; x64; rv:131.0) Gecko/20100101 Firefox/131.0"
178.165.176.165 - - [21/Oct/2024:14:30:25 +0200] "GET /gui/javascript/form_form.js?1729513825 HTTP/1.1" 200 16206 "http://hausegger.activities.at/entry.php?id=10271&&ser=513765" "Mozilla/5.0 (Windows NT 10.0; Win64; x64; rv:131.0) Gecko/20100101 Firefox/131.0"
178.165.176.165 - - [21/Oct/2024:14:31:25 +0200] "GET /entry.php?id=10271&&ser=513825 HTTP/1.1" 200 987 "http://hausegger.activities.at/entry.php?id=10271&&ser=513765" "Mozilla/5.0 (Windows NT 10.0; Win64; x64; rv:131.0) Gecko/20100101 Firefox/131.0"
178.165.176.165 - - [21/Oct/2024:14:31:25 +0200] "GET /gui/javascript/form_form.js?1729513885 HTTP/1.1" 200 16206 "http://hausegger.activities.at/entry.php?id=10271&&ser=513825" "Mozilla/5.0 (Windows NT 10.0; Win64; x64; rv:131.0) Gecko/20100101 Firefox/131.0"
45.140.17.52 - - [21/Oct/2024:14:31:34 +0200] "\x03" 400 383 "-" "-"
178.165.176.165 - - [21/Oct/2024:14:32:25 +0200] "GET /entry.php?id=10271&&ser=513885 HTTP/1.1" 200 987 "http://hausegger.activities.at/entry.php?id=10271&&ser=513825" "Mozilla/5.0 (Windows NT 10.0; Win64; x64; rv:131.0) Gecko/20100101 Firefox/131.0"
178.165.176.165 - - [21/Oct/2024:14:32:26 +0200] "GET /gui/javascript/form_form.js?1729513946 HTTP/1.1" 200 16206 "http://hausegger.activities.at/entry.php?id=10271&&ser=513885" "Mozilla/5.0 (Windows NT 10.0; Win64; x64; rv:131.0) Gecko/20100101 Firefox/131.0"
178.165.176.165 - - [21/Oct/2024:14:33:26 +0200] "GET /entry.php?id=10271&&ser=513946 HTTP/1.1" 200 987 "http://hausegger.activities.at/entry.php?id=10271&&ser=513885" "Mozilla/5.0 (Windows NT 10.0; Win64; x64; rv:131.0) Gecko/20100101 Firefox/131.0"
