156.59.198.136 - - [22/Oct/2024:17:44:50 +0200] "GET /renault.activities.at/htdocs/log/cron/pickupLogisticData_3115876.txt HTTP/1.0" 404 326 "-" "Mozilla/5.0 (Linux; Android 5.0) AppleWebKit/537.36 (KHTML, like Gecko) Mobile Safari/537.36 (compatible; Bytespider; spider-feedback@bytedance.com)"
156.59.198.135 - - [22/Oct/2024:17:45:11 +0200] "GET /renault.activities.at/htdocs/export/pdf/emuc_document/11076707.pdf HTTP/1.0" 404 322 "-" "Mozilla/5.0 (Linux; Android 5.0) AppleWebKit/537.36 (KHTML, like Gecko) Mobile Safari/537.36 (compatible; Bytespider; spider-feedback@bytedance.com)"
156.59.198.135 - - [22/Oct/2024:17:45:32 +0200] "GET /renault.activities.at/htdocs/log/cron/system_mail_3116447.txt HTTP/1.0" 404 321 "-" "Mozilla/5.0 (Linux; Android 5.0) AppleWebKit/537.36 (KHTML, like Gecko) Mobile Safari/537.36 (compatible; Bytespider; spider-feedback@bytedance.com)"
178.165.176.165 - - [22/Oct/2024:17:45:37 +0200] "GET /entry.php?id=10271&&ser=611877 HTTP/1.1" 200 987 "http://hausegger.activities.at/entry.php?id=10271&&ser=611817" "Mozilla/5.0 (Windows NT 10.0; Win64; x64; rv:131.0) Gecko/20100101 Firefox/131.0"
178.165.176.165 - - [22/Oct/2024:17:45:37 +0200] "GET /gui/javascript/form_form.js?1729611937 HTTP/1.1" 200 16206 "http://hausegger.activities.at/entry.php?id=10271&&ser=611877" "Mozilla/5.0 (Windows NT 10.0; Win64; x64; rv:131.0) Gecko/20100101 Firefox/131.0"
178.165.176.165 - - [22/Oct/2024:17:45:43 +0200] "POST /entry.php?id=10889 HTTP/1.1" 200 1582 "http://hausegger.activities.at/entry.php?id=10889&document_id=10343491&" "Mozilla/5.0 (Windows NT 10.0; Win64; x64; rv:131.0) Gecko/20100101 Firefox/131.0"
178.165.176.165 - - [22/Oct/2024:17:45:43 +0200] "GET /gui/javascript/form_form.js?1729611943 HTTP/1.1" 200 16206 "http://hausegger.activities.at/entry.php?id=10889" "Mozilla/5.0 (Windows NT 10.0; Win64; x64; rv:131.0) Gecko/20100101 Firefox/131.0"
178.165.176.165 - - [22/Oct/2024:17:45:44 +0200] "GET /entry.php?id=10877&mode=loadSearchArticle&obj=article_4&tag=debit&refobject=10343491&value=p&ser=1729606775626 HTTP/1.1" 200 3963 "http://hausegger.activities.at/entry.php?id=10830&&object=10343491&account=&mode=documentdebitor" "Mozilla/5.0 (Windows NT 10.0; Win64; x64; rv:131.0) Gecko/20100101 Firefox/131.0"
178.165.176.165 - - [22/Oct/2024:17:45:44 +0200] "GET /entry.php?id=10877&mode=loadSearchArticle&obj=article_4&tag=debit&refobject=10343491&value=p1&ser=1729606776097 HTTP/1.1" 200 413 "http://hausegger.activities.at/entry.php?id=10830&&object=10343491&account=&mode=documentdebitor" "Mozilla/5.0 (Windows NT 10.0; Win64; x64; rv:131.0) Gecko/20100101 Firefox/131.0"
178.165.176.165 - - [22/Oct/2024:17:45:44 +0200] "GET /entry.php?id=10877&mode=loadSearchArticle&obj=article_4&tag=debit&refobject=10343491&value=p13&ser=1729606776345 HTTP/1.1" 200 294 "http://hausegger.activities.at/entry.php?id=10830&&object=10343491&account=&mode=documentdebitor" "Mozilla/5.0 (Windows NT 10.0; Win64; x64; rv:131.0) Gecko/20100101 Firefox/131.0"
178.165.176.165 - - [22/Oct/2024:17:45:45 +0200] "GET /entry.php?id=10877&mode=loadSearchArticle&obj=article_4&tag=debit&refobject=10343491&value=p135&ser=1729606776553 HTTP/1.1" 200 294 "http://hausegger.activities.at/entry.php?id=10830&&object=10343491&account=&mode=documentdebitor" "Mozilla/5.0 (Windows NT 10.0; Win64; x64; rv:131.0) Gecko/20100101 Firefox/131.0"
178.165.176.165 - - [22/Oct/2024:17:45:45 +0200] "GET /entry.php?id=10877&mode=loadSearchArticle&obj=article_4&tag=debit&refobject=10343491&value=p135-&ser=1729606776809 HTTP/1.1" 200 294 "http://hausegger.activities.at/entry.php?id=10830&&object=10343491&account=&mode=documentdebitor" "Mozilla/5.0 (Windows NT 10.0; Win64; x64; rv:131.0) Gecko/20100101 Firefox/131.0"
178.165.176.165 - - [22/Oct/2024:17:45:45 +0200] "GET /entry.php?id=10877&mode=loadSearchArticle&obj=article_4&tag=debit&refobject=10343491&value=p135-1&ser=1729606777090 HTTP/1.1" 200 285 "http://hausegger.activities.at/entry.php?id=10830&&object=10343491&account=&mode=documentdebitor" "Mozilla/5.0 (Windows NT 10.0; Win64; x64; rv:131.0) Gecko/20100101 Firefox/131.0"
178.165.176.165 - - [22/Oct/2024:17:45:45 +0200] "GET /entry.php?id=10877&mode=loadSearchArticle&obj=article_4&tag=debit&refobject=10343491&value=p135-140&ser=1729606777377 HTTP/1.1" 200 274 "http://hausegger.activities.at/entry.php?id=10830&&object=10343491&account=&mode=documentdebitor" "Mozilla/5.0 (Windows NT 10.0; Win64; x64; rv:131.0) Gecko/20100101 Firefox/131.0"
178.165.176.165 - - [22/Oct/2024:17:45:45 +0200] "GET /entry.php?id=10877&mode=loadSearchArticle&obj=article_4&tag=debit&refobject=10343491&value=p135-140&ser=1729606777449 HTTP/1.1" 200 274 "http://hausegger.activities.at/entry.php?id=10830&&object=10343491&account=&mode=documentdebitor" "Mozilla/5.0 (Windows NT 10.0; Win64; x64; rv:131.0) Gecko/20100101 Firefox/131.0"
178.165.176.165 - - [22/Oct/2024:17:45:48 +0200] "POST /entry.php?id=10889 HTTP/1.1" 200 1911 "http://hausegger.activities.at/entry.php?id=10889" "Mozilla/5.0 (Windows NT 10.0; Win64; x64; rv:131.0) Gecko/20100101 Firefox/131.0"
178.165.176.165 - - [22/Oct/2024:17:45:48 +0200] "GET /gui/javascript/form_form.js?1729611948 HTTP/1.1" 200 16206 "http://hausegger.activities.at/entry.php?id=10889" "Mozilla/5.0 (Windows NT 10.0; Win64; x64; rv:131.0) Gecko/20100101 Firefox/131.0"
178.165.176.165 - - [22/Oct/2024:17:45:48 +0200] "POST /entry.php?id=10889 HTTP/1.1" 200 1681 "http://hausegger.activities.at/entry.php?id=10889" "Mozilla/5.0 (Windows NT 10.0; Win64; x64; rv:131.0) Gecko/20100101 Firefox/131.0"
178.165.176.165 - - [22/Oct/2024:17:45:49 +0200] "GET /gui/javascript/form_form.js?1729611949 HTTP/1.1" 200 16206 "http://hausegger.activities.at/entry.php?id=10889" "Mozilla/5.0 (Windows NT 10.0; Win64; x64; rv:131.0) Gecko/20100101 Firefox/131.0"
156.59.198.136 - - [22/Oct/2024:17:45:52 +0200] "GET /renault.activities.at/htdocs/export/pdf/emuc_document/10344867.pdf HTTP/1.0" 404 323 "-" "Mozilla/5.0 (Linux; Android 5.0) AppleWebKit/537.36 (KHTML, like Gecko) Mobile Safari/537.36 (compatible; Bytespider; spider-feedback@bytedance.com)"
178.165.176.165 - - [22/Oct/2024:17:46:05 +0200] "POST /entry.php?id=10889 HTTP/1.1" 200 1833 "http://hausegger.activities.at/entry.php?id=10889" "Mozilla/5.0 (Windows NT 10.0; Win64; x64; rv:131.0) Gecko/20100101 Firefox/131.0"
178.165.176.165 - - [22/Oct/2024:17:46:06 +0200] "GET /gui/javascript/form_form.js?1729611966 HTTP/1.1" 200 16206 "http://hausegger.activities.at/entry.php?id=10889" "Mozilla/5.0 (Windows NT 10.0; Win64; x64; rv:131.0) Gecko/20100101 Firefox/131.0"
178.165.176.165 - - [22/Oct/2024:17:46:07 +0200] "POST /entry.php?id=10889 HTTP/1.1" 200 1646 "http://hausegger.activities.at/entry.php?id=10889" "Mozilla/5.0 (Windows NT 10.0; Win64; x64; rv:131.0) Gecko/20100101 Firefox/131.0"
178.165.176.165 - - [22/Oct/2024:17:46:07 +0200] "GET /gui/javascript/form_form.js?1729611967 HTTP/1.1" 200 16206 "http://hausegger.activities.at/entry.php?id=10889" "Mozilla/5.0 (Windows NT 10.0; Win64; x64; rv:131.0) Gecko/20100101 Firefox/131.0"
156.59.198.135 - - [22/Oct/2024:17:46:14 +0200] "GET /renault.activities.at/htdocs/log/cron/shipp_Export_Data_3115147.txt HTTP/1.0" 404 325 "-" "Mozilla/5.0 (Linux; Android 5.0) AppleWebKit/537.36 (KHTML, like Gecko) Mobile Safari/537.36 (compatible; Bytespider; spider-feedback@bytedance.com)"
178.165.176.165 - - [22/Oct/2024:17:46:14 +0200] "GET /entry.php?id=10877&mode=loadSearchArticle&obj=article_5&tag=debit&refobject=10343491&value=k&ser=1729606806450 HTTP/1.1" 200 3317 "http://hausegger.activities.at/entry.php?id=10830&&object=10343491&account=&mode=documentdebitor" "Mozilla/5.0 (Windows NT 10.0; Win64; x64; rv:131.0) Gecko/20100101 Firefox/131.0"
178.165.176.165 - - [22/Oct/2024:17:46:15 +0200] "GET /entry.php?id=10877&mode=loadSearchArticle&obj=article_5&tag=debit&refobject=10343491&value=k50&ser=1729606807241 HTTP/1.1" 200 333 "http://hausegger.activities.at/entry.php?id=10830&&object=10343491&account=&mode=documentdebitor" "Mozilla/5.0 (Windows NT 10.0; Win64; x64; rv:131.0) Gecko/20100101 Firefox/131.0"
178.165.176.165 - - [22/Oct/2024:17:46:15 +0200] "GET /entry.php?id=10877&mode=loadSearchArticle&obj=article_5&tag=debit&refobject=10343491&value=k50&ser=1729606807321 HTTP/1.1" 200 333 "http://hausegger.activities.at/entry.php?id=10830&&object=10343491&account=&mode=documentdebitor" "Mozilla/5.0 (Windows NT 10.0; Win64; x64; rv:131.0) Gecko/20100101 Firefox/131.0"
178.165.176.165 - - [22/Oct/2024:17:46:16 +0200] "GET /entry.php?id=10877&mode=loadSearchArticle&obj=article_5&tag=debit&refobject=10343491&value=k50-&ser=1729606807585 HTTP/1.1" 200 333 "http://hausegger.activities.at/entry.php?id=10830&&object=10343491&account=&mode=documentdebitor" "Mozilla/5.0 (Windows NT 10.0; Win64; x64; rv:131.0) Gecko/20100101 Firefox/131.0"
178.165.176.165 - - [22/Oct/2024:17:46:16 +0200] "GET /entry.php?id=10877&mode=loadSearchArticle&obj=article_5&tag=debit&refobject=10343491&value=k50-1&ser=1729606807849 HTTP/1.1" 200 333 "http://hausegger.activities.at/entry.php?id=10830&&object=10343491&account=&mode=documentdebitor" "Mozilla/5.0 (Windows NT 10.0; Win64; x64; rv:131.0) Gecko/20100101 Firefox/131.0"
178.165.176.165 - - [22/Oct/2024:17:46:16 +0200] "GET /entry.php?id=10877&mode=loadSearchArticle&obj=article_5&tag=debit&refobject=10343491&value=k50-14&ser=1729606808081 HTTP/1.1" 200 314 "http://hausegger.activities.at/entry.php?id=10830&&object=10343491&account=&mode=documentdebitor" "Mozilla/5.0 (Windows NT 10.0; Win64; x64; rv:131.0) Gecko/20100101 Firefox/131.0"
178.165.176.165 - - [22/Oct/2024:17:46:16 +0200] "GET /entry.php?id=10877&mode=loadSearchArticle&obj=article_5&tag=debit&refobject=10343491&value=k50-144&ser=1729606808241 HTTP/1.1" 200 279 "http://hausegger.activities.at/entry.php?id=10830&&object=10343491&account=&mode=documentdebitor" "Mozilla/5.0 (Windows NT 10.0; Win64; x64; rv:131.0) Gecko/20100101 Firefox/131.0"
178.165.176.165 - - [22/Oct/2024:17:46:18 +0200] "POST /entry.php?id=10889 HTTP/1.1" 200 1980 "http://hausegger.activities.at/entry.php?id=10889" "Mozilla/5.0 (Windows NT 10.0; Win64; x64; rv:131.0) Gecko/20100101 Firefox/131.0"
178.165.176.165 - - [22/Oct/2024:17:46:18 +0200] "GET /gui/javascript/form_form.js?1729611978 HTTP/1.1" 200 16206 "http://hausegger.activities.at/entry.php?id=10889" "Mozilla/5.0 (Windows NT 10.0; Win64; x64; rv:131.0) Gecko/20100101 Firefox/131.0"
178.165.176.165 - - [22/Oct/2024:17:46:18 +0200] "POST /entry.php?id=10889 HTTP/1.1" 200 1726 "http://hausegger.activities.at/entry.php?id=10889" "Mozilla/5.0 (Windows NT 10.0; Win64; x64; rv:131.0) Gecko/20100101 Firefox/131.0"
178.165.176.165 - - [22/Oct/2024:17:46:19 +0200] "GET /gui/javascript/form_form.js?1729611979 HTTP/1.1" 200 16206 "http://hausegger.activities.at/entry.php?id=10889" "Mozilla/5.0 (Windows NT 10.0; Win64; x64; rv:131.0) Gecko/20100101 Firefox/131.0"
178.165.176.165 - - [22/Oct/2024:17:46:26 +0200] "POST /entry.php?id=10889 HTTP/1.1" 200 1837 "http://hausegger.activities.at/entry.php?id=10889" "Mozilla/5.0 (Windows NT 10.0; Win64; x64; rv:131.0) Gecko/20100101 Firefox/131.0"
178.165.176.165 - - [22/Oct/2024:17:46:27 +0200] "GET /gui/javascript/form_form.js?1729611987 HTTP/1.1" 200 16206 "http://hausegger.activities.at/entry.php?id=10889" "Mozilla/5.0 (Windows NT 10.0; Win64; x64; rv:131.0) Gecko/20100101 Firefox/131.0"
178.165.176.165 - - [22/Oct/2024:17:46:28 +0200] "POST /entry.php?id=10889 HTTP/1.1" 200 1651 "http://hausegger.activities.at/entry.php?id=10889" "Mozilla/5.0 (Windows NT 10.0; Win64; x64; rv:131.0) Gecko/20100101 Firefox/131.0"
178.165.176.165 - - [22/Oct/2024:17:46:28 +0200] "GET /gui/javascript/form_form.js?1729611988 HTTP/1.1" 200 16206 "http://hausegger.activities.at/entry.php?id=10889" "Mozilla/5.0 (Windows NT 10.0; Win64; x64; rv:131.0) Gecko/20100101 Firefox/131.0"
178.165.176.165 - - [22/Oct/2024:17:46:35 +0200] "GET /entry.php?id=10877&mode=loadSearchArticle&obj=article_6&tag=debit&refobject=10343491&value=p&ser=1729606826753 HTTP/1.1" 200 3963 "http://hausegger.activities.at/entry.php?id=10830&&object=10343491&account=&mode=documentdebitor" "Mozilla/5.0 (Windows NT 10.0; Win64; x64; rv:131.0) Gecko/20100101 Firefox/131.0"
156.59.198.136 - - [22/Oct/2024:17:46:35 +0200] "GET /renault.activities.at/htdocs/export/pdf/emuc_document/10319769.pdf HTTP/1.0" 404 323 "-" "Mozilla/5.0 (Linux; Android 5.0) AppleWebKit/537.36 (KHTML, like Gecko) Mobile Safari/537.36 (compatible; Bytespider; spider-feedback@bytedance.com)"
178.165.176.165 - - [22/Oct/2024:17:46:35 +0200] "GET /entry.php?id=10877&mode=loadSearchArticle&obj=article_6&tag=debit&refobject=10343491&value=p9&ser=1729606827417 HTTP/1.1" 200 922 "http://hausegger.activities.at/entry.php?id=10830&&object=10343491&account=&mode=documentdebitor" "Mozilla/5.0 (Windows NT 10.0; Win64; x64; rv:131.0) Gecko/20100101 Firefox/131.0"
178.165.176.165 - - [22/Oct/2024:17:46:36 +0200] "GET /entry.php?id=10877&mode=loadSearchArticle&obj=article_6&tag=debit&refobject=10343491&value=p95&ser=1729606827642 HTTP/1.1" 200 735 "http://hausegger.activities.at/entry.php?id=10830&&object=10343491&account=&mode=documentdebitor" "Mozilla/5.0 (Windows NT 10.0; Win64; x64; rv:131.0) Gecko/20100101 Firefox/131.0"
178.165.176.165 - - [22/Oct/2024:17:46:37 +0200] "GET /entry.php?id=10877&mode=loadSearchArticle&obj=article_6&tag=debit&refobject=10343491&value=p95-&ser=1729606828586 HTTP/1.1" 200 735 "http://hausegger.activities.at/entry.php?id=10830&&object=10343491&account=&mode=documentdebitor" "Mozilla/5.0 (Windows NT 10.0; Win64; x64; rv:131.0) Gecko/20100101 Firefox/131.0"
178.165.176.165 - - [22/Oct/2024:17:46:37 +0200] "GET /entry.php?id=10877&mode=loadSearchArticle&obj=article_6&tag=debit&refobject=10343491&value=p95-0&ser=1729606828993 HTTP/1.1" 200 568 "http://hausegger.activities.at/entry.php?id=10830&&object=10343491&account=&mode=documentdebitor" "Mozilla/5.0 (Windows NT 10.0; Win64; x64; rv:131.0) Gecko/20100101 Firefox/131.0"
178.165.176.165 - - [22/Oct/2024:17:46:37 +0200] "GET /entry.php?id=10877&mode=loadSearchArticle&obj=article_6&tag=debit&refobject=10343491&value=p95-01&ser=1729606829194 HTTP/1.1" 200 444 "http://hausegger.activities.at/entry.php?id=10830&&object=10343491&account=&mode=documentdebitor" "Mozilla/5.0 (Windows NT 10.0; Win64; x64; rv:131.0) Gecko/20100101 Firefox/131.0"
178.165.176.165 - - [22/Oct/2024:17:46:37 +0200] "GET /entry.php?id=10877&mode=loadSearchArticle&obj=article_6&tag=debit&refobject=10343491&value=p95-017&ser=1729606829417 HTTP/1.1" 200 424 "http://hausegger.activities.at/entry.php?id=10830&&object=10343491&account=&mode=documentdebitor" "Mozilla/5.0 (Windows NT 10.0; Win64; x64; rv:131.0) Gecko/20100101 Firefox/131.0"
178.165.176.165 - - [22/Oct/2024:17:46:38 +0200] "GET /entry.php?id=10271&&ser=611937 HTTP/1.1" 200 987 "http://hausegger.activities.at/entry.php?id=10271&&ser=611877" "Mozilla/5.0 (Windows NT 10.0; Win64; x64; rv:131.0) Gecko/20100101 Firefox/131.0"
178.165.176.165 - - [22/Oct/2024:17:46:38 +0200] "GET /gui/javascript/form_form.js?1729611998 HTTP/1.1" 200 16206 "http://hausegger.activities.at/entry.php?id=10271&&ser=611937" "Mozilla/5.0 (Windows NT 10.0; Win64; x64; rv:131.0) Gecko/20100101 Firefox/131.0"
178.165.176.165 - - [22/Oct/2024:17:46:38 +0200] "GET /entry.php?id=10877&mode=loadSearchArticle&obj=article_6&tag=debit&refobject=10343491&value=p95-017-&ser=1729606829649 HTTP/1.1" 200 424 "http://hausegger.activities.at/entry.php?id=10830&&object=10343491&account=&mode=documentdebitor" "Mozilla/5.0 (Windows NT 10.0; Win64; x64; rv:131.0) Gecko/20100101 Firefox/131.0"
178.165.176.165 - - [22/Oct/2024:17:46:38 +0200] "GET /entry.php?id=10877&mode=loadSearchArticle&obj=article_6&tag=debit&refobject=10343491&value=p95-017-0&ser=1729606829882 HTTP/1.1" 200 357 "http://hausegger.activities.at/entry.php?id=10830&&object=10343491&account=&mode=documentdebitor" "Mozilla/5.0 (Windows NT 10.0; Win64; x64; rv:131.0) Gecko/20100101 Firefox/131.0"
178.165.176.165 - - [22/Oct/2024:17:46:38 +0200] "GET /entry.php?id=10877&mode=loadSearchArticle&obj=article_6&tag=debit&refobject=10343491&value=p95-017-01&ser=1729606830073 HTTP/1.1" 200 331 "http://hausegger.activities.at/entry.php?id=10830&&object=10343491&account=&mode=documentdebitor" "Mozilla/5.0 (Windows NT 10.0; Win64; x64; rv:131.0) Gecko/20100101 Firefox/131.0"
178.165.176.165 - - [22/Oct/2024:17:46:38 +0200] "GET /entry.php?id=10877&mode=loadSearchArticle&obj=article_6&tag=debit&refobject=10343491&value=p95-017-018&ser=1729606830281 HTTP/1.1" 200 276 "http://hausegger.activities.at/entry.php?id=10830&&object=10343491&account=&mode=documentdebitor" "Mozilla/5.0 (Windows NT 10.0; Win64; x64; rv:131.0) Gecko/20100101 Firefox/131.0"
178.165.176.165 - - [22/Oct/2024:17:46:39 +0200] "GET /entry.php?id=10877&mode=loadSearchArticle&obj=article_6&tag=debit&refobject=10343491&value=p95-017-0181&ser=1729606830473 HTTP/1.1" 200 276 "http://hausegger.activities.at/entry.php?id=10830&&object=10343491&account=&mode=documentdebitor" "Mozilla/5.0 (Windows NT 10.0; Win64; x64; rv:131.0) Gecko/20100101 Firefox/131.0"
178.165.176.165 - - [22/Oct/2024:17:46:40 +0200] "POST /entry.php?id=10889 HTTP/1.1" 200 1957 "http://hausegger.activities.at/entry.php?id=10889" "Mozilla/5.0 (Windows NT 10.0; Win64; x64; rv:131.0) Gecko/20100101 Firefox/131.0"
178.165.176.165 - - [22/Oct/2024:17:46:40 +0200] "GET /gui/javascript/form_form.js?1729612000 HTTP/1.1" 200 16206 "http://hausegger.activities.at/entry.php?id=10889" "Mozilla/5.0 (Windows NT 10.0; Win64; x64; rv:131.0) Gecko/20100101 Firefox/131.0"
178.165.176.165 - - [22/Oct/2024:17:46:40 +0200] "POST /entry.php?id=10889 HTTP/1.1" 200 1727 "http://hausegger.activities.at/entry.php?id=10889" "Mozilla/5.0 (Windows NT 10.0; Win64; x64; rv:131.0) Gecko/20100101 Firefox/131.0"
178.165.176.165 - - [22/Oct/2024:17:46:41 +0200] "GET /gui/javascript/form_form.js?1729612001 HTTP/1.1" 200 16206 "http://hausegger.activities.at/entry.php?id=10889" "Mozilla/5.0 (Windows NT 10.0; Win64; x64; rv:131.0) Gecko/20100101 Firefox/131.0"
178.165.176.165 - - [22/Oct/2024:17:46:45 +0200] "POST /entry.php?id=10889 HTTP/1.1" 200 1834 "http://hausegger.activities.at/entry.php?id=10889" "Mozilla/5.0 (Windows NT 10.0; Win64; x64; rv:131.0) Gecko/20100101 Firefox/131.0"
178.165.176.165 - - [22/Oct/2024:17:46:46 +0200] "GET /gui/javascript/form_form.js?1729612006 HTTP/1.1" 200 16206 "http://hausegger.activities.at/entry.php?id=10889" "Mozilla/5.0 (Windows NT 10.0; Win64; x64; rv:131.0) Gecko/20100101 Firefox/131.0"
178.165.176.165 - - [22/Oct/2024:17:46:47 +0200] "POST /entry.php?id=10889 HTTP/1.1" 200 1647 "http://hausegger.activities.at/entry.php?id=10889" "Mozilla/5.0 (Windows NT 10.0; Win64; x64; rv:131.0) Gecko/20100101 Firefox/131.0"
178.165.176.165 - - [22/Oct/2024:17:46:47 +0200] "GET /gui/javascript/form_form.js?1729612007 HTTP/1.1" 200 16206 "http://hausegger.activities.at/entry.php?id=10889" "Mozilla/5.0 (Windows NT 10.0; Win64; x64; rv:131.0) Gecko/20100101 Firefox/131.0"
178.165.176.165 - - [22/Oct/2024:17:46:49 +0200] "GET /entry.php?id=10877&mode=loadSearchArticle&obj=article_7&tag=debit&refobject=10343491&value=k&ser=1729606840609 HTTP/1.1" 200 3317 "http://hausegger.activities.at/entry.php?id=10830&&object=10343491&account=&mode=documentdebitor" "Mozilla/5.0 (Windows NT 10.0; Win64; x64; rv:131.0) Gecko/20100101 Firefox/131.0"
178.165.176.165 - - [22/Oct/2024:17:46:49 +0200] "GET /entry.php?id=10877&mode=loadSearchArticle&obj=article_7&tag=debit&refobject=10343491&value=k5&ser=1729606841234 HTTP/1.1" 200 332 "http://hausegger.activities.at/entry.php?id=10830&&object=10343491&account=&mode=documentdebitor" "Mozilla/5.0 (Windows NT 10.0; Win64; x64; rv:131.0) Gecko/20100101 Firefox/131.0"
178.165.176.165 - - [22/Oct/2024:17:46:49 +0200] "GET /entry.php?id=10877&mode=loadSearchArticle&obj=article_7&tag=debit&refobject=10343491&value=k50&ser=1729606841377 HTTP/1.1" 200 332 "http://hausegger.activities.at/entry.php?id=10830&&object=10343491&account=&mode=documentdebitor" "Mozilla/5.0 (Windows NT 10.0; Win64; x64; rv:131.0) Gecko/20100101 Firefox/131.0"
178.165.176.165 - - [22/Oct/2024:17:46:50 +0200] "GET /entry.php?id=10877&mode=loadSearchArticle&obj=article_7&tag=debit&refobject=10343491&value=k50-&ser=1729606841665 HTTP/1.1" 200 332 "http://hausegger.activities.at/entry.php?id=10830&&object=10343491&account=&mode=documentdebitor" "Mozilla/5.0 (Windows NT 10.0; Win64; x64; rv:131.0) Gecko/20100101 Firefox/131.0"
178.165.176.165 - - [22/Oct/2024:17:46:50 +0200] "GET /entry.php?id=10877&mode=loadSearchArticle&obj=article_7&tag=debit&refobject=10343491&value=k50-1&ser=1729606842177 HTTP/1.1" 200 332 "http://hausegger.activities.at/entry.php?id=10830&&object=10343491&account=&mode=documentdebitor" "Mozilla/5.0 (Windows NT 10.0; Win64; x64; rv:131.0) Gecko/20100101 Firefox/131.0"
178.165.176.165 - - [22/Oct/2024:17:46:51 +0200] "GET /entry.php?id=10877&mode=loadSearchArticle&obj=article_7&tag=debit&refobject=10343491&value=k50-14&ser=1729606842474 HTTP/1.1" 200 315 "http://hausegger.activities.at/entry.php?id=10830&&object=10343491&account=&mode=documentdebitor" "Mozilla/5.0 (Windows NT 10.0; Win64; x64; rv:131.0) Gecko/20100101 Firefox/131.0"
178.165.176.165 - - [22/Oct/2024:17:46:51 +0200] "GET /entry.php?id=10877&mode=loadSearchArticle&obj=article_7&tag=debit&refobject=10343491&value=k50-142&ser=1729606842737 HTTP/1.1" 200 280 "http://hausegger.activities.at/entry.php?id=10830&&object=10343491&account=&mode=documentdebitor" "Mozilla/5.0 (Windows NT 10.0; Win64; x64; rv:131.0) Gecko/20100101 Firefox/131.0"
178.165.176.165 - - [22/Oct/2024:17:46:52 +0200] "POST /entry.php?id=10889 HTTP/1.1" 200 1987 "http://hausegger.activities.at/entry.php?id=10889" "Mozilla/5.0 (Windows NT 10.0; Win64; x64; rv:131.0) Gecko/20100101 Firefox/131.0"
178.165.176.165 - - [22/Oct/2024:17:46:52 +0200] "GET /gui/javascript/form_form.js?1729612012 HTTP/1.1" 200 16206 "http://hausegger.activities.at/entry.php?id=10889" "Mozilla/5.0 (Windows NT 10.0; Win64; x64; rv:131.0) Gecko/20100101 Firefox/131.0"
178.165.176.165 - - [22/Oct/2024:17:46:52 +0200] "POST /entry.php?id=10889 HTTP/1.1" 200 1727 "http://hausegger.activities.at/entry.php?id=10889" "Mozilla/5.0 (Windows NT 10.0; Win64; x64; rv:131.0) Gecko/20100101 Firefox/131.0"
178.165.176.165 - - [22/Oct/2024:17:46:53 +0200] "GET /gui/javascript/form_form.js?1729612013 HTTP/1.1" 200 16206 "http://hausegger.activities.at/entry.php?id=10889" "Mozilla/5.0 (Windows NT 10.0; Win64; x64; rv:131.0) Gecko/20100101 Firefox/131.0"
156.59.198.135 - - [22/Oct/2024:17:46:56 +0200] "GET /renault.activities.at/htdocs/export/xml/data/orders/202101191703_RenOrder.xml HTTP/1.0" 404 329 "-" "Mozilla/5.0 (Linux; Android 5.0) AppleWebKit/537.36 (KHTML, like Gecko) Mobile Safari/537.36 (compatible; Bytespider; spider-feedback@bytedance.com)"
178.165.176.165 - - [22/Oct/2024:17:47:07 +0200] "POST /entry.php?id=10889 HTTP/1.1" 200 1835 "http://hausegger.activities.at/entry.php?id=10889" "Mozilla/5.0 (Windows NT 10.0; Win64; x64; rv:131.0) Gecko/20100101 Firefox/131.0"
178.165.176.165 - - [22/Oct/2024:17:47:07 +0200] "GET /gui/javascript/form_form.js?1729612027 HTTP/1.1" 200 16206 "http://hausegger.activities.at/entry.php?id=10889" "Mozilla/5.0 (Windows NT 10.0; Win64; x64; rv:131.0) Gecko/20100101 Firefox/131.0"
178.165.176.165 - - [22/Oct/2024:17:47:08 +0200] "POST /entry.php?id=10889 HTTP/1.1" 200 1651 "http://hausegger.activities.at/entry.php?id=10889" "Mozilla/5.0 (Windows NT 10.0; Win64; x64; rv:131.0) Gecko/20100101 Firefox/131.0"
178.165.176.165 - - [22/Oct/2024:17:47:09 +0200] "GET /gui/javascript/form_form.js?1729612029 HTTP/1.1" 200 16206 "http://hausegger.activities.at/entry.php?id=10889" "Mozilla/5.0 (Windows NT 10.0; Win64; x64; rv:131.0) Gecko/20100101 Firefox/131.0"
178.165.176.165 - - [22/Oct/2024:17:47:10 +0200] "GET /entry.php?id=10877&mode=loadSearchArticle&obj=article_8&tag=debit&refobject=10343491&value=k&ser=1729606862257 HTTP/1.1" 200 3317 "http://hausegger.activities.at/entry.php?id=10830&&object=10343491&account=&mode=documentdebitor" "Mozilla/5.0 (Windows NT 10.0; Win64; x64; rv:131.0) Gecko/20100101 Firefox/131.0"
178.165.176.165 - - [22/Oct/2024:17:47:11 +0200] "GET /entry.php?id=10877&mode=loadSearchArticle&obj=article_8&tag=debit&refobject=10343491&value=k1&ser=1729606862897 HTTP/1.1" 200 358 "http://hausegger.activities.at/entry.php?id=10830&&object=10343491&account=&mode=documentdebitor" "Mozilla/5.0 (Windows NT 10.0; Win64; x64; rv:131.0) Gecko/20100101 Firefox/131.0"
178.165.176.165 - - [22/Oct/2024:17:47:11 +0200] "GET /entry.php?id=10877&mode=loadSearchArticle&obj=article_8&tag=debit&refobject=10343491&value=k15&ser=1729606863145 HTTP/1.1" 200 341 "http://hausegger.activities.at/entry.php?id=10830&&object=10343491&account=&mode=documentdebitor" "Mozilla/5.0 (Windows NT 10.0; Win64; x64; rv:131.0) Gecko/20100101 Firefox/131.0"
178.165.176.165 - - [22/Oct/2024:17:47:11 +0200] "GET /entry.php?id=10877&mode=loadSearchArticle&obj=article_8&tag=debit&refobject=10343491&value=k15-&ser=1729606863433 HTTP/1.1" 200 341 "http://hausegger.activities.at/entry.php?id=10830&&object=10343491&account=&mode=documentdebitor" "Mozilla/5.0 (Windows NT 10.0; Win64; x64; rv:131.0) Gecko/20100101 Firefox/131.0"
178.165.176.165 - - [22/Oct/2024:17:47:12 +0200] "GET /entry.php?id=10877&mode=loadSearchArticle&obj=article_8&tag=debit&refobject=10343491&value=k15-1&ser=1729606863689 HTTP/1.1" 200 341 "http://hausegger.activities.at/entry.php?id=10830&&object=10343491&account=&mode=documentdebitor" "Mozilla/5.0 (Windows NT 10.0; Win64; x64; rv:131.0) Gecko/20100101 Firefox/131.0"
178.165.176.165 - - [22/Oct/2024:17:47:12 +0200] "GET /entry.php?id=10877&mode=loadSearchArticle&obj=article_8&tag=debit&refobject=10343491&value=k15-14&ser=1729606863932 HTTP/1.1" 200 266 "http://hausegger.activities.at/entry.php?id=10830&&object=10343491&account=&mode=documentdebitor" "Mozilla/5.0 (Windows NT 10.0; Win64; x64; rv:131.0) Gecko/20100101 Firefox/131.0"
178.165.176.165 - - [22/Oct/2024:17:47:12 +0200] "GET /entry.php?id=10877&mode=loadSearchArticle&obj=article_8&tag=debit&refobject=10343491&value=k15-144&ser=1729606864113 HTTP/1.1" 200 266 "http://hausegger.activities.at/entry.php?id=10830&&object=10343491&account=&mode=documentdebitor" "Mozilla/5.0 (Windows NT 10.0; Win64; x64; rv:131.0) Gecko/20100101 Firefox/131.0"
178.165.176.165 - - [22/Oct/2024:17:47:14 +0200] "POST /entry.php?id=10889 HTTP/1.1" 200 1949 "http://hausegger.activities.at/entry.php?id=10889" "Mozilla/5.0 (Windows NT 10.0; Win64; x64; rv:131.0) Gecko/20100101 Firefox/131.0"
178.165.176.165 - - [22/Oct/2024:17:47:14 +0200] "GET /gui/javascript/form_form.js?1729612034 HTTP/1.1" 200 16206 "http://hausegger.activities.at/entry.php?id=10889" "Mozilla/5.0 (Windows NT 10.0; Win64; x64; rv:131.0) Gecko/20100101 Firefox/131.0"
178.165.176.165 - - [22/Oct/2024:17:47:14 +0200] "POST /entry.php?id=10889 HTTP/1.1" 200 1729 "http://hausegger.activities.at/entry.php?id=10889" "Mozilla/5.0 (Windows NT 10.0; Win64; x64; rv:131.0) Gecko/20100101 Firefox/131.0"
178.165.176.165 - - [22/Oct/2024:17:47:15 +0200] "GET /gui/javascript/form_form.js?1729612035 HTTP/1.1" 200 16206 "http://hausegger.activities.at/entry.php?id=10889" "Mozilla/5.0 (Windows NT 10.0; Win64; x64; rv:131.0) Gecko/20100101 Firefox/131.0"
178.165.176.165 - - [22/Oct/2024:17:47:17 +0200] "POST /entry.php?id=10889 HTTP/1.1" 200 1821 "http://hausegger.activities.at/entry.php?id=10889" "Mozilla/5.0 (Windows NT 10.0; Win64; x64; rv:131.0) Gecko/20100101 Firefox/131.0"
178.165.176.165 - - [22/Oct/2024:17:47:17 +0200] "GET /gui/javascript/form_form.js?1729612037 HTTP/1.1" 200 16206 "http://hausegger.activities.at/entry.php?id=10889" "Mozilla/5.0 (Windows NT 10.0; Win64; x64; rv:131.0) Gecko/20100101 Firefox/131.0"
156.59.198.136 - - [22/Oct/2024:17:47:17 +0200] "GET /renault.activities.at/htdocs/export/pdf/emuc_document/11451522.pdf HTTP/1.0" 404 321 "-" "Mozilla/5.0 (Linux; Android 5.0) AppleWebKit/537.36 (KHTML, like Gecko) Mobile Safari/537.36 (compatible; Bytespider; spider-feedback@bytedance.com)"
178.165.176.165 - - [22/Oct/2024:17:47:19 +0200] "GET /entry.php?id=11270&document=10343491 HTTP/1.1" 200 1975 "http://hausegger.activities.at/entry.php?id=10828" "Mozilla/5.0 (Windows NT 10.0; Win64; x64; rv:131.0) Gecko/20100101 Firefox/131.0"
178.165.176.165 - - [22/Oct/2024:17:47:19 +0200] "GET /gui/javascript/form_bu_document.js?1729612039 HTTP/1.1" 200 2675 "http://hausegger.activities.at/entry.php?id=11270&document=10343491" "Mozilla/5.0 (Windows NT 10.0; Win64; x64; rv:131.0) Gecko/20100101 Firefox/131.0"
178.165.176.165 - - [22/Oct/2024:17:47:19 +0200] "GET /gui/javascript/form_form.js?1729612039 HTTP/1.1" 200 16206 "http://hausegger.activities.at/entry.php?id=11270&document=10343491" "Mozilla/5.0 (Windows NT 10.0; Win64; x64; rv:131.0) Gecko/20100101 Firefox/131.0"
178.165.176.165 - - [22/Oct/2024:17:47:19 +0200] "GET /entry.php?id=10877&mode=observePrint HTTP/1.1" 200 55 "http://hausegger.activities.at/entry.php?id=11270&document=10343491" "Mozilla/5.0 (Windows NT 10.0; Win64; x64; rv:131.0) Gecko/20100101 Firefox/131.0"
178.165.176.165 - - [22/Oct/2024:17:47:19 +0200] "GET /entry.php?id=11241&images=false&document=10343491 HTTP/1.1" 200 2470 "http://hausegger.activities.at/entry.php?id=11270&document=10343491" "Mozilla/5.0 (Windows NT 10.0; Win64; x64; rv:131.0) Gecko/20100101 Firefox/131.0"
178.165.176.165 - - [22/Oct/2024:17:47:38 +0200] "GET /entry.php?id=10271&&ser=611998 HTTP/1.1" 200 987 "http://hausegger.activities.at/entry.php?id=10271&&ser=611937" "Mozilla/5.0 (Windows NT 10.0; Win64; x64; rv:131.0) Gecko/20100101 Firefox/131.0"
178.165.176.165 - - [22/Oct/2024:17:47:38 +0200] "GET /gui/javascript/form_form.js?1729612058 HTTP/1.1" 200 16206 "http://hausegger.activities.at/entry.php?id=10271&&ser=611998" "Mozilla/5.0 (Windows NT 10.0; Win64; x64; rv:131.0) Gecko/20100101 Firefox/131.0"
156.59.198.136 - - [22/Oct/2024:17:47:39 +0200] "GET /renault.activities.at/htdocs/log/cron/exportXML_3116309.txt HTTP/1.0" 404 320 "-" "Mozilla/5.0 (Linux; Android 5.0) AppleWebKit/537.36 (KHTML, like Gecko) Mobile Safari/537.36 (compatible; Bytespider; spider-feedback@bytedance.com)"
156.59.198.135 - - [22/Oct/2024:17:48:00 +0200] "GET /renault.activities.at/htdocs/export/xml/data/orders/202107090803_RenOrder.xml HTTP/1.0" 404 329 "-" "Mozilla/5.0 (Linux; Android 5.0) AppleWebKit/537.36 (KHTML, like Gecko) Mobile Safari/537.36 (compatible; Bytespider; spider-feedback@bytedance.com)"
194.38.20.13 - - [22/Oct/2024:17:48:15 +0200] "GET /administrator/components/com_facileforms/libraries/jquery/tooltip.js HTTP/1.1" 404 420 "-" "ALittle Client"
156.59.198.135 - - [22/Oct/2024:17:48:21 +0200] "GET /renault.activities.at/htdocs/export/pdf/emuc_document/10460187.pdf HTTP/1.0" 404 322 "-" "Mozilla/5.0 (Linux; Android 5.0) AppleWebKit/537.36 (KHTML, like Gecko) Mobile Safari/537.36 (compatible; Bytespider; spider-feedback@bytedance.com)"
194.38.20.13 - - [22/Oct/2024:17:48:36 +0200] "GET /administrator/components/com_facileforms/libraries/jquery/tooltip.js HTTP/1.1" 404 433 "-" "ALittle Client"
178.165.176.165 - - [22/Oct/2024:17:48:39 +0200] "GET /entry.php?id=10271&&ser=612058 HTTP/1.1" 200 988 "http://hausegger.activities.at/entry.php?id=10271&&ser=611998" "Mozilla/5.0 (Windows NT 10.0; Win64; x64; rv:131.0) Gecko/20100101 Firefox/131.0"
178.165.176.165 - - [22/Oct/2024:17:48:39 +0200] "GET /gui/javascript/form_form.js?1729612119 HTTP/1.1" 200 16206 "http://hausegger.activities.at/entry.php?id=10271&&ser=612058" "Mozilla/5.0 (Windows NT 10.0; Win64; x64; rv:131.0) Gecko/20100101 Firefox/131.0"
156.59.198.136 - - [22/Oct/2024:17:48:42 +0200] "GET /renault.activities.at/htdocs/log/cron/shipp_Export_Data_3114991.txt HTTP/1.0" 404 325 "-" "Mozilla/5.0 (Linux; Android 5.0) AppleWebKit/537.36 (KHTML, like Gecko) Mobile Safari/537.36 (compatible; Bytespider; spider-feedback@bytedance.com)"
156.59.198.136 - - [22/Oct/2024:17:49:03 +0200] "GET /renault.activities.at/htdocs/export/xml/data/orders/202103091503_RenOrder.xml HTTP/1.0" 404 329 "-" "Mozilla/5.0 (Linux; Android 5.0) AppleWebKit/537.36 (KHTML, like Gecko) Mobile Safari/537.36 (compatible; Bytespider; spider-feedback@bytedance.com)"
178.165.176.165 - - [22/Oct/2024:17:49:21 +0200] "GET /entry.php?id=10828 HTTP/1.1" 200 9145 "http://hausegger.activities.at/entry.php?id=10270&__app__=10006038" "Mozilla/5.0 (Windows NT 10.0; Win64; x64; rv:131.0) Gecko/20100101 Firefox/131.0"
178.165.176.165 - - [22/Oct/2024:17:49:21 +0200] "GET /gui/javascript/form_form.js?1729612161 HTTP/1.1" 200 16206 "http://hausegger.activities.at/entry.php?id=10828" "Mozilla/5.0 (Windows NT 10.0; Win64; x64; rv:131.0) Gecko/20100101 Firefox/131.0"
178.165.176.165 - - [22/Oct/2024:17:49:21 +0200] "GET /entry.php?id=10889&document_id=& HTTP/1.1" 200 1510 "http://hausegger.activities.at/entry.php?id=10828" "Mozilla/5.0 (Windows NT 10.0; Win64; x64; rv:131.0) Gecko/20100101 Firefox/131.0"
178.165.176.165 - - [22/Oct/2024:17:49:22 +0200] "GET /gui/javascript/form_form.js?1729612162 HTTP/1.1" 200 16206 "http://hausegger.activities.at/entry.php?id=10889&document_id=&" "Mozilla/5.0 (Windows NT 10.0; Win64; x64; rv:131.0) Gecko/20100101 Firefox/131.0"
156.59.198.135 - - [22/Oct/2024:17:49:25 +0200] "GET /renault.activities.at/htdocs/export/pdf/emuc_document/11449415.pdf HTTP/1.0" 404 321 "-" "Mozilla/5.0 (Linux; Android 5.0) AppleWebKit/537.36 (KHTML, like Gecko) Mobile Safari/537.36 (compatible; Bytespider; spider-feedback@bytedance.com)"
178.165.176.165 - - [22/Oct/2024:17:49:41 +0200] "GET /entry.php?id=10271&&ser=612119 HTTP/1.1" 200 986 "http://hausegger.activities.at/entry.php?id=10271&&ser=612058" "Mozilla/5.0 (Windows NT 10.0; Win64; x64; rv:131.0) Gecko/20100101 Firefox/131.0"
178.165.176.165 - - [22/Oct/2024:17:49:41 +0200] "GET /gui/javascript/form_form.js?1729612181 HTTP/1.1" 200 16206 "http://hausegger.activities.at/entry.php?id=10271&&ser=612119" "Mozilla/5.0 (Windows NT 10.0; Win64; x64; rv:131.0) Gecko/20100101 Firefox/131.0"
156.59.198.135 - - [22/Oct/2024:17:49:46 +0200] "GET /renault.activities.at/htdocs/export/xml/data/orders/202003061203_RenOrder.xml HTTP/1.0" 404 329 "-" "Mozilla/5.0 (Linux; Android 5.0) AppleWebKit/537.36 (KHTML, like Gecko) Mobile Safari/537.36 (compatible; Bytespider; spider-feedback@bytedance.com)"
156.59.198.136 - - [22/Oct/2024:17:50:07 +0200] "GET /renault.activities.at/htdocs/export/pdf/emuc_document/11483367.pdf HTTP/1.0" 404 322 "-" "Mozilla/5.0 (Linux; Android 5.0) AppleWebKit/537.36 (KHTML, like Gecko) Mobile Safari/537.36 (compatible; Bytespider; spider-feedback@bytedance.com)"
156.59.198.135 - - [22/Oct/2024:17:50:28 +0200] "GET /renault.activities.at/htdocs/log/cron/reminder_mailing_3115964.txt HTTP/1.0" 404 323 "-" "Mozilla/5.0 (Linux; Android 5.0) AppleWebKit/537.36 (KHTML, like Gecko) Mobile Safari/537.36 (compatible; Bytespider; spider-feedback@bytedance.com)"
178.165.176.165 - - [22/Oct/2024:17:50:41 +0200] "GET /entry.php?id=10271&&ser=612181 HTTP/1.1" 200 986 "http://hausegger.activities.at/entry.php?id=10271&&ser=612119" "Mozilla/5.0 (Windows NT 10.0; Win64; x64; rv:131.0) Gecko/20100101 Firefox/131.0"
178.165.176.165 - - [22/Oct/2024:17:50:41 +0200] "GET /gui/javascript/form_form.js?1729612241 HTTP/1.1" 200 16206 "http://hausegger.activities.at/entry.php?id=10271&&ser=612181" "Mozilla/5.0 (Windows NT 10.0; Win64; x64; rv:131.0) Gecko/20100101 Firefox/131.0"
156.59.198.135 - - [22/Oct/2024:17:50:49 +0200] "GET /renault.activities.at/htdocs/export/pdf/emuc_document/12113233.pdf HTTP/1.0" 404 322 "-" "Mozilla/5.0 (Linux; Android 5.0) AppleWebKit/537.36 (KHTML, like Gecko) Mobile Safari/537.36 (compatible; Bytespider; spider-feedback@bytedance.com)"
156.59.198.136 - - [22/Oct/2024:17:51:11 +0200] "GET /renault.activities.at/htdocs/export/xml/data/orders/202003021403_RenOrder.xml HTTP/1.0" 404 329 "-" "Mozilla/5.0 (Linux; Android 5.0) AppleWebKit/537.36 (KHTML, like Gecko) Mobile Safari/537.36 (compatible; Bytespider; spider-feedback@bytedance.com)"
156.59.198.136 - - [22/Oct/2024:17:51:31 +0200] "GET /renault.activities.at/htdocs/export/pdf/emuc_document/10608257.pdf HTTP/1.0" 404 322 "-" "Mozilla/5.0 (Linux; Android 5.0) AppleWebKit/537.36 (KHTML, like Gecko) Mobile Safari/537.36 (compatible; Bytespider; spider-feedback@bytedance.com)"
178.165.176.165 - - [22/Oct/2024:17:51:41 +0200] "GET /entry.php?id=10271&&ser=612241 HTTP/1.1" 200 987 "http://hausegger.activities.at/entry.php?id=10271&&ser=612181" "Mozilla/5.0 (Windows NT 10.0; Win64; x64; rv:131.0) Gecko/20100101 Firefox/131.0"
178.165.176.165 - - [22/Oct/2024:17:51:42 +0200] "GET /gui/javascript/form_form.js?1729612302 HTTP/1.1" 200 16206 "http://hausegger.activities.at/entry.php?id=10271&&ser=612241" "Mozilla/5.0 (Windows NT 10.0; Win64; x64; rv:131.0) Gecko/20100101 Firefox/131.0"
156.59.198.135 - - [22/Oct/2024:17:51:52 +0200] "GET /renault.activities.at/htdocs/export/pdf/emuc_document/10998663.pdf HTTP/1.0" 404 322 "-" "Mozilla/5.0 (Linux; Android 5.0) AppleWebKit/537.36 (KHTML, like Gecko) Mobile Safari/537.36 (compatible; Bytespider; spider-feedback@bytedance.com)"
156.59.198.136 - - [22/Oct/2024:17:52:14 +0200] "GET /renault.activities.at/htdocs/export/pdf/emuc_document/11451450.pdf HTTP/1.0" 404 320 "-" "Mozilla/5.0 (Linux; Android 5.0) AppleWebKit/537.36 (KHTML, like Gecko) Mobile Safari/537.36 (compatible; Bytespider; spider-feedback@bytedance.com)"
156.59.198.135 - - [22/Oct/2024:17:52:35 +0200] "GET /renault.activities.at/htdocs/export/xml/data/orders/202002031103_RenOrder.xml HTTP/1.0" 404 328 "-" "Mozilla/5.0 (Linux; Android 5.0) AppleWebKit/537.36 (KHTML, like Gecko) Mobile Safari/537.36 (compatible; Bytespider; spider-feedback@bytedance.com)"
178.165.176.165 - - [22/Oct/2024:17:52:42 +0200] "GET /entry.php?id=10271&&ser=612302 HTTP/1.1" 200 987 "http://hausegger.activities.at/entry.php?id=10271&&ser=612241" "Mozilla/5.0 (Windows NT 10.0; Win64; x64; rv:131.0) Gecko/20100101 Firefox/131.0"
178.165.176.165 - - [22/Oct/2024:17:52:42 +0200] "GET /gui/javascript/form_form.js?1729612362 HTTP/1.1" 200 16206 "http://hausegger.activities.at/entry.php?id=10271&&ser=612302" "Mozilla/5.0 (Windows NT 10.0; Win64; x64; rv:131.0) Gecko/20100101 Firefox/131.0"
156.59.198.136 - - [22/Oct/2024:17:52:56 +0200] "GET /renault.activities.at/htdocs/export/xml/data/orders/201907291503_RenOrder.xml HTTP/1.0" 404 329 "-" "Mozilla/5.0 (Linux; Android 5.0) AppleWebKit/537.36 (KHTML, like Gecko) Mobile Safari/537.36 (compatible; Bytespider; spider-feedback@bytedance.com)"
156.59.198.136 - - [22/Oct/2024:17:53:17 +0200] "GET /renault.activities.at/htdocs/export/pdf/emuc_document/10916017.pdf HTTP/1.0" 404 322 "-" "Mozilla/5.0 (Linux; Android 5.0) AppleWebKit/537.36 (KHTML, like Gecko) Mobile Safari/537.36 (compatible; Bytespider; spider-feedback@bytedance.com)"
156.59.198.136 - - [22/Oct/2024:17:53:39 +0200] "GET /renault.activities.at/htdocs/log/cron/shipp_Export_Data_3115965.txt HTTP/1.0" 404 325 "-" "Mozilla/5.0 (Linux; Android 5.0) AppleWebKit/537.36 (KHTML, like Gecko) Mobile Safari/537.36 (compatible; Bytespider; spider-feedback@bytedance.com)"
178.165.176.165 - - [22/Oct/2024:17:53:42 +0200] "GET /entry.php?id=10271&&ser=612362 HTTP/1.1" 200 987 "http://hausegger.activities.at/entry.php?id=10271&&ser=612302" "Mozilla/5.0 (Windows NT 10.0; Win64; x64; rv:131.0) Gecko/20100101 Firefox/131.0"
178.165.176.165 - - [22/Oct/2024:17:53:42 +0200] "GET /gui/javascript/form_form.js?1729612422 HTTP/1.1" 200 16206 "http://hausegger.activities.at/entry.php?id=10271&&ser=612362" "Mozilla/5.0 (Windows NT 10.0; Win64; x64; rv:131.0) Gecko/20100101 Firefox/131.0"
156.59.198.135 - - [22/Oct/2024:17:54:00 +0200] "GET /renault.activities.at/htdocs/log/cron/importLogisticData_3116201.txt HTTP/1.0" 404 324 "-" "Mozilla/5.0 (Linux; Android 5.0) AppleWebKit/537.36 (KHTML, like Gecko) Mobile Safari/537.36 (compatible; Bytespider; spider-feedback@bytedance.com)"
156.59.198.135 - - [22/Oct/2024:17:54:21 +0200] "GET /renault.activities.at/htdocs/log/cron/reminder_mailing_3115212.txt HTTP/1.0" 404 322 "-" "Mozilla/5.0 (Linux; Android 5.0) AppleWebKit/537.36 (KHTML, like Gecko) Mobile Safari/537.36 (compatible; Bytespider; spider-feedback@bytedance.com)"
156.59.198.135 - - [22/Oct/2024:17:54:42 +0200] "GET /renault.activities.at/htdocs/export/xml/data/orders/202102260903_RenOrder.xml HTTP/1.0" 404 329 "-" "Mozilla/5.0 (Linux; Android 5.0) AppleWebKit/537.36 (KHTML, like Gecko) Mobile Safari/537.36 (compatible; Bytespider; spider-feedback@bytedance.com)"
178.165.176.165 - - [22/Oct/2024:17:54:42 +0200] "GET /entry.php?id=10271&&ser=612422 HTTP/1.1" 200 987 "http://hausegger.activities.at/entry.php?id=10271&&ser=612362" "Mozilla/5.0 (Windows NT 10.0; Win64; x64; rv:131.0) Gecko/20100101 Firefox/131.0"
178.165.176.165 - - [22/Oct/2024:17:54:43 +0200] "GET /gui/javascript/form_form.js?1729612483 HTTP/1.1" 200 16206 "http://hausegger.activities.at/entry.php?id=10271&&ser=612422" "Mozilla/5.0 (Windows NT 10.0; Win64; x64; rv:131.0) Gecko/20100101 Firefox/131.0"
156.59.198.135 - - [22/Oct/2024:17:55:03 +0200] "GET /renault.activities.at/htdocs/export/pdf/emuc_document/11334989.pdf HTTP/1.0" 404 322 "-" "Mozilla/5.0 (Linux; Android 5.0) AppleWebKit/537.36 (KHTML, like Gecko) Mobile Safari/537.36 (compatible; Bytespider; spider-feedback@bytedance.com)"
156.59.198.136 - - [22/Oct/2024:17:55:24 +0200] "GET /renault.activities.at/htdocs/export/pdf/emuc_document/12468782.pdf HTTP/1.0" 404 322 "-" "Mozilla/5.0 (Linux; Android 5.0) AppleWebKit/537.36 (KHTML, like Gecko) Mobile Safari/537.36 (compatible; Bytespider; spider-feedback@bytedance.com)"
178.165.176.165 - - [22/Oct/2024:17:55:43 +0200] "GET /entry.php?id=10271&&ser=612483 HTTP/1.1" 200 987 "http://hausegger.activities.at/entry.php?id=10271&&ser=612422" "Mozilla/5.0 (Windows NT 10.0; Win64; x64; rv:131.0) Gecko/20100101 Firefox/131.0"
178.165.176.165 - - [22/Oct/2024:17:55:43 +0200] "GET /gui/javascript/form_form.js?1729612543 HTTP/1.1" 200 16206 "http://hausegger.activities.at/entry.php?id=10271&&ser=612483" "Mozilla/5.0 (Windows NT 10.0; Win64; x64; rv:131.0) Gecko/20100101 Firefox/131.0"
156.59.198.136 - - [22/Oct/2024:17:55:46 +0200] "GET /renault.activities.at/htdocs/log/cron/reminder_mailing_3114842.txt HTTP/1.0" 404 323 "-" "Mozilla/5.0 (Linux; Android 5.0) AppleWebKit/537.36 (KHTML, like Gecko) Mobile Safari/537.36 (compatible; Bytespider; spider-feedback@bytedance.com)"
156.59.198.136 - - [22/Oct/2024:17:56:07 +0200] "GET /renault.activities.at/htdocs/log/cron/system_mail_3115689.txt HTTP/1.0" 404 320 "-" "Mozilla/5.0 (Linux; Android 5.0) AppleWebKit/537.36 (KHTML, like Gecko) Mobile Safari/537.36 (compatible; Bytespider; spider-feedback@bytedance.com)"
156.59.198.135 - - [22/Oct/2024:17:56:28 +0200] "GET /renault.activities.at/htdocs/export/pdf/emuc_document/11320369.pdf HTTP/1.0" 404 322 "-" "Mozilla/5.0 (Linux; Android 5.0) AppleWebKit/537.36 (KHTML, like Gecko) Mobile Safari/537.36 (compatible; Bytespider; spider-feedback@bytedance.com)"
178.165.176.165 - - [22/Oct/2024:17:56:43 +0200] "GET /entry.php?id=10271&&ser=612543 HTTP/1.1" 200 987 "http://hausegger.activities.at/entry.php?id=10271&&ser=612483" "Mozilla/5.0 (Windows NT 10.0; Win64; x64; rv:131.0) Gecko/20100101 Firefox/131.0"
178.165.176.165 - - [22/Oct/2024:17:56:43 +0200] "GET /gui/javascript/form_form.js?1729612603 HTTP/1.1" 200 16206 "http://hausegger.activities.at/entry.php?id=10271&&ser=612543" "Mozilla/5.0 (Windows NT 10.0; Win64; x64; rv:131.0) Gecko/20100101 Firefox/131.0"
156.59.198.136 - - [22/Oct/2024:17:56:49 +0200] "GET /renault.activities.at/htdocs/export/pdf/emuc_document/12323258.pdf HTTP/1.0" 404 321 "-" "Mozilla/5.0 (Linux; Android 5.0) AppleWebKit/537.36 (KHTML, like Gecko) Mobile Safari/537.36 (compatible; Bytespider; spider-feedback@bytedance.com)"
156.59.198.136 - - [22/Oct/2024:17:57:10 +0200] "GET /renault.activities.at/htdocs/export/pdf/emuc_document/12136267.pdf HTTP/1.0" 404 322 "-" "Mozilla/5.0 (Linux; Android 5.0) AppleWebKit/537.36 (KHTML, like Gecko) Mobile Safari/537.36 (compatible; Bytespider; spider-feedback@bytedance.com)"
156.59.198.135 - - [22/Oct/2024:17:57:32 +0200] "GET /renault.activities.at/htdocs/log/cron/autologout_3116132.txt HTTP/1.0" 404 318 "-" "Mozilla/5.0 (Linux; Android 5.0) AppleWebKit/537.36 (KHTML, like Gecko) Mobile Safari/537.36 (compatible; Bytespider; spider-feedback@bytedance.com)"
178.165.176.165 - - [22/Oct/2024:17:57:43 +0200] "GET /entry.php?id=10271&&ser=612603 HTTP/1.1" 200 987 "http://hausegger.activities.at/entry.php?id=10271&&ser=612543" "Mozilla/5.0 (Windows NT 10.0; Win64; x64; rv:131.0) Gecko/20100101 Firefox/131.0"
178.165.176.165 - - [22/Oct/2024:17:57:43 +0200] "GET /gui/javascript/form_form.js?1729612663 HTTP/1.1" 200 16206 "http://hausegger.activities.at/entry.php?id=10271&&ser=612603" "Mozilla/5.0 (Windows NT 10.0; Win64; x64; rv:131.0) Gecko/20100101 Firefox/131.0"
156.59.198.135 - - [22/Oct/2024:17:57:53 +0200] "GET /renault.activities.at/htdocs/log/cron/system_mail_3116522.txt HTTP/1.0" 404 320 "-" "Mozilla/5.0 (Linux; Android 5.0) AppleWebKit/537.36 (KHTML, like Gecko) Mobile Safari/537.36 (compatible; Bytespider; spider-feedback@bytedance.com)"
156.59.198.136 - - [22/Oct/2024:17:58:14 +0200] "GET /renault.activities.at/htdocs/export/xml/data/orders/202106160903_RenOrder.xml HTTP/1.0" 404 329 "-" "Mozilla/5.0 (Linux; Android 5.0) AppleWebKit/537.36 (KHTML, like Gecko) Mobile Safari/537.36 (compatible; Bytespider; spider-feedback@bytedance.com)"
156.59.198.136 - - [22/Oct/2024:17:58:35 +0200] "GET /renault.activities.at/htdocs/export/xml/data/orders/202006031503_RenOrder.xml HTTP/1.0" 404 329 "-" "Mozilla/5.0 (Linux; Android 5.0) AppleWebKit/537.36 (KHTML, like Gecko) Mobile Safari/537.36 (compatible; Bytespider; spider-feedback@bytedance.com)"
178.165.176.165 - - [22/Oct/2024:17:58:44 +0200] "GET /entry.php?id=10271&&ser=612663 HTTP/1.1" 200 987 "http://hausegger.activities.at/entry.php?id=10271&&ser=612603" "Mozilla/5.0 (Windows NT 10.0; Win64; x64; rv:131.0) Gecko/20100101 Firefox/131.0"
178.165.176.165 - - [22/Oct/2024:17:58:44 +0200] "GET /gui/javascript/form_form.js?1729612724 HTTP/1.1" 200 16206 "http://hausegger.activities.at/entry.php?id=10271&&ser=612663" "Mozilla/5.0 (Windows NT 10.0; Win64; x64; rv:131.0) Gecko/20100101 Firefox/131.0"
156.59.198.135 - - [22/Oct/2024:17:58:56 +0200] "GET /renault.activities.at/htdocs/export/xml/data/orders/202105201203_RenOrder.xml HTTP/1.0" 404 329 "-" "Mozilla/5.0 (Linux; Android 5.0) AppleWebKit/537.36 (KHTML, like Gecko) Mobile Safari/537.36 (compatible; Bytespider; spider-feedback@bytedance.com)"
156.59.198.135 - - [22/Oct/2024:17:59:17 +0200] "GET /renault.activities.at/htdocs/export/xml/data/orders/202002251603_RenOrder.xml HTTP/1.0" 404 329 "-" "Mozilla/5.0 (Linux; Android 5.0) AppleWebKit/537.36 (KHTML, like Gecko) Mobile Safari/537.36 (compatible; Bytespider; spider-feedback@bytedance.com)"
156.59.198.136 - - [22/Oct/2024:17:59:38 +0200] "GET /renault.activities.at/htdocs/log/cron/shipp_Export_Data_3115243.txt HTTP/1.0" 404 324 "-" "Mozilla/5.0 (Linux; Android 5.0) AppleWebKit/537.36 (KHTML, like Gecko) Mobile Safari/537.36 (compatible; Bytespider; spider-feedback@bytedance.com)"
178.165.176.165 - - [22/Oct/2024:17:59:44 +0200] "GET /entry.php?id=10271&&ser=612724 HTTP/1.1" 200 987 "http://hausegger.activities.at/entry.php?id=10271&&ser=612663" "Mozilla/5.0 (Windows NT 10.0; Win64; x64; rv:131.0) Gecko/20100101 Firefox/131.0"
178.165.176.165 - - [22/Oct/2024:17:59:44 +0200] "GET /gui/javascript/form_form.js?1729612784 HTTP/1.1" 200 16206 "http://hausegger.activities.at/entry.php?id=10271&&ser=612724" "Mozilla/5.0 (Windows NT 10.0; Win64; x64; rv:131.0) Gecko/20100101 Firefox/131.0"
178.165.176.165 - - [22/Oct/2024:18:00:44 +0200] "GET /entry.php?id=10271&&ser=612784 HTTP/1.1" 200 987 "http://hausegger.activities.at/entry.php?id=10271&&ser=612724" "Mozilla/5.0 (Windows NT 10.0; Win64; x64; rv:131.0) Gecko/20100101 Firefox/131.0"
178.165.176.165 - - [22/Oct/2024:18:00:44 +0200] "GET /gui/javascript/form_form.js?1729612844 HTTP/1.1" 200 16206 "http://hausegger.activities.at/entry.php?id=10271&&ser=612784" "Mozilla/5.0 (Windows NT 10.0; Win64; x64; rv:131.0) Gecko/20100101 Firefox/131.0"
178.165.176.165 - - [22/Oct/2024:18:01:45 +0200] "GET /entry.php?id=10271&&ser=612844 HTTP/1.1" 200 987 "http://hausegger.activities.at/entry.php?id=10271&&ser=612784" "Mozilla/5.0 (Windows NT 10.0; Win64; x64; rv:131.0) Gecko/20100101 Firefox/131.0"
178.165.176.165 - - [22/Oct/2024:18:01:45 +0200] "GET /gui/javascript/form_form.js?1729612905 HTTP/1.1" 200 16206 "http://hausegger.activities.at/entry.php?id=10271&&ser=612844" "Mozilla/5.0 (Windows NT 10.0; Win64; x64; rv:131.0) Gecko/20100101 Firefox/131.0"
59.126.76.145 - - [22/Oct/2024:18:02:13 +0200] "GET / HTTP/1.0" 200 423 "-" "Mozilla/5.0 (Linux; U; Android 4.0.3; ko-kr; LG-L160L Build/IML74K) AppleWebkit/534.30 (KHTML, like Gecko) Version/4.0 Mobile Safari/534.30"
156.59.198.135 - - [22/Oct/2024:18:02:21 +0200] "GET /renault.activities.at/htdocs/export/pdf/emuc_document/12465061.pdf HTTP/1.0" 404 322 "-" "Mozilla/5.0 (Linux; Android 5.0) AppleWebKit/537.36 (KHTML, like Gecko) Mobile Safari/537.36 (compatible; Bytespider; spider-feedback@bytedance.com)"
156.59.198.136 - - [22/Oct/2024:18:02:42 +0200] "GET /renault.activities.at/htdocs/log/cron/reminder_mailing_3115921.txt HTTP/1.0" 404 322 "-" "Mozilla/5.0 (Linux; Android 5.0) AppleWebKit/537.36 (KHTML, like Gecko) Mobile Safari/537.36 (compatible; Bytespider; spider-feedback@bytedance.com)"
178.165.176.165 - - [22/Oct/2024:18:02:45 +0200] "GET /entry.php?id=10271&&ser=612905 HTTP/1.1" 200 986 "http://hausegger.activities.at/entry.php?id=10271&&ser=612844" "Mozilla/5.0 (Windows NT 10.0; Win64; x64; rv:131.0) Gecko/20100101 Firefox/131.0"
