156.59.198.136 - - [23/Oct/2024:17:23:07 +0200] "GET /renault.activities.at/htdocs/log/cron/autologout_3115448.txt HTTP/1.0" 404 318 "-" "Mozilla/5.0 (Linux; Android 5.0) AppleWebKit/537.36 (KHTML, like Gecko) Mobile Safari/537.36 (compatible; Bytespider; spider-feedback@bytedance.com)"
156.59.198.136 - - [23/Oct/2024:17:23:28 +0200] "GET /renault.activities.at/htdocs/export/pdf/emuc_document/11907461.pdf HTTP/1.0" 404 322 "-" "Mozilla/5.0 (Linux; Android 5.0) AppleWebKit/537.36 (KHTML, like Gecko) Mobile Safari/537.36 (compatible; Bytespider; spider-feedback@bytedance.com)"
156.59.198.136 - - [23/Oct/2024:17:23:49 +0200] "GET /renault.activities.at/htdocs/export/pdf/emuc_document/11918431.pdf HTTP/1.0" 404 322 "-" "Mozilla/5.0 (Linux; Android 5.0) AppleWebKit/537.36 (KHTML, like Gecko) Mobile Safari/537.36 (compatible; Bytespider; spider-feedback@bytedance.com)"
178.165.176.165 - - [23/Oct/2024:17:24:07 +0200] "GET /entry.php?id=10271&&ser=696987 HTTP/1.1" 200 987 "http://hausegger.activities.at/entry.php?id=10271&&ser=696926" "Mozilla/5.0 (Windows NT 10.0; Win64; x64; rv:131.0) Gecko/20100101 Firefox/131.0"
178.165.176.165 - - [23/Oct/2024:17:24:07 +0200] "GET /gui/javascript/form_form.js?1729697047 HTTP/1.1" 200 16206 "http://hausegger.activities.at/entry.php?id=10271&&ser=696987" "Mozilla/5.0 (Windows NT 10.0; Win64; x64; rv:131.0) Gecko/20100101 Firefox/131.0"
156.59.198.135 - - [23/Oct/2024:17:24:10 +0200] "GET /ed-test.activities.at/stats/lang/tooltips_w/awstats-tt-kr.txt HTTP/1.0" 404 316 "-" "Mozilla/5.0 (Linux; Android 5.0) AppleWebKit/537.36 (KHTML, like Gecko) Mobile Safari/537.36 (compatible; Bytespider; spider-feedback@bytedance.com)"
156.59.198.135 - - [23/Oct/2024:17:24:32 +0200] "GET /renault.activities.at/htdocs/export/xml/data/orders/202103051003_RenOrder.xml HTTP/1.0" 404 329 "-" "Mozilla/5.0 (Linux; Android 5.0) AppleWebKit/537.36 (KHTML, like Gecko) Mobile Safari/537.36 (compatible; Bytespider; spider-feedback@bytedance.com)"
156.59.198.136 - - [23/Oct/2024:17:24:53 +0200] "GET /renault.activities.at/htdocs/export/xml/data/orders/202111291503_RenOrder.xml HTTP/1.0" 404 328 "-" "Mozilla/5.0 (Linux; Android 5.0) AppleWebKit/537.36 (KHTML, like Gecko) Mobile Safari/537.36 (compatible; Bytespider; spider-feedback@bytedance.com)"
178.165.176.165 - - [23/Oct/2024:17:25:07 +0200] "GET /entry.php?id=10271&&ser=697047 HTTP/1.1" 200 987 "http://hausegger.activities.at/entry.php?id=10271&&ser=696987" "Mozilla/5.0 (Windows NT 10.0; Win64; x64; rv:131.0) Gecko/20100101 Firefox/131.0"
178.165.176.165 - - [23/Oct/2024:17:25:07 +0200] "GET /gui/javascript/form_form.js?1729697107 HTTP/1.1" 200 16206 "http://hausegger.activities.at/entry.php?id=10271&&ser=697047" "Mozilla/5.0 (Windows NT 10.0; Win64; x64; rv:131.0) Gecko/20100101 Firefox/131.0"
156.59.198.136 - - [23/Oct/2024:17:25:13 +0200] "GET /renault.activities.at/htdocs/export/xml/data/orders/202001030703_RenOrder.xml HTTP/1.0" 404 329 "-" "Mozilla/5.0 (Linux; Android 5.0) AppleWebKit/537.36 (KHTML, like Gecko) Mobile Safari/537.36 (compatible; Bytespider; spider-feedback@bytedance.com)"
156.59.198.136 - - [23/Oct/2024:17:25:35 +0200] "GET /renault.2web.at/stats/lang/awstats-fi.txt HTTP/1.0" 404 303 "-" "Mozilla/5.0 (Linux; Android 5.0) AppleWebKit/537.36 (KHTML, like Gecko) Mobile Safari/537.36 (compatible; Bytespider; spider-feedback@bytedance.com)"
156.59.198.136 - - [23/Oct/2024:17:25:56 +0200] "GET /renault.activities.at/htdocs/export/txt/factura/FacturaExport20150330101715.txt HTTP/1.0" 404 328 "-" "Mozilla/5.0 (Linux; Android 5.0) AppleWebKit/537.36 (KHTML, like Gecko) Mobile Safari/537.36 (compatible; Bytespider; spider-feedback@bytedance.com)"
178.165.176.165 - - [23/Oct/2024:17:26:07 +0200] "GET /entry.php?id=10271&&ser=697107 HTTP/1.1" 200 987 "http://hausegger.activities.at/entry.php?id=10271&&ser=697047" "Mozilla/5.0 (Windows NT 10.0; Win64; x64; rv:131.0) Gecko/20100101 Firefox/131.0"
178.165.176.165 - - [23/Oct/2024:17:26:08 +0200] "GET /gui/javascript/form_form.js?1729697168 HTTP/1.1" 200 16206 "http://hausegger.activities.at/entry.php?id=10271&&ser=697107" "Mozilla/5.0 (Windows NT 10.0; Win64; x64; rv:131.0) Gecko/20100101 Firefox/131.0"
156.59.198.136 - - [23/Oct/2024:17:26:17 +0200] "GET /renault.activities.at/htdocs/export/xml/data/articles/202105311203_RenArticle.xml HTTP/1.0" 404 331 "-" "Mozilla/5.0 (Linux; Android 5.0) AppleWebKit/537.36 (KHTML, like Gecko) Mobile Safari/537.36 (compatible; Bytespider; spider-feedback@bytedance.com)"
156.59.198.135 - - [23/Oct/2024:17:26:38 +0200] "GET /renault.activities.at/htdocs/export/pdf/emuc_document/10963715.pdf HTTP/1.0" 404 322 "-" "Mozilla/5.0 (Linux; Android 5.0) AppleWebKit/537.36 (KHTML, like Gecko) Mobile Safari/537.36 (compatible; Bytespider; spider-feedback@bytedance.com)"
156.59.198.136 - - [23/Oct/2024:17:26:59 +0200] "GET /renault.activities.at/htdocs/export/txt/factura/FacturaExport20141028111649.txt HTTP/1.0" 404 327 "-" "Mozilla/5.0 (Linux; Android 5.0) AppleWebKit/537.36 (KHTML, like Gecko) Mobile Safari/537.36 (compatible; Bytespider; spider-feedback@bytedance.com)"
178.165.176.165 - - [23/Oct/2024:17:27:09 +0200] "GET /entry.php?id=10271&&ser=697168 HTTP/1.1" 200 987 "http://hausegger.activities.at/entry.php?id=10271&&ser=697107" "Mozilla/5.0 (Windows NT 10.0; Win64; x64; rv:131.0) Gecko/20100101 Firefox/131.0"
178.165.176.165 - - [23/Oct/2024:17:27:10 +0200] "GET /gui/javascript/form_form.js?1729697229 HTTP/1.1" 200 16206 "http://hausegger.activities.at/entry.php?id=10271&&ser=697168" "Mozilla/5.0 (Windows NT 10.0; Win64; x64; rv:131.0) Gecko/20100101 Firefox/131.0"
156.59.198.135 - - [23/Oct/2024:17:27:20 +0200] "GET /renault.activities.at/htdocs/export/txt/factura/FacturaExport20171127145705.txt HTTP/1.0" 404 328 "-" "Mozilla/5.0 (Linux; Android 5.0) AppleWebKit/537.36 (KHTML, like Gecko) Mobile Safari/537.36 (compatible; Bytespider; spider-feedback@bytedance.com)"
156.59.198.136 - - [23/Oct/2024:17:27:42 +0200] "GET /renault.activities.at/htdocs/export/txt/factura/FacturaExport20150728151808.txt HTTP/1.0" 404 328 "-" "Mozilla/5.0 (Linux; Android 5.0) AppleWebKit/537.36 (KHTML, like Gecko) Mobile Safari/537.36 (compatible; Bytespider; spider-feedback@bytedance.com)"
156.59.198.136 - - [23/Oct/2024:17:28:03 +0200] "GET /renault.activities.at/htdocs/export/pdf/emuc_document/11168747.pdf HTTP/1.0" 404 322 "-" "Mozilla/5.0 (Linux; Android 5.0) AppleWebKit/537.36 (KHTML, like Gecko) Mobile Safari/537.36 (compatible; Bytespider; spider-feedback@bytedance.com)"
178.165.176.165 - - [23/Oct/2024:17:28:19 +0200] "GET /entry.php?id=10271&&ser=697229 HTTP/1.1" 200 986 "http://hausegger.activities.at/entry.php?id=10271&&ser=697168" "Mozilla/5.0 (Windows NT 10.0; Win64; x64; rv:131.0) Gecko/20100101 Firefox/131.0"
178.165.176.165 - - [23/Oct/2024:17:28:20 +0200] "GET /gui/javascript/form_form.js?1729697299 HTTP/1.1" 200 16206 "http://hausegger.activities.at/entry.php?id=10271&&ser=697229" "Mozilla/5.0 (Windows NT 10.0; Win64; x64; rv:131.0) Gecko/20100101 Firefox/131.0"
156.59.198.135 - - [23/Oct/2024:17:28:24 +0200] "GET /renault.activities.at/htdocs/export/txt/factura/FacturaExport20140429155757.txt HTTP/1.0" 404 328 "-" "Mozilla/5.0 (Linux; Android 5.0) AppleWebKit/537.36 (KHTML, like Gecko) Mobile Safari/537.36 (compatible; Bytespider; spider-feedback@bytedance.com)"
156.59.198.135 - - [23/Oct/2024:17:28:45 +0200] "GET /renault.2web.at/htdocs/export/txt/factura/FacturaExport20151027152144.txt HTTP/1.0" 404 324 "-" "Mozilla/5.0 (Linux; Android 5.0) AppleWebKit/537.36 (KHTML, like Gecko) Mobile Safari/537.36 (compatible; Bytespider; spider-feedback@bytedance.com)"
156.59.198.135 - - [23/Oct/2024:17:29:06 +0200] "GET /renault.activities.at/htdocs/binaries/renault-/rs-155-fr.doc HTTP/1.0" 404 313 "-" "Mozilla/5.0 (Linux; Android 5.0) AppleWebKit/537.36 (KHTML, like Gecko) Mobile Safari/537.36 (compatible; Bytespider; spider-feedback@bytedance.com)"
156.59.198.135 - - [23/Oct/2024:17:29:28 +0200] "GET /renault.activities.at/htdocs/export/xml/data/articles/202006300903_RenArticle.xml HTTP/1.0" 404 331 "-" "Mozilla/5.0 (Linux; Android 5.0) AppleWebKit/537.36 (KHTML, like Gecko) Mobile Safari/537.36 (compatible; Bytespider; spider-feedback@bytedance.com)"
178.165.176.165 - - [23/Oct/2024:17:29:29 +0200] "GET /entry.php?id=10271&&ser=697299 HTTP/1.1" 200 990 "http://hausegger.activities.at/entry.php?id=10271&&ser=697229" "Mozilla/5.0 (Windows NT 10.0; Win64; x64; rv:131.0) Gecko/20100101 Firefox/131.0"
178.165.176.165 - - [23/Oct/2024:17:29:30 +0200] "GET /gui/javascript/form_form.js?1729697370 HTTP/1.1" 200 16206 "http://hausegger.activities.at/entry.php?id=10271&&ser=697299" "Mozilla/5.0 (Windows NT 10.0; Win64; x64; rv:131.0) Gecko/20100101 Firefox/131.0"
156.59.198.135 - - [23/Oct/2024:17:29:49 +0200] "GET /renault.2web.at/htdocs/export/txt/factura/FacturaExport20151117150813.txt HTTP/1.0" 404 325 "-" "Mozilla/5.0 (Linux; Android 5.0) AppleWebKit/537.36 (KHTML, like Gecko) Mobile Safari/537.36 (compatible; Bytespider; spider-feedback@bytedance.com)"
156.59.198.136 - - [23/Oct/2024:17:30:09 +0200] "GET /renault.activities.at/htdocs/export/txt/factura/FacturaExport20150330102132.txt HTTP/1.0" 404 328 "-" "Mozilla/5.0 (Linux; Android 5.0) AppleWebKit/537.36 (KHTML, like Gecko) Mobile Safari/537.36 (compatible; Bytespider; spider-feedback@bytedance.com)"
80.75.212.9 - - [23/Oct/2024:17:30:12 +0200] "CONNECT worldsfastest.com:443 HTTP/1.1" 200 423 "-" "Mozilla/5.0"
156.59.198.135 - - [23/Oct/2024:17:30:31 +0200] "GET /renault.activities.at/htdocs/log/cron/reminder_mailing_3115929.txt HTTP/1.0" 404 323 "-" "Mozilla/5.0 (Linux; Android 5.0) AppleWebKit/537.36 (KHTML, like Gecko) Mobile Safari/537.36 (compatible; Bytespider; spider-feedback@bytedance.com)"
178.165.176.165 - - [23/Oct/2024:17:30:41 +0200] "GET /entry.php?id=10271&&ser=697369 HTTP/1.1" 200 986 "http://hausegger.activities.at/entry.php?id=10271&&ser=697299" "Mozilla/5.0 (Windows NT 10.0; Win64; x64; rv:131.0) Gecko/20100101 Firefox/131.0"
178.165.176.165 - - [23/Oct/2024:17:30:41 +0200] "GET /gui/javascript/form_form.js?1729697441 HTTP/1.1" 200 16206 "http://hausegger.activities.at/entry.php?id=10271&&ser=697369" "Mozilla/5.0 (Windows NT 10.0; Win64; x64; rv:131.0) Gecko/20100101 Firefox/131.0"
156.59.198.135 - - [23/Oct/2024:17:30:52 +0200] "GET /renault.activities.at/htdocs/export/xml/data/articles/202111301603_RenArticle.xml HTTP/1.0" 404 331 "-" "Mozilla/5.0 (Linux; Android 5.0) AppleWebKit/537.36 (KHTML, like Gecko) Mobile Safari/537.36 (compatible; Bytespider; spider-feedback@bytedance.com)"
156.59.198.135 - - [23/Oct/2024:17:31:13 +0200] "GET /renault.activities.at/htdocs/export/xml/data/articles/202009151403_RenArticle.xml HTTP/1.0" 404 331 "-" "Mozilla/5.0 (Linux; Android 5.0) AppleWebKit/537.36 (KHTML, like Gecko) Mobile Safari/537.36 (compatible; Bytespider; spider-feedback@bytedance.com)"
156.59.198.135 - - [23/Oct/2024:17:31:34 +0200] "GET /renault.activities.at/htdocs/export/xml/data/articles/202102251403_RenArticle.xml HTTP/1.0" 404 331 "-" "Mozilla/5.0 (Linux; Android 5.0) AppleWebKit/537.36 (KHTML, like Gecko) Mobile Safari/537.36 (compatible; Bytespider; spider-feedback@bytedance.com)"
178.165.176.165 - - [23/Oct/2024:17:31:50 +0200] "GET /entry.php?id=10271&&ser=697441 HTTP/1.1" 200 987 "http://hausegger.activities.at/entry.php?id=10271&&ser=697369" "Mozilla/5.0 (Windows NT 10.0; Win64; x64; rv:131.0) Gecko/20100101 Firefox/131.0"
178.165.176.165 - - [23/Oct/2024:17:31:52 +0200] "GET /gui/javascript/form_form.js?1729697511 HTTP/1.1" 200 16206 "http://hausegger.activities.at/entry.php?id=10271&&ser=697441" "Mozilla/5.0 (Windows NT 10.0; Win64; x64; rv:131.0) Gecko/20100101 Firefox/131.0"
156.59.198.135 - - [23/Oct/2024:17:31:55 +0200] "GET /renault.activities.at/htdocs/export/pdf/emuc_document/11629567.pdf HTTP/1.0" 404 322 "-" "Mozilla/5.0 (Linux; Android 5.0) AppleWebKit/537.36 (KHTML, like Gecko) Mobile Safari/537.36 (compatible; Bytespider; spider-feedback@bytedance.com)"
178.165.176.165 - - [23/Oct/2024:17:32:54 +0200] "GET /entry.php?id=10271&&ser=697511 HTTP/1.1" 200 987 "http://hausegger.activities.at/entry.php?id=10271&&ser=697441" "Mozilla/5.0 (Windows NT 10.0; Win64; x64; rv:131.0) Gecko/20100101 Firefox/131.0"
178.165.176.165 - - [23/Oct/2024:17:32:54 +0200] "GET /gui/javascript/form_form.js?1729697574 HTTP/1.1" 200 16206 "http://hausegger.activities.at/entry.php?id=10271&&ser=697511" "Mozilla/5.0 (Windows NT 10.0; Win64; x64; rv:131.0) Gecko/20100101 Firefox/131.0"
178.165.176.165 - - [23/Oct/2024:17:33:54 +0200] "GET /entry.php?id=10271&&ser=697574 HTTP/1.1" 200 987 "http://hausegger.activities.at/entry.php?id=10271&&ser=697511" "Mozilla/5.0 (Windows NT 10.0; Win64; x64; rv:131.0) Gecko/20100101 Firefox/131.0"
178.165.176.165 - - [23/Oct/2024:17:33:54 +0200] "GET /gui/javascript/form_form.js?1729697634 HTTP/1.1" 200 16206 "http://hausegger.activities.at/entry.php?id=10271&&ser=697574" "Mozilla/5.0 (Windows NT 10.0; Win64; x64; rv:131.0) Gecko/20100101 Firefox/131.0"
178.165.176.165 - - [23/Oct/2024:17:34:55 +0200] "GET /entry.php?id=10271&&ser=697634 HTTP/1.1" 200 987 "http://hausegger.activities.at/entry.php?id=10271&&ser=697574" "Mozilla/5.0 (Windows NT 10.0; Win64; x64; rv:131.0) Gecko/20100101 Firefox/131.0"
178.165.176.165 - - [23/Oct/2024:17:34:55 +0200] "GET /gui/javascript/form_form.js?1729697695 HTTP/1.1" 200 16206 "http://hausegger.activities.at/entry.php?id=10271&&ser=697634" "Mozilla/5.0 (Windows NT 10.0; Win64; x64; rv:131.0) Gecko/20100101 Firefox/131.0"
178.165.176.165 - - [23/Oct/2024:17:35:55 +0200] "GET /entry.php?id=10271&&ser=697695 HTTP/1.1" 200 987 "http://hausegger.activities.at/entry.php?id=10271&&ser=697634" "Mozilla/5.0 (Windows NT 10.0; Win64; x64; rv:131.0) Gecko/20100101 Firefox/131.0"
178.165.176.165 - - [23/Oct/2024:17:35:55 +0200] "GET /gui/javascript/form_form.js?1729697755 HTTP/1.1" 200 16206 "http://hausegger.activities.at/entry.php?id=10271&&ser=697695" "Mozilla/5.0 (Windows NT 10.0; Win64; x64; rv:131.0) Gecko/20100101 Firefox/131.0"
178.165.176.165 - - [23/Oct/2024:17:36:55 +0200] "GET /entry.php?id=10271&&ser=697755 HTTP/1.1" 200 987 "http://hausegger.activities.at/entry.php?id=10271&&ser=697695" "Mozilla/5.0 (Windows NT 10.0; Win64; x64; rv:131.0) Gecko/20100101 Firefox/131.0"
178.165.176.165 - - [23/Oct/2024:17:36:55 +0200] "GET /gui/javascript/form_form.js?1729697815 HTTP/1.1" 200 16206 "http://hausegger.activities.at/entry.php?id=10271&&ser=697755" "Mozilla/5.0 (Windows NT 10.0; Win64; x64; rv:131.0) Gecko/20100101 Firefox/131.0"
109.194.248.203 - - [23/Oct/2024:17:37:46 +0200] "GET / HTTP/1.0" 200 423 "-" "Mozilla/5.0 (Windows NT 6.3; Win64; x64) AppleWebKit/537.36 (KHTML, like Gecko) Chrome/75.0.3770.100 Safari/537.36"
178.165.176.165 - - [23/Oct/2024:17:37:56 +0200] "GET /entry.php?id=10271&&ser=697815 HTTP/1.1" 200 987 "http://hausegger.activities.at/entry.php?id=10271&&ser=697755" "Mozilla/5.0 (Windows NT 10.0; Win64; x64; rv:131.0) Gecko/20100101 Firefox/131.0"
178.165.176.165 - - [23/Oct/2024:17:37:56 +0200] "GET /gui/javascript/form_form.js?1729697876 HTTP/1.1" 200 16206 "http://hausegger.activities.at/entry.php?id=10271&&ser=697815" "Mozilla/5.0 (Windows NT 10.0; Win64; x64; rv:131.0) Gecko/20100101 Firefox/131.0"
178.165.176.165 - - [23/Oct/2024:17:38:56 +0200] "GET /entry.php?id=10271&&ser=697876 HTTP/1.1" 200 987 "http://hausegger.activities.at/entry.php?id=10271&&ser=697815" "Mozilla/5.0 (Windows NT 10.0; Win64; x64; rv:131.0) Gecko/20100101 Firefox/131.0"
178.165.176.165 - - [23/Oct/2024:17:38:56 +0200] "GET /gui/javascript/form_form.js?1729697936 HTTP/1.1" 200 16206 "http://hausegger.activities.at/entry.php?id=10271&&ser=697876" "Mozilla/5.0 (Windows NT 10.0; Win64; x64; rv:131.0) Gecko/20100101 Firefox/131.0"
178.165.176.165 - - [23/Oct/2024:17:39:56 +0200] "GET /entry.php?id=10271&&ser=697936 HTTP/1.1" 200 987 "http://hausegger.activities.at/entry.php?id=10271&&ser=697876" "Mozilla/5.0 (Windows NT 10.0; Win64; x64; rv:131.0) Gecko/20100101 Firefox/131.0"
178.165.176.165 - - [23/Oct/2024:17:39:56 +0200] "GET /gui/javascript/form_form.js?1729697996 HTTP/1.1" 200 16206 "http://hausegger.activities.at/entry.php?id=10271&&ser=697936" "Mozilla/5.0 (Windows NT 10.0; Win64; x64; rv:131.0) Gecko/20100101 Firefox/131.0"
178.165.176.165 - - [23/Oct/2024:17:40:56 +0200] "GET /entry.php?id=10271&&ser=697996 HTTP/1.1" 200 986 "http://hausegger.activities.at/entry.php?id=10271&&ser=697936" "Mozilla/5.0 (Windows NT 10.0; Win64; x64; rv:131.0) Gecko/20100101 Firefox/131.0"
178.165.176.165 - - [23/Oct/2024:17:40:57 +0200] "GET /gui/javascript/form_form.js?1729698057 HTTP/1.1" 200 16206 "http://hausegger.activities.at/entry.php?id=10271&&ser=697996" "Mozilla/5.0 (Windows NT 10.0; Win64; x64; rv:131.0) Gecko/20100101 Firefox/131.0"
178.165.176.165 - - [23/Oct/2024:17:41:57 +0200] "GET /entry.php?id=10271&&ser=698057 HTTP/1.1" 200 986 "http://hausegger.activities.at/entry.php?id=10271&&ser=697996" "Mozilla/5.0 (Windows NT 10.0; Win64; x64; rv:131.0) Gecko/20100101 Firefox/131.0"
178.165.176.165 - - [23/Oct/2024:17:41:57 +0200] "GET /gui/javascript/form_form.js?1729698117 HTTP/1.1" 200 16206 "http://hausegger.activities.at/entry.php?id=10271&&ser=698057" "Mozilla/5.0 (Windows NT 10.0; Win64; x64; rv:131.0) Gecko/20100101 Firefox/131.0"
178.165.176.165 - - [23/Oct/2024:17:42:57 +0200] "GET /entry.php?id=10271&&ser=698117 HTTP/1.1" 200 986 "http://hausegger.activities.at/entry.php?id=10271&&ser=698057" "Mozilla/5.0 (Windows NT 10.0; Win64; x64; rv:131.0) Gecko/20100101 Firefox/131.0"
178.165.176.165 - - [23/Oct/2024:17:42:57 +0200] "GET /gui/javascript/form_form.js?1729698177 HTTP/1.1" 200 16206 "http://hausegger.activities.at/entry.php?id=10271&&ser=698117" "Mozilla/5.0 (Windows NT 10.0; Win64; x64; rv:131.0) Gecko/20100101 Firefox/131.0"
178.165.176.165 - - [23/Oct/2024:17:43:57 +0200] "GET /entry.php?id=10271&&ser=698177 HTTP/1.1" 200 986 "http://hausegger.activities.at/entry.php?id=10271&&ser=698117" "Mozilla/5.0 (Windows NT 10.0; Win64; x64; rv:131.0) Gecko/20100101 Firefox/131.0"
178.165.176.165 - - [23/Oct/2024:17:43:58 +0200] "GET /gui/javascript/form_form.js?1729698237 HTTP/1.1" 200 16206 "http://hausegger.activities.at/entry.php?id=10271&&ser=698177" "Mozilla/5.0 (Windows NT 10.0; Win64; x64; rv:131.0) Gecko/20100101 Firefox/131.0"
156.59.198.136 - - [23/Oct/2024:17:44:03 +0200] "GET /renault.2web.at/htdocs/export/xml/data/articles/202101120903_RenArticle.xml HTTP/1.0" 404 327 "-" "Mozilla/5.0 (Linux; Android 5.0) AppleWebKit/537.36 (KHTML, like Gecko) Mobile Safari/537.36 (compatible; Bytespider; spider-feedback@bytedance.com)"
156.59.198.135 - - [23/Oct/2024:17:44:24 +0200] "GET /renault.activities.at/htdocs/export/txt/factura/FacturaExport20161102103856.txt HTTP/1.0" 404 328 "-" "Mozilla/5.0 (Linux; Android 5.0) AppleWebKit/537.36 (KHTML, like Gecko) Mobile Safari/537.36 (compatible; Bytespider; spider-feedback@bytedance.com)"
178.32.170.19 - - [23/Oct/2024:17:44:38 +0200] "GET / HTTP/1.1" 200 423 "-" "Mozilla/5.0 (X11; Ubuntu; Linux x86_64; rv:130.0) Gecko/20100101 Firefox/130.0"
156.59.198.135 - - [23/Oct/2024:17:44:45 +0200] "GET /renault.activities.at/htdocs/export/txt/factura/FacturaExport20130704111656.txt HTTP/1.0" 404 329 "-" "Mozilla/5.0 (Linux; Android 5.0) AppleWebKit/537.36 (KHTML, like Gecko) Mobile Safari/537.36 (compatible; Bytespider; spider-feedback@bytedance.com)"
178.165.176.165 - - [23/Oct/2024:17:44:58 +0200] "GET /entry.php?id=10271&&ser=698237 HTTP/1.1" 200 986 "http://hausegger.activities.at/entry.php?id=10271&&ser=698177" "Mozilla/5.0 (Windows NT 10.0; Win64; x64; rv:131.0) Gecko/20100101 Firefox/131.0"
178.165.176.165 - - [23/Oct/2024:17:44:58 +0200] "GET /gui/javascript/form_form.js?1729698298 HTTP/1.1" 200 16206 "http://hausegger.activities.at/entry.php?id=10271&&ser=698237" "Mozilla/5.0 (Windows NT 10.0; Win64; x64; rv:131.0) Gecko/20100101 Firefox/131.0"
156.59.198.135 - - [23/Oct/2024:17:45:07 +0200] "GET /renault.activities.at/htdocs/export/xml/data/articles/201909051103_RenArticle.xml HTTP/1.0" 404 331 "-" "Mozilla/5.0 (Linux; Android 5.0) AppleWebKit/537.36 (KHTML, like Gecko) Mobile Safari/537.36 (compatible; Bytespider; spider-feedback@bytedance.com)"
156.59.198.136 - - [23/Oct/2024:17:45:28 +0200] "GET /renault.activities.at/htdocs/export/txt/factura/FacturaExport20170202143051.txt HTTP/1.0" 404 328 "-" "Mozilla/5.0 (Linux; Android 5.0) AppleWebKit/537.36 (KHTML, like Gecko) Mobile Safari/537.36 (compatible; Bytespider; spider-feedback@bytedance.com)"
156.59.198.135 - - [23/Oct/2024:17:45:49 +0200] "GET /renault.activities.at/htdocs/export/pdf/emuc_document/11890410.pdf HTTP/1.0" 404 321 "-" "Mozilla/5.0 (Linux; Android 5.0) AppleWebKit/537.36 (KHTML, like Gecko) Mobile Safari/537.36 (compatible; Bytespider; spider-feedback@bytedance.com)"
178.165.176.165 - - [23/Oct/2024:17:45:58 +0200] "GET /entry.php?id=10271&&ser=698298 HTTP/1.1" 200 986 "http://hausegger.activities.at/entry.php?id=10271&&ser=698237" "Mozilla/5.0 (Windows NT 10.0; Win64; x64; rv:131.0) Gecko/20100101 Firefox/131.0"
178.165.176.165 - - [23/Oct/2024:17:45:58 +0200] "GET /gui/javascript/form_form.js?1729698358 HTTP/1.1" 200 16206 "http://hausegger.activities.at/entry.php?id=10271&&ser=698298" "Mozilla/5.0 (Windows NT 10.0; Win64; x64; rv:131.0) Gecko/20100101 Firefox/131.0"
156.59.198.135 - - [23/Oct/2024:17:46:10 +0200] "GET /renault.activities.at/htdocs/export/xml/data/articles/202009161203_RenArticle.xml HTTP/1.0" 404 331 "-" "Mozilla/5.0 (Linux; Android 5.0) AppleWebKit/537.36 (KHTML, like Gecko) Mobile Safari/537.36 (compatible; Bytespider; spider-feedback@bytedance.com)"
156.59.198.135 - - [23/Oct/2024:17:46:31 +0200] "GET /renault.2web.at/htdocs/export/xml/data/articles/202103081903_RenArticle.xml HTTP/1.0" 404 328 "-" "Mozilla/5.0 (Linux; Android 5.0) AppleWebKit/537.36 (KHTML, like Gecko) Mobile Safari/537.36 (compatible; Bytespider; spider-feedback@bytedance.com)"
156.59.198.135 - - [23/Oct/2024:17:46:52 +0200] "GET /renault.activities.at/htdocs/export/txt/factura/FacturaExport20140730153537.txt HTTP/1.0" 404 329 "-" "Mozilla/5.0 (Linux; Android 5.0) AppleWebKit/537.36 (KHTML, like Gecko) Mobile Safari/537.36 (compatible; Bytespider; spider-feedback@bytedance.com)"
178.165.176.165 - - [23/Oct/2024:17:46:58 +0200] "GET /entry.php?id=10271&&ser=698358 HTTP/1.1" 200 986 "http://hausegger.activities.at/entry.php?id=10271&&ser=698298" "Mozilla/5.0 (Windows NT 10.0; Win64; x64; rv:131.0) Gecko/20100101 Firefox/131.0"
178.165.176.165 - - [23/Oct/2024:17:46:58 +0200] "GET /gui/javascript/form_form.js?1729698418 HTTP/1.1" 200 16206 "http://hausegger.activities.at/entry.php?id=10271&&ser=698358" "Mozilla/5.0 (Windows NT 10.0; Win64; x64; rv:131.0) Gecko/20100101 Firefox/131.0"
156.59.198.136 - - [23/Oct/2024:17:47:13 +0200] "GET /renault.activities.at/htdocs/export/pdf/emuc_document/11829623.pdf HTTP/1.0" 404 322 "-" "Mozilla/5.0 (Linux; Android 5.0) AppleWebKit/537.36 (KHTML, like Gecko) Mobile Safari/537.36 (compatible; Bytespider; spider-feedback@bytedance.com)"
156.59.198.135 - - [23/Oct/2024:17:47:35 +0200] "GET /renault.2web.at/htdocs/export/txt/factura/FacturaExport20180227134529.txt HTTP/1.0" 404 325 "-" "Mozilla/5.0 (Linux; Android 5.0) AppleWebKit/537.36 (KHTML, like Gecko) Mobile Safari/537.36 (compatible; Bytespider; spider-feedback@bytedance.com)"
156.59.198.135 - - [23/Oct/2024:17:47:57 +0200] "GET /renault.activities.at/htdocs/export/xml/data/orders/202009241103_RenOrder.xml HTTP/1.0" 404 329 "-" "Mozilla/5.0 (Linux; Android 5.0) AppleWebKit/537.36 (KHTML, like Gecko) Mobile Safari/537.36 (compatible; Bytespider; spider-feedback@bytedance.com)"
178.165.176.165 - - [23/Oct/2024:17:47:59 +0200] "GET /entry.php?id=10271&&ser=698418 HTTP/1.1" 200 987 "http://hausegger.activities.at/entry.php?id=10271&&ser=698358" "Mozilla/5.0 (Windows NT 10.0; Win64; x64; rv:131.0) Gecko/20100101 Firefox/131.0"
178.165.176.165 - - [23/Oct/2024:17:47:59 +0200] "GET /gui/javascript/form_form.js?1729698479 HTTP/1.1" 200 16206 "http://hausegger.activities.at/entry.php?id=10271&&ser=698418" "Mozilla/5.0 (Windows NT 10.0; Win64; x64; rv:131.0) Gecko/20100101 Firefox/131.0"
179.43.191.98 - - [23/Oct/2024:17:48:11 +0200] "GET / HTTP/1.1" 200 423 "-" "-"
178.165.176.165 - - [23/Oct/2024:17:48:15 +0200] "GET /entry.php?id=11237&type=10665 HTTP/1.1" 200 276 "http://hausegger.activities.at/entry.php?id=10828" "Mozilla/5.0 (Windows NT 10.0; Win64; x64; rv:131.0) Gecko/20100101 Firefox/131.0"
178.165.176.165 - - [23/Oct/2024:17:48:15 +0200] "GET /entry.php?id=10676&&title=Belegsuche HTTP/1.1" 200 1390 "http://hausegger.activities.at/entry.php?id=11237&type=10665" "Mozilla/5.0 (Windows NT 10.0; Win64; x64; rv:131.0) Gecko/20100101 Firefox/131.0"
178.165.176.165 - - [23/Oct/2024:17:48:16 +0200] "GET /gui/javascript/form_form.js?1729698495 HTTP/1.1" 200 16206 "http://hausegger.activities.at/entry.php?id=10676&&title=Belegsuche" "Mozilla/5.0 (Windows NT 10.0; Win64; x64; rv:131.0) Gecko/20100101 Firefox/131.0"
178.165.176.165 - - [23/Oct/2024:17:48:15 +0200] "GET /entry.php?id=11239&mode=document&form=10665& HTTP/1.1" 200 2019 "http://hausegger.activities.at/entry.php?id=11237&type=10665" "Mozilla/5.0 (Windows NT 10.0; Win64; x64; rv:131.0) Gecko/20100101 Firefox/131.0"
178.165.176.165 - - [23/Oct/2024:17:48:16 +0200] "GET /gui/javascript/form_bu_document_workflow.js?1729698496 HTTP/1.1" 200 4900 "http://hausegger.activities.at/entry.php?id=11239&mode=document&form=10665&" "Mozilla/5.0 (Windows NT 10.0; Win64; x64; rv:131.0) Gecko/20100101 Firefox/131.0"
178.165.176.165 - - [23/Oct/2024:17:48:16 +0200] "GET /gui/javascript/form_form.js?1729698496 HTTP/1.1" 200 16206 "http://hausegger.activities.at/entry.php?id=11239&mode=document&form=10665&" "Mozilla/5.0 (Windows NT 10.0; Win64; x64; rv:131.0) Gecko/20100101 Firefox/131.0"
178.165.176.165 - - [23/Oct/2024:17:48:15 +0200] "GET /entry.php?id=11238&mode=document&form=10665& HTTP/1.1" 200 3304 "http://hausegger.activities.at/entry.php?id=11237&type=10665" "Mozilla/5.0 (Windows NT 10.0; Win64; x64; rv:131.0) Gecko/20100101 Firefox/131.0"
178.165.176.165 - - [23/Oct/2024:17:48:15 +0200] "GET /entry.php?id=11240&mode=document&form=10665& HTTP/1.1" 200 2673 "http://hausegger.activities.at/entry.php?id=11237&type=10665" "Mozilla/5.0 (Windows NT 10.0; Win64; x64; rv:131.0) Gecko/20100101 Firefox/131.0"
178.165.176.165 - - [23/Oct/2024:17:48:16 +0200] "GET /entry.php?id=10776&form=11066&name=list& HTTP/1.1" 200 1513 "http://hausegger.activities.at/entry.php?id=11240&mode=document&form=10665&" "Mozilla/5.0 (Windows NT 10.0; Win64; x64; rv:131.0) Gecko/20100101 Firefox/131.0"
178.165.176.165 - - [23/Oct/2024:17:48:16 +0200] "GET /entry.php?id=10778&form=11066&name=list& HTTP/1.1" 200 2586 "http://hausegger.activities.at/entry.php?id=11240&mode=document&form=10665&" "Mozilla/5.0 (Windows NT 10.0; Win64; x64; rv:131.0) Gecko/20100101 Firefox/131.0"
178.165.176.165 - - [23/Oct/2024:17:48:16 +0200] "POST /entry.php?id=11240 HTTP/1.1" 200 2675 "http://hausegger.activities.at/entry.php?id=11240&mode=document&form=10665&" "Mozilla/5.0 (Windows NT 10.0; Win64; x64; rv:131.0) Gecko/20100101 Firefox/131.0"
178.165.176.165 - - [23/Oct/2024:17:48:17 +0200] "GET /gui/javascript/form_form.js?1729698497 HTTP/1.1" 200 16206 "http://hausegger.activities.at/entry.php?id=11240" "Mozilla/5.0 (Windows NT 10.0; Win64; x64; rv:131.0) Gecko/20100101 Firefox/131.0"
178.165.176.165 - - [23/Oct/2024:17:48:17 +0200] "GET /entry.php?id=10776&form=11066&name=list& HTTP/1.1" 200 1514 "http://hausegger.activities.at/entry.php?id=11240" "Mozilla/5.0 (Windows NT 10.0; Win64; x64; rv:131.0) Gecko/20100101 Firefox/131.0"
178.165.176.165 - - [23/Oct/2024:17:48:17 +0200] "GET /entry.php?id=10778&form=11066&name=list& HTTP/1.1" 200 3307 "http://hausegger.activities.at/entry.php?id=11240" "Mozilla/5.0 (Windows NT 10.0; Win64; x64; rv:131.0) Gecko/20100101 Firefox/131.0"
156.59.198.135 - - [23/Oct/2024:17:48:17 +0200] "GET /renault.activities.at/htdocs/export/txt/factura/FacturaExport20160225114022.txt HTTP/1.0" 404 326 "-" "Mozilla/5.0 (Linux; Android 5.0) AppleWebKit/537.36 (KHTML, like Gecko) Mobile Safari/537.36 (compatible; Bytespider; spider-feedback@bytedance.com)"
178.165.176.165 - - [23/Oct/2024:17:48:22 +0200] "POST /entry.php?id=10828 HTTP/1.1" 200 8730 "http://hausegger.activities.at/entry.php?id=10828" "Mozilla/5.0 (Windows NT 10.0; Win64; x64; rv:131.0) Gecko/20100101 Firefox/131.0"
178.165.176.165 - - [23/Oct/2024:17:48:22 +0200] "GET /gui/javascript/form_form.js?1729698502 HTTP/1.1" 200 16206 "http://hausegger.activities.at/entry.php?id=10828" "Mozilla/5.0 (Windows NT 10.0; Win64; x64; rv:131.0) Gecko/20100101 Firefox/131.0"
178.165.176.165 - - [23/Oct/2024:17:48:22 +0200] "GET /entry.php?id=10889&document_id=10343468& HTTP/1.1" 200 1510 "http://hausegger.activities.at/entry.php?id=10828" "Mozilla/5.0 (Windows NT 10.0; Win64; x64; rv:131.0) Gecko/20100101 Firefox/131.0"
178.165.176.165 - - [23/Oct/2024:17:48:34 +0200] "POST /entry.php?id=10828 HTTP/1.1" 200 8803 "http://hausegger.activities.at/entry.php?id=10828" "Mozilla/5.0 (Windows NT 10.0; Win64; x64; rv:131.0) Gecko/20100101 Firefox/131.0"
178.165.176.165 - - [23/Oct/2024:17:48:35 +0200] "GET /gui/javascript/form_form.js?1729698515 HTTP/1.1" 200 16206 "http://hausegger.activities.at/entry.php?id=10828" "Mozilla/5.0 (Windows NT 10.0; Win64; x64; rv:131.0) Gecko/20100101 Firefox/131.0"
178.165.176.165 - - [23/Oct/2024:17:48:35 +0200] "GET /entry.php?id=10889&document_id=10343468& HTTP/1.1" 200 1510 "http://hausegger.activities.at/entry.php?id=10828" "Mozilla/5.0 (Windows NT 10.0; Win64; x64; rv:131.0) Gecko/20100101 Firefox/131.0"
156.59.198.136 - - [23/Oct/2024:17:48:39 +0200] "GET /renault.activities.at/htdocs/export/xml/data/articles/202107090803_RenArticle.xml HTTP/1.0" 404 332 "-" "Mozilla/5.0 (Linux; Android 5.0) AppleWebKit/537.36 (KHTML, like Gecko) Mobile Safari/537.36 (compatible; Bytespider; spider-feedback@bytedance.com)"
178.165.176.165 - - [23/Oct/2024:17:48:41 +0200] "GET /entry.php?id=11237&type=10665 HTTP/1.1" 200 276 "http://hausegger.activities.at/entry.php?id=10828" "Mozilla/5.0 (Windows NT 10.0; Win64; x64; rv:131.0) Gecko/20100101 Firefox/131.0"
178.165.176.165 - - [23/Oct/2024:17:48:41 +0200] "GET /entry.php?id=11239&mode=document&form=10665& HTTP/1.1" 200 2018 "http://hausegger.activities.at/entry.php?id=11237&type=10665" "Mozilla/5.0 (Windows NT 10.0; Win64; x64; rv:131.0) Gecko/20100101 Firefox/131.0"
178.165.176.165 - - [23/Oct/2024:17:48:41 +0200] "GET /entry.php?id=10676&&title=Belegsuche HTTP/1.1" 200 1391 "http://hausegger.activities.at/entry.php?id=11237&type=10665" "Mozilla/5.0 (Windows NT 10.0; Win64; x64; rv:131.0) Gecko/20100101 Firefox/131.0"
178.165.176.165 - - [23/Oct/2024:17:48:41 +0200] "GET /gui/javascript/form_bu_document_workflow.js?1729698521 HTTP/1.1" 200 4900 "http://hausegger.activities.at/entry.php?id=11239&mode=document&form=10665&" "Mozilla/5.0 (Windows NT 10.0; Win64; x64; rv:131.0) Gecko/20100101 Firefox/131.0"
178.165.176.165 - - [23/Oct/2024:17:48:41 +0200] "GET /gui/javascript/form_form.js?1729698521 HTTP/1.1" 200 16206 "http://hausegger.activities.at/entry.php?id=11239&mode=document&form=10665&" "Mozilla/5.0 (Windows NT 10.0; Win64; x64; rv:131.0) Gecko/20100101 Firefox/131.0"
178.165.176.165 - - [23/Oct/2024:17:48:41 +0200] "GET /gui/javascript/form_form.js?1729698521 HTTP/1.1" 200 16206 "http://hausegger.activities.at/entry.php?id=10676&&title=Belegsuche" "Mozilla/5.0 (Windows NT 10.0; Win64; x64; rv:131.0) Gecko/20100101 Firefox/131.0"
178.165.176.165 - - [23/Oct/2024:17:48:41 +0200] "GET /entry.php?id=11238&mode=document&form=10665& HTTP/1.1" 200 3304 "http://hausegger.activities.at/entry.php?id=11237&type=10665" "Mozilla/5.0 (Windows NT 10.0; Win64; x64; rv:131.0) Gecko/20100101 Firefox/131.0"
178.165.176.165 - - [23/Oct/2024:17:48:41 +0200] "GET /entry.php?id=11240&mode=document&form=10665& HTTP/1.1" 200 2671 "http://hausegger.activities.at/entry.php?id=11237&type=10665" "Mozilla/5.0 (Windows NT 10.0; Win64; x64; rv:131.0) Gecko/20100101 Firefox/131.0"
178.165.176.165 - - [23/Oct/2024:17:48:41 +0200] "GET /entry.php?id=10778&form=11066&name=list& HTTP/1.1" 200 2586 "http://hausegger.activities.at/entry.php?id=11240&mode=document&form=10665&" "Mozilla/5.0 (Windows NT 10.0; Win64; x64; rv:131.0) Gecko/20100101 Firefox/131.0"
178.165.176.165 - - [23/Oct/2024:17:48:41 +0200] "GET /entry.php?id=10776&form=11066&name=list& HTTP/1.1" 200 1513 "http://hausegger.activities.at/entry.php?id=11240&mode=document&form=10665&" "Mozilla/5.0 (Windows NT 10.0; Win64; x64; rv:131.0) Gecko/20100101 Firefox/131.0"
178.165.176.165 - - [23/Oct/2024:17:48:42 +0200] "POST /entry.php?id=11240 HTTP/1.1" 200 2673 "http://hausegger.activities.at/entry.php?id=11240&mode=document&form=10665&" "Mozilla/5.0 (Windows NT 10.0; Win64; x64; rv:131.0) Gecko/20100101 Firefox/131.0"
178.165.176.165 - - [23/Oct/2024:17:48:42 +0200] "GET /gui/javascript/form_bu_document_workflow.js?1729698522 HTTP/1.1" 200 4900 "http://hausegger.activities.at/entry.php?id=11240" "Mozilla/5.0 (Windows NT 10.0; Win64; x64; rv:131.0) Gecko/20100101 Firefox/131.0"
178.165.176.165 - - [23/Oct/2024:17:48:42 +0200] "GET /gui/javascript/form_form.js?1729698522 HTTP/1.1" 200 16206 "http://hausegger.activities.at/entry.php?id=11240" "Mozilla/5.0 (Windows NT 10.0; Win64; x64; rv:131.0) Gecko/20100101 Firefox/131.0"
178.165.176.165 - - [23/Oct/2024:17:48:42 +0200] "GET /entry.php?id=10776&form=11066&name=list& HTTP/1.1" 200 1513 "http://hausegger.activities.at/entry.php?id=11240" "Mozilla/5.0 (Windows NT 10.0; Win64; x64; rv:131.0) Gecko/20100101 Firefox/131.0"
178.165.176.165 - - [23/Oct/2024:17:48:42 +0200] "GET /entry.php?id=10778&form=11066&name=list& HTTP/1.1" 200 3172 "http://hausegger.activities.at/entry.php?id=11240" "Mozilla/5.0 (Windows NT 10.0; Win64; x64; rv:131.0) Gecko/20100101 Firefox/131.0"
156.59.198.136 - - [23/Oct/2024:17:49:00 +0200] "GET /renault.activities.at/htdocs/export/xml/data/articles/202104221603_RenArticle.xml HTTP/1.0" 404 331 "-" "Mozilla/5.0 (Linux; Android 5.0) AppleWebKit/537.36 (KHTML, like Gecko) Mobile Safari/537.36 (compatible; Bytespider; spider-feedback@bytedance.com)"
178.165.176.165 - - [23/Oct/2024:17:49:00 +0200] "GET /entry.php?id=10271&&ser=698479 HTTP/1.1" 200 986 "http://hausegger.activities.at/entry.php?id=10271&&ser=698418" "Mozilla/5.0 (Windows NT 10.0; Win64; x64; rv:131.0) Gecko/20100101 Firefox/131.0"
178.165.176.165 - - [23/Oct/2024:17:49:00 +0200] "GET /gui/javascript/form_form.js?1729698540 HTTP/1.1" 200 16206 "http://hausegger.activities.at/entry.php?id=10271&&ser=698479" "Mozilla/5.0 (Windows NT 10.0; Win64; x64; rv:131.0) Gecko/20100101 Firefox/131.0"
178.165.176.165 - - [23/Oct/2024:17:49:10 +0200] "POST /entry.php?id=10828 HTTP/1.1" 200 8719 "http://hausegger.activities.at/entry.php?id=10828" "Mozilla/5.0 (Windows NT 10.0; Win64; x64; rv:131.0) Gecko/20100101 Firefox/131.0"
178.165.176.165 - - [23/Oct/2024:17:49:10 +0200] "GET /gui/javascript/form_form.js?1729698550 HTTP/1.1" 200 16206 "http://hausegger.activities.at/entry.php?id=10828" "Mozilla/5.0 (Windows NT 10.0; Win64; x64; rv:131.0) Gecko/20100101 Firefox/131.0"
178.165.176.165 - - [23/Oct/2024:17:49:10 +0200] "GET /entry.php?id=10889&document_id=10343508& HTTP/1.1" 200 1510 "http://hausegger.activities.at/entry.php?id=10828" "Mozilla/5.0 (Windows NT 10.0; Win64; x64; rv:131.0) Gecko/20100101 Firefox/131.0"
178.165.176.165 - - [23/Oct/2024:17:49:14 +0200] "POST /entry.php?id=10828 HTTP/1.1" 200 8773 "http://hausegger.activities.at/entry.php?id=10828" "Mozilla/5.0 (Windows NT 10.0; Win64; x64; rv:131.0) Gecko/20100101 Firefox/131.0"
178.165.176.165 - - [23/Oct/2024:17:49:14 +0200] "GET /gui/javascript/form_form.js?1729698554 HTTP/1.1" 200 16206 "http://hausegger.activities.at/entry.php?id=10828" "Mozilla/5.0 (Windows NT 10.0; Win64; x64; rv:131.0) Gecko/20100101 Firefox/131.0"
178.165.176.165 - - [23/Oct/2024:17:49:14 +0200] "GET /entry.php?id=10889&document_id=10343508& HTTP/1.1" 200 1510 "http://hausegger.activities.at/entry.php?id=10828" "Mozilla/5.0 (Windows NT 10.0; Win64; x64; rv:131.0) Gecko/20100101 Firefox/131.0"
178.165.176.165 - - [23/Oct/2024:17:49:15 +0200] "GET /gui/javascript/form_form.js?1729698555 HTTP/1.1" 200 16206 "http://hausegger.activities.at/entry.php?id=10889&document_id=10343508&" "Mozilla/5.0 (Windows NT 10.0; Win64; x64; rv:131.0) Gecko/20100101 Firefox/131.0"
156.59.198.135 - - [23/Oct/2024:17:49:21 +0200] "GET /renault.activities.at/htdocs/export/pdf/emuc_document/12269084.pdf HTTP/1.0" 404 321 "-" "Mozilla/5.0 (Linux; Android 5.0) AppleWebKit/537.36 (KHTML, like Gecko) Mobile Safari/537.36 (compatible; Bytespider; spider-feedback@bytedance.com)"
156.59.198.136 - - [23/Oct/2024:17:49:42 +0200] "GET /ed-test.2web.at/stats/lang/awstats-eu.txt HTTP/1.0" 404 302 "-" "Mozilla/5.0 (Linux; Android 5.0) AppleWebKit/537.36 (KHTML, like Gecko) Mobile Safari/537.36 (compatible; Bytespider; spider-feedback@bytedance.com)"
178.165.176.165 - - [23/Oct/2024:17:49:50 +0200] "GET /entry.php?id=11237&type=10665 HTTP/1.1" 200 276 "http://hausegger.activities.at/entry.php?id=10828" "Mozilla/5.0 (Windows NT 10.0; Win64; x64; rv:131.0) Gecko/20100101 Firefox/131.0"
178.165.176.165 - - [23/Oct/2024:17:49:50 +0200] "GET /entry.php?id=10676&&title=Belegsuche HTTP/1.1" 200 1391 "http://hausegger.activities.at/entry.php?id=11237&type=10665" "Mozilla/5.0 (Windows NT 10.0; Win64; x64; rv:131.0) Gecko/20100101 Firefox/131.0"
178.165.176.165 - - [23/Oct/2024:17:49:50 +0200] "GET /gui/javascript/form_form.js?1729698590 HTTP/1.1" 200 16206 "http://hausegger.activities.at/entry.php?id=10676&&title=Belegsuche" "Mozilla/5.0 (Windows NT 10.0; Win64; x64; rv:131.0) Gecko/20100101 Firefox/131.0"
178.165.176.165 - - [23/Oct/2024:17:49:50 +0200] "GET /entry.php?id=11239&mode=document&form=10665& HTTP/1.1" 200 2018 "http://hausegger.activities.at/entry.php?id=11237&type=10665" "Mozilla/5.0 (Windows NT 10.0; Win64; x64; rv:131.0) Gecko/20100101 Firefox/131.0"
178.165.176.165 - - [23/Oct/2024:17:49:50 +0200] "GET /gui/javascript/form_bu_document_workflow.js?1729698590 HTTP/1.1" 200 4900 "http://hausegger.activities.at/entry.php?id=11239&mode=document&form=10665&" "Mozilla/5.0 (Windows NT 10.0; Win64; x64; rv:131.0) Gecko/20100101 Firefox/131.0"
178.165.176.165 - - [23/Oct/2024:17:49:50 +0200] "GET /entry.php?id=11238&mode=document&form=10665& HTTP/1.1" 200 3303 "http://hausegger.activities.at/entry.php?id=11237&type=10665" "Mozilla/5.0 (Windows NT 10.0; Win64; x64; rv:131.0) Gecko/20100101 Firefox/131.0"
178.165.176.165 - - [23/Oct/2024:17:49:51 +0200] "GET /gui/javascript/form_bu_document_workflow.js?1729698591 HTTP/1.1" 200 4900 "http://hausegger.activities.at/entry.php?id=11238&mode=document&form=10665&" "Mozilla/5.0 (Windows NT 10.0; Win64; x64; rv:131.0) Gecko/20100101 Firefox/131.0"
178.165.176.165 - - [23/Oct/2024:17:49:51 +0200] "GET /gui/javascript/form_form.js?1729698591 HTTP/1.1" 200 16206 "http://hausegger.activities.at/entry.php?id=11238&mode=document&form=10665&" "Mozilla/5.0 (Windows NT 10.0; Win64; x64; rv:131.0) Gecko/20100101 Firefox/131.0"
178.165.176.165 - - [23/Oct/2024:17:49:50 +0200] "GET /entry.php?id=11240&mode=document&form=10665& HTTP/1.1" 200 2670 "http://hausegger.activities.at/entry.php?id=11237&type=10665" "Mozilla/5.0 (Windows NT 10.0; Win64; x64; rv:131.0) Gecko/20100101 Firefox/131.0"
178.165.176.165 - - [23/Oct/2024:17:49:51 +0200] "GET /entry.php?id=10778&form=11066&name=list& HTTP/1.1" 200 2586 "http://hausegger.activities.at/entry.php?id=11240&mode=document&form=10665&" "Mozilla/5.0 (Windows NT 10.0; Win64; x64; rv:131.0) Gecko/20100101 Firefox/131.0"
178.165.176.165 - - [23/Oct/2024:17:49:51 +0200] "GET /framework/icons/fwx_trans.gif HTTP/1.1" 200 43 "http://hausegger.activities.at/entry.php?id=10778&form=11066&name=list&" "Mozilla/5.0 (Windows NT 10.0; Win64; x64; rv:131.0) Gecko/20100101 Firefox/131.0"
178.165.176.165 - - [23/Oct/2024:17:49:51 +0200] "GET /entry.php?id=10776&form=11066&name=list& HTTP/1.1" 200 1513 "http://hausegger.activities.at/entry.php?id=11240&mode=document&form=10665&" "Mozilla/5.0 (Windows NT 10.0; Win64; x64; rv:131.0) Gecko/20100101 Firefox/131.0"
178.165.176.165 - - [23/Oct/2024:17:49:51 +0200] "POST /entry.php?id=11240 HTTP/1.1" 200 2671 "http://hausegger.activities.at/entry.php?id=11240&mode=document&form=10665&" "Mozilla/5.0 (Windows NT 10.0; Win64; x64; rv:131.0) Gecko/20100101 Firefox/131.0"
178.165.176.165 - - [23/Oct/2024:17:49:51 +0200] "GET /entry.php?id=10776&form=11066&name=list& HTTP/1.1" 200 1513 "http://hausegger.activities.at/entry.php?id=11240" "Mozilla/5.0 (Windows NT 10.0; Win64; x64; rv:131.0) Gecko/20100101 Firefox/131.0"
178.165.176.165 - - [23/Oct/2024:17:49:51 +0200] "GET /entry.php?id=10778&form=11066&name=list& HTTP/1.1" 200 3085 "http://hausegger.activities.at/entry.php?id=11240" "Mozilla/5.0 (Windows NT 10.0; Win64; x64; rv:131.0) Gecko/20100101 Firefox/131.0"
178.165.176.165 - - [23/Oct/2024:17:50:01 +0200] "GET /entry.php?id=10271&&ser=698540 HTTP/1.1" 200 986 "http://hausegger.activities.at/entry.php?id=10271&&ser=698479" "Mozilla/5.0 (Windows NT 10.0; Win64; x64; rv:131.0) Gecko/20100101 Firefox/131.0"
178.165.176.165 - - [23/Oct/2024:17:50:01 +0200] "GET /gui/javascript/form_form.js?1729698601 HTTP/1.1" 200 16206 "http://hausegger.activities.at/entry.php?id=10271&&ser=698540" "Mozilla/5.0 (Windows NT 10.0; Win64; x64; rv:131.0) Gecko/20100101 Firefox/131.0"
156.59.198.135 - - [23/Oct/2024:17:50:03 +0200] "GET /renault.activities.at/htdocs/export/xml/data/orders/202108091203_RenOrder.xml HTTP/1.0" 404 328 "-" "Mozilla/5.0 (Linux; Android 5.0) AppleWebKit/537.36 (KHTML, like Gecko) Mobile Safari/537.36 (compatible; Bytespider; spider-feedback@bytedance.com)"
156.59.198.135 - - [23/Oct/2024:17:50:24 +0200] "GET /renault.2web.at/htdocs/export/txt/factura/FacturaExport20171107100328.txt HTTP/1.0" 404 325 "-" "Mozilla/5.0 (Linux; Android 5.0) AppleWebKit/537.36 (KHTML, like Gecko) Mobile Safari/537.36 (compatible; Bytespider; spider-feedback@bytedance.com)"
156.59.198.136 - - [23/Oct/2024:17:50:46 +0200] "GET /renault.activities.at/htdocs/export/pdf/emuc_document/11182002.pdf HTTP/1.0" 404 321 "-" "Mozilla/5.0 (Linux; Android 5.0) AppleWebKit/537.36 (KHTML, like Gecko) Mobile Safari/537.36 (compatible; Bytespider; spider-feedback@bytedance.com)"
178.165.176.165 - - [23/Oct/2024:17:51:01 +0200] "GET /entry.php?id=10271&&ser=698601 HTTP/1.1" 200 986 "http://hausegger.activities.at/entry.php?id=10271&&ser=698540" "Mozilla/5.0 (Windows NT 10.0; Win64; x64; rv:131.0) Gecko/20100101 Firefox/131.0"
178.165.176.165 - - [23/Oct/2024:17:51:02 +0200] "GET /gui/javascript/form_form.js?1729698661 HTTP/1.1" 200 16206 "http://hausegger.activities.at/entry.php?id=10271&&ser=698601" "Mozilla/5.0 (Windows NT 10.0; Win64; x64; rv:131.0) Gecko/20100101 Firefox/131.0"
156.59.198.135 - - [23/Oct/2024:17:51:07 +0200] "GET /renault.activities.at/htdocs/export/pdf/emuc_document/11449505.pdf HTTP/1.0" 404 321 "-" "Mozilla/5.0 (Linux; Android 5.0) AppleWebKit/537.36 (KHTML, like Gecko) Mobile Safari/537.36 (compatible; Bytespider; spider-feedback@bytedance.com)"
156.59.198.135 - - [23/Oct/2024:17:51:28 +0200] "GET /renault.activities.at/htdocs/export/pdf/emuc_document/10762347.pdf HTTP/1.0" 404 323 "-" "Mozilla/5.0 (Linux; Android 5.0) AppleWebKit/537.36 (KHTML, like Gecko) Mobile Safari/537.36 (compatible; Bytespider; spider-feedback@bytedance.com)"
156.59.198.135 - - [23/Oct/2024:17:51:49 +0200] "GET /renault.activities.at/htdocs/export/xml/data/orders/202103161903_RenOrder.xml HTTP/1.0" 404 328 "-" "Mozilla/5.0 (Linux; Android 5.0) AppleWebKit/537.36 (KHTML, like Gecko) Mobile Safari/537.36 (compatible; Bytespider; spider-feedback@bytedance.com)"
178.165.176.165 - - [23/Oct/2024:17:52:02 +0200] "GET /entry.php?id=10271&&ser=698661 HTTP/1.1" 200 986 "http://hausegger.activities.at/entry.php?id=10271&&ser=698601" "Mozilla/5.0 (Windows NT 10.0; Win64; x64; rv:131.0) Gecko/20100101 Firefox/131.0"
178.165.176.165 - - [23/Oct/2024:17:52:02 +0200] "GET /gui/javascript/form_form.js?1729698722 HTTP/1.1" 200 16206 "http://hausegger.activities.at/entry.php?id=10271&&ser=698661" "Mozilla/5.0 (Windows NT 10.0; Win64; x64; rv:131.0) Gecko/20100101 Firefox/131.0"
156.59.198.136 - - [23/Oct/2024:17:52:10 +0200] "GET /renault.activities.at/htdocs/export/txt/factura/FacturaExport20170328172243.txt HTTP/1.0" 404 329 "-" "Mozilla/5.0 (Linux; Android 5.0) AppleWebKit/537.36 (KHTML, like Gecko) Mobile Safari/537.36 (compatible; Bytespider; spider-feedback@bytedance.com)"
156.59.198.136 - - [23/Oct/2024:17:52:31 +0200] "GET /default/cgi-bin/lang/awstats-se.txt HTTP/1.0" 404 302 "-" "Mozilla/5.0 (Linux; Android 5.0) AppleWebKit/537.36 (KHTML, like Gecko) Mobile Safari/537.36 (compatible; Bytespider; spider-feedback@bytedance.com)"
178.165.176.165 - - [23/Oct/2024:17:53:02 +0200] "GET /entry.php?id=10271&&ser=698722 HTTP/1.1" 200 986 "http://hausegger.activities.at/entry.php?id=10271&&ser=698661" "Mozilla/5.0 (Windows NT 10.0; Win64; x64; rv:131.0) Gecko/20100101 Firefox/131.0"
178.165.176.165 - - [23/Oct/2024:17:53:02 +0200] "GET /gui/javascript/form_form.js?1729698782 HTTP/1.1" 200 16206 "http://hausegger.activities.at/entry.php?id=10271&&ser=698722" "Mozilla/5.0 (Windows NT 10.0; Win64; x64; rv:131.0) Gecko/20100101 Firefox/131.0"
148.153.56.82 - - [23/Oct/2024:17:53:10 +0200] "GET /y9Ee HTTP/1.1" 404 280 "-" "Mozilla/5.0 (Macintosh; Intel Mac OS X 10.9; rv:32.0) Gecko/20100101 Firefox/32.0"
148.153.56.82 - - [23/Oct/2024:17:53:10 +0200] "GET /3Nfv HTTP/1.1" 404 281 "-" "Mozilla/5.0 (Macintosh; Intel Mac OS X 10.9; rv:32.0) Gecko/20100101 Firefox/32.0"
148.153.56.82 - - [23/Oct/2024:17:53:11 +0200] "GET /aab8 HTTP/1.1" 404 280 "-" "Mozilla/5.0 (Macintosh; Intel Mac OS X 10.9; rv:32.0) Gecko/20100101 Firefox/32.0"
148.153.56.82 - - [23/Oct/2024:17:53:11 +0200] "GET /jquery-3.3.1.slim.min.js HTTP/1.1" 404 295 "-" "Mozilla/5.0 (Macintosh; Intel Mac OS X 10.9; rv:32.0) Gecko/20100101 Firefox/32.0"
148.153.56.82 - - [23/Oct/2024:17:53:11 +0200] "GET /aab9 HTTP/1.1" 404 280 "-" "Mozilla/5.0 (Macintosh; Intel Mac OS X 10.9; rv:32.0) Gecko/20100101 Firefox/32.0"
148.153.56.82 - - [23/Oct/2024:17:53:12 +0200] "GET /jquery-3.3.2.slim.min.js HTTP/1.1" 404 296 "-" "Mozilla/5.0 (Macintosh; Intel Mac OS X 10.9; rv:32.0) Gecko/20100101 Firefox/32.0"
156.59.198.135 - - [23/Oct/2024:17:53:17 +0200] "GET /renault.activities.at/htdocs/log/cron/system_mail_3114933.txt HTTP/1.0" 404 320 "-" "Mozilla/5.0 (Linux; Android 5.0) AppleWebKit/537.36 (KHTML, like Gecko) Mobile Safari/537.36 (compatible; Bytespider; spider-feedback@bytedance.com)"
156.59.198.136 - - [23/Oct/2024:17:53:38 +0200] "GET /hausegger.activities.at/stats/lang/tooltips_f/awstats-tt-br.txt HTTP/1.0" 404 318 "-" "Mozilla/5.0 (Linux; Android 5.0) AppleWebKit/537.36 (KHTML, like Gecko) Mobile Safari/537.36 (compatible; Bytespider; spider-feedback@bytedance.com)"
156.59.198.135 - - [23/Oct/2024:17:54:00 +0200] "GET /renault.2web.at/htdocs/export/txt/factura/FacturaExport20171129111906.txt HTTP/1.0" 404 324 "-" "Mozilla/5.0 (Linux; Android 5.0) AppleWebKit/537.36 (KHTML, like Gecko) Mobile Safari/537.36 (compatible; Bytespider; spider-feedback@bytedance.com)"
178.165.176.165 - - [23/Oct/2024:17:54:02 +0200] "GET /entry.php?id=10271&&ser=698782 HTTP/1.1" 200 986 "http://hausegger.activities.at/entry.php?id=10271&&ser=698722" "Mozilla/5.0 (Windows NT 10.0; Win64; x64; rv:131.0) Gecko/20100101 Firefox/131.0"
178.165.176.165 - - [23/Oct/2024:17:54:02 +0200] "GET /gui/javascript/form_form.js?1729698842 HTTP/1.1" 200 16206 "http://hausegger.activities.at/entry.php?id=10271&&ser=698782" "Mozilla/5.0 (Windows NT 10.0; Win64; x64; rv:131.0) Gecko/20100101 Firefox/131.0"
156.59.198.135 - - [23/Oct/2024:17:54:21 +0200] "GET /renault.activities.at/htdocs/log/cron/exportXML_3114774.txt HTTP/1.0" 404 320 "-" "Mozilla/5.0 (Linux; Android 5.0) AppleWebKit/537.36 (KHTML, like Gecko) Mobile Safari/537.36 (compatible; Bytespider; spider-feedback@bytedance.com)"
156.59.198.135 - - [23/Oct/2024:17:54:42 +0200] "GET /renault.activities.at/htdocs/export/xml/data/orders/202107011903_RenOrder.xml HTTP/1.0" 404 329 "-" "Mozilla/5.0 (Linux; Android 5.0) AppleWebKit/537.36 (KHTML, like Gecko) Mobile Safari/537.36 (compatible; Bytespider; spider-feedback@bytedance.com)"
156.59.198.135 - - [23/Oct/2024:17:55:03 +0200] "GET /renault.activities.at/htdocs/export/pdf/emuc_document/12127293.pdf HTTP/1.0" 404 323 "-" "Mozilla/5.0 (Linux; Android 5.0) AppleWebKit/537.36 (KHTML, like Gecko) Mobile Safari/537.36 (compatible; Bytespider; spider-feedback@bytedance.com)"
178.165.176.165 - - [23/Oct/2024:17:55:08 +0200] "GET /entry.php?id=10271&&ser=698842 HTTP/1.1" 200 986 "http://hausegger.activities.at/entry.php?id=10271&&ser=698782" "Mozilla/5.0 (Windows NT 10.0; Win64; x64; rv:131.0) Gecko/20100101 Firefox/131.0"
178.165.176.165 - - [23/Oct/2024:17:55:09 +0200] "GET /gui/javascript/form_form.js?1729698909 HTTP/1.1" 200 16206 "http://hausegger.activities.at/entry.php?id=10271&&ser=698842" "Mozilla/5.0 (Windows NT 10.0; Win64; x64; rv:131.0) Gecko/20100101 Firefox/131.0"
156.59.198.135 - - [23/Oct/2024:17:55:24 +0200] "GET /renault.activities.at/htdocs/export/xml/data/articles/201908231203_RenArticle.xml HTTP/1.0" 404 332 "-" "Mozilla/5.0 (Linux; Android 5.0) AppleWebKit/537.36 (KHTML, like Gecko) Mobile Safari/537.36 (compatible; Bytespider; spider-feedback@bytedance.com)"
156.59.198.136 - - [23/Oct/2024:17:55:45 +0200] "GET /renault.activities.at/htdocs/export/xml/data/articles/202105100803_RenArticle.xml HTTP/1.0" 404 331 "-" "Mozilla/5.0 (Linux; Android 5.0) AppleWebKit/537.36 (KHTML, like Gecko) Mobile Safari/537.36 (compatible; Bytespider; spider-feedback@bytedance.com)"
