178.165.176.165 - - [23/Oct/2024:15:21:02 +0200] "GET /entry.php?id=10271&&ser=689602 HTTP/1.1" 200 987 "http://hausegger.activities.at/entry.php?id=10271&&ser=689541" "Mozilla/5.0 (Windows NT 10.0; Win64; x64; rv:131.0) Gecko/20100101 Firefox/131.0"
178.165.176.165 - - [23/Oct/2024:15:21:02 +0200] "GET /gui/javascript/form_form.js?1729689662 HTTP/1.1" 200 16206 "http://hausegger.activities.at/entry.php?id=10271&&ser=689602" "Mozilla/5.0 (Windows NT 10.0; Win64; x64; rv:131.0) Gecko/20100101 Firefox/131.0"
156.59.198.136 - - [23/Oct/2024:15:21:22 +0200] "GET /renault.activities.at/htdocs/export/xml/data/orders/202006300903_RenOrder.xml HTTP/1.0" 404 328 "-" "Mozilla/5.0 (Linux; Android 5.0) AppleWebKit/537.36 (KHTML, like Gecko) Mobile Safari/537.36 (compatible; Bytespider; spider-feedback@bytedance.com)"
156.59.198.135 - - [23/Oct/2024:15:21:43 +0200] "GET /renault.activities.at/htdocs/export/txt/factura/FacturaExport20180604101846.txt HTTP/1.0" 404 326 "-" "Mozilla/5.0 (Linux; Android 5.0) AppleWebKit/537.36 (KHTML, like Gecko) Mobile Safari/537.36 (compatible; Bytespider; spider-feedback@bytedance.com)"
178.165.176.165 - - [23/Oct/2024:15:22:02 +0200] "GET /entry.php?id=10271&&ser=689662 HTTP/1.1" 200 987 "http://hausegger.activities.at/entry.php?id=10271&&ser=689602" "Mozilla/5.0 (Windows NT 10.0; Win64; x64; rv:131.0) Gecko/20100101 Firefox/131.0"
178.165.176.165 - - [23/Oct/2024:15:22:02 +0200] "GET /gui/javascript/form_form.js?1729689722 HTTP/1.1" 200 16206 "http://hausegger.activities.at/entry.php?id=10271&&ser=689662" "Mozilla/5.0 (Windows NT 10.0; Win64; x64; rv:131.0) Gecko/20100101 Firefox/131.0"
156.59.198.136 - - [23/Oct/2024:15:22:04 +0200] "GET /renault.activities.at/htdocs/export/xml/data/articles/202008251203_RenArticle.xml HTTP/1.0" 404 331 "-" "Mozilla/5.0 (Linux; Android 5.0) AppleWebKit/537.36 (KHTML, like Gecko) Mobile Safari/537.36 (compatible; Bytespider; spider-feedback@bytedance.com)"
156.59.198.135 - - [23/Oct/2024:15:22:25 +0200] "GET /renault.activities.at/htdocs/export/txt/factura/FacturaExport20160506140229.txt HTTP/1.0" 404 328 "-" "Mozilla/5.0 (Linux; Android 5.0) AppleWebKit/537.36 (KHTML, like Gecko) Mobile Safari/537.36 (compatible; Bytespider; spider-feedback@bytedance.com)"
156.59.198.135 - - [23/Oct/2024:15:22:46 +0200] "GET /renault.activities.at/htdocs/export/xml/data/orders/202103161003_RenOrder.xml HTTP/1.0" 404 329 "-" "Mozilla/5.0 (Linux; Android 5.0) AppleWebKit/537.36 (KHTML, like Gecko) Mobile Safari/537.36 (compatible; Bytespider; spider-feedback@bytedance.com)"
178.165.176.165 - - [23/Oct/2024:15:23:04 +0200] "GET /entry.php?id=10271&&ser=689722 HTTP/1.1" 200 987 "http://hausegger.activities.at/entry.php?id=10271&&ser=689662" "Mozilla/5.0 (Windows NT 10.0; Win64; x64; rv:131.0) Gecko/20100101 Firefox/131.0"
178.165.176.165 - - [23/Oct/2024:15:23:04 +0200] "GET /gui/javascript/form_form.js?1729689784 HTTP/1.1" 200 16206 "http://hausegger.activities.at/entry.php?id=10271&&ser=689722" "Mozilla/5.0 (Windows NT 10.0; Win64; x64; rv:131.0) Gecko/20100101 Firefox/131.0"
156.59.198.136 - - [23/Oct/2024:15:23:08 +0200] "GET /renault.activities.at/htdocs/export/txt/factura/FacturaExport20140324102322.txt HTTP/1.0" 404 328 "-" "Mozilla/5.0 (Linux; Android 5.0) AppleWebKit/537.36 (KHTML, like Gecko) Mobile Safari/537.36 (compatible; Bytespider; spider-feedback@bytedance.com)"
156.59.198.136 - - [23/Oct/2024:15:23:29 +0200] "GET /renault.activities.at/htdocs/export/xml/data/orders/202011161103_RenOrder.xml HTTP/1.0" 404 328 "-" "Mozilla/5.0 (Linux; Android 5.0) AppleWebKit/537.36 (KHTML, like Gecko) Mobile Safari/537.36 (compatible; Bytespider; spider-feedback@bytedance.com)"
156.59.198.136 - - [23/Oct/2024:15:23:50 +0200] "GET /ed-test.activities.at/stats/lang/awstats-ko.txt HTTP/1.0" 404 307 "-" "Mozilla/5.0 (Linux; Android 5.0) AppleWebKit/537.36 (KHTML, like Gecko) Mobile Safari/537.36 (compatible; Bytespider; spider-feedback@bytedance.com)"
178.165.176.165 - - [23/Oct/2024:15:24:05 +0200] "GET /entry.php?id=10271&&ser=689784 HTTP/1.1" 200 987 "http://hausegger.activities.at/entry.php?id=10271&&ser=689722" "Mozilla/5.0 (Windows NT 10.0; Win64; x64; rv:131.0) Gecko/20100101 Firefox/131.0"
178.165.176.165 - - [23/Oct/2024:15:24:05 +0200] "GET /gui/javascript/form_form.js?1729689845 HTTP/1.1" 200 16206 "http://hausegger.activities.at/entry.php?id=10271&&ser=689784" "Mozilla/5.0 (Windows NT 10.0; Win64; x64; rv:131.0) Gecko/20100101 Firefox/131.0"
156.59.198.136 - - [23/Oct/2024:15:24:11 +0200] "GET /default/cgi-bin/lang/tooltips_w/awstats-tt-se.txt HTTP/1.0" 404 311 "-" "Mozilla/5.0 (Linux; Android 5.0) AppleWebKit/537.36 (KHTML, like Gecko) Mobile Safari/537.36 (compatible; Bytespider; spider-feedback@bytedance.com)"
156.59.198.136 - - [23/Oct/2024:15:24:32 +0200] "GET /renault.activities.at/htdocs/export/txt/factura/FacturaExport20171127144928.txt HTTP/1.0" 404 328 "-" "Mozilla/5.0 (Linux; Android 5.0) AppleWebKit/537.36 (KHTML, like Gecko) Mobile Safari/537.36 (compatible; Bytespider; spider-feedback@bytedance.com)"
156.59.198.136 - - [23/Oct/2024:15:24:53 +0200] "GET /renault.activities.at/htdocs/export/xml/data/articles/201909041003_RenArticle.xml HTTP/1.0" 404 331 "-" "Mozilla/5.0 (Linux; Android 5.0) AppleWebKit/537.36 (KHTML, like Gecko) Mobile Safari/537.36 (compatible; Bytespider; spider-feedback@bytedance.com)"
178.165.176.165 - - [23/Oct/2024:15:25:05 +0200] "GET /entry.php?id=10271&&ser=689845 HTTP/1.1" 200 987 "http://hausegger.activities.at/entry.php?id=10271&&ser=689784" "Mozilla/5.0 (Windows NT 10.0; Win64; x64; rv:131.0) Gecko/20100101 Firefox/131.0"
178.165.176.165 - - [23/Oct/2024:15:25:05 +0200] "GET /gui/javascript/form_form.js?1729689905 HTTP/1.1" 200 16206 "http://hausegger.activities.at/entry.php?id=10271&&ser=689845" "Mozilla/5.0 (Windows NT 10.0; Win64; x64; rv:131.0) Gecko/20100101 Firefox/131.0"
156.59.198.135 - - [23/Oct/2024:15:25:15 +0200] "GET /renault.activities.at/htdocs/export/pdf/emuc_document/10354915.pdf HTTP/1.0" 404 322 "-" "Mozilla/5.0 (Linux; Android 5.0) AppleWebKit/537.36 (KHTML, like Gecko) Mobile Safari/537.36 (compatible; Bytespider; spider-feedback@bytedance.com)"
156.59.198.135 - - [23/Oct/2024:15:25:36 +0200] "GET /renault.activities.at/htdocs/export/pdf/emuc_document/11626613.pdf HTTP/1.0" 404 322 "-" "Mozilla/5.0 (Linux; Android 5.0) AppleWebKit/537.36 (KHTML, like Gecko) Mobile Safari/537.36 (compatible; Bytespider; spider-feedback@bytedance.com)"
156.59.198.136 - - [23/Oct/2024:15:25:57 +0200] "GET /renault.activities.at/htdocs/export/xml/data/orders/202110281703_RenOrder.xml HTTP/1.0" 404 329 "-" "Mozilla/5.0 (Linux; Android 5.0) AppleWebKit/537.36 (KHTML, like Gecko) Mobile Safari/537.36 (compatible; Bytespider; spider-feedback@bytedance.com)"
178.165.176.165 - - [23/Oct/2024:15:26:05 +0200] "GET /entry.php?id=10271&&ser=689905 HTTP/1.1" 200 987 "http://hausegger.activities.at/entry.php?id=10271&&ser=689845" "Mozilla/5.0 (Windows NT 10.0; Win64; x64; rv:131.0) Gecko/20100101 Firefox/131.0"
178.165.176.165 - - [23/Oct/2024:15:26:05 +0200] "GET /gui/javascript/form_form.js?1729689965 HTTP/1.1" 200 16206 "http://hausegger.activities.at/entry.php?id=10271&&ser=689905" "Mozilla/5.0 (Windows NT 10.0; Win64; x64; rv:131.0) Gecko/20100101 Firefox/131.0"
156.59.198.136 - - [23/Oct/2024:15:26:18 +0200] "GET /renault.activities.at/htdocs/export/pdf/emuc_document/12002086.pdf HTTP/1.0" 404 321 "-" "Mozilla/5.0 (Linux; Android 5.0) AppleWebKit/537.36 (KHTML, like Gecko) Mobile Safari/537.36 (compatible; Bytespider; spider-feedback@bytedance.com)"
156.59.198.136 - - [23/Oct/2024:15:26:39 +0200] "GET /renault.2web.at/stats/lang/tooltips_w/awstats-tt-gl.txt HTTP/1.0" 404 313 "-" "Mozilla/5.0 (Linux; Android 5.0) AppleWebKit/537.36 (KHTML, like Gecko) Mobile Safari/537.36 (compatible; Bytespider; spider-feedback@bytedance.com)"
156.59.198.136 - - [23/Oct/2024:15:27:00 +0200] "GET /renault.activities.at/htdocs/export/pdf/emuc_document/10609043.pdf HTTP/1.0" 404 322 "-" "Mozilla/5.0 (Linux; Android 5.0) AppleWebKit/537.36 (KHTML, like Gecko) Mobile Safari/537.36 (compatible; Bytespider; spider-feedback@bytedance.com)"
178.165.176.165 - - [23/Oct/2024:15:27:06 +0200] "GET /entry.php?id=10271&&ser=689965 HTTP/1.1" 200 987 "http://hausegger.activities.at/entry.php?id=10271&&ser=689905" "Mozilla/5.0 (Windows NT 10.0; Win64; x64; rv:131.0) Gecko/20100101 Firefox/131.0"
178.165.176.165 - - [23/Oct/2024:15:27:06 +0200] "GET /gui/javascript/form_form.js?1729690026 HTTP/1.1" 200 16206 "http://hausegger.activities.at/entry.php?id=10271&&ser=689965" "Mozilla/5.0 (Windows NT 10.0; Win64; x64; rv:131.0) Gecko/20100101 Firefox/131.0"
156.59.198.136 - - [23/Oct/2024:15:27:22 +0200] "GET /renault.activities.at/htdocs/export/xml/data/orders/201909051703_RenOrder.xml HTTP/1.0" 404 329 "-" "Mozilla/5.0 (Linux; Android 5.0) AppleWebKit/537.36 (KHTML, like Gecko) Mobile Safari/537.36 (compatible; Bytespider; spider-feedback@bytedance.com)"
156.59.198.135 - - [23/Oct/2024:15:27:43 +0200] "GET /renault.activities.at/htdocs/export/pdf/emuc_document/11549134.pdf HTTP/1.0" 404 322 "-" "Mozilla/5.0 (Linux; Android 5.0) AppleWebKit/537.36 (KHTML, like Gecko) Mobile Safari/537.36 (compatible; Bytespider; spider-feedback@bytedance.com)"
156.59.198.135 - - [23/Oct/2024:15:28:05 +0200] "GET /renault.activities.at/htdocs/export/pdf/emuc_document/11646746.pdf HTTP/1.0" 404 322 "-" "Mozilla/5.0 (Linux; Android 5.0) AppleWebKit/537.36 (KHTML, like Gecko) Mobile Safari/537.36 (compatible; Bytespider; spider-feedback@bytedance.com)"
178.165.176.165 - - [23/Oct/2024:15:28:06 +0200] "GET /entry.php?id=10271&&ser=690026 HTTP/1.1" 200 987 "http://hausegger.activities.at/entry.php?id=10271&&ser=689965" "Mozilla/5.0 (Windows NT 10.0; Win64; x64; rv:131.0) Gecko/20100101 Firefox/131.0"
178.165.176.165 - - [23/Oct/2024:15:28:06 +0200] "GET /gui/javascript/form_form.js?1729690086 HTTP/1.1" 200 16206 "http://hausegger.activities.at/entry.php?id=10271&&ser=690026" "Mozilla/5.0 (Windows NT 10.0; Win64; x64; rv:131.0) Gecko/20100101 Firefox/131.0"
156.59.198.135 - - [23/Oct/2024:15:28:26 +0200] "GET /renault.activities.at/htdocs/export/pdf/emuc_document/11502468.pdf HTTP/1.0" 404 321 "-" "Mozilla/5.0 (Linux; Android 5.0) AppleWebKit/537.36 (KHTML, like Gecko) Mobile Safari/537.36 (compatible; Bytespider; spider-feedback@bytedance.com)"
156.59.198.136 - - [23/Oct/2024:15:28:47 +0200] "GET /renault.activities.at/htdocs/export/xml/data/orders/202008280803_RenOrder.xml HTTP/1.0" 404 329 "-" "Mozilla/5.0 (Linux; Android 5.0) AppleWebKit/537.36 (KHTML, like Gecko) Mobile Safari/537.36 (compatible; Bytespider; spider-feedback@bytedance.com)"
87.120.112.106 - - [23/Oct/2024:15:29:04 +0200] "GET /.env HTTP/1.1" 404 280 "-" "Mozilla/5.0 (Linux; Android 5.1.1; SM-J111F) AppleWebKit/537.36 (KHTML, like Gecko) Chrome/76.0.3809.111 Mobile Safari/537.36"
178.165.176.165 - - [23/Oct/2024:15:29:06 +0200] "GET /entry.php?id=10271&&ser=690086 HTTP/1.1" 200 987 "http://hausegger.activities.at/entry.php?id=10271&&ser=690026" "Mozilla/5.0 (Windows NT 10.0; Win64; x64; rv:131.0) Gecko/20100101 Firefox/131.0"
178.165.176.165 - - [23/Oct/2024:15:29:06 +0200] "GET /gui/javascript/form_form.js?1729690146 HTTP/1.1" 200 16206 "http://hausegger.activities.at/entry.php?id=10271&&ser=690086" "Mozilla/5.0 (Windows NT 10.0; Win64; x64; rv:131.0) Gecko/20100101 Firefox/131.0"
156.59.198.135 - - [23/Oct/2024:15:29:08 +0200] "GET /renault.activities.at/htdocs/export/pdf/emuc_document/11642120.pdf HTTP/1.0" 404 321 "-" "Mozilla/5.0 (Linux; Android 5.0) AppleWebKit/537.36 (KHTML, like Gecko) Mobile Safari/537.36 (compatible; Bytespider; spider-feedback@bytedance.com)"
156.59.198.135 - - [23/Oct/2024:15:29:50 +0200] "GET /renault.activities.at/htdocs/export/pdf/emuc_document/10349470.pdf HTTP/1.0" 404 322 "-" "Mozilla/5.0 (Linux; Android 5.0) AppleWebKit/537.36 (KHTML, like Gecko) Mobile Safari/537.36 (compatible; Bytespider; spider-feedback@bytedance.com)"
178.165.176.165 - - [23/Oct/2024:15:30:06 +0200] "GET /entry.php?id=10271&&ser=690146 HTTP/1.1" 200 986 "http://hausegger.activities.at/entry.php?id=10271&&ser=690086" "Mozilla/5.0 (Windows NT 10.0; Win64; x64; rv:131.0) Gecko/20100101 Firefox/131.0"
178.165.176.165 - - [23/Oct/2024:15:30:07 +0200] "GET /gui/javascript/form_form.js?1729690206 HTTP/1.1" 200 16206 "http://hausegger.activities.at/entry.php?id=10271&&ser=690146" "Mozilla/5.0 (Windows NT 10.0; Win64; x64; rv:131.0) Gecko/20100101 Firefox/131.0"
156.59.198.135 - - [23/Oct/2024:15:30:11 +0200] "GET /renault.activities.at/htdocs/export/xml/data/articles/202110141203_RenArticle.xml HTTP/1.0" 404 330 "-" "Mozilla/5.0 (Linux; Android 5.0) AppleWebKit/537.36 (KHTML, like Gecko) Mobile Safari/537.36 (compatible; Bytespider; spider-feedback@bytedance.com)"
156.59.198.135 - - [23/Oct/2024:15:30:32 +0200] "GET /renault.activities.at/htdocs/export/xml/data/orders/202001131403_RenOrder.xml HTTP/1.0" 404 329 "-" "Mozilla/5.0 (Linux; Android 5.0) AppleWebKit/537.36 (KHTML, like Gecko) Mobile Safari/537.36 (compatible; Bytespider; spider-feedback@bytedance.com)"
156.59.198.135 - - [23/Oct/2024:15:30:53 +0200] "GET /renault.activities.at/htdocs/export/pdf/emuc_document/11125047.pdf HTTP/1.0" 404 322 "-" "Mozilla/5.0 (Linux; Android 5.0) AppleWebKit/537.36 (KHTML, like Gecko) Mobile Safari/537.36 (compatible; Bytespider; spider-feedback@bytedance.com)"
178.165.176.165 - - [23/Oct/2024:15:31:13 +0200] "GET /entry.php?id=10271&&ser=690206 HTTP/1.1" 200 987 "http://hausegger.activities.at/entry.php?id=10271&&ser=690146" "Mozilla/5.0 (Windows NT 10.0; Win64; x64; rv:131.0) Gecko/20100101 Firefox/131.0"
178.165.176.165 - - [23/Oct/2024:15:31:13 +0200] "GET /gui/javascript/form_form.js?1729690273 HTTP/1.1" 200 16206 "http://hausegger.activities.at/entry.php?id=10271&&ser=690206" "Mozilla/5.0 (Windows NT 10.0; Win64; x64; rv:131.0) Gecko/20100101 Firefox/131.0"
156.59.198.135 - - [23/Oct/2024:15:31:15 +0200] "GET /renault.activities.at/htdocs/export/xml/data/articles/202011271503_RenArticle.xml HTTP/1.0" 404 331 "-" "Mozilla/5.0 (Linux; Android 5.0) AppleWebKit/537.36 (KHTML, like Gecko) Mobile Safari/537.36 (compatible; Bytespider; spider-feedback@bytedance.com)"
156.59.198.135 - - [23/Oct/2024:15:31:57 +0200] "GET /renault.activities.at/htdocs/export/pdf/emuc_document/11984958.pdf HTTP/1.0" 404 322 "-" "Mozilla/5.0 (Linux; Android 5.0) AppleWebKit/537.36 (KHTML, like Gecko) Mobile Safari/537.36 (compatible; Bytespider; spider-feedback@bytedance.com)"
178.165.176.165 - - [23/Oct/2024:15:32:13 +0200] "GET /entry.php?id=10271&&ser=690273 HTTP/1.1" 200 987 "http://hausegger.activities.at/entry.php?id=10271&&ser=690206" "Mozilla/5.0 (Windows NT 10.0; Win64; x64; rv:131.0) Gecko/20100101 Firefox/131.0"
178.165.176.165 - - [23/Oct/2024:15:32:13 +0200] "GET /gui/javascript/form_form.js?1729690333 HTTP/1.1" 200 16206 "http://hausegger.activities.at/entry.php?id=10271&&ser=690273" "Mozilla/5.0 (Windows NT 10.0; Win64; x64; rv:131.0) Gecko/20100101 Firefox/131.0"
156.59.198.136 - - [23/Oct/2024:15:32:18 +0200] "GET /renault.activities.at/htdocs/export/pdf/emuc_document/10762566.pdf HTTP/1.0" 404 322 "-" "Mozilla/5.0 (Linux; Android 5.0) AppleWebKit/537.36 (KHTML, like Gecko) Mobile Safari/537.36 (compatible; Bytespider; spider-feedback@bytedance.com)"
156.59.198.136 - - [23/Oct/2024:15:32:39 +0200] "GET /renault.activities.at/htdocs/export/pdf/emuc_document/10430441.pdf HTTP/1.0" 404 322 "-" "Mozilla/5.0 (Linux; Android 5.0) AppleWebKit/537.36 (KHTML, like Gecko) Mobile Safari/537.36 (compatible; Bytespider; spider-feedback@bytedance.com)"
156.59.198.135 - - [23/Oct/2024:15:33:00 +0200] "GET /renault.activities.at/htdocs/export/xml/data/orders/202003101503_RenOrder.xml HTTP/1.0" 404 329 "-" "Mozilla/5.0 (Linux; Android 5.0) AppleWebKit/537.36 (KHTML, like Gecko) Mobile Safari/537.36 (compatible; Bytespider; spider-feedback@bytedance.com)"
178.165.176.165 - - [23/Oct/2024:15:33:13 +0200] "GET /entry.php?id=10271&&ser=690333 HTTP/1.1" 200 987 "http://hausegger.activities.at/entry.php?id=10271&&ser=690273" "Mozilla/5.0 (Windows NT 10.0; Win64; x64; rv:131.0) Gecko/20100101 Firefox/131.0"
178.165.176.165 - - [23/Oct/2024:15:33:14 +0200] "GET /gui/javascript/form_form.js?1729690394 HTTP/1.1" 200 16206 "http://hausegger.activities.at/entry.php?id=10271&&ser=690333" "Mozilla/5.0 (Windows NT 10.0; Win64; x64; rv:131.0) Gecko/20100101 Firefox/131.0"
156.59.198.136 - - [23/Oct/2024:15:33:21 +0200] "GET /renault.activities.at/htdocs/export/xml/data/articles/202009041403_RenArticle.xml HTTP/1.0" 404 331 "-" "Mozilla/5.0 (Linux; Android 5.0) AppleWebKit/537.36 (KHTML, like Gecko) Mobile Safari/537.36 (compatible; Bytespider; spider-feedback@bytedance.com)"
156.59.198.136 - - [23/Oct/2024:15:33:42 +0200] "GET /renault.2web.at/htdocs/export/txt/factura/FacturaExport20191210083615.txt HTTP/1.0" 404 324 "-" "Mozilla/5.0 (Linux; Android 5.0) AppleWebKit/537.36 (KHTML, like Gecko) Mobile Safari/537.36 (compatible; Bytespider; spider-feedback@bytedance.com)"
156.59.198.135 - - [23/Oct/2024:15:34:03 +0200] "GET /renault.activities.at/htdocs/export/xml/data/articles/201909241103_RenArticle.xml HTTP/1.0" 404 331 "-" "Mozilla/5.0 (Linux; Android 5.0) AppleWebKit/537.36 (KHTML, like Gecko) Mobile Safari/537.36 (compatible; Bytespider; spider-feedback@bytedance.com)"
178.165.176.165 - - [23/Oct/2024:15:34:14 +0200] "GET /entry.php?id=10271&&ser=690394 HTTP/1.1" 200 987 "http://hausegger.activities.at/entry.php?id=10271&&ser=690333" "Mozilla/5.0 (Windows NT 10.0; Win64; x64; rv:131.0) Gecko/20100101 Firefox/131.0"
178.165.176.165 - - [23/Oct/2024:15:34:14 +0200] "GET /gui/javascript/form_form.js?1729690454 HTTP/1.1" 200 16206 "http://hausegger.activities.at/entry.php?id=10271&&ser=690394" "Mozilla/5.0 (Windows NT 10.0; Win64; x64; rv:131.0) Gecko/20100101 Firefox/131.0"
156.59.198.136 - - [23/Oct/2024:15:34:25 +0200] "GET /renault.activities.at/htdocs/export/pdf/emuc_document/11379463.pdf HTTP/1.0" 404 322 "-" "Mozilla/5.0 (Linux; Android 5.0) AppleWebKit/537.36 (KHTML, like Gecko) Mobile Safari/537.36 (compatible; Bytespider; spider-feedback@bytedance.com)"
156.59.198.136 - - [23/Oct/2024:15:34:45 +0200] "GET /renault.activities.at/htdocs/log/cron/importLogisticData_3116471.txt HTTP/1.0" 404 325 "-" "Mozilla/5.0 (Linux; Android 5.0) AppleWebKit/537.36 (KHTML, like Gecko) Mobile Safari/537.36 (compatible; Bytespider; spider-feedback@bytedance.com)"
185.82.219.179 - - [23/Oct/2024:15:35:03 +0200] "GET /.env HTTP/1.0" 404 359 "-" "Mozilla/5.0 (Windows NT 6.0; rv:40.0) Gecko/20100101 Firefox/40.0"
156.59.198.136 - - [23/Oct/2024:15:35:07 +0200] "GET /renault.activities.at/htdocs/log/cron/autologout_3116375.txt HTTP/1.0" 404 319 "-" "Mozilla/5.0 (Linux; Android 5.0) AppleWebKit/537.36 (KHTML, like Gecko) Mobile Safari/537.36 (compatible; Bytespider; spider-feedback@bytedance.com)"
178.165.176.165 - - [23/Oct/2024:15:35:14 +0200] "GET /entry.php?id=10271&&ser=690454 HTTP/1.1" 200 987 "http://hausegger.activities.at/entry.php?id=10271&&ser=690394" "Mozilla/5.0 (Windows NT 10.0; Win64; x64; rv:131.0) Gecko/20100101 Firefox/131.0"
185.242.226.10 - - [23/Oct/2024:15:35:14 +0200] "GET / HTTP/1.1" 200 274 "-" "Mozilla/5.0 (Windows NT 10.0; Win64; x64) AppleWebKit/537.36 (KHTML, like Gecko) Chrome/88.0.4324.190 Safari/537.36"
178.165.176.165 - - [23/Oct/2024:15:35:14 +0200] "GET /gui/javascript/form_form.js?1729690514 HTTP/1.1" 200 16206 "http://hausegger.activities.at/entry.php?id=10271&&ser=690454" "Mozilla/5.0 (Windows NT 10.0; Win64; x64; rv:131.0) Gecko/20100101 Firefox/131.0"
178.165.176.165 - - [23/Oct/2024:15:36:14 +0200] "GET /entry.php?id=10271&&ser=690514 HTTP/1.1" 200 987 "http://hausegger.activities.at/entry.php?id=10271&&ser=690454" "Mozilla/5.0 (Windows NT 10.0; Win64; x64; rv:131.0) Gecko/20100101 Firefox/131.0"
178.165.176.165 - - [23/Oct/2024:15:36:14 +0200] "GET /gui/javascript/form_form.js?1729690574 HTTP/1.1" 200 16206 "http://hausegger.activities.at/entry.php?id=10271&&ser=690514" "Mozilla/5.0 (Windows NT 10.0; Win64; x64; rv:131.0) Gecko/20100101 Firefox/131.0"
156.59.198.136 - - [23/Oct/2024:15:36:27 +0200] "GET /renault.activities.at/htdocs/pdftest/out/readme.txt HTTP/1.0" 404 310 "-" "Mozilla/5.0 (Linux; Android 5.0) AppleWebKit/537.36 (KHTML, like Gecko) Mobile Safari/537.36 (compatible; Bytespider; spider-feedback@bytedance.com)"
156.59.198.135 - - [23/Oct/2024:15:36:48 +0200] "GET /renault.activities.at/htdocs/export/pdf/emuc_document/10637174.pdf HTTP/1.0" 404 323 "-" "Mozilla/5.0 (Linux; Android 5.0) AppleWebKit/537.36 (KHTML, like Gecko) Mobile Safari/537.36 (compatible; Bytespider; spider-feedback@bytedance.com)"
156.59.198.135 - - [23/Oct/2024:15:37:10 +0200] "GET /renault.activities.at/htdocs/export/txt/factura/FacturaExport20191209134853.txt HTTP/1.0" 404 328 "-" "Mozilla/5.0 (Linux; Android 5.0) AppleWebKit/537.36 (KHTML, like Gecko) Mobile Safari/537.36 (compatible; Bytespider; spider-feedback@bytedance.com)"
178.165.176.165 - - [23/Oct/2024:15:37:15 +0200] "GET /entry.php?id=10271&&ser=690574 HTTP/1.1" 200 987 "http://hausegger.activities.at/entry.php?id=10271&&ser=690514" "Mozilla/5.0 (Windows NT 10.0; Win64; x64; rv:131.0) Gecko/20100101 Firefox/131.0"
178.165.176.165 - - [23/Oct/2024:15:37:15 +0200] "GET /gui/javascript/form_form.js?1729690635 HTTP/1.1" 200 16206 "http://hausegger.activities.at/entry.php?id=10271&&ser=690574" "Mozilla/5.0 (Windows NT 10.0; Win64; x64; rv:131.0) Gecko/20100101 Firefox/131.0"
156.59.198.135 - - [23/Oct/2024:15:37:31 +0200] "GET /renault.activities.at/htdocs/export/xml/data/orders/202108300803_RenOrder.xml HTTP/1.0" 404 329 "-" "Mozilla/5.0 (Linux; Android 5.0) AppleWebKit/537.36 (KHTML, like Gecko) Mobile Safari/537.36 (compatible; Bytespider; spider-feedback@bytedance.com)"
156.59.198.135 - - [23/Oct/2024:15:37:52 +0200] "GET /ed-test.activities.at/stats/lang/tooltips_w/awstats-tt-cn.txt HTTP/1.0" 404 315 "-" "Mozilla/5.0 (Linux; Android 5.0) AppleWebKit/537.36 (KHTML, like Gecko) Mobile Safari/537.36 (compatible; Bytespider; spider-feedback@bytedance.com)"
156.59.198.136 - - [23/Oct/2024:15:38:13 +0200] "GET /default/cgi-bin/lang/tooltips_f/awstats-tt-en.txt HTTP/1.0" 404 311 "-" "Mozilla/5.0 (Linux; Android 5.0) AppleWebKit/537.36 (KHTML, like Gecko) Mobile Safari/537.36 (compatible; Bytespider; spider-feedback@bytedance.com)"
178.165.176.165 - - [23/Oct/2024:15:38:21 +0200] "GET /entry.php?id=10271&&ser=690635 HTTP/1.1" 200 987 "http://hausegger.activities.at/entry.php?id=10271&&ser=690574" "Mozilla/5.0 (Windows NT 10.0; Win64; x64; rv:131.0) Gecko/20100101 Firefox/131.0"
178.165.176.165 - - [23/Oct/2024:15:38:21 +0200] "GET /gui/javascript/form_form.js?1729690701 HTTP/1.1" 200 16206 "http://hausegger.activities.at/entry.php?id=10271&&ser=690635" "Mozilla/5.0 (Windows NT 10.0; Win64; x64; rv:131.0) Gecko/20100101 Firefox/131.0"
156.59.198.135 - - [23/Oct/2024:15:38:34 +0200] "GET /renault.activities.at/htdocs/export/xml/data/articles/202111251003_RenArticle.xml HTTP/1.0" 404 331 "-" "Mozilla/5.0 (Linux; Android 5.0) AppleWebKit/537.36 (KHTML, like Gecko) Mobile Safari/537.36 (compatible; Bytespider; spider-feedback@bytedance.com)"
156.59.198.136 - - [23/Oct/2024:15:38:56 +0200] "GET /renault.activities.at/htdocs/export/pdf/emuc_document/12227434.pdf HTTP/1.0" 404 322 "-" "Mozilla/5.0 (Linux; Android 5.0) AppleWebKit/537.36 (KHTML, like Gecko) Mobile Safari/537.36 (compatible; Bytespider; spider-feedback@bytedance.com)"
156.59.198.135 - - [23/Oct/2024:15:39:16 +0200] "GET /renault.activities.at/htdocs/export/xml/data/articles/202008211703_RenArticle.xml HTTP/1.0" 404 331 "-" "Mozilla/5.0 (Linux; Android 5.0) AppleWebKit/537.36 (KHTML, like Gecko) Mobile Safari/537.36 (compatible; Bytespider; spider-feedback@bytedance.com)"
178.165.176.165 - - [23/Oct/2024:15:39:21 +0200] "GET /entry.php?id=10271&&ser=690701 HTTP/1.1" 200 987 "http://hausegger.activities.at/entry.php?id=10271&&ser=690635" "Mozilla/5.0 (Windows NT 10.0; Win64; x64; rv:131.0) Gecko/20100101 Firefox/131.0"
178.165.176.165 - - [23/Oct/2024:15:39:21 +0200] "GET /gui/javascript/form_form.js?1729690761 HTTP/1.1" 200 16206 "http://hausegger.activities.at/entry.php?id=10271&&ser=690701" "Mozilla/5.0 (Windows NT 10.0; Win64; x64; rv:131.0) Gecko/20100101 Firefox/131.0"
156.59.198.135 - - [23/Oct/2024:15:39:37 +0200] "GET /renault.activities.at/htdocs/export/pdf/emuc_document/10961390.pdf HTTP/1.0" 404 322 "-" "Mozilla/5.0 (Linux; Android 5.0) AppleWebKit/537.36 (KHTML, like Gecko) Mobile Safari/537.36 (compatible; Bytespider; spider-feedback@bytedance.com)"
156.59.198.136 - - [23/Oct/2024:15:39:59 +0200] "GET /renault.2web.at/htdocs/export/txt/factura/FacturaExport20181218090929.txt HTTP/1.0" 404 324 "-" "Mozilla/5.0 (Linux; Android 5.0) AppleWebKit/537.36 (KHTML, like Gecko) Mobile Safari/537.36 (compatible; Bytespider; spider-feedback@bytedance.com)"
156.59.198.135 - - [23/Oct/2024:15:40:20 +0200] "GET /renault.activities.at/htdocs/export/txt/factura/FacturaExport20141028111255.txt HTTP/1.0" 404 327 "-" "Mozilla/5.0 (Linux; Android 5.0) AppleWebKit/537.36 (KHTML, like Gecko) Mobile Safari/537.36 (compatible; Bytespider; spider-feedback@bytedance.com)"
178.165.176.165 - - [23/Oct/2024:15:40:22 +0200] "GET /entry.php?id=10271&&ser=690761 HTTP/1.1" 200 987 "http://hausegger.activities.at/entry.php?id=10271&&ser=690701" "Mozilla/5.0 (Windows NT 10.0; Win64; x64; rv:131.0) Gecko/20100101 Firefox/131.0"
178.165.176.165 - - [23/Oct/2024:15:40:22 +0200] "GET /gui/javascript/form_form.js?1729690822 HTTP/1.1" 200 16206 "http://hausegger.activities.at/entry.php?id=10271&&ser=690761" "Mozilla/5.0 (Windows NT 10.0; Win64; x64; rv:131.0) Gecko/20100101 Firefox/131.0"
156.59.198.136 - - [23/Oct/2024:15:40:41 +0200] "GET /renault.activities.at/htdocs/export/pdf/emuc_document/12383064.pdf HTTP/1.0" 404 322 "-" "Mozilla/5.0 (Linux; Android 5.0) AppleWebKit/537.36 (KHTML, like Gecko) Mobile Safari/537.36 (compatible; Bytespider; spider-feedback@bytedance.com)"
156.59.198.135 - - [23/Oct/2024:15:41:02 +0200] "GET /renault.activities.at/htdocs/export/txt/factura/FacturaExport20171129104641.txt HTTP/1.0" 404 328 "-" "Mozilla/5.0 (Linux; Android 5.0) AppleWebKit/537.36 (KHTML, like Gecko) Mobile Safari/537.36 (compatible; Bytespider; spider-feedback@bytedance.com)"
178.165.176.165 - - [23/Oct/2024:15:41:22 +0200] "GET /entry.php?id=10271&&ser=690822 HTTP/1.1" 200 987 "http://hausegger.activities.at/entry.php?id=10271&&ser=690761" "Mozilla/5.0 (Windows NT 10.0; Win64; x64; rv:131.0) Gecko/20100101 Firefox/131.0"
178.165.176.165 - - [23/Oct/2024:15:41:22 +0200] "GET /gui/javascript/form_form.js?1729690882 HTTP/1.1" 200 16206 "http://hausegger.activities.at/entry.php?id=10271&&ser=690822" "Mozilla/5.0 (Windows NT 10.0; Win64; x64; rv:131.0) Gecko/20100101 Firefox/131.0"
156.59.198.135 - - [23/Oct/2024:15:41:23 +0200] "GET /renault.activities.at/htdocs/export/xml/data/orders/202001271103_RenOrder.xml HTTP/1.0" 404 329 "-" "Mozilla/5.0 (Linux; Android 5.0) AppleWebKit/537.36 (KHTML, like Gecko) Mobile Safari/537.36 (compatible; Bytespider; spider-feedback@bytedance.com)"
156.59.198.135 - - [23/Oct/2024:15:41:45 +0200] "GET /renault.activities.at/htdocs/export/pdf/emuc_document/11076660.pdf HTTP/1.0" 404 322 "-" "Mozilla/5.0 (Linux; Android 5.0) AppleWebKit/537.36 (KHTML, like Gecko) Mobile Safari/537.36 (compatible; Bytespider; spider-feedback@bytedance.com)"
156.59.198.135 - - [23/Oct/2024:15:42:06 +0200] "GET /renault.activities.at/htdocs/export/pdf/emuc_document/10617465.pdf HTTP/1.0" 404 322 "-" "Mozilla/5.0 (Linux; Android 5.0) AppleWebKit/537.36 (KHTML, like Gecko) Mobile Safari/537.36 (compatible; Bytespider; spider-feedback@bytedance.com)"
178.165.176.165 - - [23/Oct/2024:15:42:22 +0200] "GET /entry.php?id=10271&&ser=690882 HTTP/1.1" 200 987 "http://hausegger.activities.at/entry.php?id=10271&&ser=690822" "Mozilla/5.0 (Windows NT 10.0; Win64; x64; rv:131.0) Gecko/20100101 Firefox/131.0"
178.165.176.165 - - [23/Oct/2024:15:42:22 +0200] "GET /gui/javascript/form_form.js?1729690942 HTTP/1.1" 200 16206 "http://hausegger.activities.at/entry.php?id=10271&&ser=690882" "Mozilla/5.0 (Windows NT 10.0; Win64; x64; rv:131.0) Gecko/20100101 Firefox/131.0"
156.59.198.136 - - [23/Oct/2024:15:42:27 +0200] "GET /renault.activities.at/htdocs/export/txt/factura/FacturaExport20141001140840.txt HTTP/1.0" 404 327 "-" "Mozilla/5.0 (Linux; Android 5.0) AppleWebKit/537.36 (KHTML, like Gecko) Mobile Safari/537.36 (compatible; Bytespider; spider-feedback@bytedance.com)"
156.59.198.136 - - [23/Oct/2024:15:42:48 +0200] "GET /renault.activities.at/htdocs/export/xml/data/orders/202007241003_RenOrder.xml HTTP/1.0" 404 329 "-" "Mozilla/5.0 (Linux; Android 5.0) AppleWebKit/537.36 (KHTML, like Gecko) Mobile Safari/537.36 (compatible; Bytespider; spider-feedback@bytedance.com)"
156.59.198.136 - - [23/Oct/2024:15:43:09 +0200] "GET /renault.activities.at/htdocs/export/xml/data/articles/202110131003_RenArticle.xml HTTP/1.0" 404 331 "-" "Mozilla/5.0 (Linux; Android 5.0) AppleWebKit/537.36 (KHTML, like Gecko) Mobile Safari/537.36 (compatible; Bytespider; spider-feedback@bytedance.com)"
178.165.176.165 - - [23/Oct/2024:15:43:22 +0200] "GET /entry.php?id=10271&&ser=690942 HTTP/1.1" 200 986 "http://hausegger.activities.at/entry.php?id=10271&&ser=690882" "Mozilla/5.0 (Windows NT 10.0; Win64; x64; rv:131.0) Gecko/20100101 Firefox/131.0"
178.165.176.165 - - [23/Oct/2024:15:43:23 +0200] "GET /gui/javascript/form_form.js?1729691002 HTTP/1.1" 200 16206 "http://hausegger.activities.at/entry.php?id=10271&&ser=690942" "Mozilla/5.0 (Windows NT 10.0; Win64; x64; rv:131.0) Gecko/20100101 Firefox/131.0"
156.59.198.136 - - [23/Oct/2024:15:43:30 +0200] "GET /renault.activities.at/htdocs/export/xml/data/orders/202110120903_RenOrder.xml HTTP/1.0" 404 329 "-" "Mozilla/5.0 (Linux; Android 5.0) AppleWebKit/537.36 (KHTML, like Gecko) Mobile Safari/537.36 (compatible; Bytespider; spider-feedback@bytedance.com)"
156.59.198.135 - - [23/Oct/2024:15:43:51 +0200] "GET /renault.activities.at/htdocs/log/cron/system_mail_3116268.txt HTTP/1.0" 404 320 "-" "Mozilla/5.0 (Linux; Android 5.0) AppleWebKit/537.36 (KHTML, like Gecko) Mobile Safari/537.36 (compatible; Bytespider; spider-feedback@bytedance.com)"
156.59.198.136 - - [23/Oct/2024:15:44:12 +0200] "GET /renault.2web.at/htdocs/export/txt/factura/FacturaExport20190404091211.txt HTTP/1.0" 404 323 "-" "Mozilla/5.0 (Linux; Android 5.0) AppleWebKit/537.36 (KHTML, like Gecko) Mobile Safari/537.36 (compatible; Bytespider; spider-feedback@bytedance.com)"
178.165.176.165 - - [23/Oct/2024:15:44:23 +0200] "GET /entry.php?id=10271&&ser=691002 HTTP/1.1" 200 987 "http://hausegger.activities.at/entry.php?id=10271&&ser=690942" "Mozilla/5.0 (Windows NT 10.0; Win64; x64; rv:131.0) Gecko/20100101 Firefox/131.0"
178.165.176.165 - - [23/Oct/2024:15:44:23 +0200] "GET /gui/javascript/form_form.js?1729691063 HTTP/1.1" 200 16206 "http://hausegger.activities.at/entry.php?id=10271&&ser=691002" "Mozilla/5.0 (Windows NT 10.0; Win64; x64; rv:131.0) Gecko/20100101 Firefox/131.0"
156.59.198.135 - - [23/Oct/2024:15:44:33 +0200] "GET /renault.activities.at/htdocs/export/xml/data/articles/202106151103_RenArticle.xml HTTP/1.0" 404 331 "-" "Mozilla/5.0 (Linux; Android 5.0) AppleWebKit/537.36 (KHTML, like Gecko) Mobile Safari/537.36 (compatible; Bytespider; spider-feedback@bytedance.com)"
156.59.198.135 - - [23/Oct/2024:15:44:54 +0200] "GET /renault.activities.at/htdocs/export/pdf/emuc_document/11177590.pdf HTTP/1.0" 404 322 "-" "Mozilla/5.0 (Linux; Android 5.0) AppleWebKit/537.36 (KHTML, like Gecko) Mobile Safari/537.36 (compatible; Bytespider; spider-feedback@bytedance.com)"
156.59.198.136 - - [23/Oct/2024:15:45:15 +0200] "GET /renault.activities.at/htdocs/export/txt/factura/FacturaExport20140902162813.txt HTTP/1.0" 404 328 "-" "Mozilla/5.0 (Linux; Android 5.0) AppleWebKit/537.36 (KHTML, like Gecko) Mobile Safari/537.36 (compatible; Bytespider; spider-feedback@bytedance.com)"
178.165.176.165 - - [23/Oct/2024:15:45:23 +0200] "GET /entry.php?id=10271&&ser=691063 HTTP/1.1" 200 987 "http://hausegger.activities.at/entry.php?id=10271&&ser=691002" "Mozilla/5.0 (Windows NT 10.0; Win64; x64; rv:131.0) Gecko/20100101 Firefox/131.0"
178.165.176.165 - - [23/Oct/2024:15:45:23 +0200] "GET /gui/javascript/form_form.js?1729691123 HTTP/1.1" 200 16206 "http://hausegger.activities.at/entry.php?id=10271&&ser=691063" "Mozilla/5.0 (Windows NT 10.0; Win64; x64; rv:131.0) Gecko/20100101 Firefox/131.0"
156.59.198.135 - - [23/Oct/2024:15:45:36 +0200] "GET /renault.activities.at/htdocs/export/pdf/emuc_document/10668191.pdf HTTP/1.0" 404 321 "-" "Mozilla/5.0 (Linux; Android 5.0) AppleWebKit/537.36 (KHTML, like Gecko) Mobile Safari/537.36 (compatible; Bytespider; spider-feedback@bytedance.com)"
156.59.198.135 - - [23/Oct/2024:15:45:58 +0200] "GET /renault.activities.at/htdocs/export/xml/data/orders/201908231203_RenOrder.xml HTTP/1.0" 404 329 "-" "Mozilla/5.0 (Linux; Android 5.0) AppleWebKit/537.36 (KHTML, like Gecko) Mobile Safari/537.36 (compatible; Bytespider; spider-feedback@bytedance.com)"
156.59.198.135 - - [23/Oct/2024:15:46:19 +0200] "GET /renault.activities.at/htdocs/export/pdf/emuc_document/11038592.pdf HTTP/1.0" 404 323 "-" "Mozilla/5.0 (Linux; Android 5.0) AppleWebKit/537.36 (KHTML, like Gecko) Mobile Safari/537.36 (compatible; Bytespider; spider-feedback@bytedance.com)"
178.165.176.165 - - [23/Oct/2024:15:46:23 +0200] "GET /entry.php?id=10271&&ser=691123 HTTP/1.1" 200 987 "http://hausegger.activities.at/entry.php?id=10271&&ser=691063" "Mozilla/5.0 (Windows NT 10.0; Win64; x64; rv:131.0) Gecko/20100101 Firefox/131.0"
178.165.176.165 - - [23/Oct/2024:15:46:23 +0200] "GET /gui/javascript/form_form.js?1729691183 HTTP/1.1" 200 16206 "http://hausegger.activities.at/entry.php?id=10271&&ser=691123" "Mozilla/5.0 (Windows NT 10.0; Win64; x64; rv:131.0) Gecko/20100101 Firefox/131.0"
156.59.198.136 - - [23/Oct/2024:15:46:40 +0200] "GET /ed-test.2web.at/stats/lang/awstats-nn.txt HTTP/1.0" 404 302 "-" "Mozilla/5.0 (Linux; Android 5.0) AppleWebKit/537.36 (KHTML, like Gecko) Mobile Safari/537.36 (compatible; Bytespider; spider-feedback@bytedance.com)"
156.59.198.135 - - [23/Oct/2024:15:47:01 +0200] "GET /renault.activities.at/htdocs/export/pdf/emuc_document/11667092.pdf HTTP/1.0" 404 322 "-" "Mozilla/5.0 (Linux; Android 5.0) AppleWebKit/537.36 (KHTML, like Gecko) Mobile Safari/537.36 (compatible; Bytespider; spider-feedback@bytedance.com)"
156.59.198.136 - - [23/Oct/2024:15:47:22 +0200] "GET /renault.activities.at/htdocs/export/xml/data/articles/202001211603_RenArticle.xml HTTP/1.0" 404 331 "-" "Mozilla/5.0 (Linux; Android 5.0) AppleWebKit/537.36 (KHTML, like Gecko) Mobile Safari/537.36 (compatible; Bytespider; spider-feedback@bytedance.com)"
178.165.176.165 - - [23/Oct/2024:15:47:24 +0200] "GET /entry.php?id=10271&&ser=691183 HTTP/1.1" 200 987 "http://hausegger.activities.at/entry.php?id=10271&&ser=691123" "Mozilla/5.0 (Windows NT 10.0; Win64; x64; rv:131.0) Gecko/20100101 Firefox/131.0"
178.165.176.165 - - [23/Oct/2024:15:47:24 +0200] "GET /gui/javascript/form_form.js?1729691244 HTTP/1.1" 200 16206 "http://hausegger.activities.at/entry.php?id=10271&&ser=691183" "Mozilla/5.0 (Windows NT 10.0; Win64; x64; rv:131.0) Gecko/20100101 Firefox/131.0"
156.59.198.135 - - [23/Oct/2024:15:47:44 +0200] "GET /renault.activities.at/htdocs/export/xml/data/articles/202009091003_RenArticle.xml HTTP/1.0" 404 330 "-" "Mozilla/5.0 (Linux; Android 5.0) AppleWebKit/537.36 (KHTML, like Gecko) Mobile Safari/537.36 (compatible; Bytespider; spider-feedback@bytedance.com)"
156.59.198.136 - - [23/Oct/2024:15:48:05 +0200] "GET /renault.activities.at/htdocs/export/pdf/emuc_document/10253695.pdf HTTP/1.0" 404 322 "-" "Mozilla/5.0 (Linux; Android 5.0) AppleWebKit/537.36 (KHTML, like Gecko) Mobile Safari/537.36 (compatible; Bytespider; spider-feedback@bytedance.com)"
178.165.176.165 - - [23/Oct/2024:15:48:24 +0200] "GET /entry.php?id=10271&&ser=691244 HTTP/1.1" 200 987 "http://hausegger.activities.at/entry.php?id=10271&&ser=691183" "Mozilla/5.0 (Windows NT 10.0; Win64; x64; rv:131.0) Gecko/20100101 Firefox/131.0"
178.165.176.165 - - [23/Oct/2024:15:48:24 +0200] "GET /gui/javascript/form_form.js?1729691304 HTTP/1.1" 200 16206 "http://hausegger.activities.at/entry.php?id=10271&&ser=691244" "Mozilla/5.0 (Windows NT 10.0; Win64; x64; rv:131.0) Gecko/20100101 Firefox/131.0"
156.59.198.135 - - [23/Oct/2024:15:48:26 +0200] "GET /renault.2web.at/stats/lang/awstats-sk.txt HTTP/1.0" 404 303 "-" "Mozilla/5.0 (Linux; Android 5.0) AppleWebKit/537.36 (KHTML, like Gecko) Mobile Safari/537.36 (compatible; Bytespider; spider-feedback@bytedance.com)"
156.59.198.135 - - [23/Oct/2024:15:48:47 +0200] "GET /renault.activities.at/htdocs/export/xml/data/orders/201909171803_RenOrder.xml HTTP/1.0" 404 329 "-" "Mozilla/5.0 (Linux; Android 5.0) AppleWebKit/537.36 (KHTML, like Gecko) Mobile Safari/537.36 (compatible; Bytespider; spider-feedback@bytedance.com)"
156.59.198.136 - - [23/Oct/2024:15:49:08 +0200] "GET /renault.activities.at/htdocs/export/xml/data/articles/201910290803_RenArticle.xml HTTP/1.0" 404 331 "-" "Mozilla/5.0 (Linux; Android 5.0) AppleWebKit/537.36 (KHTML, like Gecko) Mobile Safari/537.36 (compatible; Bytespider; spider-feedback@bytedance.com)"
178.165.176.165 - - [23/Oct/2024:15:49:24 +0200] "GET /entry.php?id=10271&&ser=691304 HTTP/1.1" 200 987 "http://hausegger.activities.at/entry.php?id=10271&&ser=691244" "Mozilla/5.0 (Windows NT 10.0; Win64; x64; rv:131.0) Gecko/20100101 Firefox/131.0"
178.165.176.165 - - [23/Oct/2024:15:49:24 +0200] "GET /gui/javascript/form_form.js?1729691364 HTTP/1.1" 200 16206 "http://hausegger.activities.at/entry.php?id=10271&&ser=691304" "Mozilla/5.0 (Windows NT 10.0; Win64; x64; rv:131.0) Gecko/20100101 Firefox/131.0"
156.59.198.135 - - [23/Oct/2024:15:49:29 +0200] "GET /renault.activities.at/htdocs/export/pdf/emuc_document/12149480.pdf HTTP/1.0" 404 321 "-" "Mozilla/5.0 (Linux; Android 5.0) AppleWebKit/537.36 (KHTML, like Gecko) Mobile Safari/537.36 (compatible; Bytespider; spider-feedback@bytedance.com)"
156.59.198.136 - - [23/Oct/2024:15:49:51 +0200] "GET /renault.activities.at/htdocs/export/txt/factura/FacturaExport20170606140852.txt HTTP/1.0" 404 328 "-" "Mozilla/5.0 (Linux; Android 5.0) AppleWebKit/537.36 (KHTML, like Gecko) Mobile Safari/537.36 (compatible; Bytespider; spider-feedback@bytedance.com)"
156.59.198.136 - - [23/Oct/2024:15:50:12 +0200] "GET /renault.activities.at/htdocs/newsletter_log/nl_608190.txt HTTP/1.0" 404 316 "-" "Mozilla/5.0 (Linux; Android 5.0) AppleWebKit/537.36 (KHTML, like Gecko) Mobile Safari/537.36 (compatible; Bytespider; spider-feedback@bytedance.com)"
178.165.176.165 - - [23/Oct/2024:15:50:24 +0200] "GET /entry.php?id=10271&&ser=691364 HTTP/1.1" 200 987 "http://hausegger.activities.at/entry.php?id=10271&&ser=691304" "Mozilla/5.0 (Windows NT 10.0; Win64; x64; rv:131.0) Gecko/20100101 Firefox/131.0"
178.165.176.165 - - [23/Oct/2024:15:50:25 +0200] "GET /gui/javascript/form_form.js?1729691425 HTTP/1.1" 200 16206 "http://hausegger.activities.at/entry.php?id=10271&&ser=691364" "Mozilla/5.0 (Windows NT 10.0; Win64; x64; rv:131.0) Gecko/20100101 Firefox/131.0"
156.59.198.136 - - [23/Oct/2024:15:50:32 +0200] "GET /renault.activities.at/htdocs/export/xml/data/articles/201910041203_RenArticle.xml HTTP/1.0" 404 331 "-" "Mozilla/5.0 (Linux; Android 5.0) AppleWebKit/537.36 (KHTML, like Gecko) Mobile Safari/537.36 (compatible; Bytespider; spider-feedback@bytedance.com)"
156.59.198.135 - - [23/Oct/2024:15:50:54 +0200] "GET /renault.activities.at/htdocs/export/pdf/emuc_document/10424429.pdf HTTP/1.0" 404 321 "-" "Mozilla/5.0 (Linux; Android 5.0) AppleWebKit/537.36 (KHTML, like Gecko) Mobile Safari/537.36 (compatible; Bytespider; spider-feedback@bytedance.com)"
156.59.198.135 - - [23/Oct/2024:15:51:15 +0200] "GET /default/cgi-bin/lang/tooltips_w/awstats-tt-tr.txt HTTP/1.0" 404 311 "-" "Mozilla/5.0 (Linux; Android 5.0) AppleWebKit/537.36 (KHTML, like Gecko) Mobile Safari/537.36 (compatible; Bytespider; spider-feedback@bytedance.com)"
178.165.176.165 - - [23/Oct/2024:15:51:25 +0200] "GET /entry.php?id=10271&&ser=691425 HTTP/1.1" 200 987 "http://hausegger.activities.at/entry.php?id=10271&&ser=691364" "Mozilla/5.0 (Windows NT 10.0; Win64; x64; rv:131.0) Gecko/20100101 Firefox/131.0"
178.165.176.165 - - [23/Oct/2024:15:51:25 +0200] "GET /gui/javascript/form_form.js?1729691485 HTTP/1.1" 200 16206 "http://hausegger.activities.at/entry.php?id=10271&&ser=691425" "Mozilla/5.0 (Windows NT 10.0; Win64; x64; rv:131.0) Gecko/20100101 Firefox/131.0"
156.59.198.136 - - [23/Oct/2024:15:51:36 +0200] "GET /renault.activities.at/htdocs/export/pdf/emuc_document/12067193.pdf HTTP/1.0" 404 322 "-" "Mozilla/5.0 (Linux; Android 5.0) AppleWebKit/537.36 (KHTML, like Gecko) Mobile Safari/537.36 (compatible; Bytespider; spider-feedback@bytedance.com)"
156.59.198.135 - - [23/Oct/2024:15:51:57 +0200] "GET /renault.activities.at/htdocs/export/xml/data/articles/201909111203_RenArticle.xml HTTP/1.0" 404 330 "-" "Mozilla/5.0 (Linux; Android 5.0) AppleWebKit/537.36 (KHTML, like Gecko) Mobile Safari/537.36 (compatible; Bytespider; spider-feedback@bytedance.com)"
156.59.198.135 - - [23/Oct/2024:15:52:18 +0200] "GET /renault.activities.at/htdocs/export/pdf/emuc_document/11036007.pdf HTTP/1.0" 404 322 "-" "Mozilla/5.0 (Linux; Android 5.0) AppleWebKit/537.36 (KHTML, like Gecko) Mobile Safari/537.36 (compatible; Bytespider; spider-feedback@bytedance.com)"
178.165.176.165 - - [23/Oct/2024:15:52:25 +0200] "GET /entry.php?id=10271&&ser=691485 HTTP/1.1" 200 987 "http://hausegger.activities.at/entry.php?id=10271&&ser=691425" "Mozilla/5.0 (Windows NT 10.0; Win64; x64; rv:131.0) Gecko/20100101 Firefox/131.0"
178.165.176.165 - - [23/Oct/2024:15:52:25 +0200] "GET /gui/javascript/form_form.js?1729691545 HTTP/1.1" 200 16206 "http://hausegger.activities.at/entry.php?id=10271&&ser=691485" "Mozilla/5.0 (Windows NT 10.0; Win64; x64; rv:131.0) Gecko/20100101 Firefox/131.0"
156.59.198.136 - - [23/Oct/2024:15:52:39 +0200] "GET /renault.activities.at/htdocs/export/pdf/emuc_document/11359165.pdf HTTP/1.0" 404 322 "-" "Mozilla/5.0 (Linux; Android 5.0) AppleWebKit/537.36 (KHTML, like Gecko) Mobile Safari/537.36 (compatible; Bytespider; spider-feedback@bytedance.com)"
156.59.198.135 - - [23/Oct/2024:15:53:01 +0200] "GET /renault.activities.at/htdocs/export/xml/data/articles/202101071303_RenArticle.xml HTTP/1.0" 404 331 "-" "Mozilla/5.0 (Linux; Android 5.0) AppleWebKit/537.36 (KHTML, like Gecko) Mobile Safari/537.36 (compatible; Bytespider; spider-feedback@bytedance.com)"
156.59.198.135 - - [23/Oct/2024:15:53:22 +0200] "GET /renault.activities.at/htdocs/export/pdf/emuc_document/11723471.pdf HTTP/1.0" 404 322 "-" "Mozilla/5.0 (Linux; Android 5.0) AppleWebKit/537.36 (KHTML, like Gecko) Mobile Safari/537.36 (compatible; Bytespider; spider-feedback@bytedance.com)"
178.165.176.165 - - [23/Oct/2024:15:53:25 +0200] "GET /entry.php?id=10271&&ser=691545 HTTP/1.1" 200 987 "http://hausegger.activities.at/entry.php?id=10271&&ser=691485" "Mozilla/5.0 (Windows NT 10.0; Win64; x64; rv:131.0) Gecko/20100101 Firefox/131.0"
178.165.176.165 - - [23/Oct/2024:15:53:25 +0200] "GET /gui/javascript/form_form.js?1729691605 HTTP/1.1" 200 16206 "http://hausegger.activities.at/entry.php?id=10271&&ser=691545" "Mozilla/5.0 (Windows NT 10.0; Win64; x64; rv:131.0) Gecko/20100101 Firefox/131.0"
156.59.198.135 - - [23/Oct/2024:15:53:43 +0200] "GET /renault.activities.at/htdocs/export/pdf/emuc_document/12433351.pdf HTTP/1.0" 404 322 "-" "Mozilla/5.0 (Linux; Android 5.0) AppleWebKit/537.36 (KHTML, like Gecko) Mobile Safari/537.36 (compatible; Bytespider; spider-feedback@bytedance.com)"
156.59.198.135 - - [23/Oct/2024:15:54:04 +0200] "GET /renault.activities.at/htdocs/export/pdf/emuc_document/12239459.pdf HTTP/1.0" 404 322 "-" "Mozilla/5.0 (Linux; Android 5.0) AppleWebKit/537.36 (KHTML, like Gecko) Mobile Safari/537.36 (compatible; Bytespider; spider-feedback@bytedance.com)"
156.59.198.136 - - [23/Oct/2024:15:54:25 +0200] "GET /renault.activities.at/htdocs/export/pdf/emuc_document/10320058.pdf HTTP/1.0" 404 322 "-" "Mozilla/5.0 (Linux; Android 5.0) AppleWebKit/537.36 (KHTML, like Gecko) Mobile Safari/537.36 (compatible; Bytespider; spider-feedback@bytedance.com)"
178.165.176.165 - - [23/Oct/2024:15:54:26 +0200] "GET /entry.php?id=10271&&ser=691605 HTTP/1.1" 200 987 "http://hausegger.activities.at/entry.php?id=10271&&ser=691545" "Mozilla/5.0 (Windows NT 10.0; Win64; x64; rv:131.0) Gecko/20100101 Firefox/131.0"
178.165.176.165 - - [23/Oct/2024:15:54:26 +0200] "GET /gui/javascript/form_form.js?1729691666 HTTP/1.1" 200 16206 "http://hausegger.activities.at/entry.php?id=10271&&ser=691605" "Mozilla/5.0 (Windows NT 10.0; Win64; x64; rv:131.0) Gecko/20100101 Firefox/131.0"
156.59.198.135 - - [23/Oct/2024:15:54:46 +0200] "GET /renault.activities.at/htdocs/export/pdf/emuc_document/10637158.pdf HTTP/1.0" 404 322 "-" "Mozilla/5.0 (Linux; Android 5.0) AppleWebKit/537.36 (KHTML, like Gecko) Mobile Safari/537.36 (compatible; Bytespider; spider-feedback@bytedance.com)"
156.59.198.136 - - [23/Oct/2024:15:55:07 +0200] "GET /ed.activities.at/stats/lang/awstats-al.txt HTTP/1.0" 404 304 "-" "Mozilla/5.0 (Linux; Android 5.0) AppleWebKit/537.36 (KHTML, like Gecko) Mobile Safari/537.36 (compatible; Bytespider; spider-feedback@bytedance.com)"
178.165.176.165 - - [23/Oct/2024:15:55:26 +0200] "GET /entry.php?id=10271&&ser=691666 HTTP/1.1" 200 986 "http://hausegger.activities.at/entry.php?id=10271&&ser=691605" "Mozilla/5.0 (Windows NT 10.0; Win64; x64; rv:131.0) Gecko/20100101 Firefox/131.0"
178.165.176.165 - - [23/Oct/2024:15:55:26 +0200] "GET /gui/javascript/form_form.js?1729691726 HTTP/1.1" 200 16206 "http://hausegger.activities.at/entry.php?id=10271&&ser=691666" "Mozilla/5.0 (Windows NT 10.0; Win64; x64; rv:131.0) Gecko/20100101 Firefox/131.0"
156.59.198.135 - - [23/Oct/2024:15:55:29 +0200] "GET /renault.activities.at/htdocs/export/xml/data/articles/201907190903_RenArticle.xml HTTP/1.0" 404 331 "-" "Mozilla/5.0 (Linux; Android 5.0) AppleWebKit/537.36 (KHTML, like Gecko) Mobile Safari/537.36 (compatible; Bytespider; spider-feedback@bytedance.com)"
179.43.191.98 - - [23/Oct/2024:15:55:42 +0200] "GET / HTTP/1.1" 200 423 "-" "-"
156.59.198.136 - - [23/Oct/2024:15:55:50 +0200] "GET /renault.activities.at/htdocs/export/pdf/emuc_document/11077107.pdf HTTP/1.0" 404 321 "-" "Mozilla/5.0 (Linux; Android 5.0) AppleWebKit/537.36 (KHTML, like Gecko) Mobile Safari/537.36 (compatible; Bytespider; spider-feedback@bytedance.com)"
156.59.198.136 - - [23/Oct/2024:15:56:11 +0200] "GET /renault.activities.at/htdocs/export/pdf/emuc_document/11089796.pdf HTTP/1.0" 404 322 "-" "Mozilla/5.0 (Linux; Android 5.0) AppleWebKit/537.36 (KHTML, like Gecko) Mobile Safari/537.36 (compatible; Bytespider; spider-feedback@bytedance.com)"
178.165.176.165 - - [23/Oct/2024:15:56:26 +0200] "GET /entry.php?id=10271&&ser=691726 HTTP/1.1" 200 987 "http://hausegger.activities.at/entry.php?id=10271&&ser=691666" "Mozilla/5.0 (Windows NT 10.0; Win64; x64; rv:131.0) Gecko/20100101 Firefox/131.0"
178.165.176.165 - - [23/Oct/2024:15:56:26 +0200] "GET /gui/javascript/form_form.js?1729691786 HTTP/1.1" 200 16206 "http://hausegger.activities.at/entry.php?id=10271&&ser=691726" "Mozilla/5.0 (Windows NT 10.0; Win64; x64; rv:131.0) Gecko/20100101 Firefox/131.0"
156.59.198.135 - - [23/Oct/2024:15:56:32 +0200] "GET /renault.activities.at/htdocs/export/pdf/emuc_document/11824027.pdf HTTP/1.0" 404 322 "-" "Mozilla/5.0 (Linux; Android 5.0) AppleWebKit/537.36 (KHTML, like Gecko) Mobile Safari/537.36 (compatible; Bytespider; spider-feedback@bytedance.com)"
103.245.204.86 - - [23/Oct/2024:15:56:42 +0200] "GET / HTTP/1.1" 200 423 "-" "Mozilla/5.0 (Windows NT 6.1; Win64; x64; rv:77.0) Gecko/20100101 Firefox/77.0"
156.59.198.135 - - [23/Oct/2024:15:56:53 +0200] "GET /renault.activities.at/htdocs/export/pdf/emuc_document/10843216.pdf HTTP/1.0" 404 322 "-" "Mozilla/5.0 (Linux; Android 5.0) AppleWebKit/537.36 (KHTML, like Gecko) Mobile Safari/537.36 (compatible; Bytespider; spider-feedback@bytedance.com)"
156.59.198.136 - - [23/Oct/2024:15:57:14 +0200] "GET /renault.activities.at/htdocs/export/txt/factura/FacturaExport20190718124853.txt HTTP/1.0" 404 328 "-" "Mozilla/5.0 (Linux; Android 5.0) AppleWebKit/537.36 (KHTML, like Gecko) Mobile Safari/537.36 (compatible; Bytespider; spider-feedback@bytedance.com)"
178.165.176.165 - - [23/Oct/2024:15:57:27 +0200] "GET /entry.php?id=10271&&ser=691786 HTTP/1.1" 200 987 "http://hausegger.activities.at/entry.php?id=10271&&ser=691726" "Mozilla/5.0 (Windows NT 10.0; Win64; x64; rv:131.0) Gecko/20100101 Firefox/131.0"
178.165.176.165 - - [23/Oct/2024:15:57:27 +0200] "GET /gui/javascript/form_form.js?1729691847 HTTP/1.1" 200 16206 "http://hausegger.activities.at/entry.php?id=10271&&ser=691786" "Mozilla/5.0 (Windows NT 10.0; Win64; x64; rv:131.0) Gecko/20100101 Firefox/131.0"
103.212.137.254 - - [23/Oct/2024:15:57:32 +0200] "\x03" 400 383 "-" "-"
156.59.198.136 - - [23/Oct/2024:15:57:35 +0200] "GET /renault.activities.at/htdocs/activities/framework/webfx/javascript/flot/FAQ.md HTTP/1.0" 404 327 "-" "Mozilla/5.0 (Linux; Android 5.0) AppleWebKit/537.36 (KHTML, like Gecko) Mobile Safari/537.36 (compatible; Bytespider; spider-feedback@bytedance.com)"
156.59.198.135 - - [23/Oct/2024:15:57:56 +0200] "GET /renault.activities.at/htdocs/export/pdf/emuc_document/12090515.pdf HTTP/1.0" 404 321 "-" "Mozilla/5.0 (Linux; Android 5.0) AppleWebKit/537.36 (KHTML, like Gecko) Mobile Safari/537.36 (compatible; Bytespider; spider-feedback@bytedance.com)"
156.59.198.136 - - [23/Oct/2024:15:58:18 +0200] "GET /renault.activities.at/htdocs/export/pdf/emuc_document/12022962.pdf HTTP/1.0" 404 321 "-" "Mozilla/5.0 (Linux; Android 5.0) AppleWebKit/537.36 (KHTML, like Gecko) Mobile Safari/537.36 (compatible; Bytespider; spider-feedback@bytedance.com)"
