91.141.72.19 - - [25/Oct/2024:13:02:09 +0200] "GET /gui/javascript/form_form.js?1729854129 HTTP/1.1" 200 16206 "http://hausegger.activities.at/entry.php?id=10271&&ser=854068" "Mozilla/5.0 (Windows NT 10.0; Win64; x64; rv:131.0) Gecko/20100101 Firefox/131.0"
156.59.198.135 - - [25/Oct/2024:13:02:11 +0200] "GET /renault.activities.at/htdocs/export/xml/data/orders/202002261303_RenOrder.xml HTTP/1.0" 404 329 "-" "Mozilla/5.0 (Linux; Android 5.0) AppleWebKit/537.36 (KHTML, like Gecko) Mobile Safari/537.36 (compatible; Bytespider; spider-feedback@bytedance.com)"
91.141.72.19 - - [25/Oct/2024:13:02:18 +0200] "GET /entry.php?id=10271&&ser=854077 HTTP/1.1" 200 986 "http://hausegger.activities.at/entry.php?id=10271&&ser=854016" "Mozilla/5.0 (Windows NT 10.0; Win64; x64) AppleWebKit/537.36 (KHTML, like Gecko) Chrome/130.0.0.0 Safari/537.36"
91.141.72.19 - - [25/Oct/2024:13:02:18 +0200] "GET /gui/javascript/form_form.js?1729854138 HTTP/1.1" 200 16206 "http://hausegger.activities.at/entry.php?id=10271&&ser=854077" "Mozilla/5.0 (Windows NT 10.0; Win64; x64) AppleWebKit/537.36 (KHTML, like Gecko) Chrome/130.0.0.0 Safari/537.36"
185.242.226.10 - - [25/Oct/2024:13:02:23 +0200] "GET /activities.ico HTTP/1.1" 200 1406 "-" "python-requests/2.26.0"
185.242.226.10 - - [25/Oct/2024:13:02:23 +0200] "GET / HTTP/1.1" 200 274 "-" "python-requests/2.26.0"
156.59.198.135 - - [25/Oct/2024:13:02:32 +0200] "GET /renault.activities.at/htdocs/export/xml/data/orders/202110191403_RenOrder.xml HTTP/1.0" 404 329 "-" "Mozilla/5.0 (Linux; Android 5.0) AppleWebKit/537.36 (KHTML, like Gecko) Mobile Safari/537.36 (compatible; Bytespider; spider-feedback@bytedance.com)"
91.141.72.19 - - [25/Oct/2024:13:02:37 +0200] "GET /entry.php?id=10271&&ser=854097 HTTP/1.1" 200 986 "http://hausegger.activities.at/entry.php?id=10271&&ser=854032" "Mozilla/5.0 (Windows NT 10.0; Win64; x64; rv:131.0) Gecko/20100101 Firefox/131.0"
91.141.72.19 - - [25/Oct/2024:13:02:38 +0200] "GET /gui/javascript/form_form.js?1729854157 HTTP/1.1" 200 16206 "http://hausegger.activities.at/entry.php?id=10271&&ser=854097" "Mozilla/5.0 (Windows NT 10.0; Win64; x64; rv:131.0) Gecko/20100101 Firefox/131.0"
156.59.198.135 - - [25/Oct/2024:13:02:53 +0200] "GET /renault.activities.at/htdocs/log/cron/exportXML_3116000.txt HTTP/1.0" 404 320 "-" "Mozilla/5.0 (Linux; Android 5.0) AppleWebKit/537.36 (KHTML, like Gecko) Mobile Safari/537.36 (compatible; Bytespider; spider-feedback@bytedance.com)"
91.141.72.19 - - [25/Oct/2024:13:03:09 +0200] "GET /entry.php?id=10271&&ser=854129 HTTP/1.1" 200 986 "http://hausegger.activities.at/entry.php?id=10271&&ser=854068" "Mozilla/5.0 (Windows NT 10.0; Win64; x64; rv:131.0) Gecko/20100101 Firefox/131.0"
91.141.72.19 - - [25/Oct/2024:13:03:09 +0200] "GET /gui/javascript/form_form.js?1729854189 HTTP/1.1" 200 16206 "http://hausegger.activities.at/entry.php?id=10271&&ser=854129" "Mozilla/5.0 (Windows NT 10.0; Win64; x64; rv:131.0) Gecko/20100101 Firefox/131.0"
156.59.198.136 - - [25/Oct/2024:13:03:15 +0200] "GET /renault.activities.at/htdocs/log/cron/shipp_Export_Data_3116157.txt HTTP/1.0" 404 325 "-" "Mozilla/5.0 (Linux; Android 5.0) AppleWebKit/537.36 (KHTML, like Gecko) Mobile Safari/537.36 (compatible; Bytespider; spider-feedback@bytedance.com)"
91.141.72.19 - - [25/Oct/2024:13:03:19 +0200] "GET /entry.php?id=10271&&ser=854138 HTTP/1.1" 200 986 "http://hausegger.activities.at/entry.php?id=10271&&ser=854077" "Mozilla/5.0 (Windows NT 10.0; Win64; x64) AppleWebKit/537.36 (KHTML, like Gecko) Chrome/130.0.0.0 Safari/537.36"
91.141.72.19 - - [25/Oct/2024:13:03:19 +0200] "GET /gui/javascript/form_form.js?1729854199 HTTP/1.1" 200 16206 "http://hausegger.activities.at/entry.php?id=10271&&ser=854138" "Mozilla/5.0 (Windows NT 10.0; Win64; x64) AppleWebKit/537.36 (KHTML, like Gecko) Chrome/130.0.0.0 Safari/537.36"
156.59.198.136 - - [25/Oct/2024:13:03:36 +0200] "GET /renault.activities.at/htdocs/export/xml/data/orders/202106191203_RenOrder.xml HTTP/1.0" 404 329 "-" "Mozilla/5.0 (Linux; Android 5.0) AppleWebKit/537.36 (KHTML, like Gecko) Mobile Safari/537.36 (compatible; Bytespider; spider-feedback@bytedance.com)"
91.141.72.19 - - [25/Oct/2024:13:03:38 +0200] "GET /entry.php?id=10271&&ser=854157 HTTP/1.1" 200 986 "http://hausegger.activities.at/entry.php?id=10271&&ser=854097" "Mozilla/5.0 (Windows NT 10.0; Win64; x64; rv:131.0) Gecko/20100101 Firefox/131.0"
91.141.72.19 - - [25/Oct/2024:13:03:38 +0200] "GET /gui/javascript/form_form.js?1729854218 HTTP/1.1" 200 16206 "http://hausegger.activities.at/entry.php?id=10271&&ser=854157" "Mozilla/5.0 (Windows NT 10.0; Win64; x64; rv:131.0) Gecko/20100101 Firefox/131.0"
156.59.198.135 - - [25/Oct/2024:13:03:57 +0200] "GET /renault.activities.at/htdocs/log/cron/reminder_mailing_3115463.txt HTTP/1.0" 404 323 "-" "Mozilla/5.0 (Linux; Android 5.0) AppleWebKit/537.36 (KHTML, like Gecko) Mobile Safari/537.36 (compatible; Bytespider; spider-feedback@bytedance.com)"
91.141.72.19 - - [25/Oct/2024:13:04:09 +0200] "GET /entry.php?id=10271&&ser=854189 HTTP/1.1" 200 986 "http://hausegger.activities.at/entry.php?id=10271&&ser=854129" "Mozilla/5.0 (Windows NT 10.0; Win64; x64; rv:131.0) Gecko/20100101 Firefox/131.0"
91.141.72.19 - - [25/Oct/2024:13:04:09 +0200] "GET /gui/javascript/form_form.js?1729854249 HTTP/1.1" 200 16206 "http://hausegger.activities.at/entry.php?id=10271&&ser=854189" "Mozilla/5.0 (Windows NT 10.0; Win64; x64; rv:131.0) Gecko/20100101 Firefox/131.0"
156.59.198.135 - - [25/Oct/2024:13:04:18 +0200] "GET /renault.activities.at/htdocs/export/pdf/emuc_document/10957468.pdf HTTP/1.0" 404 322 "-" "Mozilla/5.0 (Linux; Android 5.0) AppleWebKit/537.36 (KHTML, like Gecko) Mobile Safari/537.36 (compatible; Bytespider; spider-feedback@bytedance.com)"
91.141.72.19 - - [25/Oct/2024:13:04:20 +0200] "GET /entry.php?id=10271&&ser=854199 HTTP/1.1" 200 986 "http://hausegger.activities.at/entry.php?id=10271&&ser=854138" "Mozilla/5.0 (Windows NT 10.0; Win64; x64) AppleWebKit/537.36 (KHTML, like Gecko) Chrome/130.0.0.0 Safari/537.36"
91.141.72.19 - - [25/Oct/2024:13:04:20 +0200] "GET /gui/javascript/form_form.js?1729854260 HTTP/1.1" 200 16206 "http://hausegger.activities.at/entry.php?id=10271&&ser=854199" "Mozilla/5.0 (Windows NT 10.0; Win64; x64) AppleWebKit/537.36 (KHTML, like Gecko) Chrome/130.0.0.0 Safari/537.36"
156.59.198.135 - - [25/Oct/2024:13:04:39 +0200] "GET /renault.activities.at/htdocs/log/cron/exportXML_3116192.txt HTTP/1.0" 404 319 "-" "Mozilla/5.0 (Linux; Android 5.0) AppleWebKit/537.36 (KHTML, like Gecko) Mobile Safari/537.36 (compatible; Bytespider; spider-feedback@bytedance.com)"
91.141.72.19 - - [25/Oct/2024:13:04:39 +0200] "GET /entry.php?id=10271&&ser=854218 HTTP/1.1" 200 986 "http://hausegger.activities.at/entry.php?id=10271&&ser=854157" "Mozilla/5.0 (Windows NT 10.0; Win64; x64; rv:131.0) Gecko/20100101 Firefox/131.0"
91.141.72.19 - - [25/Oct/2024:13:04:39 +0200] "GET /gui/javascript/form_form.js?1729854279 HTTP/1.1" 200 16206 "http://hausegger.activities.at/entry.php?id=10271&&ser=854218" "Mozilla/5.0 (Windows NT 10.0; Win64; x64; rv:131.0) Gecko/20100101 Firefox/131.0"
156.59.198.135 - - [25/Oct/2024:13:05:00 +0200] "GET /renault.activities.at/htdocs/export/xml/data/orders/202106221003_RenOrder.xml HTTP/1.0" 404 327 "-" "Mozilla/5.0 (Linux; Android 5.0) AppleWebKit/537.36 (KHTML, like Gecko) Mobile Safari/537.36 (compatible; Bytespider; spider-feedback@bytedance.com)"
91.141.72.19 - - [25/Oct/2024:13:05:10 +0200] "GET /entry.php?id=10271&&ser=854249 HTTP/1.1" 200 986 "http://hausegger.activities.at/entry.php?id=10271&&ser=854189" "Mozilla/5.0 (Windows NT 10.0; Win64; x64; rv:131.0) Gecko/20100101 Firefox/131.0"
91.141.72.19 - - [25/Oct/2024:13:05:10 +0200] "GET /gui/javascript/form_form.js?1729854310 HTTP/1.1" 200 16206 "http://hausegger.activities.at/entry.php?id=10271&&ser=854249" "Mozilla/5.0 (Windows NT 10.0; Win64; x64; rv:131.0) Gecko/20100101 Firefox/131.0"
91.141.72.19 - - [25/Oct/2024:13:05:21 +0200] "GET /entry.php?id=10271&&ser=854260 HTTP/1.1" 200 986 "http://hausegger.activities.at/entry.php?id=10271&&ser=854199" "Mozilla/5.0 (Windows NT 10.0; Win64; x64) AppleWebKit/537.36 (KHTML, like Gecko) Chrome/130.0.0.0 Safari/537.36"
91.141.72.19 - - [25/Oct/2024:13:05:21 +0200] "GET /gui/javascript/form_form.js?1729854321 HTTP/1.1" 200 16206 "http://hausegger.activities.at/entry.php?id=10271&&ser=854260" "Mozilla/5.0 (Windows NT 10.0; Win64; x64) AppleWebKit/537.36 (KHTML, like Gecko) Chrome/130.0.0.0 Safari/537.36"
95.214.55.79 - - [25/Oct/2024:13:05:21 +0200] "GET / HTTP/1.1" 200 274 "-" "Mozilla/5.0 (Windows NT 10.0; Win64; x64) AppleWebKit/537.36 (KHTML, like Gecko) Chrome/90.0.4430.85 Safari/537.36 Edg/90.0.818.46"
156.59.198.135 - - [25/Oct/2024:13:05:21 +0200] "GET /renault.activities.at/htdocs/log/cron/reminder_mailing_3115860.txt HTTP/1.0" 404 323 "-" "Mozilla/5.0 (Linux; Android 5.0) AppleWebKit/537.36 (KHTML, like Gecko) Mobile Safari/537.36 (compatible; Bytespider; spider-feedback@bytedance.com)"
109.237.27.43 - - [25/Oct/2024:13:05:28 +0200] "GET / HTTP/1.1" 200 274 "-" "Mozilla/5.0 (Windows NT 6.1; WOW64; rv:8.0) Gecko/20100101 Firefox/8.0"
109.237.27.43 - - [25/Oct/2024:13:05:28 +0200] "\x16\x03\x01" 400 383 "-" "-"
109.237.27.43 - - [25/Oct/2024:13:05:28 +0200] "\x16\x03\x01" 400 383 "-" "-"
109.237.27.43 - - [25/Oct/2024:13:05:28 +0200] "\x16\x03\x01" 400 383 "-" "-"
91.141.72.19 - - [25/Oct/2024:13:05:39 +0200] "GET /entry.php?id=10271&&ser=854279 HTTP/1.1" 200 987 "http://hausegger.activities.at/entry.php?id=10271&&ser=854218" "Mozilla/5.0 (Windows NT 10.0; Win64; x64; rv:131.0) Gecko/20100101 Firefox/131.0"
91.141.72.19 - - [25/Oct/2024:13:05:39 +0200] "GET /gui/javascript/form_form.js?1729854339 HTTP/1.1" 200 16206 "http://hausegger.activities.at/entry.php?id=10271&&ser=854279" "Mozilla/5.0 (Windows NT 10.0; Win64; x64; rv:131.0) Gecko/20100101 Firefox/131.0"
156.59.198.136 - - [25/Oct/2024:13:05:43 +0200] "GET /renault.activities.at/htdocs/log/cron/shipp_Export_Data_3115056.txt HTTP/1.0" 404 325 "-" "Mozilla/5.0 (Linux; Android 5.0) AppleWebKit/537.36 (KHTML, like Gecko) Mobile Safari/537.36 (compatible; Bytespider; spider-feedback@bytedance.com)"
178.20.45.159 - - [25/Oct/2024:13:05:55 +0200] "GET / HTTP/1.0" 200 423 "http://food-and-drink.vienna-lodgings.at/" "Mozilla/5.0 (Windows NT 10.0.0; Win64; x64; ) AppleWebKit/537.36 (KHTML, like Gecko) Chrome/124.0.6367.91 Chrome/124.0.6367.91 Not-A.Brand/99 Safari/537.36"
91.141.72.19 - - [25/Oct/2024:13:06:10 +0200] "GET /entry.php?id=10271&&ser=854310 HTTP/1.1" 200 986 "http://hausegger.activities.at/entry.php?id=10271&&ser=854249" "Mozilla/5.0 (Windows NT 10.0; Win64; x64; rv:131.0) Gecko/20100101 Firefox/131.0"
91.141.72.19 - - [25/Oct/2024:13:06:10 +0200] "GET /gui/javascript/form_form.js?1729854370 HTTP/1.1" 200 16206 "http://hausegger.activities.at/entry.php?id=10271&&ser=854310" "Mozilla/5.0 (Windows NT 10.0; Win64; x64; rv:131.0) Gecko/20100101 Firefox/131.0"
91.141.72.19 - - [25/Oct/2024:13:06:22 +0200] "GET /entry.php?id=10271&&ser=854321 HTTP/1.1" 200 986 "http://hausegger.activities.at/entry.php?id=10271&&ser=854260" "Mozilla/5.0 (Windows NT 10.0; Win64; x64) AppleWebKit/537.36 (KHTML, like Gecko) Chrome/130.0.0.0 Safari/537.36"
91.141.72.19 - - [25/Oct/2024:13:06:22 +0200] "GET /gui/javascript/form_form.js?1729854382 HTTP/1.1" 200 16206 "http://hausegger.activities.at/entry.php?id=10271&&ser=854321" "Mozilla/5.0 (Windows NT 10.0; Win64; x64) AppleWebKit/537.36 (KHTML, like Gecko) Chrome/130.0.0.0 Safari/537.36"
156.59.198.136 - - [25/Oct/2024:13:06:25 +0200] "GET /renault.activities.at/htdocs/log/cron/shipp_Export_Data_3115134.txt HTTP/1.0" 404 324 "-" "Mozilla/5.0 (Linux; Android 5.0) AppleWebKit/537.36 (KHTML, like Gecko) Mobile Safari/537.36 (compatible; Bytespider; spider-feedback@bytedance.com)"
91.141.72.19 - - [25/Oct/2024:13:06:39 +0200] "GET /entry.php?id=10271&&ser=854339 HTTP/1.1" 200 989 "http://hausegger.activities.at/entry.php?id=10271&&ser=854279" "Mozilla/5.0 (Windows NT 10.0; Win64; x64; rv:131.0) Gecko/20100101 Firefox/131.0"
91.141.72.19 - - [25/Oct/2024:13:06:40 +0200] "GET /gui/javascript/form_form.js?1729854400 HTTP/1.1" 200 16206 "http://hausegger.activities.at/entry.php?id=10271&&ser=854339" "Mozilla/5.0 (Windows NT 10.0; Win64; x64; rv:131.0) Gecko/20100101 Firefox/131.0"
156.59.198.135 - - [25/Oct/2024:13:06:46 +0200] "GET /renault.activities.at/htdocs/export/pdf/emuc_document/11580893.pdf HTTP/1.0" 404 322 "-" "Mozilla/5.0 (Linux; Android 5.0) AppleWebKit/537.36 (KHTML, like Gecko) Mobile Safari/537.36 (compatible; Bytespider; spider-feedback@bytedance.com)"
156.59.198.135 - - [25/Oct/2024:13:07:07 +0200] "GET /renault.activities.at/htdocs/export/xml/data/orders/202010191403_RenOrder.xml HTTP/1.0" 404 329 "-" "Mozilla/5.0 (Linux; Android 5.0) AppleWebKit/537.36 (KHTML, like Gecko) Mobile Safari/537.36 (compatible; Bytespider; spider-feedback@bytedance.com)"
195.2.84.198 - - [25/Oct/2024:13:07:09 +0200] "GET / HTTP/1.0" 200 423 "http://food-and-drink.vienna-lodgings.at/" "Mozilla/5.0 (Windows NT 10.0.0; Win64; x64; ) AppleWebKit/537.36 (KHTML, like Gecko) Chrome/124.0.6367.60 Chrome/124.0.6367.60 Not-A.Brand/99 Safari/537.36"
91.141.72.19 - - [25/Oct/2024:13:07:10 +0200] "GET /entry.php?id=10271&&ser=854370 HTTP/1.1" 200 986 "http://hausegger.activities.at/entry.php?id=10271&&ser=854310" "Mozilla/5.0 (Windows NT 10.0; Win64; x64; rv:131.0) Gecko/20100101 Firefox/131.0"
91.141.72.19 - - [25/Oct/2024:13:07:11 +0200] "GET /gui/javascript/form_form.js?1729854430 HTTP/1.1" 200 16206 "http://hausegger.activities.at/entry.php?id=10271&&ser=854370" "Mozilla/5.0 (Windows NT 10.0; Win64; x64; rv:131.0) Gecko/20100101 Firefox/131.0"
91.141.72.19 - - [25/Oct/2024:13:07:23 +0200] "GET /entry.php?id=10271&&ser=854382 HTTP/1.1" 200 987 "http://hausegger.activities.at/entry.php?id=10271&&ser=854321" "Mozilla/5.0 (Windows NT 10.0; Win64; x64) AppleWebKit/537.36 (KHTML, like Gecko) Chrome/130.0.0.0 Safari/537.36"
91.141.72.19 - - [25/Oct/2024:13:07:23 +0200] "GET /gui/javascript/form_form.js?1729854443 HTTP/1.1" 200 16206 "http://hausegger.activities.at/entry.php?id=10271&&ser=854382" "Mozilla/5.0 (Windows NT 10.0; Win64; x64) AppleWebKit/537.36 (KHTML, like Gecko) Chrome/130.0.0.0 Safari/537.36"
156.59.198.136 - - [25/Oct/2024:13:07:28 +0200] "GET /renault.activities.at/htdocs/export/xml/data/orders/202103251003_RenOrder.xml HTTP/1.0" 404 329 "-" "Mozilla/5.0 (Linux; Android 5.0) AppleWebKit/537.36 (KHTML, like Gecko) Mobile Safari/537.36 (compatible; Bytespider; spider-feedback@bytedance.com)"
91.141.72.19 - - [25/Oct/2024:13:07:40 +0200] "GET /entry.php?id=10271&&ser=854399 HTTP/1.1" 200 986 "http://hausegger.activities.at/entry.php?id=10271&&ser=854339" "Mozilla/5.0 (Windows NT 10.0; Win64; x64; rv:131.0) Gecko/20100101 Firefox/131.0"
91.141.72.19 - - [25/Oct/2024:13:07:40 +0200] "GET /gui/javascript/form_form.js?1729854460 HTTP/1.1" 200 16206 "http://hausegger.activities.at/entry.php?id=10271&&ser=854399" "Mozilla/5.0 (Windows NT 10.0; Win64; x64; rv:131.0) Gecko/20100101 Firefox/131.0"
156.59.198.136 - - [25/Oct/2024:13:07:49 +0200] "GET /renault.activities.at/htdocs/export/xml/data/orders/202103100003_RenOrder.xml HTTP/1.0" 404 328 "-" "Mozilla/5.0 (Linux; Android 5.0) AppleWebKit/537.36 (KHTML, like Gecko) Mobile Safari/537.36 (compatible; Bytespider; spider-feedback@bytedance.com)"
156.59.198.136 - - [25/Oct/2024:13:08:10 +0200] "GET /renault.activities.at/htdocs/export/pdf/emuc_document/10533330.pdf HTTP/1.0" 404 321 "-" "Mozilla/5.0 (Linux; Android 5.0) AppleWebKit/537.36 (KHTML, like Gecko) Mobile Safari/537.36 (compatible; Bytespider; spider-feedback@bytedance.com)"
91.141.72.19 - - [25/Oct/2024:13:08:11 +0200] "GET /entry.php?id=10271&&ser=854430 HTTP/1.1" 200 986 "http://hausegger.activities.at/entry.php?id=10271&&ser=854370" "Mozilla/5.0 (Windows NT 10.0; Win64; x64; rv:131.0) Gecko/20100101 Firefox/131.0"
91.141.72.19 - - [25/Oct/2024:13:08:11 +0200] "GET /gui/javascript/form_form.js?1729854491 HTTP/1.1" 200 16206 "http://hausegger.activities.at/entry.php?id=10271&&ser=854430" "Mozilla/5.0 (Windows NT 10.0; Win64; x64; rv:131.0) Gecko/20100101 Firefox/131.0"
91.141.72.19 - - [25/Oct/2024:13:08:24 +0200] "GET /entry.php?id=10271&&ser=854443 HTTP/1.1" 200 986 "http://hausegger.activities.at/entry.php?id=10271&&ser=854382" "Mozilla/5.0 (Windows NT 10.0; Win64; x64) AppleWebKit/537.36 (KHTML, like Gecko) Chrome/130.0.0.0 Safari/537.36"
91.141.72.19 - - [25/Oct/2024:13:08:24 +0200] "GET /gui/javascript/form_form.js?1729854504 HTTP/1.1" 200 16206 "http://hausegger.activities.at/entry.php?id=10271&&ser=854443" "Mozilla/5.0 (Windows NT 10.0; Win64; x64) AppleWebKit/537.36 (KHTML, like Gecko) Chrome/130.0.0.0 Safari/537.36"
156.59.198.135 - - [25/Oct/2024:13:08:31 +0200] "GET /renault.activities.at/htdocs/export/xml/data/orders/201908291103_RenOrder.xml HTTP/1.0" 404 328 "-" "Mozilla/5.0 (Linux; Android 5.0) AppleWebKit/537.36 (KHTML, like Gecko) Mobile Safari/537.36 (compatible; Bytespider; spider-feedback@bytedance.com)"
91.141.72.19 - - [25/Oct/2024:13:08:40 +0200] "GET /entry.php?id=10271&&ser=854460 HTTP/1.1" 200 986 "http://hausegger.activities.at/entry.php?id=10271&&ser=854399" "Mozilla/5.0 (Windows NT 10.0; Win64; x64; rv:131.0) Gecko/20100101 Firefox/131.0"
91.141.72.19 - - [25/Oct/2024:13:08:40 +0200] "GET /gui/javascript/form_form.js?1729854520 HTTP/1.1" 200 16206 "http://hausegger.activities.at/entry.php?id=10271&&ser=854460" "Mozilla/5.0 (Windows NT 10.0; Win64; x64; rv:131.0) Gecko/20100101 Firefox/131.0"
156.59.198.136 - - [25/Oct/2024:13:08:52 +0200] "GET /renault.activities.at/htdocs/export/pdf/emuc_document/10847478.pdf HTTP/1.0" 404 322 "-" "Mozilla/5.0 (Linux; Android 5.0) AppleWebKit/537.36 (KHTML, like Gecko) Mobile Safari/537.36 (compatible; Bytespider; spider-feedback@bytedance.com)"
91.141.72.19 - - [25/Oct/2024:13:09:11 +0200] "GET /entry.php?id=10271&&ser=854491 HTTP/1.1" 200 986 "http://hausegger.activities.at/entry.php?id=10271&&ser=854430" "Mozilla/5.0 (Windows NT 10.0; Win64; x64; rv:131.0) Gecko/20100101 Firefox/131.0"
91.141.72.19 - - [25/Oct/2024:13:09:11 +0200] "GET /gui/javascript/form_form.js?1729854551 HTTP/1.1" 200 16206 "http://hausegger.activities.at/entry.php?id=10271&&ser=854491" "Mozilla/5.0 (Windows NT 10.0; Win64; x64; rv:131.0) Gecko/20100101 Firefox/131.0"
91.141.72.19 - - [25/Oct/2024:13:09:25 +0200] "GET /entry.php?id=10271&&ser=854504 HTTP/1.1" 200 987 "http://hausegger.activities.at/entry.php?id=10271&&ser=854443" "Mozilla/5.0 (Windows NT 10.0; Win64; x64) AppleWebKit/537.36 (KHTML, like Gecko) Chrome/130.0.0.0 Safari/537.36"
91.141.72.19 - - [25/Oct/2024:13:09:25 +0200] "GET /gui/javascript/form_form.js?1729854565 HTTP/1.1" 200 16206 "http://hausegger.activities.at/entry.php?id=10271&&ser=854504" "Mozilla/5.0 (Windows NT 10.0; Win64; x64) AppleWebKit/537.36 (KHTML, like Gecko) Chrome/130.0.0.0 Safari/537.36"
91.141.72.19 - - [25/Oct/2024:13:09:40 +0200] "GET /entry.php?id=10271&&ser=854520 HTTP/1.1" 200 986 "http://hausegger.activities.at/entry.php?id=10271&&ser=854460" "Mozilla/5.0 (Windows NT 10.0; Win64; x64; rv:131.0) Gecko/20100101 Firefox/131.0"
91.141.72.19 - - [25/Oct/2024:13:09:40 +0200] "GET /gui/javascript/form_form.js?1729854580 HTTP/1.1" 200 16206 "http://hausegger.activities.at/entry.php?id=10271&&ser=854520" "Mozilla/5.0 (Windows NT 10.0; Win64; x64; rv:131.0) Gecko/20100101 Firefox/131.0"
91.141.72.19 - - [25/Oct/2024:13:10:12 +0200] "GET /entry.php?id=10271&&ser=854551 HTTP/1.1" 200 986 "http://hausegger.activities.at/entry.php?id=10271&&ser=854491" "Mozilla/5.0 (Windows NT 10.0; Win64; x64; rv:131.0) Gecko/20100101 Firefox/131.0"
91.141.72.19 - - [25/Oct/2024:13:10:12 +0200] "GET /gui/javascript/form_form.js?1729854612 HTTP/1.1" 200 16206 "http://hausegger.activities.at/entry.php?id=10271&&ser=854551" "Mozilla/5.0 (Windows NT 10.0; Win64; x64; rv:131.0) Gecko/20100101 Firefox/131.0"
91.141.72.19 - - [25/Oct/2024:13:10:26 +0200] "GET /entry.php?id=10271&&ser=854565 HTTP/1.1" 200 986 "http://hausegger.activities.at/entry.php?id=10271&&ser=854504" "Mozilla/5.0 (Windows NT 10.0; Win64; x64) AppleWebKit/537.36 (KHTML, like Gecko) Chrome/130.0.0.0 Safari/537.36"
91.141.72.19 - - [25/Oct/2024:13:10:26 +0200] "GET /gui/javascript/form_form.js?1729854626 HTTP/1.1" 200 16206 "http://hausegger.activities.at/entry.php?id=10271&&ser=854565" "Mozilla/5.0 (Windows NT 10.0; Win64; x64) AppleWebKit/537.36 (KHTML, like Gecko) Chrome/130.0.0.0 Safari/537.36"
91.141.72.19 - - [25/Oct/2024:13:10:41 +0200] "GET /entry.php?id=10271&&ser=854580 HTTP/1.1" 200 986 "http://hausegger.activities.at/entry.php?id=10271&&ser=854520" "Mozilla/5.0 (Windows NT 10.0; Win64; x64; rv:131.0) Gecko/20100101 Firefox/131.0"
91.141.72.19 - - [25/Oct/2024:13:10:41 +0200] "GET /gui/javascript/form_form.js?1729854641 HTTP/1.1" 200 16206 "http://hausegger.activities.at/entry.php?id=10271&&ser=854580" "Mozilla/5.0 (Windows NT 10.0; Win64; x64; rv:131.0) Gecko/20100101 Firefox/131.0"
156.59.198.136 - - [25/Oct/2024:13:10:54 +0200] "GET /renault.activities.at/htdocs/export/pdf/emuc_document/10320004.pdf HTTP/1.0" 404 322 "-" "Mozilla/5.0 (Linux; Android 5.0) AppleWebKit/537.36 (KHTML, like Gecko) Mobile Safari/537.36 (compatible; Bytespider; spider-feedback@bytedance.com)"
91.141.72.19 - - [25/Oct/2024:13:11:12 +0200] "GET /entry.php?id=10271&&ser=854612 HTTP/1.1" 200 986 "http://hausegger.activities.at/entry.php?id=10271&&ser=854551" "Mozilla/5.0 (Windows NT 10.0; Win64; x64; rv:131.0) Gecko/20100101 Firefox/131.0"
91.141.72.19 - - [25/Oct/2024:13:11:12 +0200] "GET /gui/javascript/form_form.js?1729854672 HTTP/1.1" 200 16206 "http://hausegger.activities.at/entry.php?id=10271&&ser=854612" "Mozilla/5.0 (Windows NT 10.0; Win64; x64; rv:131.0) Gecko/20100101 Firefox/131.0"
156.59.198.136 - - [25/Oct/2024:13:11:15 +0200] "GET /renault.activities.at/htdocs/export/txt/factura/FacturaExport20130930163104.txt HTTP/1.0" 404 328 "-" "Mozilla/5.0 (Linux; Android 5.0) AppleWebKit/537.36 (KHTML, like Gecko) Mobile Safari/537.36 (compatible; Bytespider; spider-feedback@bytedance.com)"
91.141.72.19 - - [25/Oct/2024:13:11:27 +0200] "GET /entry.php?id=10271&&ser=854626 HTTP/1.1" 200 986 "http://hausegger.activities.at/entry.php?id=10271&&ser=854565" "Mozilla/5.0 (Windows NT 10.0; Win64; x64) AppleWebKit/537.36 (KHTML, like Gecko) Chrome/130.0.0.0 Safari/537.36"
91.141.72.19 - - [25/Oct/2024:13:11:27 +0200] "GET /gui/javascript/form_form.js?1729854687 HTTP/1.1" 200 16206 "http://hausegger.activities.at/entry.php?id=10271&&ser=854626" "Mozilla/5.0 (Windows NT 10.0; Win64; x64) AppleWebKit/537.36 (KHTML, like Gecko) Chrome/130.0.0.0 Safari/537.36"
156.59.198.136 - - [25/Oct/2024:13:11:36 +0200] "GET /renault.activities.at/htdocs/log/cron/reminder_mailing_3115184.txt HTTP/1.0" 404 322 "-" "Mozilla/5.0 (Linux; Android 5.0) AppleWebKit/537.36 (KHTML, like Gecko) Mobile Safari/537.36 (compatible; Bytespider; spider-feedback@bytedance.com)"
91.141.72.19 - - [25/Oct/2024:13:11:41 +0200] "GET /entry.php?id=10271&&ser=854641 HTTP/1.1" 200 986 "http://hausegger.activities.at/entry.php?id=10271&&ser=854580" "Mozilla/5.0 (Windows NT 10.0; Win64; x64; rv:131.0) Gecko/20100101 Firefox/131.0"
91.141.72.19 - - [25/Oct/2024:13:11:41 +0200] "GET /gui/javascript/form_form.js?1729854701 HTTP/1.1" 200 16206 "http://hausegger.activities.at/entry.php?id=10271&&ser=854641" "Mozilla/5.0 (Windows NT 10.0; Win64; x64; rv:131.0) Gecko/20100101 Firefox/131.0"
156.59.198.135 - - [25/Oct/2024:13:11:57 +0200] "GET /renault.activities.at/htdocs/export/xml/data/orders/201912121103_RenOrder.xml HTTP/1.0" 404 328 "-" "Mozilla/5.0 (Linux; Android 5.0) AppleWebKit/537.36 (KHTML, like Gecko) Mobile Safari/537.36 (compatible; Bytespider; spider-feedback@bytedance.com)"
91.141.72.19 - - [25/Oct/2024:13:12:12 +0200] "GET /entry.php?id=10271&&ser=854672 HTTP/1.1" 200 986 "http://hausegger.activities.at/entry.php?id=10271&&ser=854612" "Mozilla/5.0 (Windows NT 10.0; Win64; x64; rv:131.0) Gecko/20100101 Firefox/131.0"
91.141.72.19 - - [25/Oct/2024:13:12:12 +0200] "GET /gui/javascript/form_form.js?1729854732 HTTP/1.1" 200 16206 "http://hausegger.activities.at/entry.php?id=10271&&ser=854672" "Mozilla/5.0 (Windows NT 10.0; Win64; x64; rv:131.0) Gecko/20100101 Firefox/131.0"
156.59.198.136 - - [25/Oct/2024:13:12:18 +0200] "GET /renault.activities.at/htdocs/export/pdf/emuc_document/10981110.pdf HTTP/1.0" 404 321 "-" "Mozilla/5.0 (Linux; Android 5.0) AppleWebKit/537.36 (KHTML, like Gecko) Mobile Safari/537.36 (compatible; Bytespider; spider-feedback@bytedance.com)"
91.141.72.19 - - [25/Oct/2024:13:12:28 +0200] "GET /entry.php?id=10271&&ser=854687 HTTP/1.1" 200 986 "http://hausegger.activities.at/entry.php?id=10271&&ser=854626" "Mozilla/5.0 (Windows NT 10.0; Win64; x64) AppleWebKit/537.36 (KHTML, like Gecko) Chrome/130.0.0.0 Safari/537.36"
91.141.72.19 - - [25/Oct/2024:13:12:28 +0200] "GET /gui/javascript/form_form.js?1729854748 HTTP/1.1" 200 16206 "http://hausegger.activities.at/entry.php?id=10271&&ser=854687" "Mozilla/5.0 (Windows NT 10.0; Win64; x64) AppleWebKit/537.36 (KHTML, like Gecko) Chrome/130.0.0.0 Safari/537.36"
156.59.198.136 - - [25/Oct/2024:13:12:39 +0200] "GET /renault.activities.at/htdocs/export/pdf/emuc_document/11629061.pdf HTTP/1.0" 404 321 "-" "Mozilla/5.0 (Linux; Android 5.0) AppleWebKit/537.36 (KHTML, like Gecko) Mobile Safari/537.36 (compatible; Bytespider; spider-feedback@bytedance.com)"
91.141.72.19 - - [25/Oct/2024:13:12:41 +0200] "GET /entry.php?id=10271&&ser=854701 HTTP/1.1" 200 986 "http://hausegger.activities.at/entry.php?id=10271&&ser=854641" "Mozilla/5.0 (Windows NT 10.0; Win64; x64; rv:131.0) Gecko/20100101 Firefox/131.0"
91.141.72.19 - - [25/Oct/2024:13:12:41 +0200] "GET /gui/javascript/form_form.js?1729854761 HTTP/1.1" 200 16206 "http://hausegger.activities.at/entry.php?id=10271&&ser=854701" "Mozilla/5.0 (Windows NT 10.0; Win64; x64; rv:131.0) Gecko/20100101 Firefox/131.0"
156.59.198.136 - - [25/Oct/2024:13:13:00 +0200] "GET /renault.activities.at/htdocs/export/pdf/emuc_document/12001057.pdf HTTP/1.0" 404 322 "-" "Mozilla/5.0 (Linux; Android 5.0) AppleWebKit/537.36 (KHTML, like Gecko) Mobile Safari/537.36 (compatible; Bytespider; spider-feedback@bytedance.com)"
91.141.72.19 - - [25/Oct/2024:13:13:13 +0200] "GET /entry.php?id=10271&&ser=854732 HTTP/1.1" 200 987 "http://hausegger.activities.at/entry.php?id=10271&&ser=854672" "Mozilla/5.0 (Windows NT 10.0; Win64; x64; rv:131.0) Gecko/20100101 Firefox/131.0"
91.141.72.19 - - [25/Oct/2024:13:13:13 +0200] "GET /gui/javascript/form_form.js?1729854793 HTTP/1.1" 200 16206 "http://hausegger.activities.at/entry.php?id=10271&&ser=854732" "Mozilla/5.0 (Windows NT 10.0; Win64; x64; rv:131.0) Gecko/20100101 Firefox/131.0"
156.59.198.135 - - [25/Oct/2024:13:13:21 +0200] "GET /renault.activities.at/htdocs/log/cron/system_mail_3115164.txt HTTP/1.0" 404 320 "-" "Mozilla/5.0 (Linux; Android 5.0) AppleWebKit/537.36 (KHTML, like Gecko) Mobile Safari/537.36 (compatible; Bytespider; spider-feedback@bytedance.com)"
91.141.72.19 - - [25/Oct/2024:13:13:29 +0200] "GET /entry.php?id=10271&&ser=854748 HTTP/1.1" 200 986 "http://hausegger.activities.at/entry.php?id=10271&&ser=854687" "Mozilla/5.0 (Windows NT 10.0; Win64; x64) AppleWebKit/537.36 (KHTML, like Gecko) Chrome/130.0.0.0 Safari/537.36"
91.141.72.19 - - [25/Oct/2024:13:13:29 +0200] "GET /gui/javascript/form_form.js?1729854809 HTTP/1.1" 200 16206 "http://hausegger.activities.at/entry.php?id=10271&&ser=854748" "Mozilla/5.0 (Windows NT 10.0; Win64; x64) AppleWebKit/537.36 (KHTML, like Gecko) Chrome/130.0.0.0 Safari/537.36"
91.141.72.19 - - [25/Oct/2024:13:13:41 +0200] "GET /entry.php?id=10271&&ser=854761 HTTP/1.1" 200 986 "http://hausegger.activities.at/entry.php?id=10271&&ser=854701" "Mozilla/5.0 (Windows NT 10.0; Win64; x64; rv:131.0) Gecko/20100101 Firefox/131.0"
91.141.72.19 - - [25/Oct/2024:13:13:42 +0200] "GET /gui/javascript/form_form.js?1729854821 HTTP/1.1" 200 16206 "http://hausegger.activities.at/entry.php?id=10271&&ser=854761" "Mozilla/5.0 (Windows NT 10.0; Win64; x64; rv:131.0) Gecko/20100101 Firefox/131.0"
156.59.198.136 - - [25/Oct/2024:13:13:42 +0200] "GET /renault.activities.at/htdocs/export/xml/data/orders/202010230903_RenOrder.xml HTTP/1.0" 404 328 "-" "Mozilla/5.0 (Linux; Android 5.0) AppleWebKit/537.36 (KHTML, like Gecko) Mobile Safari/537.36 (compatible; Bytespider; spider-feedback@bytedance.com)"
156.59.198.135 - - [25/Oct/2024:13:14:03 +0200] "GET /renault.activities.at/htdocs/log/cron/reminder_mailing_3116090.txt HTTP/1.0" 404 323 "-" "Mozilla/5.0 (Linux; Android 5.0) AppleWebKit/537.36 (KHTML, like Gecko) Mobile Safari/537.36 (compatible; Bytespider; spider-feedback@bytedance.com)"
91.141.72.19 - - [25/Oct/2024:13:14:13 +0200] "GET /entry.php?id=10271&&ser=854793 HTTP/1.1" 200 986 "http://hausegger.activities.at/entry.php?id=10271&&ser=854732" "Mozilla/5.0 (Windows NT 10.0; Win64; x64; rv:131.0) Gecko/20100101 Firefox/131.0"
91.141.72.19 - - [25/Oct/2024:13:14:13 +0200] "GET /gui/javascript/form_form.js?1729854853 HTTP/1.1" 200 16206 "http://hausegger.activities.at/entry.php?id=10271&&ser=854793" "Mozilla/5.0 (Windows NT 10.0; Win64; x64; rv:131.0) Gecko/20100101 Firefox/131.0"
156.59.198.136 - - [25/Oct/2024:13:14:25 +0200] "GET /renault.activities.at/htdocs/log/cron/system_mail_3115995.txt HTTP/1.0" 404 320 "-" "Mozilla/5.0 (Linux; Android 5.0) AppleWebKit/537.36 (KHTML, like Gecko) Mobile Safari/537.36 (compatible; Bytespider; spider-feedback@bytedance.com)"
91.141.72.19 - - [25/Oct/2024:13:14:30 +0200] "GET /entry.php?id=10271&&ser=854809 HTTP/1.1" 200 986 "http://hausegger.activities.at/entry.php?id=10271&&ser=854748" "Mozilla/5.0 (Windows NT 10.0; Win64; x64) AppleWebKit/537.36 (KHTML, like Gecko) Chrome/130.0.0.0 Safari/537.36"
91.141.72.19 - - [25/Oct/2024:13:14:30 +0200] "GET /gui/javascript/form_form.js?1729854870 HTTP/1.1" 200 16206 "http://hausegger.activities.at/entry.php?id=10271&&ser=854809" "Mozilla/5.0 (Windows NT 10.0; Win64; x64) AppleWebKit/537.36 (KHTML, like Gecko) Chrome/130.0.0.0 Safari/537.36"
91.141.72.19 - - [25/Oct/2024:13:14:42 +0200] "GET /entry.php?id=10271&&ser=854821 HTTP/1.1" 200 986 "http://hausegger.activities.at/entry.php?id=10271&&ser=854761" "Mozilla/5.0 (Windows NT 10.0; Win64; x64; rv:131.0) Gecko/20100101 Firefox/131.0"
91.141.72.19 - - [25/Oct/2024:13:14:42 +0200] "GET /gui/javascript/form_form.js?1729854882 HTTP/1.1" 200 16206 "http://hausegger.activities.at/entry.php?id=10271&&ser=854821" "Mozilla/5.0 (Windows NT 10.0; Win64; x64; rv:131.0) Gecko/20100101 Firefox/131.0"
156.59.198.136 - - [25/Oct/2024:13:14:46 +0200] "GET /renault.activities.at/htdocs/log/cron/reminder_mailing_3114977.txt HTTP/1.0" 404 323 "-" "Mozilla/5.0 (Linux; Android 5.0) AppleWebKit/537.36 (KHTML, like Gecko) Mobile Safari/537.36 (compatible; Bytespider; spider-feedback@bytedance.com)"
156.59.198.135 - - [25/Oct/2024:13:15:07 +0200] "GET /renault.activities.at/htdocs/export/pdf/emuc_document/10742316.pdf HTTP/1.0" 404 322 "-" "Mozilla/5.0 (Linux; Android 5.0) AppleWebKit/537.36 (KHTML, like Gecko) Mobile Safari/537.36 (compatible; Bytespider; spider-feedback@bytedance.com)"
91.141.72.19 - - [25/Oct/2024:13:15:13 +0200] "GET /entry.php?id=10271&&ser=854853 HTTP/1.1" 200 986 "http://hausegger.activities.at/entry.php?id=10271&&ser=854793" "Mozilla/5.0 (Windows NT 10.0; Win64; x64; rv:131.0) Gecko/20100101 Firefox/131.0"
91.141.72.19 - - [25/Oct/2024:13:15:14 +0200] "GET /gui/javascript/form_form.js?1729854914 HTTP/1.1" 200 16206 "http://hausegger.activities.at/entry.php?id=10271&&ser=854853" "Mozilla/5.0 (Windows NT 10.0; Win64; x64; rv:131.0) Gecko/20100101 Firefox/131.0"
156.59.198.136 - - [25/Oct/2024:13:15:29 +0200] "GET /renault.activities.at/htdocs/export/pdf/emuc_document/11504654.pdf HTTP/1.0" 404 322 "-" "Mozilla/5.0 (Linux; Android 5.0) AppleWebKit/537.36 (KHTML, like Gecko) Mobile Safari/537.36 (compatible; Bytespider; spider-feedback@bytedance.com)"
91.141.72.19 - - [25/Oct/2024:13:15:31 +0200] "GET /entry.php?id=10271&&ser=854870 HTTP/1.1" 200 986 "http://hausegger.activities.at/entry.php?id=10271&&ser=854809" "Mozilla/5.0 (Windows NT 10.0; Win64; x64) AppleWebKit/537.36 (KHTML, like Gecko) Chrome/130.0.0.0 Safari/537.36"
91.141.72.19 - - [25/Oct/2024:13:15:31 +0200] "GET /gui/javascript/form_form.js?1729854931 HTTP/1.1" 200 16206 "http://hausegger.activities.at/entry.php?id=10271&&ser=854870" "Mozilla/5.0 (Windows NT 10.0; Win64; x64) AppleWebKit/537.36 (KHTML, like Gecko) Chrome/130.0.0.0 Safari/537.36"
91.141.72.19 - - [25/Oct/2024:13:15:42 +0200] "GET /entry.php?id=10271&&ser=854882 HTTP/1.1" 200 986 "http://hausegger.activities.at/entry.php?id=10271&&ser=854821" "Mozilla/5.0 (Windows NT 10.0; Win64; x64; rv:131.0) Gecko/20100101 Firefox/131.0"
91.141.72.19 - - [25/Oct/2024:13:15:42 +0200] "GET /gui/javascript/form_form.js?1729854942 HTTP/1.1" 200 16206 "http://hausegger.activities.at/entry.php?id=10271&&ser=854882" "Mozilla/5.0 (Windows NT 10.0; Win64; x64; rv:131.0) Gecko/20100101 Firefox/131.0"
156.59.198.136 - - [25/Oct/2024:13:15:50 +0200] "GET /renault.activities.at/htdocs/export/xml/data/orders/202005041303_RenOrder.xml HTTP/1.0" 404 329 "-" "Mozilla/5.0 (Linux; Android 5.0) AppleWebKit/537.36 (KHTML, like Gecko) Mobile Safari/537.36 (compatible; Bytespider; spider-feedback@bytedance.com)"
156.59.198.136 - - [25/Oct/2024:13:16:11 +0200] "GET /renault.activities.at/htdocs/export/xml/data/orders/202110281503_RenOrder.xml HTTP/1.0" 404 328 "-" "Mozilla/5.0 (Linux; Android 5.0) AppleWebKit/537.36 (KHTML, like Gecko) Mobile Safari/537.36 (compatible; Bytespider; spider-feedback@bytedance.com)"
91.141.72.19 - - [25/Oct/2024:13:16:14 +0200] "GET /entry.php?id=10271&&ser=854914 HTTP/1.1" 200 987 "http://hausegger.activities.at/entry.php?id=10271&&ser=854853" "Mozilla/5.0 (Windows NT 10.0; Win64; x64; rv:131.0) Gecko/20100101 Firefox/131.0"
91.141.72.19 - - [25/Oct/2024:13:16:14 +0200] "GET /gui/javascript/form_form.js?1729854974 HTTP/1.1" 200 16206 "http://hausegger.activities.at/entry.php?id=10271&&ser=854914" "Mozilla/5.0 (Windows NT 10.0; Win64; x64; rv:131.0) Gecko/20100101 Firefox/131.0"
156.59.198.135 - - [25/Oct/2024:13:16:32 +0200] "GET /renault.activities.at/htdocs/export/pdf/emuc_document/11126955.pdf HTTP/1.0" 404 321 "-" "Mozilla/5.0 (Linux; Android 5.0) AppleWebKit/537.36 (KHTML, like Gecko) Mobile Safari/537.36 (compatible; Bytespider; spider-feedback@bytedance.com)"
91.141.72.19 - - [25/Oct/2024:13:16:32 +0200] "GET /entry.php?id=10271&&ser=854931 HTTP/1.1" 200 986 "http://hausegger.activities.at/entry.php?id=10271&&ser=854870" "Mozilla/5.0 (Windows NT 10.0; Win64; x64) AppleWebKit/537.36 (KHTML, like Gecko) Chrome/130.0.0.0 Safari/537.36"
91.141.72.19 - - [25/Oct/2024:13:16:32 +0200] "GET /gui/javascript/form_form.js?1729854992 HTTP/1.1" 200 16206 "http://hausegger.activities.at/entry.php?id=10271&&ser=854931" "Mozilla/5.0 (Windows NT 10.0; Win64; x64) AppleWebKit/537.36 (KHTML, like Gecko) Chrome/130.0.0.0 Safari/537.36"
91.141.72.19 - - [25/Oct/2024:13:16:42 +0200] "GET /entry.php?id=10271&&ser=854942 HTTP/1.1" 200 986 "http://hausegger.activities.at/entry.php?id=10271&&ser=854882" "Mozilla/5.0 (Windows NT 10.0; Win64; x64; rv:131.0) Gecko/20100101 Firefox/131.0"
91.141.72.19 - - [25/Oct/2024:13:16:42 +0200] "GET /gui/javascript/form_form.js?1729855002 HTTP/1.1" 200 16206 "http://hausegger.activities.at/entry.php?id=10271&&ser=854942" "Mozilla/5.0 (Windows NT 10.0; Win64; x64; rv:131.0) Gecko/20100101 Firefox/131.0"
156.59.198.135 - - [25/Oct/2024:13:16:53 +0200] "GET /renault.activities.at/htdocs/log/cron/exportXML_3115187.txt HTTP/1.0" 404 320 "-" "Mozilla/5.0 (Linux; Android 5.0) AppleWebKit/537.36 (KHTML, like Gecko) Mobile Safari/537.36 (compatible; Bytespider; spider-feedback@bytedance.com)"
91.141.72.19 - - [25/Oct/2024:13:17:14 +0200] "GET /entry.php?id=10271&&ser=854974 HTTP/1.1" 200 986 "http://hausegger.activities.at/entry.php?id=10271&&ser=854914" "Mozilla/5.0 (Windows NT 10.0; Win64; x64; rv:131.0) Gecko/20100101 Firefox/131.0"
156.59.198.135 - - [25/Oct/2024:13:17:14 +0200] "GET /renault.activities.at/htdocs/log/cron/autologout_3116454.txt HTTP/1.0" 404 318 "-" "Mozilla/5.0 (Linux; Android 5.0) AppleWebKit/537.36 (KHTML, like Gecko) Mobile Safari/537.36 (compatible; Bytespider; spider-feedback@bytedance.com)"
91.141.72.19 - - [25/Oct/2024:13:17:14 +0200] "GET /gui/javascript/form_form.js?1729855034 HTTP/1.1" 200 16206 "http://hausegger.activities.at/entry.php?id=10271&&ser=854974" "Mozilla/5.0 (Windows NT 10.0; Win64; x64; rv:131.0) Gecko/20100101 Firefox/131.0"
91.141.72.19 - - [25/Oct/2024:13:17:33 +0200] "GET /entry.php?id=10271&&ser=854992 HTTP/1.1" 200 986 "http://hausegger.activities.at/entry.php?id=10271&&ser=854931" "Mozilla/5.0 (Windows NT 10.0; Win64; x64) AppleWebKit/537.36 (KHTML, like Gecko) Chrome/130.0.0.0 Safari/537.36"
91.141.72.19 - - [25/Oct/2024:13:17:33 +0200] "GET /gui/javascript/form_form.js?1729855053 HTTP/1.1" 200 16206 "http://hausegger.activities.at/entry.php?id=10271&&ser=854992" "Mozilla/5.0 (Windows NT 10.0; Win64; x64) AppleWebKit/537.36 (KHTML, like Gecko) Chrome/130.0.0.0 Safari/537.36"
156.59.198.135 - - [25/Oct/2024:13:17:36 +0200] "GET /renault.activities.at/htdocs/export/pdf/emuc_document/11430306.pdf HTTP/1.0" 404 322 "-" "Mozilla/5.0 (Linux; Android 5.0) AppleWebKit/537.36 (KHTML, like Gecko) Mobile Safari/537.36 (compatible; Bytespider; spider-feedback@bytedance.com)"
91.141.72.19 - - [25/Oct/2024:13:17:43 +0200] "GET /entry.php?id=10271&&ser=855002 HTTP/1.1" 200 986 "http://hausegger.activities.at/entry.php?id=10271&&ser=854942" "Mozilla/5.0 (Windows NT 10.0; Win64; x64; rv:131.0) Gecko/20100101 Firefox/131.0"
91.141.72.19 - - [25/Oct/2024:13:17:43 +0200] "GET /gui/javascript/form_form.js?1729855063 HTTP/1.1" 200 16206 "http://hausegger.activities.at/entry.php?id=10271&&ser=855002" "Mozilla/5.0 (Windows NT 10.0; Win64; x64; rv:131.0) Gecko/20100101 Firefox/131.0"
156.59.198.136 - - [25/Oct/2024:13:17:57 +0200] "GET /renault.activities.at/htdocs/export/pdf/emuc_document/11606541.pdf HTTP/1.0" 404 321 "-" "Mozilla/5.0 (Linux; Android 5.0) AppleWebKit/537.36 (KHTML, like Gecko) Mobile Safari/537.36 (compatible; Bytespider; spider-feedback@bytedance.com)"
91.141.72.19 - - [25/Oct/2024:13:18:14 +0200] "GET /entry.php?id=10271&&ser=855034 HTTP/1.1" 200 986 "http://hausegger.activities.at/entry.php?id=10271&&ser=854974" "Mozilla/5.0 (Windows NT 10.0; Win64; x64; rv:131.0) Gecko/20100101 Firefox/131.0"
91.141.72.19 - - [25/Oct/2024:13:18:15 +0200] "GET /gui/javascript/form_form.js?1729855095 HTTP/1.1" 200 16206 "http://hausegger.activities.at/entry.php?id=10271&&ser=855034" "Mozilla/5.0 (Windows NT 10.0; Win64; x64; rv:131.0) Gecko/20100101 Firefox/131.0"
156.59.198.136 - - [25/Oct/2024:13:18:18 +0200] "GET /renault.activities.at/htdocs/export/xml/data/orders/202106281403_RenOrder.xml HTTP/1.0" 404 329 "-" "Mozilla/5.0 (Linux; Android 5.0) AppleWebKit/537.36 (KHTML, like Gecko) Mobile Safari/537.36 (compatible; Bytespider; spider-feedback@bytedance.com)"
91.141.72.19 - - [25/Oct/2024:13:18:34 +0200] "GET /entry.php?id=10271&&ser=855053 HTTP/1.1" 200 986 "http://hausegger.activities.at/entry.php?id=10271&&ser=854992" "Mozilla/5.0 (Windows NT 10.0; Win64; x64) AppleWebKit/537.36 (KHTML, like Gecko) Chrome/130.0.0.0 Safari/537.36"
91.141.72.19 - - [25/Oct/2024:13:18:34 +0200] "GET /gui/javascript/form_form.js?1729855114 HTTP/1.1" 200 16206 "http://hausegger.activities.at/entry.php?id=10271&&ser=855053" "Mozilla/5.0 (Windows NT 10.0; Win64; x64) AppleWebKit/537.36 (KHTML, like Gecko) Chrome/130.0.0.0 Safari/537.36"
156.59.198.136 - - [25/Oct/2024:13:18:39 +0200] "GET /renault.activities.at/htdocs/export/xml/data/orders/202108301403_RenOrder.xml HTTP/1.0" 404 329 "-" "Mozilla/5.0 (Linux; Android 5.0) AppleWebKit/537.36 (KHTML, like Gecko) Mobile Safari/537.36 (compatible; Bytespider; spider-feedback@bytedance.com)"
91.141.72.19 - - [25/Oct/2024:13:18:43 +0200] "GET /entry.php?id=10271&&ser=855063 HTTP/1.1" 200 986 "http://hausegger.activities.at/entry.php?id=10271&&ser=855002" "Mozilla/5.0 (Windows NT 10.0; Win64; x64; rv:131.0) Gecko/20100101 Firefox/131.0"
91.141.72.19 - - [25/Oct/2024:13:18:43 +0200] "GET /gui/javascript/form_form.js?1729855123 HTTP/1.1" 200 16206 "http://hausegger.activities.at/entry.php?id=10271&&ser=855063" "Mozilla/5.0 (Windows NT 10.0; Win64; x64; rv:131.0) Gecko/20100101 Firefox/131.0"
156.59.198.135 - - [25/Oct/2024:13:19:00 +0200] "GET /renault.activities.at/htdocs/export/xml/data/orders/202102171003_RenOrder.xml HTTP/1.0" 404 328 "-" "Mozilla/5.0 (Linux; Android 5.0) AppleWebKit/537.36 (KHTML, like Gecko) Mobile Safari/537.36 (compatible; Bytespider; spider-feedback@bytedance.com)"
91.141.72.19 - - [25/Oct/2024:13:19:15 +0200] "GET /entry.php?id=10271&&ser=855095 HTTP/1.1" 200 987 "http://hausegger.activities.at/entry.php?id=10271&&ser=855034" "Mozilla/5.0 (Windows NT 10.0; Win64; x64; rv:131.0) Gecko/20100101 Firefox/131.0"
91.141.72.19 - - [25/Oct/2024:13:19:15 +0200] "GET /gui/javascript/form_form.js?1729855155 HTTP/1.1" 200 16206 "http://hausegger.activities.at/entry.php?id=10271&&ser=855095" "Mozilla/5.0 (Windows NT 10.0; Win64; x64; rv:131.0) Gecko/20100101 Firefox/131.0"
156.59.198.135 - - [25/Oct/2024:13:19:22 +0200] "GET /renault.activities.at/htdocs/export/pdf/emuc_document/11148667.pdf HTTP/1.0" 404 322 "-" "Mozilla/5.0 (Linux; Android 5.0) AppleWebKit/537.36 (KHTML, like Gecko) Mobile Safari/537.36 (compatible; Bytespider; spider-feedback@bytedance.com)"
91.141.72.19 - - [25/Oct/2024:13:19:35 +0200] "GET /entry.php?id=10271&&ser=855114 HTTP/1.1" 200 986 "http://hausegger.activities.at/entry.php?id=10271&&ser=855053" "Mozilla/5.0 (Windows NT 10.0; Win64; x64) AppleWebKit/537.36 (KHTML, like Gecko) Chrome/130.0.0.0 Safari/537.36"
91.141.72.19 - - [25/Oct/2024:13:19:35 +0200] "GET /gui/javascript/form_form.js?1729855175 HTTP/1.1" 200 16206 "http://hausegger.activities.at/entry.php?id=10271&&ser=855114" "Mozilla/5.0 (Windows NT 10.0; Win64; x64) AppleWebKit/537.36 (KHTML, like Gecko) Chrome/130.0.0.0 Safari/537.36"
91.141.72.19 - - [25/Oct/2024:13:19:43 +0200] "GET /entry.php?id=10271&&ser=855123 HTTP/1.1" 200 986 "http://hausegger.activities.at/entry.php?id=10271&&ser=855063" "Mozilla/5.0 (Windows NT 10.0; Win64; x64; rv:131.0) Gecko/20100101 Firefox/131.0"
156.59.198.136 - - [25/Oct/2024:13:19:43 +0200] "GET /renault.activities.at/htdocs/log/cron/autologout_3115510.txt HTTP/1.0" 404 318 "-" "Mozilla/5.0 (Linux; Android 5.0) AppleWebKit/537.36 (KHTML, like Gecko) Mobile Safari/537.36 (compatible; Bytespider; spider-feedback@bytedance.com)"
91.141.72.19 - - [25/Oct/2024:13:19:43 +0200] "GET /gui/javascript/form_form.js?1729855183 HTTP/1.1" 200 16206 "http://hausegger.activities.at/entry.php?id=10271&&ser=855123" "Mozilla/5.0 (Windows NT 10.0; Win64; x64; rv:131.0) Gecko/20100101 Firefox/131.0"
156.59.198.136 - - [25/Oct/2024:13:20:05 +0200] "GET /renault.activities.at/htdocs/export/pdf/emuc_document/12383686.pdf HTTP/1.0" 404 322 "-" "Mozilla/5.0 (Linux; Android 5.0) AppleWebKit/537.36 (KHTML, like Gecko) Mobile Safari/537.36 (compatible; Bytespider; spider-feedback@bytedance.com)"
91.141.72.19 - - [25/Oct/2024:13:20:15 +0200] "GET /entry.php?id=10271&&ser=855155 HTTP/1.1" 200 986 "http://hausegger.activities.at/entry.php?id=10271&&ser=855095" "Mozilla/5.0 (Windows NT 10.0; Win64; x64; rv:131.0) Gecko/20100101 Firefox/131.0"
91.141.72.19 - - [25/Oct/2024:13:20:15 +0200] "GET /gui/javascript/form_form.js?1729855215 HTTP/1.1" 200 16206 "http://hausegger.activities.at/entry.php?id=10271&&ser=855155" "Mozilla/5.0 (Windows NT 10.0; Win64; x64; rv:131.0) Gecko/20100101 Firefox/131.0"
156.59.198.135 - - [25/Oct/2024:13:20:26 +0200] "GET /renault.activities.at/htdocs/log/cron/shipp_Export_Data_3114874.txt HTTP/1.0" 404 325 "-" "Mozilla/5.0 (Linux; Android 5.0) AppleWebKit/537.36 (KHTML, like Gecko) Mobile Safari/537.36 (compatible; Bytespider; spider-feedback@bytedance.com)"
91.141.72.19 - - [25/Oct/2024:13:20:36 +0200] "GET /entry.php?id=10271&&ser=855175 HTTP/1.1" 200 986 "http://hausegger.activities.at/entry.php?id=10271&&ser=855114" "Mozilla/5.0 (Windows NT 10.0; Win64; x64) AppleWebKit/537.36 (KHTML, like Gecko) Chrome/130.0.0.0 Safari/537.36"
91.141.72.19 - - [25/Oct/2024:13:20:36 +0200] "GET /gui/javascript/form_form.js?1729855236 HTTP/1.1" 200 16206 "http://hausegger.activities.at/entry.php?id=10271&&ser=855175" "Mozilla/5.0 (Windows NT 10.0; Win64; x64) AppleWebKit/537.36 (KHTML, like Gecko) Chrome/130.0.0.0 Safari/537.36"
91.141.72.19 - - [25/Oct/2024:13:20:43 +0200] "GET /entry.php?id=10271&&ser=855183 HTTP/1.1" 200 988 "http://hausegger.activities.at/entry.php?id=10271&&ser=855123" "Mozilla/5.0 (Windows NT 10.0; Win64; x64; rv:131.0) Gecko/20100101 Firefox/131.0"
91.141.72.19 - - [25/Oct/2024:13:20:44 +0200] "GET /gui/javascript/form_form.js?1729855244 HTTP/1.1" 200 16206 "http://hausegger.activities.at/entry.php?id=10271&&ser=855183" "Mozilla/5.0 (Windows NT 10.0; Win64; x64; rv:131.0) Gecko/20100101 Firefox/131.0"
156.59.198.136 - - [25/Oct/2024:13:20:47 +0200] "GET /renault.activities.at/htdocs/export/xml/data/orders/202008251503_RenOrder.xml HTTP/1.0" 404 329 "-" "Mozilla/5.0 (Linux; Android 5.0) AppleWebKit/537.36 (KHTML, like Gecko) Mobile Safari/537.36 (compatible; Bytespider; spider-feedback@bytedance.com)"
156.59.198.136 - - [25/Oct/2024:13:21:09 +0200] "GET /renault.activities.at/htdocs/log/cron/system_mail_3116525.txt HTTP/1.0" 404 320 "-" "Mozilla/5.0 (Linux; Android 5.0) AppleWebKit/537.36 (KHTML, like Gecko) Mobile Safari/537.36 (compatible; Bytespider; spider-feedback@bytedance.com)"
91.141.72.19 - - [25/Oct/2024:13:21:16 +0200] "GET /entry.php?id=10271&&ser=855215 HTTP/1.1" 200 986 "http://hausegger.activities.at/entry.php?id=10271&&ser=855155" "Mozilla/5.0 (Windows NT 10.0; Win64; x64; rv:131.0) Gecko/20100101 Firefox/131.0"
91.141.72.19 - - [25/Oct/2024:13:21:16 +0200] "GET /gui/javascript/form_form.js?1729855276 HTTP/1.1" 200 16206 "http://hausegger.activities.at/entry.php?id=10271&&ser=855215" "Mozilla/5.0 (Windows NT 10.0; Win64; x64; rv:131.0) Gecko/20100101 Firefox/131.0"
156.59.198.136 - - [25/Oct/2024:13:21:30 +0200] "GET /renault.activities.at/htdocs/log/cron/importLogisticData_3115957.txt HTTP/1.0" 404 325 "-" "Mozilla/5.0 (Linux; Android 5.0) AppleWebKit/537.36 (KHTML, like Gecko) Mobile Safari/537.36 (compatible; Bytespider; spider-feedback@bytedance.com)"
91.141.72.19 - - [25/Oct/2024:13:21:37 +0200] "GET /entry.php?id=10271&&ser=855236 HTTP/1.1" 200 986 "http://hausegger.activities.at/entry.php?id=10271&&ser=855175" "Mozilla/5.0 (Windows NT 10.0; Win64; x64) AppleWebKit/537.36 (KHTML, like Gecko) Chrome/130.0.0.0 Safari/537.36"
91.141.72.19 - - [25/Oct/2024:13:21:37 +0200] "GET /gui/javascript/form_form.js?1729855297 HTTP/1.1" 200 16206 "http://hausegger.activities.at/entry.php?id=10271&&ser=855236" "Mozilla/5.0 (Windows NT 10.0; Win64; x64) AppleWebKit/537.36 (KHTML, like Gecko) Chrome/130.0.0.0 Safari/537.36"
91.141.72.19 - - [25/Oct/2024:13:21:44 +0200] "GET /entry.php?id=10271&&ser=855243 HTTP/1.1" 200 986 "http://hausegger.activities.at/entry.php?id=10271&&ser=855183" "Mozilla/5.0 (Windows NT 10.0; Win64; x64; rv:131.0) Gecko/20100101 Firefox/131.0"
91.141.72.19 - - [25/Oct/2024:13:21:44 +0200] "GET /gui/javascript/form_form.js?1729855304 HTTP/1.1" 200 16206 "http://hausegger.activities.at/entry.php?id=10271&&ser=855243" "Mozilla/5.0 (Windows NT 10.0; Win64; x64; rv:131.0) Gecko/20100101 Firefox/131.0"
156.59.198.135 - - [25/Oct/2024:13:21:51 +0200] "GET /renault.activities.at/htdocs/log/cron/shipp_Export_Data_3116417.txt HTTP/1.0" 404 325 "-" "Mozilla/5.0 (Linux; Android 5.0) AppleWebKit/537.36 (KHTML, like Gecko) Mobile Safari/537.36 (compatible; Bytespider; spider-feedback@bytedance.com)"
205.210.31.227 - - [25/Oct/2024:13:22:04 +0200] "GET / HTTP/1.1" 200 274 "-" "Expanse, a Palo Alto Networks company, searches across the global IPv4 space multiple times per day to identify customers' presences on the Internet. If you would like to be excluded from our scans, please send IP addresses/domains to: scaninfo@paloaltonetworks.com"
156.59.198.136 - - [25/Oct/2024:13:22:12 +0200] "GET /renault.activities.at/htdocs/log/cron/shipp_Export_Data_3114856.txt HTTP/1.0" 404 325 "-" "Mozilla/5.0 (Linux; Android 5.0) AppleWebKit/537.36 (KHTML, like Gecko) Mobile Safari/537.36 (compatible; Bytespider; spider-feedback@bytedance.com)"
91.141.72.19 - - [25/Oct/2024:13:22:16 +0200] "GET /entry.php?id=10271&&ser=855276 HTTP/1.1" 200 987 "http://hausegger.activities.at/entry.php?id=10271&&ser=855215" "Mozilla/5.0 (Windows NT 10.0; Win64; x64; rv:131.0) Gecko/20100101 Firefox/131.0"
91.141.72.19 - - [25/Oct/2024:13:22:16 +0200] "GET /gui/javascript/form_form.js?1729855336 HTTP/1.1" 200 16206 "http://hausegger.activities.at/entry.php?id=10271&&ser=855276" "Mozilla/5.0 (Windows NT 10.0; Win64; x64; rv:131.0) Gecko/20100101 Firefox/131.0"
156.59.198.135 - - [25/Oct/2024:13:22:33 +0200] "GET /renault.activities.at/htdocs/log/cron/reminder_mailing_3114836.txt HTTP/1.0" 404 323 "-" "Mozilla/5.0 (Linux; Android 5.0) AppleWebKit/537.36 (KHTML, like Gecko) Mobile Safari/537.36 (compatible; Bytespider; spider-feedback@bytedance.com)"
91.141.72.19 - - [25/Oct/2024:13:22:38 +0200] "GET /entry.php?id=10271&&ser=855297 HTTP/1.1" 200 986 "http://hausegger.activities.at/entry.php?id=10271&&ser=855236" "Mozilla/5.0 (Windows NT 10.0; Win64; x64) AppleWebKit/537.36 (KHTML, like Gecko) Chrome/130.0.0.0 Safari/537.36"
91.141.72.19 - - [25/Oct/2024:13:22:38 +0200] "GET /gui/javascript/form_form.js?1729855358 HTTP/1.1" 200 16206 "http://hausegger.activities.at/entry.php?id=10271&&ser=855297" "Mozilla/5.0 (Windows NT 10.0; Win64; x64) AppleWebKit/537.36 (KHTML, like Gecko) Chrome/130.0.0.0 Safari/537.36"
