156.59.198.136 - - [25/Oct/2024:11:45:16 +0200] "GET /renault.activities.at/htdocs/export/xml/data/orders/202101261303_RenOrder.xml HTTP/1.0" 404 329 "-" "Mozilla/5.0 (Linux; Android 5.0) AppleWebKit/537.36 (KHTML, like Gecko) Mobile Safari/537.36 (compatible; Bytespider; spider-feedback@bytedance.com)"
156.59.198.135 - - [25/Oct/2024:11:45:37 +0200] "GET /renault.activities.at/htdocs/export/xml/data/orders/202103031703_RenOrder.xml HTTP/1.0" 404 329 "-" "Mozilla/5.0 (Linux; Android 5.0) AppleWebKit/537.36 (KHTML, like Gecko) Mobile Safari/537.36 (compatible; Bytespider; spider-feedback@bytedance.com)"
91.141.72.19 - - [25/Oct/2024:11:45:41 +0200] "GET /entry.php?id=10271&&ser=849480 HTTP/1.1" 200 987 "http://hausegger.activities.at/entry.php?id=10271&&ser=849420" "Mozilla/5.0 (Windows NT 10.0; Win64; x64; rv:131.0) Gecko/20100101 Firefox/131.0"
91.141.72.19 - - [25/Oct/2024:11:45:41 +0200] "GET /gui/javascript/form_form.js?1729849541 HTTP/1.1" 200 16206 "http://hausegger.activities.at/entry.php?id=10271&&ser=849480" "Mozilla/5.0 (Windows NT 10.0; Win64; x64; rv:131.0) Gecko/20100101 Firefox/131.0"
91.141.72.19 - - [25/Oct/2024:11:46:03 +0200] "GET /entry.php?id=10271&&ser=849502 HTTP/1.1" 200 987 "http://hausegger.activities.at/entry.php?id=10271&&ser=849441" "Mozilla/5.0 (Windows NT 10.0; Win64; x64) AppleWebKit/537.36 (KHTML, like Gecko) Chrome/130.0.0.0 Safari/537.36"
91.141.72.19 - - [25/Oct/2024:11:46:03 +0200] "GET /gui/javascript/form_form.js?1729849563 HTTP/1.1" 200 16206 "http://hausegger.activities.at/entry.php?id=10271&&ser=849502" "Mozilla/5.0 (Windows NT 10.0; Win64; x64) AppleWebKit/537.36 (KHTML, like Gecko) Chrome/130.0.0.0 Safari/537.36"
91.141.72.19 - - [25/Oct/2024:11:46:08 +0200] "GET /entry.php?id=10271&&ser=849507 HTTP/1.1" 200 987 "http://hausegger.activities.at/entry.php?id=10271&&ser=849447" "Mozilla/5.0 (Windows NT 10.0; Win64; x64; rv:131.0) Gecko/20100101 Firefox/131.0"
91.141.72.19 - - [25/Oct/2024:11:46:08 +0200] "GET /gui/javascript/form_form.js?1729849568 HTTP/1.1" 200 16206 "http://hausegger.activities.at/entry.php?id=10271&&ser=849507" "Mozilla/5.0 (Windows NT 10.0; Win64; x64; rv:131.0) Gecko/20100101 Firefox/131.0"
156.59.198.135 - - [25/Oct/2024:11:46:12 +0200] "GET /renault.activities.at/htdocs/export/xml/data/orders/202010271503_RenOrder.xml HTTP/1.0" 404 329 "-" "Mozilla/5.0 (Linux; Android 5.0) AppleWebKit/537.36 (KHTML, like Gecko) Mobile Safari/537.36 (compatible; Bytespider; spider-feedback@bytedance.com)"
156.59.198.135 - - [25/Oct/2024:11:46:33 +0200] "GET /renault.activities.at/htdocs/export/xml/data/orders/202111031603_RenOrder.xml HTTP/1.0" 404 329 "-" "Mozilla/5.0 (Linux; Android 5.0) AppleWebKit/537.36 (KHTML, like Gecko) Mobile Safari/537.36 (compatible; Bytespider; spider-feedback@bytedance.com)"
91.141.72.19 - - [25/Oct/2024:11:46:41 +0200] "GET /entry.php?id=10271&&ser=849541 HTTP/1.1" 200 987 "http://hausegger.activities.at/entry.php?id=10271&&ser=849480" "Mozilla/5.0 (Windows NT 10.0; Win64; x64; rv:131.0) Gecko/20100101 Firefox/131.0"
91.141.72.19 - - [25/Oct/2024:11:46:41 +0200] "GET /gui/javascript/form_form.js?1729849601 HTTP/1.1" 200 16206 "http://hausegger.activities.at/entry.php?id=10271&&ser=849541" "Mozilla/5.0 (Windows NT 10.0; Win64; x64; rv:131.0) Gecko/20100101 Firefox/131.0"
156.59.198.135 - - [25/Oct/2024:11:46:54 +0200] "GET /renault.activities.at/htdocs/export/xml/data/orders/201909041203_RenOrder.xml HTTP/1.0" 404 329 "-" "Mozilla/5.0 (Linux; Android 5.0) AppleWebKit/537.36 (KHTML, like Gecko) Mobile Safari/537.36 (compatible; Bytespider; spider-feedback@bytedance.com)"
91.141.72.19 - - [25/Oct/2024:11:47:04 +0200] "GET /entry.php?id=10271&&ser=849563 HTTP/1.1" 200 987 "http://hausegger.activities.at/entry.php?id=10271&&ser=849502" "Mozilla/5.0 (Windows NT 10.0; Win64; x64) AppleWebKit/537.36 (KHTML, like Gecko) Chrome/130.0.0.0 Safari/537.36"
91.141.72.19 - - [25/Oct/2024:11:47:04 +0200] "GET /gui/javascript/form_form.js?1729849624 HTTP/1.1" 200 16206 "http://hausegger.activities.at/entry.php?id=10271&&ser=849563" "Mozilla/5.0 (Windows NT 10.0; Win64; x64) AppleWebKit/537.36 (KHTML, like Gecko) Chrome/130.0.0.0 Safari/537.36"
91.141.72.19 - - [25/Oct/2024:11:47:09 +0200] "GET /entry.php?id=10271&&ser=849568 HTTP/1.1" 200 987 "http://hausegger.activities.at/entry.php?id=10271&&ser=849507" "Mozilla/5.0 (Windows NT 10.0; Win64; x64; rv:131.0) Gecko/20100101 Firefox/131.0"
91.141.72.19 - - [25/Oct/2024:11:47:09 +0200] "GET /gui/javascript/form_form.js?1729849629 HTTP/1.1" 200 16206 "http://hausegger.activities.at/entry.php?id=10271&&ser=849568" "Mozilla/5.0 (Windows NT 10.0; Win64; x64; rv:131.0) Gecko/20100101 Firefox/131.0"
156.59.198.136 - - [25/Oct/2024:11:47:16 +0200] "GET /renault.activities.at/htdocs/export/xml/data/orders/202106241703_RenOrder.xml HTTP/1.0" 404 330 "-" "Mozilla/5.0 (Linux; Android 5.0) AppleWebKit/537.36 (KHTML, like Gecko) Mobile Safari/537.36 (compatible; Bytespider; spider-feedback@bytedance.com)"
156.59.198.135 - - [25/Oct/2024:11:47:37 +0200] "GET /renault.activities.at/htdocs/export/xml/data/orders/201910221703_RenOrder.xml HTTP/1.0" 404 329 "-" "Mozilla/5.0 (Linux; Android 5.0) AppleWebKit/537.36 (KHTML, like Gecko) Mobile Safari/537.36 (compatible; Bytespider; spider-feedback@bytedance.com)"
91.141.72.19 - - [25/Oct/2024:11:47:41 +0200] "GET /entry.php?id=10271&&ser=849601 HTTP/1.1" 200 987 "http://hausegger.activities.at/entry.php?id=10271&&ser=849541" "Mozilla/5.0 (Windows NT 10.0; Win64; x64; rv:131.0) Gecko/20100101 Firefox/131.0"
91.141.72.19 - - [25/Oct/2024:11:47:42 +0200] "GET /gui/javascript/form_form.js?1729849662 HTTP/1.1" 200 16206 "http://hausegger.activities.at/entry.php?id=10271&&ser=849601" "Mozilla/5.0 (Windows NT 10.0; Win64; x64; rv:131.0) Gecko/20100101 Firefox/131.0"
156.59.198.136 - - [25/Oct/2024:11:47:58 +0200] "GET /renault.activities.at/htdocs/log/cron/shipp_Export_Data_3116235.txt HTTP/1.0" 404 325 "-" "Mozilla/5.0 (Linux; Android 5.0) AppleWebKit/537.36 (KHTML, like Gecko) Mobile Safari/537.36 (compatible; Bytespider; spider-feedback@bytedance.com)"
91.141.72.19 - - [25/Oct/2024:11:48:05 +0200] "GET /entry.php?id=10271&&ser=849624 HTTP/1.1" 200 987 "http://hausegger.activities.at/entry.php?id=10271&&ser=849563" "Mozilla/5.0 (Windows NT 10.0; Win64; x64) AppleWebKit/537.36 (KHTML, like Gecko) Chrome/130.0.0.0 Safari/537.36"
91.141.72.19 - - [25/Oct/2024:11:48:05 +0200] "GET /gui/javascript/form_form.js?1729849685 HTTP/1.1" 200 16206 "http://hausegger.activities.at/entry.php?id=10271&&ser=849624" "Mozilla/5.0 (Windows NT 10.0; Win64; x64) AppleWebKit/537.36 (KHTML, like Gecko) Chrome/130.0.0.0 Safari/537.36"
91.141.72.19 - - [25/Oct/2024:11:48:09 +0200] "GET /entry.php?id=10271&&ser=849629 HTTP/1.1" 200 987 "http://hausegger.activities.at/entry.php?id=10271&&ser=849568" "Mozilla/5.0 (Windows NT 10.0; Win64; x64; rv:131.0) Gecko/20100101 Firefox/131.0"
91.141.72.19 - - [25/Oct/2024:11:48:09 +0200] "GET /gui/javascript/form_form.js?1729849689 HTTP/1.1" 200 16206 "http://hausegger.activities.at/entry.php?id=10271&&ser=849629" "Mozilla/5.0 (Windows NT 10.0; Win64; x64; rv:131.0) Gecko/20100101 Firefox/131.0"
156.59.198.135 - - [25/Oct/2024:11:48:20 +0200] "GET /renault.activities.at/htdocs/export/pdf/emuc_document/10413473.pdf HTTP/1.0" 404 322 "-" "Mozilla/5.0 (Linux; Android 5.0) AppleWebKit/537.36 (KHTML, like Gecko) Mobile Safari/537.36 (compatible; Bytespider; spider-feedback@bytedance.com)"
156.59.198.135 - - [25/Oct/2024:11:48:42 +0200] "GET /renault.activities.at/htdocs/export/pdf/emuc_document/12433412.pdf HTTP/1.0" 404 322 "-" "Mozilla/5.0 (Linux; Android 5.0) AppleWebKit/537.36 (KHTML, like Gecko) Mobile Safari/537.36 (compatible; Bytespider; spider-feedback@bytedance.com)"
91.141.72.19 - - [25/Oct/2024:11:48:42 +0200] "GET /entry.php?id=10271&&ser=849662 HTTP/1.1" 200 987 "http://hausegger.activities.at/entry.php?id=10271&&ser=849601" "Mozilla/5.0 (Windows NT 10.0; Win64; x64; rv:131.0) Gecko/20100101 Firefox/131.0"
91.141.72.19 - - [25/Oct/2024:11:48:42 +0200] "GET /gui/javascript/form_form.js?1729849722 HTTP/1.1" 200 16206 "http://hausegger.activities.at/entry.php?id=10271&&ser=849662" "Mozilla/5.0 (Windows NT 10.0; Win64; x64; rv:131.0) Gecko/20100101 Firefox/131.0"
156.59.198.136 - - [25/Oct/2024:11:49:03 +0200] "GET /renault.activities.at/htdocs/log/cron/system_mail_3114881.txt HTTP/1.0" 404 320 "-" "Mozilla/5.0 (Linux; Android 5.0) AppleWebKit/537.36 (KHTML, like Gecko) Mobile Safari/537.36 (compatible; Bytespider; spider-feedback@bytedance.com)"
91.141.72.19 - - [25/Oct/2024:11:49:06 +0200] "GET /entry.php?id=10271&&ser=849685 HTTP/1.1" 200 987 "http://hausegger.activities.at/entry.php?id=10271&&ser=849624" "Mozilla/5.0 (Windows NT 10.0; Win64; x64) AppleWebKit/537.36 (KHTML, like Gecko) Chrome/130.0.0.0 Safari/537.36"
91.141.72.19 - - [25/Oct/2024:11:49:06 +0200] "GET /gui/javascript/form_form.js?1729849746 HTTP/1.1" 200 16206 "http://hausegger.activities.at/entry.php?id=10271&&ser=849685" "Mozilla/5.0 (Windows NT 10.0; Win64; x64) AppleWebKit/537.36 (KHTML, like Gecko) Chrome/130.0.0.0 Safari/537.36"
91.141.72.19 - - [25/Oct/2024:11:49:09 +0200] "GET /entry.php?id=10271&&ser=849689 HTTP/1.1" 200 987 "http://hausegger.activities.at/entry.php?id=10271&&ser=849629" "Mozilla/5.0 (Windows NT 10.0; Win64; x64; rv:131.0) Gecko/20100101 Firefox/131.0"
91.141.72.19 - - [25/Oct/2024:11:49:09 +0200] "GET /gui/javascript/form_form.js?1729849749 HTTP/1.1" 200 16206 "http://hausegger.activities.at/entry.php?id=10271&&ser=849689" "Mozilla/5.0 (Windows NT 10.0; Win64; x64; rv:131.0) Gecko/20100101 Firefox/131.0"
156.59.198.136 - - [25/Oct/2024:11:49:24 +0200] "GET /renault.activities.at/htdocs/export/xml/data/orders/202104211103_RenOrder.xml HTTP/1.0" 404 328 "-" "Mozilla/5.0 (Linux; Android 5.0) AppleWebKit/537.36 (KHTML, like Gecko) Mobile Safari/537.36 (compatible; Bytespider; spider-feedback@bytedance.com)"
91.141.72.19 - - [25/Oct/2024:11:49:42 +0200] "GET /entry.php?id=10271&&ser=849722 HTTP/1.1" 200 987 "http://hausegger.activities.at/entry.php?id=10271&&ser=849662" "Mozilla/5.0 (Windows NT 10.0; Win64; x64; rv:131.0) Gecko/20100101 Firefox/131.0"
91.141.72.19 - - [25/Oct/2024:11:49:42 +0200] "GET /gui/javascript/form_form.js?1729849782 HTTP/1.1" 200 16206 "http://hausegger.activities.at/entry.php?id=10271&&ser=849722" "Mozilla/5.0 (Windows NT 10.0; Win64; x64; rv:131.0) Gecko/20100101 Firefox/131.0"
156.59.198.136 - - [25/Oct/2024:11:49:45 +0200] "GET /renault.activities.at/htdocs/export/xml/data/orders/202105221103_RenOrder.xml HTTP/1.0" 404 329 "-" "Mozilla/5.0 (Linux; Android 5.0) AppleWebKit/537.36 (KHTML, like Gecko) Mobile Safari/537.36 (compatible; Bytespider; spider-feedback@bytedance.com)"
156.59.198.135 - - [25/Oct/2024:11:50:06 +0200] "GET /renault.activities.at/htdocs/log/cron/system_mail_3114858.txt HTTP/1.0" 404 320 "-" "Mozilla/5.0 (Linux; Android 5.0) AppleWebKit/537.36 (KHTML, like Gecko) Mobile Safari/537.36 (compatible; Bytespider; spider-feedback@bytedance.com)"
91.141.72.19 - - [25/Oct/2024:11:50:07 +0200] "GET /entry.php?id=10271&&ser=849746 HTTP/1.1" 200 987 "http://hausegger.activities.at/entry.php?id=10271&&ser=849685" "Mozilla/5.0 (Windows NT 10.0; Win64; x64) AppleWebKit/537.36 (KHTML, like Gecko) Chrome/130.0.0.0 Safari/537.36"
91.141.72.19 - - [25/Oct/2024:11:50:07 +0200] "GET /gui/javascript/form_form.js?1729849807 HTTP/1.1" 200 16206 "http://hausegger.activities.at/entry.php?id=10271&&ser=849746" "Mozilla/5.0 (Windows NT 10.0; Win64; x64) AppleWebKit/537.36 (KHTML, like Gecko) Chrome/130.0.0.0 Safari/537.36"
91.141.72.19 - - [25/Oct/2024:11:50:09 +0200] "GET /entry.php?id=10271&&ser=849749 HTTP/1.1" 200 987 "http://hausegger.activities.at/entry.php?id=10271&&ser=849689" "Mozilla/5.0 (Windows NT 10.0; Win64; x64; rv:131.0) Gecko/20100101 Firefox/131.0"
91.141.72.19 - - [25/Oct/2024:11:50:10 +0200] "GET /gui/javascript/form_form.js?1729849809 HTTP/1.1" 200 16206 "http://hausegger.activities.at/entry.php?id=10271&&ser=849749" "Mozilla/5.0 (Windows NT 10.0; Win64; x64; rv:131.0) Gecko/20100101 Firefox/131.0"
156.59.198.136 - - [25/Oct/2024:11:50:27 +0200] "GET /renault.activities.at/htdocs/export/xml/data/orders/202106011103_RenOrder.xml HTTP/1.0" 404 328 "-" "Mozilla/5.0 (Linux; Android 5.0) AppleWebKit/537.36 (KHTML, like Gecko) Mobile Safari/537.36 (compatible; Bytespider; spider-feedback@bytedance.com)"
91.141.72.19 - - [25/Oct/2024:11:50:43 +0200] "GET /entry.php?id=10271&&ser=849782 HTTP/1.1" 200 986 "http://hausegger.activities.at/entry.php?id=10271&&ser=849722" "Mozilla/5.0 (Windows NT 10.0; Win64; x64; rv:131.0) Gecko/20100101 Firefox/131.0"
91.141.72.19 - - [25/Oct/2024:11:50:43 +0200] "GET /gui/javascript/form_form.js?1729849843 HTTP/1.1" 200 16206 "http://hausegger.activities.at/entry.php?id=10271&&ser=849782" "Mozilla/5.0 (Windows NT 10.0; Win64; x64; rv:131.0) Gecko/20100101 Firefox/131.0"
156.59.198.136 - - [25/Oct/2024:11:50:48 +0200] "GET /renault.activities.at/htdocs/export/pdf/emuc_document/11642135.pdf HTTP/1.0" 404 322 "-" "Mozilla/5.0 (Linux; Android 5.0) AppleWebKit/537.36 (KHTML, like Gecko) Mobile Safari/537.36 (compatible; Bytespider; spider-feedback@bytedance.com)"
91.141.72.19 - - [25/Oct/2024:11:51:08 +0200] "GET /entry.php?id=10271&&ser=849807 HTTP/1.1" 200 987 "http://hausegger.activities.at/entry.php?id=10271&&ser=849746" "Mozilla/5.0 (Windows NT 10.0; Win64; x64) AppleWebKit/537.36 (KHTML, like Gecko) Chrome/130.0.0.0 Safari/537.36"
91.141.72.19 - - [25/Oct/2024:11:51:08 +0200] "GET /gui/javascript/form_form.js?1729849868 HTTP/1.1" 200 16206 "http://hausegger.activities.at/entry.php?id=10271&&ser=849807" "Mozilla/5.0 (Windows NT 10.0; Win64; x64) AppleWebKit/537.36 (KHTML, like Gecko) Chrome/130.0.0.0 Safari/537.36"
156.59.198.135 - - [25/Oct/2024:11:51:09 +0200] "GET /renault.activities.at/htdocs/export/pdf/emuc_document/12251460.pdf HTTP/1.0" 404 322 "-" "Mozilla/5.0 (Linux; Android 5.0) AppleWebKit/537.36 (KHTML, like Gecko) Mobile Safari/537.36 (compatible; Bytespider; spider-feedback@bytedance.com)"
91.141.72.19 - - [25/Oct/2024:11:51:10 +0200] "GET /entry.php?id=10271&&ser=849809 HTTP/1.1" 200 987 "http://hausegger.activities.at/entry.php?id=10271&&ser=849749" "Mozilla/5.0 (Windows NT 10.0; Win64; x64; rv:131.0) Gecko/20100101 Firefox/131.0"
91.141.72.19 - - [25/Oct/2024:11:51:10 +0200] "GET /gui/javascript/form_form.js?1729849870 HTTP/1.1" 200 16206 "http://hausegger.activities.at/entry.php?id=10271&&ser=849809" "Mozilla/5.0 (Windows NT 10.0; Win64; x64; rv:131.0) Gecko/20100101 Firefox/131.0"
91.141.72.19 - - [25/Oct/2024:11:51:25 +0200] "POST /entry.php?id=10715 HTTP/1.1" 200 2552 "http://hausegger.activities.at/entry.php?id=10715" "Mozilla/5.0 (Windows NT 10.0; Win64; x64; rv:131.0) Gecko/20100101 Firefox/131.0"
91.141.72.19 - - [25/Oct/2024:11:51:25 +0200] "GET /gui/javascript/form_form.js?1729849885 HTTP/1.1" 200 16206 "http://hausegger.activities.at/entry.php?id=10715" "Mozilla/5.0 (Windows NT 10.0; Win64; x64; rv:131.0) Gecko/20100101 Firefox/131.0"
91.141.72.19 - - [25/Oct/2024:11:51:25 +0200] "GET /entry.php?id=10776&form=10560&name=list& HTTP/1.1" 200 2188 "http://hausegger.activities.at/entry.php?id=10715" "Mozilla/5.0 (Windows NT 10.0; Win64; x64; rv:131.0) Gecko/20100101 Firefox/131.0"
91.141.72.19 - - [25/Oct/2024:11:51:25 +0200] "GET /entry.php?id=10778&form=10560&name=list& HTTP/1.1" 200 2689 "http://hausegger.activities.at/entry.php?id=10715" "Mozilla/5.0 (Windows NT 10.0; Win64; x64; rv:131.0) Gecko/20100101 Firefox/131.0"
156.59.198.136 - - [25/Oct/2024:11:51:31 +0200] "GET /renault.activities.at/htdocs/export/xml/data/orders/202003111103_RenOrder.xml HTTP/1.0" 404 328 "-" "Mozilla/5.0 (Linux; Android 5.0) AppleWebKit/537.36 (KHTML, like Gecko) Mobile Safari/537.36 (compatible; Bytespider; spider-feedback@bytedance.com)"
91.141.72.19 - - [25/Oct/2024:11:51:36 +0200] "POST /entry.php?id=10715 HTTP/1.1" 200 2611 "http://hausegger.activities.at/entry.php?id=10715" "Mozilla/5.0 (Windows NT 10.0; Win64; x64; rv:131.0) Gecko/20100101 Firefox/131.0"
91.141.72.19 - - [25/Oct/2024:11:51:36 +0200] "GET /gui/javascript/form_form.js?1729849896 HTTP/1.1" 200 16206 "http://hausegger.activities.at/entry.php?id=10715" "Mozilla/5.0 (Windows NT 10.0; Win64; x64; rv:131.0) Gecko/20100101 Firefox/131.0"
91.141.72.19 - - [25/Oct/2024:11:51:36 +0200] "GET /entry.php?id=10778&form=10560&name=list& HTTP/1.1" 200 2996 "http://hausegger.activities.at/entry.php?id=10715" "Mozilla/5.0 (Windows NT 10.0; Win64; x64; rv:131.0) Gecko/20100101 Firefox/131.0"
91.141.72.19 - - [25/Oct/2024:11:51:36 +0200] "GET /gui/images/icons/isvisible.gif HTTP/1.1" 200 1015 "http://hausegger.activities.at/entry.php?id=10778&form=10560&name=list&" "Mozilla/5.0 (Windows NT 10.0; Win64; x64; rv:131.0) Gecko/20100101 Firefox/131.0"
91.141.72.19 - - [25/Oct/2024:11:51:36 +0200] "GET /gui/images/icons/order.gif HTTP/1.1" 200 353 "http://hausegger.activities.at/entry.php?id=10778&form=10560&name=list&" "Mozilla/5.0 (Windows NT 10.0; Win64; x64; rv:131.0) Gecko/20100101 Firefox/131.0"
91.141.72.19 - - [25/Oct/2024:11:51:36 +0200] "GET /gui/images/no_image_de.jpg HTTP/1.1" 200 73407 "http://hausegger.activities.at/entry.php?id=10778&form=10560&name=list&" "Mozilla/5.0 (Windows NT 10.0; Win64; x64; rv:131.0) Gecko/20100101 Firefox/131.0"
91.141.72.19 - - [25/Oct/2024:11:51:36 +0200] "GET /entry.php?id=10776&form=10560&name=list& HTTP/1.1" 200 2312 "http://hausegger.activities.at/entry.php?id=10715" "Mozilla/5.0 (Windows NT 10.0; Win64; x64; rv:131.0) Gecko/20100101 Firefox/131.0"
91.141.72.19 - - [25/Oct/2024:11:51:43 +0200] "GET /entry.php?id=10271&&ser=849843 HTTP/1.1" 200 987 "http://hausegger.activities.at/entry.php?id=10271&&ser=849782" "Mozilla/5.0 (Windows NT 10.0; Win64; x64; rv:131.0) Gecko/20100101 Firefox/131.0"
91.141.72.19 - - [25/Oct/2024:11:51:43 +0200] "GET /gui/javascript/form_form.js?1729849903 HTTP/1.1" 200 16206 "http://hausegger.activities.at/entry.php?id=10271&&ser=849843" "Mozilla/5.0 (Windows NT 10.0; Win64; x64; rv:131.0) Gecko/20100101 Firefox/131.0"
91.141.72.19 - - [25/Oct/2024:11:51:45 +0200] "POST /entry.php?id=10716 HTTP/1.1" 200 7749 "http://hausegger.activities.at/entry.php?id=10716&" "Mozilla/5.0 (Windows NT 10.0; Win64; x64; rv:131.0) Gecko/20100101 Firefox/131.0"
91.141.72.19 - - [25/Oct/2024:11:51:45 +0200] "GET /activities/framework/KoolControls/KoolAjax/koolajax.php?8436e354c842500aba3cbaf0584c0c24 HTTP/1.1" 200 4079 "http://hausegger.activities.at/entry.php?id=10716" "Mozilla/5.0 (Windows NT 10.0; Win64; x64; rv:131.0) Gecko/20100101 Firefox/131.0"
91.141.72.19 - - [25/Oct/2024:11:51:45 +0200] "GET /gui/javascript/form_form.js?1729849905 HTTP/1.1" 200 16206 "http://hausegger.activities.at/entry.php?id=10716" "Mozilla/5.0 (Windows NT 10.0; Win64; x64; rv:131.0) Gecko/20100101 Firefox/131.0"
91.141.72.19 - - [25/Oct/2024:11:51:45 +0200] "GET /activities/framework/KoolControls/KoolComboBox/styles/default/default.css HTTP/1.1" 200 846 "http://hausegger.activities.at/entry.php?id=10716" "Mozilla/5.0 (Windows NT 10.0; Win64; x64; rv:131.0) Gecko/20100101 Firefox/131.0"
91.141.72.19 - - [25/Oct/2024:11:51:45 +0200] "GET /activities/framework/KoolControls/KoolComboBox/koolcombobox.php?32981a13284db7a021131df49e6cd203 HTTP/1.1" 200 4607 "http://hausegger.activities.at/entry.php?id=10716" "Mozilla/5.0 (Windows NT 10.0; Win64; x64; rv:131.0) Gecko/20100101 Firefox/131.0"
91.141.72.19 - - [25/Oct/2024:11:51:45 +0200] "GET /activities/framework/KoolControls/KoolComboBox/styles/default/arrow.gif HTTP/1.1" 200 274 "http://hausegger.activities.at/activities/framework/KoolControls/KoolComboBox/styles/default/default.css" "Mozilla/5.0 (Windows NT 10.0; Win64; x64; rv:131.0) Gecko/20100101 Firefox/131.0"
91.141.72.19 - - [25/Oct/2024:11:51:45 +0200] "GET /activities/framework/KoolControls/KoolTreeView/kooltreeview.php?c7cd9180e88ffef8e70f13526bb4f5f7 HTTP/1.1" 200 5055 "http://hausegger.activities.at/entry.php?id=10716" "Mozilla/5.0 (Windows NT 10.0; Win64; x64; rv:131.0) Gecko/20100101 Firefox/131.0"
156.59.198.136 - - [25/Oct/2024:11:51:51 +0200] "GET /renault.activities.at/htdocs/export/xml/data/orders/202106231103_RenOrder.xml HTTP/1.0" 404 329 "-" "Mozilla/5.0 (Linux; Android 5.0) AppleWebKit/537.36 (KHTML, like Gecko) Mobile Safari/537.36 (compatible; Bytespider; spider-feedback@bytedance.com)"
91.141.72.19 - - [25/Oct/2024:11:52:09 +0200] "GET /entry.php?id=10271&&ser=849868 HTTP/1.1" 200 987 "http://hausegger.activities.at/entry.php?id=10271&&ser=849807" "Mozilla/5.0 (Windows NT 10.0; Win64; x64) AppleWebKit/537.36 (KHTML, like Gecko) Chrome/130.0.0.0 Safari/537.36"
91.141.72.19 - - [25/Oct/2024:11:52:09 +0200] "GET /gui/javascript/form_form.js?1729849929 HTTP/1.1" 200 16206 "http://hausegger.activities.at/entry.php?id=10271&&ser=849868" "Mozilla/5.0 (Windows NT 10.0; Win64; x64) AppleWebKit/537.36 (KHTML, like Gecko) Chrome/130.0.0.0 Safari/537.36"
91.141.72.19 - - [25/Oct/2024:11:52:10 +0200] "GET /entry.php?id=10271&&ser=849870 HTTP/1.1" 200 987 "http://hausegger.activities.at/entry.php?id=10271&&ser=849809" "Mozilla/5.0 (Windows NT 10.0; Win64; x64; rv:131.0) Gecko/20100101 Firefox/131.0"
91.141.72.19 - - [25/Oct/2024:11:52:11 +0200] "GET /gui/javascript/form_form.js?1729849931 HTTP/1.1" 200 16206 "http://hausegger.activities.at/entry.php?id=10271&&ser=849870" "Mozilla/5.0 (Windows NT 10.0; Win64; x64; rv:131.0) Gecko/20100101 Firefox/131.0"
156.59.198.136 - - [25/Oct/2024:11:52:13 +0200] "GET /renault.activities.at/htdocs/export/xml/data/orders/202106281803_RenOrder.xml HTTP/1.0" 404 329 "-" "Mozilla/5.0 (Linux; Android 5.0) AppleWebKit/537.36 (KHTML, like Gecko) Mobile Safari/537.36 (compatible; Bytespider; spider-feedback@bytedance.com)"
156.59.198.135 - - [25/Oct/2024:11:52:34 +0200] "GET /renault.activities.at/htdocs/export/xml/data/orders/202101150903_RenOrder.xml HTTP/1.0" 404 328 "-" "Mozilla/5.0 (Linux; Android 5.0) AppleWebKit/537.36 (KHTML, like Gecko) Mobile Safari/537.36 (compatible; Bytespider; spider-feedback@bytedance.com)"
91.141.72.19 - - [25/Oct/2024:11:52:35 +0200] "POST /entry.php?id=10715 HTTP/1.1" 200 2611 "http://hausegger.activities.at/entry.php?id=10715" "Mozilla/5.0 (Windows NT 10.0; Win64; x64; rv:131.0) Gecko/20100101 Firefox/131.0"
91.141.72.19 - - [25/Oct/2024:11:52:35 +0200] "GET /gui/javascript/form_form.js?1729849955 HTTP/1.1" 200 16206 "http://hausegger.activities.at/entry.php?id=10715" "Mozilla/5.0 (Windows NT 10.0; Win64; x64; rv:131.0) Gecko/20100101 Firefox/131.0"
91.141.72.19 - - [25/Oct/2024:11:52:35 +0200] "GET /entry.php?id=10776&form=10560&name=list& HTTP/1.1" 200 2313 "http://hausegger.activities.at/entry.php?id=10715" "Mozilla/5.0 (Windows NT 10.0; Win64; x64; rv:131.0) Gecko/20100101 Firefox/131.0"
91.141.72.19 - - [25/Oct/2024:11:52:35 +0200] "GET /entry.php?id=10778&form=10560&name=list& HTTP/1.1" 200 2996 "http://hausegger.activities.at/entry.php?id=10715" "Mozilla/5.0 (Windows NT 10.0; Win64; x64; rv:131.0) Gecko/20100101 Firefox/131.0"
91.141.72.19 - - [25/Oct/2024:11:52:36 +0200] "POST /entry.php?id=10716 HTTP/1.1" 200 7748 "http://hausegger.activities.at/entry.php?id=10716" "Mozilla/5.0 (Windows NT 10.0; Win64; x64; rv:131.0) Gecko/20100101 Firefox/131.0"
91.141.72.19 - - [25/Oct/2024:11:52:36 +0200] "GET /activities/framework/KoolControls/KoolAjax/koolajax.php?8436e354c842500aba3cbaf0584c0c24 HTTP/1.1" 200 4079 "http://hausegger.activities.at/entry.php?id=10716" "Mozilla/5.0 (Windows NT 10.0; Win64; x64; rv:131.0) Gecko/20100101 Firefox/131.0"
91.141.72.19 - - [25/Oct/2024:11:52:36 +0200] "GET /gui/javascript/form_form.js?1729849956 HTTP/1.1" 200 16206 "http://hausegger.activities.at/entry.php?id=10716" "Mozilla/5.0 (Windows NT 10.0; Win64; x64; rv:131.0) Gecko/20100101 Firefox/131.0"
91.141.72.19 - - [25/Oct/2024:11:52:36 +0200] "GET /activities/framework/KoolControls/KoolComboBox/koolcombobox.php?32981a13284db7a021131df49e6cd203 HTTP/1.1" 200 4607 "http://hausegger.activities.at/entry.php?id=10716" "Mozilla/5.0 (Windows NT 10.0; Win64; x64; rv:131.0) Gecko/20100101 Firefox/131.0"
91.141.72.19 - - [25/Oct/2024:11:52:36 +0200] "GET /activities/framework/KoolControls/KoolTreeView/kooltreeview.php?c7cd9180e88ffef8e70f13526bb4f5f7 HTTP/1.1" 200 5055 "http://hausegger.activities.at/entry.php?id=10716" "Mozilla/5.0 (Windows NT 10.0; Win64; x64; rv:131.0) Gecko/20100101 Firefox/131.0"
92.249.48.49 - - [25/Oct/2024:11:52:37 +0200] "GET / HTTP/1.1" 200 423 "-" "-"
91.141.72.19 - - [25/Oct/2024:11:52:43 +0200] "GET /entry.php?id=10271&&ser=849903 HTTP/1.1" 200 987 "http://hausegger.activities.at/entry.php?id=10271&&ser=849843" "Mozilla/5.0 (Windows NT 10.0; Win64; x64; rv:131.0) Gecko/20100101 Firefox/131.0"
91.141.72.19 - - [25/Oct/2024:11:52:43 +0200] "GET /gui/javascript/form_form.js?1729849963 HTTP/1.1" 200 16206 "http://hausegger.activities.at/entry.php?id=10271&&ser=849903" "Mozilla/5.0 (Windows NT 10.0; Win64; x64; rv:131.0) Gecko/20100101 Firefox/131.0"
156.59.198.136 - - [25/Oct/2024:11:52:55 +0200] "GET /renault.activities.at/htdocs/export/pdf/emuc_document/11006494.pdf HTTP/1.0" 404 321 "-" "Mozilla/5.0 (Linux; Android 5.0) AppleWebKit/537.36 (KHTML, like Gecko) Mobile Safari/537.36 (compatible; Bytespider; spider-feedback@bytedance.com)"
91.141.72.19 - - [25/Oct/2024:11:52:57 +0200] "POST /entry.php?id=10715 HTTP/1.1" 200 2611 "http://hausegger.activities.at/entry.php?id=10715" "Mozilla/5.0 (Windows NT 10.0; Win64; x64; rv:131.0) Gecko/20100101 Firefox/131.0"
91.141.72.19 - - [25/Oct/2024:11:52:57 +0200] "GET /gui/javascript/form_form.js?1729849977 HTTP/1.1" 200 16206 "http://hausegger.activities.at/entry.php?id=10715" "Mozilla/5.0 (Windows NT 10.0; Win64; x64; rv:131.0) Gecko/20100101 Firefox/131.0"
91.141.72.19 - - [25/Oct/2024:11:52:57 +0200] "GET /entry.php?id=10778&form=10560&name=list& HTTP/1.1" 200 2997 "http://hausegger.activities.at/entry.php?id=10715" "Mozilla/5.0 (Windows NT 10.0; Win64; x64; rv:131.0) Gecko/20100101 Firefox/131.0"
91.141.72.19 - - [25/Oct/2024:11:52:57 +0200] "GET /entry.php?id=10776&form=10560&name=list& HTTP/1.1" 200 2313 "http://hausegger.activities.at/entry.php?id=10715" "Mozilla/5.0 (Windows NT 10.0; Win64; x64; rv:131.0) Gecko/20100101 Firefox/131.0"
91.141.72.19 - - [25/Oct/2024:11:52:58 +0200] "POST /entry.php?id=10716 HTTP/1.1" 200 7749 "http://hausegger.activities.at/entry.php?id=10716" "Mozilla/5.0 (Windows NT 10.0; Win64; x64; rv:131.0) Gecko/20100101 Firefox/131.0"
91.141.72.19 - - [25/Oct/2024:11:52:58 +0200] "GET /activities/framework/KoolControls/KoolAjax/koolajax.php?8436e354c842500aba3cbaf0584c0c24 HTTP/1.1" 200 4079 "http://hausegger.activities.at/entry.php?id=10716" "Mozilla/5.0 (Windows NT 10.0; Win64; x64; rv:131.0) Gecko/20100101 Firefox/131.0"
91.141.72.19 - - [25/Oct/2024:11:52:58 +0200] "GET /gui/javascript/form_form.js?1729849978 HTTP/1.1" 200 16206 "http://hausegger.activities.at/entry.php?id=10716" "Mozilla/5.0 (Windows NT 10.0; Win64; x64; rv:131.0) Gecko/20100101 Firefox/131.0"
91.141.72.19 - - [25/Oct/2024:11:52:58 +0200] "GET /activities/framework/KoolControls/KoolComboBox/koolcombobox.php?32981a13284db7a021131df49e6cd203 HTTP/1.1" 200 4607 "http://hausegger.activities.at/entry.php?id=10716" "Mozilla/5.0 (Windows NT 10.0; Win64; x64; rv:131.0) Gecko/20100101 Firefox/131.0"
91.141.72.19 - - [25/Oct/2024:11:52:58 +0200] "GET /activities/framework/KoolControls/KoolTreeView/kooltreeview.php?c7cd9180e88ffef8e70f13526bb4f5f7 HTTP/1.1" 200 5055 "http://hausegger.activities.at/entry.php?id=10716" "Mozilla/5.0 (Windows NT 10.0; Win64; x64; rv:131.0) Gecko/20100101 Firefox/131.0"
91.141.72.19 - - [25/Oct/2024:11:53:10 +0200] "GET /entry.php?id=10271&&ser=849929 HTTP/1.1" 200 987 "http://hausegger.activities.at/entry.php?id=10271&&ser=849868" "Mozilla/5.0 (Windows NT 10.0; Win64; x64) AppleWebKit/537.36 (KHTML, like Gecko) Chrome/130.0.0.0 Safari/537.36"
91.141.72.19 - - [25/Oct/2024:11:53:10 +0200] "GET /gui/javascript/form_form.js?1729849990 HTTP/1.1" 200 16206 "http://hausegger.activities.at/entry.php?id=10271&&ser=849929" "Mozilla/5.0 (Windows NT 10.0; Win64; x64) AppleWebKit/537.36 (KHTML, like Gecko) Chrome/130.0.0.0 Safari/537.36"
91.141.72.19 - - [25/Oct/2024:11:53:11 +0200] "GET /entry.php?id=10271&&ser=849931 HTTP/1.1" 200 987 "http://hausegger.activities.at/entry.php?id=10271&&ser=849870" "Mozilla/5.0 (Windows NT 10.0; Win64; x64; rv:131.0) Gecko/20100101 Firefox/131.0"
91.141.72.19 - - [25/Oct/2024:11:53:11 +0200] "GET /gui/javascript/form_form.js?1729849991 HTTP/1.1" 200 16206 "http://hausegger.activities.at/entry.php?id=10271&&ser=849931" "Mozilla/5.0 (Windows NT 10.0; Win64; x64; rv:131.0) Gecko/20100101 Firefox/131.0"
156.59.198.136 - - [25/Oct/2024:11:53:16 +0200] "GET /renault.activities.at/htdocs/log/cron/reminder_mailing_3115821.txt HTTP/1.0" 404 322 "-" "Mozilla/5.0 (Linux; Android 5.0) AppleWebKit/537.36 (KHTML, like Gecko) Mobile Safari/537.36 (compatible; Bytespider; spider-feedback@bytedance.com)"
91.141.72.19 - - [25/Oct/2024:11:53:19 +0200] "POST /entry.php?id=10715 HTTP/1.1" 200 2611 "http://hausegger.activities.at/entry.php?id=10715" "Mozilla/5.0 (Windows NT 10.0; Win64; x64; rv:131.0) Gecko/20100101 Firefox/131.0"
91.141.72.19 - - [25/Oct/2024:11:53:19 +0200] "GET /gui/javascript/form_form.js?1729849999 HTTP/1.1" 200 16206 "http://hausegger.activities.at/entry.php?id=10715" "Mozilla/5.0 (Windows NT 10.0; Win64; x64; rv:131.0) Gecko/20100101 Firefox/131.0"
91.141.72.19 - - [25/Oct/2024:11:53:19 +0200] "GET /entry.php?id=10776&form=10560&name=list& HTTP/1.1" 200 2313 "http://hausegger.activities.at/entry.php?id=10715" "Mozilla/5.0 (Windows NT 10.0; Win64; x64; rv:131.0) Gecko/20100101 Firefox/131.0"
91.141.72.19 - - [25/Oct/2024:11:53:19 +0200] "GET /entry.php?id=10778&form=10560&name=list& HTTP/1.1" 200 2997 "http://hausegger.activities.at/entry.php?id=10715" "Mozilla/5.0 (Windows NT 10.0; Win64; x64; rv:131.0) Gecko/20100101 Firefox/131.0"
91.141.72.19 - - [25/Oct/2024:11:53:20 +0200] "POST /entry.php?id=10716 HTTP/1.1" 200 7741 "http://hausegger.activities.at/entry.php?id=10716" "Mozilla/5.0 (Windows NT 10.0; Win64; x64; rv:131.0) Gecko/20100101 Firefox/131.0"
91.141.72.19 - - [25/Oct/2024:11:53:20 +0200] "GET /activities/framework/KoolControls/KoolAjax/koolajax.php?8436e354c842500aba3cbaf0584c0c24 HTTP/1.1" 200 4079 "http://hausegger.activities.at/entry.php?id=10716" "Mozilla/5.0 (Windows NT 10.0; Win64; x64; rv:131.0) Gecko/20100101 Firefox/131.0"
91.141.72.19 - - [25/Oct/2024:11:53:20 +0200] "GET /gui/javascript/form_form.js?1729850000 HTTP/1.1" 200 16206 "http://hausegger.activities.at/entry.php?id=10716" "Mozilla/5.0 (Windows NT 10.0; Win64; x64; rv:131.0) Gecko/20100101 Firefox/131.0"
91.141.72.19 - - [25/Oct/2024:11:53:20 +0200] "GET /activities/framework/KoolControls/KoolComboBox/koolcombobox.php?32981a13284db7a021131df49e6cd203 HTTP/1.1" 200 4607 "http://hausegger.activities.at/entry.php?id=10716" "Mozilla/5.0 (Windows NT 10.0; Win64; x64; rv:131.0) Gecko/20100101 Firefox/131.0"
91.141.72.19 - - [25/Oct/2024:11:53:20 +0200] "GET /activities/framework/KoolControls/KoolTreeView/kooltreeview.php?c7cd9180e88ffef8e70f13526bb4f5f7 HTTP/1.1" 200 5055 "http://hausegger.activities.at/entry.php?id=10716" "Mozilla/5.0 (Windows NT 10.0; Win64; x64; rv:131.0) Gecko/20100101 Firefox/131.0"
156.59.198.136 - - [25/Oct/2024:11:53:37 +0200] "GET /renault.activities.at/htdocs/export/xml/data/orders/201911141603_RenOrder.xml HTTP/1.0" 404 329 "-" "Mozilla/5.0 (Linux; Android 5.0) AppleWebKit/537.36 (KHTML, like Gecko) Mobile Safari/537.36 (compatible; Bytespider; spider-feedback@bytedance.com)"
91.141.72.19 - - [25/Oct/2024:11:53:44 +0200] "GET /entry.php?id=10271&&ser=849963 HTTP/1.1" 200 986 "http://hausegger.activities.at/entry.php?id=10271&&ser=849903" "Mozilla/5.0 (Windows NT 10.0; Win64; x64; rv:131.0) Gecko/20100101 Firefox/131.0"
91.141.72.19 - - [25/Oct/2024:11:53:44 +0200] "GET /gui/javascript/form_form.js?1729850024 HTTP/1.1" 200 16206 "http://hausegger.activities.at/entry.php?id=10271&&ser=849963" "Mozilla/5.0 (Windows NT 10.0; Win64; x64; rv:131.0) Gecko/20100101 Firefox/131.0"
156.59.198.135 - - [25/Oct/2024:11:53:59 +0200] "GET /renault.activities.at/htdocs/log/cron/check_inventory_days_3116144.txt HTTP/1.0" 404 326 "-" "Mozilla/5.0 (Linux; Android 5.0) AppleWebKit/537.36 (KHTML, like Gecko) Mobile Safari/537.36 (compatible; Bytespider; spider-feedback@bytedance.com)"
91.141.72.19 - - [25/Oct/2024:11:54:10 +0200] "GET /entry.php?id=10271&&ser=849990 HTTP/1.1" 200 985 "http://hausegger.activities.at/entry.php?id=10271&&ser=849929" "Mozilla/5.0 (Windows NT 10.0; Win64; x64) AppleWebKit/537.36 (KHTML, like Gecko) Chrome/130.0.0.0 Safari/537.36"
91.141.72.19 - - [25/Oct/2024:11:54:11 +0200] "GET /gui/javascript/form_form.js?1729850051 HTTP/1.1" 200 16206 "http://hausegger.activities.at/entry.php?id=10271&&ser=849990" "Mozilla/5.0 (Windows NT 10.0; Win64; x64) AppleWebKit/537.36 (KHTML, like Gecko) Chrome/130.0.0.0 Safari/537.36"
91.141.72.19 - - [25/Oct/2024:11:54:11 +0200] "GET /entry.php?id=10271&&ser=849991 HTTP/1.1" 200 985 "http://hausegger.activities.at/entry.php?id=10271&&ser=849931" "Mozilla/5.0 (Windows NT 10.0; Win64; x64; rv:131.0) Gecko/20100101 Firefox/131.0"
91.141.72.19 - - [25/Oct/2024:11:54:11 +0200] "GET /gui/javascript/form_form.js?1729850051 HTTP/1.1" 200 16206 "http://hausegger.activities.at/entry.php?id=10271&&ser=849991" "Mozilla/5.0 (Windows NT 10.0; Win64; x64; rv:131.0) Gecko/20100101 Firefox/131.0"
156.59.198.135 - - [25/Oct/2024:11:54:20 +0200] "GET /renault.activities.at/htdocs/export/pdf/emuc_document/11035080.pdf HTTP/1.0" 404 322 "-" "Mozilla/5.0 (Linux; Android 5.0) AppleWebKit/537.36 (KHTML, like Gecko) Mobile Safari/537.36 (compatible; Bytespider; spider-feedback@bytedance.com)"
156.59.198.136 - - [25/Oct/2024:11:54:41 +0200] "GET /renault.activities.at/htdocs/export/xml/data/orders/202109131503_RenOrder.xml HTTP/1.0" 404 329 "-" "Mozilla/5.0 (Linux; Android 5.0) AppleWebKit/537.36 (KHTML, like Gecko) Mobile Safari/537.36 (compatible; Bytespider; spider-feedback@bytedance.com)"
91.141.72.19 - - [25/Oct/2024:11:54:44 +0200] "GET /entry.php?id=10271&&ser=850024 HTTP/1.1" 200 986 "http://hausegger.activities.at/entry.php?id=10271&&ser=849963" "Mozilla/5.0 (Windows NT 10.0; Win64; x64; rv:131.0) Gecko/20100101 Firefox/131.0"
91.141.72.19 - - [25/Oct/2024:11:54:44 +0200] "GET /gui/javascript/form_form.js?1729850084 HTTP/1.1" 200 16206 "http://hausegger.activities.at/entry.php?id=10271&&ser=850024" "Mozilla/5.0 (Windows NT 10.0; Win64; x64; rv:131.0) Gecko/20100101 Firefox/131.0"
156.59.198.135 - - [25/Oct/2024:11:55:02 +0200] "GET /renault.activities.at/htdocs/export/xml/data/orders/202008271003_RenOrder.xml HTTP/1.0" 404 329 "-" "Mozilla/5.0 (Linux; Android 5.0) AppleWebKit/537.36 (KHTML, like Gecko) Mobile Safari/537.36 (compatible; Bytespider; spider-feedback@bytedance.com)"
91.141.72.19 - - [25/Oct/2024:11:55:11 +0200] "GET /entry.php?id=10271&&ser=850051 HTTP/1.1" 200 986 "http://hausegger.activities.at/entry.php?id=10271&&ser=849991" "Mozilla/5.0 (Windows NT 10.0; Win64; x64; rv:131.0) Gecko/20100101 Firefox/131.0"
91.141.72.19 - - [25/Oct/2024:11:55:11 +0200] "GET /gui/javascript/form_form.js?1729850111 HTTP/1.1" 200 16206 "http://hausegger.activities.at/entry.php?id=10271&&ser=850051" "Mozilla/5.0 (Windows NT 10.0; Win64; x64; rv:131.0) Gecko/20100101 Firefox/131.0"
91.141.72.19 - - [25/Oct/2024:11:55:12 +0200] "GET /entry.php?id=10271&&ser=850051 HTTP/1.1" 200 986 "http://hausegger.activities.at/entry.php?id=10271&&ser=849990" "Mozilla/5.0 (Windows NT 10.0; Win64; x64) AppleWebKit/537.36 (KHTML, like Gecko) Chrome/130.0.0.0 Safari/537.36"
91.141.72.19 - - [25/Oct/2024:11:55:12 +0200] "GET /gui/javascript/form_form.js?1729850112 HTTP/1.1" 200 16206 "http://hausegger.activities.at/entry.php?id=10271&&ser=850051" "Mozilla/5.0 (Windows NT 10.0; Win64; x64) AppleWebKit/537.36 (KHTML, like Gecko) Chrome/130.0.0.0 Safari/537.36"
156.59.198.135 - - [25/Oct/2024:11:55:23 +0200] "GET /renault.activities.at/htdocs/export/xml/data/orders/202101151403_RenOrder.xml HTTP/1.0" 404 329 "-" "Mozilla/5.0 (Linux; Android 5.0) AppleWebKit/537.36 (KHTML, like Gecko) Mobile Safari/537.36 (compatible; Bytespider; spider-feedback@bytedance.com)"
87.120.115.119 - - [25/Oct/2024:11:55:26 +0200] "GET /.git/config HTTP/1.1" 404 285 "-" "Mozilla/5.0 (Linux; Android 9; vivo 1805) AppleWebKit/537.36 (KHTML, like Gecko) Chrome/75.0.3770.101 Mobile Safari/537.36"
156.59.198.136 - - [25/Oct/2024:11:55:44 +0200] "GET /renault.activities.at/htdocs/export/pdf/emuc_document/10936503.pdf HTTP/1.0" 404 322 "-" "Mozilla/5.0 (Linux; Android 5.0) AppleWebKit/537.36 (KHTML, like Gecko) Mobile Safari/537.36 (compatible; Bytespider; spider-feedback@bytedance.com)"
91.141.72.19 - - [25/Oct/2024:11:55:44 +0200] "GET /entry.php?id=10271&&ser=850084 HTTP/1.1" 200 986 "http://hausegger.activities.at/entry.php?id=10271&&ser=850024" "Mozilla/5.0 (Windows NT 10.0; Win64; x64; rv:131.0) Gecko/20100101 Firefox/131.0"
91.141.72.19 - - [25/Oct/2024:11:55:45 +0200] "GET /gui/javascript/form_form.js?1729850145 HTTP/1.1" 200 16206 "http://hausegger.activities.at/entry.php?id=10271&&ser=850084" "Mozilla/5.0 (Windows NT 10.0; Win64; x64; rv:131.0) Gecko/20100101 Firefox/131.0"
156.59.198.136 - - [25/Oct/2024:11:56:05 +0200] "GET /renault.activities.at/htdocs/log/cron/exportXML_3116283.txt HTTP/1.0" 404 319 "-" "Mozilla/5.0 (Linux; Android 5.0) AppleWebKit/537.36 (KHTML, like Gecko) Mobile Safari/537.36 (compatible; Bytespider; spider-feedback@bytedance.com)"
91.141.72.19 - - [25/Oct/2024:11:56:12 +0200] "GET /entry.php?id=10271&&ser=850111 HTTP/1.1" 200 985 "http://hausegger.activities.at/entry.php?id=10271&&ser=850051" "Mozilla/5.0 (Windows NT 10.0; Win64; x64; rv:131.0) Gecko/20100101 Firefox/131.0"
91.141.72.19 - - [25/Oct/2024:11:56:12 +0200] "GET /gui/javascript/form_form.js?1729850172 HTTP/1.1" 200 16206 "http://hausegger.activities.at/entry.php?id=10271&&ser=850111" "Mozilla/5.0 (Windows NT 10.0; Win64; x64; rv:131.0) Gecko/20100101 Firefox/131.0"
91.141.72.19 - - [25/Oct/2024:11:56:13 +0200] "GET /entry.php?id=10271&&ser=850112 HTTP/1.1" 200 986 "http://hausegger.activities.at/entry.php?id=10271&&ser=850051" "Mozilla/5.0 (Windows NT 10.0; Win64; x64) AppleWebKit/537.36 (KHTML, like Gecko) Chrome/130.0.0.0 Safari/537.36"
91.141.72.19 - - [25/Oct/2024:11:56:13 +0200] "GET /gui/javascript/form_form.js?1729850173 HTTP/1.1" 200 16206 "http://hausegger.activities.at/entry.php?id=10271&&ser=850112" "Mozilla/5.0 (Windows NT 10.0; Win64; x64) AppleWebKit/537.36 (KHTML, like Gecko) Chrome/130.0.0.0 Safari/537.36"
156.59.198.136 - - [25/Oct/2024:11:56:27 +0200] "GET /renault.activities.at/htdocs/export/xml/data/orders/202005080903_RenOrder.xml HTTP/1.0" 404 329 "-" "Mozilla/5.0 (Linux; Android 5.0) AppleWebKit/537.36 (KHTML, like Gecko) Mobile Safari/537.36 (compatible; Bytespider; spider-feedback@bytedance.com)"
91.141.72.19 - - [25/Oct/2024:11:56:45 +0200] "GET /entry.php?id=10271&&ser=850145 HTTP/1.1" 200 986 "http://hausegger.activities.at/entry.php?id=10271&&ser=850084" "Mozilla/5.0 (Windows NT 10.0; Win64; x64; rv:131.0) Gecko/20100101 Firefox/131.0"
91.141.72.19 - - [25/Oct/2024:11:56:45 +0200] "GET /gui/javascript/form_form.js?1729850205 HTTP/1.1" 200 16206 "http://hausegger.activities.at/entry.php?id=10271&&ser=850145" "Mozilla/5.0 (Windows NT 10.0; Win64; x64; rv:131.0) Gecko/20100101 Firefox/131.0"
156.59.198.136 - - [25/Oct/2024:11:57:09 +0200] "GET /renault.activities.at/htdocs/log/cron/reminder_mailing_3115893.txt HTTP/1.0" 404 322 "-" "Mozilla/5.0 (Linux; Android 5.0) AppleWebKit/537.36 (KHTML, like Gecko) Mobile Safari/537.36 (compatible; Bytespider; spider-feedback@bytedance.com)"
91.141.72.19 - - [25/Oct/2024:11:57:12 +0200] "GET /entry.php?id=10271&&ser=850172 HTTP/1.1" 200 986 "http://hausegger.activities.at/entry.php?id=10271&&ser=850111" "Mozilla/5.0 (Windows NT 10.0; Win64; x64; rv:131.0) Gecko/20100101 Firefox/131.0"
91.141.72.19 - - [25/Oct/2024:11:57:12 +0200] "GET /gui/javascript/form_form.js?1729850232 HTTP/1.1" 200 16206 "http://hausegger.activities.at/entry.php?id=10271&&ser=850172" "Mozilla/5.0 (Windows NT 10.0; Win64; x64; rv:131.0) Gecko/20100101 Firefox/131.0"
112.254.32.70 - - [25/Oct/2024:11:57:12 +0200] "POST /cgi-bin/.%2e/.%2e/.%2e/.%2e/.%2e/.%2e/.%2e/.%2e/.%2e/.%2e/bin/sh HTTP/1.1" 400 373 "-" "Custom-AsyncHttpClient"
112.254.32.70 - - [25/Oct/2024:11:57:13 +0200] "POST /cgi-bin/%%32%65%%32%65/%%32%65%%32%65/%%32%65%%32%65/%%32%65%%32%65/%%32%65%%32%65/%%32%65%%32%65/%%32%65%%32%65/bin/sh HTTP/1.1" 400 373 "-" "Custom-AsyncHttpClient"
112.254.32.70 - - [25/Oct/2024:11:57:13 +0200] "POST /hello.world?%ADd+allow_url_include%3d1+%ADd+auto_prepend_file%3dphp://input HTTP/1.1" 404 356 "-" "Custom-AsyncHttpClient"
91.141.72.19 - - [25/Oct/2024:11:57:14 +0200] "GET /entry.php?id=10271&&ser=850173 HTTP/1.1" 200 986 "http://hausegger.activities.at/entry.php?id=10271&&ser=850112" "Mozilla/5.0 (Windows NT 10.0; Win64; x64) AppleWebKit/537.36 (KHTML, like Gecko) Chrome/130.0.0.0 Safari/537.36"
91.141.72.19 - - [25/Oct/2024:11:57:14 +0200] "GET /gui/javascript/form_form.js?1729850234 HTTP/1.1" 200 16206 "http://hausegger.activities.at/entry.php?id=10271&&ser=850173" "Mozilla/5.0 (Windows NT 10.0; Win64; x64) AppleWebKit/537.36 (KHTML, like Gecko) Chrome/130.0.0.0 Safari/537.36"
112.254.32.70 - - [25/Oct/2024:11:57:14 +0200] "GET /vendor/phpunit/phpunit/src/Util/PHP/eval-stdin.php HTTP/1.1" 404 395 "-" "Custom-AsyncHttpClient"
112.254.32.70 - - [25/Oct/2024:11:57:18 +0200] "GET /vendor/phpunit/phpunit/Util/PHP/eval-stdin.php HTTP/1.1" 404 391 "-" "Custom-AsyncHttpClient"
112.254.32.70 - - [25/Oct/2024:11:57:18 +0200] "GET /vendor/phpunit/src/Util/PHP/eval-stdin.php HTTP/1.1" 404 387 "-" "Custom-AsyncHttpClient"
112.254.32.70 - - [25/Oct/2024:11:57:19 +0200] "GET /vendor/phpunit/Util/PHP/eval-stdin.php HTTP/1.1" 404 383 "-" "Custom-AsyncHttpClient"
112.254.32.70 - - [25/Oct/2024:11:57:20 +0200] "GET /vendor/phpunit/phpunit/LICENSE/eval-stdin.php HTTP/1.1" 404 390 "-" "Custom-AsyncHttpClient"
112.254.32.70 - - [25/Oct/2024:11:57:20 +0200] "GET /vendor/vendor/phpunit/phpunit/src/Util/PHP/eval-stdin.php HTTP/1.1" 404 402 "-" "Custom-AsyncHttpClient"
112.254.32.70 - - [25/Oct/2024:11:57:21 +0200] "GET /phpunit/phpunit/src/Util/PHP/eval-stdin.php HTTP/1.1" 404 388 "-" "Custom-AsyncHttpClient"
112.254.32.70 - - [25/Oct/2024:11:57:22 +0200] "GET /phpunit/phpunit/Util/PHP/eval-stdin.php HTTP/1.1" 404 384 "-" "Custom-AsyncHttpClient"
112.254.32.70 - - [25/Oct/2024:11:57:22 +0200] "GET /phpunit/src/Util/PHP/eval-stdin.php HTTP/1.1" 404 380 "-" "Custom-AsyncHttpClient"
112.254.32.70 - - [25/Oct/2024:11:57:23 +0200] "GET /phpunit/Util/PHP/eval-stdin.php HTTP/1.1" 404 376 "-" "Custom-AsyncHttpClient"
112.254.32.70 - - [25/Oct/2024:11:57:24 +0200] "GET /lib/phpunit/phpunit/src/Util/PHP/eval-stdin.php HTTP/1.1" 404 392 "-" "Custom-AsyncHttpClient"
112.254.32.70 - - [25/Oct/2024:11:57:24 +0200] "GET /lib/phpunit/phpunit/Util/PHP/eval-stdin.php HTTP/1.1" 404 388 "-" "Custom-AsyncHttpClient"
112.254.32.70 - - [25/Oct/2024:11:57:25 +0200] "GET /lib/phpunit/src/Util/PHP/eval-stdin.php HTTP/1.1" 404 384 "-" "Custom-AsyncHttpClient"
112.254.32.70 - - [25/Oct/2024:11:57:26 +0200] "GET /lib/phpunit/Util/PHP/eval-stdin.php HTTP/1.1" 404 380 "-" "Custom-AsyncHttpClient"
112.254.32.70 - - [25/Oct/2024:11:57:26 +0200] "GET /lib/vendor/phpunit/phpunit/src/Util/PHP/eval-stdin.php HTTP/1.1" 404 399 "-" "Custom-AsyncHttpClient"
112.254.32.70 - - [25/Oct/2024:11:57:27 +0200] "GET /laravel/vendor/phpunit/phpunit/src/Util/PHP/eval-stdin.php HTTP/1.1" 404 403 "-" "Custom-AsyncHttpClient"
112.254.32.70 - - [25/Oct/2024:11:57:28 +0200] "GET /www/vendor/phpunit/phpunit/src/Util/PHP/eval-stdin.php HTTP/1.1" 404 399 "-" "Custom-AsyncHttpClient"
112.254.32.70 - - [25/Oct/2024:11:57:28 +0200] "GET /ws/vendor/phpunit/phpunit/src/Util/PHP/eval-stdin.php HTTP/1.1" 404 398 "-" "Custom-AsyncHttpClient"
112.254.32.70 - - [25/Oct/2024:11:57:29 +0200] "GET /yii/vendor/phpunit/phpunit/src/Util/PHP/eval-stdin.php HTTP/1.1" 404 399 "-" "Custom-AsyncHttpClient"
112.254.32.70 - - [25/Oct/2024:11:57:30 +0200] "GET /zend/vendor/phpunit/phpunit/src/Util/PHP/eval-stdin.php HTTP/1.1" 404 400 "-" "Custom-AsyncHttpClient"
156.59.198.136 - - [25/Oct/2024:11:57:30 +0200] "GET /renault.activities.at/htdocs/export/pdf/emuc_document/12381450.pdf HTTP/1.0" 404 322 "-" "Mozilla/5.0 (Linux; Android 5.0) AppleWebKit/537.36 (KHTML, like Gecko) Mobile Safari/537.36 (compatible; Bytespider; spider-feedback@bytedance.com)"
112.254.32.70 - - [25/Oct/2024:11:57:33 +0200] "GET /ws/ec/vendor/phpunit/phpunit/src/Util/PHP/eval-stdin.php HTTP/1.1" 404 401 "-" "Custom-AsyncHttpClient"
112.254.32.70 - - [25/Oct/2024:11:57:34 +0200] "GET /V2/vendor/phpunit/phpunit/src/Util/PHP/eval-stdin.php HTTP/1.1" 404 398 "-" "Custom-AsyncHttpClient"
112.254.32.70 - - [25/Oct/2024:11:57:35 +0200] "GET /tests/vendor/phpunit/phpunit/src/Util/PHP/eval-stdin.php HTTP/1.1" 404 401 "-" "Custom-AsyncHttpClient"
112.254.32.70 - - [25/Oct/2024:11:57:35 +0200] "GET /test/vendor/phpunit/phpunit/src/Util/PHP/eval-stdin.php HTTP/1.1" 404 400 "-" "Custom-AsyncHttpClient"
112.254.32.70 - - [25/Oct/2024:11:57:36 +0200] "GET /testing/vendor/phpunit/phpunit/src/Util/PHP/eval-stdin.php HTTP/1.1" 404 403 "-" "Custom-AsyncHttpClient"
112.254.32.70 - - [25/Oct/2024:11:57:37 +0200] "GET /api/vendor/phpunit/phpunit/src/Util/PHP/eval-stdin.php HTTP/1.1" 404 399 "-" "Custom-AsyncHttpClient"
112.254.32.70 - - [25/Oct/2024:11:57:37 +0200] "GET /demo/vendor/phpunit/phpunit/src/Util/PHP/eval-stdin.php HTTP/1.1" 404 400 "-" "Custom-AsyncHttpClient"
112.254.32.70 - - [25/Oct/2024:11:57:38 +0200] "GET /cms/vendor/phpunit/phpunit/src/Util/PHP/eval-stdin.php HTTP/1.1" 404 399 "-" "Custom-AsyncHttpClient"
112.254.32.70 - - [25/Oct/2024:11:57:39 +0200] "GET /crm/vendor/phpunit/phpunit/src/Util/PHP/eval-stdin.php HTTP/1.1" 404 399 "-" "Custom-AsyncHttpClient"
112.254.32.70 - - [25/Oct/2024:11:57:39 +0200] "GET /admin/vendor/phpunit/phpunit/src/Util/PHP/eval-stdin.php HTTP/1.1" 404 401 "-" "Custom-AsyncHttpClient"
112.254.32.70 - - [25/Oct/2024:11:57:40 +0200] "GET /backup/vendor/phpunit/phpunit/src/Util/PHP/eval-stdin.php HTTP/1.1" 404 402 "-" "Custom-AsyncHttpClient"
112.254.32.70 - - [25/Oct/2024:11:57:41 +0200] "GET /blog/vendor/phpunit/phpunit/src/Util/PHP/eval-stdin.php HTTP/1.1" 404 400 "-" "Custom-AsyncHttpClient"
112.254.32.70 - - [25/Oct/2024:11:57:41 +0200] "GET /workspace/drupal/vendor/phpunit/phpunit/src/Util/PHP/eval-stdin.php HTTP/1.1" 404 412 "-" "Custom-AsyncHttpClient"
112.254.32.70 - - [25/Oct/2024:11:57:42 +0200] "GET /panel/vendor/phpunit/phpunit/src/Util/PHP/eval-stdin.php HTTP/1.1" 404 401 "-" "Custom-AsyncHttpClient"
112.254.32.70 - - [25/Oct/2024:11:57:43 +0200] "GET /public/vendor/phpunit/phpunit/src/Util/PHP/eval-stdin.php HTTP/1.1" 404 402 "-" "Custom-AsyncHttpClient"
112.254.32.70 - - [25/Oct/2024:11:57:44 +0200] "GET /apps/vendor/phpunit/phpunit/src/Util/PHP/eval-stdin.php HTTP/1.1" 404 400 "-" "Custom-AsyncHttpClient"
112.254.32.70 - - [25/Oct/2024:11:57:44 +0200] "GET /app/vendor/phpunit/phpunit/src/Util/PHP/eval-stdin.php HTTP/1.1" 404 399 "-" "Custom-AsyncHttpClient"
112.254.32.70 - - [25/Oct/2024:11:57:45 +0200] "GET /index.php?s=/index/\\think\\app/invokefunction&function=call_user_func_array&vars[0]=md5&vars[1][]=Hello HTTP/1.1" 200 423 "-" "Custom-AsyncHttpClient"
91.141.72.19 - - [25/Oct/2024:11:57:45 +0200] "GET /entry.php?id=10271&&ser=850205 HTTP/1.1" 200 986 "http://hausegger.activities.at/entry.php?id=10271&&ser=850145" "Mozilla/5.0 (Windows NT 10.0; Win64; x64; rv:131.0) Gecko/20100101 Firefox/131.0"
91.141.72.19 - - [25/Oct/2024:11:57:45 +0200] "GET /gui/javascript/form_form.js?1729850265 HTTP/1.1" 200 16206 "http://hausegger.activities.at/entry.php?id=10271&&ser=850205" "Mozilla/5.0 (Windows NT 10.0; Win64; x64; rv:131.0) Gecko/20100101 Firefox/131.0"
112.254.32.70 - - [25/Oct/2024:11:57:46 +0200] "GET /public/index.php?s=/index/\\think\\app/invokefunction&function=call_user_func_array&vars[0]=md5&vars[1][]=Hello HTTP/1.1" 404 361 "-" "Custom-AsyncHttpClient"
112.254.32.70 - - [25/Oct/2024:11:57:46 +0200] "GET /index.php?lang=../../../../../../../../usr/local/lib/php/pearcmd&+config-create+/&/+/tmp/index1.php HTTP/1.1" 200 423 "-" "Custom-AsyncHttpClient"
112.254.32.70 - - [25/Oct/2024:11:57:48 +0200] "GET /index.php?lang=../../../../../../../../tmp/index1 HTTP/1.1" 200 423 "-" "Custom-AsyncHttpClient"
112.254.32.70 - - [25/Oct/2024:11:57:49 +0200] "GET /containers/json HTTP/1.1" 404 360 "-" "Custom-AsyncHttpClient"
156.59.198.135 - - [25/Oct/2024:11:57:51 +0200] "GET /renault.activities.at/htdocs/export/xml/data/orders/202109280903_RenOrder.xml HTTP/1.0" 404 329 "-" "Mozilla/5.0 (Linux; Android 5.0) AppleWebKit/537.36 (KHTML, like Gecko) Mobile Safari/537.36 (compatible; Bytespider; spider-feedback@bytedance.com)"
91.141.72.19 - - [25/Oct/2024:11:58:12 +0200] "GET /entry.php?id=10271&&ser=850232 HTTP/1.1" 200 986 "http://hausegger.activities.at/entry.php?id=10271&&ser=850172" "Mozilla/5.0 (Windows NT 10.0; Win64; x64; rv:131.0) Gecko/20100101 Firefox/131.0"
91.141.72.19 - - [25/Oct/2024:11:58:12 +0200] "GET /gui/javascript/form_form.js?1729850292 HTTP/1.1" 200 16206 "http://hausegger.activities.at/entry.php?id=10271&&ser=850232" "Mozilla/5.0 (Windows NT 10.0; Win64; x64; rv:131.0) Gecko/20100101 Firefox/131.0"
91.141.72.19 - - [25/Oct/2024:11:58:15 +0200] "GET /entry.php?id=10271&&ser=850234 HTTP/1.1" 200 986 "http://hausegger.activities.at/entry.php?id=10271&&ser=850173" "Mozilla/5.0 (Windows NT 10.0; Win64; x64) AppleWebKit/537.36 (KHTML, like Gecko) Chrome/130.0.0.0 Safari/537.36"
