156.59.198.136 - - [28/Oct/2024:17:35:32 +0100] "GET /renault.2web.at/htdocs/export/xml/data/orders/202001081003_RenOrder.xml HTTP/1.0" 404 324 "-" "Mozilla/5.0 (Linux; Android 5.0) AppleWebKit/537.36 (KHTML, like Gecko) Mobile Safari/537.36 (compatible; Bytespider; spider-feedback@bytedance.com)"
91.141.72.19 - - [28/Oct/2024:17:35:50 +0100] "GET /entry.php?id=10271&&ser=133290 HTTP/1.1" 200 987 "http://hausegger.activities.at/entry.php?id=10271&&ser=133230" "Mozilla/5.0 (Windows NT 10.0; Win64; x64; rv:131.0) Gecko/20100101 Firefox/131.0"
91.141.72.19 - - [28/Oct/2024:17:35:51 +0100] "GET /gui/javascript/form_form.js?1730133351 HTTP/1.1" 200 16206 "http://hausegger.activities.at/entry.php?id=10271&&ser=133290" "Mozilla/5.0 (Windows NT 10.0; Win64; x64; rv:131.0) Gecko/20100101 Firefox/131.0"
156.59.198.135 - - [28/Oct/2024:17:35:53 +0100] "GET /renault.2web.at/htdocs/export/pdf/emuc_document/12291117.pdf HTTP/1.0" 404 318 "-" "Mozilla/5.0 (Linux; Android 5.0) AppleWebKit/537.36 (KHTML, like Gecko) Mobile Safari/537.36 (compatible; Bytespider; spider-feedback@bytedance.com)"
156.59.198.135 - - [28/Oct/2024:17:36:14 +0100] "GET /renault.2web.at/htdocs/export/pdf/emuc_document/11482879.pdf HTTP/1.0" 404 319 "-" "Mozilla/5.0 (Linux; Android 5.0) AppleWebKit/537.36 (KHTML, like Gecko) Mobile Safari/537.36 (compatible; Bytespider; spider-feedback@bytedance.com)"
156.59.198.135 - - [28/Oct/2024:17:36:35 +0100] "GET /renault.2web.at/htdocs/export/pdf/emuc_document/12468734.pdf HTTP/1.0" 404 319 "-" "Mozilla/5.0 (Linux; Android 5.0) AppleWebKit/537.36 (KHTML, like Gecko) Mobile Safari/537.36 (compatible; Bytespider; spider-feedback@bytedance.com)"
91.141.72.19 - - [28/Oct/2024:17:36:51 +0100] "GET /entry.php?id=10271&&ser=133351 HTTP/1.1" 200 987 "http://hausegger.activities.at/entry.php?id=10271&&ser=133290" "Mozilla/5.0 (Windows NT 10.0; Win64; x64; rv:131.0) Gecko/20100101 Firefox/131.0"
91.141.72.19 - - [28/Oct/2024:17:36:51 +0100] "GET /gui/javascript/form_form.js?1730133411 HTTP/1.1" 200 16206 "http://hausegger.activities.at/entry.php?id=10271&&ser=133351" "Mozilla/5.0 (Windows NT 10.0; Win64; x64; rv:131.0) Gecko/20100101 Firefox/131.0"
156.59.198.135 - - [28/Oct/2024:17:36:56 +0100] "GET /renault.2web.at/htdocs/export/xml/data/orders/201908231703_RenOrder.xml HTTP/1.0" 404 325 "-" "Mozilla/5.0 (Linux; Android 5.0) AppleWebKit/537.36 (KHTML, like Gecko) Mobile Safari/537.36 (compatible; Bytespider; spider-feedback@bytedance.com)"
156.59.198.135 - - [28/Oct/2024:17:37:17 +0100] "GET /renault.2web.at/htdocs/export/pdf/emuc_document/11483357.pdf HTTP/1.0" 404 319 "-" "Mozilla/5.0 (Linux; Android 5.0) AppleWebKit/537.36 (KHTML, like Gecko) Mobile Safari/537.36 (compatible; Bytespider; spider-feedback@bytedance.com)"
156.59.198.136 - - [28/Oct/2024:17:37:38 +0100] "GET /renault.activities.at/htdocs/export/pdf/emuc_document/11600191.pdf HTTP/1.0" 404 321 "-" "Mozilla/5.0 (Linux; Android 5.0) AppleWebKit/537.36 (KHTML, like Gecko) Mobile Safari/537.36 (compatible; Bytespider; spider-feedback@bytedance.com)"
91.141.72.19 - - [28/Oct/2024:17:37:51 +0100] "GET /entry.php?id=10271&&ser=133411 HTTP/1.1" 200 987 "http://hausegger.activities.at/entry.php?id=10271&&ser=133351" "Mozilla/5.0 (Windows NT 10.0; Win64; x64; rv:131.0) Gecko/20100101 Firefox/131.0"
91.141.72.19 - - [28/Oct/2024:17:37:51 +0100] "GET /gui/javascript/form_form.js?1730133471 HTTP/1.1" 200 16206 "http://hausegger.activities.at/entry.php?id=10271&&ser=133411" "Mozilla/5.0 (Windows NT 10.0; Win64; x64; rv:131.0) Gecko/20100101 Firefox/131.0"
156.59.198.136 - - [28/Oct/2024:17:37:59 +0100] "GET /renault.2web.at/htdocs/export/pdf/emuc_document/11213727.pdf HTTP/1.0" 404 319 "-" "Mozilla/5.0 (Linux; Android 5.0) AppleWebKit/537.36 (KHTML, like Gecko) Mobile Safari/537.36 (compatible; Bytespider; spider-feedback@bytedance.com)"
156.59.198.136 - - [28/Oct/2024:17:38:20 +0100] "GET /renault.2web.at/htdocs/export/txt/factura/FacturaExport20161102103856.txt HTTP/1.0" 404 324 "-" "Mozilla/5.0 (Linux; Android 5.0) AppleWebKit/537.36 (KHTML, like Gecko) Mobile Safari/537.36 (compatible; Bytespider; spider-feedback@bytedance.com)"
156.59.198.136 - - [28/Oct/2024:17:38:41 +0100] "GET /renault.2web.at/htdocs/export/pdf/emuc_document/10659761.pdf HTTP/1.0" 404 318 "-" "Mozilla/5.0 (Linux; Android 5.0) AppleWebKit/537.36 (KHTML, like Gecko) Mobile Safari/537.36 (compatible; Bytespider; spider-feedback@bytedance.com)"
91.141.72.19 - - [28/Oct/2024:17:38:51 +0100] "GET /entry.php?id=10271&&ser=133471 HTTP/1.1" 200 987 "http://hausegger.activities.at/entry.php?id=10271&&ser=133411" "Mozilla/5.0 (Windows NT 10.0; Win64; x64; rv:131.0) Gecko/20100101 Firefox/131.0"
91.141.72.19 - - [28/Oct/2024:17:38:51 +0100] "GET /gui/javascript/form_form.js?1730133531 HTTP/1.1" 200 16206 "http://hausegger.activities.at/entry.php?id=10271&&ser=133471" "Mozilla/5.0 (Windows NT 10.0; Win64; x64; rv:131.0) Gecko/20100101 Firefox/131.0"
156.59.198.135 - - [28/Oct/2024:17:39:02 +0100] "GET /renault.2web.at/htdocs/export/pdf/emuc_document/11600330.pdf HTTP/1.0" 404 319 "-" "Mozilla/5.0 (Linux; Android 5.0) AppleWebKit/537.36 (KHTML, like Gecko) Mobile Safari/537.36 (compatible; Bytespider; spider-feedback@bytedance.com)"
156.59.198.135 - - [28/Oct/2024:17:39:23 +0100] "GET /renault.2web.at/htdocs/export/pdf/emuc_document/11503852.pdf HTTP/1.0" 404 318 "-" "Mozilla/5.0 (Linux; Android 5.0) AppleWebKit/537.36 (KHTML, like Gecko) Mobile Safari/537.36 (compatible; Bytespider; spider-feedback@bytedance.com)"
194.38.20.13 - - [28/Oct/2024:17:39:41 +0100] "GET /plugins/content/apismtp/apismtp.php?test=hello HTTP/1.1" 404 387 "-" "ALittle Client"
156.59.198.135 - - [28/Oct/2024:17:39:44 +0100] "GET /renault.2web.at/htdocs/export/pdf/emuc_document/12129669.pdf HTTP/1.0" 404 317 "-" "Mozilla/5.0 (Linux; Android 5.0) AppleWebKit/537.36 (KHTML, like Gecko) Mobile Safari/537.36 (compatible; Bytespider; spider-feedback@bytedance.com)"
91.141.72.19 - - [28/Oct/2024:17:39:52 +0100] "GET /entry.php?id=10271&&ser=133531 HTTP/1.1" 200 987 "http://hausegger.activities.at/entry.php?id=10271&&ser=133471" "Mozilla/5.0 (Windows NT 10.0; Win64; x64; rv:131.0) Gecko/20100101 Firefox/131.0"
91.141.72.19 - - [28/Oct/2024:17:39:52 +0100] "GET /gui/javascript/form_form.js?1730133592 HTTP/1.1" 200 16206 "http://hausegger.activities.at/entry.php?id=10271&&ser=133531" "Mozilla/5.0 (Windows NT 10.0; Win64; x64; rv:131.0) Gecko/20100101 Firefox/131.0"
194.38.20.13 - - [28/Oct/2024:17:39:59 +0100] "GET /plugins/content/apismtp/apismtp.php?test=hello HTTP/1.1" 404 400 "-" "ALittle Client"
156.59.198.136 - - [28/Oct/2024:17:40:06 +0100] "GET /renault.2web.at/htdocs/export/pdf/emuc_document/12060305.pdf HTTP/1.0" 404 319 "-" "Mozilla/5.0 (Linux; Android 5.0) AppleWebKit/537.36 (KHTML, like Gecko) Mobile Safari/537.36 (compatible; Bytespider; spider-feedback@bytedance.com)"
156.59.198.136 - - [28/Oct/2024:17:40:27 +0100] "GET /renault.2web.at/htdocs/export/xml/data/articles/202101111403_RenArticle.xml HTTP/1.0" 404 326 "-" "Mozilla/5.0 (Linux; Android 5.0) AppleWebKit/537.36 (KHTML, like Gecko) Mobile Safari/537.36 (compatible; Bytespider; spider-feedback@bytedance.com)"
156.59.198.136 - - [28/Oct/2024:17:40:49 +0100] "GET /renault.2web.at/htdocs/export/pdf/emuc_document/11157879.pdf HTTP/1.0" 404 318 "-" "Mozilla/5.0 (Linux; Android 5.0) AppleWebKit/537.36 (KHTML, like Gecko) Mobile Safari/537.36 (compatible; Bytespider; spider-feedback@bytedance.com)"
91.141.72.19 - - [28/Oct/2024:17:40:52 +0100] "GET /entry.php?id=10271&&ser=133592 HTTP/1.1" 200 987 "http://hausegger.activities.at/entry.php?id=10271&&ser=133531" "Mozilla/5.0 (Windows NT 10.0; Win64; x64; rv:131.0) Gecko/20100101 Firefox/131.0"
91.141.72.19 - - [28/Oct/2024:17:40:52 +0100] "GET /gui/javascript/form_form.js?1730133652 HTTP/1.1" 200 16206 "http://hausegger.activities.at/entry.php?id=10271&&ser=133592" "Mozilla/5.0 (Windows NT 10.0; Win64; x64; rv:131.0) Gecko/20100101 Firefox/131.0"
156.59.198.136 - - [28/Oct/2024:17:41:10 +0100] "GET /renault.2web.at/htdocs/export/xml/data/address/202109141203_RenDealer.xml HTTP/1.0" 404 324 "-" "Mozilla/5.0 (Linux; Android 5.0) AppleWebKit/537.36 (KHTML, like Gecko) Mobile Safari/537.36 (compatible; Bytespider; spider-feedback@bytedance.com)"
156.59.198.135 - - [28/Oct/2024:17:41:30 +0100] "GET /renault.activities.at/htdocs/export/pdf/emuc_document/12430778.pdf HTTP/1.0" 404 323 "-" "Mozilla/5.0 (Linux; Android 5.0) AppleWebKit/537.36 (KHTML, like Gecko) Mobile Safari/537.36 (compatible; Bytespider; spider-feedback@bytedance.com)"
156.59.198.136 - - [28/Oct/2024:17:41:51 +0100] "GET /renault.2web.at/htdocs/export/pdf/emuc_document/11449389.pdf HTTP/1.0" 404 319 "-" "Mozilla/5.0 (Linux; Android 5.0) AppleWebKit/537.36 (KHTML, like Gecko) Mobile Safari/537.36 (compatible; Bytespider; spider-feedback@bytedance.com)"
91.141.72.19 - - [28/Oct/2024:17:41:52 +0100] "GET /entry.php?id=10271&&ser=133652 HTTP/1.1" 200 987 "http://hausegger.activities.at/entry.php?id=10271&&ser=133592" "Mozilla/5.0 (Windows NT 10.0; Win64; x64; rv:131.0) Gecko/20100101 Firefox/131.0"
91.141.72.19 - - [28/Oct/2024:17:41:52 +0100] "GET /gui/javascript/form_form.js?1730133712 HTTP/1.1" 200 16206 "http://hausegger.activities.at/entry.php?id=10271&&ser=133652" "Mozilla/5.0 (Windows NT 10.0; Win64; x64; rv:131.0) Gecko/20100101 Firefox/131.0"
156.59.198.136 - - [28/Oct/2024:17:42:13 +0100] "GET /renault.2web.at/htdocs/export/pdf/emuc_document/11354061.pdf HTTP/1.0" 404 318 "-" "Mozilla/5.0 (Linux; Android 5.0) AppleWebKit/537.36 (KHTML, like Gecko) Mobile Safari/537.36 (compatible; Bytespider; spider-feedback@bytedance.com)"
156.59.198.136 - - [28/Oct/2024:17:42:34 +0100] "GET /renault.2web.at/htdocs/export/pdf/emuc_document/10253151.pdf HTTP/1.0" 404 318 "-" "Mozilla/5.0 (Linux; Android 5.0) AppleWebKit/537.36 (KHTML, like Gecko) Mobile Safari/537.36 (compatible; Bytespider; spider-feedback@bytedance.com)"
91.141.72.19 - - [28/Oct/2024:17:42:52 +0100] "GET /entry.php?id=10271&&ser=133712 HTTP/1.1" 200 988 "http://hausegger.activities.at/entry.php?id=10271&&ser=133652" "Mozilla/5.0 (Windows NT 10.0; Win64; x64; rv:131.0) Gecko/20100101 Firefox/131.0"
91.141.72.19 - - [28/Oct/2024:17:42:53 +0100] "GET /gui/javascript/form_form.js?1730133773 HTTP/1.1" 200 16206 "http://hausegger.activities.at/entry.php?id=10271&&ser=133712" "Mozilla/5.0 (Windows NT 10.0; Win64; x64; rv:131.0) Gecko/20100101 Firefox/131.0"
156.59.198.135 - - [28/Oct/2024:17:42:55 +0100] "GET /renault.2web.at/htdocs/export/xml/data/address/202104200803_RenDealer.xml HTTP/1.0" 404 325 "-" "Mozilla/5.0 (Linux; Android 5.0) AppleWebKit/537.36 (KHTML, like Gecko) Mobile Safari/537.36 (compatible; Bytespider; spider-feedback@bytedance.com)"
156.59.198.136 - - [28/Oct/2024:17:43:16 +0100] "GET /renault.activities.at/htdocs/editor/design/image/Office2003/radio.gif HTTP/1.0" 404 324 "-" "Mozilla/5.0 (Linux; Android 5.0) AppleWebKit/537.36 (KHTML, like Gecko) Mobile Safari/537.36 (compatible; Bytespider; spider-feedback@bytedance.com)"
156.59.198.135 - - [28/Oct/2024:17:43:37 +0100] "GET /renault.2web.at/htdocs/export/xml/data/orders/202105191203_RenOrder.xml HTTP/1.0" 404 325 "-" "Mozilla/5.0 (Linux; Android 5.0) AppleWebKit/537.36 (KHTML, like Gecko) Mobile Safari/537.36 (compatible; Bytespider; spider-feedback@bytedance.com)"
91.141.72.19 - - [28/Oct/2024:17:43:53 +0100] "GET /entry.php?id=10271&&ser=133773 HTTP/1.1" 200 988 "http://hausegger.activities.at/entry.php?id=10271&&ser=133712" "Mozilla/5.0 (Windows NT 10.0; Win64; x64; rv:131.0) Gecko/20100101 Firefox/131.0"
91.141.72.19 - - [28/Oct/2024:17:43:53 +0100] "GET /gui/javascript/form_form.js?1730133833 HTTP/1.1" 200 16206 "http://hausegger.activities.at/entry.php?id=10271&&ser=133773" "Mozilla/5.0 (Windows NT 10.0; Win64; x64; rv:131.0) Gecko/20100101 Firefox/131.0"
156.59.198.136 - - [28/Oct/2024:17:43:58 +0100] "GET /renault.2web.at/htdocs/export/xml/data/orders/202104160903_RenOrder.xml HTTP/1.0" 404 325 "-" "Mozilla/5.0 (Linux; Android 5.0) AppleWebKit/537.36 (KHTML, like Gecko) Mobile Safari/537.36 (compatible; Bytespider; spider-feedback@bytedance.com)"
156.59.198.135 - - [28/Oct/2024:17:44:20 +0100] "GET /renault.2web.at/htdocs/export/xml/data/orders/201911251703_RenOrder.xml HTTP/1.0" 404 325 "-" "Mozilla/5.0 (Linux; Android 5.0) AppleWebKit/537.36 (KHTML, like Gecko) Mobile Safari/537.36 (compatible; Bytespider; spider-feedback@bytedance.com)"
156.59.198.135 - - [28/Oct/2024:17:44:40 +0100] "GET /renault.2web.at/htdocs/export/pdf/emuc_document/11245455.pdf HTTP/1.0" 404 318 "-" "Mozilla/5.0 (Linux; Android 5.0) AppleWebKit/537.36 (KHTML, like Gecko) Mobile Safari/537.36 (compatible; Bytespider; spider-feedback@bytedance.com)"
91.141.72.19 - - [28/Oct/2024:17:44:53 +0100] "GET /entry.php?id=10271&&ser=133833 HTTP/1.1" 200 988 "http://hausegger.activities.at/entry.php?id=10271&&ser=133773" "Mozilla/5.0 (Windows NT 10.0; Win64; x64; rv:131.0) Gecko/20100101 Firefox/131.0"
91.141.72.19 - - [28/Oct/2024:17:44:53 +0100] "GET /gui/javascript/form_form.js?1730133893 HTTP/1.1" 200 16206 "http://hausegger.activities.at/entry.php?id=10271&&ser=133833" "Mozilla/5.0 (Windows NT 10.0; Win64; x64; rv:131.0) Gecko/20100101 Firefox/131.0"
156.59.198.136 - - [28/Oct/2024:17:45:01 +0100] "GET /renault.2web.at/htdocs/export/pdf/emuc_document/12251460.pdf HTTP/1.0" 404 318 "-" "Mozilla/5.0 (Linux; Android 5.0) AppleWebKit/537.36 (KHTML, like Gecko) Mobile Safari/537.36 (compatible; Bytespider; spider-feedback@bytedance.com)"
156.59.198.135 - - [28/Oct/2024:17:45:22 +0100] "GET /renault.2web.at/htdocs/export/xml/data/orders/201908221503_RenOrder.xml HTTP/1.0" 404 325 "-" "Mozilla/5.0 (Linux; Android 5.0) AppleWebKit/537.36 (KHTML, like Gecko) Mobile Safari/537.36 (compatible; Bytespider; spider-feedback@bytedance.com)"
156.59.198.135 - - [28/Oct/2024:17:45:44 +0100] "GET /renault.2web.at/htdocs/export/pdf/emuc_document/10314926.pdf HTTP/1.0" 404 319 "-" "Mozilla/5.0 (Linux; Android 5.0) AppleWebKit/537.36 (KHTML, like Gecko) Mobile Safari/537.36 (compatible; Bytespider; spider-feedback@bytedance.com)"
91.141.72.19 - - [28/Oct/2024:17:45:53 +0100] "GET /entry.php?id=10271&&ser=133893 HTTP/1.1" 200 988 "http://hausegger.activities.at/entry.php?id=10271&&ser=133833" "Mozilla/5.0 (Windows NT 10.0; Win64; x64; rv:131.0) Gecko/20100101 Firefox/131.0"
91.141.72.19 - - [28/Oct/2024:17:45:54 +0100] "GET /gui/javascript/form_form.js?1730133954 HTTP/1.1" 200 16206 "http://hausegger.activities.at/entry.php?id=10271&&ser=133893" "Mozilla/5.0 (Windows NT 10.0; Win64; x64; rv:131.0) Gecko/20100101 Firefox/131.0"
156.59.198.135 - - [28/Oct/2024:17:46:05 +0100] "GET /renault.2web.at/htdocs/export/pdf/emuc_document/10608680.pdf HTTP/1.0" 404 318 "-" "Mozilla/5.0 (Linux; Android 5.0) AppleWebKit/537.36 (KHTML, like Gecko) Mobile Safari/537.36 (compatible; Bytespider; spider-feedback@bytedance.com)"
156.59.198.136 - - [28/Oct/2024:17:46:27 +0100] "GET /renault.2web.at/htdocs/export/xml/data/orders/201910031103_RenOrder.xml HTTP/1.0" 404 325 "-" "Mozilla/5.0 (Linux; Android 5.0) AppleWebKit/537.36 (KHTML, like Gecko) Mobile Safari/537.36 (compatible; Bytespider; spider-feedback@bytedance.com)"
93.174.93.12 - - [28/Oct/2024:17:46:42 +0100] "\x16\x03\x02\x01o\x01" 400 383 "-" "-"
156.59.198.136 - - [28/Oct/2024:17:46:48 +0100] "GET /renault.2web.at/htdocs/export/xml/data/orders/202103241503_RenOrder.xml HTTP/1.0" 404 326 "-" "Mozilla/5.0 (Linux; Android 5.0) AppleWebKit/537.36 (KHTML, like Gecko) Mobile Safari/537.36 (compatible; Bytespider; spider-feedback@bytedance.com)"
91.141.72.19 - - [28/Oct/2024:17:46:54 +0100] "GET /entry.php?id=10271&&ser=133954 HTTP/1.1" 200 987 "http://hausegger.activities.at/entry.php?id=10271&&ser=133893" "Mozilla/5.0 (Windows NT 10.0; Win64; x64; rv:131.0) Gecko/20100101 Firefox/131.0"
91.141.72.19 - - [28/Oct/2024:17:46:54 +0100] "GET /gui/javascript/form_form.js?1730134014 HTTP/1.1" 200 16206 "http://hausegger.activities.at/entry.php?id=10271&&ser=133954" "Mozilla/5.0 (Windows NT 10.0; Win64; x64; rv:131.0) Gecko/20100101 Firefox/131.0"
156.59.198.135 - - [28/Oct/2024:17:47:09 +0100] "GET /renault.2web.at/htdocs/export/pdf/emuc_document/11829413.pdf HTTP/1.0" 404 318 "-" "Mozilla/5.0 (Linux; Android 5.0) AppleWebKit/537.36 (KHTML, like Gecko) Mobile Safari/537.36 (compatible; Bytespider; spider-feedback@bytedance.com)"
156.59.198.135 - - [28/Oct/2024:17:47:30 +0100] "GET /renault.2web.at/htdocs/export/pdf/emuc_document/12076222.pdf HTTP/1.0" 404 318 "-" "Mozilla/5.0 (Linux; Android 5.0) AppleWebKit/537.36 (KHTML, like Gecko) Mobile Safari/537.36 (compatible; Bytespider; spider-feedback@bytedance.com)"
156.59.198.135 - - [28/Oct/2024:17:47:50 +0100] "GET /renault.2web.at/htdocs/export/pdf/emuc_document/11213618.pdf HTTP/1.0" 404 318 "-" "Mozilla/5.0 (Linux; Android 5.0) AppleWebKit/537.36 (KHTML, like Gecko) Mobile Safari/537.36 (compatible; Bytespider; spider-feedback@bytedance.com)"
91.141.72.19 - - [28/Oct/2024:17:47:54 +0100] "GET /entry.php?id=10271&&ser=134014 HTTP/1.1" 200 987 "http://hausegger.activities.at/entry.php?id=10271&&ser=133954" "Mozilla/5.0 (Windows NT 10.0; Win64; x64; rv:131.0) Gecko/20100101 Firefox/131.0"
91.141.72.19 - - [28/Oct/2024:17:47:54 +0100] "GET /gui/javascript/form_form.js?1730134074 HTTP/1.1" 200 16206 "http://hausegger.activities.at/entry.php?id=10271&&ser=134014" "Mozilla/5.0 (Windows NT 10.0; Win64; x64; rv:131.0) Gecko/20100101 Firefox/131.0"
156.59.198.135 - - [28/Oct/2024:17:48:12 +0100] "GET /renault.activities.at/htdocs/export/xml/data/address/202109291503_RenDealer.xml HTTP/1.0" 404 328 "-" "Mozilla/5.0 (Linux; Android 5.0) AppleWebKit/537.36 (KHTML, like Gecko) Mobile Safari/537.36 (compatible; Bytespider; spider-feedback@bytedance.com)"
156.59.198.135 - - [28/Oct/2024:17:48:33 +0100] "GET /renault.2web.at/htdocs/export/pdf/emuc_document/11758593.pdf HTTP/1.0" 404 319 "-" "Mozilla/5.0 (Linux; Android 5.0) AppleWebKit/537.36 (KHTML, like Gecko) Mobile Safari/537.36 (compatible; Bytespider; spider-feedback@bytedance.com)"
156.59.198.136 - - [28/Oct/2024:17:48:54 +0100] "GET /renault.2web.at/htdocs/export/pdf/emuc_document/11228961.pdf HTTP/1.0" 404 318 "-" "Mozilla/5.0 (Linux; Android 5.0) AppleWebKit/537.36 (KHTML, like Gecko) Mobile Safari/537.36 (compatible; Bytespider; spider-feedback@bytedance.com)"
91.141.72.19 - - [28/Oct/2024:17:48:54 +0100] "GET /entry.php?id=10271&&ser=134074 HTTP/1.1" 200 986 "http://hausegger.activities.at/entry.php?id=10271&&ser=134014" "Mozilla/5.0 (Windows NT 10.0; Win64; x64; rv:131.0) Gecko/20100101 Firefox/131.0"
91.141.72.19 - - [28/Oct/2024:17:48:54 +0100] "GET /gui/javascript/form_form.js?1730134134 HTTP/1.1" 200 16206 "http://hausegger.activities.at/entry.php?id=10271&&ser=134074" "Mozilla/5.0 (Windows NT 10.0; Win64; x64; rv:131.0) Gecko/20100101 Firefox/131.0"
156.59.198.136 - - [28/Oct/2024:17:49:15 +0100] "GET /renault.2web.at/htdocs/export/pdf/emuc_document/11626699.pdf HTTP/1.0" 404 318 "-" "Mozilla/5.0 (Linux; Android 5.0) AppleWebKit/537.36 (KHTML, like Gecko) Mobile Safari/537.36 (compatible; Bytespider; spider-feedback@bytedance.com)"
156.59.198.136 - - [28/Oct/2024:17:49:36 +0100] "GET /renault.2web.at/htdocs/export/pdf/emuc_document/11046502.pdf HTTP/1.0" 404 318 "-" "Mozilla/5.0 (Linux; Android 5.0) AppleWebKit/537.36 (KHTML, like Gecko) Mobile Safari/537.36 (compatible; Bytespider; spider-feedback@bytedance.com)"
91.141.72.19 - - [28/Oct/2024:17:49:55 +0100] "GET /entry.php?id=10271&&ser=134134 HTTP/1.1" 200 987 "http://hausegger.activities.at/entry.php?id=10271&&ser=134074" "Mozilla/5.0 (Windows NT 10.0; Win64; x64; rv:131.0) Gecko/20100101 Firefox/131.0"
91.141.72.19 - - [28/Oct/2024:17:49:55 +0100] "GET /gui/javascript/form_form.js?1730134195 HTTP/1.1" 200 16206 "http://hausegger.activities.at/entry.php?id=10271&&ser=134134" "Mozilla/5.0 (Windows NT 10.0; Win64; x64; rv:131.0) Gecko/20100101 Firefox/131.0"
156.59.198.135 - - [28/Oct/2024:17:49:57 +0100] "GET /renault.2web.at/htdocs/export/pdf/emuc_document/10709218.pdf HTTP/1.0" 404 318 "-" "Mozilla/5.0 (Linux; Android 5.0) AppleWebKit/537.36 (KHTML, like Gecko) Mobile Safari/537.36 (compatible; Bytespider; spider-feedback@bytedance.com)"
156.59.198.136 - - [28/Oct/2024:17:50:19 +0100] "GET /renault.2web.at/htdocs/export/pdf/emuc_document/12149459.pdf HTTP/1.0" 404 318 "-" "Mozilla/5.0 (Linux; Android 5.0) AppleWebKit/537.36 (KHTML, like Gecko) Mobile Safari/537.36 (compatible; Bytespider; spider-feedback@bytedance.com)"
156.59.198.136 - - [28/Oct/2024:17:50:40 +0100] "GET /renault.2web.at/htdocs/export/pdf/emuc_document/11170370.pdf HTTP/1.0" 404 319 "-" "Mozilla/5.0 (Linux; Android 5.0) AppleWebKit/537.36 (KHTML, like Gecko) Mobile Safari/537.36 (compatible; Bytespider; spider-feedback@bytedance.com)"
91.141.72.19 - - [28/Oct/2024:17:50:55 +0100] "GET /entry.php?id=10271&&ser=134195 HTTP/1.1" 200 987 "http://hausegger.activities.at/entry.php?id=10271&&ser=134134" "Mozilla/5.0 (Windows NT 10.0; Win64; x64; rv:131.0) Gecko/20100101 Firefox/131.0"
91.141.72.19 - - [28/Oct/2024:17:50:55 +0100] "GET /gui/javascript/form_form.js?1730134255 HTTP/1.1" 200 16206 "http://hausegger.activities.at/entry.php?id=10271&&ser=134195" "Mozilla/5.0 (Windows NT 10.0; Win64; x64; rv:131.0) Gecko/20100101 Firefox/131.0"
156.59.198.135 - - [28/Oct/2024:17:51:00 +0100] "GET /renault.2web.at/htdocs/export/pdf/emuc_document/12135577.pdf HTTP/1.0" 404 319 "-" "Mozilla/5.0 (Linux; Android 5.0) AppleWebKit/537.36 (KHTML, like Gecko) Mobile Safari/537.36 (compatible; Bytespider; spider-feedback@bytedance.com)"
156.59.198.136 - - [28/Oct/2024:17:51:22 +0100] "GET /renault.2web.at/htdocs/export/pdf/emuc_document/10608489.pdf HTTP/1.0" 404 318 "-" "Mozilla/5.0 (Linux; Android 5.0) AppleWebKit/537.36 (KHTML, like Gecko) Mobile Safari/537.36 (compatible; Bytespider; spider-feedback@bytedance.com)"
156.59.198.135 - - [28/Oct/2024:17:51:42 +0100] "GET /renault.2web.at/htdocs/export/pdf/emuc_document/10712385.pdf HTTP/1.0" 404 319 "-" "Mozilla/5.0 (Linux; Android 5.0) AppleWebKit/537.36 (KHTML, like Gecko) Mobile Safari/537.36 (compatible; Bytespider; spider-feedback@bytedance.com)"
91.141.72.19 - - [28/Oct/2024:17:51:55 +0100] "GET /entry.php?id=10271&&ser=134255 HTTP/1.1" 200 988 "http://hausegger.activities.at/entry.php?id=10271&&ser=134195" "Mozilla/5.0 (Windows NT 10.0; Win64; x64; rv:131.0) Gecko/20100101 Firefox/131.0"
91.141.72.19 - - [28/Oct/2024:17:51:55 +0100] "GET /gui/javascript/form_form.js?1730134315 HTTP/1.1" 200 16206 "http://hausegger.activities.at/entry.php?id=10271&&ser=134255" "Mozilla/5.0 (Windows NT 10.0; Win64; x64; rv:131.0) Gecko/20100101 Firefox/131.0"
156.59.198.135 - - [28/Oct/2024:17:52:04 +0100] "GET /renault.activities.at/htdocs/export/pdf/emuc_document/11660681.pdf HTTP/1.0" 404 321 "-" "Mozilla/5.0 (Linux; Android 5.0) AppleWebKit/537.36 (KHTML, like Gecko) Mobile Safari/537.36 (compatible; Bytespider; spider-feedback@bytedance.com)"
156.59.198.136 - - [28/Oct/2024:17:52:25 +0100] "GET /renault.2web.at/htdocs/export/pdf/emuc_document/11995302.pdf HTTP/1.0" 404 319 "-" "Mozilla/5.0 (Linux; Android 5.0) AppleWebKit/537.36 (KHTML, like Gecko) Mobile Safari/537.36 (compatible; Bytespider; spider-feedback@bytedance.com)"
156.59.198.135 - - [28/Oct/2024:17:52:46 +0100] "GET /renault.2web.at/htdocs/export/pdf/emuc_document/10694196.pdf HTTP/1.0" 404 318 "-" "Mozilla/5.0 (Linux; Android 5.0) AppleWebKit/537.36 (KHTML, like Gecko) Mobile Safari/537.36 (compatible; Bytespider; spider-feedback@bytedance.com)"
91.141.72.19 - - [28/Oct/2024:17:52:56 +0100] "GET /entry.php?id=10271&&ser=134315 HTTP/1.1" 200 988 "http://hausegger.activities.at/entry.php?id=10271&&ser=134255" "Mozilla/5.0 (Windows NT 10.0; Win64; x64; rv:131.0) Gecko/20100101 Firefox/131.0"
91.141.72.19 - - [28/Oct/2024:17:52:56 +0100] "GET /gui/javascript/form_form.js?1730134376 HTTP/1.1" 200 16206 "http://hausegger.activities.at/entry.php?id=10271&&ser=134315" "Mozilla/5.0 (Windows NT 10.0; Win64; x64; rv:131.0) Gecko/20100101 Firefox/131.0"
156.59.198.136 - - [28/Oct/2024:17:53:07 +0100] "GET /renault.2web.at/htdocs/export/xml/data/orders/202001131503_RenOrder.xml HTTP/1.0" 404 325 "-" "Mozilla/5.0 (Linux; Android 5.0) AppleWebKit/537.36 (KHTML, like Gecko) Mobile Safari/537.36 (compatible; Bytespider; spider-feedback@bytedance.com)"
156.59.198.136 - - [28/Oct/2024:17:53:28 +0100] "GET /renault.2web.at/htdocs/export/xml/data/orders/202105121703_RenOrder.xml HTTP/1.0" 404 325 "-" "Mozilla/5.0 (Linux; Android 5.0) AppleWebKit/537.36 (KHTML, like Gecko) Mobile Safari/537.36 (compatible; Bytespider; spider-feedback@bytedance.com)"
156.59.198.135 - - [28/Oct/2024:17:53:49 +0100] "GET /renault.2web.at/htdocs/export/pdf/emuc_document/11600157.pdf HTTP/1.0" 404 318 "-" "Mozilla/5.0 (Linux; Android 5.0) AppleWebKit/537.36 (KHTML, like Gecko) Mobile Safari/537.36 (compatible; Bytespider; spider-feedback@bytedance.com)"
91.141.72.19 - - [28/Oct/2024:17:53:56 +0100] "GET /entry.php?id=10271&&ser=134376 HTTP/1.1" 200 988 "http://hausegger.activities.at/entry.php?id=10271&&ser=134315" "Mozilla/5.0 (Windows NT 10.0; Win64; x64; rv:131.0) Gecko/20100101 Firefox/131.0"
91.141.72.19 - - [28/Oct/2024:17:53:56 +0100] "GET /gui/javascript/form_form.js?1730134436 HTTP/1.1" 200 16206 "http://hausegger.activities.at/entry.php?id=10271&&ser=134376" "Mozilla/5.0 (Windows NT 10.0; Win64; x64; rv:131.0) Gecko/20100101 Firefox/131.0"
156.59.198.136 - - [28/Oct/2024:17:54:10 +0100] "GET /renault.2web.at/htdocs/export/pdf/emuc_document/11228912.pdf HTTP/1.0" 404 318 "-" "Mozilla/5.0 (Linux; Android 5.0) AppleWebKit/537.36 (KHTML, like Gecko) Mobile Safari/537.36 (compatible; Bytespider; spider-feedback@bytedance.com)"
156.59.198.135 - - [28/Oct/2024:17:54:31 +0100] "GET /renault.2web.at/htdocs/export/pdf/emuc_document/10847583.pdf HTTP/1.0" 404 319 "-" "Mozilla/5.0 (Linux; Android 5.0) AppleWebKit/537.36 (KHTML, like Gecko) Mobile Safari/537.36 (compatible; Bytespider; spider-feedback@bytedance.com)"
156.59.198.135 - - [28/Oct/2024:17:54:53 +0100] "GET /renault.2web.at/htdocs/export/pdf/emuc_document/12001502.pdf HTTP/1.0" 404 318 "-" "Mozilla/5.0 (Linux; Android 5.0) AppleWebKit/537.36 (KHTML, like Gecko) Mobile Safari/537.36 (compatible; Bytespider; spider-feedback@bytedance.com)"
91.141.72.19 - - [28/Oct/2024:17:54:56 +0100] "GET /entry.php?id=10271&&ser=134436 HTTP/1.1" 200 987 "http://hausegger.activities.at/entry.php?id=10271&&ser=134376" "Mozilla/5.0 (Windows NT 10.0; Win64; x64; rv:131.0) Gecko/20100101 Firefox/131.0"
91.141.72.19 - - [28/Oct/2024:17:54:56 +0100] "GET /gui/javascript/form_form.js?1730134496 HTTP/1.1" 200 16206 "http://hausegger.activities.at/entry.php?id=10271&&ser=134436" "Mozilla/5.0 (Windows NT 10.0; Win64; x64; rv:131.0) Gecko/20100101 Firefox/131.0"
156.59.198.136 - - [28/Oct/2024:17:55:14 +0100] "GET /renault.2web.at/htdocs/export/pdf/emuc_document/11167663.pdf HTTP/1.0" 404 319 "-" "Mozilla/5.0 (Linux; Android 5.0) AppleWebKit/537.36 (KHTML, like Gecko) Mobile Safari/537.36 (compatible; Bytespider; spider-feedback@bytedance.com)"
156.59.198.135 - - [28/Oct/2024:17:55:36 +0100] "GET /renault.activities.at/htdocs/export/pdf/emuc_document/10314823.pdf HTTP/1.0" 404 322 "-" "Mozilla/5.0 (Linux; Android 5.0) AppleWebKit/537.36 (KHTML, like Gecko) Mobile Safari/537.36 (compatible; Bytespider; spider-feedback@bytedance.com)"
91.141.72.19 - - [28/Oct/2024:17:55:56 +0100] "GET /entry.php?id=10271&&ser=134496 HTTP/1.1" 200 987 "http://hausegger.activities.at/entry.php?id=10271&&ser=134436" "Mozilla/5.0 (Windows NT 10.0; Win64; x64; rv:131.0) Gecko/20100101 Firefox/131.0"
91.141.72.19 - - [28/Oct/2024:17:55:57 +0100] "GET /gui/javascript/form_form.js?1730134556 HTTP/1.1" 200 16206 "http://hausegger.activities.at/entry.php?id=10271&&ser=134496" "Mozilla/5.0 (Windows NT 10.0; Win64; x64; rv:131.0) Gecko/20100101 Firefox/131.0"
156.59.198.136 - - [28/Oct/2024:17:55:57 +0100] "GET /renault.2web.at/htdocs/export/pdf/emuc_document/11757457.pdf HTTP/1.0" 404 319 "-" "Mozilla/5.0 (Linux; Android 5.0) AppleWebKit/537.36 (KHTML, like Gecko) Mobile Safari/537.36 (compatible; Bytespider; spider-feedback@bytedance.com)"
156.59.198.135 - - [28/Oct/2024:17:56:17 +0100] "GET /renault.2web.at/htdocs/export/xml/data/orders/202011061003_RenOrder.xml HTTP/1.0" 404 324 "-" "Mozilla/5.0 (Linux; Android 5.0) AppleWebKit/537.36 (KHTML, like Gecko) Mobile Safari/537.36 (compatible; Bytespider; spider-feedback@bytedance.com)"
156.59.198.136 - - [28/Oct/2024:17:56:39 +0100] "GET /renault.activities.at/htdocs/export/pdf/emuc_document/12299601.pdf HTTP/1.0" 404 321 "-" "Mozilla/5.0 (Linux; Android 5.0) AppleWebKit/537.36 (KHTML, like Gecko) Mobile Safari/537.36 (compatible; Bytespider; spider-feedback@bytedance.com)"
91.141.72.19 - - [28/Oct/2024:17:56:57 +0100] "GET /entry.php?id=10271&&ser=134556 HTTP/1.1" 200 987 "http://hausegger.activities.at/entry.php?id=10271&&ser=134496" "Mozilla/5.0 (Windows NT 10.0; Win64; x64; rv:131.0) Gecko/20100101 Firefox/131.0"
91.141.72.19 - - [28/Oct/2024:17:56:57 +0100] "GET /gui/javascript/form_form.js?1730134617 HTTP/1.1" 200 16206 "http://hausegger.activities.at/entry.php?id=10271&&ser=134556" "Mozilla/5.0 (Windows NT 10.0; Win64; x64; rv:131.0) Gecko/20100101 Firefox/131.0"
156.59.198.135 - - [28/Oct/2024:17:57:01 +0100] "GET /renault.2web.at/htdocs/export/xml/data/orders/202012141503_RenOrder.xml HTTP/1.0" 404 325 "-" "Mozilla/5.0 (Linux; Android 5.0) AppleWebKit/537.36 (KHTML, like Gecko) Mobile Safari/537.36 (compatible; Bytespider; spider-feedback@bytedance.com)"
156.59.198.135 - - [28/Oct/2024:17:57:22 +0100] "GET /renault.2web.at/htdocs/export/pdf/emuc_document/10936725.pdf HTTP/1.0" 404 319 "-" "Mozilla/5.0 (Linux; Android 5.0) AppleWebKit/537.36 (KHTML, like Gecko) Mobile Safari/537.36 (compatible; Bytespider; spider-feedback@bytedance.com)"
156.59.198.136 - - [28/Oct/2024:17:57:43 +0100] "GET /renault.2web.at/htdocs/export/xml/data/orders/202005140703_RenOrder.xml HTTP/1.0" 404 325 "-" "Mozilla/5.0 (Linux; Android 5.0) AppleWebKit/537.36 (KHTML, like Gecko) Mobile Safari/537.36 (compatible; Bytespider; spider-feedback@bytedance.com)"
91.141.72.19 - - [28/Oct/2024:17:57:57 +0100] "GET /entry.php?id=10271&&ser=134617 HTTP/1.1" 200 987 "http://hausegger.activities.at/entry.php?id=10271&&ser=134556" "Mozilla/5.0 (Windows NT 10.0; Win64; x64; rv:131.0) Gecko/20100101 Firefox/131.0"
91.141.72.19 - - [28/Oct/2024:17:57:57 +0100] "GET /gui/javascript/form_form.js?1730134677 HTTP/1.1" 200 16206 "http://hausegger.activities.at/entry.php?id=10271&&ser=134617" "Mozilla/5.0 (Windows NT 10.0; Win64; x64; rv:131.0) Gecko/20100101 Firefox/131.0"
156.59.198.135 - - [28/Oct/2024:17:58:04 +0100] "GET /renault.2web.at/htdocs/export/pdf/emuc_document/11548411.pdf HTTP/1.0" 404 318 "-" "Mozilla/5.0 (Linux; Android 5.0) AppleWebKit/537.36 (KHTML, like Gecko) Mobile Safari/537.36 (compatible; Bytespider; spider-feedback@bytedance.com)"
156.59.198.136 - - [28/Oct/2024:17:58:25 +0100] "GET /renault.2web.at/htdocs/export/pdf/emuc_document/12493070.pdf HTTP/1.0" 404 319 "-" "Mozilla/5.0 (Linux; Android 5.0) AppleWebKit/537.36 (KHTML, like Gecko) Mobile Safari/537.36 (compatible; Bytespider; spider-feedback@bytedance.com)"
156.59.198.135 - - [28/Oct/2024:17:58:46 +0100] "GET /renault.2web.at/htdocs/export/xml/data/articles/202112021403_RenArticle.xml HTTP/1.0" 404 326 "-" "Mozilla/5.0 (Linux; Android 5.0) AppleWebKit/537.36 (KHTML, like Gecko) Mobile Safari/537.36 (compatible; Bytespider; spider-feedback@bytedance.com)"
91.141.72.19 - - [28/Oct/2024:17:58:57 +0100] "GET /entry.php?id=10271&&ser=134677 HTTP/1.1" 200 986 "http://hausegger.activities.at/entry.php?id=10271&&ser=134617" "Mozilla/5.0 (Windows NT 10.0; Win64; x64; rv:131.0) Gecko/20100101 Firefox/131.0"
91.141.72.19 - - [28/Oct/2024:17:58:57 +0100] "GET /gui/javascript/form_form.js?1730134737 HTTP/1.1" 200 16206 "http://hausegger.activities.at/entry.php?id=10271&&ser=134677" "Mozilla/5.0 (Windows NT 10.0; Win64; x64; rv:131.0) Gecko/20100101 Firefox/131.0"
80.82.78.39 - - [28/Oct/2024:17:59:05 +0100] "GET / HTTP/1.1" 200 423 "-" "Mozilla/5.0"
80.82.78.39 - - [28/Oct/2024:17:59:07 +0100] "\x16\x03\x01" 400 383 "-" "-"
156.59.198.135 - - [28/Oct/2024:17:59:08 +0100] "GET /renault.2web.at/htdocs/export/pdf/emuc_document/10762744.pdf HTTP/1.0" 404 319 "-" "Mozilla/5.0 (Linux; Android 5.0) AppleWebKit/537.36 (KHTML, like Gecko) Mobile Safari/537.36 (compatible; Bytespider; spider-feedback@bytedance.com)"
156.59.198.135 - - [28/Oct/2024:17:59:29 +0100] "GET /renault.2web.at/htdocs/export/xml/data/orders/202105041103_RenOrder.xml HTTP/1.0" 404 325 "-" "Mozilla/5.0 (Linux; Android 5.0) AppleWebKit/537.36 (KHTML, like Gecko) Mobile Safari/537.36 (compatible; Bytespider; spider-feedback@bytedance.com)"
156.59.198.136 - - [28/Oct/2024:17:59:50 +0100] "GET /renault.2web.at/htdocs/export/pdf/emuc_document/11600063.pdf HTTP/1.0" 404 319 "-" "Mozilla/5.0 (Linux; Android 5.0) AppleWebKit/537.36 (KHTML, like Gecko) Mobile Safari/537.36 (compatible; Bytespider; spider-feedback@bytedance.com)"
91.141.72.19 - - [28/Oct/2024:17:59:58 +0100] "GET /entry.php?id=10271&&ser=134737 HTTP/1.1" 200 987 "http://hausegger.activities.at/entry.php?id=10271&&ser=134677" "Mozilla/5.0 (Windows NT 10.0; Win64; x64; rv:131.0) Gecko/20100101 Firefox/131.0"
91.141.72.19 - - [28/Oct/2024:17:59:58 +0100] "GET /gui/javascript/form_form.js?1730134798 HTTP/1.1" 200 16206 "http://hausegger.activities.at/entry.php?id=10271&&ser=134737" "Mozilla/5.0 (Windows NT 10.0; Win64; x64; rv:131.0) Gecko/20100101 Firefox/131.0"
156.59.198.136 - - [28/Oct/2024:18:00:11 +0100] "GET /renault.2web.at/htdocs/export/pdf/emuc_document/11851318.pdf HTTP/1.0" 404 318 "-" "Mozilla/5.0 (Linux; Android 5.0) AppleWebKit/537.36 (KHTML, like Gecko) Mobile Safari/537.36 (compatible; Bytespider; spider-feedback@bytedance.com)"
156.59.198.136 - - [28/Oct/2024:18:00:32 +0100] "GET /renault.2web.at/htdocs/export/xml/data/orders/202001240903_RenOrder.xml HTTP/1.0" 404 325 "-" "Mozilla/5.0 (Linux; Android 5.0) AppleWebKit/537.36 (KHTML, like Gecko) Mobile Safari/537.36 (compatible; Bytespider; spider-feedback@bytedance.com)"
156.59.198.136 - - [28/Oct/2024:18:00:53 +0100] "GET /renault.2web.at/htdocs/export/pdf/emuc_document/11076746.pdf HTTP/1.0" 404 319 "-" "Mozilla/5.0 (Linux; Android 5.0) AppleWebKit/537.36 (KHTML, like Gecko) Mobile Safari/537.36 (compatible; Bytespider; spider-feedback@bytedance.com)"
91.141.72.19 - - [28/Oct/2024:18:00:58 +0100] "GET /entry.php?id=10271&&ser=134798 HTTP/1.1" 200 987 "http://hausegger.activities.at/entry.php?id=10271&&ser=134737" "Mozilla/5.0 (Windows NT 10.0; Win64; x64; rv:131.0) Gecko/20100101 Firefox/131.0"
91.141.72.19 - - [28/Oct/2024:18:00:58 +0100] "GET /gui/javascript/form_form.js?1730134858 HTTP/1.1" 200 16206 "http://hausegger.activities.at/entry.php?id=10271&&ser=134798" "Mozilla/5.0 (Windows NT 10.0; Win64; x64; rv:131.0) Gecko/20100101 Firefox/131.0"
156.59.198.136 - - [28/Oct/2024:18:01:14 +0100] "GET /renault.2web.at/htdocs/export/pdf/emuc_document/11013215.pdf HTTP/1.0" 404 318 "-" "Mozilla/5.0 (Linux; Android 5.0) AppleWebKit/537.36 (KHTML, like Gecko) Mobile Safari/537.36 (compatible; Bytespider; spider-feedback@bytedance.com)"
156.59.198.136 - - [28/Oct/2024:18:01:35 +0100] "GET /renault.2web.at/htdocs/export/pdf/emuc_document/11772837.pdf HTTP/1.0" 404 319 "-" "Mozilla/5.0 (Linux; Android 5.0) AppleWebKit/537.36 (KHTML, like Gecko) Mobile Safari/537.36 (compatible; Bytespider; spider-feedback@bytedance.com)"
156.59.198.135 - - [28/Oct/2024:18:01:57 +0100] "GET /renault.2web.at/htdocs/export/pdf/emuc_document/11250519.pdf HTTP/1.0" 404 318 "-" "Mozilla/5.0 (Linux; Android 5.0) AppleWebKit/537.36 (KHTML, like Gecko) Mobile Safari/537.36 (compatible; Bytespider; spider-feedback@bytedance.com)"
91.141.72.19 - - [28/Oct/2024:18:01:58 +0100] "GET /entry.php?id=10271&&ser=134858 HTTP/1.1" 200 987 "http://hausegger.activities.at/entry.php?id=10271&&ser=134798" "Mozilla/5.0 (Windows NT 10.0; Win64; x64; rv:131.0) Gecko/20100101 Firefox/131.0"
91.141.72.19 - - [28/Oct/2024:18:01:58 +0100] "GET /gui/javascript/form_form.js?1730134918 HTTP/1.1" 200 16206 "http://hausegger.activities.at/entry.php?id=10271&&ser=134858" "Mozilla/5.0 (Windows NT 10.0; Win64; x64; rv:131.0) Gecko/20100101 Firefox/131.0"
156.59.198.135 - - [28/Oct/2024:18:02:18 +0100] "GET /renault.2web.at/htdocs/export/xml/data/orders/201910171203_RenOrder.xml HTTP/1.0" 404 325 "-" "Mozilla/5.0 (Linux; Android 5.0) AppleWebKit/537.36 (KHTML, like Gecko) Mobile Safari/537.36 (compatible; Bytespider; spider-feedback@bytedance.com)"
156.59.198.135 - - [28/Oct/2024:18:02:39 +0100] "GET /renault.2web.at/htdocs/export/pdf/emuc_document/12002319.pdf HTTP/1.0" 404 318 "-" "Mozilla/5.0 (Linux; Android 5.0) AppleWebKit/537.36 (KHTML, like Gecko) Mobile Safari/537.36 (compatible; Bytespider; spider-feedback@bytedance.com)"
91.141.72.19 - - [28/Oct/2024:18:02:58 +0100] "GET /entry.php?id=10271&&ser=134918 HTTP/1.1" 200 987 "http://hausegger.activities.at/entry.php?id=10271&&ser=134858" "Mozilla/5.0 (Windows NT 10.0; Win64; x64; rv:131.0) Gecko/20100101 Firefox/131.0"
91.141.72.19 - - [28/Oct/2024:18:02:59 +0100] "GET /gui/javascript/form_form.js?1730134979 HTTP/1.1" 200 16206 "http://hausegger.activities.at/entry.php?id=10271&&ser=134918" "Mozilla/5.0 (Windows NT 10.0; Win64; x64; rv:131.0) Gecko/20100101 Firefox/131.0"
156.59.198.136 - - [28/Oct/2024:18:03:00 +0100] "GET /renault.2web.at/htdocs/export/pdf/emuc_document/12478540.pdf HTTP/1.0" 404 319 "-" "Mozilla/5.0 (Linux; Android 5.0) AppleWebKit/537.36 (KHTML, like Gecko) Mobile Safari/537.36 (compatible; Bytespider; spider-feedback@bytedance.com)"
156.59.198.135 - - [28/Oct/2024:18:03:21 +0100] "GET /renault.2web.at/htdocs/export/pdf/emuc_document/10608502.pdf HTTP/1.0" 404 318 "-" "Mozilla/5.0 (Linux; Android 5.0) AppleWebKit/537.36 (KHTML, like Gecko) Mobile Safari/537.36 (compatible; Bytespider; spider-feedback@bytedance.com)"
91.141.72.19 - - [28/Oct/2024:18:03:26 +0100] "GET /entry.php?id=11237&type=10665 HTTP/1.1" 200 276 "http://hausegger.activities.at/entry.php?id=10828" "Mozilla/5.0 (Windows NT 10.0; Win64; x64; rv:131.0) Gecko/20100101 Firefox/131.0"
91.141.72.19 - - [28/Oct/2024:18:03:26 +0100] "GET /entry.php?id=10676&&title=Belegsuche HTTP/1.1" 200 1391 "http://hausegger.activities.at/entry.php?id=11237&type=10665" "Mozilla/5.0 (Windows NT 10.0; Win64; x64; rv:131.0) Gecko/20100101 Firefox/131.0"
91.141.72.19 - - [28/Oct/2024:18:03:27 +0100] "GET /gui/javascript/form_form.js?1730135007 HTTP/1.1" 200 16206 "http://hausegger.activities.at/entry.php?id=10676&&title=Belegsuche" "Mozilla/5.0 (Windows NT 10.0; Win64; x64; rv:131.0) Gecko/20100101 Firefox/131.0"
91.141.72.19 - - [28/Oct/2024:18:03:26 +0100] "GET /entry.php?id=11240&mode=document&form=10665& HTTP/1.1" 200 2671 "http://hausegger.activities.at/entry.php?id=11237&type=10665" "Mozilla/5.0 (Windows NT 10.0; Win64; x64; rv:131.0) Gecko/20100101 Firefox/131.0"
91.141.72.19 - - [28/Oct/2024:18:03:27 +0100] "GET /gui/javascript/form_bu_document_workflow.js?1730135007 HTTP/1.1" 200 4900 "http://hausegger.activities.at/entry.php?id=11240&mode=document&form=10665&" "Mozilla/5.0 (Windows NT 10.0; Win64; x64; rv:131.0) Gecko/20100101 Firefox/131.0"
91.141.72.19 - - [28/Oct/2024:18:03:26 +0100] "GET /entry.php?id=11239&mode=document&form=10665& HTTP/1.1" 200 2018 "http://hausegger.activities.at/entry.php?id=11237&type=10665" "Mozilla/5.0 (Windows NT 10.0; Win64; x64; rv:131.0) Gecko/20100101 Firefox/131.0"
91.141.72.19 - - [28/Oct/2024:18:03:27 +0100] "GET /framework/icons/treeview/ftv2doc.gif HTTP/1.1" 200 199 "http://hausegger.activities.at/entry.php?id=11239&mode=document&form=10665&" "Mozilla/5.0 (Windows NT 10.0; Win64; x64; rv:131.0) Gecko/20100101 Firefox/131.0"
91.141.72.19 - - [28/Oct/2024:18:03:26 +0100] "GET /entry.php?id=11238&mode=document&form=10665& HTTP/1.1" 200 3304 "http://hausegger.activities.at/entry.php?id=11237&type=10665" "Mozilla/5.0 (Windows NT 10.0; Win64; x64; rv:131.0) Gecko/20100101 Firefox/131.0"
91.141.72.19 - - [28/Oct/2024:18:03:27 +0100] "GET /gui/images/icons/kalender.gif HTTP/1.1" 200 564 "http://hausegger.activities.at/entry.php?id=11238&mode=document&form=10665&" "Mozilla/5.0 (Windows NT 10.0; Win64; x64; rv:131.0) Gecko/20100101 Firefox/131.0"
91.141.72.19 - - [28/Oct/2024:18:03:27 +0100] "GET /entry.php?id=10776&form=11066&name=list& HTTP/1.1" 200 1513 "http://hausegger.activities.at/entry.php?id=11240&mode=document&form=10665&" "Mozilla/5.0 (Windows NT 10.0; Win64; x64; rv:131.0) Gecko/20100101 Firefox/131.0"
91.141.72.19 - - [28/Oct/2024:18:03:27 +0100] "GET /entry.php?id=10778&form=11066&name=list& HTTP/1.1" 200 2586 "http://hausegger.activities.at/entry.php?id=11240&mode=document&form=10665&" "Mozilla/5.0 (Windows NT 10.0; Win64; x64; rv:131.0) Gecko/20100101 Firefox/131.0"
91.141.72.19 - - [28/Oct/2024:18:03:27 +0100] "GET /framework/icons/fwx_trans.gif HTTP/1.1" 200 43 "http://hausegger.activities.at/entry.php?id=10776&form=11066&name=list&" "Mozilla/5.0 (Windows NT 10.0; Win64; x64; rv:131.0) Gecko/20100101 Firefox/131.0"
91.141.72.19 - - [28/Oct/2024:18:03:27 +0100] "GET /framework/icons/sortUp.gif HTTP/1.1" 200 53 "http://hausegger.activities.at/entry.php?id=10776&form=11066&name=list&" "Mozilla/5.0 (Windows NT 10.0; Win64; x64; rv:131.0) Gecko/20100101 Firefox/131.0"
91.141.72.19 - - [28/Oct/2024:18:03:30 +0100] "POST /entry.php?id=11240 HTTP/1.1" 200 2672 "http://hausegger.activities.at/entry.php?id=11240&mode=document&form=10665&" "Mozilla/5.0 (Windows NT 10.0; Win64; x64; rv:131.0) Gecko/20100101 Firefox/131.0"
91.141.72.19 - - [28/Oct/2024:18:03:30 +0100] "GET /gui/javascript/form_bu_document_workflow.js?1730135010 HTTP/1.1" 200 4900 "http://hausegger.activities.at/entry.php?id=11240" "Mozilla/5.0 (Windows NT 10.0; Win64; x64; rv:131.0) Gecko/20100101 Firefox/131.0"
91.141.72.19 - - [28/Oct/2024:18:03:30 +0100] "GET /gui/javascript/form_form.js?1730135010 HTTP/1.1" 200 16206 "http://hausegger.activities.at/entry.php?id=11240" "Mozilla/5.0 (Windows NT 10.0; Win64; x64; rv:131.0) Gecko/20100101 Firefox/131.0"
91.141.72.19 - - [28/Oct/2024:18:03:30 +0100] "GET /entry.php?id=10778&form=11066&name=list& HTTP/1.1" 200 3096 "http://hausegger.activities.at/entry.php?id=11240" "Mozilla/5.0 (Windows NT 10.0; Win64; x64; rv:131.0) Gecko/20100101 Firefox/131.0"
91.141.72.19 - - [28/Oct/2024:18:03:30 +0100] "GET /entry.php?id=10776&form=11066&name=list& HTTP/1.1" 200 1513 "http://hausegger.activities.at/entry.php?id=11240" "Mozilla/5.0 (Windows NT 10.0; Win64; x64; rv:131.0) Gecko/20100101 Firefox/131.0"
156.59.198.136 - - [28/Oct/2024:18:03:42 +0100] "GET /renault.2web.at/htdocs/export/pdf/emuc_document/10659574.pdf HTTP/1.0" 404 319 "-" "Mozilla/5.0 (Linux; Android 5.0) AppleWebKit/537.36 (KHTML, like Gecko) Mobile Safari/537.36 (compatible; Bytespider; spider-feedback@bytedance.com)"
91.141.72.19 - - [28/Oct/2024:18:03:59 +0100] "GET /entry.php?id=10271&&ser=134979 HTTP/1.1" 200 988 "http://hausegger.activities.at/entry.php?id=10271&&ser=134918" "Mozilla/5.0 (Windows NT 10.0; Win64; x64; rv:131.0) Gecko/20100101 Firefox/131.0"
91.141.72.19 - - [28/Oct/2024:18:03:59 +0100] "GET /gui/javascript/form_form.js?1730135039 HTTP/1.1" 200 16206 "http://hausegger.activities.at/entry.php?id=10271&&ser=134979" "Mozilla/5.0 (Windows NT 10.0; Win64; x64; rv:131.0) Gecko/20100101 Firefox/131.0"
156.59.198.136 - - [28/Oct/2024:18:04:04 +0100] "GET /renault.2web.at/htdocs/export/pdf/emuc_document/11824056.pdf HTTP/1.0" 404 318 "-" "Mozilla/5.0 (Linux; Android 5.0) AppleWebKit/537.36 (KHTML, like Gecko) Mobile Safari/537.36 (compatible; Bytespider; spider-feedback@bytedance.com)"
156.59.198.135 - - [28/Oct/2024:18:04:24 +0100] "GET /renault.2web.at/htdocs/export/pdf/emuc_document/11907525.pdf HTTP/1.0" 404 319 "-" "Mozilla/5.0 (Linux; Android 5.0) AppleWebKit/537.36 (KHTML, like Gecko) Mobile Safari/537.36 (compatible; Bytespider; spider-feedback@bytedance.com)"
156.59.198.136 - - [28/Oct/2024:18:04:45 +0100] "GET /renault.2web.at/htdocs/export/pdf/emuc_document/11502446.pdf HTTP/1.0" 404 318 "-" "Mozilla/5.0 (Linux; Android 5.0) AppleWebKit/537.36 (KHTML, like Gecko) Mobile Safari/537.36 (compatible; Bytespider; spider-feedback@bytedance.com)"
91.141.72.19 - - [28/Oct/2024:18:04:59 +0100] "GET /entry.php?id=10271&&ser=135039 HTTP/1.1" 200 987 "http://hausegger.activities.at/entry.php?id=10271&&ser=134979" "Mozilla/5.0 (Windows NT 10.0; Win64; x64; rv:131.0) Gecko/20100101 Firefox/131.0"
91.141.72.19 - - [28/Oct/2024:18:04:59 +0100] "GET /gui/javascript/form_form.js?1730135099 HTTP/1.1" 200 16206 "http://hausegger.activities.at/entry.php?id=10271&&ser=135039" "Mozilla/5.0 (Windows NT 10.0; Win64; x64; rv:131.0) Gecko/20100101 Firefox/131.0"
156.59.198.135 - - [28/Oct/2024:18:05:06 +0100] "GET /renault.2web.at/htdocs/export/pdf/emuc_document/12478514.pdf HTTP/1.0" 404 318 "-" "Mozilla/5.0 (Linux; Android 5.0) AppleWebKit/537.36 (KHTML, like Gecko) Mobile Safari/537.36 (compatible; Bytespider; spider-feedback@bytedance.com)"
156.59.198.136 - - [28/Oct/2024:18:05:27 +0100] "GET /renault.2web.at/htdocs/export/xml/data/orders/201910281103_RenOrder.xml HTTP/1.0" 404 325 "-" "Mozilla/5.0 (Linux; Android 5.0) AppleWebKit/537.36 (KHTML, like Gecko) Mobile Safari/537.36 (compatible; Bytespider; spider-feedback@bytedance.com)"
156.59.198.135 - - [28/Oct/2024:18:05:49 +0100] "GET /renault.2web.at/htdocs/export/pdf/emuc_document/10659536.pdf HTTP/1.0" 404 319 "-" "Mozilla/5.0 (Linux; Android 5.0) AppleWebKit/537.36 (KHTML, like Gecko) Mobile Safari/537.36 (compatible; Bytespider; spider-feedback@bytedance.com)"
91.141.72.19 - - [28/Oct/2024:18:05:59 +0100] "GET /entry.php?id=10271&&ser=135099 HTTP/1.1" 200 987 "http://hausegger.activities.at/entry.php?id=10271&&ser=135039" "Mozilla/5.0 (Windows NT 10.0; Win64; x64; rv:131.0) Gecko/20100101 Firefox/131.0"
91.141.72.19 - - [28/Oct/2024:18:05:59 +0100] "GET /gui/javascript/form_form.js?1730135159 HTTP/1.1" 200 16206 "http://hausegger.activities.at/entry.php?id=10271&&ser=135099" "Mozilla/5.0 (Windows NT 10.0; Win64; x64; rv:131.0) Gecko/20100101 Firefox/131.0"
156.59.198.135 - - [28/Oct/2024:18:06:10 +0100] "GET /renault.2web.at/htdocs/export/pdf/emuc_document/12269077.pdf HTTP/1.0" 404 319 "-" "Mozilla/5.0 (Linux; Android 5.0) AppleWebKit/537.36 (KHTML, like Gecko) Mobile Safari/537.36 (compatible; Bytespider; spider-feedback@bytedance.com)"
156.59.198.136 - - [28/Oct/2024:18:06:31 +0100] "GET /renault.2web.at/htdocs/export/xml/data/orders/202012170903_RenOrder.xml HTTP/1.0" 404 325 "-" "Mozilla/5.0 (Linux; Android 5.0) AppleWebKit/537.36 (KHTML, like Gecko) Mobile Safari/537.36 (compatible; Bytespider; spider-feedback@bytedance.com)"
156.59.198.135 - - [28/Oct/2024:18:06:52 +0100] "GET /renault.2web.at/htdocs/export/xml/data/orders/202104281103_RenOrder.xml HTTP/1.0" 404 325 "-" "Mozilla/5.0 (Linux; Android 5.0) AppleWebKit/537.36 (KHTML, like Gecko) Mobile Safari/537.36 (compatible; Bytespider; spider-feedback@bytedance.com)"
91.141.72.19 - - [28/Oct/2024:18:07:00 +0100] "GET /entry.php?id=10271&&ser=135159 HTTP/1.1" 200 987 "http://hausegger.activities.at/entry.php?id=10271&&ser=135099" "Mozilla/5.0 (Windows NT 10.0; Win64; x64; rv:131.0) Gecko/20100101 Firefox/131.0"
91.141.72.19 - - [28/Oct/2024:18:07:00 +0100] "GET /gui/javascript/form_form.js?1730135220 HTTP/1.1" 200 16206 "http://hausegger.activities.at/entry.php?id=10271&&ser=135159" "Mozilla/5.0 (Windows NT 10.0; Win64; x64; rv:131.0) Gecko/20100101 Firefox/131.0"
156.59.198.135 - - [28/Oct/2024:18:07:13 +0100] "GET /renault.2web.at/htdocs/export/pdf/emuc_document/10668154.pdf HTTP/1.0" 404 318 "-" "Mozilla/5.0 (Linux; Android 5.0) AppleWebKit/537.36 (KHTML, like Gecko) Mobile Safari/537.36 (compatible; Bytespider; spider-feedback@bytedance.com)"
156.59.198.136 - - [28/Oct/2024:18:07:35 +0100] "GET /renault.2web.at/htdocs/export/pdf/emuc_document/10949128.pdf HTTP/1.0" 404 318 "-" "Mozilla/5.0 (Linux; Android 5.0) AppleWebKit/537.36 (KHTML, like Gecko) Mobile Safari/537.36 (compatible; Bytespider; spider-feedback@bytedance.com)"
156.59.198.135 - - [28/Oct/2024:18:07:55 +0100] "GET /renault.2web.at/htdocs/export/pdf/emuc_document/12478587.pdf HTTP/1.0" 404 319 "-" "Mozilla/5.0 (Linux; Android 5.0) AppleWebKit/537.36 (KHTML, like Gecko) Mobile Safari/537.36 (compatible; Bytespider; spider-feedback@bytedance.com)"
91.141.72.19 - - [28/Oct/2024:18:08:00 +0100] "GET /entry.php?id=10271&&ser=135220 HTTP/1.1" 200 987 "http://hausegger.activities.at/entry.php?id=10271&&ser=135159" "Mozilla/5.0 (Windows NT 10.0; Win64; x64; rv:131.0) Gecko/20100101 Firefox/131.0"
91.141.72.19 - - [28/Oct/2024:18:08:00 +0100] "GET /gui/javascript/form_form.js?1730135280 HTTP/1.1" 200 16206 "http://hausegger.activities.at/entry.php?id=10271&&ser=135220" "Mozilla/5.0 (Windows NT 10.0; Win64; x64; rv:131.0) Gecko/20100101 Firefox/131.0"
156.59.198.136 - - [28/Oct/2024:18:08:17 +0100] "GET /renault.2web.at/htdocs/export/xml/data/orders/201908171103_RenOrder.xml HTTP/1.0" 404 325 "-" "Mozilla/5.0 (Linux; Android 5.0) AppleWebKit/537.36 (KHTML, like Gecko) Mobile Safari/537.36 (compatible; Bytespider; spider-feedback@bytedance.com)"
156.59.198.136 - - [28/Oct/2024:18:08:38 +0100] "GET /renault.2web.at/htdocs/export/pdf/emuc_document/10712391.pdf HTTP/1.0" 404 319 "-" "Mozilla/5.0 (Linux; Android 5.0) AppleWebKit/537.36 (KHTML, like Gecko) Mobile Safari/537.36 (compatible; Bytespider; spider-feedback@bytedance.com)"
156.59.198.136 - - [28/Oct/2024:18:08:59 +0100] "GET /renault.2web.at/htdocs/export/pdf/emuc_document/12417367.pdf HTTP/1.0" 404 319 "-" "Mozilla/5.0 (Linux; Android 5.0) AppleWebKit/537.36 (KHTML, like Gecko) Mobile Safari/537.36 (compatible; Bytespider; spider-feedback@bytedance.com)"
