91.141.72.19 - - [28/Oct/2024:11:27:22 +0100] "GET /entry.php?id=10776&form=10560&name=list& HTTP/1.1" 200 2179 "http://hausegger.activities.at/entry.php?id=10715&" "Mozilla/5.0 (Windows NT 10.0; Win64; x64; rv:131.0) Gecko/20100101 Firefox/131.0"
156.59.198.136 - - [28/Oct/2024:11:27:22 +0100] "GET /renault.2web.at/htdocs/export/pdf/emuc_document/12478521.pdf HTTP/1.0" 404 319 "-" "Mozilla/5.0 (Linux; Android 5.0) AppleWebKit/537.36 (KHTML, like Gecko) Mobile Safari/537.36 (compatible; Bytespider; spider-feedback@bytedance.com)"
91.141.72.19 - - [28/Oct/2024:11:27:22 +0100] "GET /entry.php?id=10714&checksegmentation=false& HTTP/1.1" 200 4149 "http://hausegger.activities.at/entry.php?id=10712" "Mozilla/5.0 (Windows NT 10.0; Win64; x64; rv:131.0) Gecko/20100101 Firefox/131.0"
91.141.72.19 - - [28/Oct/2024:11:27:22 +0100] "GET /activities/framework/KoolControls/KoolAjax/koolajax.php?8436e354c842500aba3cbaf0584c0c24 HTTP/1.1" 200 4079 "http://hausegger.activities.at/entry.php?id=10714&checksegmentation=false&" "Mozilla/5.0 (Windows NT 10.0; Win64; x64; rv:131.0) Gecko/20100101 Firefox/131.0"
91.141.72.19 - - [28/Oct/2024:11:27:22 +0100] "GET /activities/framework/KoolControls/KoolTreeView/kooltreeview.php?c7cd9180e88ffef8e70f13526bb4f5f7 HTTP/1.1" 200 5055 "http://hausegger.activities.at/entry.php?id=10714&checksegmentation=false&" "Mozilla/5.0 (Windows NT 10.0; Win64; x64; rv:131.0) Gecko/20100101 Firefox/131.0"
91.141.72.19 - - [28/Oct/2024:11:27:25 +0100] "POST /entry.php?id=10715 HTTP/1.1" 200 2551 "http://hausegger.activities.at/entry.php?id=10715&" "Mozilla/5.0 (Windows NT 10.0; Win64; x64; rv:131.0) Gecko/20100101 Firefox/131.0"
91.141.72.19 - - [28/Oct/2024:11:27:25 +0100] "GET /gui/javascript/form_form.js?1730111245 HTTP/1.1" 200 16206 "http://hausegger.activities.at/entry.php?id=10715" "Mozilla/5.0 (Windows NT 10.0; Win64; x64; rv:131.0) Gecko/20100101 Firefox/131.0"
91.141.72.19 - - [28/Oct/2024:11:27:25 +0100] "GET /entry.php?id=10778&form=10560&name=list& HTTP/1.1" 200 2689 "http://hausegger.activities.at/entry.php?id=10715" "Mozilla/5.0 (Windows NT 10.0; Win64; x64; rv:131.0) Gecko/20100101 Firefox/131.0"
91.141.72.19 - - [28/Oct/2024:11:27:25 +0100] "GET /entry.php?id=10776&form=10560&name=list& HTTP/1.1" 200 2188 "http://hausegger.activities.at/entry.php?id=10715" "Mozilla/5.0 (Windows NT 10.0; Win64; x64; rv:131.0) Gecko/20100101 Firefox/131.0"
91.141.72.19 - - [28/Oct/2024:11:27:26 +0100] "POST /entry.php?id=10715 HTTP/1.1" 200 2552 "http://hausegger.activities.at/entry.php?id=10715" "Mozilla/5.0 (Windows NT 10.0; Win64; x64; rv:131.0) Gecko/20100101 Firefox/131.0"
91.141.72.19 - - [28/Oct/2024:11:27:27 +0100] "GET /gui/javascript/form_form.js?1730111247 HTTP/1.1" 200 16206 "http://hausegger.activities.at/entry.php?id=10715" "Mozilla/5.0 (Windows NT 10.0; Win64; x64; rv:131.0) Gecko/20100101 Firefox/131.0"
91.141.72.19 - - [28/Oct/2024:11:27:27 +0100] "GET /entry.php?id=10776&form=10560&name=list& HTTP/1.1" 200 2188 "http://hausegger.activities.at/entry.php?id=10715" "Mozilla/5.0 (Windows NT 10.0; Win64; x64; rv:131.0) Gecko/20100101 Firefox/131.0"
91.141.72.19 - - [28/Oct/2024:11:27:27 +0100] "GET /entry.php?id=10778&form=10560&name=list& HTTP/1.1" 200 2689 "http://hausegger.activities.at/entry.php?id=10715" "Mozilla/5.0 (Windows NT 10.0; Win64; x64; rv:131.0) Gecko/20100101 Firefox/131.0"
156.59.198.136 - - [28/Oct/2024:11:27:44 +0100] "GET /renault.2web.at/htdocs/export/txt/factura/FacturaExport20141001140840.txt HTTP/1.0" 404 323 "-" "Mozilla/5.0 (Linux; Android 5.0) AppleWebKit/537.36 (KHTML, like Gecko) Mobile Safari/537.36 (compatible; Bytespider; spider-feedback@bytedance.com)"
91.141.72.19 - - [28/Oct/2024:11:28:17 +0100] "GET /entry.php?id=10271&&ser=111237 HTTP/1.1" 200 988 "http://hausegger.activities.at/entry.php?id=10271&" "Mozilla/5.0 (Windows NT 10.0; Win64; x64; rv:131.0) Gecko/20100101 Firefox/131.0"
91.141.72.19 - - [28/Oct/2024:11:28:17 +0100] "GET /gui/javascript/form_form.js?1730111297 HTTP/1.1" 200 16206 "http://hausegger.activities.at/entry.php?id=10271&&ser=111237" "Mozilla/5.0 (Windows NT 10.0; Win64; x64; rv:131.0) Gecko/20100101 Firefox/131.0"
156.59.198.135 - - [28/Oct/2024:11:28:26 +0100] "GET /renault.2web.at/htdocs/export/pdf/emuc_document/12397747.pdf HTTP/1.0" 404 319 "-" "Mozilla/5.0 (Linux; Android 5.0) AppleWebKit/537.36 (KHTML, like Gecko) Mobile Safari/537.36 (compatible; Bytespider; spider-feedback@bytedance.com)"
156.59.198.135 - - [28/Oct/2024:11:28:47 +0100] "GET /renault.2web.at/htdocs/export/pdf/emuc_document/10998663.pdf HTTP/1.0" 404 319 "-" "Mozilla/5.0 (Linux; Android 5.0) AppleWebKit/537.36 (KHTML, like Gecko) Mobile Safari/537.36 (compatible; Bytespider; spider-feedback@bytedance.com)"
156.59.198.135 - - [28/Oct/2024:11:29:08 +0100] "GET /renault.2web.at/htdocs/export/pdf/emuc_document/11642145.pdf HTTP/1.0" 404 318 "-" "Mozilla/5.0 (Linux; Android 5.0) AppleWebKit/537.36 (KHTML, like Gecko) Mobile Safari/537.36 (compatible; Bytespider; spider-feedback@bytedance.com)"
91.141.72.19 - - [28/Oct/2024:11:29:17 +0100] "GET /entry.php?id=10271&&ser=111297 HTTP/1.1" 200 987 "http://hausegger.activities.at/entry.php?id=10271&&ser=111237" "Mozilla/5.0 (Windows NT 10.0; Win64; x64; rv:131.0) Gecko/20100101 Firefox/131.0"
91.141.72.19 - - [28/Oct/2024:11:29:17 +0100] "GET /gui/javascript/form_form.js?1730111357 HTTP/1.1" 200 16206 "http://hausegger.activities.at/entry.php?id=10271&&ser=111297" "Mozilla/5.0 (Windows NT 10.0; Win64; x64; rv:131.0) Gecko/20100101 Firefox/131.0"
156.59.198.135 - - [28/Oct/2024:11:29:30 +0100] "GET /renault.2web.at/htdocs/export/xml/data/orders/202001271303_RenOrder.xml HTTP/1.0" 404 325 "-" "Mozilla/5.0 (Linux; Android 5.0) AppleWebKit/537.36 (KHTML, like Gecko) Mobile Safari/537.36 (compatible; Bytespider; spider-feedback@bytedance.com)"
156.59.198.135 - - [28/Oct/2024:11:29:50 +0100] "GET /renault.2web.at/htdocs/export/pdf/emuc_document/10637558.pdf HTTP/1.0" 404 319 "-" "Mozilla/5.0 (Linux; Android 5.0) AppleWebKit/537.36 (KHTML, like Gecko) Mobile Safari/537.36 (compatible; Bytespider; spider-feedback@bytedance.com)"
156.59.198.136 - - [28/Oct/2024:11:30:12 +0100] "GET /renault.2web.at/htdocs/export/pdf/emuc_document/12430746.pdf HTTP/1.0" 404 319 "-" "Mozilla/5.0 (Linux; Android 5.0) AppleWebKit/537.36 (KHTML, like Gecko) Mobile Safari/537.36 (compatible; Bytespider; spider-feedback@bytedance.com)"
91.141.72.19 - - [28/Oct/2024:11:30:18 +0100] "GET /entry.php?id=10271&&ser=111357 HTTP/1.1" 200 986 "http://hausegger.activities.at/entry.php?id=10271&&ser=111297" "Mozilla/5.0 (Windows NT 10.0; Win64; x64; rv:131.0) Gecko/20100101 Firefox/131.0"
91.141.72.19 - - [28/Oct/2024:11:30:18 +0100] "GET /gui/javascript/form_form.js?1730111418 HTTP/1.1" 200 16206 "http://hausegger.activities.at/entry.php?id=10271&&ser=111357" "Mozilla/5.0 (Windows NT 10.0; Win64; x64; rv:131.0) Gecko/20100101 Firefox/131.0"
103.149.13.186 - - [28/Oct/2024:11:30:23 +0100] "GET /.env HTTP/1.1" 404 280 "-" "Mozilla/5.0 (Linux; U; Android 4.4.2; en-US; HM NOTE 1W Build/KOT49H) AppleWebKit/534.30 (KHTML, like Gecko) Version/4.0 UCBrowser/11.0.5.850 U3/0.8.0 Mobile Safari/534.30"
103.149.13.186 - - [28/Oct/2024:11:30:23 +0100] "POST / HTTP/1.1" 200 274 "-" "Mozilla/5.0 (Linux; U; Android 4.4.2; en-US; HM NOTE 1W Build/KOT49H) AppleWebKit/534.30 (KHTML, like Gecko) Version/4.0 UCBrowser/11.0.5.850 U3/0.8.0 Mobile Safari/534.30"
156.59.198.135 - - [28/Oct/2024:11:30:33 +0100] "GET /renault.2web.at/htdocs/export/xml/data/articles/202103081003_RenArticle.xml HTTP/1.0" 404 327 "-" "Mozilla/5.0 (Linux; Android 5.0) AppleWebKit/537.36 (KHTML, like Gecko) Mobile Safari/537.36 (compatible; Bytespider; spider-feedback@bytedance.com)"
156.59.198.135 - - [28/Oct/2024:11:30:54 +0100] "GET /renault.2web.at/htdocs/export/pdf/emuc_document/11851326.pdf HTTP/1.0" 404 318 "-" "Mozilla/5.0 (Linux; Android 5.0) AppleWebKit/537.36 (KHTML, like Gecko) Mobile Safari/537.36 (compatible; Bytespider; spider-feedback@bytedance.com)"
156.59.198.136 - - [28/Oct/2024:11:31:16 +0100] "GET /renault.2web.at/htdocs/export/pdf/emuc_document/11829609.pdf HTTP/1.0" 404 318 "-" "Mozilla/5.0 (Linux; Android 5.0) AppleWebKit/537.36 (KHTML, like Gecko) Mobile Safari/537.36 (compatible; Bytespider; spider-feedback@bytedance.com)"
91.141.72.19 - - [28/Oct/2024:11:31:18 +0100] "GET /entry.php?id=10271&&ser=111418 HTTP/1.1" 200 986 "http://hausegger.activities.at/entry.php?id=10271&&ser=111357" "Mozilla/5.0 (Windows NT 10.0; Win64; x64; rv:131.0) Gecko/20100101 Firefox/131.0"
91.141.72.19 - - [28/Oct/2024:11:31:18 +0100] "GET /gui/javascript/form_form.js?1730111478 HTTP/1.1" 200 16206 "http://hausegger.activities.at/entry.php?id=10271&&ser=111418" "Mozilla/5.0 (Windows NT 10.0; Win64; x64; rv:131.0) Gecko/20100101 Firefox/131.0"
156.59.198.136 - - [28/Oct/2024:11:31:37 +0100] "GET /renault.2web.at/htdocs/export/pdf/emuc_document/12465128.pdf HTTP/1.0" 404 318 "-" "Mozilla/5.0 (Linux; Android 5.0) AppleWebKit/537.36 (KHTML, like Gecko) Mobile Safari/537.36 (compatible; Bytespider; spider-feedback@bytedance.com)"
156.59.198.135 - - [28/Oct/2024:11:31:57 +0100] "GET /renault.2web.at/htdocs/export/pdf/emuc_document/12094900.pdf HTTP/1.0" 404 318 "-" "Mozilla/5.0 (Linux; Android 5.0) AppleWebKit/537.36 (KHTML, like Gecko) Mobile Safari/537.36 (compatible; Bytespider; spider-feedback@bytedance.com)"
156.59.198.135 - - [28/Oct/2024:11:32:18 +0100] "GET /renault.2web.at/htdocs/export/pdf/emuc_document/10635396.pdf HTTP/1.0" 404 319 "-" "Mozilla/5.0 (Linux; Android 5.0) AppleWebKit/537.36 (KHTML, like Gecko) Mobile Safari/537.36 (compatible; Bytespider; spider-feedback@bytedance.com)"
91.141.72.19 - - [28/Oct/2024:11:32:18 +0100] "GET /entry.php?id=10271&&ser=111478 HTTP/1.1" 200 987 "http://hausegger.activities.at/entry.php?id=10271&&ser=111418" "Mozilla/5.0 (Windows NT 10.0; Win64; x64; rv:131.0) Gecko/20100101 Firefox/131.0"
91.141.72.19 - - [28/Oct/2024:11:32:18 +0100] "GET /gui/javascript/form_form.js?1730111538 HTTP/1.1" 200 16206 "http://hausegger.activities.at/entry.php?id=10271&&ser=111478" "Mozilla/5.0 (Windows NT 10.0; Win64; x64; rv:131.0) Gecko/20100101 Firefox/131.0"
156.59.198.135 - - [28/Oct/2024:11:32:40 +0100] "GET /renault.2web.at/htdocs/export/pdf/emuc_document/12383128.pdf HTTP/1.0" 404 319 "-" "Mozilla/5.0 (Linux; Android 5.0) AppleWebKit/537.36 (KHTML, like Gecko) Mobile Safari/537.36 (compatible; Bytespider; spider-feedback@bytedance.com)"
156.59.198.135 - - [28/Oct/2024:11:33:01 +0100] "GET /renault.2web.at/htdocs/export/pdf/emuc_document/12268606.pdf HTTP/1.0" 404 318 "-" "Mozilla/5.0 (Linux; Android 5.0) AppleWebKit/537.36 (KHTML, like Gecko) Mobile Safari/537.36 (compatible; Bytespider; spider-feedback@bytedance.com)"
91.141.72.19 - - [28/Oct/2024:11:33:18 +0100] "GET /entry.php?id=10271&&ser=111538 HTTP/1.1" 200 989 "http://hausegger.activities.at/entry.php?id=10271&&ser=111478" "Mozilla/5.0 (Windows NT 10.0; Win64; x64; rv:131.0) Gecko/20100101 Firefox/131.0"
91.141.72.19 - - [28/Oct/2024:11:33:19 +0100] "GET /gui/javascript/form_form.js?1730111599 HTTP/1.1" 200 16206 "http://hausegger.activities.at/entry.php?id=10271&&ser=111538" "Mozilla/5.0 (Windows NT 10.0; Win64; x64; rv:131.0) Gecko/20100101 Firefox/131.0"
156.59.198.136 - - [28/Oct/2024:11:33:22 +0100] "GET /renault.2web.at/htdocs/export/txt/factura/FacturaExport20150819171735.txt HTTP/1.0" 404 325 "-" "Mozilla/5.0 (Linux; Android 5.0) AppleWebKit/537.36 (KHTML, like Gecko) Mobile Safari/537.36 (compatible; Bytespider; spider-feedback@bytedance.com)"
156.59.198.136 - - [28/Oct/2024:11:33:43 +0100] "GET /renault.2web.at/htdocs/export/pdf/emuc_document/10426502.pdf HTTP/1.0" 404 318 "-" "Mozilla/5.0 (Linux; Android 5.0) AppleWebKit/537.36 (KHTML, like Gecko) Mobile Safari/537.36 (compatible; Bytespider; spider-feedback@bytedance.com)"
220.134.135.153 - - [28/Oct/2024:11:33:47 +0100] "GET / HTTP/1.0" 200 423 "-" "Mozilla/5.0 (Linux; U; Android 4.0.3; ko-kr; LG-L160L Build/IML74K) AppleWebkit/534.30 (KHTML, like Gecko) Version/4.0 Mobile Safari/534.30"
156.59.198.135 - - [28/Oct/2024:11:34:04 +0100] "GET /renault.activities.at/htdocs/activities/framework/KoolControls/KoolComboBox/info.xml HTTP/1.0" 404 328 "-" "Mozilla/5.0 (Linux; Android 5.0) AppleWebKit/537.36 (KHTML, like Gecko) Mobile Safari/537.36 (compatible; Bytespider; spider-feedback@bytedance.com)"
91.141.72.19 - - [28/Oct/2024:11:34:20 +0100] "GET /entry.php?id=10271&&ser=111598 HTTP/1.1" 200 986 "http://hausegger.activities.at/entry.php?id=10271&&ser=111538" "Mozilla/5.0 (Windows NT 10.0; Win64; x64; rv:131.0) Gecko/20100101 Firefox/131.0"
91.141.72.19 - - [28/Oct/2024:11:34:21 +0100] "GET /gui/javascript/form_form.js?1730111661 HTTP/1.1" 200 16206 "http://hausegger.activities.at/entry.php?id=10271&&ser=111598" "Mozilla/5.0 (Windows NT 10.0; Win64; x64; rv:131.0) Gecko/20100101 Firefox/131.0"
156.59.198.135 - - [28/Oct/2024:11:34:25 +0100] "GET /renault.2web.at/htdocs/export/pdf/emuc_document/10635449.pdf HTTP/1.0" 404 319 "-" "Mozilla/5.0 (Linux; Android 5.0) AppleWebKit/537.36 (KHTML, like Gecko) Mobile Safari/537.36 (compatible; Bytespider; spider-feedback@bytedance.com)"
156.59.198.136 - - [28/Oct/2024:11:34:46 +0100] "GET /renault.2web.at/htdocs/export/pdf/emuc_document/10371242.pdf HTTP/1.0" 404 319 "-" "Mozilla/5.0 (Linux; Android 5.0) AppleWebKit/537.36 (KHTML, like Gecko) Mobile Safari/537.36 (compatible; Bytespider; spider-feedback@bytedance.com)"
156.59.198.135 - - [28/Oct/2024:11:35:07 +0100] "GET /renault.2web.at/htdocs/export/xml/data/orders/201911251203_RenOrder.xml HTTP/1.0" 404 325 "-" "Mozilla/5.0 (Linux; Android 5.0) AppleWebKit/537.36 (KHTML, like Gecko) Mobile Safari/537.36 (compatible; Bytespider; spider-feedback@bytedance.com)"
91.141.72.19 - - [28/Oct/2024:11:35:21 +0100] "GET /entry.php?id=10271&&ser=111661 HTTP/1.1" 200 987 "http://hausegger.activities.at/entry.php?id=10271&&ser=111598" "Mozilla/5.0 (Windows NT 10.0; Win64; x64; rv:131.0) Gecko/20100101 Firefox/131.0"
91.141.72.19 - - [28/Oct/2024:11:35:21 +0100] "GET /gui/javascript/form_form.js?1730111721 HTTP/1.1" 200 16206 "http://hausegger.activities.at/entry.php?id=10271&&ser=111661" "Mozilla/5.0 (Windows NT 10.0; Win64; x64; rv:131.0) Gecko/20100101 Firefox/131.0"
156.59.198.136 - - [28/Oct/2024:11:35:29 +0100] "GET /renault.2web.at/htdocs/export/xml/data/orders/202103021503_RenOrder.xml HTTP/1.0" 404 325 "-" "Mozilla/5.0 (Linux; Android 5.0) AppleWebKit/537.36 (KHTML, like Gecko) Mobile Safari/537.36 (compatible; Bytespider; spider-feedback@bytedance.com)"
156.59.198.135 - - [28/Oct/2024:11:35:50 +0100] "GET /renault.2web.at/htdocs/export/pdf/emuc_document/12126692.pdf HTTP/1.0" 404 318 "-" "Mozilla/5.0 (Linux; Android 5.0) AppleWebKit/537.36 (KHTML, like Gecko) Mobile Safari/537.36 (compatible; Bytespider; spider-feedback@bytedance.com)"
156.59.198.136 - - [28/Oct/2024:11:36:11 +0100] "GET /renault.2web.at/htdocs/export/pdf/emuc_document/11600401.pdf HTTP/1.0" 404 318 "-" "Mozilla/5.0 (Linux; Android 5.0) AppleWebKit/537.36 (KHTML, like Gecko) Mobile Safari/537.36 (compatible; Bytespider; spider-feedback@bytedance.com)"
91.141.72.19 - - [28/Oct/2024:11:36:21 +0100] "GET /entry.php?id=10271&&ser=111721 HTTP/1.1" 200 986 "http://hausegger.activities.at/entry.php?id=10271&&ser=111661" "Mozilla/5.0 (Windows NT 10.0; Win64; x64; rv:131.0) Gecko/20100101 Firefox/131.0"
91.141.72.19 - - [28/Oct/2024:11:36:21 +0100] "GET /gui/javascript/form_form.js?1730111781 HTTP/1.1" 200 16206 "http://hausegger.activities.at/entry.php?id=10271&&ser=111721" "Mozilla/5.0 (Windows NT 10.0; Win64; x64; rv:131.0) Gecko/20100101 Firefox/131.0"
156.59.198.135 - - [28/Oct/2024:11:36:32 +0100] "GET /renault.2web.at/htdocs/export/pdf/emuc_document/12102877.pdf HTTP/1.0" 404 318 "-" "Mozilla/5.0 (Linux; Android 5.0) AppleWebKit/537.36 (KHTML, like Gecko) Mobile Safari/537.36 (compatible; Bytespider; spider-feedback@bytedance.com)"
156.59.198.136 - - [28/Oct/2024:11:36:54 +0100] "GET /renault.2web.at/htdocs/export/pdf/emuc_document/12023100.pdf HTTP/1.0" 404 318 "-" "Mozilla/5.0 (Linux; Android 5.0) AppleWebKit/537.36 (KHTML, like Gecko) Mobile Safari/537.36 (compatible; Bytespider; spider-feedback@bytedance.com)"
156.59.198.136 - - [28/Oct/2024:11:37:15 +0100] "GET /renault.2web.at/htdocs/export/pdf/emuc_document/10762904.pdf HTTP/1.0" 404 319 "-" "Mozilla/5.0 (Linux; Android 5.0) AppleWebKit/537.36 (KHTML, like Gecko) Mobile Safari/537.36 (compatible; Bytespider; spider-feedback@bytedance.com)"
91.141.72.19 - - [28/Oct/2024:11:37:21 +0100] "GET /entry.php?id=10271&&ser=111781 HTTP/1.1" 200 986 "http://hausegger.activities.at/entry.php?id=10271&&ser=111721" "Mozilla/5.0 (Windows NT 10.0; Win64; x64; rv:131.0) Gecko/20100101 Firefox/131.0"
91.141.72.19 - - [28/Oct/2024:11:37:21 +0100] "GET /gui/javascript/form_form.js?1730111841 HTTP/1.1" 200 16206 "http://hausegger.activities.at/entry.php?id=10271&&ser=111781" "Mozilla/5.0 (Windows NT 10.0; Win64; x64; rv:131.0) Gecko/20100101 Firefox/131.0"
156.59.198.135 - - [28/Oct/2024:11:37:36 +0100] "GET /renault.2web.at/htdocs/export/xml/data/address/202008260903_RenDealer.xml HTTP/1.0" 404 324 "-" "Mozilla/5.0 (Linux; Android 5.0) AppleWebKit/537.36 (KHTML, like Gecko) Mobile Safari/537.36 (compatible; Bytespider; spider-feedback@bytedance.com)"
156.59.198.135 - - [28/Oct/2024:11:37:57 +0100] "GET /renault.2web.at/htdocs/export/pdf/emuc_document/11606572.pdf HTTP/1.0" 404 319 "-" "Mozilla/5.0 (Linux; Android 5.0) AppleWebKit/537.36 (KHTML, like Gecko) Mobile Safari/537.36 (compatible; Bytespider; spider-feedback@bytedance.com)"
156.59.198.136 - - [28/Oct/2024:11:38:18 +0100] "GET /renault.2web.at/htdocs/export/txt/factura/FacturaExport20190822100028.txt HTTP/1.0" 404 323 "-" "Mozilla/5.0 (Linux; Android 5.0) AppleWebKit/537.36 (KHTML, like Gecko) Mobile Safari/537.36 (compatible; Bytespider; spider-feedback@bytedance.com)"
91.141.72.19 - - [28/Oct/2024:11:38:22 +0100] "GET /entry.php?id=10271&&ser=111841 HTTP/1.1" 200 987 "http://hausegger.activities.at/entry.php?id=10271&&ser=111781" "Mozilla/5.0 (Windows NT 10.0; Win64; x64; rv:131.0) Gecko/20100101 Firefox/131.0"
91.141.72.19 - - [28/Oct/2024:11:38:22 +0100] "GET /gui/javascript/form_form.js?1730111902 HTTP/1.1" 200 16206 "http://hausegger.activities.at/entry.php?id=10271&&ser=111841" "Mozilla/5.0 (Windows NT 10.0; Win64; x64; rv:131.0) Gecko/20100101 Firefox/131.0"
156.59.198.136 - - [28/Oct/2024:11:38:39 +0100] "GET /renault.2web.at/htdocs/export/pdf/emuc_document/12333569.pdf HTTP/1.0" 404 319 "-" "Mozilla/5.0 (Linux; Android 5.0) AppleWebKit/537.36 (KHTML, like Gecko) Mobile Safari/537.36 (compatible; Bytespider; spider-feedback@bytedance.com)"
156.59.198.136 - - [28/Oct/2024:11:39:00 +0100] "GET /renault.2web.at/htdocs/export/pdf/emuc_document/11757929.pdf HTTP/1.0" 404 319 "-" "Mozilla/5.0 (Linux; Android 5.0) AppleWebKit/537.36 (KHTML, like Gecko) Mobile Safari/537.36 (compatible; Bytespider; spider-feedback@bytedance.com)"
156.59.198.136 - - [28/Oct/2024:11:39:21 +0100] "GET /renault.2web.at/htdocs/export/pdf/emuc_document/10619218.pdf HTTP/1.0" 404 318 "-" "Mozilla/5.0 (Linux; Android 5.0) AppleWebKit/537.36 (KHTML, like Gecko) Mobile Safari/537.36 (compatible; Bytespider; spider-feedback@bytedance.com)"
91.141.72.19 - - [28/Oct/2024:11:39:22 +0100] "GET /entry.php?id=10271&&ser=111902 HTTP/1.1" 200 988 "http://hausegger.activities.at/entry.php?id=10271&&ser=111841" "Mozilla/5.0 (Windows NT 10.0; Win64; x64; rv:131.0) Gecko/20100101 Firefox/131.0"
91.141.72.19 - - [28/Oct/2024:11:39:22 +0100] "GET /gui/javascript/form_form.js?1730111962 HTTP/1.1" 200 16206 "http://hausegger.activities.at/entry.php?id=10271&&ser=111902" "Mozilla/5.0 (Windows NT 10.0; Win64; x64; rv:131.0) Gecko/20100101 Firefox/131.0"
156.59.198.135 - - [28/Oct/2024:11:39:43 +0100] "GET /renault.2web.at/htdocs/export/pdf/emuc_document/11312078.pdf HTTP/1.0" 404 318 "-" "Mozilla/5.0 (Linux; Android 5.0) AppleWebKit/537.36 (KHTML, like Gecko) Mobile Safari/537.36 (compatible; Bytespider; spider-feedback@bytedance.com)"
179.43.168.146 - - [28/Oct/2024:11:40:04 +0100] "\x16\x03\x01" 400 383 "-" "-"
179.43.168.146 - - [28/Oct/2024:11:40:04 +0100] "GET / HTTP/1.1" 400 383 "-" "-"
179.43.168.146 - - [28/Oct/2024:11:40:04 +0100] "GET / HTTP/1.1" 200 423 "-" "l9tcpid/v1.1.0"
179.43.168.146 - - [28/Oct/2024:11:40:04 +0100] "GET /cgi-bin/.%2e/%2e%2e/%2e%2e/%2e%2e/%2e%2e/%2e%2e/%2e%2e/%2e%2e/%2e%2e/etc/hosts HTTP/1.1" 400 290 "-" "Lkx-Apache2449TraversalPlugin/0.0.1 (+https://leakix.net/, +https://twitter.com/HaboubiAnis)"
179.43.168.146 - - [28/Oct/2024:11:40:04 +0100] "GET /.DS_Store HTTP/1.1" 404 283 "-" "Go-http-client/1.1"
179.43.168.146 - - [28/Oct/2024:11:40:04 +0100] "GET /.git/config HTTP/1.1" 404 285 "-" "l9explore/1.2.2"
179.43.168.146 - - [28/Oct/2024:11:40:04 +0100] "GET /telescope/requests HTTP/1.1" 404 286 "-" "l9explore/1.2.2"
156.59.198.135 - - [28/Oct/2024:11:40:04 +0100] "GET /renault.2web.at/htdocs/export/xml/data/orders/201912131403_RenOrder.xml HTTP/1.0" 404 325 "-" "Mozilla/5.0 (Linux; Android 5.0) AppleWebKit/537.36 (KHTML, like Gecko) Mobile Safari/537.36 (compatible; Bytespider; spider-feedback@bytedance.com)"
179.43.168.146 - - [28/Oct/2024:11:40:04 +0100] "GET /info.php HTTP/1.1" 404 283 "-" "l9explore/1.2.2"
179.43.168.146 - - [28/Oct/2024:11:40:04 +0100] "GET /.json HTTP/1.1" 404 280 "-" "l9explore/1.2.2"
179.43.168.146 - - [28/Oct/2024:11:40:04 +0100] "GET /login.action HTTP/1.1" 404 285 "-" "l9explore/1.2.2"
179.43.168.146 - - [28/Oct/2024:11:40:04 +0100] "GET /s/lkx/_/;/META-INF/maven/com.atlassian.jira/jira-webapp-dist/pom.properties HTTP/1.1" 404 329 "-" "l9explore/1.2.2"
179.43.168.146 - - [28/Oct/2024:11:40:04 +0100] "GET /config.json HTTP/1.1" 404 285 "-" "l9explore/1.2.2"
179.43.168.146 - - [28/Oct/2024:11:40:04 +0100] "GET /.env HTTP/1.1" 404 280 "-" "l9explore/1.2.2"
179.43.168.146 - - [28/Oct/2024:11:40:04 +0100] "GET /idx_config/ HTTP/1.1" 404 286 "-" "l9explore/1.2.2"
179.43.168.146 - - [28/Oct/2024:11:40:04 +0100] "GET /api/geojson?url=file:///etc/hosts HTTP/1.1" 404 285 "-" "l9explore/1.2.2"
179.43.168.146 - - [28/Oct/2024:11:40:04 +0100] "GET /server-status HTTP/1.1" 403 286 "-" "l9explore/1.2.2"
91.141.72.19 - - [28/Oct/2024:11:40:24 +0100] "GET /entry.php?id=10271&&ser=111962 HTTP/1.1" 200 986 "http://hausegger.activities.at/entry.php?id=10271&&ser=111902" "Mozilla/5.0 (Windows NT 10.0; Win64; x64; rv:131.0) Gecko/20100101 Firefox/131.0"
91.141.72.19 - - [28/Oct/2024:11:40:24 +0100] "GET /gui/javascript/form_form.js?1730112024 HTTP/1.1" 200 16206 "http://hausegger.activities.at/entry.php?id=10271&&ser=111962" "Mozilla/5.0 (Windows NT 10.0; Win64; x64; rv:131.0) Gecko/20100101 Firefox/131.0"
156.59.198.136 - - [28/Oct/2024:11:40:25 +0100] "GET /renault.2web.at/htdocs/export/pdf/emuc_document/11044942.pdf HTTP/1.0" 404 318 "-" "Mozilla/5.0 (Linux; Android 5.0) AppleWebKit/537.36 (KHTML, like Gecko) Mobile Safari/537.36 (compatible; Bytespider; spider-feedback@bytedance.com)"
156.59.198.135 - - [28/Oct/2024:11:40:46 +0100] "GET /renault.2web.at/htdocs/export/pdf/emuc_document/12397740.pdf HTTP/1.0" 404 319 "-" "Mozilla/5.0 (Linux; Android 5.0) AppleWebKit/537.36 (KHTML, like Gecko) Mobile Safari/537.36 (compatible; Bytespider; spider-feedback@bytedance.com)"
156.59.198.136 - - [28/Oct/2024:11:41:07 +0100] "GET /renault.2web.at/htdocs/export/xml/data/articles/202002120803_RenArticle.xml HTTP/1.0" 404 327 "-" "Mozilla/5.0 (Linux; Android 5.0) AppleWebKit/537.36 (KHTML, like Gecko) Mobile Safari/537.36 (compatible; Bytespider; spider-feedback@bytedance.com)"
91.141.72.19 - - [28/Oct/2024:11:41:24 +0100] "GET /entry.php?id=10271&&ser=112024 HTTP/1.1" 200 987 "http://hausegger.activities.at/entry.php?id=10271&&ser=111962" "Mozilla/5.0 (Windows NT 10.0; Win64; x64; rv:131.0) Gecko/20100101 Firefox/131.0"
91.141.72.19 - - [28/Oct/2024:11:41:24 +0100] "GET /gui/javascript/form_form.js?1730112084 HTTP/1.1" 200 16206 "http://hausegger.activities.at/entry.php?id=10271&&ser=112024" "Mozilla/5.0 (Windows NT 10.0; Win64; x64; rv:131.0) Gecko/20100101 Firefox/131.0"
156.59.198.136 - - [28/Oct/2024:11:41:28 +0100] "GET /renault.2web.at/htdocs/export/pdf/emuc_document/10533157.pdf HTTP/1.0" 404 319 "-" "Mozilla/5.0 (Linux; Android 5.0) AppleWebKit/537.36 (KHTML, like Gecko) Mobile Safari/537.36 (compatible; Bytespider; spider-feedback@bytedance.com)"
156.59.198.135 - - [28/Oct/2024:11:41:49 +0100] "GET /renault.2web.at/htdocs/export/pdf/emuc_document/11320988.pdf HTTP/1.0" 404 318 "-" "Mozilla/5.0 (Linux; Android 5.0) AppleWebKit/537.36 (KHTML, like Gecko) Mobile Safari/537.36 (compatible; Bytespider; spider-feedback@bytedance.com)"
156.59.198.136 - - [28/Oct/2024:11:42:11 +0100] "GET /renault.2web.at/htdocs/export/pdf/emuc_document/11076787.pdf HTTP/1.0" 404 318 "-" "Mozilla/5.0 (Linux; Android 5.0) AppleWebKit/537.36 (KHTML, like Gecko) Mobile Safari/537.36 (compatible; Bytespider; spider-feedback@bytedance.com)"
91.141.72.19 - - [28/Oct/2024:11:42:24 +0100] "GET /entry.php?id=10271&&ser=112084 HTTP/1.1" 200 987 "http://hausegger.activities.at/entry.php?id=10271&&ser=112024" "Mozilla/5.0 (Windows NT 10.0; Win64; x64; rv:131.0) Gecko/20100101 Firefox/131.0"
91.141.72.19 - - [28/Oct/2024:11:42:25 +0100] "GET /gui/javascript/form_form.js?1730112144 HTTP/1.1" 200 16206 "http://hausegger.activities.at/entry.php?id=10271&&ser=112084" "Mozilla/5.0 (Windows NT 10.0; Win64; x64; rv:131.0) Gecko/20100101 Firefox/131.0"
156.59.198.136 - - [28/Oct/2024:11:42:32 +0100] "GET /renault.2web.at/htdocs/export/xml/data/orders/202011061103_RenOrder.xml HTTP/1.0" 404 324 "-" "Mozilla/5.0 (Linux; Android 5.0) AppleWebKit/537.36 (KHTML, like Gecko) Mobile Safari/537.36 (compatible; Bytespider; spider-feedback@bytedance.com)"
156.59.198.135 - - [28/Oct/2024:11:42:53 +0100] "GET /renault.2web.at/htdocs/export/pdf/emuc_document/12094883.pdf HTTP/1.0" 404 319 "-" "Mozilla/5.0 (Linux; Android 5.0) AppleWebKit/537.36 (KHTML, like Gecko) Mobile Safari/537.36 (compatible; Bytespider; spider-feedback@bytedance.com)"
156.59.198.135 - - [28/Oct/2024:11:43:15 +0100] "GET /renault.2web.at/htdocs/export/xml/data/orders/202107291503_RenOrder.xml HTTP/1.0" 404 325 "-" "Mozilla/5.0 (Linux; Android 5.0) AppleWebKit/537.36 (KHTML, like Gecko) Mobile Safari/537.36 (compatible; Bytespider; spider-feedback@bytedance.com)"
91.141.72.19 - - [28/Oct/2024:11:43:25 +0100] "GET /entry.php?id=10271&&ser=112144 HTTP/1.1" 200 987 "http://hausegger.activities.at/entry.php?id=10271&&ser=112084" "Mozilla/5.0 (Windows NT 10.0; Win64; x64; rv:131.0) Gecko/20100101 Firefox/131.0"
91.141.72.19 - - [28/Oct/2024:11:43:25 +0100] "GET /gui/javascript/form_form.js?1730112205 HTTP/1.1" 200 16206 "http://hausegger.activities.at/entry.php?id=10271&&ser=112144" "Mozilla/5.0 (Windows NT 10.0; Win64; x64; rv:131.0) Gecko/20100101 Firefox/131.0"
156.59.198.135 - - [28/Oct/2024:11:43:36 +0100] "GET /renault.2web.at/htdocs/export/xml/data/orders/202008271203_RenOrder.xml HTTP/1.0" 404 325 "-" "Mozilla/5.0 (Linux; Android 5.0) AppleWebKit/537.36 (KHTML, like Gecko) Mobile Safari/537.36 (compatible; Bytespider; spider-feedback@bytedance.com)"
185.16.38.232 - - [28/Oct/2024:11:43:56 +0100] "GET /cgi-bin/luci/;stok=/locale HTTP/1.1" 404 371 "-" "-"
156.59.198.136 - - [28/Oct/2024:11:43:57 +0100] "GET /renault.2web.at/htdocs/export/pdf/emuc_document/10458523.pdf HTTP/1.0" 404 319 "-" "Mozilla/5.0 (Linux; Android 5.0) AppleWebKit/537.36 (KHTML, like Gecko) Mobile Safari/537.36 (compatible; Bytespider; spider-feedback@bytedance.com)"
156.59.198.135 - - [28/Oct/2024:11:44:18 +0100] "GET /renault.2web.at/htdocs/export/xml/data/orders/202004271103_RenOrder.xml HTTP/1.0" 404 325 "-" "Mozilla/5.0 (Linux; Android 5.0) AppleWebKit/537.36 (KHTML, like Gecko) Mobile Safari/537.36 (compatible; Bytespider; spider-feedback@bytedance.com)"
91.141.72.19 - - [28/Oct/2024:11:44:25 +0100] "GET /entry.php?id=10271&&ser=112205 HTTP/1.1" 200 987 "http://hausegger.activities.at/entry.php?id=10271&&ser=112144" "Mozilla/5.0 (Windows NT 10.0; Win64; x64; rv:131.0) Gecko/20100101 Firefox/131.0"
91.141.72.19 - - [28/Oct/2024:11:44:25 +0100] "GET /gui/javascript/form_form.js?1730112265 HTTP/1.1" 200 16206 "http://hausegger.activities.at/entry.php?id=10271&&ser=112205" "Mozilla/5.0 (Windows NT 10.0; Win64; x64; rv:131.0) Gecko/20100101 Firefox/131.0"
156.59.198.136 - - [28/Oct/2024:11:44:39 +0100] "GET /renault.2web.at/htdocs/export/pdf/emuc_document/11170546.pdf HTTP/1.0" 404 318 "-" "Mozilla/5.0 (Linux; Android 5.0) AppleWebKit/537.36 (KHTML, like Gecko) Mobile Safari/537.36 (compatible; Bytespider; spider-feedback@bytedance.com)"
156.59.198.136 - - [28/Oct/2024:11:45:00 +0100] "GET /renault.2web.at/htdocs/export/xml/data/articles/202106280903_RenArticle.xml HTTP/1.0" 404 327 "-" "Mozilla/5.0 (Linux; Android 5.0) AppleWebKit/537.36 (KHTML, like Gecko) Mobile Safari/537.36 (compatible; Bytespider; spider-feedback@bytedance.com)"
156.59.198.135 - - [28/Oct/2024:11:45:23 +0100] "GET /renault.2web.at/htdocs/export/txt/factura/FacturaExport20140626164335.txt HTTP/1.0" 404 324 "-" "Mozilla/5.0 (Linux; Android 5.0) AppleWebKit/537.36 (KHTML, like Gecko) Mobile Safari/537.36 (compatible; Bytespider; spider-feedback@bytedance.com)"
91.141.72.19 - - [28/Oct/2024:11:45:25 +0100] "GET /entry.php?id=10271&&ser=112265 HTTP/1.1" 200 987 "http://hausegger.activities.at/entry.php?id=10271&&ser=112205" "Mozilla/5.0 (Windows NT 10.0; Win64; x64; rv:131.0) Gecko/20100101 Firefox/131.0"
91.141.72.19 - - [28/Oct/2024:11:45:25 +0100] "GET /gui/javascript/form_form.js?1730112325 HTTP/1.1" 200 16206 "http://hausegger.activities.at/entry.php?id=10271&&ser=112265" "Mozilla/5.0 (Windows NT 10.0; Win64; x64; rv:131.0) Gecko/20100101 Firefox/131.0"
156.59.198.135 - - [28/Oct/2024:11:45:44 +0100] "GET /renault.2web.at/htdocs/export/pdf/emuc_document/10839812.pdf HTTP/1.0" 404 318 "-" "Mozilla/5.0 (Linux; Android 5.0) AppleWebKit/537.36 (KHTML, like Gecko) Mobile Safari/537.36 (compatible; Bytespider; spider-feedback@bytedance.com)"
156.59.198.136 - - [28/Oct/2024:11:46:05 +0100] "GET /renault.activities.at/htdocs/editor/design/image/Office2003/saveas.gif HTTP/1.0" 404 325 "-" "Mozilla/5.0 (Linux; Android 5.0) AppleWebKit/537.36 (KHTML, like Gecko) Mobile Safari/537.36 (compatible; Bytespider; spider-feedback@bytedance.com)"
91.141.72.19 - - [28/Oct/2024:11:46:26 +0100] "GET /entry.php?id=10271&&ser=112325 HTTP/1.1" 200 987 "http://hausegger.activities.at/entry.php?id=10271&&ser=112265" "Mozilla/5.0 (Windows NT 10.0; Win64; x64; rv:131.0) Gecko/20100101 Firefox/131.0"
91.141.72.19 - - [28/Oct/2024:11:46:26 +0100] "GET /gui/javascript/form_form.js?1730112386 HTTP/1.1" 200 16206 "http://hausegger.activities.at/entry.php?id=10271&&ser=112325" "Mozilla/5.0 (Windows NT 10.0; Win64; x64; rv:131.0) Gecko/20100101 Firefox/131.0"
156.59.198.136 - - [28/Oct/2024:11:46:26 +0100] "GET /renault.2web.at/htdocs/export/xml/data/orders/202106221403_RenOrder.xml HTTP/1.0" 404 325 "-" "Mozilla/5.0 (Linux; Android 5.0) AppleWebKit/537.36 (KHTML, like Gecko) Mobile Safari/537.36 (compatible; Bytespider; spider-feedback@bytedance.com)"
156.59.198.135 - - [28/Oct/2024:11:46:47 +0100] "GET /renault.2web.at/htdocs/export/xml/data/orders/202009180903_RenOrder.xml HTTP/1.0" 404 325 "-" "Mozilla/5.0 (Linux; Android 5.0) AppleWebKit/537.36 (KHTML, like Gecko) Mobile Safari/537.36 (compatible; Bytespider; spider-feedback@bytedance.com)"
156.59.198.136 - - [28/Oct/2024:11:47:08 +0100] "GET /renault.2web.at/htdocs/export/pdf/emuc_document/10556960.pdf HTTP/1.0" 404 318 "-" "Mozilla/5.0 (Linux; Android 5.0) AppleWebKit/537.36 (KHTML, like Gecko) Mobile Safari/537.36 (compatible; Bytespider; spider-feedback@bytedance.com)"
91.141.72.19 - - [28/Oct/2024:11:47:26 +0100] "GET /entry.php?id=10271&&ser=112386 HTTP/1.1" 200 987 "http://hausegger.activities.at/entry.php?id=10271&&ser=112325" "Mozilla/5.0 (Windows NT 10.0; Win64; x64; rv:131.0) Gecko/20100101 Firefox/131.0"
91.141.72.19 - - [28/Oct/2024:11:47:26 +0100] "GET /gui/javascript/form_form.js?1730112446 HTTP/1.1" 200 16206 "http://hausegger.activities.at/entry.php?id=10271&&ser=112386" "Mozilla/5.0 (Windows NT 10.0; Win64; x64; rv:131.0) Gecko/20100101 Firefox/131.0"
156.59.198.136 - - [28/Oct/2024:11:47:30 +0100] "GET /renault.2web.at/htdocs/export/pdf/emuc_document/10847662.pdf HTTP/1.0" 404 319 "-" "Mozilla/5.0 (Linux; Android 5.0) AppleWebKit/537.36 (KHTML, like Gecko) Mobile Safari/537.36 (compatible; Bytespider; spider-feedback@bytedance.com)"
47.128.96.53 - - [28/Oct/2024:11:47:51 +0100] "GET /robots.txt HTTP/1.1" 404 284 "-" "Mozilla/5.0 (Linux; Android 5.0) AppleWebKit/537.36 (KHTML, like Gecko) Mobile Safari/537.36 (compatible; Bytespider; spider-feedback@bytedance.com)"
156.59.198.136 - - [28/Oct/2024:11:48:12 +0100] "GET /renault.2web.at/htdocs/export/pdf/emuc_document/12126456.pdf HTTP/1.0" 404 318 "-" "Mozilla/5.0 (Linux; Android 5.0) AppleWebKit/537.36 (KHTML, like Gecko) Mobile Safari/537.36 (compatible; Bytespider; spider-feedback@bytedance.com)"
91.141.72.19 - - [28/Oct/2024:11:48:26 +0100] "GET /entry.php?id=10271&&ser=112446 HTTP/1.1" 200 986 "http://hausegger.activities.at/entry.php?id=10271&&ser=112386" "Mozilla/5.0 (Windows NT 10.0; Win64; x64; rv:131.0) Gecko/20100101 Firefox/131.0"
91.141.72.19 - - [28/Oct/2024:11:48:26 +0100] "GET /gui/javascript/form_form.js?1730112506 HTTP/1.1" 200 16206 "http://hausegger.activities.at/entry.php?id=10271&&ser=112446" "Mozilla/5.0 (Windows NT 10.0; Win64; x64; rv:131.0) Gecko/20100101 Firefox/131.0"
156.59.198.135 - - [28/Oct/2024:11:48:33 +0100] "GET /renault.2web.at/htdocs/export/pdf/emuc_document/11578764.pdf HTTP/1.0" 404 319 "-" "Mozilla/5.0 (Linux; Android 5.0) AppleWebKit/537.36 (KHTML, like Gecko) Mobile Safari/537.36 (compatible; Bytespider; spider-feedback@bytedance.com)"
156.59.198.136 - - [28/Oct/2024:11:48:54 +0100] "GET /renault.2web.at/htdocs/export/pdf/emuc_document/10790249.pdf HTTP/1.0" 404 319 "-" "Mozilla/5.0 (Linux; Android 5.0) AppleWebKit/537.36 (KHTML, like Gecko) Mobile Safari/537.36 (compatible; Bytespider; spider-feedback@bytedance.com)"
156.59.198.136 - - [28/Oct/2024:11:49:16 +0100] "GET /renault.2web.at/htdocs/export/pdf/emuc_document/11901431.pdf HTTP/1.0" 404 318 "-" "Mozilla/5.0 (Linux; Android 5.0) AppleWebKit/537.36 (KHTML, like Gecko) Mobile Safari/537.36 (compatible; Bytespider; spider-feedback@bytedance.com)"
91.141.72.19 - - [28/Oct/2024:11:49:26 +0100] "GET /entry.php?id=10271&&ser=112506 HTTP/1.1" 200 987 "http://hausegger.activities.at/entry.php?id=10271&&ser=112446" "Mozilla/5.0 (Windows NT 10.0; Win64; x64; rv:131.0) Gecko/20100101 Firefox/131.0"
91.141.72.19 - - [28/Oct/2024:11:49:27 +0100] "GET /gui/javascript/form_form.js?1730112567 HTTP/1.1" 200 16206 "http://hausegger.activities.at/entry.php?id=10271&&ser=112506" "Mozilla/5.0 (Windows NT 10.0; Win64; x64; rv:131.0) Gecko/20100101 Firefox/131.0"
156.59.198.135 - - [28/Oct/2024:11:49:36 +0100] "GET /renault.2web.at/htdocs/export/pdf/emuc_document/10883779.pdf HTTP/1.0" 404 319 "-" "Mozilla/5.0 (Linux; Android 5.0) AppleWebKit/537.36 (KHTML, like Gecko) Mobile Safari/537.36 (compatible; Bytespider; spider-feedback@bytedance.com)"
156.59.198.136 - - [28/Oct/2024:11:49:57 +0100] "GET /renault.activities.at/htdocs/export/xml/data/address/202008251103_RenDealer.xml HTTP/1.0" 404 328 "-" "Mozilla/5.0 (Linux; Android 5.0) AppleWebKit/537.36 (KHTML, like Gecko) Mobile Safari/537.36 (compatible; Bytespider; spider-feedback@bytedance.com)"
156.59.198.136 - - [28/Oct/2024:11:50:18 +0100] "GET /renault.2web.at/htdocs/export/xml/data/orders/202006231003_RenOrder.xml HTTP/1.0" 404 325 "-" "Mozilla/5.0 (Linux; Android 5.0) AppleWebKit/537.36 (KHTML, like Gecko) Mobile Safari/537.36 (compatible; Bytespider; spider-feedback@bytedance.com)"
91.141.72.19 - - [28/Oct/2024:11:50:27 +0100] "GET /entry.php?id=10271&&ser=112567 HTTP/1.1" 200 987 "http://hausegger.activities.at/entry.php?id=10271&&ser=112506" "Mozilla/5.0 (Windows NT 10.0; Win64; x64; rv:131.0) Gecko/20100101 Firefox/131.0"
91.141.72.19 - - [28/Oct/2024:11:50:27 +0100] "GET /gui/javascript/form_form.js?1730112627 HTTP/1.1" 200 16206 "http://hausegger.activities.at/entry.php?id=10271&&ser=112567" "Mozilla/5.0 (Windows NT 10.0; Win64; x64; rv:131.0) Gecko/20100101 Firefox/131.0"
156.59.198.135 - - [28/Oct/2024:11:50:40 +0100] "GET /renault.2web.at/htdocs/export/pdf/emuc_document/11124929.pdf HTTP/1.0" 404 318 "-" "Mozilla/5.0 (Linux; Android 5.0) AppleWebKit/537.36 (KHTML, like Gecko) Mobile Safari/537.36 (compatible; Bytespider; spider-feedback@bytedance.com)"
156.59.198.136 - - [28/Oct/2024:11:51:00 +0100] "GET /renault.2web.at/htdocs/export/xml/data/orders/202107121403_RenOrder.xml HTTP/1.0" 404 325 "-" "Mozilla/5.0 (Linux; Android 5.0) AppleWebKit/537.36 (KHTML, like Gecko) Mobile Safari/537.36 (compatible; Bytespider; spider-feedback@bytedance.com)"
156.59.198.135 - - [28/Oct/2024:11:51:21 +0100] "GET /renault.2web.at/htdocs/export/pdf/emuc_document/12383154.pdf HTTP/1.0" 404 319 "-" "Mozilla/5.0 (Linux; Android 5.0) AppleWebKit/537.36 (KHTML, like Gecko) Mobile Safari/537.36 (compatible; Bytespider; spider-feedback@bytedance.com)"
91.141.72.19 - - [28/Oct/2024:11:51:27 +0100] "GET /entry.php?id=10271&&ser=112627 HTTP/1.1" 200 986 "http://hausegger.activities.at/entry.php?id=10271&&ser=112567" "Mozilla/5.0 (Windows NT 10.0; Win64; x64; rv:131.0) Gecko/20100101 Firefox/131.0"
91.141.72.19 - - [28/Oct/2024:11:51:27 +0100] "GET /gui/javascript/form_form.js?1730112687 HTTP/1.1" 200 16206 "http://hausegger.activities.at/entry.php?id=10271&&ser=112627" "Mozilla/5.0 (Windows NT 10.0; Win64; x64; rv:131.0) Gecko/20100101 Firefox/131.0"
156.59.198.136 - - [28/Oct/2024:11:51:43 +0100] "GET /renault.2web.at/htdocs/export/xml/data/orders/202108051103_RenOrder.xml HTTP/1.0" 404 325 "-" "Mozilla/5.0 (Linux; Android 5.0) AppleWebKit/537.36 (KHTML, like Gecko) Mobile Safari/537.36 (compatible; Bytespider; spider-feedback@bytedance.com)"
156.59.198.135 - - [28/Oct/2024:11:52:04 +0100] "GET /renault.2web.at/htdocs/export/pdf/emuc_document/10608866.pdf HTTP/1.0" 404 318 "-" "Mozilla/5.0 (Linux; Android 5.0) AppleWebKit/537.36 (KHTML, like Gecko) Mobile Safari/537.36 (compatible; Bytespider; spider-feedback@bytedance.com)"
156.59.198.136 - - [28/Oct/2024:11:52:25 +0100] "GET /renault.2web.at/htdocs/export/pdf/emuc_document/11013205.pdf HTTP/1.0" 404 318 "-" "Mozilla/5.0 (Linux; Android 5.0) AppleWebKit/537.36 (KHTML, like Gecko) Mobile Safari/537.36 (compatible; Bytespider; spider-feedback@bytedance.com)"
91.141.72.19 - - [28/Oct/2024:11:52:27 +0100] "GET /entry.php?id=10271&&ser=112687 HTTP/1.1" 200 986 "http://hausegger.activities.at/entry.php?id=10271&&ser=112627" "Mozilla/5.0 (Windows NT 10.0; Win64; x64; rv:131.0) Gecko/20100101 Firefox/131.0"
91.141.72.19 - - [28/Oct/2024:11:52:27 +0100] "GET /gui/javascript/form_form.js?1730112747 HTTP/1.1" 200 16206 "http://hausegger.activities.at/entry.php?id=10271&&ser=112687" "Mozilla/5.0 (Windows NT 10.0; Win64; x64; rv:131.0) Gecko/20100101 Firefox/131.0"
156.59.198.136 - - [28/Oct/2024:11:52:46 +0100] "GET /renault.2web.at/htdocs/export/xml/data/orders/202006151203_RenOrder.xml HTTP/1.0" 404 325 "-" "Mozilla/5.0 (Linux; Android 5.0) AppleWebKit/537.36 (KHTML, like Gecko) Mobile Safari/537.36 (compatible; Bytespider; spider-feedback@bytedance.com)"
156.59.198.136 - - [28/Oct/2024:11:53:07 +0100] "GET /renault.2web.at/htdocs/export/xml/data/orders/202111101103_RenOrder.xml HTTP/1.0" 404 323 "-" "Mozilla/5.0 (Linux; Android 5.0) AppleWebKit/537.36 (KHTML, like Gecko) Mobile Safari/537.36 (compatible; Bytespider; spider-feedback@bytedance.com)"
91.141.72.19 - - [28/Oct/2024:11:53:28 +0100] "GET /entry.php?id=10271&&ser=112747 HTTP/1.1" 200 987 "http://hausegger.activities.at/entry.php?id=10271&&ser=112687" "Mozilla/5.0 (Windows NT 10.0; Win64; x64; rv:131.0) Gecko/20100101 Firefox/131.0"
91.141.72.19 - - [28/Oct/2024:11:53:28 +0100] "GET /gui/javascript/form_form.js?1730112808 HTTP/1.1" 200 16206 "http://hausegger.activities.at/entry.php?id=10271&&ser=112747" "Mozilla/5.0 (Windows NT 10.0; Win64; x64; rv:131.0) Gecko/20100101 Firefox/131.0"
156.59.198.136 - - [28/Oct/2024:11:53:28 +0100] "GET /renault.2web.at/htdocs/export/pdf/emuc_document/12226854.pdf HTTP/1.0" 404 318 "-" "Mozilla/5.0 (Linux; Android 5.0) AppleWebKit/537.36 (KHTML, like Gecko) Mobile Safari/537.36 (compatible; Bytespider; spider-feedback@bytedance.com)"
156.59.198.136 - - [28/Oct/2024:11:53:50 +0100] "GET /renault.2web.at/htdocs/export/xml/data/orders/202110180903_RenOrder.xml HTTP/1.0" 404 325 "-" "Mozilla/5.0 (Linux; Android 5.0) AppleWebKit/537.36 (KHTML, like Gecko) Mobile Safari/537.36 (compatible; Bytespider; spider-feedback@bytedance.com)"
156.59.198.135 - - [28/Oct/2024:11:54:11 +0100] "GET /renault.2web.at/htdocs/export/pdf/emuc_document/11035944.pdf HTTP/1.0" 404 318 "-" "Mozilla/5.0 (Linux; Android 5.0) AppleWebKit/537.36 (KHTML, like Gecko) Mobile Safari/537.36 (compatible; Bytespider; spider-feedback@bytedance.com)"
91.141.72.19 - - [28/Oct/2024:11:54:28 +0100] "GET /entry.php?id=10271&&ser=112808 HTTP/1.1" 200 987 "http://hausegger.activities.at/entry.php?id=10271&&ser=112747" "Mozilla/5.0 (Windows NT 10.0; Win64; x64; rv:131.0) Gecko/20100101 Firefox/131.0"
91.141.72.19 - - [28/Oct/2024:11:54:28 +0100] "GET /gui/javascript/form_form.js?1730112868 HTTP/1.1" 200 16206 "http://hausegger.activities.at/entry.php?id=10271&&ser=112808" "Mozilla/5.0 (Windows NT 10.0; Win64; x64; rv:131.0) Gecko/20100101 Firefox/131.0"
156.59.198.135 - - [28/Oct/2024:11:54:33 +0100] "GET /renault.activities.at/htdocs/editor/design/image/Office2003/char.gif HTTP/1.0" 404 323 "-" "Mozilla/5.0 (Linux; Android 5.0) AppleWebKit/537.36 (KHTML, like Gecko) Mobile Safari/537.36 (compatible; Bytespider; spider-feedback@bytedance.com)"
156.59.198.136 - - [28/Oct/2024:11:54:55 +0100] "GET /renault.2web.at/htdocs/export/pdf/emuc_document/11253939.pdf HTTP/1.0" 404 319 "-" "Mozilla/5.0 (Linux; Android 5.0) AppleWebKit/537.36 (KHTML, like Gecko) Mobile Safari/537.36 (compatible; Bytespider; spider-feedback@bytedance.com)"
185.191.126.248 - - [28/Oct/2024:11:55:05 +0100] "GET / HTTP/1.1" 200 423 "-" "-"
156.59.198.136 - - [28/Oct/2024:11:55:16 +0100] "GET /renault.activities.at/htdocs/editor/design/image/Office2003/tm_add.gif HTTP/1.0" 404 324 "-" "Mozilla/5.0 (Linux; Android 5.0) AppleWebKit/537.36 (KHTML, like Gecko) Mobile Safari/537.36 (compatible; Bytespider; spider-feedback@bytedance.com)"
91.141.72.19 - - [28/Oct/2024:11:55:28 +0100] "GET /entry.php?id=10271&&ser=112868 HTTP/1.1" 200 987 "http://hausegger.activities.at/entry.php?id=10271&&ser=112808" "Mozilla/5.0 (Windows NT 10.0; Win64; x64; rv:131.0) Gecko/20100101 Firefox/131.0"
91.141.72.19 - - [28/Oct/2024:11:55:28 +0100] "GET /gui/javascript/form_form.js?1730112928 HTTP/1.1" 200 16206 "http://hausegger.activities.at/entry.php?id=10271&&ser=112868" "Mozilla/5.0 (Windows NT 10.0; Win64; x64; rv:131.0) Gecko/20100101 Firefox/131.0"
156.59.198.135 - - [28/Oct/2024:11:55:37 +0100] "GET /renault.2web.at/htdocs/export/pdf/emuc_document/10619210.pdf HTTP/1.0" 404 318 "-" "Mozilla/5.0 (Linux; Android 5.0) AppleWebKit/537.36 (KHTML, like Gecko) Mobile Safari/537.36 (compatible; Bytespider; spider-feedback@bytedance.com)"
156.59.198.136 - - [28/Oct/2024:11:55:59 +0100] "GET /renault.activities.at/htdocs/export/pdf/emuc_document/11380700.pdf HTTP/1.0" 404 322 "-" "Mozilla/5.0 (Linux; Android 5.0) AppleWebKit/537.36 (KHTML, like Gecko) Mobile Safari/537.36 (compatible; Bytespider; spider-feedback@bytedance.com)"
156.59.198.136 - - [28/Oct/2024:11:56:21 +0100] "GET /renault.2web.at/htdocs/export/xml/data/orders/202002241303_RenOrder.xml HTTP/1.0" 404 325 "-" "Mozilla/5.0 (Linux; Android 5.0) AppleWebKit/537.36 (KHTML, like Gecko) Mobile Safari/537.36 (compatible; Bytespider; spider-feedback@bytedance.com)"
91.141.72.19 - - [28/Oct/2024:11:56:29 +0100] "GET /entry.php?id=10271&&ser=112928 HTTP/1.1" 200 987 "http://hausegger.activities.at/entry.php?id=10271&&ser=112868" "Mozilla/5.0 (Windows NT 10.0; Win64; x64; rv:131.0) Gecko/20100101 Firefox/131.0"
91.141.72.19 - - [28/Oct/2024:11:56:29 +0100] "GET /gui/javascript/form_form.js?1730112989 HTTP/1.1" 200 16206 "http://hausegger.activities.at/entry.php?id=10271&&ser=112928" "Mozilla/5.0 (Windows NT 10.0; Win64; x64; rv:131.0) Gecko/20100101 Firefox/131.0"
156.59.198.136 - - [28/Oct/2024:11:56:42 +0100] "GET /renault.2web.at/htdocs/export/pdf/emuc_document/11824110.pdf HTTP/1.0" 404 317 "-" "Mozilla/5.0 (Linux; Android 5.0) AppleWebKit/537.36 (KHTML, like Gecko) Mobile Safari/537.36 (compatible; Bytespider; spider-feedback@bytedance.com)"
156.59.198.135 - - [28/Oct/2024:11:57:02 +0100] "GET /renault.2web.at/htdocs/export/xml/data/orders/201909112003_RenOrder.xml HTTP/1.0" 404 325 "-" "Mozilla/5.0 (Linux; Android 5.0) AppleWebKit/537.36 (KHTML, like Gecko) Mobile Safari/537.36 (compatible; Bytespider; spider-feedback@bytedance.com)"
156.59.198.135 - - [28/Oct/2024:11:57:24 +0100] "GET /renault.2web.at/htdocs/export/txt/factura/FacturaExport20170803094644.txt HTTP/1.0" 404 325 "-" "Mozilla/5.0 (Linux; Android 5.0) AppleWebKit/537.36 (KHTML, like Gecko) Mobile Safari/537.36 (compatible; Bytespider; spider-feedback@bytedance.com)"
91.141.72.19 - - [28/Oct/2024:11:57:29 +0100] "GET /entry.php?id=10271&&ser=112989 HTTP/1.1" 200 987 "http://hausegger.activities.at/entry.php?id=10271&&ser=112928" "Mozilla/5.0 (Windows NT 10.0; Win64; x64; rv:131.0) Gecko/20100101 Firefox/131.0"
91.141.72.19 - - [28/Oct/2024:11:57:29 +0100] "GET /gui/javascript/form_form.js?1730113049 HTTP/1.1" 200 16206 "http://hausegger.activities.at/entry.php?id=10271&&ser=112989" "Mozilla/5.0 (Windows NT 10.0; Win64; x64; rv:131.0) Gecko/20100101 Firefox/131.0"
156.59.198.135 - - [28/Oct/2024:11:57:45 +0100] "GET /renault.activities.at/htdocs/export/pdf/emuc_document/11504695.pdf HTTP/1.0" 404 321 "-" "Mozilla/5.0 (Linux; Android 5.0) AppleWebKit/537.36 (KHTML, like Gecko) Mobile Safari/537.36 (compatible; Bytespider; spider-feedback@bytedance.com)"
156.59.198.136 - - [28/Oct/2024:11:58:06 +0100] "GET /renault.2web.at/htdocs/export/pdf/emuc_document/10754203.pdf HTTP/1.0" 404 319 "-" "Mozilla/5.0 (Linux; Android 5.0) AppleWebKit/537.36 (KHTML, like Gecko) Mobile Safari/537.36 (compatible; Bytespider; spider-feedback@bytedance.com)"
156.59.198.136 - - [28/Oct/2024:11:58:27 +0100] "GET /renault.2web.at/htdocs/export/pdf/emuc_document/11320299.pdf HTTP/1.0" 404 318 "-" "Mozilla/5.0 (Linux; Android 5.0) AppleWebKit/537.36 (KHTML, like Gecko) Mobile Safari/537.36 (compatible; Bytespider; spider-feedback@bytedance.com)"
91.141.72.19 - - [28/Oct/2024:11:58:29 +0100] "GET /entry.php?id=10271&&ser=113049 HTTP/1.1" 200 986 "http://hausegger.activities.at/entry.php?id=10271&&ser=112989" "Mozilla/5.0 (Windows NT 10.0; Win64; x64; rv:131.0) Gecko/20100101 Firefox/131.0"
91.141.72.19 - - [28/Oct/2024:11:58:29 +0100] "GET /gui/javascript/form_form.js?1730113109 HTTP/1.1" 200 16206 "http://hausegger.activities.at/entry.php?id=10271&&ser=113049" "Mozilla/5.0 (Windows NT 10.0; Win64; x64; rv:131.0) Gecko/20100101 Firefox/131.0"
59.126.80.26 - - [28/Oct/2024:11:58:39 +0100] "GET / HTTP/1.0" 200 423 "-" "Mozilla/5.0 (Linux; U; Android 4.0.3; ko-kr; LG-L160L Build/IML74K) AppleWebkit/534.30 (KHTML, like Gecko) Version/4.0 Mobile Safari/534.30"
156.59.198.136 - - [28/Oct/2024:11:58:48 +0100] "GET /renault.2web.at/htdocs/export/pdf/emuc_document/10883858.pdf HTTP/1.0" 404 319 "-" "Mozilla/5.0 (Linux; Android 5.0) AppleWebKit/537.36 (KHTML, like Gecko) Mobile Safari/537.36 (compatible; Bytespider; spider-feedback@bytedance.com)"
156.59.198.135 - - [28/Oct/2024:11:59:09 +0100] "GET /renault.2web.at/htdocs/export/pdf/emuc_document/10404944.pdf HTTP/1.0" 404 317 "-" "Mozilla/5.0 (Linux; Android 5.0) AppleWebKit/537.36 (KHTML, like Gecko) Mobile Safari/537.36 (compatible; Bytespider; spider-feedback@bytedance.com)"
91.141.72.19 - - [28/Oct/2024:11:59:29 +0100] "GET /entry.php?id=10271&&ser=113109 HTTP/1.1" 200 987 "http://hausegger.activities.at/entry.php?id=10271&&ser=113049" "Mozilla/5.0 (Windows NT 10.0; Win64; x64; rv:131.0) Gecko/20100101 Firefox/131.0"
91.141.72.19 - - [28/Oct/2024:11:59:30 +0100] "GET /gui/javascript/form_form.js?1730113169 HTTP/1.1" 200 16206 "http://hausegger.activities.at/entry.php?id=10271&&ser=113109" "Mozilla/5.0 (Windows NT 10.0; Win64; x64; rv:131.0) Gecko/20100101 Firefox/131.0"
156.59.198.135 - - [28/Oct/2024:11:59:30 +0100] "GET /renault.2web.at/htdocs/export/pdf/emuc_document/11006518.pdf HTTP/1.0" 404 318 "-" "Mozilla/5.0 (Linux; Android 5.0) AppleWebKit/537.36 (KHTML, like Gecko) Mobile Safari/537.36 (compatible; Bytespider; spider-feedback@bytedance.com)"
47.128.61.46 - - [28/Oct/2024:11:59:51 +0100] "GET /robots.txt HTTP/1.1" 404 284 "-" "Mozilla/5.0 (Linux; Android 5.0) AppleWebKit/537.36 (KHTML, like Gecko) Mobile Safari/537.36 (compatible; Bytespider; spider-feedback@bytedance.com)"
156.59.198.135 - - [28/Oct/2024:12:00:12 +0100] "GET /renault.2web.at/htdocs/export/pdf/emuc_document/10668837.pdf HTTP/1.0" 404 319 "-" "Mozilla/5.0 (Linux; Android 5.0) AppleWebKit/537.36 (KHTML, like Gecko) Mobile Safari/537.36 (compatible; Bytespider; spider-feedback@bytedance.com)"
91.141.72.19 - - [28/Oct/2024:12:00:30 +0100] "GET /entry.php?id=10271&&ser=113169 HTTP/1.1" 200 987 "http://hausegger.activities.at/entry.php?id=10271&&ser=113109" "Mozilla/5.0 (Windows NT 10.0; Win64; x64; rv:131.0) Gecko/20100101 Firefox/131.0"
91.141.72.19 - - [28/Oct/2024:12:00:30 +0100] "GET /gui/javascript/form_form.js?1730113230 HTTP/1.1" 200 16206 "http://hausegger.activities.at/entry.php?id=10271&&ser=113169" "Mozilla/5.0 (Windows NT 10.0; Win64; x64; rv:131.0) Gecko/20100101 Firefox/131.0"
