91.141.72.19 - - [29/Oct/2024:14:35:33 +0100] "GET /entry.php?id=10271&&ser=208872 HTTP/1.1" 200 987 "http://hausegger.activities.at/entry.php?id=10271&&ser=208811" "Mozilla/5.0 (Windows NT 10.0; Win64; x64) AppleWebKit/537.36 (KHTML, like Gecko) Chrome/130.0.0.0 Safari/537.36"
91.141.72.19 - - [29/Oct/2024:14:35:33 +0100] "GET /gui/javascript/form_form.js?1730208933 HTTP/1.1" 200 16206 "http://hausegger.activities.at/entry.php?id=10271&&ser=208872" "Mozilla/5.0 (Windows NT 10.0; Win64; x64) AppleWebKit/537.36 (KHTML, like Gecko) Chrome/130.0.0.0 Safari/537.36"
91.141.72.19 - - [29/Oct/2024:14:35:33 +0100] "GET /entry.php?id=10271&&ser=208873 HTTP/1.1" 200 987 "http://hausegger.activities.at/entry.php?id=10271&&ser=208813" "Mozilla/5.0 (Windows NT 10.0; Win64; x64; rv:131.0) Gecko/20100101 Firefox/131.0"
91.141.72.19 - - [29/Oct/2024:14:35:33 +0100] "GET /gui/javascript/form_form.js?1730208933 HTTP/1.1" 200 16206 "http://hausegger.activities.at/entry.php?id=10271&&ser=208873" "Mozilla/5.0 (Windows NT 10.0; Win64; x64; rv:131.0) Gecko/20100101 Firefox/131.0"
156.59.198.136 - - [29/Oct/2024:14:36:14 +0100] "GET /renault.activities.at/htdocs/binaries/10085151.pdf HTTP/1.0" 404 310 "-" "Mozilla/5.0 (Linux; Android 5.0) AppleWebKit/537.36 (KHTML, like Gecko) Mobile Safari/537.36 (compatible; Bytespider; spider-feedback@bytedance.com)"
91.141.72.19 - - [29/Oct/2024:14:36:34 +0100] "GET /entry.php?id=10271&&ser=208933 HTTP/1.1" 200 986 "http://hausegger.activities.at/entry.php?id=10271&&ser=208873" "Mozilla/5.0 (Windows NT 10.0; Win64; x64; rv:131.0) Gecko/20100101 Firefox/131.0"
91.141.72.19 - - [29/Oct/2024:14:36:34 +0100] "GET /gui/javascript/form_form.js?1730208994 HTTP/1.1" 200 16206 "http://hausegger.activities.at/entry.php?id=10271&&ser=208933" "Mozilla/5.0 (Windows NT 10.0; Win64; x64; rv:131.0) Gecko/20100101 Firefox/131.0"
91.141.72.19 - - [29/Oct/2024:14:36:34 +0100] "GET /entry.php?id=10271&&ser=208933 HTTP/1.1" 200 986 "http://hausegger.activities.at/entry.php?id=10271&&ser=208872" "Mozilla/5.0 (Windows NT 10.0; Win64; x64) AppleWebKit/537.36 (KHTML, like Gecko) Chrome/130.0.0.0 Safari/537.36"
91.141.72.19 - - [29/Oct/2024:14:36:34 +0100] "GET /gui/javascript/form_form.js?1730208994 HTTP/1.1" 200 16206 "http://hausegger.activities.at/entry.php?id=10271&&ser=208933" "Mozilla/5.0 (Windows NT 10.0; Win64; x64) AppleWebKit/537.36 (KHTML, like Gecko) Chrome/130.0.0.0 Safari/537.36"
156.59.198.135 - - [29/Oct/2024:14:36:35 +0100] "GET /renault.2web.at/htdocs/export/pdf/emuc_document/10997751.pdf HTTP/1.0" 404 318 "-" "Mozilla/5.0 (Linux; Android 5.0) AppleWebKit/537.36 (KHTML, like Gecko) Mobile Safari/537.36 (compatible; Bytespider; spider-feedback@bytedance.com)"
156.59.198.136 - - [29/Oct/2024:14:36:56 +0100] "GET /renault.2web.at/htdocs/export/pdf/emuc_document/11483312.pdf HTTP/1.0" 404 318 "-" "Mozilla/5.0 (Linux; Android 5.0) AppleWebKit/537.36 (KHTML, like Gecko) Mobile Safari/537.36 (compatible; Bytespider; spider-feedback@bytedance.com)"
156.59.198.136 - - [29/Oct/2024:14:37:17 +0100] "GET /renault.2web.at/htdocs/export/pdf/emuc_document/10959229.pdf HTTP/1.0" 404 318 "-" "Mozilla/5.0 (Linux; Android 5.0) AppleWebKit/537.36 (KHTML, like Gecko) Mobile Safari/537.36 (compatible; Bytespider; spider-feedback@bytedance.com)"
91.141.72.19 - - [29/Oct/2024:14:37:34 +0100] "GET /entry.php?id=10271&&ser=208994 HTTP/1.1" 200 986 "http://hausegger.activities.at/entry.php?id=10271&&ser=208933" "Mozilla/5.0 (Windows NT 10.0; Win64; x64; rv:131.0) Gecko/20100101 Firefox/131.0"
91.141.72.19 - - [29/Oct/2024:14:37:34 +0100] "GET /gui/javascript/form_form.js?1730209054 HTTP/1.1" 200 16206 "http://hausegger.activities.at/entry.php?id=10271&&ser=208994" "Mozilla/5.0 (Windows NT 10.0; Win64; x64; rv:131.0) Gecko/20100101 Firefox/131.0"
91.141.72.19 - - [29/Oct/2024:14:37:35 +0100] "GET /entry.php?id=10271&&ser=208994 HTTP/1.1" 200 986 "http://hausegger.activities.at/entry.php?id=10271&&ser=208933" "Mozilla/5.0 (Windows NT 10.0; Win64; x64) AppleWebKit/537.36 (KHTML, like Gecko) Chrome/130.0.0.0 Safari/537.36"
91.141.72.19 - - [29/Oct/2024:14:37:35 +0100] "GET /gui/javascript/form_form.js?1730209055 HTTP/1.1" 200 16206 "http://hausegger.activities.at/entry.php?id=10271&&ser=208994" "Mozilla/5.0 (Windows NT 10.0; Win64; x64) AppleWebKit/537.36 (KHTML, like Gecko) Chrome/130.0.0.0 Safari/537.36"
156.59.198.135 - - [29/Oct/2024:14:37:38 +0100] "GET /renault.2web.at/htdocs/export/pdf/emuc_document/11213642.pdf HTTP/1.0" 404 318 "-" "Mozilla/5.0 (Linux; Android 5.0) AppleWebKit/537.36 (KHTML, like Gecko) Mobile Safari/537.36 (compatible; Bytespider; spider-feedback@bytedance.com)"
156.59.198.135 - - [29/Oct/2024:14:37:59 +0100] "GET /renault.2web.at/htdocs/export/pdf/emuc_document/10961408.pdf HTTP/1.0" 404 318 "-" "Mozilla/5.0 (Linux; Android 5.0) AppleWebKit/537.36 (KHTML, like Gecko) Mobile Safari/537.36 (compatible; Bytespider; spider-feedback@bytedance.com)"
156.59.198.135 - - [29/Oct/2024:14:38:20 +0100] "GET /renault.2web.at/htdocs/export/pdf/emuc_document/12413781.pdf HTTP/1.0" 404 319 "-" "Mozilla/5.0 (Linux; Android 5.0) AppleWebKit/537.36 (KHTML, like Gecko) Mobile Safari/537.36 (compatible; Bytespider; spider-feedback@bytedance.com)"
91.141.72.19 - - [29/Oct/2024:14:38:34 +0100] "GET /entry.php?id=10271&&ser=209054 HTTP/1.1" 200 986 "http://hausegger.activities.at/entry.php?id=10271&&ser=208994" "Mozilla/5.0 (Windows NT 10.0; Win64; x64; rv:131.0) Gecko/20100101 Firefox/131.0"
91.141.72.19 - - [29/Oct/2024:14:38:34 +0100] "GET /gui/javascript/form_form.js?1730209114 HTTP/1.1" 200 16206 "http://hausegger.activities.at/entry.php?id=10271&&ser=209054" "Mozilla/5.0 (Windows NT 10.0; Win64; x64; rv:131.0) Gecko/20100101 Firefox/131.0"
91.141.72.19 - - [29/Oct/2024:14:38:36 +0100] "GET /entry.php?id=10271&&ser=209055 HTTP/1.1" 200 986 "http://hausegger.activities.at/entry.php?id=10271&&ser=208994" "Mozilla/5.0 (Windows NT 10.0; Win64; x64) AppleWebKit/537.36 (KHTML, like Gecko) Chrome/130.0.0.0 Safari/537.36"
91.141.72.19 - - [29/Oct/2024:14:38:36 +0100] "GET /gui/javascript/form_form.js?1730209116 HTTP/1.1" 200 16206 "http://hausegger.activities.at/entry.php?id=10271&&ser=209055" "Mozilla/5.0 (Windows NT 10.0; Win64; x64) AppleWebKit/537.36 (KHTML, like Gecko) Chrome/130.0.0.0 Safari/537.36"
156.59.198.135 - - [29/Oct/2024:14:38:41 +0100] "GET /renault.activities.at/htdocs/export/pdf/emuc_document/10748623.pdf HTTP/1.0" 404 323 "-" "Mozilla/5.0 (Linux; Android 5.0) AppleWebKit/537.36 (KHTML, like Gecko) Mobile Safari/537.36 (compatible; Bytespider; spider-feedback@bytedance.com)"
156.59.198.136 - - [29/Oct/2024:14:39:03 +0100] "GET /renault.activities.at/htdocs/export/pdf/emuc_document/12268665.pdf HTTP/1.0" 404 322 "-" "Mozilla/5.0 (Linux; Android 5.0) AppleWebKit/537.36 (KHTML, like Gecko) Mobile Safari/537.36 (compatible; Bytespider; spider-feedback@bytedance.com)"
156.59.198.136 - - [29/Oct/2024:14:39:24 +0100] "GET /renault.activities.at/htdocs/export/pdf/emuc_document/11659710.pdf HTTP/1.0" 404 322 "-" "Mozilla/5.0 (Linux; Android 5.0) AppleWebKit/537.36 (KHTML, like Gecko) Mobile Safari/537.36 (compatible; Bytespider; spider-feedback@bytedance.com)"
91.141.72.19 - - [29/Oct/2024:14:39:37 +0100] "GET /entry.php?id=10271&&ser=209116 HTTP/1.1" 200 986 "http://hausegger.activities.at/entry.php?id=10271&&ser=209055" "Mozilla/5.0 (Windows NT 10.0; Win64; x64) AppleWebKit/537.36 (KHTML, like Gecko) Chrome/130.0.0.0 Safari/537.36"
91.141.72.19 - - [29/Oct/2024:14:39:37 +0100] "GET /gui/javascript/form_form.js?1730209177 HTTP/1.1" 200 16206 "http://hausegger.activities.at/entry.php?id=10271&&ser=209116" "Mozilla/5.0 (Windows NT 10.0; Win64; x64) AppleWebKit/537.36 (KHTML, like Gecko) Chrome/130.0.0.0 Safari/537.36"
91.141.72.19 - - [29/Oct/2024:14:39:41 +0100] "GET /entry.php?id=10271&&ser=209114 HTTP/1.1" 200 986 "http://hausegger.activities.at/entry.php?id=10271&&ser=209054" "Mozilla/5.0 (Windows NT 10.0; Win64; x64; rv:131.0) Gecko/20100101 Firefox/131.0"
91.141.72.19 - - [29/Oct/2024:14:39:41 +0100] "GET /gui/javascript/form_form.js?1730209181 HTTP/1.1" 200 16206 "http://hausegger.activities.at/entry.php?id=10271&&ser=209114" "Mozilla/5.0 (Windows NT 10.0; Win64; x64; rv:131.0) Gecko/20100101 Firefox/131.0"
156.59.198.135 - - [29/Oct/2024:14:39:45 +0100] "GET /renault.2web.at/htdocs/export/pdf/emuc_document/11157892.pdf HTTP/1.0" 404 318 "-" "Mozilla/5.0 (Linux; Android 5.0) AppleWebKit/537.36 (KHTML, like Gecko) Mobile Safari/537.36 (compatible; Bytespider; spider-feedback@bytedance.com)"
91.141.72.19 - - [29/Oct/2024:14:40:38 +0100] "GET /entry.php?id=10271&&ser=209177 HTTP/1.1" 200 986 "http://hausegger.activities.at/entry.php?id=10271&&ser=209116" "Mozilla/5.0 (Windows NT 10.0; Win64; x64) AppleWebKit/537.36 (KHTML, like Gecko) Chrome/130.0.0.0 Safari/537.36"
91.141.72.19 - - [29/Oct/2024:14:40:38 +0100] "GET /gui/javascript/form_form.js?1730209238 HTTP/1.1" 200 16206 "http://hausegger.activities.at/entry.php?id=10271&&ser=209177" "Mozilla/5.0 (Windows NT 10.0; Win64; x64) AppleWebKit/537.36 (KHTML, like Gecko) Chrome/130.0.0.0 Safari/537.36"
91.141.72.19 - - [29/Oct/2024:14:40:41 +0100] "GET /entry.php?id=10271&&ser=209181 HTTP/1.1" 200 985 "http://hausegger.activities.at/entry.php?id=10271&&ser=209114" "Mozilla/5.0 (Windows NT 10.0; Win64; x64; rv:131.0) Gecko/20100101 Firefox/131.0"
91.141.72.19 - - [29/Oct/2024:14:40:41 +0100] "GET /gui/javascript/form_form.js?1730209241 HTTP/1.1" 200 16206 "http://hausegger.activities.at/entry.php?id=10271&&ser=209181" "Mozilla/5.0 (Windows NT 10.0; Win64; x64; rv:131.0) Gecko/20100101 Firefox/131.0"
91.141.72.19 - - [29/Oct/2024:14:41:39 +0100] "GET /entry.php?id=10271&&ser=209238 HTTP/1.1" 200 987 "http://hausegger.activities.at/entry.php?id=10271&&ser=209177" "Mozilla/5.0 (Windows NT 10.0; Win64; x64) AppleWebKit/537.36 (KHTML, like Gecko) Chrome/130.0.0.0 Safari/537.36"
91.141.72.19 - - [29/Oct/2024:14:41:39 +0100] "GET /gui/javascript/form_form.js?1730209299 HTTP/1.1" 200 16206 "http://hausegger.activities.at/entry.php?id=10271&&ser=209238" "Mozilla/5.0 (Windows NT 10.0; Win64; x64) AppleWebKit/537.36 (KHTML, like Gecko) Chrome/130.0.0.0 Safari/537.36"
91.141.72.19 - - [29/Oct/2024:14:41:42 +0100] "GET /entry.php?id=10271&&ser=209241 HTTP/1.1" 200 985 "http://hausegger.activities.at/entry.php?id=10271&&ser=209181" "Mozilla/5.0 (Windows NT 10.0; Win64; x64; rv:131.0) Gecko/20100101 Firefox/131.0"
91.141.72.19 - - [29/Oct/2024:14:41:42 +0100] "GET /gui/javascript/form_form.js?1730209302 HTTP/1.1" 200 16206 "http://hausegger.activities.at/entry.php?id=10271&&ser=209241" "Mozilla/5.0 (Windows NT 10.0; Win64; x64; rv:131.0) Gecko/20100101 Firefox/131.0"
91.141.72.19 - - [29/Oct/2024:14:42:40 +0100] "GET /entry.php?id=10271&&ser=209299 HTTP/1.1" 200 986 "http://hausegger.activities.at/entry.php?id=10271&&ser=209238" "Mozilla/5.0 (Windows NT 10.0; Win64; x64) AppleWebKit/537.36 (KHTML, like Gecko) Chrome/130.0.0.0 Safari/537.36"
91.141.72.19 - - [29/Oct/2024:14:42:40 +0100] "GET /gui/javascript/form_form.js?1730209360 HTTP/1.1" 200 16206 "http://hausegger.activities.at/entry.php?id=10271&&ser=209299" "Mozilla/5.0 (Windows NT 10.0; Win64; x64) AppleWebKit/537.36 (KHTML, like Gecko) Chrome/130.0.0.0 Safari/537.36"
91.141.72.19 - - [29/Oct/2024:14:42:42 +0100] "GET /entry.php?id=10271&&ser=209302 HTTP/1.1" 200 987 "http://hausegger.activities.at/entry.php?id=10271&&ser=209241" "Mozilla/5.0 (Windows NT 10.0; Win64; x64; rv:131.0) Gecko/20100101 Firefox/131.0"
91.141.72.19 - - [29/Oct/2024:14:42:42 +0100] "GET /gui/javascript/form_form.js?1730209362 HTTP/1.1" 200 16206 "http://hausegger.activities.at/entry.php?id=10271&&ser=209302" "Mozilla/5.0 (Windows NT 10.0; Win64; x64; rv:131.0) Gecko/20100101 Firefox/131.0"
156.59.198.135 - - [29/Oct/2024:14:43:31 +0100] "GET /renault.2web.at/htdocs/export/pdf/emuc_document/11503820.pdf HTTP/1.0" 404 318 "-" "Mozilla/5.0 (Linux; Android 5.0) AppleWebKit/537.36 (KHTML, like Gecko) Mobile Safari/537.36 (compatible; Bytespider; spider-feedback@bytedance.com)"
91.141.72.19 - - [29/Oct/2024:14:43:41 +0100] "GET /entry.php?id=10271&&ser=209360 HTTP/1.1" 200 986 "http://hausegger.activities.at/entry.php?id=10271&&ser=209299" "Mozilla/5.0 (Windows NT 10.0; Win64; x64) AppleWebKit/537.36 (KHTML, like Gecko) Chrome/130.0.0.0 Safari/537.36"
91.141.72.19 - - [29/Oct/2024:14:43:41 +0100] "GET /gui/javascript/form_form.js?1730209421 HTTP/1.1" 200 16206 "http://hausegger.activities.at/entry.php?id=10271&&ser=209360" "Mozilla/5.0 (Windows NT 10.0; Win64; x64) AppleWebKit/537.36 (KHTML, like Gecko) Chrome/130.0.0.0 Safari/537.36"
91.141.72.19 - - [29/Oct/2024:14:43:42 +0100] "GET /entry.php?id=10271&&ser=209362 HTTP/1.1" 200 986 "http://hausegger.activities.at/entry.php?id=10271&&ser=209302" "Mozilla/5.0 (Windows NT 10.0; Win64; x64; rv:131.0) Gecko/20100101 Firefox/131.0"
91.141.72.19 - - [29/Oct/2024:14:43:42 +0100] "GET /gui/javascript/form_form.js?1730209422 HTTP/1.1" 200 16206 "http://hausegger.activities.at/entry.php?id=10271&&ser=209362" "Mozilla/5.0 (Windows NT 10.0; Win64; x64; rv:131.0) Gecko/20100101 Firefox/131.0"
156.59.198.135 - - [29/Oct/2024:14:43:53 +0100] "GET /renault.2web.at/htdocs/export/pdf/emuc_document/11531801.pdf HTTP/1.0" 404 318 "-" "Mozilla/5.0 (Linux; Android 5.0) AppleWebKit/537.36 (KHTML, like Gecko) Mobile Safari/537.36 (compatible; Bytespider; spider-feedback@bytedance.com)"
156.59.198.136 - - [29/Oct/2024:14:44:13 +0100] "GET /renault.2web.at/htdocs/export/pdf/emuc_document/11977484.pdf HTTP/1.0" 404 319 "-" "Mozilla/5.0 (Linux; Android 5.0) AppleWebKit/537.36 (KHTML, like Gecko) Mobile Safari/537.36 (compatible; Bytespider; spider-feedback@bytedance.com)"
156.59.198.136 - - [29/Oct/2024:14:44:35 +0100] "GET /renault.2web.at/htdocs/export/pdf/emuc_document/10314951.pdf HTTP/1.0" 404 318 "-" "Mozilla/5.0 (Linux; Android 5.0) AppleWebKit/537.36 (KHTML, like Gecko) Mobile Safari/537.36 (compatible; Bytespider; spider-feedback@bytedance.com)"
91.141.72.19 - - [29/Oct/2024:14:44:42 +0100] "GET /entry.php?id=10271&&ser=209421 HTTP/1.1" 200 986 "http://hausegger.activities.at/entry.php?id=10271&&ser=209360" "Mozilla/5.0 (Windows NT 10.0; Win64; x64) AppleWebKit/537.36 (KHTML, like Gecko) Chrome/130.0.0.0 Safari/537.36"
91.141.72.19 - - [29/Oct/2024:14:44:42 +0100] "GET /gui/javascript/form_form.js?1730209482 HTTP/1.1" 200 16206 "http://hausegger.activities.at/entry.php?id=10271&&ser=209421" "Mozilla/5.0 (Windows NT 10.0; Win64; x64) AppleWebKit/537.36 (KHTML, like Gecko) Chrome/130.0.0.0 Safari/537.36"
91.141.72.19 - - [29/Oct/2024:14:44:42 +0100] "GET /entry.php?id=10271&&ser=209422 HTTP/1.1" 200 988 "http://hausegger.activities.at/entry.php?id=10271&&ser=209362" "Mozilla/5.0 (Windows NT 10.0; Win64; x64; rv:131.0) Gecko/20100101 Firefox/131.0"
91.141.72.19 - - [29/Oct/2024:14:44:43 +0100] "GET /gui/javascript/form_form.js?1730209483 HTTP/1.1" 200 16206 "http://hausegger.activities.at/entry.php?id=10271&&ser=209422" "Mozilla/5.0 (Windows NT 10.0; Win64; x64; rv:131.0) Gecko/20100101 Firefox/131.0"
156.59.198.135 - - [29/Oct/2024:14:44:56 +0100] "GET /renault.2web.at/htdocs/export/pdf/emuc_document/12090450.pdf HTTP/1.0" 404 318 "-" "Mozilla/5.0 (Linux; Android 5.0) AppleWebKit/537.36 (KHTML, like Gecko) Mobile Safari/537.36 (compatible; Bytespider; spider-feedback@bytedance.com)"
156.59.198.136 - - [29/Oct/2024:14:45:17 +0100] "GET /renault.activities.at/htdocs/export/pdf/emuc_document/10973074.pdf HTTP/1.0" 404 323 "-" "Mozilla/5.0 (Linux; Android 5.0) AppleWebKit/537.36 (KHTML, like Gecko) Mobile Safari/537.36 (compatible; Bytespider; spider-feedback@bytedance.com)"
156.59.198.136 - - [29/Oct/2024:14:45:38 +0100] "GET /renault.activities.at/htdocs/export/pdf/emuc_document/11451346.pdf HTTP/1.0" 404 322 "-" "Mozilla/5.0 (Linux; Android 5.0) AppleWebKit/537.36 (KHTML, like Gecko) Mobile Safari/537.36 (compatible; Bytespider; spider-feedback@bytedance.com)"
91.141.72.19 - - [29/Oct/2024:14:45:43 +0100] "GET /entry.php?id=10271&&ser=209482 HTTP/1.1" 200 987 "http://hausegger.activities.at/entry.php?id=10271&&ser=209422" "Mozilla/5.0 (Windows NT 10.0; Win64; x64; rv:131.0) Gecko/20100101 Firefox/131.0"
91.141.72.19 - - [29/Oct/2024:14:45:43 +0100] "GET /gui/javascript/form_form.js?1730209543 HTTP/1.1" 200 16206 "http://hausegger.activities.at/entry.php?id=10271&&ser=209482" "Mozilla/5.0 (Windows NT 10.0; Win64; x64; rv:131.0) Gecko/20100101 Firefox/131.0"
91.141.72.19 - - [29/Oct/2024:14:45:43 +0100] "GET /entry.php?id=10271&&ser=209482 HTTP/1.1" 200 987 "http://hausegger.activities.at/entry.php?id=10271&&ser=209421" "Mozilla/5.0 (Windows NT 10.0; Win64; x64) AppleWebKit/537.36 (KHTML, like Gecko) Chrome/130.0.0.0 Safari/537.36"
91.141.72.19 - - [29/Oct/2024:14:45:43 +0100] "GET /gui/javascript/form_form.js?1730209543 HTTP/1.1" 200 16206 "http://hausegger.activities.at/entry.php?id=10271&&ser=209482" "Mozilla/5.0 (Windows NT 10.0; Win64; x64) AppleWebKit/537.36 (KHTML, like Gecko) Chrome/130.0.0.0 Safari/537.36"
156.59.198.136 - - [29/Oct/2024:14:45:59 +0100] "GET /renault.2web.at/htdocs/binaries/10352421.pdf HTTP/1.0" 404 308 "-" "Mozilla/5.0 (Linux; Android 5.0) AppleWebKit/537.36 (KHTML, like Gecko) Mobile Safari/537.36 (compatible; Bytespider; spider-feedback@bytedance.com)"
156.59.198.136 - - [29/Oct/2024:14:46:20 +0100] "GET /renault.2web.at/htdocs/export/pdf/emuc_document/11537835.pdf HTTP/1.0" 404 319 "-" "Mozilla/5.0 (Linux; Android 5.0) AppleWebKit/537.36 (KHTML, like Gecko) Mobile Safari/537.36 (compatible; Bytespider; spider-feedback@bytedance.com)"
91.141.72.19 - - [29/Oct/2024:14:46:43 +0100] "GET /entry.php?id=10271&&ser=209543 HTTP/1.1" 200 986 "http://hausegger.activities.at/entry.php?id=10271&&ser=209482" "Mozilla/5.0 (Windows NT 10.0; Win64; x64; rv:131.0) Gecko/20100101 Firefox/131.0"
91.141.72.19 - - [29/Oct/2024:14:46:43 +0100] "GET /gui/javascript/form_form.js?1730209603 HTTP/1.1" 200 16206 "http://hausegger.activities.at/entry.php?id=10271&&ser=209543" "Mozilla/5.0 (Windows NT 10.0; Win64; x64; rv:131.0) Gecko/20100101 Firefox/131.0"
91.141.72.19 - - [29/Oct/2024:14:46:44 +0100] "GET /entry.php?id=10271&&ser=209543 HTTP/1.1" 200 986 "http://hausegger.activities.at/entry.php?id=10271&&ser=209482" "Mozilla/5.0 (Windows NT 10.0; Win64; x64) AppleWebKit/537.36 (KHTML, like Gecko) Chrome/130.0.0.0 Safari/537.36"
91.141.72.19 - - [29/Oct/2024:14:46:44 +0100] "GET /gui/javascript/form_form.js?1730209604 HTTP/1.1" 200 16206 "http://hausegger.activities.at/entry.php?id=10271&&ser=209543" "Mozilla/5.0 (Windows NT 10.0; Win64; x64) AppleWebKit/537.36 (KHTML, like Gecko) Chrome/130.0.0.0 Safari/537.36"
91.141.72.19 - - [29/Oct/2024:14:47:43 +0100] "GET /entry.php?id=10271&&ser=209603 HTTP/1.1" 200 987 "http://hausegger.activities.at/entry.php?id=10271&&ser=209543" "Mozilla/5.0 (Windows NT 10.0; Win64; x64; rv:131.0) Gecko/20100101 Firefox/131.0"
91.141.72.19 - - [29/Oct/2024:14:47:44 +0100] "GET /gui/javascript/form_form.js?1730209663 HTTP/1.1" 200 16206 "http://hausegger.activities.at/entry.php?id=10271&&ser=209603" "Mozilla/5.0 (Windows NT 10.0; Win64; x64; rv:131.0) Gecko/20100101 Firefox/131.0"
91.141.72.19 - - [29/Oct/2024:14:47:45 +0100] "GET /entry.php?id=10271&&ser=209604 HTTP/1.1" 200 987 "http://hausegger.activities.at/entry.php?id=10271&&ser=209543" "Mozilla/5.0 (Windows NT 10.0; Win64; x64) AppleWebKit/537.36 (KHTML, like Gecko) Chrome/130.0.0.0 Safari/537.36"
91.141.72.19 - - [29/Oct/2024:14:47:45 +0100] "GET /gui/javascript/form_form.js?1730209665 HTTP/1.1" 200 16206 "http://hausegger.activities.at/entry.php?id=10271&&ser=209604" "Mozilla/5.0 (Windows NT 10.0; Win64; x64) AppleWebKit/537.36 (KHTML, like Gecko) Chrome/130.0.0.0 Safari/537.36"
91.141.72.19 - - [29/Oct/2024:14:48:44 +0100] "GET /entry.php?id=10271&&ser=209663 HTTP/1.1" 200 987 "http://hausegger.activities.at/entry.php?id=10271&&ser=209603" "Mozilla/5.0 (Windows NT 10.0; Win64; x64; rv:131.0) Gecko/20100101 Firefox/131.0"
91.141.72.19 - - [29/Oct/2024:14:48:44 +0100] "GET /gui/javascript/form_form.js?1730209724 HTTP/1.1" 200 16206 "http://hausegger.activities.at/entry.php?id=10271&&ser=209663" "Mozilla/5.0 (Windows NT 10.0; Win64; x64; rv:131.0) Gecko/20100101 Firefox/131.0"
91.141.72.19 - - [29/Oct/2024:14:48:46 +0100] "GET /entry.php?id=10271&&ser=209665 HTTP/1.1" 200 987 "http://hausegger.activities.at/entry.php?id=10271&&ser=209604" "Mozilla/5.0 (Windows NT 10.0; Win64; x64) AppleWebKit/537.36 (KHTML, like Gecko) Chrome/130.0.0.0 Safari/537.36"
91.141.72.19 - - [29/Oct/2024:14:48:46 +0100] "GET /gui/javascript/form_form.js?1730209726 HTTP/1.1" 200 16206 "http://hausegger.activities.at/entry.php?id=10271&&ser=209665" "Mozilla/5.0 (Windows NT 10.0; Win64; x64) AppleWebKit/537.36 (KHTML, like Gecko) Chrome/130.0.0.0 Safari/537.36"
91.141.72.19 - - [29/Oct/2024:14:49:44 +0100] "GET /entry.php?id=10271&&ser=209724 HTTP/1.1" 200 986 "http://hausegger.activities.at/entry.php?id=10271&&ser=209663" "Mozilla/5.0 (Windows NT 10.0; Win64; x64; rv:131.0) Gecko/20100101 Firefox/131.0"
91.141.72.19 - - [29/Oct/2024:14:49:44 +0100] "GET /gui/javascript/form_form.js?1730209784 HTTP/1.1" 200 16206 "http://hausegger.activities.at/entry.php?id=10271&&ser=209724" "Mozilla/5.0 (Windows NT 10.0; Win64; x64; rv:131.0) Gecko/20100101 Firefox/131.0"
91.141.72.19 - - [29/Oct/2024:14:49:47 +0100] "GET /entry.php?id=10271&&ser=209726 HTTP/1.1" 200 986 "http://hausegger.activities.at/entry.php?id=10271&&ser=209665" "Mozilla/5.0 (Windows NT 10.0; Win64; x64) AppleWebKit/537.36 (KHTML, like Gecko) Chrome/130.0.0.0 Safari/537.36"
91.141.72.19 - - [29/Oct/2024:14:49:47 +0100] "GET /gui/javascript/form_form.js?1730209787 HTTP/1.1" 200 16206 "http://hausegger.activities.at/entry.php?id=10271&&ser=209726" "Mozilla/5.0 (Windows NT 10.0; Win64; x64) AppleWebKit/537.36 (KHTML, like Gecko) Chrome/130.0.0.0 Safari/537.36"
91.141.72.19 - - [29/Oct/2024:14:50:44 +0100] "GET /entry.php?id=10271&&ser=209784 HTTP/1.1" 200 986 "http://hausegger.activities.at/entry.php?id=10271&&ser=209724" "Mozilla/5.0 (Windows NT 10.0; Win64; x64; rv:131.0) Gecko/20100101 Firefox/131.0"
91.141.72.19 - - [29/Oct/2024:14:50:44 +0100] "GET /gui/javascript/form_form.js?1730209844 HTTP/1.1" 200 16206 "http://hausegger.activities.at/entry.php?id=10271&&ser=209784" "Mozilla/5.0 (Windows NT 10.0; Win64; x64; rv:131.0) Gecko/20100101 Firefox/131.0"
156.59.198.136 - - [29/Oct/2024:14:50:46 +0100] "GET /renault.2web.at/htdocs/export/pdf/emuc_document/10554927.pdf HTTP/1.0" 404 319 "-" "Mozilla/5.0 (Linux; Android 5.0) AppleWebKit/537.36 (KHTML, like Gecko) Mobile Safari/537.36 (compatible; Bytespider; spider-feedback@bytedance.com)"
91.141.72.19 - - [29/Oct/2024:14:50:48 +0100] "GET /entry.php?id=10271&&ser=209787 HTTP/1.1" 200 986 "http://hausegger.activities.at/entry.php?id=10271&&ser=209726" "Mozilla/5.0 (Windows NT 10.0; Win64; x64) AppleWebKit/537.36 (KHTML, like Gecko) Chrome/130.0.0.0 Safari/537.36"
91.141.72.19 - - [29/Oct/2024:14:50:48 +0100] "GET /gui/javascript/form_form.js?1730209848 HTTP/1.1" 200 16206 "http://hausegger.activities.at/entry.php?id=10271&&ser=209787" "Mozilla/5.0 (Windows NT 10.0; Win64; x64) AppleWebKit/537.36 (KHTML, like Gecko) Chrome/130.0.0.0 Safari/537.36"
156.59.198.136 - - [29/Oct/2024:14:51:07 +0100] "GET /renault.activities.at/htdocs/export/pdf/emuc_document/11757973.pdf HTTP/1.0" 404 323 "-" "Mozilla/5.0 (Linux; Android 5.0) AppleWebKit/537.36 (KHTML, like Gecko) Mobile Safari/537.36 (compatible; Bytespider; spider-feedback@bytedance.com)"
156.59.198.136 - - [29/Oct/2024:14:51:28 +0100] "GET /renault.2web.at/htdocs/export/pdf/emuc_document/10668910.pdf HTTP/1.0" 404 318 "-" "Mozilla/5.0 (Linux; Android 5.0) AppleWebKit/537.36 (KHTML, like Gecko) Mobile Safari/537.36 (compatible; Bytespider; spider-feedback@bytedance.com)"
91.141.72.19 - - [29/Oct/2024:14:51:45 +0100] "GET /entry.php?id=10271&&ser=209844 HTTP/1.1" 200 986 "http://hausegger.activities.at/entry.php?id=10271&&ser=209784" "Mozilla/5.0 (Windows NT 10.0; Win64; x64; rv:131.0) Gecko/20100101 Firefox/131.0"
91.141.72.19 - - [29/Oct/2024:14:51:45 +0100] "GET /gui/javascript/form_form.js?1730209905 HTTP/1.1" 200 16206 "http://hausegger.activities.at/entry.php?id=10271&&ser=209844" "Mozilla/5.0 (Windows NT 10.0; Win64; x64; rv:131.0) Gecko/20100101 Firefox/131.0"
156.59.198.136 - - [29/Oct/2024:14:51:49 +0100] "GET /renault.2web.at/htdocs/binaries/10117642.pdf HTTP/1.0" 404 308 "-" "Mozilla/5.0 (Linux; Android 5.0) AppleWebKit/537.36 (KHTML, like Gecko) Mobile Safari/537.36 (compatible; Bytespider; spider-feedback@bytedance.com)"
91.141.72.19 - - [29/Oct/2024:14:51:49 +0100] "GET /entry.php?id=10271&&ser=209848 HTTP/1.1" 200 986 "http://hausegger.activities.at/entry.php?id=10271&&ser=209787" "Mozilla/5.0 (Windows NT 10.0; Win64; x64) AppleWebKit/537.36 (KHTML, like Gecko) Chrome/130.0.0.0 Safari/537.36"
91.141.72.19 - - [29/Oct/2024:14:51:49 +0100] "GET /gui/javascript/form_form.js?1730209909 HTTP/1.1" 200 16206 "http://hausegger.activities.at/entry.php?id=10271&&ser=209848" "Mozilla/5.0 (Windows NT 10.0; Win64; x64) AppleWebKit/537.36 (KHTML, like Gecko) Chrome/130.0.0.0 Safari/537.36"
156.59.198.135 - - [29/Oct/2024:14:52:11 +0100] "GET /renault.activities.at/htdocs/export/pdf/emuc_document/10658276.pdf HTTP/1.0" 404 322 "-" "Mozilla/5.0 (Linux; Android 5.0) AppleWebKit/537.36 (KHTML, like Gecko) Mobile Safari/537.36 (compatible; Bytespider; spider-feedback@bytedance.com)"
156.59.198.135 - - [29/Oct/2024:14:52:31 +0100] "GET /renault.2web.at/htdocs/export/pdf/emuc_document/10930890.pdf HTTP/1.0" 404 319 "-" "Mozilla/5.0 (Linux; Android 5.0) AppleWebKit/537.36 (KHTML, like Gecko) Mobile Safari/537.36 (compatible; Bytespider; spider-feedback@bytedance.com)"
91.141.72.19 - - [29/Oct/2024:14:52:45 +0100] "GET /entry.php?id=10271&&ser=209905 HTTP/1.1" 200 987 "http://hausegger.activities.at/entry.php?id=10271&&ser=209844" "Mozilla/5.0 (Windows NT 10.0; Win64; x64; rv:131.0) Gecko/20100101 Firefox/131.0"
91.141.72.19 - - [29/Oct/2024:14:52:45 +0100] "GET /gui/javascript/form_form.js?1730209965 HTTP/1.1" 200 16206 "http://hausegger.activities.at/entry.php?id=10271&&ser=209905" "Mozilla/5.0 (Windows NT 10.0; Win64; x64; rv:131.0) Gecko/20100101 Firefox/131.0"
91.141.72.19 - - [29/Oct/2024:14:52:50 +0100] "GET /entry.php?id=10271&&ser=209909 HTTP/1.1" 200 986 "http://hausegger.activities.at/entry.php?id=10271&&ser=209848" "Mozilla/5.0 (Windows NT 10.0; Win64; x64) AppleWebKit/537.36 (KHTML, like Gecko) Chrome/130.0.0.0 Safari/537.36"
91.141.72.19 - - [29/Oct/2024:14:52:50 +0100] "GET /gui/javascript/form_form.js?1730209970 HTTP/1.1" 200 16206 "http://hausegger.activities.at/entry.php?id=10271&&ser=209909" "Mozilla/5.0 (Windows NT 10.0; Win64; x64) AppleWebKit/537.36 (KHTML, like Gecko) Chrome/130.0.0.0 Safari/537.36"
156.59.198.136 - - [29/Oct/2024:14:52:52 +0100] "GET /renault.activities.at/htdocs/export/xml/data/articles/201908210803_RenArticle.xml HTTP/1.0" 404 331 "-" "Mozilla/5.0 (Linux; Android 5.0) AppleWebKit/537.36 (KHTML, like Gecko) Mobile Safari/537.36 (compatible; Bytespider; spider-feedback@bytedance.com)"
156.59.198.135 - - [29/Oct/2024:14:53:14 +0100] "GET /renault.2web.at/htdocs/export/pdf/emuc_document/11444433.pdf HTTP/1.0" 404 318 "-" "Mozilla/5.0 (Linux; Android 5.0) AppleWebKit/537.36 (KHTML, like Gecko) Mobile Safari/537.36 (compatible; Bytespider; spider-feedback@bytedance.com)"
156.59.198.135 - - [29/Oct/2024:14:53:35 +0100] "GET /docs/ecommlogistics/belege/RE16-000020.pdf HTTP/1.0" 404 306 "-" "Mozilla/5.0 (Linux; Android 5.0) AppleWebKit/537.36 (KHTML, like Gecko) Mobile Safari/537.36 (compatible; Bytespider; spider-feedback@bytedance.com)"
91.141.72.19 - - [29/Oct/2024:14:53:45 +0100] "GET /entry.php?id=10271&&ser=209965 HTTP/1.1" 200 985 "http://hausegger.activities.at/entry.php?id=10271&&ser=209905" "Mozilla/5.0 (Windows NT 10.0; Win64; x64; rv:131.0) Gecko/20100101 Firefox/131.0"
91.141.72.19 - - [29/Oct/2024:14:53:45 +0100] "GET /gui/javascript/form_form.js?1730210025 HTTP/1.1" 200 16206 "http://hausegger.activities.at/entry.php?id=10271&&ser=209965" "Mozilla/5.0 (Windows NT 10.0; Win64; x64; rv:131.0) Gecko/20100101 Firefox/131.0"
91.141.72.19 - - [29/Oct/2024:14:53:51 +0100] "GET /entry.php?id=10271&&ser=209970 HTTP/1.1" 200 986 "http://hausegger.activities.at/entry.php?id=10271&&ser=209909" "Mozilla/5.0 (Windows NT 10.0; Win64; x64) AppleWebKit/537.36 (KHTML, like Gecko) Chrome/130.0.0.0 Safari/537.36"
91.141.72.19 - - [29/Oct/2024:14:53:51 +0100] "GET /gui/javascript/form_form.js?1730210031 HTTP/1.1" 200 16206 "http://hausegger.activities.at/entry.php?id=10271&&ser=209970" "Mozilla/5.0 (Windows NT 10.0; Win64; x64) AppleWebKit/537.36 (KHTML, like Gecko) Chrome/130.0.0.0 Safari/537.36"
156.59.198.136 - - [29/Oct/2024:14:53:56 +0100] "GET /renault.2web.at/htdocs/export/pdf/emuc_document/11600232.pdf HTTP/1.0" 404 319 "-" "Mozilla/5.0 (Linux; Android 5.0) AppleWebKit/537.36 (KHTML, like Gecko) Mobile Safari/537.36 (compatible; Bytespider; spider-feedback@bytedance.com)"
156.59.198.136 - - [29/Oct/2024:14:54:17 +0100] "GET /renault.2web.at/htdocs/export/pdf/emuc_document/11444615.pdf HTTP/1.0" 404 318 "-" "Mozilla/5.0 (Linux; Android 5.0) AppleWebKit/537.36 (KHTML, like Gecko) Mobile Safari/537.36 (compatible; Bytespider; spider-feedback@bytedance.com)"
91.141.72.19 - - [29/Oct/2024:14:54:45 +0100] "GET /entry.php?id=10271&&ser=210025 HTTP/1.1" 200 986 "http://hausegger.activities.at/entry.php?id=10271&&ser=209965" "Mozilla/5.0 (Windows NT 10.0; Win64; x64; rv:131.0) Gecko/20100101 Firefox/131.0"
91.141.72.19 - - [29/Oct/2024:14:54:46 +0100] "GET /gui/javascript/form_form.js?1730210086 HTTP/1.1" 200 16206 "http://hausegger.activities.at/entry.php?id=10271&&ser=210025" "Mozilla/5.0 (Windows NT 10.0; Win64; x64; rv:131.0) Gecko/20100101 Firefox/131.0"
91.141.72.19 - - [29/Oct/2024:14:54:52 +0100] "GET /entry.php?id=10271&&ser=210031 HTTP/1.1" 200 987 "http://hausegger.activities.at/entry.php?id=10271&&ser=209970" "Mozilla/5.0 (Windows NT 10.0; Win64; x64) AppleWebKit/537.36 (KHTML, like Gecko) Chrome/130.0.0.0 Safari/537.36"
91.141.72.19 - - [29/Oct/2024:14:54:52 +0100] "GET /gui/javascript/form_form.js?1730210092 HTTP/1.1" 200 16206 "http://hausegger.activities.at/entry.php?id=10271&&ser=210031" "Mozilla/5.0 (Windows NT 10.0; Win64; x64) AppleWebKit/537.36 (KHTML, like Gecko) Chrome/130.0.0.0 Safari/537.36"
91.141.72.19 - - [29/Oct/2024:14:55:46 +0100] "GET /entry.php?id=10271&&ser=210086 HTTP/1.1" 200 987 "http://hausegger.activities.at/entry.php?id=10271&&ser=210025" "Mozilla/5.0 (Windows NT 10.0; Win64; x64; rv:131.0) Gecko/20100101 Firefox/131.0"
91.141.72.19 - - [29/Oct/2024:14:55:46 +0100] "GET /gui/javascript/form_form.js?1730210146 HTTP/1.1" 200 16206 "http://hausegger.activities.at/entry.php?id=10271&&ser=210086" "Mozilla/5.0 (Windows NT 10.0; Win64; x64; rv:131.0) Gecko/20100101 Firefox/131.0"
91.141.72.19 - - [29/Oct/2024:14:55:53 +0100] "GET /entry.php?id=10271&&ser=210092 HTTP/1.1" 200 987 "http://hausegger.activities.at/entry.php?id=10271&&ser=210031" "Mozilla/5.0 (Windows NT 10.0; Win64; x64) AppleWebKit/537.36 (KHTML, like Gecko) Chrome/130.0.0.0 Safari/537.36"
91.141.72.19 - - [29/Oct/2024:14:55:53 +0100] "GET /gui/javascript/form_form.js?1730210153 HTTP/1.1" 200 16206 "http://hausegger.activities.at/entry.php?id=10271&&ser=210092" "Mozilla/5.0 (Windows NT 10.0; Win64; x64) AppleWebKit/537.36 (KHTML, like Gecko) Chrome/130.0.0.0 Safari/537.36"
49.213.234.221 - - [29/Oct/2024:14:56:11 +0100] "GET / HTTP/1.0" 200 423 "-" "Mozilla/5.0 (Linux; U; Android 4.0.3; ko-kr; LG-L160L Build/IML74K) AppleWebkit/534.30 (KHTML, like Gecko) Version/4.0 Mobile Safari/534.30"
91.141.72.19 - - [29/Oct/2024:14:56:46 +0100] "GET /entry.php?id=10271&&ser=210146 HTTP/1.1" 200 985 "http://hausegger.activities.at/entry.php?id=10271&&ser=210086" "Mozilla/5.0 (Windows NT 10.0; Win64; x64; rv:131.0) Gecko/20100101 Firefox/131.0"
91.141.72.19 - - [29/Oct/2024:14:56:46 +0100] "GET /gui/javascript/form_form.js?1730210206 HTTP/1.1" 200 16206 "http://hausegger.activities.at/entry.php?id=10271&&ser=210146" "Mozilla/5.0 (Windows NT 10.0; Win64; x64; rv:131.0) Gecko/20100101 Firefox/131.0"
185.224.128.47 - - [29/Oct/2024:14:56:49 +0100] "GET / HTTP/1.1" 200 423 "-" "Mozilla/5.0 (Macintosh; Intel Mac OS X 10_15_7) AppleWebKit/537.36 (KHTML, like Gecko) Chrome/128.0.0.0 Safari/537.36"
91.141.72.19 - - [29/Oct/2024:14:56:54 +0100] "GET /entry.php?id=10271&&ser=210153 HTTP/1.1" 200 986 "http://hausegger.activities.at/entry.php?id=10271&&ser=210092" "Mozilla/5.0 (Windows NT 10.0; Win64; x64) AppleWebKit/537.36 (KHTML, like Gecko) Chrome/130.0.0.0 Safari/537.36"
91.141.72.19 - - [29/Oct/2024:14:56:54 +0100] "GET /gui/javascript/form_form.js?1730210214 HTTP/1.1" 200 16206 "http://hausegger.activities.at/entry.php?id=10271&&ser=210153" "Mozilla/5.0 (Windows NT 10.0; Win64; x64) AppleWebKit/537.36 (KHTML, like Gecko) Chrome/130.0.0.0 Safari/537.36"
91.141.72.19 - - [29/Oct/2024:14:57:46 +0100] "GET /entry.php?id=10271&&ser=210206 HTTP/1.1" 200 987 "http://hausegger.activities.at/entry.php?id=10271&&ser=210146" "Mozilla/5.0 (Windows NT 10.0; Win64; x64; rv:131.0) Gecko/20100101 Firefox/131.0"
91.141.72.19 - - [29/Oct/2024:14:57:47 +0100] "GET /gui/javascript/form_form.js?1730210266 HTTP/1.1" 200 16206 "http://hausegger.activities.at/entry.php?id=10271&&ser=210206" "Mozilla/5.0 (Windows NT 10.0; Win64; x64; rv:131.0) Gecko/20100101 Firefox/131.0"
91.141.72.19 - - [29/Oct/2024:14:57:55 +0100] "GET /entry.php?id=10271&&ser=210214 HTTP/1.1" 200 986 "http://hausegger.activities.at/entry.php?id=10271&&ser=210153" "Mozilla/5.0 (Windows NT 10.0; Win64; x64) AppleWebKit/537.36 (KHTML, like Gecko) Chrome/130.0.0.0 Safari/537.36"
91.141.72.19 - - [29/Oct/2024:14:57:55 +0100] "GET /gui/javascript/form_form.js?1730210275 HTTP/1.1" 200 16206 "http://hausegger.activities.at/entry.php?id=10271&&ser=210214" "Mozilla/5.0 (Windows NT 10.0; Win64; x64) AppleWebKit/537.36 (KHTML, like Gecko) Chrome/130.0.0.0 Safari/537.36"
91.141.72.19 - - [29/Oct/2024:14:58:47 +0100] "GET /entry.php?id=10271&&ser=210266 HTTP/1.1" 200 987 "http://hausegger.activities.at/entry.php?id=10271&&ser=210206" "Mozilla/5.0 (Windows NT 10.0; Win64; x64; rv:131.0) Gecko/20100101 Firefox/131.0"
91.141.72.19 - - [29/Oct/2024:14:58:47 +0100] "GET /gui/javascript/form_form.js?1730210327 HTTP/1.1" 200 16206 "http://hausegger.activities.at/entry.php?id=10271&&ser=210266" "Mozilla/5.0 (Windows NT 10.0; Win64; x64; rv:131.0) Gecko/20100101 Firefox/131.0"
156.59.198.135 - - [29/Oct/2024:14:58:48 +0100] "GET /renault.activities.at/htdocs/export/pdf/emuc_document/10413423.pdf HTTP/1.0" 404 322 "-" "Mozilla/5.0 (Linux; Android 5.0) AppleWebKit/537.36 (KHTML, like Gecko) Mobile Safari/537.36 (compatible; Bytespider; spider-feedback@bytedance.com)"
91.141.72.19 - - [29/Oct/2024:14:58:56 +0100] "GET /entry.php?id=10271&&ser=210275 HTTP/1.1" 200 987 "http://hausegger.activities.at/entry.php?id=10271&&ser=210214" "Mozilla/5.0 (Windows NT 10.0; Win64; x64) AppleWebKit/537.36 (KHTML, like Gecko) Chrome/130.0.0.0 Safari/537.36"
91.141.72.19 - - [29/Oct/2024:14:58:56 +0100] "GET /gui/javascript/form_form.js?1730210336 HTTP/1.1" 200 16206 "http://hausegger.activities.at/entry.php?id=10271&&ser=210275" "Mozilla/5.0 (Windows NT 10.0; Win64; x64) AppleWebKit/537.36 (KHTML, like Gecko) Chrome/130.0.0.0 Safari/537.36"
156.59.198.135 - - [29/Oct/2024:14:59:10 +0100] "GET /renault.2web.at/htdocs/export/pdf/emuc_document/12129653.pdf HTTP/1.0" 404 318 "-" "Mozilla/5.0 (Linux; Android 5.0) AppleWebKit/537.36 (KHTML, like Gecko) Mobile Safari/537.36 (compatible; Bytespider; spider-feedback@bytedance.com)"
156.59.198.135 - - [29/Oct/2024:14:59:31 +0100] "GET /renault.activities.at/htdocs/binaries/10462869.pdf HTTP/1.0" 404 311 "-" "Mozilla/5.0 (Linux; Android 5.0) AppleWebKit/537.36 (KHTML, like Gecko) Mobile Safari/537.36 (compatible; Bytespider; spider-feedback@bytedance.com)"
91.141.72.19 - - [29/Oct/2024:14:59:47 +0100] "GET /entry.php?id=10271&&ser=210327 HTTP/1.1" 200 987 "http://hausegger.activities.at/entry.php?id=10271&&ser=210266" "Mozilla/5.0 (Windows NT 10.0; Win64; x64; rv:131.0) Gecko/20100101 Firefox/131.0"
91.141.72.19 - - [29/Oct/2024:14:59:47 +0100] "GET /gui/javascript/form_form.js?1730210387 HTTP/1.1" 200 16206 "http://hausegger.activities.at/entry.php?id=10271&&ser=210327" "Mozilla/5.0 (Windows NT 10.0; Win64; x64; rv:131.0) Gecko/20100101 Firefox/131.0"
156.59.198.136 - - [29/Oct/2024:14:59:52 +0100] "GET /renault.2web.at/htdocs/export/pdf/emuc_document/10776078.pdf HTTP/1.0" 404 319 "-" "Mozilla/5.0 (Linux; Android 5.0) AppleWebKit/537.36 (KHTML, like Gecko) Mobile Safari/537.36 (compatible; Bytespider; spider-feedback@bytedance.com)"
91.141.72.19 - - [29/Oct/2024:14:59:57 +0100] "GET /entry.php?id=10271&&ser=210336 HTTP/1.1" 200 987 "http://hausegger.activities.at/entry.php?id=10271&&ser=210275" "Mozilla/5.0 (Windows NT 10.0; Win64; x64) AppleWebKit/537.36 (KHTML, like Gecko) Chrome/130.0.0.0 Safari/537.36"
91.141.72.19 - - [29/Oct/2024:14:59:57 +0100] "GET /gui/javascript/form_form.js?1730210397 HTTP/1.1" 200 16206 "http://hausegger.activities.at/entry.php?id=10271&&ser=210336" "Mozilla/5.0 (Windows NT 10.0; Win64; x64) AppleWebKit/537.36 (KHTML, like Gecko) Chrome/130.0.0.0 Safari/537.36"
91.141.72.19 - - [29/Oct/2024:15:00:47 +0100] "GET /entry.php?id=10271&&ser=210387 HTTP/1.1" 200 986 "http://hausegger.activities.at/entry.php?id=10271&&ser=210327" "Mozilla/5.0 (Windows NT 10.0; Win64; x64; rv:131.0) Gecko/20100101 Firefox/131.0"
91.141.72.19 - - [29/Oct/2024:15:00:47 +0100] "GET /gui/javascript/form_form.js?1730210447 HTTP/1.1" 200 16206 "http://hausegger.activities.at/entry.php?id=10271&&ser=210387" "Mozilla/5.0 (Windows NT 10.0; Win64; x64; rv:131.0) Gecko/20100101 Firefox/131.0"
91.141.72.19 - - [29/Oct/2024:15:00:58 +0100] "GET /entry.php?id=10271&&ser=210397 HTTP/1.1" 200 987 "http://hausegger.activities.at/entry.php?id=10271&&ser=210336" "Mozilla/5.0 (Windows NT 10.0; Win64; x64) AppleWebKit/537.36 (KHTML, like Gecko) Chrome/130.0.0.0 Safari/537.36"
91.141.72.19 - - [29/Oct/2024:15:00:58 +0100] "GET /gui/javascript/form_form.js?1730210458 HTTP/1.1" 200 16206 "http://hausegger.activities.at/entry.php?id=10271&&ser=210397" "Mozilla/5.0 (Windows NT 10.0; Win64; x64) AppleWebKit/537.36 (KHTML, like Gecko) Chrome/130.0.0.0 Safari/537.36"
91.141.72.19 - - [29/Oct/2024:15:01:48 +0100] "GET /entry.php?id=10271&&ser=210447 HTTP/1.1" 200 986 "http://hausegger.activities.at/entry.php?id=10271&&ser=210387" "Mozilla/5.0 (Windows NT 10.0; Win64; x64; rv:131.0) Gecko/20100101 Firefox/131.0"
91.141.72.19 - - [29/Oct/2024:15:01:48 +0100] "GET /gui/javascript/form_form.js?1730210508 HTTP/1.1" 200 16206 "http://hausegger.activities.at/entry.php?id=10271&&ser=210447" "Mozilla/5.0 (Windows NT 10.0; Win64; x64; rv:131.0) Gecko/20100101 Firefox/131.0"
91.141.72.19 - - [29/Oct/2024:15:01:59 +0100] "GET /entry.php?id=10271&&ser=210458 HTTP/1.1" 200 987 "http://hausegger.activities.at/entry.php?id=10271&&ser=210397" "Mozilla/5.0 (Windows NT 10.0; Win64; x64) AppleWebKit/537.36 (KHTML, like Gecko) Chrome/130.0.0.0 Safari/537.36"
91.141.72.19 - - [29/Oct/2024:15:01:59 +0100] "GET /gui/javascript/form_form.js?1730210519 HTTP/1.1" 200 16206 "http://hausegger.activities.at/entry.php?id=10271&&ser=210458" "Mozilla/5.0 (Windows NT 10.0; Win64; x64) AppleWebKit/537.36 (KHTML, like Gecko) Chrome/130.0.0.0 Safari/537.36"
91.141.72.19 - - [29/Oct/2024:15:02:48 +0100] "GET /entry.php?id=10271&&ser=210508 HTTP/1.1" 200 987 "http://hausegger.activities.at/entry.php?id=10271&&ser=210447" "Mozilla/5.0 (Windows NT 10.0; Win64; x64; rv:131.0) Gecko/20100101 Firefox/131.0"
91.141.72.19 - - [29/Oct/2024:15:02:48 +0100] "GET /gui/javascript/form_form.js?1730210568 HTTP/1.1" 200 16206 "http://hausegger.activities.at/entry.php?id=10271&&ser=210508" "Mozilla/5.0 (Windows NT 10.0; Win64; x64; rv:131.0) Gecko/20100101 Firefox/131.0"
91.141.72.19 - - [29/Oct/2024:15:03:00 +0100] "GET /entry.php?id=10271&&ser=210519 HTTP/1.1" 200 986 "http://hausegger.activities.at/entry.php?id=10271&&ser=210458" "Mozilla/5.0 (Windows NT 10.0; Win64; x64) AppleWebKit/537.36 (KHTML, like Gecko) Chrome/130.0.0.0 Safari/537.36"
91.141.72.19 - - [29/Oct/2024:15:03:00 +0100] "GET /gui/javascript/form_form.js?1730210580 HTTP/1.1" 200 16206 "http://hausegger.activities.at/entry.php?id=10271&&ser=210519" "Mozilla/5.0 (Windows NT 10.0; Win64; x64) AppleWebKit/537.36 (KHTML, like Gecko) Chrome/130.0.0.0 Safari/537.36"
91.141.72.19 - - [29/Oct/2024:15:03:48 +0100] "GET /entry.php?id=10271&&ser=210568 HTTP/1.1" 200 987 "http://hausegger.activities.at/entry.php?id=10271&&ser=210508" "Mozilla/5.0 (Windows NT 10.0; Win64; x64; rv:131.0) Gecko/20100101 Firefox/131.0"
91.141.72.19 - - [29/Oct/2024:15:03:48 +0100] "GET /gui/javascript/form_form.js?1730210628 HTTP/1.1" 200 16206 "http://hausegger.activities.at/entry.php?id=10271&&ser=210568" "Mozilla/5.0 (Windows NT 10.0; Win64; x64; rv:131.0) Gecko/20100101 Firefox/131.0"
91.141.72.19 - - [29/Oct/2024:15:04:01 +0100] "GET /entry.php?id=10271&&ser=210580 HTTP/1.1" 200 986 "http://hausegger.activities.at/entry.php?id=10271&&ser=210519" "Mozilla/5.0 (Windows NT 10.0; Win64; x64) AppleWebKit/537.36 (KHTML, like Gecko) Chrome/130.0.0.0 Safari/537.36"
91.141.72.19 - - [29/Oct/2024:15:04:01 +0100] "GET /gui/javascript/form_form.js?1730210641 HTTP/1.1" 200 16206 "http://hausegger.activities.at/entry.php?id=10271&&ser=210580" "Mozilla/5.0 (Windows NT 10.0; Win64; x64) AppleWebKit/537.36 (KHTML, like Gecko) Chrome/130.0.0.0 Safari/537.36"
91.141.72.19 - - [29/Oct/2024:15:04:48 +0100] "GET /entry.php?id=10271&&ser=210628 HTTP/1.1" 200 986 "http://hausegger.activities.at/entry.php?id=10271&&ser=210568" "Mozilla/5.0 (Windows NT 10.0; Win64; x64; rv:131.0) Gecko/20100101 Firefox/131.0"
91.141.72.19 - - [29/Oct/2024:15:04:49 +0100] "GET /gui/javascript/form_form.js?1730210689 HTTP/1.1" 200 16206 "http://hausegger.activities.at/entry.php?id=10271&&ser=210628" "Mozilla/5.0 (Windows NT 10.0; Win64; x64; rv:131.0) Gecko/20100101 Firefox/131.0"
91.141.72.19 - - [29/Oct/2024:15:05:02 +0100] "GET /entry.php?id=10271&&ser=210641 HTTP/1.1" 200 987 "http://hausegger.activities.at/entry.php?id=10271&&ser=210580" "Mozilla/5.0 (Windows NT 10.0; Win64; x64) AppleWebKit/537.36 (KHTML, like Gecko) Chrome/130.0.0.0 Safari/537.36"
91.141.72.19 - - [29/Oct/2024:15:05:02 +0100] "GET /gui/javascript/form_form.js?1730210702 HTTP/1.1" 200 16206 "http://hausegger.activities.at/entry.php?id=10271&&ser=210641" "Mozilla/5.0 (Windows NT 10.0; Win64; x64) AppleWebKit/537.36 (KHTML, like Gecko) Chrome/130.0.0.0 Safari/537.36"
91.141.72.19 - - [29/Oct/2024:15:05:49 +0100] "GET /entry.php?id=10271&&ser=210689 HTTP/1.1" 200 987 "http://hausegger.activities.at/entry.php?id=10271&&ser=210628" "Mozilla/5.0 (Windows NT 10.0; Win64; x64; rv:131.0) Gecko/20100101 Firefox/131.0"
91.141.72.19 - - [29/Oct/2024:15:05:49 +0100] "GET /gui/javascript/form_form.js?1730210749 HTTP/1.1" 200 16206 "http://hausegger.activities.at/entry.php?id=10271&&ser=210689" "Mozilla/5.0 (Windows NT 10.0; Win64; x64; rv:131.0) Gecko/20100101 Firefox/131.0"
91.141.72.19 - - [29/Oct/2024:15:06:03 +0100] "GET /entry.php?id=10271&&ser=210702 HTTP/1.1" 200 987 "http://hausegger.activities.at/entry.php?id=10271&&ser=210641" "Mozilla/5.0 (Windows NT 10.0; Win64; x64) AppleWebKit/537.36 (KHTML, like Gecko) Chrome/130.0.0.0 Safari/537.36"
156.59.198.136 - - [29/Oct/2024:15:06:03 +0100] "GET /docs/contadino/2017/RE17-000028.pdf HTTP/1.0" 404 302 "-" "Mozilla/5.0 (Linux; Android 5.0) AppleWebKit/537.36 (KHTML, like Gecko) Mobile Safari/537.36 (compatible; Bytespider; spider-feedback@bytedance.com)"
91.141.72.19 - - [29/Oct/2024:15:06:03 +0100] "GET /gui/javascript/form_form.js?1730210763 HTTP/1.1" 200 16206 "http://hausegger.activities.at/entry.php?id=10271&&ser=210702" "Mozilla/5.0 (Windows NT 10.0; Win64; x64) AppleWebKit/537.36 (KHTML, like Gecko) Chrome/130.0.0.0 Safari/537.36"
156.59.198.136 - - [29/Oct/2024:15:06:25 +0100] "GET /renault.2web.at/htdocs/export/pdf/emuc_document/10609430.pdf HTTP/1.0" 404 319 "-" "Mozilla/5.0 (Linux; Android 5.0) AppleWebKit/537.36 (KHTML, like Gecko) Mobile Safari/537.36 (compatible; Bytespider; spider-feedback@bytedance.com)"
156.59.198.136 - - [29/Oct/2024:15:06:46 +0100] "GET /renault.2web.at/htdocs/export/pdf/emuc_document/11723518.pdf HTTP/1.0" 404 319 "-" "Mozilla/5.0 (Linux; Android 5.0) AppleWebKit/537.36 (KHTML, like Gecko) Mobile Safari/537.36 (compatible; Bytespider; spider-feedback@bytedance.com)"
91.141.72.19 - - [29/Oct/2024:15:06:49 +0100] "GET /entry.php?id=10271&&ser=210749 HTTP/1.1" 200 986 "http://hausegger.activities.at/entry.php?id=10271&&ser=210689" "Mozilla/5.0 (Windows NT 10.0; Win64; x64; rv:131.0) Gecko/20100101 Firefox/131.0"
91.141.72.19 - - [29/Oct/2024:15:06:49 +0100] "GET /gui/javascript/form_form.js?1730210809 HTTP/1.1" 200 16206 "http://hausegger.activities.at/entry.php?id=10271&&ser=210749" "Mozilla/5.0 (Windows NT 10.0; Win64; x64; rv:131.0) Gecko/20100101 Firefox/131.0"
91.141.72.19 - - [29/Oct/2024:15:07:04 +0100] "GET /entry.php?id=10271&&ser=210763 HTTP/1.1" 200 987 "http://hausegger.activities.at/entry.php?id=10271&&ser=210702" "Mozilla/5.0 (Windows NT 10.0; Win64; x64) AppleWebKit/537.36 (KHTML, like Gecko) Chrome/130.0.0.0 Safari/537.36"
91.141.72.19 - - [29/Oct/2024:15:07:04 +0100] "GET /gui/javascript/form_form.js?1730210824 HTTP/1.1" 200 16206 "http://hausegger.activities.at/entry.php?id=10271&&ser=210763" "Mozilla/5.0 (Windows NT 10.0; Win64; x64) AppleWebKit/537.36 (KHTML, like Gecko) Chrome/130.0.0.0 Safari/537.36"
156.59.198.135 - - [29/Oct/2024:15:07:07 +0100] "GET /renault.activities.at/htdocs/export/pdf/emuc_document/11824092.pdf HTTP/1.0" 404 321 "-" "Mozilla/5.0 (Linux; Android 5.0) AppleWebKit/537.36 (KHTML, like Gecko) Mobile Safari/537.36 (compatible; Bytespider; spider-feedback@bytedance.com)"
156.59.198.135 - - [29/Oct/2024:15:07:28 +0100] "GET /renault.2web.at/htdocs/export/pdf/emuc_document/12205309.pdf HTTP/1.0" 404 318 "-" "Mozilla/5.0 (Linux; Android 5.0) AppleWebKit/537.36 (KHTML, like Gecko) Mobile Safari/537.36 (compatible; Bytespider; spider-feedback@bytedance.com)"
91.141.72.19 - - [29/Oct/2024:15:07:49 +0100] "GET /entry.php?id=10271&&ser=210809 HTTP/1.1" 200 987 "http://hausegger.activities.at/entry.php?id=10271&&ser=210749" "Mozilla/5.0 (Windows NT 10.0; Win64; x64; rv:131.0) Gecko/20100101 Firefox/131.0"
91.141.72.19 - - [29/Oct/2024:15:07:50 +0100] "GET /gui/javascript/form_form.js?1730210869 HTTP/1.1" 200 16206 "http://hausegger.activities.at/entry.php?id=10271&&ser=210809" "Mozilla/5.0 (Windows NT 10.0; Win64; x64; rv:131.0) Gecko/20100101 Firefox/131.0"
156.59.198.135 - - [29/Oct/2024:15:07:50 +0100] "GET /docs/contadino/2017/RE17-000024.pdf HTTP/1.0" 404 302 "-" "Mozilla/5.0 (Linux; Android 5.0) AppleWebKit/537.36 (KHTML, like Gecko) Mobile Safari/537.36 (compatible; Bytespider; spider-feedback@bytedance.com)"
91.141.72.19 - - [29/Oct/2024:15:08:05 +0100] "GET /entry.php?id=10271&&ser=210824 HTTP/1.1" 200 986 "http://hausegger.activities.at/entry.php?id=10271&&ser=210763" "Mozilla/5.0 (Windows NT 10.0; Win64; x64) AppleWebKit/537.36 (KHTML, like Gecko) Chrome/130.0.0.0 Safari/537.36"
91.141.72.19 - - [29/Oct/2024:15:08:05 +0100] "GET /gui/javascript/form_form.js?1730210885 HTTP/1.1" 200 16206 "http://hausegger.activities.at/entry.php?id=10271&&ser=210824" "Mozilla/5.0 (Windows NT 10.0; Win64; x64) AppleWebKit/537.36 (KHTML, like Gecko) Chrome/130.0.0.0 Safari/537.36"
156.59.198.136 - - [29/Oct/2024:15:08:11 +0100] "GET /docs/contadino/2018/RECHNUNG/RE18-00005.pdf HTTP/1.0" 404 308 "-" "Mozilla/5.0 (Linux; Android 5.0) AppleWebKit/537.36 (KHTML, like Gecko) Mobile Safari/537.36 (compatible; Bytespider; spider-feedback@bytedance.com)"
156.59.198.135 - - [29/Oct/2024:15:08:32 +0100] "GET /renault.2web.at/htdocs/export/pdf/emuc_document/10742275.pdf HTTP/1.0" 404 319 "-" "Mozilla/5.0 (Linux; Android 5.0) AppleWebKit/537.36 (KHTML, like Gecko) Mobile Safari/537.36 (compatible; Bytespider; spider-feedback@bytedance.com)"
91.141.72.19 - - [29/Oct/2024:15:08:50 +0100] "GET /entry.php?id=10271&&ser=210869 HTTP/1.1" 200 987 "http://hausegger.activities.at/entry.php?id=10271&&ser=210809" "Mozilla/5.0 (Windows NT 10.0; Win64; x64; rv:131.0) Gecko/20100101 Firefox/131.0"
91.141.72.19 - - [29/Oct/2024:15:08:50 +0100] "GET /gui/javascript/form_form.js?1730210930 HTTP/1.1" 200 16206 "http://hausegger.activities.at/entry.php?id=10271&&ser=210869" "Mozilla/5.0 (Windows NT 10.0; Win64; x64; rv:131.0) Gecko/20100101 Firefox/131.0"
156.59.198.135 - - [29/Oct/2024:15:08:54 +0100] "GET /renault.2web.at/htdocs/export/pdf/emuc_document/12381418.pdf HTTP/1.0" 404 318 "-" "Mozilla/5.0 (Linux; Android 5.0) AppleWebKit/537.36 (KHTML, like Gecko) Mobile Safari/537.36 (compatible; Bytespider; spider-feedback@bytedance.com)"
91.141.72.19 - - [29/Oct/2024:15:09:06 +0100] "GET /entry.php?id=10271&&ser=210885 HTTP/1.1" 200 987 "http://hausegger.activities.at/entry.php?id=10271&&ser=210824" "Mozilla/5.0 (Windows NT 10.0; Win64; x64) AppleWebKit/537.36 (KHTML, like Gecko) Chrome/130.0.0.0 Safari/537.36"
91.141.72.19 - - [29/Oct/2024:15:09:06 +0100] "GET /gui/javascript/form_form.js?1730210946 HTTP/1.1" 200 16206 "http://hausegger.activities.at/entry.php?id=10271&&ser=210885" "Mozilla/5.0 (Windows NT 10.0; Win64; x64) AppleWebKit/537.36 (KHTML, like Gecko) Chrome/130.0.0.0 Safari/537.36"
91.141.72.19 - - [29/Oct/2024:15:09:09 +0100] "GET /entry.php?id=10828 HTTP/1.1" 200 9143 "http://hausegger.activities.at/entry.php?id=10270&__app__=10006038" "Mozilla/5.0 (Windows NT 10.0; Win64; x64; rv:131.0) Gecko/20100101 Firefox/131.0"
