156.59.198.136 - - [29/Oct/2024:10:14:54 +0100] "GET /docs/contadino/2017/RE17-000021.pdf HTTP/1.0" 404 302 "-" "Mozilla/5.0 (Linux; Android 5.0) AppleWebKit/537.36 (KHTML, like Gecko) Mobile Safari/537.36 (compatible; Bytespider; spider-feedback@bytedance.com)"
156.59.198.136 - - [29/Oct/2024:10:15:14 +0100] "GET /renault.2web.at/htdocs/export/pdf/emuc_document/12243371.pdf HTTP/1.0" 404 319 "-" "Mozilla/5.0 (Linux; Android 5.0) AppleWebKit/537.36 (KHTML, like Gecko) Mobile Safari/537.36 (compatible; Bytespider; spider-feedback@bytedance.com)"
91.141.72.19 - - [29/Oct/2024:10:15:16 +0100] "GET /entry.php?id=10271&&ser=193255 HTTP/1.1" 200 988 "http://hausegger.activities.at/entry.php?id=10271&&ser=193194" "Mozilla/5.0 (Windows NT 10.0; Win64; x64) AppleWebKit/537.36 (KHTML, like Gecko) Chrome/130.0.0.0 Safari/537.36"
91.141.72.19 - - [29/Oct/2024:10:15:16 +0100] "GET /gui/javascript/form_form.js?1730193316 HTTP/1.1" 200 16206 "http://hausegger.activities.at/entry.php?id=10271&&ser=193255" "Mozilla/5.0 (Windows NT 10.0; Win64; x64) AppleWebKit/537.36 (KHTML, like Gecko) Chrome/130.0.0.0 Safari/537.36"
156.59.198.135 - - [29/Oct/2024:10:15:35 +0100] "GET /renault.activities.at/htdocs/export/pdf/emuc_document/11430895.pdf HTTP/1.0" 404 322 "-" "Mozilla/5.0 (Linux; Android 5.0) AppleWebKit/537.36 (KHTML, like Gecko) Mobile Safari/537.36 (compatible; Bytespider; spider-feedback@bytedance.com)"
156.59.198.136 - - [29/Oct/2024:10:15:57 +0100] "GET /renault.activities.at/htdocs/export/pdf/emuc_document/10349479.pdf HTTP/1.0" 404 323 "-" "Mozilla/5.0 (Linux; Android 5.0) AppleWebKit/537.36 (KHTML, like Gecko) Mobile Safari/537.36 (compatible; Bytespider; spider-feedback@bytedance.com)"
91.141.72.19 - - [29/Oct/2024:10:16:17 +0100] "GET /entry.php?id=10271&&ser=193316 HTTP/1.1" 200 988 "http://hausegger.activities.at/entry.php?id=10271&&ser=193255" "Mozilla/5.0 (Windows NT 10.0; Win64; x64) AppleWebKit/537.36 (KHTML, like Gecko) Chrome/130.0.0.0 Safari/537.36"
91.141.72.19 - - [29/Oct/2024:10:16:17 +0100] "GET /gui/javascript/form_form.js?1730193377 HTTP/1.1" 200 16206 "http://hausegger.activities.at/entry.php?id=10271&&ser=193316" "Mozilla/5.0 (Windows NT 10.0; Win64; x64) AppleWebKit/537.36 (KHTML, like Gecko) Chrome/130.0.0.0 Safari/537.36"
156.59.198.136 - - [29/Oct/2024:10:16:18 +0100] "GET /renault.activities.at/htdocs/export/pdf/emuc_document/12323286.pdf HTTP/1.0" 404 321 "-" "Mozilla/5.0 (Linux; Android 5.0) AppleWebKit/537.36 (KHTML, like Gecko) Mobile Safari/537.36 (compatible; Bytespider; spider-feedback@bytedance.com)"
156.59.198.136 - - [29/Oct/2024:10:16:39 +0100] "GET /renault.2web.at/htdocs/export/pdf/emuc_document/10748278.pdf HTTP/1.0" 404 319 "-" "Mozilla/5.0 (Linux; Android 5.0) AppleWebKit/537.36 (KHTML, like Gecko) Mobile Safari/537.36 (compatible; Bytespider; spider-feedback@bytedance.com)"
156.59.198.136 - - [29/Oct/2024:10:17:00 +0100] "GET /renault.2web.at/htdocs/export/txt/factura/_FacturaExport20131218085918.txt HTTP/1.0" 404 325 "-" "Mozilla/5.0 (Linux; Android 5.0) AppleWebKit/537.36 (KHTML, like Gecko) Mobile Safari/537.36 (compatible; Bytespider; spider-feedback@bytedance.com)"
91.141.72.19 - - [29/Oct/2024:10:17:18 +0100] "GET /entry.php?id=10271&&ser=193377 HTTP/1.1" 200 988 "http://hausegger.activities.at/entry.php?id=10271&&ser=193316" "Mozilla/5.0 (Windows NT 10.0; Win64; x64) AppleWebKit/537.36 (KHTML, like Gecko) Chrome/130.0.0.0 Safari/537.36"
91.141.72.19 - - [29/Oct/2024:10:17:18 +0100] "GET /gui/javascript/form_form.js?1730193438 HTTP/1.1" 200 16206 "http://hausegger.activities.at/entry.php?id=10271&&ser=193377" "Mozilla/5.0 (Windows NT 10.0; Win64; x64) AppleWebKit/537.36 (KHTML, like Gecko) Chrome/130.0.0.0 Safari/537.36"
156.59.198.136 - - [29/Oct/2024:10:17:21 +0100] "GET /renault.2web.at/htdocs/export/pdf/emuc_document/10253304.pdf HTTP/1.0" 404 319 "-" "Mozilla/5.0 (Linux; Android 5.0) AppleWebKit/537.36 (KHTML, like Gecko) Mobile Safari/537.36 (compatible; Bytespider; spider-feedback@bytedance.com)"
156.59.198.136 - - [29/Oct/2024:10:17:42 +0100] "GET /renault.2web.at/htdocs/export/txt/factura/FacturaExport20210504092800.txt HTTP/1.0" 404 324 "-" "Mozilla/5.0 (Linux; Android 5.0) AppleWebKit/537.36 (KHTML, like Gecko) Mobile Safari/537.36 (compatible; Bytespider; spider-feedback@bytedance.com)"
156.59.198.136 - - [29/Oct/2024:10:18:03 +0100] "GET /renault.2web.at/htdocs/export/pdf/emuc_document/12304677.pdf HTTP/1.0" 404 319 "-" "Mozilla/5.0 (Linux; Android 5.0) AppleWebKit/537.36 (KHTML, like Gecko) Mobile Safari/537.36 (compatible; Bytespider; spider-feedback@bytedance.com)"
91.141.72.19 - - [29/Oct/2024:10:18:19 +0100] "GET /entry.php?id=10271&&ser=193438 HTTP/1.1" 200 987 "http://hausegger.activities.at/entry.php?id=10271&&ser=193377" "Mozilla/5.0 (Windows NT 10.0; Win64; x64) AppleWebKit/537.36 (KHTML, like Gecko) Chrome/130.0.0.0 Safari/537.36"
91.141.72.19 - - [29/Oct/2024:10:18:19 +0100] "GET /gui/javascript/form_form.js?1730193499 HTTP/1.1" 200 16206 "http://hausegger.activities.at/entry.php?id=10271&&ser=193438" "Mozilla/5.0 (Windows NT 10.0; Win64; x64) AppleWebKit/537.36 (KHTML, like Gecko) Chrome/130.0.0.0 Safari/537.36"
156.59.198.135 - - [29/Oct/2024:10:18:24 +0100] "GET /renault.2web.at/htdocs/export/pdf/emuc_document/12136278.pdf HTTP/1.0" 404 319 "-" "Mozilla/5.0 (Linux; Android 5.0) AppleWebKit/537.36 (KHTML, like Gecko) Mobile Safari/537.36 (compatible; Bytespider; spider-feedback@bytedance.com)"
156.59.198.136 - - [29/Oct/2024:10:18:46 +0100] "GET /renault.2web.at/htdocs/export/pdf/emuc_document/11581934.pdf HTTP/1.0" 404 319 "-" "Mozilla/5.0 (Linux; Android 5.0) AppleWebKit/537.36 (KHTML, like Gecko) Mobile Safari/537.36 (compatible; Bytespider; spider-feedback@bytedance.com)"
156.59.198.136 - - [29/Oct/2024:10:19:07 +0100] "GET /renault.activities.at/htdocs/export/pdf/emuc_document/11170394.pdf HTTP/1.0" 404 322 "-" "Mozilla/5.0 (Linux; Android 5.0) AppleWebKit/537.36 (KHTML, like Gecko) Mobile Safari/537.36 (compatible; Bytespider; spider-feedback@bytedance.com)"
91.141.72.19 - - [29/Oct/2024:10:19:20 +0100] "GET /entry.php?id=10271&&ser=193499 HTTP/1.1" 200 987 "http://hausegger.activities.at/entry.php?id=10271&&ser=193438" "Mozilla/5.0 (Windows NT 10.0; Win64; x64) AppleWebKit/537.36 (KHTML, like Gecko) Chrome/130.0.0.0 Safari/537.36"
91.141.72.19 - - [29/Oct/2024:10:19:20 +0100] "GET /gui/javascript/form_form.js?1730193560 HTTP/1.1" 200 16206 "http://hausegger.activities.at/entry.php?id=10271&&ser=193499" "Mozilla/5.0 (Windows NT 10.0; Win64; x64) AppleWebKit/537.36 (KHTML, like Gecko) Chrome/130.0.0.0 Safari/537.36"
156.59.198.136 - - [29/Oct/2024:10:19:28 +0100] "GET /docs/contadino/2018/RECHNUNG/RE18-00011.pdf HTTP/1.0" 404 308 "-" "Mozilla/5.0 (Linux; Android 5.0) AppleWebKit/537.36 (KHTML, like Gecko) Mobile Safari/537.36 (compatible; Bytespider; spider-feedback@bytedance.com)"
91.141.72.19 - - [29/Oct/2024:10:20:21 +0100] "GET /entry.php?id=10271&&ser=193560 HTTP/1.1" 200 987 "http://hausegger.activities.at/entry.php?id=10271&&ser=193499" "Mozilla/5.0 (Windows NT 10.0; Win64; x64) AppleWebKit/537.36 (KHTML, like Gecko) Chrome/130.0.0.0 Safari/537.36"
91.141.72.19 - - [29/Oct/2024:10:20:21 +0100] "GET /gui/javascript/form_form.js?1730193621 HTTP/1.1" 200 16206 "http://hausegger.activities.at/entry.php?id=10271&&ser=193560" "Mozilla/5.0 (Windows NT 10.0; Win64; x64) AppleWebKit/537.36 (KHTML, like Gecko) Chrome/130.0.0.0 Safari/537.36"
91.141.72.19 - - [29/Oct/2024:10:21:22 +0100] "GET /entry.php?id=10271&&ser=193621 HTTP/1.1" 200 987 "http://hausegger.activities.at/entry.php?id=10271&&ser=193560" "Mozilla/5.0 (Windows NT 10.0; Win64; x64) AppleWebKit/537.36 (KHTML, like Gecko) Chrome/130.0.0.0 Safari/537.36"
91.141.72.19 - - [29/Oct/2024:10:21:22 +0100] "GET /gui/javascript/form_form.js?1730193682 HTTP/1.1" 200 16206 "http://hausegger.activities.at/entry.php?id=10271&&ser=193621" "Mozilla/5.0 (Windows NT 10.0; Win64; x64) AppleWebKit/537.36 (KHTML, like Gecko) Chrome/130.0.0.0 Safari/537.36"
91.141.72.19 - - [29/Oct/2024:10:22:23 +0100] "GET /entry.php?id=10271&&ser=193682 HTTP/1.1" 200 986 "http://hausegger.activities.at/entry.php?id=10271&&ser=193621" "Mozilla/5.0 (Windows NT 10.0; Win64; x64) AppleWebKit/537.36 (KHTML, like Gecko) Chrome/130.0.0.0 Safari/537.36"
91.141.72.19 - - [29/Oct/2024:10:22:23 +0100] "GET /gui/javascript/form_form.js?1730193743 HTTP/1.1" 200 16206 "http://hausegger.activities.at/entry.php?id=10271&&ser=193682" "Mozilla/5.0 (Windows NT 10.0; Win64; x64) AppleWebKit/537.36 (KHTML, like Gecko) Chrome/130.0.0.0 Safari/537.36"
91.141.72.19 - - [29/Oct/2024:10:23:24 +0100] "GET /entry.php?id=10271&&ser=193743 HTTP/1.1" 200 987 "http://hausegger.activities.at/entry.php?id=10271&&ser=193682" "Mozilla/5.0 (Windows NT 10.0; Win64; x64) AppleWebKit/537.36 (KHTML, like Gecko) Chrome/130.0.0.0 Safari/537.36"
91.141.72.19 - - [29/Oct/2024:10:23:24 +0100] "GET /gui/javascript/form_form.js?1730193804 HTTP/1.1" 200 16206 "http://hausegger.activities.at/entry.php?id=10271&&ser=193743" "Mozilla/5.0 (Windows NT 10.0; Win64; x64) AppleWebKit/537.36 (KHTML, like Gecko) Chrome/130.0.0.0 Safari/537.36"
91.141.72.19 - - [29/Oct/2024:10:24:25 +0100] "GET /entry.php?id=10271&&ser=193804 HTTP/1.1" 200 987 "http://hausegger.activities.at/entry.php?id=10271&&ser=193743" "Mozilla/5.0 (Windows NT 10.0; Win64; x64) AppleWebKit/537.36 (KHTML, like Gecko) Chrome/130.0.0.0 Safari/537.36"
91.141.72.19 - - [29/Oct/2024:10:24:25 +0100] "GET /gui/javascript/form_form.js?1730193865 HTTP/1.1" 200 16206 "http://hausegger.activities.at/entry.php?id=10271&&ser=193804" "Mozilla/5.0 (Windows NT 10.0; Win64; x64) AppleWebKit/537.36 (KHTML, like Gecko) Chrome/130.0.0.0 Safari/537.36"
91.141.72.19 - - [29/Oct/2024:10:25:26 +0100] "GET /entry.php?id=10271&&ser=193865 HTTP/1.1" 200 987 "http://hausegger.activities.at/entry.php?id=10271&&ser=193804" "Mozilla/5.0 (Windows NT 10.0; Win64; x64) AppleWebKit/537.36 (KHTML, like Gecko) Chrome/130.0.0.0 Safari/537.36"
91.141.72.19 - - [29/Oct/2024:10:25:26 +0100] "GET /gui/javascript/form_form.js?1730193926 HTTP/1.1" 200 16206 "http://hausegger.activities.at/entry.php?id=10271&&ser=193865" "Mozilla/5.0 (Windows NT 10.0; Win64; x64) AppleWebKit/537.36 (KHTML, like Gecko) Chrome/130.0.0.0 Safari/537.36"
143.244.191.110 - - [29/Oct/2024:10:26:05 +0100] "\x16\x03\x01" 400 383 "-" "-"
143.244.191.110 - - [29/Oct/2024:10:26:05 +0100] "\x16\x03\x01" 400 383 "-" "-"
143.244.191.110 - - [29/Oct/2024:10:26:06 +0100] "GET / HTTP/1.1" 200 274 "-" "Mozilla/5.0 (Windows NT 10.0; Win64; x64) AppleWebKit/537.36 (KHTML, like Gecko) Chrome/108.0.0.0 Safari/537.36"
143.244.191.110 - - [29/Oct/2024:10:26:06 +0100] "GET /form.html HTTP/1.1" 404 283 "-" "curl/8.1.2"
143.244.191.110 - - [29/Oct/2024:10:26:06 +0100] "GET /upl.php HTTP/1.1" 404 282 "-" "Mozilla/5.0"
143.244.191.110 - - [29/Oct/2024:10:26:07 +0100] "GET /t4 HTTP/1.1" 404 278 "-" "Mozilla/5.0"
143.244.191.110 - - [29/Oct/2024:10:26:07 +0100] "GET /geoip/ HTTP/1.1" 404 281 "-" "Mozilla/5.0 (Windows NT 10.0; Win64; x64) AppleWebKit/537.36 (KHTML, like Gecko) Chrome/108.0.0.0 Safari/537.36"
143.244.191.110 - - [29/Oct/2024:10:26:07 +0100] "GET /favicon.ico HTTP/1.1" 404 284 "-" "Mozilla/5.0 (Windows NT 10.0; Win64; x64) AppleWebKit/537.36 (KHTML, like Gecko) Chrome/108.0.0.0 Safari/537.36"
143.244.191.110 - - [29/Oct/2024:10:26:07 +0100] "GET /1.php HTTP/1.1" 404 280 "-" "Mozilla/5.0 (Windows NT 10.0; Win64; x64) AppleWebKit/537.36 (KHTML, like Gecko) Chrome/108.0.0.0 Safari/537.36"
143.244.191.110 - - [29/Oct/2024:10:26:08 +0100] "GET /systembc/password.php HTTP/1.1" 404 291 "-" "Mozilla/5.0 (Windows NT 10.0; Win64; x64) AppleWebKit/537.36 (KHTML, like Gecko) Chrome/108.0.0.0 Safari/537.36"
143.244.191.110 - - [29/Oct/2024:10:26:08 +0100] "GET /password.php HTTP/1.1" 404 285 "-" "Mozilla/5.0 (Windows NT 10.0; Win64; x64) AppleWebKit/537.36 (KHTML, like Gecko) Chrome/108.0.0.0 Safari/537.36"
91.141.72.19 - - [29/Oct/2024:10:26:27 +0100] "GET /entry.php?id=10271&&ser=193926 HTTP/1.1" 200 987 "http://hausegger.activities.at/entry.php?id=10271&&ser=193865" "Mozilla/5.0 (Windows NT 10.0; Win64; x64) AppleWebKit/537.36 (KHTML, like Gecko) Chrome/130.0.0.0 Safari/537.36"
91.141.72.19 - - [29/Oct/2024:10:26:27 +0100] "GET /gui/javascript/form_form.js?1730193987 HTTP/1.1" 200 16206 "http://hausegger.activities.at/entry.php?id=10271&&ser=193926" "Mozilla/5.0 (Windows NT 10.0; Win64; x64) AppleWebKit/537.36 (KHTML, like Gecko) Chrome/130.0.0.0 Safari/537.36"
91.141.72.19 - - [29/Oct/2024:10:27:28 +0100] "GET /entry.php?id=10271&&ser=193987 HTTP/1.1" 200 986 "http://hausegger.activities.at/entry.php?id=10271&&ser=193926" "Mozilla/5.0 (Windows NT 10.0; Win64; x64) AppleWebKit/537.36 (KHTML, like Gecko) Chrome/130.0.0.0 Safari/537.36"
91.141.72.19 - - [29/Oct/2024:10:27:28 +0100] "GET /gui/javascript/form_form.js?1730194048 HTTP/1.1" 200 16206 "http://hausegger.activities.at/entry.php?id=10271&&ser=193987" "Mozilla/5.0 (Windows NT 10.0; Win64; x64) AppleWebKit/537.36 (KHTML, like Gecko) Chrome/130.0.0.0 Safari/537.36"
91.141.72.19 - - [29/Oct/2024:10:28:29 +0100] "GET /entry.php?id=10271&&ser=194048 HTTP/1.1" 200 986 "http://hausegger.activities.at/entry.php?id=10271&&ser=193987" "Mozilla/5.0 (Windows NT 10.0; Win64; x64) AppleWebKit/537.36 (KHTML, like Gecko) Chrome/130.0.0.0 Safari/537.36"
91.141.72.19 - - [29/Oct/2024:10:28:29 +0100] "GET /gui/javascript/form_form.js?1730194109 HTTP/1.1" 200 16206 "http://hausegger.activities.at/entry.php?id=10271&&ser=194048" "Mozilla/5.0 (Windows NT 10.0; Win64; x64) AppleWebKit/537.36 (KHTML, like Gecko) Chrome/130.0.0.0 Safari/537.36"
91.141.72.19 - - [29/Oct/2024:10:29:30 +0100] "GET /entry.php?id=10271&&ser=194109 HTTP/1.1" 200 986 "http://hausegger.activities.at/entry.php?id=10271&&ser=194048" "Mozilla/5.0 (Windows NT 10.0; Win64; x64) AppleWebKit/537.36 (KHTML, like Gecko) Chrome/130.0.0.0 Safari/537.36"
91.141.72.19 - - [29/Oct/2024:10:29:30 +0100] "GET /gui/javascript/form_form.js?1730194170 HTTP/1.1" 200 16206 "http://hausegger.activities.at/entry.php?id=10271&&ser=194109" "Mozilla/5.0 (Windows NT 10.0; Win64; x64) AppleWebKit/537.36 (KHTML, like Gecko) Chrome/130.0.0.0 Safari/537.36"
91.141.72.19 - - [29/Oct/2024:10:30:31 +0100] "GET /entry.php?id=10271&&ser=194170 HTTP/1.1" 200 986 "http://hausegger.activities.at/entry.php?id=10271&&ser=194109" "Mozilla/5.0 (Windows NT 10.0; Win64; x64) AppleWebKit/537.36 (KHTML, like Gecko) Chrome/130.0.0.0 Safari/537.36"
91.141.72.19 - - [29/Oct/2024:10:30:31 +0100] "GET /gui/javascript/form_form.js?1730194231 HTTP/1.1" 200 16206 "http://hausegger.activities.at/entry.php?id=10271&&ser=194170" "Mozilla/5.0 (Windows NT 10.0; Win64; x64) AppleWebKit/537.36 (KHTML, like Gecko) Chrome/130.0.0.0 Safari/537.36"
91.141.72.19 - - [29/Oct/2024:10:31:32 +0100] "GET /entry.php?id=10271&&ser=194231 HTTP/1.1" 200 986 "http://hausegger.activities.at/entry.php?id=10271&&ser=194170" "Mozilla/5.0 (Windows NT 10.0; Win64; x64) AppleWebKit/537.36 (KHTML, like Gecko) Chrome/130.0.0.0 Safari/537.36"
91.141.72.19 - - [29/Oct/2024:10:31:32 +0100] "GET /gui/javascript/form_form.js?1730194292 HTTP/1.1" 200 16206 "http://hausegger.activities.at/entry.php?id=10271&&ser=194231" "Mozilla/5.0 (Windows NT 10.0; Win64; x64) AppleWebKit/537.36 (KHTML, like Gecko) Chrome/130.0.0.0 Safari/537.36"
91.141.72.19 - - [29/Oct/2024:10:32:33 +0100] "GET /entry.php?id=10271&&ser=194292 HTTP/1.1" 200 987 "http://hausegger.activities.at/entry.php?id=10271&&ser=194231" "Mozilla/5.0 (Windows NT 10.0; Win64; x64) AppleWebKit/537.36 (KHTML, like Gecko) Chrome/130.0.0.0 Safari/537.36"
91.141.72.19 - - [29/Oct/2024:10:32:33 +0100] "GET /gui/javascript/form_form.js?1730194353 HTTP/1.1" 200 16206 "http://hausegger.activities.at/entry.php?id=10271&&ser=194292" "Mozilla/5.0 (Windows NT 10.0; Win64; x64) AppleWebKit/537.36 (KHTML, like Gecko) Chrome/130.0.0.0 Safari/537.36"
185.16.38.232 - - [29/Oct/2024:10:33:32 +0100] "GET /cgi-bin/luci/;stok=/locale HTTP/1.1" 404 371 "-" "-"
91.141.72.19 - - [29/Oct/2024:10:33:34 +0100] "GET /entry.php?id=10271&&ser=194353 HTTP/1.1" 200 986 "http://hausegger.activities.at/entry.php?id=10271&&ser=194292" "Mozilla/5.0 (Windows NT 10.0; Win64; x64) AppleWebKit/537.36 (KHTML, like Gecko) Chrome/130.0.0.0 Safari/537.36"
91.141.72.19 - - [29/Oct/2024:10:33:34 +0100] "GET /gui/javascript/form_form.js?1730194414 HTTP/1.1" 200 16206 "http://hausegger.activities.at/entry.php?id=10271&&ser=194353" "Mozilla/5.0 (Windows NT 10.0; Win64; x64) AppleWebKit/537.36 (KHTML, like Gecko) Chrome/130.0.0.0 Safari/537.36"
91.141.72.19 - - [29/Oct/2024:10:34:35 +0100] "GET /entry.php?id=10271&&ser=194414 HTTP/1.1" 200 986 "http://hausegger.activities.at/entry.php?id=10271&&ser=194353" "Mozilla/5.0 (Windows NT 10.0; Win64; x64) AppleWebKit/537.36 (KHTML, like Gecko) Chrome/130.0.0.0 Safari/537.36"
91.141.72.19 - - [29/Oct/2024:10:34:35 +0100] "GET /gui/javascript/form_form.js?1730194475 HTTP/1.1" 200 16206 "http://hausegger.activities.at/entry.php?id=10271&&ser=194414" "Mozilla/5.0 (Windows NT 10.0; Win64; x64) AppleWebKit/537.36 (KHTML, like Gecko) Chrome/130.0.0.0 Safari/537.36"
91.141.72.19 - - [29/Oct/2024:10:35:36 +0100] "GET /entry.php?id=10271&&ser=194475 HTTP/1.1" 200 986 "http://hausegger.activities.at/entry.php?id=10271&&ser=194414" "Mozilla/5.0 (Windows NT 10.0; Win64; x64) AppleWebKit/537.36 (KHTML, like Gecko) Chrome/130.0.0.0 Safari/537.36"
91.141.72.19 - - [29/Oct/2024:10:35:36 +0100] "GET /gui/javascript/form_form.js?1730194536 HTTP/1.1" 200 16206 "http://hausegger.activities.at/entry.php?id=10271&&ser=194475" "Mozilla/5.0 (Windows NT 10.0; Win64; x64) AppleWebKit/537.36 (KHTML, like Gecko) Chrome/130.0.0.0 Safari/537.36"
91.141.72.19 - - [29/Oct/2024:10:36:37 +0100] "GET /entry.php?id=10271&&ser=194536 HTTP/1.1" 200 986 "http://hausegger.activities.at/entry.php?id=10271&&ser=194475" "Mozilla/5.0 (Windows NT 10.0; Win64; x64) AppleWebKit/537.36 (KHTML, like Gecko) Chrome/130.0.0.0 Safari/537.36"
91.141.72.19 - - [29/Oct/2024:10:36:37 +0100] "GET /gui/javascript/form_form.js?1730194597 HTTP/1.1" 200 16206 "http://hausegger.activities.at/entry.php?id=10271&&ser=194536" "Mozilla/5.0 (Windows NT 10.0; Win64; x64) AppleWebKit/537.36 (KHTML, like Gecko) Chrome/130.0.0.0 Safari/537.36"
91.141.72.19 - - [29/Oct/2024:10:37:38 +0100] "GET /entry.php?id=10271&&ser=194597 HTTP/1.1" 200 986 "http://hausegger.activities.at/entry.php?id=10271&&ser=194536" "Mozilla/5.0 (Windows NT 10.0; Win64; x64) AppleWebKit/537.36 (KHTML, like Gecko) Chrome/130.0.0.0 Safari/537.36"
91.141.72.19 - - [29/Oct/2024:10:37:38 +0100] "GET /gui/javascript/form_form.js?1730194658 HTTP/1.1" 200 16206 "http://hausegger.activities.at/entry.php?id=10271&&ser=194597" "Mozilla/5.0 (Windows NT 10.0; Win64; x64) AppleWebKit/537.36 (KHTML, like Gecko) Chrome/130.0.0.0 Safari/537.36"
91.141.72.19 - - [29/Oct/2024:10:38:39 +0100] "GET /entry.php?id=10271&&ser=194658 HTTP/1.1" 200 986 "http://hausegger.activities.at/entry.php?id=10271&&ser=194597" "Mozilla/5.0 (Windows NT 10.0; Win64; x64) AppleWebKit/537.36 (KHTML, like Gecko) Chrome/130.0.0.0 Safari/537.36"
91.141.72.19 - - [29/Oct/2024:10:38:39 +0100] "GET /gui/javascript/form_form.js?1730194719 HTTP/1.1" 200 16206 "http://hausegger.activities.at/entry.php?id=10271&&ser=194658" "Mozilla/5.0 (Windows NT 10.0; Win64; x64) AppleWebKit/537.36 (KHTML, like Gecko) Chrome/130.0.0.0 Safari/537.36"
114.42.80.186 - - [29/Oct/2024:10:39:12 +0100] "GET / HTTP/1.0" 200 423 "-" "Mozilla/5.0 (Linux; U; Android 4.0.3; ko-kr; LG-L160L Build/IML74K) AppleWebkit/534.30 (KHTML, like Gecko) Version/4.0 Mobile Safari/534.30"
91.141.72.19 - - [29/Oct/2024:10:39:40 +0100] "GET /entry.php?id=10271&&ser=194719 HTTP/1.1" 200 986 "http://hausegger.activities.at/entry.php?id=10271&&ser=194658" "Mozilla/5.0 (Windows NT 10.0; Win64; x64) AppleWebKit/537.36 (KHTML, like Gecko) Chrome/130.0.0.0 Safari/537.36"
91.141.72.19 - - [29/Oct/2024:10:39:40 +0100] "GET /gui/javascript/form_form.js?1730194780 HTTP/1.1" 200 16206 "http://hausegger.activities.at/entry.php?id=10271&&ser=194719" "Mozilla/5.0 (Windows NT 10.0; Win64; x64) AppleWebKit/537.36 (KHTML, like Gecko) Chrome/130.0.0.0 Safari/537.36"
156.59.198.135 - - [29/Oct/2024:10:40:22 +0100] "GET /renault.2web.at/htdocs/export/pdf/emuc_document/10548882.pdf HTTP/1.0" 404 318 "-" "Mozilla/5.0 (Linux; Android 5.0) AppleWebKit/537.36 (KHTML, like Gecko) Mobile Safari/537.36 (compatible; Bytespider; spider-feedback@bytedance.com)"
91.141.72.19 - - [29/Oct/2024:10:40:41 +0100] "GET /entry.php?id=10271&&ser=194780 HTTP/1.1" 200 986 "http://hausegger.activities.at/entry.php?id=10271&&ser=194719" "Mozilla/5.0 (Windows NT 10.0; Win64; x64) AppleWebKit/537.36 (KHTML, like Gecko) Chrome/130.0.0.0 Safari/537.36"
91.141.72.19 - - [29/Oct/2024:10:40:41 +0100] "GET /gui/javascript/form_form.js?1730194841 HTTP/1.1" 200 16206 "http://hausegger.activities.at/entry.php?id=10271&&ser=194780" "Mozilla/5.0 (Windows NT 10.0; Win64; x64) AppleWebKit/537.36 (KHTML, like Gecko) Chrome/130.0.0.0 Safari/537.36"
156.59.198.136 - - [29/Oct/2024:10:40:43 +0100] "GET /docs/contadino/2017/GS17-000002.pdf HTTP/1.0" 404 301 "-" "Mozilla/5.0 (Linux; Android 5.0) AppleWebKit/537.36 (KHTML, like Gecko) Mobile Safari/537.36 (compatible; Bytespider; spider-feedback@bytedance.com)"
156.59.198.136 - - [29/Oct/2024:10:41:04 +0100] "GET /renault.2web.at/htdocs/export/pdf/emuc_document/12202163.pdf HTTP/1.0" 404 318 "-" "Mozilla/5.0 (Linux; Android 5.0) AppleWebKit/537.36 (KHTML, like Gecko) Mobile Safari/537.36 (compatible; Bytespider; spider-feedback@bytedance.com)"
156.59.198.136 - - [29/Oct/2024:10:41:25 +0100] "GET /docs/contadino/2017/RE17-000013.pdf HTTP/1.0" 404 302 "-" "Mozilla/5.0 (Linux; Android 5.0) AppleWebKit/537.36 (KHTML, like Gecko) Mobile Safari/537.36 (compatible; Bytespider; spider-feedback@bytedance.com)"
91.141.72.19 - - [29/Oct/2024:10:41:42 +0100] "GET /entry.php?id=10271&&ser=194841 HTTP/1.1" 200 986 "http://hausegger.activities.at/entry.php?id=10271&&ser=194780" "Mozilla/5.0 (Windows NT 10.0; Win64; x64) AppleWebKit/537.36 (KHTML, like Gecko) Chrome/130.0.0.0 Safari/537.36"
91.141.72.19 - - [29/Oct/2024:10:41:42 +0100] "GET /gui/javascript/form_form.js?1730194902 HTTP/1.1" 200 16206 "http://hausegger.activities.at/entry.php?id=10271&&ser=194841" "Mozilla/5.0 (Windows NT 10.0; Win64; x64) AppleWebKit/537.36 (KHTML, like Gecko) Chrome/130.0.0.0 Safari/537.36"
156.59.198.135 - - [29/Oct/2024:10:41:46 +0100] "GET /renault.2web.at/htdocs/export/pdf/emuc_document/11548319.pdf HTTP/1.0" 404 319 "-" "Mozilla/5.0 (Linux; Android 5.0) AppleWebKit/537.36 (KHTML, like Gecko) Mobile Safari/537.36 (compatible; Bytespider; spider-feedback@bytedance.com)"
156.59.198.136 - - [29/Oct/2024:10:42:08 +0100] "GET /renault.activities.at/htdocs/export/pdf/emuc_document/12001034.pdf HTTP/1.0" 404 322 "-" "Mozilla/5.0 (Linux; Android 5.0) AppleWebKit/537.36 (KHTML, like Gecko) Mobile Safari/537.36 (compatible; Bytespider; spider-feedback@bytedance.com)"
156.59.198.136 - - [29/Oct/2024:10:42:29 +0100] "GET /renault.2web.at/htdocs/export/pdf/emuc_document/11762993.pdf HTTP/1.0" 404 319 "-" "Mozilla/5.0 (Linux; Android 5.0) AppleWebKit/537.36 (KHTML, like Gecko) Mobile Safari/537.36 (compatible; Bytespider; spider-feedback@bytedance.com)"
91.141.72.19 - - [29/Oct/2024:10:42:43 +0100] "GET /entry.php?id=10271&&ser=194902 HTTP/1.1" 200 986 "http://hausegger.activities.at/entry.php?id=10271&&ser=194841" "Mozilla/5.0 (Windows NT 10.0; Win64; x64) AppleWebKit/537.36 (KHTML, like Gecko) Chrome/130.0.0.0 Safari/537.36"
91.141.72.19 - - [29/Oct/2024:10:42:43 +0100] "GET /gui/javascript/form_form.js?1730194963 HTTP/1.1" 200 16206 "http://hausegger.activities.at/entry.php?id=10271&&ser=194902" "Mozilla/5.0 (Windows NT 10.0; Win64; x64) AppleWebKit/537.36 (KHTML, like Gecko) Chrome/130.0.0.0 Safari/537.36"
156.59.198.136 - - [29/Oct/2024:10:42:50 +0100] "GET /renault.activities.at/htdocs/export/pdf/emuc_document/10672798.pdf HTTP/1.0" 404 322 "-" "Mozilla/5.0 (Linux; Android 5.0) AppleWebKit/537.36 (KHTML, like Gecko) Mobile Safari/537.36 (compatible; Bytespider; spider-feedback@bytedance.com)"
156.59.198.136 - - [29/Oct/2024:10:43:11 +0100] "GET /renault.2web.at/htdocs/export/pdf/emuc_document/11792489.pdf HTTP/1.0" 404 318 "-" "Mozilla/5.0 (Linux; Android 5.0) AppleWebKit/537.36 (KHTML, like Gecko) Mobile Safari/537.36 (compatible; Bytespider; spider-feedback@bytedance.com)"
156.59.198.136 - - [29/Oct/2024:10:43:32 +0100] "GET /renault.2web.at/htdocs/export/pdf/emuc_document/11977493.pdf HTTP/1.0" 404 319 "-" "Mozilla/5.0 (Linux; Android 5.0) AppleWebKit/537.36 (KHTML, like Gecko) Mobile Safari/537.36 (compatible; Bytespider; spider-feedback@bytedance.com)"
91.141.72.19 - - [29/Oct/2024:10:43:44 +0100] "GET /entry.php?id=10271&&ser=194963 HTTP/1.1" 200 987 "http://hausegger.activities.at/entry.php?id=10271&&ser=194902" "Mozilla/5.0 (Windows NT 10.0; Win64; x64) AppleWebKit/537.36 (KHTML, like Gecko) Chrome/130.0.0.0 Safari/537.36"
91.141.72.19 - - [29/Oct/2024:10:43:44 +0100] "GET /gui/javascript/form_form.js?1730195024 HTTP/1.1" 200 16206 "http://hausegger.activities.at/entry.php?id=10271&&ser=194963" "Mozilla/5.0 (Windows NT 10.0; Win64; x64) AppleWebKit/537.36 (KHTML, like Gecko) Chrome/130.0.0.0 Safari/537.36"
156.59.198.136 - - [29/Oct/2024:10:43:53 +0100] "GET /renault.2web.at/htdocs/export/pdf/emuc_document/10608348.pdf HTTP/1.0" 404 319 "-" "Mozilla/5.0 (Linux; Android 5.0) AppleWebKit/537.36 (KHTML, like Gecko) Mobile Safari/537.36 (compatible; Bytespider; spider-feedback@bytedance.com)"
156.59.198.136 - - [29/Oct/2024:10:44:14 +0100] "GET /renault.2web.at/htdocs/binaries/10188912.pdf HTTP/1.0" 404 308 "-" "Mozilla/5.0 (Linux; Android 5.0) AppleWebKit/537.36 (KHTML, like Gecko) Mobile Safari/537.36 (compatible; Bytespider; spider-feedback@bytedance.com)"
91.141.72.19 - - [29/Oct/2024:10:44:45 +0100] "GET /entry.php?id=10271&&ser=195024 HTTP/1.1" 200 987 "http://hausegger.activities.at/entry.php?id=10271&&ser=194963" "Mozilla/5.0 (Windows NT 10.0; Win64; x64) AppleWebKit/537.36 (KHTML, like Gecko) Chrome/130.0.0.0 Safari/537.36"
91.141.72.19 - - [29/Oct/2024:10:44:45 +0100] "GET /gui/javascript/form_form.js?1730195085 HTTP/1.1" 200 16206 "http://hausegger.activities.at/entry.php?id=10271&&ser=195024" "Mozilla/5.0 (Windows NT 10.0; Win64; x64) AppleWebKit/537.36 (KHTML, like Gecko) Chrome/130.0.0.0 Safari/537.36"
91.141.72.19 - - [29/Oct/2024:10:45:46 +0100] "GET /entry.php?id=10271&&ser=195085 HTTP/1.1" 200 987 "http://hausegger.activities.at/entry.php?id=10271&&ser=195024" "Mozilla/5.0 (Windows NT 10.0; Win64; x64) AppleWebKit/537.36 (KHTML, like Gecko) Chrome/130.0.0.0 Safari/537.36"
91.141.72.19 - - [29/Oct/2024:10:45:46 +0100] "GET /gui/javascript/form_form.js?1730195146 HTTP/1.1" 200 16206 "http://hausegger.activities.at/entry.php?id=10271&&ser=195085" "Mozilla/5.0 (Windows NT 10.0; Win64; x64) AppleWebKit/537.36 (KHTML, like Gecko) Chrome/130.0.0.0 Safari/537.36"
91.141.72.19 - - [29/Oct/2024:10:46:47 +0100] "GET /entry.php?id=10271&&ser=195146 HTTP/1.1" 200 987 "http://hausegger.activities.at/entry.php?id=10271&&ser=195085" "Mozilla/5.0 (Windows NT 10.0; Win64; x64) AppleWebKit/537.36 (KHTML, like Gecko) Chrome/130.0.0.0 Safari/537.36"
91.141.72.19 - - [29/Oct/2024:10:46:47 +0100] "GET /gui/javascript/form_form.js?1730195207 HTTP/1.1" 200 16206 "http://hausegger.activities.at/entry.php?id=10271&&ser=195146" "Mozilla/5.0 (Windows NT 10.0; Win64; x64) AppleWebKit/537.36 (KHTML, like Gecko) Chrome/130.0.0.0 Safari/537.36"
156.59.198.136 - - [29/Oct/2024:10:47:44 +0100] "GET /renault.2web.at/htdocs/export/pdf/emuc_document/10349438.pdf HTTP/1.0" 404 319 "-" "Mozilla/5.0 (Linux; Android 5.0) AppleWebKit/537.36 (KHTML, like Gecko) Mobile Safari/537.36 (compatible; Bytespider; spider-feedback@bytedance.com)"
91.141.72.19 - - [29/Oct/2024:10:47:48 +0100] "GET /entry.php?id=10271&&ser=195207 HTTP/1.1" 200 987 "http://hausegger.activities.at/entry.php?id=10271&&ser=195146" "Mozilla/5.0 (Windows NT 10.0; Win64; x64) AppleWebKit/537.36 (KHTML, like Gecko) Chrome/130.0.0.0 Safari/537.36"
91.141.72.19 - - [29/Oct/2024:10:47:48 +0100] "GET /gui/javascript/form_form.js?1730195268 HTTP/1.1" 200 16206 "http://hausegger.activities.at/entry.php?id=10271&&ser=195207" "Mozilla/5.0 (Windows NT 10.0; Win64; x64) AppleWebKit/537.36 (KHTML, like Gecko) Chrome/130.0.0.0 Safari/537.36"
156.59.198.135 - - [29/Oct/2024:10:48:05 +0100] "GET /renault.2web.at/htdocs/export/txt/factura/FacturaExport20181206111303.txt HTTP/1.0" 404 324 "-" "Mozilla/5.0 (Linux; Android 5.0) AppleWebKit/537.36 (KHTML, like Gecko) Mobile Safari/537.36 (compatible; Bytespider; spider-feedback@bytedance.com)"
156.59.198.136 - - [29/Oct/2024:10:48:26 +0100] "GET /renault.activities.at/htdocs/export/pdf/emuc_document/12417401.pdf HTTP/1.0" 404 322 "-" "Mozilla/5.0 (Linux; Android 5.0) AppleWebKit/537.36 (KHTML, like Gecko) Mobile Safari/537.36 (compatible; Bytespider; spider-feedback@bytedance.com)"
156.59.198.136 - - [29/Oct/2024:10:48:47 +0100] "GET /renault.2web.at/htdocs/binaries/10069856.pdf HTTP/1.0" 404 308 "-" "Mozilla/5.0 (Linux; Android 5.0) AppleWebKit/537.36 (KHTML, like Gecko) Mobile Safari/537.36 (compatible; Bytespider; spider-feedback@bytedance.com)"
91.141.72.19 - - [29/Oct/2024:10:48:49 +0100] "GET /entry.php?id=10271&&ser=195268 HTTP/1.1" 200 987 "http://hausegger.activities.at/entry.php?id=10271&&ser=195207" "Mozilla/5.0 (Windows NT 10.0; Win64; x64) AppleWebKit/537.36 (KHTML, like Gecko) Chrome/130.0.0.0 Safari/537.36"
91.141.72.19 - - [29/Oct/2024:10:48:49 +0100] "GET /gui/javascript/form_form.js?1730195329 HTTP/1.1" 200 16206 "http://hausegger.activities.at/entry.php?id=10271&&ser=195268" "Mozilla/5.0 (Windows NT 10.0; Win64; x64) AppleWebKit/537.36 (KHTML, like Gecko) Chrome/130.0.0.0 Safari/537.36"
156.59.198.135 - - [29/Oct/2024:10:49:08 +0100] "GET /renault.2web.at/htdocs/export/pdf/emuc_document/11671545.pdf HTTP/1.0" 404 319 "-" "Mozilla/5.0 (Linux; Android 5.0) AppleWebKit/537.36 (KHTML, like Gecko) Mobile Safari/537.36 (compatible; Bytespider; spider-feedback@bytedance.com)"
156.59.198.135 - - [29/Oct/2024:10:49:29 +0100] "GET /renault.activities.at/htdocs/export/pdf/emuc_document/11644476.pdf HTTP/1.0" 404 322 "-" "Mozilla/5.0 (Linux; Android 5.0) AppleWebKit/537.36 (KHTML, like Gecko) Mobile Safari/537.36 (compatible; Bytespider; spider-feedback@bytedance.com)"
91.141.72.19 - - [29/Oct/2024:10:49:50 +0100] "GET /entry.php?id=10271&&ser=195329 HTTP/1.1" 200 987 "http://hausegger.activities.at/entry.php?id=10271&&ser=195268" "Mozilla/5.0 (Windows NT 10.0; Win64; x64) AppleWebKit/537.36 (KHTML, like Gecko) Chrome/130.0.0.0 Safari/537.36"
91.141.72.19 - - [29/Oct/2024:10:49:50 +0100] "GET /gui/javascript/form_form.js?1730195390 HTTP/1.1" 200 16206 "http://hausegger.activities.at/entry.php?id=10271&&ser=195329" "Mozilla/5.0 (Windows NT 10.0; Win64; x64) AppleWebKit/537.36 (KHTML, like Gecko) Chrome/130.0.0.0 Safari/537.36"
156.59.198.135 - - [29/Oct/2024:10:49:50 +0100] "GET /renault.activities.at/htdocs/export/pdf/emuc_document/12040264.pdf HTTP/1.0" 404 321 "-" "Mozilla/5.0 (Linux; Android 5.0) AppleWebKit/537.36 (KHTML, like Gecko) Mobile Safari/537.36 (compatible; Bytespider; spider-feedback@bytedance.com)"
156.59.198.136 - - [29/Oct/2024:10:50:12 +0100] "GET /docs/contadino/2017/RE17-000026.pdf HTTP/1.0" 404 302 "-" "Mozilla/5.0 (Linux; Android 5.0) AppleWebKit/537.36 (KHTML, like Gecko) Mobile Safari/537.36 (compatible; Bytespider; spider-feedback@bytedance.com)"
156.59.198.136 - - [29/Oct/2024:10:50:33 +0100] "GET /renault.2web.at/htdocs/export/pdf/emuc_document/10424409.pdf HTTP/1.0" 404 318 "-" "Mozilla/5.0 (Linux; Android 5.0) AppleWebKit/537.36 (KHTML, like Gecko) Mobile Safari/537.36 (compatible; Bytespider; spider-feedback@bytedance.com)"
91.141.72.19 - - [29/Oct/2024:10:50:51 +0100] "GET /entry.php?id=10271&&ser=195390 HTTP/1.1" 200 987 "http://hausegger.activities.at/entry.php?id=10271&&ser=195329" "Mozilla/5.0 (Windows NT 10.0; Win64; x64) AppleWebKit/537.36 (KHTML, like Gecko) Chrome/130.0.0.0 Safari/537.36"
91.141.72.19 - - [29/Oct/2024:10:50:51 +0100] "GET /gui/javascript/form_form.js?1730195451 HTTP/1.1" 200 16206 "http://hausegger.activities.at/entry.php?id=10271&&ser=195390" "Mozilla/5.0 (Windows NT 10.0; Win64; x64) AppleWebKit/537.36 (KHTML, like Gecko) Chrome/130.0.0.0 Safari/537.36"
156.59.198.136 - - [29/Oct/2024:10:50:54 +0100] "GET /renault.2web.at/htdocs/export/pdf/emuc_document/11783066.pdf HTTP/1.0" 404 319 "-" "Mozilla/5.0 (Linux; Android 5.0) AppleWebKit/537.36 (KHTML, like Gecko) Mobile Safari/537.36 (compatible; Bytespider; spider-feedback@bytedance.com)"
156.59.198.136 - - [29/Oct/2024:10:51:15 +0100] "GET /renault.2web.at/htdocs/export/pdf/emuc_document/11502482.pdf HTTP/1.0" 404 318 "-" "Mozilla/5.0 (Linux; Android 5.0) AppleWebKit/537.36 (KHTML, like Gecko) Mobile Safari/537.36 (compatible; Bytespider; spider-feedback@bytedance.com)"
156.59.198.136 - - [29/Oct/2024:10:51:36 +0100] "GET /renault.2web.at/htdocs/export/pdf/emuc_document/10959292.pdf HTTP/1.0" 404 318 "-" "Mozilla/5.0 (Linux; Android 5.0) AppleWebKit/537.36 (KHTML, like Gecko) Mobile Safari/537.36 (compatible; Bytespider; spider-feedback@bytedance.com)"
91.141.72.19 - - [29/Oct/2024:10:51:52 +0100] "GET /entry.php?id=10271&&ser=195451 HTTP/1.1" 200 987 "http://hausegger.activities.at/entry.php?id=10271&&ser=195390" "Mozilla/5.0 (Windows NT 10.0; Win64; x64) AppleWebKit/537.36 (KHTML, like Gecko) Chrome/130.0.0.0 Safari/537.36"
91.141.72.19 - - [29/Oct/2024:10:51:52 +0100] "GET /gui/javascript/form_form.js?1730195512 HTTP/1.1" 200 16206 "http://hausegger.activities.at/entry.php?id=10271&&ser=195451" "Mozilla/5.0 (Windows NT 10.0; Win64; x64) AppleWebKit/537.36 (KHTML, like Gecko) Chrome/130.0.0.0 Safari/537.36"
156.59.198.135 - - [29/Oct/2024:10:51:57 +0100] "GET /renault.2web.at/htdocs/export/pdf/emuc_document/10961102.pdf HTTP/1.0" 404 318 "-" "Mozilla/5.0 (Linux; Android 5.0) AppleWebKit/537.36 (KHTML, like Gecko) Mobile Safari/537.36 (compatible; Bytespider; spider-feedback@bytedance.com)"
91.141.72.19 - - [29/Oct/2024:10:52:53 +0100] "GET /entry.php?id=10271&&ser=195512 HTTP/1.1" 200 987 "http://hausegger.activities.at/entry.php?id=10271&&ser=195451" "Mozilla/5.0 (Windows NT 10.0; Win64; x64) AppleWebKit/537.36 (KHTML, like Gecko) Chrome/130.0.0.0 Safari/537.36"
91.141.72.19 - - [29/Oct/2024:10:52:53 +0100] "GET /gui/javascript/form_form.js?1730195573 HTTP/1.1" 200 16206 "http://hausegger.activities.at/entry.php?id=10271&&ser=195512" "Mozilla/5.0 (Windows NT 10.0; Win64; x64) AppleWebKit/537.36 (KHTML, like Gecko) Chrome/130.0.0.0 Safari/537.36"
91.141.72.19 - - [29/Oct/2024:10:53:54 +0100] "GET /entry.php?id=10271&&ser=195573 HTTP/1.1" 200 987 "http://hausegger.activities.at/entry.php?id=10271&&ser=195512" "Mozilla/5.0 (Windows NT 10.0; Win64; x64) AppleWebKit/537.36 (KHTML, like Gecko) Chrome/130.0.0.0 Safari/537.36"
91.141.72.19 - - [29/Oct/2024:10:53:54 +0100] "GET /gui/javascript/form_form.js?1730195634 HTTP/1.1" 200 16206 "http://hausegger.activities.at/entry.php?id=10271&&ser=195573" "Mozilla/5.0 (Windows NT 10.0; Win64; x64) AppleWebKit/537.36 (KHTML, like Gecko) Chrome/130.0.0.0 Safari/537.36"
91.141.72.19 - - [29/Oct/2024:10:54:55 +0100] "GET /entry.php?id=10271&&ser=195634 HTTP/1.1" 200 987 "http://hausegger.activities.at/entry.php?id=10271&&ser=195573" "Mozilla/5.0 (Windows NT 10.0; Win64; x64) AppleWebKit/537.36 (KHTML, like Gecko) Chrome/130.0.0.0 Safari/537.36"
91.141.72.19 - - [29/Oct/2024:10:54:55 +0100] "GET /gui/javascript/form_form.js?1730195695 HTTP/1.1" 200 16206 "http://hausegger.activities.at/entry.php?id=10271&&ser=195634" "Mozilla/5.0 (Windows NT 10.0; Win64; x64) AppleWebKit/537.36 (KHTML, like Gecko) Chrome/130.0.0.0 Safari/537.36"
156.59.198.135 - - [29/Oct/2024:10:55:06 +0100] "GET /renault.activities.at/htdocs/export/pdf/emuc_document/10922542.pdf HTTP/1.0" 404 321 "-" "Mozilla/5.0 (Linux; Android 5.0) AppleWebKit/537.36 (KHTML, like Gecko) Mobile Safari/537.36 (compatible; Bytespider; spider-feedback@bytedance.com)"
156.59.198.136 - - [29/Oct/2024:10:55:27 +0100] "GET /renault.2web.at/htdocs/export/txt/factura/FacturaExport20151217093842.txt HTTP/1.0" 404 325 "-" "Mozilla/5.0 (Linux; Android 5.0) AppleWebKit/537.36 (KHTML, like Gecko) Mobile Safari/537.36 (compatible; Bytespider; spider-feedback@bytedance.com)"
156.59.198.135 - - [29/Oct/2024:10:55:48 +0100] "GET /renault.2web.at/htdocs/export/pdf/emuc_document/11536893.pdf HTTP/1.0" 404 319 "-" "Mozilla/5.0 (Linux; Android 5.0) AppleWebKit/537.36 (KHTML, like Gecko) Mobile Safari/537.36 (compatible; Bytespider; spider-feedback@bytedance.com)"
91.141.72.19 - - [29/Oct/2024:10:55:56 +0100] "GET /entry.php?id=10271&&ser=195695 HTTP/1.1" 200 987 "http://hausegger.activities.at/entry.php?id=10271&&ser=195634" "Mozilla/5.0 (Windows NT 10.0; Win64; x64) AppleWebKit/537.36 (KHTML, like Gecko) Chrome/130.0.0.0 Safari/537.36"
91.141.72.19 - - [29/Oct/2024:10:55:56 +0100] "GET /gui/javascript/form_form.js?1730195756 HTTP/1.1" 200 16206 "http://hausegger.activities.at/entry.php?id=10271&&ser=195695" "Mozilla/5.0 (Windows NT 10.0; Win64; x64) AppleWebKit/537.36 (KHTML, like Gecko) Chrome/130.0.0.0 Safari/537.36"
156.59.198.135 - - [29/Oct/2024:10:56:09 +0100] "GET /renault.2web.at/htdocs/binaries/10017492.pdf HTTP/1.0" 404 308 "-" "Mozilla/5.0 (Linux; Android 5.0) AppleWebKit/537.36 (KHTML, like Gecko) Mobile Safari/537.36 (compatible; Bytespider; spider-feedback@bytedance.com)"
52.167.144.214 - - [29/Oct/2024:10:56:20 +0100] "GET /sitemap.xml.gz HTTP/1.1" 404 302 "-" "Mozilla/5.0 AppleWebKit/537.36 (KHTML, like Gecko; compatible; bingbot/2.0; +http://www.bing.com/bingbot.htm) Chrome/116.0.1938.76 Safari/537.36"
156.59.198.135 - - [29/Oct/2024:10:56:30 +0100] "GET /renault.2web.at/htdocs/export/pdf/emuc_document/11810012.pdf HTTP/1.0" 404 317 "-" "Mozilla/5.0 (Linux; Android 5.0) AppleWebKit/537.36 (KHTML, like Gecko) Mobile Safari/537.36 (compatible; Bytespider; spider-feedback@bytedance.com)"
156.59.198.136 - - [29/Oct/2024:10:56:52 +0100] "GET /renault.activities.at/htdocs/export/pdf/emuc_document/11578727.pdf HTTP/1.0" 404 322 "-" "Mozilla/5.0 (Linux; Android 5.0) AppleWebKit/537.36 (KHTML, like Gecko) Mobile Safari/537.36 (compatible; Bytespider; spider-feedback@bytedance.com)"
91.141.72.19 - - [29/Oct/2024:10:56:57 +0100] "GET /entry.php?id=10271&&ser=195756 HTTP/1.1" 200 987 "http://hausegger.activities.at/entry.php?id=10271&&ser=195695" "Mozilla/5.0 (Windows NT 10.0; Win64; x64) AppleWebKit/537.36 (KHTML, like Gecko) Chrome/130.0.0.0 Safari/537.36"
91.141.72.19 - - [29/Oct/2024:10:56:57 +0100] "GET /gui/javascript/form_form.js?1730195817 HTTP/1.1" 200 16206 "http://hausegger.activities.at/entry.php?id=10271&&ser=195756" "Mozilla/5.0 (Windows NT 10.0; Win64; x64) AppleWebKit/537.36 (KHTML, like Gecko) Chrome/130.0.0.0 Safari/537.36"
156.59.198.136 - - [29/Oct/2024:10:57:13 +0100] "GET /renault.2web.at/htdocs/binaries/10225293.pdf HTTP/1.0" 404 308 "-" "Mozilla/5.0 (Linux; Android 5.0) AppleWebKit/537.36 (KHTML, like Gecko) Mobile Safari/537.36 (compatible; Bytespider; spider-feedback@bytedance.com)"
156.59.198.135 - - [29/Oct/2024:10:57:34 +0100] "GET /renault.activities.at/htdocs/export/pdf/emuc_document/12022507.pdf HTTP/1.0" 404 322 "-" "Mozilla/5.0 (Linux; Android 5.0) AppleWebKit/537.36 (KHTML, like Gecko) Mobile Safari/537.36 (compatible; Bytespider; spider-feedback@bytedance.com)"
91.141.72.19 - - [29/Oct/2024:10:57:46 +0100] "POST /entry.php?id=10715 HTTP/1.1" 200 2611 "http://hausegger.activities.at/entry.php?id=10715" "Mozilla/5.0 (Windows NT 10.0; Win64; x64) AppleWebKit/537.36 (KHTML, like Gecko) Chrome/130.0.0.0 Safari/537.36"
91.141.72.19 - - [29/Oct/2024:10:57:46 +0100] "GET /gui/javascript/form_form.js?1730195866 HTTP/1.1" 200 16206 "http://hausegger.activities.at/entry.php?id=10715" "Mozilla/5.0 (Windows NT 10.0; Win64; x64) AppleWebKit/537.36 (KHTML, like Gecko) Chrome/130.0.0.0 Safari/537.36"
91.141.72.19 - - [29/Oct/2024:10:57:46 +0100] "GET /entry.php?id=10776&form=10560&name=list& HTTP/1.1" 200 2312 "http://hausegger.activities.at/entry.php?id=10715" "Mozilla/5.0 (Windows NT 10.0; Win64; x64) AppleWebKit/537.36 (KHTML, like Gecko) Chrome/130.0.0.0 Safari/537.36"
91.141.72.19 - - [29/Oct/2024:10:57:46 +0100] "GET /entry.php?id=10778&form=10560&name=list& HTTP/1.1" 200 2992 "http://hausegger.activities.at/entry.php?id=10715" "Mozilla/5.0 (Windows NT 10.0; Win64; x64) AppleWebKit/537.36 (KHTML, like Gecko) Chrome/130.0.0.0 Safari/537.36"
91.141.72.19 - - [29/Oct/2024:10:57:46 +0100] "GET /gui/images/icons/isvisible.gif HTTP/1.1" 200 1015 "http://hausegger.activities.at/entry.php?id=10778&form=10560&name=list&" "Mozilla/5.0 (Windows NT 10.0; Win64; x64) AppleWebKit/537.36 (KHTML, like Gecko) Chrome/130.0.0.0 Safari/537.36"
91.141.72.19 - - [29/Oct/2024:10:57:46 +0100] "GET /gui/images/icons/order.gif HTTP/1.1" 200 353 "http://hausegger.activities.at/entry.php?id=10778&form=10560&name=list&" "Mozilla/5.0 (Windows NT 10.0; Win64; x64) AppleWebKit/537.36 (KHTML, like Gecko) Chrome/130.0.0.0 Safari/537.36"
91.141.72.19 - - [29/Oct/2024:10:57:46 +0100] "GET /gui/images/no_image_de.jpg HTTP/1.1" 200 73407 "http://hausegger.activities.at/entry.php?id=10778&form=10560&name=list&" "Mozilla/5.0 (Windows NT 10.0; Win64; x64) AppleWebKit/537.36 (KHTML, like Gecko) Chrome/130.0.0.0 Safari/537.36"
91.141.72.19 - - [29/Oct/2024:10:57:57 +0100] "GET /entry.php?id=10271&&ser=195817 HTTP/1.1" 200 987 "http://hausegger.activities.at/entry.php?id=10271&&ser=195756" "Mozilla/5.0 (Windows NT 10.0; Win64; x64) AppleWebKit/537.36 (KHTML, like Gecko) Chrome/130.0.0.0 Safari/537.36"
91.141.72.19 - - [29/Oct/2024:10:57:57 +0100] "GET /gui/javascript/form_form.js?1730195877 HTTP/1.1" 200 16206 "http://hausegger.activities.at/entry.php?id=10271&&ser=195817" "Mozilla/5.0 (Windows NT 10.0; Win64; x64) AppleWebKit/537.36 (KHTML, like Gecko) Chrome/130.0.0.0 Safari/537.36"
91.141.72.19 - - [29/Oct/2024:10:58:11 +0100] "POST /entry.php?id=10715 HTTP/1.1" 200 2611 "http://hausegger.activities.at/entry.php?id=10715" "Mozilla/5.0 (Windows NT 10.0; Win64; x64) AppleWebKit/537.36 (KHTML, like Gecko) Chrome/130.0.0.0 Safari/537.36"
91.141.72.19 - - [29/Oct/2024:10:58:12 +0100] "GET /gui/javascript/form_form.js?1730195892 HTTP/1.1" 200 16206 "http://hausegger.activities.at/entry.php?id=10715" "Mozilla/5.0 (Windows NT 10.0; Win64; x64) AppleWebKit/537.36 (KHTML, like Gecko) Chrome/130.0.0.0 Safari/537.36"
91.141.72.19 - - [29/Oct/2024:10:58:12 +0100] "GET /entry.php?id=10776&form=10560&name=list& HTTP/1.1" 200 2313 "http://hausegger.activities.at/entry.php?id=10715" "Mozilla/5.0 (Windows NT 10.0; Win64; x64) AppleWebKit/537.36 (KHTML, like Gecko) Chrome/130.0.0.0 Safari/537.36"
91.141.72.19 - - [29/Oct/2024:10:58:12 +0100] "GET /entry.php?id=10778&form=10560&name=list& HTTP/1.1" 200 2999 "http://hausegger.activities.at/entry.php?id=10715" "Mozilla/5.0 (Windows NT 10.0; Win64; x64) AppleWebKit/537.36 (KHTML, like Gecko) Chrome/130.0.0.0 Safari/537.36"
91.141.72.19 - - [29/Oct/2024:10:58:46 +0100] "POST /entry.php?id=10715 HTTP/1.1" 200 2611 "http://hausegger.activities.at/entry.php?id=10715" "Mozilla/5.0 (Windows NT 10.0; Win64; x64) AppleWebKit/537.36 (KHTML, like Gecko) Chrome/130.0.0.0 Safari/537.36"
91.141.72.19 - - [29/Oct/2024:10:58:46 +0100] "GET /gui/javascript/form_form.js?1730195926 HTTP/1.1" 200 16206 "http://hausegger.activities.at/entry.php?id=10715" "Mozilla/5.0 (Windows NT 10.0; Win64; x64) AppleWebKit/537.36 (KHTML, like Gecko) Chrome/130.0.0.0 Safari/537.36"
91.141.72.19 - - [29/Oct/2024:10:58:46 +0100] "GET /entry.php?id=10778&form=10560&name=list& HTTP/1.1" 200 2997 "http://hausegger.activities.at/entry.php?id=10715" "Mozilla/5.0 (Windows NT 10.0; Win64; x64) AppleWebKit/537.36 (KHTML, like Gecko) Chrome/130.0.0.0 Safari/537.36"
91.141.72.19 - - [29/Oct/2024:10:58:46 +0100] "GET /entry.php?id=10776&form=10560&name=list& HTTP/1.1" 200 2313 "http://hausegger.activities.at/entry.php?id=10715" "Mozilla/5.0 (Windows NT 10.0; Win64; x64) AppleWebKit/537.36 (KHTML, like Gecko) Chrome/130.0.0.0 Safari/537.36"
91.141.72.19 - - [29/Oct/2024:10:58:57 +0100] "GET /entry.php?id=10271&&ser=195877 HTTP/1.1" 200 987 "http://hausegger.activities.at/entry.php?id=10271&&ser=195817" "Mozilla/5.0 (Windows NT 10.0; Win64; x64) AppleWebKit/537.36 (KHTML, like Gecko) Chrome/130.0.0.0 Safari/537.36"
91.141.72.19 - - [29/Oct/2024:10:58:57 +0100] "GET /gui/javascript/form_form.js?1730195937 HTTP/1.1" 200 16206 "http://hausegger.activities.at/entry.php?id=10271&&ser=195877" "Mozilla/5.0 (Windows NT 10.0; Win64; x64) AppleWebKit/537.36 (KHTML, like Gecko) Chrome/130.0.0.0 Safari/537.36"
91.141.72.19 - - [29/Oct/2024:10:59:34 +0100] "POST /entry.php?id=10715 HTTP/1.1" 200 2611 "http://hausegger.activities.at/entry.php?id=10715" "Mozilla/5.0 (Windows NT 10.0; Win64; x64) AppleWebKit/537.36 (KHTML, like Gecko) Chrome/130.0.0.0 Safari/537.36"
91.141.72.19 - - [29/Oct/2024:10:59:34 +0100] "GET /gui/javascript/form_form.js?1730195974 HTTP/1.1" 200 16206 "http://hausegger.activities.at/entry.php?id=10715" "Mozilla/5.0 (Windows NT 10.0; Win64; x64) AppleWebKit/537.36 (KHTML, like Gecko) Chrome/130.0.0.0 Safari/537.36"
91.141.72.19 - - [29/Oct/2024:10:59:34 +0100] "GET /entry.php?id=10776&form=10560&name=list& HTTP/1.1" 200 2312 "http://hausegger.activities.at/entry.php?id=10715" "Mozilla/5.0 (Windows NT 10.0; Win64; x64) AppleWebKit/537.36 (KHTML, like Gecko) Chrome/130.0.0.0 Safari/537.36"
91.141.72.19 - - [29/Oct/2024:10:59:34 +0100] "GET /entry.php?id=10778&form=10560&name=list& HTTP/1.1" 200 2996 "http://hausegger.activities.at/entry.php?id=10715" "Mozilla/5.0 (Windows NT 10.0; Win64; x64) AppleWebKit/537.36 (KHTML, like Gecko) Chrome/130.0.0.0 Safari/537.36"
91.141.72.19 - - [29/Oct/2024:10:59:58 +0100] "GET /entry.php?id=10271&&ser=195937 HTTP/1.1" 200 987 "http://hausegger.activities.at/entry.php?id=10271&&ser=195877" "Mozilla/5.0 (Windows NT 10.0; Win64; x64) AppleWebKit/537.36 (KHTML, like Gecko) Chrome/130.0.0.0 Safari/537.36"
91.141.72.19 - - [29/Oct/2024:10:59:58 +0100] "GET /gui/javascript/form_form.js?1730195998 HTTP/1.1" 200 16206 "http://hausegger.activities.at/entry.php?id=10271&&ser=195937" "Mozilla/5.0 (Windows NT 10.0; Win64; x64) AppleWebKit/537.36 (KHTML, like Gecko) Chrome/130.0.0.0 Safari/537.36"
91.141.72.19 - - [29/Oct/2024:11:00:00 +0100] "POST /entry.php?id=10715 HTTP/1.1" 200 2611 "http://hausegger.activities.at/entry.php?id=10715" "Mozilla/5.0 (Windows NT 10.0; Win64; x64) AppleWebKit/537.36 (KHTML, like Gecko) Chrome/130.0.0.0 Safari/537.36"
91.141.72.19 - - [29/Oct/2024:11:00:00 +0100] "GET /gui/javascript/form_form.js?1730196000 HTTP/1.1" 200 16206 "http://hausegger.activities.at/entry.php?id=10715" "Mozilla/5.0 (Windows NT 10.0; Win64; x64) AppleWebKit/537.36 (KHTML, like Gecko) Chrome/130.0.0.0 Safari/537.36"
91.141.72.19 - - [29/Oct/2024:11:00:00 +0100] "GET /entry.php?id=10778&form=10560&name=list& HTTP/1.1" 200 2998 "http://hausegger.activities.at/entry.php?id=10715" "Mozilla/5.0 (Windows NT 10.0; Win64; x64) AppleWebKit/537.36 (KHTML, like Gecko) Chrome/130.0.0.0 Safari/537.36"
91.141.72.19 - - [29/Oct/2024:11:00:00 +0100] "GET /entry.php?id=10776&form=10560&name=list& HTTP/1.1" 200 2313 "http://hausegger.activities.at/entry.php?id=10715" "Mozilla/5.0 (Windows NT 10.0; Win64; x64) AppleWebKit/537.36 (KHTML, like Gecko) Chrome/130.0.0.0 Safari/537.36"
91.141.72.19 - - [29/Oct/2024:11:00:27 +0100] "POST /entry.php?id=10715 HTTP/1.1" 200 2611 "http://hausegger.activities.at/entry.php?id=10715" "Mozilla/5.0 (Windows NT 10.0; Win64; x64) AppleWebKit/537.36 (KHTML, like Gecko) Chrome/130.0.0.0 Safari/537.36"
91.141.72.19 - - [29/Oct/2024:11:00:27 +0100] "GET /gui/javascript/form_form.js?1730196027 HTTP/1.1" 200 16206 "http://hausegger.activities.at/entry.php?id=10715" "Mozilla/5.0 (Windows NT 10.0; Win64; x64) AppleWebKit/537.36 (KHTML, like Gecko) Chrome/130.0.0.0 Safari/537.36"
91.141.72.19 - - [29/Oct/2024:11:00:27 +0100] "GET /entry.php?id=10776&form=10560&name=list& HTTP/1.1" 200 2313 "http://hausegger.activities.at/entry.php?id=10715" "Mozilla/5.0 (Windows NT 10.0; Win64; x64) AppleWebKit/537.36 (KHTML, like Gecko) Chrome/130.0.0.0 Safari/537.36"
91.141.72.19 - - [29/Oct/2024:11:00:27 +0100] "GET /entry.php?id=10778&form=10560&name=list& HTTP/1.1" 200 2997 "http://hausegger.activities.at/entry.php?id=10715" "Mozilla/5.0 (Windows NT 10.0; Win64; x64) AppleWebKit/537.36 (KHTML, like Gecko) Chrome/130.0.0.0 Safari/537.36"
91.141.72.19 - - [29/Oct/2024:11:00:58 +0100] "GET /entry.php?id=10271&&ser=195998 HTTP/1.1" 200 987 "http://hausegger.activities.at/entry.php?id=10271&&ser=195937" "Mozilla/5.0 (Windows NT 10.0; Win64; x64) AppleWebKit/537.36 (KHTML, like Gecko) Chrome/130.0.0.0 Safari/537.36"
91.141.72.19 - - [29/Oct/2024:11:00:58 +0100] "GET /gui/javascript/form_form.js?1730196058 HTTP/1.1" 200 16206 "http://hausegger.activities.at/entry.php?id=10271&&ser=195998" "Mozilla/5.0 (Windows NT 10.0; Win64; x64) AppleWebKit/537.36 (KHTML, like Gecko) Chrome/130.0.0.0 Safari/537.36"
91.141.72.19 - - [29/Oct/2024:11:01:03 +0100] "POST /entry.php?id=10715 HTTP/1.1" 200 2611 "http://hausegger.activities.at/entry.php?id=10715" "Mozilla/5.0 (Windows NT 10.0; Win64; x64) AppleWebKit/537.36 (KHTML, like Gecko) Chrome/130.0.0.0 Safari/537.36"
91.141.72.19 - - [29/Oct/2024:11:01:04 +0100] "GET /gui/javascript/form_form.js?1730196064 HTTP/1.1" 200 16206 "http://hausegger.activities.at/entry.php?id=10715" "Mozilla/5.0 (Windows NT 10.0; Win64; x64) AppleWebKit/537.36 (KHTML, like Gecko) Chrome/130.0.0.0 Safari/537.36"
