156.59.198.135 - - [31/Oct/2024:13:17:52 +0100] "GET /renault.activities.at/htdocs/export/pdf/emuc_document/10625515.pdf HTTP/1.0" 404 322 "-" "Mozilla/5.0 (Linux; Android 5.0) AppleWebKit/537.36 (KHTML, like Gecko) Mobile Safari/537.36 (compatible; Bytespider; spider-feedback@bytedance.com)"
156.59.198.135 - - [31/Oct/2024:13:18:14 +0100] "GET /renault.2web.at/htdocs/export/xml/data/articles/202101221103_RenArticle.xml HTTP/1.0" 404 326 "-" "Mozilla/5.0 (Linux; Android 5.0) AppleWebKit/537.36 (KHTML, like Gecko) Mobile Safari/537.36 (compatible; Bytespider; spider-feedback@bytedance.com)"
91.141.72.19 - - [31/Oct/2024:13:18:14 +0100] "GET /entry.php?id=10271&&ser=377034 HTTP/1.1" 200 987 "http://hausegger.activities.at/entry.php?id=10271&&ser=376973" "Mozilla/5.0 (Windows NT 10.0; Win64; x64; rv:131.0) Gecko/20100101 Firefox/131.0"
91.141.72.19 - - [31/Oct/2024:13:18:15 +0100] "GET /gui/javascript/form_form.js?1730377095 HTTP/1.1" 200 16206 "http://hausegger.activities.at/entry.php?id=10271&&ser=377034" "Mozilla/5.0 (Windows NT 10.0; Win64; x64; rv:131.0) Gecko/20100101 Firefox/131.0"
156.59.198.136 - - [31/Oct/2024:13:18:35 +0100] "GET /renault.activities.at/htdocs/pinEdit/editor/config/xml-toolbar/toolbar-hf.xml HTTP/1.0" 404 326 "-" "Mozilla/5.0 (Linux; Android 5.0) AppleWebKit/537.36 (KHTML, like Gecko) Mobile Safari/537.36 (compatible; Bytespider; spider-feedback@bytedance.com)"
91.141.72.19 - - [31/Oct/2024:13:18:50 +0100] "GET /entry.php?id=11237&type=10665 HTTP/1.1" 200 276 "http://hausegger.activities.at/entry.php?id=10828" "Mozilla/5.0 (Windows NT 10.0; Win64; x64; rv:131.0) Gecko/20100101 Firefox/131.0"
91.141.72.19 - - [31/Oct/2024:13:18:50 +0100] "GET /entry.php?id=10676&&title=Belegsuche HTTP/1.1" 200 1392 "http://hausegger.activities.at/entry.php?id=11237&type=10665" "Mozilla/5.0 (Windows NT 10.0; Win64; x64; rv:131.0) Gecko/20100101 Firefox/131.0"
91.141.72.19 - - [31/Oct/2024:13:18:50 +0100] "GET /gui/javascript/form_form.js?1730377130 HTTP/1.1" 200 16206 "http://hausegger.activities.at/entry.php?id=10676&&title=Belegsuche" "Mozilla/5.0 (Windows NT 10.0; Win64; x64; rv:131.0) Gecko/20100101 Firefox/131.0"
91.141.72.19 - - [31/Oct/2024:13:18:50 +0100] "GET /entry.php?id=11238&mode=document&form=10665& HTTP/1.1" 200 3304 "http://hausegger.activities.at/entry.php?id=11237&type=10665" "Mozilla/5.0 (Windows NT 10.0; Win64; x64; rv:131.0) Gecko/20100101 Firefox/131.0"
91.141.72.19 - - [31/Oct/2024:13:18:50 +0100] "GET /gui/javascript/form_bu_document_workflow.js?1730377130 HTTP/1.1" 200 4900 "http://hausegger.activities.at/entry.php?id=11238&mode=document&form=10665&" "Mozilla/5.0 (Windows NT 10.0; Win64; x64; rv:131.0) Gecko/20100101 Firefox/131.0"
91.141.72.19 - - [31/Oct/2024:13:18:50 +0100] "GET /entry.php?id=11239&mode=document&form=10665& HTTP/1.1" 200 2017 "http://hausegger.activities.at/entry.php?id=11237&type=10665" "Mozilla/5.0 (Windows NT 10.0; Win64; x64; rv:131.0) Gecko/20100101 Firefox/131.0"
91.141.72.19 - - [31/Oct/2024:13:18:50 +0100] "GET /entry.php?id=11240&mode=document&form=10665& HTTP/1.1" 200 2672 "http://hausegger.activities.at/entry.php?id=11237&type=10665" "Mozilla/5.0 (Windows NT 10.0; Win64; x64; rv:131.0) Gecko/20100101 Firefox/131.0"
91.141.72.19 - - [31/Oct/2024:13:18:51 +0100] "GET /entry.php?id=10776&form=11066&name=list& HTTP/1.1" 200 1513 "http://hausegger.activities.at/entry.php?id=11240&mode=document&form=10665&" "Mozilla/5.0 (Windows NT 10.0; Win64; x64; rv:131.0) Gecko/20100101 Firefox/131.0"
91.141.72.19 - - [31/Oct/2024:13:18:51 +0100] "GET /entry.php?id=10778&form=11066&name=list& HTTP/1.1" 200 2586 "http://hausegger.activities.at/entry.php?id=11240&mode=document&form=10665&" "Mozilla/5.0 (Windows NT 10.0; Win64; x64; rv:131.0) Gecko/20100101 Firefox/131.0"
91.141.72.19 - - [31/Oct/2024:13:18:51 +0100] "POST /entry.php?id=11240 HTTP/1.1" 200 2671 "http://hausegger.activities.at/entry.php?id=11240&mode=document&form=10665&" "Mozilla/5.0 (Windows NT 10.0; Win64; x64; rv:131.0) Gecko/20100101 Firefox/131.0"
91.141.72.19 - - [31/Oct/2024:13:18:51 +0100] "GET /gui/javascript/form_bu_document_workflow.js?1730377131 HTTP/1.1" 200 4900 "http://hausegger.activities.at/entry.php?id=11240" "Mozilla/5.0 (Windows NT 10.0; Win64; x64; rv:131.0) Gecko/20100101 Firefox/131.0"
91.141.72.19 - - [31/Oct/2024:13:18:51 +0100] "GET /gui/javascript/form_form.js?1730377131 HTTP/1.1" 200 16206 "http://hausegger.activities.at/entry.php?id=11240" "Mozilla/5.0 (Windows NT 10.0; Win64; x64; rv:131.0) Gecko/20100101 Firefox/131.0"
91.141.72.19 - - [31/Oct/2024:13:18:51 +0100] "GET /entry.php?id=10776&form=11066&name=list& HTTP/1.1" 200 1513 "http://hausegger.activities.at/entry.php?id=11240" "Mozilla/5.0 (Windows NT 10.0; Win64; x64; rv:131.0) Gecko/20100101 Firefox/131.0"
91.141.72.19 - - [31/Oct/2024:13:18:51 +0100] "GET /entry.php?id=10778&form=11066&name=list& HTTP/1.1" 200 2995 "http://hausegger.activities.at/entry.php?id=11240" "Mozilla/5.0 (Windows NT 10.0; Win64; x64; rv:131.0) Gecko/20100101 Firefox/131.0"
156.59.198.135 - - [31/Oct/2024:13:18:56 +0100] "GET /renault.activities.at/htdocs/export/pdf/emuc_document/11184884.pdf HTTP/1.0" 404 321 "-" "Mozilla/5.0 (Linux; Android 5.0) AppleWebKit/537.36 (KHTML, like Gecko) Mobile Safari/537.36 (compatible; Bytespider; spider-feedback@bytedance.com)"
91.141.72.19 - - [31/Oct/2024:13:19:08 +0100] "POST /entry.php?id=10828 HTTP/1.1" 200 8712 "http://hausegger.activities.at/entry.php?id=10828" "Mozilla/5.0 (Windows NT 10.0; Win64; x64; rv:131.0) Gecko/20100101 Firefox/131.0"
91.141.72.19 - - [31/Oct/2024:13:19:08 +0100] "GET /gui/javascript/form_form.js?1730377148 HTTP/1.1" 200 16206 "http://hausegger.activities.at/entry.php?id=10828" "Mozilla/5.0 (Windows NT 10.0; Win64; x64; rv:131.0) Gecko/20100101 Firefox/131.0"
91.141.72.19 - - [31/Oct/2024:13:19:08 +0100] "GET /entry.php?id=10889&document_id=10343883& HTTP/1.1" 200 1509 "http://hausegger.activities.at/entry.php?id=10828" "Mozilla/5.0 (Windows NT 10.0; Win64; x64; rv:131.0) Gecko/20100101 Firefox/131.0"
91.141.72.19 - - [31/Oct/2024:13:19:09 +0100] "GET /gui/javascript/form_form.js?1730377149 HTTP/1.1" 200 16206 "http://hausegger.activities.at/entry.php?id=10889&document_id=10343883&" "Mozilla/5.0 (Windows NT 10.0; Win64; x64; rv:131.0) Gecko/20100101 Firefox/131.0"
91.141.72.19 - - [31/Oct/2024:13:19:11 +0100] "POST /entry.php?id=10828 HTTP/1.1" 200 8788 "http://hausegger.activities.at/entry.php?id=10828" "Mozilla/5.0 (Windows NT 10.0; Win64; x64; rv:131.0) Gecko/20100101 Firefox/131.0"
91.141.72.19 - - [31/Oct/2024:13:19:11 +0100] "GET /gui/javascript/form_form.js?1730377151 HTTP/1.1" 200 16206 "http://hausegger.activities.at/entry.php?id=10828" "Mozilla/5.0 (Windows NT 10.0; Win64; x64; rv:131.0) Gecko/20100101 Firefox/131.0"
91.141.72.19 - - [31/Oct/2024:13:19:11 +0100] "GET /entry.php?id=10889&document_id=10343883& HTTP/1.1" 200 1509 "http://hausegger.activities.at/entry.php?id=10828" "Mozilla/5.0 (Windows NT 10.0; Win64; x64; rv:131.0) Gecko/20100101 Firefox/131.0"
91.141.72.19 - - [31/Oct/2024:13:19:12 +0100] "GET /gui/javascript/form_form.js?1730377152 HTTP/1.1" 200 16206 "http://hausegger.activities.at/entry.php?id=10889&document_id=10343883&" "Mozilla/5.0 (Windows NT 10.0; Win64; x64; rv:131.0) Gecko/20100101 Firefox/131.0"
91.141.72.19 - - [31/Oct/2024:13:19:15 +0100] "GET /entry.php?id=10271&&ser=377095 HTTP/1.1" 200 987 "http://hausegger.activities.at/entry.php?id=10271&&ser=377034" "Mozilla/5.0 (Windows NT 10.0; Win64; x64; rv:131.0) Gecko/20100101 Firefox/131.0"
91.141.72.19 - - [31/Oct/2024:13:19:15 +0100] "GET /gui/javascript/form_form.js?1730377155 HTTP/1.1" 200 16206 "http://hausegger.activities.at/entry.php?id=10271&&ser=377095" "Mozilla/5.0 (Windows NT 10.0; Win64; x64; rv:131.0) Gecko/20100101 Firefox/131.0"
156.59.198.136 - - [31/Oct/2024:13:19:18 +0100] "GET /renault.2web.at/htdocs/export/xml/data/articles/202003231803_RenArticle.xml HTTP/1.0" 404 327 "-" "Mozilla/5.0 (Linux; Android 5.0) AppleWebKit/537.36 (KHTML, like Gecko) Mobile Safari/537.36 (compatible; Bytespider; spider-feedback@bytedance.com)"
156.59.198.136 - - [31/Oct/2024:13:19:39 +0100] "GET /renault.activities.at/htdocs/export/pdf/emuc_document/12090280.pdf HTTP/1.0" 404 321 "-" "Mozilla/5.0 (Linux; Android 5.0) AppleWebKit/537.36 (KHTML, like Gecko) Mobile Safari/537.36 (compatible; Bytespider; spider-feedback@bytedance.com)"
156.59.198.135 - - [31/Oct/2024:13:20:00 +0100] "GET /renault.activities.at/htdocs/export/pdf/emuc_document/12397688.pdf HTTP/1.0" 404 323 "-" "Mozilla/5.0 (Linux; Android 5.0) AppleWebKit/537.36 (KHTML, like Gecko) Mobile Safari/537.36 (compatible; Bytespider; spider-feedback@bytedance.com)"
91.141.72.19 - - [31/Oct/2024:13:20:16 +0100] "GET /entry.php?id=10271&&ser=377155 HTTP/1.1" 200 987 "http://hausegger.activities.at/entry.php?id=10271&&ser=377095" "Mozilla/5.0 (Windows NT 10.0; Win64; x64; rv:131.0) Gecko/20100101 Firefox/131.0"
91.141.72.19 - - [31/Oct/2024:13:20:16 +0100] "GET /gui/javascript/form_form.js?1730377216 HTTP/1.1" 200 16206 "http://hausegger.activities.at/entry.php?id=10271&&ser=377155" "Mozilla/5.0 (Windows NT 10.0; Win64; x64; rv:131.0) Gecko/20100101 Firefox/131.0"
156.59.198.136 - - [31/Oct/2024:13:20:22 +0100] "GET /renault.activities.at/htdocs/export/pdf/emuc_document/10961408.pdf HTTP/1.0" 404 321 "-" "Mozilla/5.0 (Linux; Android 5.0) AppleWebKit/537.36 (KHTML, like Gecko) Mobile Safari/537.36 (compatible; Bytespider; spider-feedback@bytedance.com)"
156.59.198.135 - - [31/Oct/2024:13:20:43 +0100] "GET /renault.activities.at/htdocs/export/pdf/emuc_document/12103036.pdf HTTP/1.0" 404 322 "-" "Mozilla/5.0 (Linux; Android 5.0) AppleWebKit/537.36 (KHTML, like Gecko) Mobile Safari/537.36 (compatible; Bytespider; spider-feedback@bytedance.com)"
156.59.198.135 - - [31/Oct/2024:13:21:04 +0100] "GET /renault.activities.at/htdocs/export/pdf/emuc_document/12423021.pdf HTTP/1.0" 404 322 "-" "Mozilla/5.0 (Linux; Android 5.0) AppleWebKit/537.36 (KHTML, like Gecko) Mobile Safari/537.36 (compatible; Bytespider; spider-feedback@bytedance.com)"
91.141.72.19 - - [31/Oct/2024:13:21:16 +0100] "GET /entry.php?id=10271&&ser=377216 HTTP/1.1" 200 988 "http://hausegger.activities.at/entry.php?id=10271&&ser=377155" "Mozilla/5.0 (Windows NT 10.0; Win64; x64; rv:131.0) Gecko/20100101 Firefox/131.0"
91.141.72.19 - - [31/Oct/2024:13:21:16 +0100] "GET /gui/javascript/form_form.js?1730377276 HTTP/1.1" 200 16206 "http://hausegger.activities.at/entry.php?id=10271&&ser=377216" "Mozilla/5.0 (Windows NT 10.0; Win64; x64; rv:131.0) Gecko/20100101 Firefox/131.0"
156.59.198.136 - - [31/Oct/2024:13:21:25 +0100] "GET /renault.activities.at/htdocs/export/pdf/emuc_document/10957520.pdf HTTP/1.0" 404 322 "-" "Mozilla/5.0 (Linux; Android 5.0) AppleWebKit/537.36 (KHTML, like Gecko) Mobile Safari/537.36 (compatible; Bytespider; spider-feedback@bytedance.com)"
156.59.198.136 - - [31/Oct/2024:13:21:46 +0100] "GET /renault.activities.at/htdocs/export/pdf/emuc_document/10533614.pdf HTTP/1.0" 404 322 "-" "Mozilla/5.0 (Linux; Android 5.0) AppleWebKit/537.36 (KHTML, like Gecko) Mobile Safari/537.36 (compatible; Bytespider; spider-feedback@bytedance.com)"
156.59.198.136 - - [31/Oct/2024:13:22:08 +0100] "GET /renault.2web.at/htdocs/export/txt/factura/FacturaExport20180727085149.txt HTTP/1.0" 404 325 "-" "Mozilla/5.0 (Linux; Android 5.0) AppleWebKit/537.36 (KHTML, like Gecko) Mobile Safari/537.36 (compatible; Bytespider; spider-feedback@bytedance.com)"
91.141.72.19 - - [31/Oct/2024:13:22:16 +0100] "GET /entry.php?id=10271&&ser=377276 HTTP/1.1" 200 988 "http://hausegger.activities.at/entry.php?id=10271&&ser=377216" "Mozilla/5.0 (Windows NT 10.0; Win64; x64; rv:131.0) Gecko/20100101 Firefox/131.0"
91.141.72.19 - - [31/Oct/2024:13:22:16 +0100] "GET /gui/javascript/form_form.js?1730377336 HTTP/1.1" 200 16206 "http://hausegger.activities.at/entry.php?id=10271&&ser=377276" "Mozilla/5.0 (Windows NT 10.0; Win64; x64; rv:131.0) Gecko/20100101 Firefox/131.0"
156.59.198.136 - - [31/Oct/2024:13:22:29 +0100] "GET /renault.activities.at/htdocs/export/pdf/emuc_document/11811012.pdf HTTP/1.0" 404 321 "-" "Mozilla/5.0 (Linux; Android 5.0) AppleWebKit/537.36 (KHTML, like Gecko) Mobile Safari/537.36 (compatible; Bytespider; spider-feedback@bytedance.com)"
156.59.198.136 - - [31/Oct/2024:13:22:51 +0100] "GET /renault.2web.at/htdocs/export/xml/data/articles/202004071603_RenArticle.xml HTTP/1.0" 404 328 "-" "Mozilla/5.0 (Linux; Android 5.0) AppleWebKit/537.36 (KHTML, like Gecko) Mobile Safari/537.36 (compatible; Bytespider; spider-feedback@bytedance.com)"
156.59.198.135 - - [31/Oct/2024:13:23:12 +0100] "GET /renault.activities.at/htdocs/export/pdf/emuc_document/11333381.pdf HTTP/1.0" 404 321 "-" "Mozilla/5.0 (Linux; Android 5.0) AppleWebKit/537.36 (KHTML, like Gecko) Mobile Safari/537.36 (compatible; Bytespider; spider-feedback@bytedance.com)"
91.141.72.19 - - [31/Oct/2024:13:23:17 +0100] "GET /entry.php?id=10271&&ser=377336 HTTP/1.1" 200 988 "http://hausegger.activities.at/entry.php?id=10271&&ser=377276" "Mozilla/5.0 (Windows NT 10.0; Win64; x64; rv:131.0) Gecko/20100101 Firefox/131.0"
91.141.72.19 - - [31/Oct/2024:13:23:17 +0100] "GET /gui/javascript/form_form.js?1730377397 HTTP/1.1" 200 16206 "http://hausegger.activities.at/entry.php?id=10271&&ser=377336" "Mozilla/5.0 (Windows NT 10.0; Win64; x64; rv:131.0) Gecko/20100101 Firefox/131.0"
156.59.198.136 - - [31/Oct/2024:13:23:33 +0100] "GET /renault.activities.at/htdocs/export/pdf/emuc_document/10424429.pdf HTTP/1.0" 404 321 "-" "Mozilla/5.0 (Linux; Android 5.0) AppleWebKit/537.36 (KHTML, like Gecko) Mobile Safari/537.36 (compatible; Bytespider; spider-feedback@bytedance.com)"
156.59.198.135 - - [31/Oct/2024:13:23:54 +0100] "GET /renault.2web.at/htdocs/export/xml/data/articles/202005251003_RenArticle.xml HTTP/1.0" 404 327 "-" "Mozilla/5.0 (Linux; Android 5.0) AppleWebKit/537.36 (KHTML, like Gecko) Mobile Safari/537.36 (compatible; Bytespider; spider-feedback@bytedance.com)"
156.59.198.135 - - [31/Oct/2024:13:24:15 +0100] "GET /renault.activities.at/htdocs/export/pdf/emuc_document/12067193.pdf HTTP/1.0" 404 322 "-" "Mozilla/5.0 (Linux; Android 5.0) AppleWebKit/537.36 (KHTML, like Gecko) Mobile Safari/537.36 (compatible; Bytespider; spider-feedback@bytedance.com)"
91.141.72.19 - - [31/Oct/2024:13:24:17 +0100] "GET /entry.php?id=10271&&ser=377397 HTTP/1.1" 200 988 "http://hausegger.activities.at/entry.php?id=10271&&ser=377336" "Mozilla/5.0 (Windows NT 10.0; Win64; x64; rv:131.0) Gecko/20100101 Firefox/131.0"
91.141.72.19 - - [31/Oct/2024:13:24:17 +0100] "GET /gui/javascript/form_form.js?1730377457 HTTP/1.1" 200 16206 "http://hausegger.activities.at/entry.php?id=10271&&ser=377397" "Mozilla/5.0 (Windows NT 10.0; Win64; x64; rv:131.0) Gecko/20100101 Firefox/131.0"
156.59.198.135 - - [31/Oct/2024:13:24:36 +0100] "GET /renault.activities.at/htdocs/export/pdf/emuc_document/11913562.pdf HTTP/1.0" 404 322 "-" "Mozilla/5.0 (Linux; Android 5.0) AppleWebKit/537.36 (KHTML, like Gecko) Mobile Safari/537.36 (compatible; Bytespider; spider-feedback@bytedance.com)"
156.59.198.135 - - [31/Oct/2024:13:24:58 +0100] "GET /renault.activities.at/htdocs/export/pdf/emuc_document/10403613.pdf HTTP/1.0" 404 322 "-" "Mozilla/5.0 (Linux; Android 5.0) AppleWebKit/537.36 (KHTML, like Gecko) Mobile Safari/537.36 (compatible; Bytespider; spider-feedback@bytedance.com)"
91.141.72.19 - - [31/Oct/2024:13:25:17 +0100] "GET /entry.php?id=10271&&ser=377457 HTTP/1.1" 200 988 "http://hausegger.activities.at/entry.php?id=10271&&ser=377397" "Mozilla/5.0 (Windows NT 10.0; Win64; x64; rv:131.0) Gecko/20100101 Firefox/131.0"
91.141.72.19 - - [31/Oct/2024:13:25:17 +0100] "GET /gui/javascript/form_form.js?1730377517 HTTP/1.1" 200 16206 "http://hausegger.activities.at/entry.php?id=10271&&ser=377457" "Mozilla/5.0 (Windows NT 10.0; Win64; x64; rv:131.0) Gecko/20100101 Firefox/131.0"
156.59.198.135 - - [31/Oct/2024:13:25:19 +0100] "GET /renault.activities.at/htdocs/pinEdit/editor/config/xml-toolbar/toolbar-wp.xml HTTP/1.0" 404 326 "-" "Mozilla/5.0 (Linux; Android 5.0) AppleWebKit/537.36 (KHTML, like Gecko) Mobile Safari/537.36 (compatible; Bytespider; spider-feedback@bytedance.com)"
156.59.198.136 - - [31/Oct/2024:13:25:40 +0100] "GET /renault.activities.at/htdocs/export/pdf/emuc_document/10712416.pdf HTTP/1.0" 404 322 "-" "Mozilla/5.0 (Linux; Android 5.0) AppleWebKit/537.36 (KHTML, like Gecko) Mobile Safari/537.36 (compatible; Bytespider; spider-feedback@bytedance.com)"
156.59.198.135 - - [31/Oct/2024:13:26:01 +0100] "GET /renault.activities.at/htdocs/export/pdf/emuc_document/10742409.pdf HTTP/1.0" 404 322 "-" "Mozilla/5.0 (Linux; Android 5.0) AppleWebKit/537.36 (KHTML, like Gecko) Mobile Safari/537.36 (compatible; Bytespider; spider-feedback@bytedance.com)"
91.141.72.19 - - [31/Oct/2024:13:26:17 +0100] "GET /entry.php?id=10271&&ser=377517 HTTP/1.1" 200 988 "http://hausegger.activities.at/entry.php?id=10271&&ser=377457" "Mozilla/5.0 (Windows NT 10.0; Win64; x64; rv:131.0) Gecko/20100101 Firefox/131.0"
91.141.72.19 - - [31/Oct/2024:13:26:18 +0100] "GET /gui/javascript/form_form.js?1730377577 HTTP/1.1" 200 16206 "http://hausegger.activities.at/entry.php?id=10271&&ser=377517" "Mozilla/5.0 (Windows NT 10.0; Win64; x64; rv:131.0) Gecko/20100101 Firefox/131.0"
156.59.198.136 - - [31/Oct/2024:13:26:22 +0100] "GET /renault.activities.at/htdocs/export/pdf/emuc_document/11250538.pdf HTTP/1.0" 404 322 "-" "Mozilla/5.0 (Linux; Android 5.0) AppleWebKit/537.36 (KHTML, like Gecko) Mobile Safari/537.36 (compatible; Bytespider; spider-feedback@bytedance.com)"
156.59.198.136 - - [31/Oct/2024:13:26:43 +0100] "GET /renault.activities.at/htdocs/export/pdf/emuc_document/12413325.pdf HTTP/1.0" 404 322 "-" "Mozilla/5.0 (Linux; Android 5.0) AppleWebKit/537.36 (KHTML, like Gecko) Mobile Safari/537.36 (compatible; Bytespider; spider-feedback@bytedance.com)"
156.59.198.136 - - [31/Oct/2024:13:27:05 +0100] "GET /renault.activities.at/htdocs/export/pdf/emuc_document/11667206.pdf HTTP/1.0" 404 322 "-" "Mozilla/5.0 (Linux; Android 5.0) AppleWebKit/537.36 (KHTML, like Gecko) Mobile Safari/537.36 (compatible; Bytespider; spider-feedback@bytedance.com)"
91.141.72.19 - - [31/Oct/2024:13:27:18 +0100] "GET /entry.php?id=10271&&ser=377577 HTTP/1.1" 200 988 "http://hausegger.activities.at/entry.php?id=10271&&ser=377517" "Mozilla/5.0 (Windows NT 10.0; Win64; x64; rv:131.0) Gecko/20100101 Firefox/131.0"
91.141.72.19 - - [31/Oct/2024:13:27:18 +0100] "GET /gui/javascript/form_form.js?1730377638 HTTP/1.1" 200 16206 "http://hausegger.activities.at/entry.php?id=10271&&ser=377577" "Mozilla/5.0 (Windows NT 10.0; Win64; x64; rv:131.0) Gecko/20100101 Firefox/131.0"
156.59.198.135 - - [31/Oct/2024:13:27:26 +0100] "GET /renault.2web.at/htdocs/export/txt/factura/FacturaExport20170328172632.txt HTTP/1.0" 404 325 "-" "Mozilla/5.0 (Linux; Android 5.0) AppleWebKit/537.36 (KHTML, like Gecko) Mobile Safari/537.36 (compatible; Bytespider; spider-feedback@bytedance.com)"
156.59.198.135 - - [31/Oct/2024:13:27:47 +0100] "GET /renault.activities.at/htdocs/export/pdf/emuc_document/10973070.pdf HTTP/1.0" 404 322 "-" "Mozilla/5.0 (Linux; Android 5.0) AppleWebKit/537.36 (KHTML, like Gecko) Mobile Safari/537.36 (compatible; Bytespider; spider-feedback@bytedance.com)"
156.59.198.136 - - [31/Oct/2024:13:28:10 +0100] "GET /renault.activities.at/htdocs/export/pdf/emuc_document/10553711.pdf HTTP/1.0" 404 322 "-" "Mozilla/5.0 (Linux; Android 5.0) AppleWebKit/537.36 (KHTML, like Gecko) Mobile Safari/537.36 (compatible; Bytespider; spider-feedback@bytedance.com)"
178.215.238.67 - - [31/Oct/2024:13:28:10 +0100] "GET /login.rsp HTTP/1.1" 404 354 "-" "Hello World"
91.141.72.19 - - [31/Oct/2024:13:28:18 +0100] "GET /entry.php?id=10271&&ser=377638 HTTP/1.1" 200 986 "http://hausegger.activities.at/entry.php?id=10271&&ser=377577" "Mozilla/5.0 (Windows NT 10.0; Win64; x64; rv:131.0) Gecko/20100101 Firefox/131.0"
91.141.72.19 - - [31/Oct/2024:13:28:18 +0100] "GET /gui/javascript/form_form.js?1730377698 HTTP/1.1" 200 16206 "http://hausegger.activities.at/entry.php?id=10271&&ser=377638" "Mozilla/5.0 (Windows NT 10.0; Win64; x64; rv:131.0) Gecko/20100101 Firefox/131.0"
91.141.72.19 - - [31/Oct/2024:13:28:33 +0100] "GET /entry.php?id=10632 HTTP/1.1" 200 234 "http://hausegger.activities.at/entry.php?id=10270&__app__=10006038" "Mozilla/5.0 (Windows NT 10.0; Win64; x64; rv:131.0) Gecko/20100101 Firefox/131.0"
91.141.72.19 - - [31/Oct/2024:13:28:33 +0100] "GET /entry.php?id=10634& HTTP/1.1" 200 1374 "http://hausegger.activities.at/entry.php?id=10632" "Mozilla/5.0 (Windows NT 10.0; Win64; x64; rv:131.0) Gecko/20100101 Firefox/131.0"
91.141.72.19 - - [31/Oct/2024:13:28:34 +0100] "GET /gui/javascript/form_form.js?1730377713 HTTP/1.1" 200 16206 "http://hausegger.activities.at/entry.php?id=10634&" "Mozilla/5.0 (Windows NT 10.0; Win64; x64; rv:131.0) Gecko/20100101 Firefox/131.0"
91.141.72.19 - - [31/Oct/2024:13:28:33 +0100] "GET /entry.php?id=10633& HTTP/1.1" 200 1980 "http://hausegger.activities.at/entry.php?id=10632" "Mozilla/5.0 (Windows NT 10.0; Win64; x64; rv:131.0) Gecko/20100101 Firefox/131.0"
91.141.72.19 - - [31/Oct/2024:13:28:34 +0100] "GET /framework/webfx/javascript/scrolltable/scrolltableIframe.js HTTP/1.1" 304 - "http://hausegger.activities.at/entry.php?id=10633&" "Mozilla/5.0 (Windows NT 10.0; Win64; x64; rv:131.0) Gecko/20100101 Firefox/131.0"
91.141.72.19 - - [31/Oct/2024:13:28:33 +0100] "GET /entry.php?id=10621& HTTP/1.1" 200 3779 "http://hausegger.activities.at/entry.php?id=10632" "Mozilla/5.0 (Windows NT 10.0; Win64; x64; rv:131.0) Gecko/20100101 Firefox/131.0"
91.141.72.19 - - [31/Oct/2024:13:28:34 +0100] "GET /gui/javascript/form_form.js?1730377714 HTTP/1.1" 200 16206 "http://hausegger.activities.at/entry.php?id=10633&" "Mozilla/5.0 (Windows NT 10.0; Win64; x64; rv:131.0) Gecko/20100101 Firefox/131.0"
91.141.72.19 - - [31/Oct/2024:13:28:33 +0100] "GET /entry.php?id=10638& HTTP/1.1" 200 2437 "http://hausegger.activities.at/entry.php?id=10632" "Mozilla/5.0 (Windows NT 10.0; Win64; x64; rv:131.0) Gecko/20100101 Firefox/131.0"
91.141.72.19 - - [31/Oct/2024:13:28:34 +0100] "GET /entry.php?id=10778&form=10477&name=list& HTTP/1.1" 200 2483 "http://hausegger.activities.at/entry.php?id=10633&" "Mozilla/5.0 (Windows NT 10.0; Win64; x64; rv:131.0) Gecko/20100101 Firefox/131.0"
91.141.72.19 - - [31/Oct/2024:13:28:34 +0100] "GET /framework/icons/fwx_trans.gif HTTP/1.1" 200 43 "http://hausegger.activities.at/entry.php?id=10778&form=10477&name=list&" "Mozilla/5.0 (Windows NT 10.0; Win64; x64; rv:131.0) Gecko/20100101 Firefox/131.0"
91.141.72.19 - - [31/Oct/2024:13:28:34 +0100] "GET /entry.php?id=10776&form=10477&name=list& HTTP/1.1" 200 1470 "http://hausegger.activities.at/entry.php?id=10633&" "Mozilla/5.0 (Windows NT 10.0; Win64; x64; rv:131.0) Gecko/20100101 Firefox/131.0"
91.141.72.19 - - [31/Oct/2024:13:28:34 +0100] "GET /framework/icons/sortUp.gif HTTP/1.1" 304 - "http://hausegger.activities.at/entry.php?id=10776&form=10477&name=list&" "Mozilla/5.0 (Windows NT 10.0; Win64; x64; rv:131.0) Gecko/20100101 Firefox/131.0"
91.141.72.19 - - [31/Oct/2024:13:28:41 +0100] "POST /entry.php?id=10633 HTTP/1.1" 200 1984 "http://hausegger.activities.at/entry.php?id=10633&" "Mozilla/5.0 (Windows NT 10.0; Win64; x64; rv:131.0) Gecko/20100101 Firefox/131.0"
91.141.72.19 - - [31/Oct/2024:13:28:41 +0100] "GET /gui/javascript/form_form.js?1730377721 HTTP/1.1" 200 16206 "http://hausegger.activities.at/entry.php?id=10633" "Mozilla/5.0 (Windows NT 10.0; Win64; x64; rv:131.0) Gecko/20100101 Firefox/131.0"
91.141.72.19 - - [31/Oct/2024:13:28:41 +0100] "GET /entry.php?id=10776&form=10477&name=list& HTTP/1.1" 200 1472 "http://hausegger.activities.at/entry.php?id=10633" "Mozilla/5.0 (Windows NT 10.0; Win64; x64; rv:131.0) Gecko/20100101 Firefox/131.0"
91.141.72.19 - - [31/Oct/2024:13:28:41 +0100] "GET /entry.php?id=10778&form=10477&name=list& HTTP/1.1" 200 3674 "http://hausegger.activities.at/entry.php?id=10633" "Mozilla/5.0 (Windows NT 10.0; Win64; x64; rv:131.0) Gecko/20100101 Firefox/131.0"
91.141.72.19 - - [31/Oct/2024:13:28:43 +0100] "POST /entry.php?id=10621 HTTP/1.1" 200 3829 "http://hausegger.activities.at/entry.php?id=10621&" "Mozilla/5.0 (Windows NT 10.0; Win64; x64; rv:131.0) Gecko/20100101 Firefox/131.0"
91.141.72.19 - - [31/Oct/2024:13:28:43 +0100] "GET /gui/javascript/form_form.js?1730377723 HTTP/1.1" 200 16206 "http://hausegger.activities.at/entry.php?id=10621" "Mozilla/5.0 (Windows NT 10.0; Win64; x64; rv:131.0) Gecko/20100101 Firefox/131.0"
91.141.72.19 - - [31/Oct/2024:13:28:45 +0100] "GET /entry.php?id=11047&object=10339275 HTTP/1.1" 200 1786 "http://hausegger.activities.at/entry.php?id=10621" "Mozilla/5.0 (Windows NT 10.0; Win64; x64; rv:131.0) Gecko/20100101 Firefox/131.0"
91.141.72.19 - - [31/Oct/2024:13:28:45 +0100] "GET /gui/javascript/form_form.js?1730377725 HTTP/1.1" 200 16206 "http://hausegger.activities.at/entry.php?id=11047&object=10339275" "Mozilla/5.0 (Windows NT 10.0; Win64; x64; rv:131.0) Gecko/20100101 Firefox/131.0"
91.141.72.19 - - [31/Oct/2024:13:28:45 +0100] "GET /entry.php?id=11048&&object=10339275 HTTP/1.1" 200 2837 "http://hausegger.activities.at/entry.php?id=11047&object=10339275" "Mozilla/5.0 (Windows NT 10.0; Win64; x64; rv:131.0) Gecko/20100101 Firefox/131.0"
91.141.72.19 - - [31/Oct/2024:13:29:18 +0100] "GET /entry.php?id=10271&&ser=377698 HTTP/1.1" 200 988 "http://hausegger.activities.at/entry.php?id=10271&&ser=377638" "Mozilla/5.0 (Windows NT 10.0; Win64; x64; rv:131.0) Gecko/20100101 Firefox/131.0"
91.141.72.19 - - [31/Oct/2024:13:29:18 +0100] "GET /gui/javascript/form_form.js?1730377758 HTTP/1.1" 200 16206 "http://hausegger.activities.at/entry.php?id=10271&&ser=377698" "Mozilla/5.0 (Windows NT 10.0; Win64; x64; rv:131.0) Gecko/20100101 Firefox/131.0"
91.141.72.19 - - [31/Oct/2024:13:30:19 +0100] "GET /entry.php?id=10271&&ser=377758 HTTP/1.1" 200 986 "http://hausegger.activities.at/entry.php?id=10271&&ser=377698" "Mozilla/5.0 (Windows NT 10.0; Win64; x64; rv:131.0) Gecko/20100101 Firefox/131.0"
91.141.72.19 - - [31/Oct/2024:13:30:19 +0100] "GET /gui/javascript/form_form.js?1730377819 HTTP/1.1" 200 16206 "http://hausegger.activities.at/entry.php?id=10271&&ser=377758" "Mozilla/5.0 (Windows NT 10.0; Win64; x64; rv:131.0) Gecko/20100101 Firefox/131.0"
91.141.72.19 - - [31/Oct/2024:13:31:19 +0100] "GET /entry.php?id=10271&&ser=377819 HTTP/1.1" 200 988 "http://hausegger.activities.at/entry.php?id=10271&&ser=377758" "Mozilla/5.0 (Windows NT 10.0; Win64; x64; rv:131.0) Gecko/20100101 Firefox/131.0"
91.141.72.19 - - [31/Oct/2024:13:31:19 +0100] "GET /gui/javascript/form_form.js?1730377879 HTTP/1.1" 200 16206 "http://hausegger.activities.at/entry.php?id=10271&&ser=377819" "Mozilla/5.0 (Windows NT 10.0; Win64; x64; rv:131.0) Gecko/20100101 Firefox/131.0"
91.141.72.19 - - [31/Oct/2024:13:32:19 +0100] "GET /entry.php?id=10271&&ser=377879 HTTP/1.1" 200 988 "http://hausegger.activities.at/entry.php?id=10271&&ser=377819" "Mozilla/5.0 (Windows NT 10.0; Win64; x64; rv:131.0) Gecko/20100101 Firefox/131.0"
91.141.72.19 - - [31/Oct/2024:13:32:19 +0100] "GET /gui/javascript/form_form.js?1730377939 HTTP/1.1" 200 16206 "http://hausegger.activities.at/entry.php?id=10271&&ser=377879" "Mozilla/5.0 (Windows NT 10.0; Win64; x64; rv:131.0) Gecko/20100101 Firefox/131.0"
91.141.72.19 - - [31/Oct/2024:13:33:20 +0100] "GET /entry.php?id=10271&&ser=377939 HTTP/1.1" 200 988 "http://hausegger.activities.at/entry.php?id=10271&&ser=377879" "Mozilla/5.0 (Windows NT 10.0; Win64; x64; rv:131.0) Gecko/20100101 Firefox/131.0"
91.141.72.19 - - [31/Oct/2024:13:33:20 +0100] "GET /gui/javascript/form_form.js?1730378000 HTTP/1.1" 200 16206 "http://hausegger.activities.at/entry.php?id=10271&&ser=377939" "Mozilla/5.0 (Windows NT 10.0; Win64; x64; rv:131.0) Gecko/20100101 Firefox/131.0"
91.141.72.19 - - [31/Oct/2024:13:34:20 +0100] "GET /entry.php?id=10271&&ser=378000 HTTP/1.1" 200 987 "http://hausegger.activities.at/entry.php?id=10271&&ser=377939" "Mozilla/5.0 (Windows NT 10.0; Win64; x64; rv:131.0) Gecko/20100101 Firefox/131.0"
91.141.72.19 - - [31/Oct/2024:13:34:20 +0100] "GET /gui/javascript/form_form.js?1730378060 HTTP/1.1" 200 16206 "http://hausegger.activities.at/entry.php?id=10271&&ser=378000" "Mozilla/5.0 (Windows NT 10.0; Win64; x64; rv:131.0) Gecko/20100101 Firefox/131.0"
91.141.72.19 - - [31/Oct/2024:13:35:13 +0100] "POST /entry.php?id=10633 HTTP/1.1" 200 1992 "http://hausegger.activities.at/entry.php?id=10633" "Mozilla/5.0 (Windows NT 10.0; Win64; x64; rv:131.0) Gecko/20100101 Firefox/131.0"
91.141.72.19 - - [31/Oct/2024:13:35:13 +0100] "GET /gui/javascript/form_form.js?1730378113 HTTP/1.1" 200 16206 "http://hausegger.activities.at/entry.php?id=10633" "Mozilla/5.0 (Windows NT 10.0; Win64; x64; rv:131.0) Gecko/20100101 Firefox/131.0"
91.141.72.19 - - [31/Oct/2024:13:35:13 +0100] "GET /entry.php?id=10776&form=10477&name=list& HTTP/1.1" 200 1472 "http://hausegger.activities.at/entry.php?id=10633" "Mozilla/5.0 (Windows NT 10.0; Win64; x64; rv:131.0) Gecko/20100101 Firefox/131.0"
91.141.72.19 - - [31/Oct/2024:13:35:13 +0100] "GET /entry.php?id=10778&form=10477&name=list& HTTP/1.1" 200 3682 "http://hausegger.activities.at/entry.php?id=10633" "Mozilla/5.0 (Windows NT 10.0; Win64; x64; rv:131.0) Gecko/20100101 Firefox/131.0"
91.141.72.19 - - [31/Oct/2024:13:35:13 +0100] "GET /framework/icons/rowselect.gif HTTP/1.1" 304 - "http://hausegger.activities.at/entry.php?id=10778&form=10477&name=list&" "Mozilla/5.0 (Windows NT 10.0; Win64; x64; rv:131.0) Gecko/20100101 Firefox/131.0"
91.141.72.19 - - [31/Oct/2024:13:35:15 +0100] "POST /entry.php?id=10621 HTTP/1.1" 200 3838 "http://hausegger.activities.at/entry.php?id=10621" "Mozilla/5.0 (Windows NT 10.0; Win64; x64; rv:131.0) Gecko/20100101 Firefox/131.0"
91.141.72.19 - - [31/Oct/2024:13:35:15 +0100] "GET /gui/javascript/form_form.js?1730378115 HTTP/1.1" 200 16206 "http://hausegger.activities.at/entry.php?id=10621" "Mozilla/5.0 (Windows NT 10.0; Win64; x64; rv:131.0) Gecko/20100101 Firefox/131.0"
91.141.72.19 - - [31/Oct/2024:13:35:18 +0100] "GET /entry.php?id=11047&object=10307556 HTTP/1.1" 200 1792 "http://hausegger.activities.at/entry.php?id=10621" "Mozilla/5.0 (Windows NT 10.0; Win64; x64; rv:131.0) Gecko/20100101 Firefox/131.0"
91.141.72.19 - - [31/Oct/2024:13:35:18 +0100] "GET /gui/javascript/form_form.js?1730378118 HTTP/1.1" 200 16206 "http://hausegger.activities.at/entry.php?id=11047&object=10307556" "Mozilla/5.0 (Windows NT 10.0; Win64; x64; rv:131.0) Gecko/20100101 Firefox/131.0"
91.141.72.19 - - [31/Oct/2024:13:35:18 +0100] "GET /entry.php?id=11048&&object=10307556 HTTP/1.1" 200 2596 "http://hausegger.activities.at/entry.php?id=11047&object=10307556" "Mozilla/5.0 (Windows NT 10.0; Win64; x64; rv:131.0) Gecko/20100101 Firefox/131.0"
91.141.72.19 - - [31/Oct/2024:13:35:20 +0100] "GET /entry.php?id=10271&&ser=378060 HTTP/1.1" 200 987 "http://hausegger.activities.at/entry.php?id=10271&&ser=378000" "Mozilla/5.0 (Windows NT 10.0; Win64; x64; rv:131.0) Gecko/20100101 Firefox/131.0"
91.141.72.19 - - [31/Oct/2024:13:35:20 +0100] "GET /gui/javascript/form_form.js?1730378120 HTTP/1.1" 200 16206 "http://hausegger.activities.at/entry.php?id=10271&&ser=378060" "Mozilla/5.0 (Windows NT 10.0; Win64; x64; rv:131.0) Gecko/20100101 Firefox/131.0"
91.141.72.19 - - [31/Oct/2024:13:36:20 +0100] "GET /entry.php?id=10271&&ser=378120 HTTP/1.1" 200 986 "http://hausegger.activities.at/entry.php?id=10271&&ser=378060" "Mozilla/5.0 (Windows NT 10.0; Win64; x64; rv:131.0) Gecko/20100101 Firefox/131.0"
91.141.72.19 - - [31/Oct/2024:13:36:21 +0100] "GET /gui/javascript/form_form.js?1730378181 HTTP/1.1" 200 16206 "http://hausegger.activities.at/entry.php?id=10271&&ser=378120" "Mozilla/5.0 (Windows NT 10.0; Win64; x64; rv:131.0) Gecko/20100101 Firefox/131.0"
91.141.72.19 - - [31/Oct/2024:13:36:49 +0100] "GET /entry.php?id=10828 HTTP/1.1" 200 9146 "http://hausegger.activities.at/entry.php?id=10270&__app__=10006038" "Mozilla/5.0 (Windows NT 10.0; Win64; x64; rv:131.0) Gecko/20100101 Firefox/131.0"
91.141.72.19 - - [31/Oct/2024:13:36:49 +0100] "GET /gui/javascript/form_form.js?1730378209 HTTP/1.1" 200 16206 "http://hausegger.activities.at/entry.php?id=10828" "Mozilla/5.0 (Windows NT 10.0; Win64; x64; rv:131.0) Gecko/20100101 Firefox/131.0"
91.141.72.19 - - [31/Oct/2024:13:36:49 +0100] "GET /entry.php?id=10889&document_id=& HTTP/1.1" 200 1510 "http://hausegger.activities.at/entry.php?id=10828" "Mozilla/5.0 (Windows NT 10.0; Win64; x64; rv:131.0) Gecko/20100101 Firefox/131.0"
91.141.72.19 - - [31/Oct/2024:13:37:21 +0100] "GET /entry.php?id=10271&&ser=378181 HTTP/1.1" 200 987 "http://hausegger.activities.at/entry.php?id=10271&&ser=378120" "Mozilla/5.0 (Windows NT 10.0; Win64; x64; rv:131.0) Gecko/20100101 Firefox/131.0"
91.141.72.19 - - [31/Oct/2024:13:37:21 +0100] "GET /gui/javascript/form_form.js?1730378241 HTTP/1.1" 200 16206 "http://hausegger.activities.at/entry.php?id=10271&&ser=378181" "Mozilla/5.0 (Windows NT 10.0; Win64; x64; rv:131.0) Gecko/20100101 Firefox/131.0"
91.141.72.19 - - [31/Oct/2024:13:38:22 +0100] "GET /entry.php?id=10271&&ser=378241 HTTP/1.1" 200 987 "http://hausegger.activities.at/entry.php?id=10271&&ser=378181" "Mozilla/5.0 (Windows NT 10.0; Win64; x64; rv:131.0) Gecko/20100101 Firefox/131.0"
91.141.72.19 - - [31/Oct/2024:13:38:22 +0100] "GET /gui/javascript/form_form.js?1730378302 HTTP/1.1" 200 16206 "http://hausegger.activities.at/entry.php?id=10271&&ser=378241" "Mozilla/5.0 (Windows NT 10.0; Win64; x64; rv:131.0) Gecko/20100101 Firefox/131.0"
91.141.72.19 - - [31/Oct/2024:13:39:23 +0100] "GET /entry.php?id=10271&&ser=378302 HTTP/1.1" 200 988 "http://hausegger.activities.at/entry.php?id=10271&&ser=378241" "Mozilla/5.0 (Windows NT 10.0; Win64; x64; rv:131.0) Gecko/20100101 Firefox/131.0"
91.141.72.19 - - [31/Oct/2024:13:39:23 +0100] "GET /gui/javascript/form_form.js?1730378363 HTTP/1.1" 200 16206 "http://hausegger.activities.at/entry.php?id=10271&&ser=378302" "Mozilla/5.0 (Windows NT 10.0; Win64; x64; rv:131.0) Gecko/20100101 Firefox/131.0"
91.141.72.19 - - [31/Oct/2024:13:40:29 +0100] "GET /entry.php?id=10271&&ser=378363 HTTP/1.1" 200 987 "http://hausegger.activities.at/entry.php?id=10271&&ser=378302" "Mozilla/5.0 (Windows NT 10.0; Win64; x64; rv:131.0) Gecko/20100101 Firefox/131.0"
91.141.72.19 - - [31/Oct/2024:13:40:29 +0100] "GET /gui/javascript/form_form.js?1730378429 HTTP/1.1" 200 16206 "http://hausegger.activities.at/entry.php?id=10271&&ser=378363" "Mozilla/5.0 (Windows NT 10.0; Win64; x64; rv:131.0) Gecko/20100101 Firefox/131.0"
193.161.213.66 - - [31/Oct/2024:13:40:46 +0100] "GET / HTTP/1.1" 200 423 "-" "Mozilla/5.0 (Windows NT 6.1; WOW64) AppleWebKit/537.36 (KHTML, like Gecko) Chrome/52.0.2743.116 Safari/537.36"
91.141.72.19 - - [31/Oct/2024:13:41:29 +0100] "GET /entry.php?id=10271&&ser=378429 HTTP/1.1" 200 987 "http://hausegger.activities.at/entry.php?id=10271&&ser=378363" "Mozilla/5.0 (Windows NT 10.0; Win64; x64; rv:131.0) Gecko/20100101 Firefox/131.0"
91.141.72.19 - - [31/Oct/2024:13:41:29 +0100] "GET /gui/javascript/form_form.js?1730378489 HTTP/1.1" 200 16206 "http://hausegger.activities.at/entry.php?id=10271&&ser=378429" "Mozilla/5.0 (Windows NT 10.0; Win64; x64; rv:131.0) Gecko/20100101 Firefox/131.0"
91.141.72.19 - - [31/Oct/2024:13:42:30 +0100] "GET /entry.php?id=10271&&ser=378489 HTTP/1.1" 200 987 "http://hausegger.activities.at/entry.php?id=10271&&ser=378429" "Mozilla/5.0 (Windows NT 10.0; Win64; x64; rv:131.0) Gecko/20100101 Firefox/131.0"
91.141.72.19 - - [31/Oct/2024:13:42:30 +0100] "GET /gui/javascript/form_form.js?1730378550 HTTP/1.1" 200 16206 "http://hausegger.activities.at/entry.php?id=10271&&ser=378489" "Mozilla/5.0 (Windows NT 10.0; Win64; x64; rv:131.0) Gecko/20100101 Firefox/131.0"
91.141.72.19 - - [31/Oct/2024:13:43:30 +0100] "GET /entry.php?id=10271&&ser=378550 HTTP/1.1" 200 987 "http://hausegger.activities.at/entry.php?id=10271&&ser=378489" "Mozilla/5.0 (Windows NT 10.0; Win64; x64; rv:131.0) Gecko/20100101 Firefox/131.0"
91.141.72.19 - - [31/Oct/2024:13:43:30 +0100] "GET /gui/javascript/form_form.js?1730378610 HTTP/1.1" 200 16206 "http://hausegger.activities.at/entry.php?id=10271&&ser=378550" "Mozilla/5.0 (Windows NT 10.0; Win64; x64; rv:131.0) Gecko/20100101 Firefox/131.0"
91.141.72.19 - - [31/Oct/2024:13:44:30 +0100] "GET /entry.php?id=10271&&ser=378610 HTTP/1.1" 200 987 "http://hausegger.activities.at/entry.php?id=10271&&ser=378550" "Mozilla/5.0 (Windows NT 10.0; Win64; x64; rv:131.0) Gecko/20100101 Firefox/131.0"
91.141.72.19 - - [31/Oct/2024:13:44:30 +0100] "GET /gui/javascript/form_form.js?1730378670 HTTP/1.1" 200 16206 "http://hausegger.activities.at/entry.php?id=10271&&ser=378610" "Mozilla/5.0 (Windows NT 10.0; Win64; x64; rv:131.0) Gecko/20100101 Firefox/131.0"
156.59.198.135 - - [31/Oct/2024:13:44:49 +0100] "GET /renault.activities.at/htdocs/export/pdf/emuc_document/11829609.pdf HTTP/1.0" 404 321 "-" "Mozilla/5.0 (Linux; Android 5.0) AppleWebKit/537.36 (KHTML, like Gecko) Mobile Safari/537.36 (compatible; Bytespider; spider-feedback@bytedance.com)"
156.59.198.136 - - [31/Oct/2024:13:45:10 +0100] "GET /renault.activities.at/htdocs/export/pdf/emuc_document/11229028.pdf HTTP/1.0" 404 321 "-" "Mozilla/5.0 (Linux; Android 5.0) AppleWebKit/537.36 (KHTML, like Gecko) Mobile Safari/537.36 (compatible; Bytespider; spider-feedback@bytedance.com)"
91.141.72.19 - - [31/Oct/2024:13:45:31 +0100] "GET /entry.php?id=10271&&ser=378670 HTTP/1.1" 200 987 "http://hausegger.activities.at/entry.php?id=10271&&ser=378610" "Mozilla/5.0 (Windows NT 10.0; Win64; x64; rv:131.0) Gecko/20100101 Firefox/131.0"
91.141.72.19 - - [31/Oct/2024:13:45:31 +0100] "GET /gui/javascript/form_form.js?1730378731 HTTP/1.1" 200 16206 "http://hausegger.activities.at/entry.php?id=10271&&ser=378670" "Mozilla/5.0 (Windows NT 10.0; Win64; x64; rv:131.0) Gecko/20100101 Firefox/131.0"
156.59.198.135 - - [31/Oct/2024:13:45:31 +0100] "GET /renault.activities.at/htdocs/export/pdf/emuc_document/11182002.pdf HTTP/1.0" 404 321 "-" "Mozilla/5.0 (Linux; Android 5.0) AppleWebKit/537.36 (KHTML, like Gecko) Mobile Safari/537.36 (compatible; Bytespider; spider-feedback@bytedance.com)"
156.59.198.135 - - [31/Oct/2024:13:45:53 +0100] "GET /renault.activities.at/htdocs/export/pdf/emuc_document/10635435.pdf HTTP/1.0" 404 322 "-" "Mozilla/5.0 (Linux; Android 5.0) AppleWebKit/537.36 (KHTML, like Gecko) Mobile Safari/537.36 (compatible; Bytespider; spider-feedback@bytedance.com)"
156.59.198.136 - - [31/Oct/2024:13:46:13 +0100] "GET /renault.2web.at/htdocs/export/txt/factura/FacturaExport20200310111545.txt HTTP/1.0" 404 324 "-" "Mozilla/5.0 (Linux; Android 5.0) AppleWebKit/537.36 (KHTML, like Gecko) Mobile Safari/537.36 (compatible; Bytespider; spider-feedback@bytedance.com)"
91.141.72.19 - - [31/Oct/2024:13:46:31 +0100] "GET /entry.php?id=10271&&ser=378731 HTTP/1.1" 200 987 "http://hausegger.activities.at/entry.php?id=10271&&ser=378670" "Mozilla/5.0 (Windows NT 10.0; Win64; x64; rv:131.0) Gecko/20100101 Firefox/131.0"
91.141.72.19 - - [31/Oct/2024:13:46:31 +0100] "GET /gui/javascript/form_form.js?1730378791 HTTP/1.1" 200 16206 "http://hausegger.activities.at/entry.php?id=10271&&ser=378731" "Mozilla/5.0 (Windows NT 10.0; Win64; x64; rv:131.0) Gecko/20100101 Firefox/131.0"
156.59.198.135 - - [31/Oct/2024:13:46:35 +0100] "GET /renault.activities.at/htdocs/export/pdf/emuc_document/11600792.pdf HTTP/1.0" 404 322 "-" "Mozilla/5.0 (Linux; Android 5.0) AppleWebKit/537.36 (KHTML, like Gecko) Mobile Safari/537.36 (compatible; Bytespider; spider-feedback@bytedance.com)"
156.59.198.136 - - [31/Oct/2024:13:46:56 +0100] "GET /renault.2web.at/htdocs/export/txt/factura/FacturaExport20170406135148.txt HTTP/1.0" 404 325 "-" "Mozilla/5.0 (Linux; Android 5.0) AppleWebKit/537.36 (KHTML, like Gecko) Mobile Safari/537.36 (compatible; Bytespider; spider-feedback@bytedance.com)"
91.141.72.19 - - [31/Oct/2024:13:47:31 +0100] "GET /entry.php?id=10271&&ser=378791 HTTP/1.1" 200 986 "http://hausegger.activities.at/entry.php?id=10271&&ser=378731" "Mozilla/5.0 (Windows NT 10.0; Win64; x64; rv:131.0) Gecko/20100101 Firefox/131.0"
91.141.72.19 - - [31/Oct/2024:13:47:31 +0100] "GET /gui/javascript/form_form.js?1730378851 HTTP/1.1" 200 16206 "http://hausegger.activities.at/entry.php?id=10271&&ser=378791" "Mozilla/5.0 (Windows NT 10.0; Win64; x64; rv:131.0) Gecko/20100101 Firefox/131.0"
91.141.72.19 - - [31/Oct/2024:13:48:31 +0100] "GET /entry.php?id=10271&&ser=378851 HTTP/1.1" 200 986 "http://hausegger.activities.at/entry.php?id=10271&&ser=378791" "Mozilla/5.0 (Windows NT 10.0; Win64; x64; rv:131.0) Gecko/20100101 Firefox/131.0"
91.141.72.19 - - [31/Oct/2024:13:48:32 +0100] "GET /gui/javascript/form_form.js?1730378911 HTTP/1.1" 200 16206 "http://hausegger.activities.at/entry.php?id=10271&&ser=378851" "Mozilla/5.0 (Windows NT 10.0; Win64; x64; rv:131.0) Gecko/20100101 Firefox/131.0"
91.141.72.19 - - [31/Oct/2024:13:49:32 +0100] "GET /entry.php?id=10271&&ser=378911 HTTP/1.1" 200 987 "http://hausegger.activities.at/entry.php?id=10271&&ser=378851" "Mozilla/5.0 (Windows NT 10.0; Win64; x64; rv:131.0) Gecko/20100101 Firefox/131.0"
91.141.72.19 - - [31/Oct/2024:13:49:32 +0100] "GET /gui/javascript/form_form.js?1730378972 HTTP/1.1" 200 16206 "http://hausegger.activities.at/entry.php?id=10271&&ser=378911" "Mozilla/5.0 (Windows NT 10.0; Win64; x64; rv:131.0) Gecko/20100101 Firefox/131.0"
91.141.72.19 - - [31/Oct/2024:13:50:32 +0100] "GET /entry.php?id=10271&&ser=378972 HTTP/1.1" 200 987 "http://hausegger.activities.at/entry.php?id=10271&&ser=378911" "Mozilla/5.0 (Windows NT 10.0; Win64; x64; rv:131.0) Gecko/20100101 Firefox/131.0"
91.141.72.19 - - [31/Oct/2024:13:50:32 +0100] "GET /gui/javascript/form_form.js?1730379032 HTTP/1.1" 200 16206 "http://hausegger.activities.at/entry.php?id=10271&&ser=378972" "Mozilla/5.0 (Windows NT 10.0; Win64; x64; rv:131.0) Gecko/20100101 Firefox/131.0"
91.141.72.19 - - [31/Oct/2024:13:51:32 +0100] "GET /entry.php?id=10271&&ser=379032 HTTP/1.1" 200 987 "http://hausegger.activities.at/entry.php?id=10271&&ser=378972" "Mozilla/5.0 (Windows NT 10.0; Win64; x64; rv:131.0) Gecko/20100101 Firefox/131.0"
91.141.72.19 - - [31/Oct/2024:13:51:32 +0100] "GET /gui/javascript/form_form.js?1730379092 HTTP/1.1" 200 16206 "http://hausegger.activities.at/entry.php?id=10271&&ser=379032" "Mozilla/5.0 (Windows NT 10.0; Win64; x64; rv:131.0) Gecko/20100101 Firefox/131.0"
156.59.198.136 - - [31/Oct/2024:13:52:15 +0100] "GET /renault.activities.at/htdocs/export/pdf/emuc_document/10430422.pdf HTTP/1.0" 404 322 "-" "Mozilla/5.0 (Linux; Android 5.0) AppleWebKit/537.36 (KHTML, like Gecko) Mobile Safari/537.36 (compatible; Bytespider; spider-feedback@bytedance.com)"
91.141.72.19 - - [31/Oct/2024:13:52:33 +0100] "GET /entry.php?id=10271&&ser=379092 HTTP/1.1" 200 988 "http://hausegger.activities.at/entry.php?id=10271&&ser=379032" "Mozilla/5.0 (Windows NT 10.0; Win64; x64; rv:131.0) Gecko/20100101 Firefox/131.0"
91.141.72.19 - - [31/Oct/2024:13:52:33 +0100] "GET /gui/javascript/form_form.js?1730379153 HTTP/1.1" 200 16206 "http://hausegger.activities.at/entry.php?id=10271&&ser=379092" "Mozilla/5.0 (Windows NT 10.0; Win64; x64; rv:131.0) Gecko/20100101 Firefox/131.0"
156.59.198.135 - - [31/Oct/2024:13:52:35 +0100] "GET /renault.activities.at/htdocs/export/pdf/emuc_document/10319795.pdf HTTP/1.0" 404 322 "-" "Mozilla/5.0 (Linux; Android 5.0) AppleWebKit/537.36 (KHTML, like Gecko) Mobile Safari/537.36 (compatible; Bytespider; spider-feedback@bytedance.com)"
156.59.198.135 - - [31/Oct/2024:13:52:56 +0100] "GET /renault.activities.at/htdocs/export/pdf/emuc_document/10554118.pdf HTTP/1.0" 404 321 "-" "Mozilla/5.0 (Linux; Android 5.0) AppleWebKit/537.36 (KHTML, like Gecko) Mobile Safari/537.36 (compatible; Bytespider; spider-feedback@bytedance.com)"
156.59.198.136 - - [31/Oct/2024:13:53:18 +0100] "GET /renault.activities.at/htdocs/export/pdf/emuc_document/12268606.pdf HTTP/1.0" 404 321 "-" "Mozilla/5.0 (Linux; Android 5.0) AppleWebKit/537.36 (KHTML, like Gecko) Mobile Safari/537.36 (compatible; Bytespider; spider-feedback@bytedance.com)"
91.141.72.19 - - [31/Oct/2024:13:53:33 +0100] "GET /entry.php?id=10271&&ser=379153 HTTP/1.1" 200 987 "http://hausegger.activities.at/entry.php?id=10271&&ser=379092" "Mozilla/5.0 (Windows NT 10.0; Win64; x64; rv:131.0) Gecko/20100101 Firefox/131.0"
91.141.72.19 - - [31/Oct/2024:13:53:33 +0100] "GET /gui/javascript/form_form.js?1730379213 HTTP/1.1" 200 16206 "http://hausegger.activities.at/entry.php?id=10271&&ser=379153" "Mozilla/5.0 (Windows NT 10.0; Win64; x64; rv:131.0) Gecko/20100101 Firefox/131.0"
91.141.72.19 - - [31/Oct/2024:13:54:33 +0100] "GET /entry.php?id=10271&&ser=379213 HTTP/1.1" 200 987 "http://hausegger.activities.at/entry.php?id=10271&&ser=379153" "Mozilla/5.0 (Windows NT 10.0; Win64; x64; rv:131.0) Gecko/20100101 Firefox/131.0"
91.141.72.19 - - [31/Oct/2024:13:54:33 +0100] "GET /gui/javascript/form_form.js?1730379273 HTTP/1.1" 200 16206 "http://hausegger.activities.at/entry.php?id=10271&&ser=379213" "Mozilla/5.0 (Windows NT 10.0; Win64; x64; rv:131.0) Gecko/20100101 Firefox/131.0"
105.188.52.76 - - [31/Oct/2024:13:55:01 +0100] "GET / HTTP/1.0" 200 423 "-" "Mozilla/5.0 (Linux; U; Android 4.0.3; ko-kr; LG-L160L Build/IML74K) AppleWebkit/534.30 (KHTML, like Gecko) Version/4.0 Mobile Safari/534.30"
91.141.72.19 - - [31/Oct/2024:13:55:33 +0100] "GET /entry.php?id=10271&&ser=379273 HTTP/1.1" 200 988 "http://hausegger.activities.at/entry.php?id=10271&&ser=379213" "Mozilla/5.0 (Windows NT 10.0; Win64; x64; rv:131.0) Gecko/20100101 Firefox/131.0"
91.141.72.19 - - [31/Oct/2024:13:55:33 +0100] "GET /gui/javascript/form_form.js?1730379333 HTTP/1.1" 200 16206 "http://hausegger.activities.at/entry.php?id=10271&&ser=379273" "Mozilla/5.0 (Windows NT 10.0; Win64; x64; rv:131.0) Gecko/20100101 Firefox/131.0"
91.141.72.19 - - [31/Oct/2024:13:56:34 +0100] "GET /entry.php?id=10271&&ser=379333 HTTP/1.1" 200 988 "http://hausegger.activities.at/entry.php?id=10271&&ser=379273" "Mozilla/5.0 (Windows NT 10.0; Win64; x64; rv:131.0) Gecko/20100101 Firefox/131.0"
91.141.72.19 - - [31/Oct/2024:13:56:34 +0100] "GET /gui/javascript/form_form.js?1730379394 HTTP/1.1" 200 16206 "http://hausegger.activities.at/entry.php?id=10271&&ser=379333" "Mozilla/5.0 (Windows NT 10.0; Win64; x64; rv:131.0) Gecko/20100101 Firefox/131.0"
91.141.72.19 - - [31/Oct/2024:13:57:34 +0100] "GET /entry.php?id=10271&&ser=379394 HTTP/1.1" 200 987 "http://hausegger.activities.at/entry.php?id=10271&&ser=379333" "Mozilla/5.0 (Windows NT 10.0; Win64; x64; rv:131.0) Gecko/20100101 Firefox/131.0"
91.141.72.19 - - [31/Oct/2024:13:57:34 +0100] "GET /gui/javascript/form_form.js?1730379454 HTTP/1.1" 200 16206 "http://hausegger.activities.at/entry.php?id=10271&&ser=379394" "Mozilla/5.0 (Windows NT 10.0; Win64; x64; rv:131.0) Gecko/20100101 Firefox/131.0"
91.141.72.19 - - [31/Oct/2024:13:58:41 +0100] "GET /entry.php?id=10271&&ser=379454 HTTP/1.1" 200 987 "http://hausegger.activities.at/entry.php?id=10271&&ser=379394" "Mozilla/5.0 (Windows NT 10.0; Win64; x64; rv:131.0) Gecko/20100101 Firefox/131.0"
91.141.72.19 - - [31/Oct/2024:13:58:41 +0100] "GET /gui/javascript/form_form.js?1730379521 HTTP/1.1" 200 16206 "http://hausegger.activities.at/entry.php?id=10271&&ser=379454" "Mozilla/5.0 (Windows NT 10.0; Win64; x64; rv:131.0) Gecko/20100101 Firefox/131.0"
91.141.72.19 - - [31/Oct/2024:13:59:41 +0100] "GET /entry.php?id=10271&&ser=379521 HTTP/1.1" 200 987 "http://hausegger.activities.at/entry.php?id=10271&&ser=379454" "Mozilla/5.0 (Windows NT 10.0; Win64; x64; rv:131.0) Gecko/20100101 Firefox/131.0"
91.141.72.19 - - [31/Oct/2024:13:59:41 +0100] "GET /gui/javascript/form_form.js?1730379581 HTTP/1.1" 200 16206 "http://hausegger.activities.at/entry.php?id=10271&&ser=379521" "Mozilla/5.0 (Windows NT 10.0; Win64; x64; rv:131.0) Gecko/20100101 Firefox/131.0"
156.59.198.136 - - [31/Oct/2024:13:59:51 +0100] "GET /renault.2web.at/htdocs/export/txt/factura/FacturaExport20140728122648.txt HTTP/1.0" 404 324 "-" "Mozilla/5.0 (Linux; Android 5.0) AppleWebKit/537.36 (KHTML, like Gecko) Mobile Safari/537.36 (compatible; Bytespider; spider-feedback@bytedance.com)"
156.59.198.135 - - [31/Oct/2024:14:00:12 +0100] "GET /renault.2web.at/htdocs/export/txt/factura/FacturaExport20141028111255.txt HTTP/1.0" 404 324 "-" "Mozilla/5.0 (Linux; Android 5.0) AppleWebKit/537.36 (KHTML, like Gecko) Mobile Safari/537.36 (compatible; Bytespider; spider-feedback@bytedance.com)"
156.59.198.135 - - [31/Oct/2024:14:00:33 +0100] "GET /renault.activities.at/htdocs/export/xml/data/articles/201907230903_RenArticle.xml HTTP/1.0" 404 331 "-" "Mozilla/5.0 (Linux; Android 5.0) AppleWebKit/537.36 (KHTML, like Gecko) Mobile Safari/537.36 (compatible; Bytespider; spider-feedback@bytedance.com)"
91.141.72.19 - - [31/Oct/2024:14:00:41 +0100] "GET /entry.php?id=10271&&ser=379581 HTTP/1.1" 200 987 "http://hausegger.activities.at/entry.php?id=10271&&ser=379521" "Mozilla/5.0 (Windows NT 10.0; Win64; x64; rv:131.0) Gecko/20100101 Firefox/131.0"
91.141.72.19 - - [31/Oct/2024:14:00:41 +0100] "GET /gui/javascript/form_form.js?1730379641 HTTP/1.1" 200 16206 "http://hausegger.activities.at/entry.php?id=10271&&ser=379581" "Mozilla/5.0 (Windows NT 10.0; Win64; x64; rv:131.0) Gecko/20100101 Firefox/131.0"
156.59.198.135 - - [31/Oct/2024:14:00:55 +0100] "GET /renault.2web.at/htdocs/export/txt/factura/FacturaExport20170925150632.txt HTTP/1.0" 404 325 "-" "Mozilla/5.0 (Linux; Android 5.0) AppleWebKit/537.36 (KHTML, like Gecko) Mobile Safari/537.36 (compatible; Bytespider; spider-feedback@bytedance.com)"
156.59.198.136 - - [31/Oct/2024:14:01:16 +0100] "GET /renault.activities.at/htdocs/export/pdf/emuc_document/11087253.pdf HTTP/1.0" 404 323 "-" "Mozilla/5.0 (Linux; Android 5.0) AppleWebKit/537.36 (KHTML, like Gecko) Mobile Safari/537.36 (compatible; Bytespider; spider-feedback@bytedance.com)"
