141.98.7.248 - - [04/Nov/2024:03:25:33 +0100] "CONNECT 1.1.1.1:443 HTTP/1.1" 200 423 "-" "Mozilla/5.0 (Windows NT 10.0; Win64; x64) AppleWebKit/537.36 (KHTML, like Gecko) Chrome/124.0.0.0 Safari/537.36"
141.98.7.248 - - [04/Nov/2024:03:25:34 +0100] "CONNECT 1.1.1.1:443 HTTP/1.1" 200 423 "-" "Mozilla/5.0 (Windows NT 10.0; Win64; x64) AppleWebKit/537.36 (KHTML, like Gecko) Chrome/124.0.0.0 Safari/537.36"
141.98.7.248 - - [04/Nov/2024:03:25:35 +0100] "CONNECT 1.1.1.1:443 HTTP/1.1" 200 423 "-" "Mozilla/5.0 (Windows NT 10.0; Win64; x64) AppleWebKit/537.36 (KHTML, like Gecko) Chrome/124.0.0.0 Safari/537.36"
156.59.198.136 - - [04/Nov/2024:03:26:13 +0100] "GET /renault.activities.at/htdocs/export/txt/factura/FacturaExport20190724082846.txt HTTP/1.0" 404 328 "-" "Mozilla/5.0 (Linux; Android 5.0) AppleWebKit/537.36 (KHTML, like Gecko) Mobile Safari/537.36 (compatible; Bytespider; spider-feedback@bytedance.com)"
179.43.191.98 - - [04/Nov/2024:03:30:13 +0100] "GET / HTTP/1.1" 200 423 "-" "-"
156.59.198.135 - - [04/Nov/2024:03:30:14 +0100] "GET /renault.2web.at/htdocs/export/xml/data/articles/201907220803_RenArticle.xml HTTP/1.0" 404 328 "-" "Mozilla/5.0 (Linux; Android 5.0) AppleWebKit/537.36 (KHTML, like Gecko) Mobile Safari/537.36 (compatible; Bytespider; spider-feedback@bytedance.com)"
178.215.238.67 - - [04/Nov/2024:03:31:26 +0100] "GET /login.rsp HTTP/1.1" 404 354 "-" "Hello World"
156.59.198.135 - - [04/Nov/2024:03:34:14 +0100] "GET /renault.activities.at/htdocs/export/pdf/emuc_document/11167468.pdf HTTP/1.0" 404 322 "-" "Mozilla/5.0 (Linux; Android 5.0) AppleWebKit/537.36 (KHTML, like Gecko) Mobile Safari/537.36 (compatible; Bytespider; spider-feedback@bytedance.com)"
141.98.7.248 - - [04/Nov/2024:03:35:16 +0100] "CONNECT 1.1.1.1:443 HTTP/1.1" 200 423 "-" "Mozilla/5.0 (Windows NT 10.0; Win64; x64) AppleWebKit/537.36 (KHTML, like Gecko) Chrome/124.0.0.0 Safari/537.36"
141.98.7.248 - - [04/Nov/2024:03:35:17 +0100] "CONNECT 1.1.1.1:443 HTTP/1.1" 200 423 "-" "Mozilla/5.0 (Windows NT 10.0; Win64; x64) AppleWebKit/537.36 (KHTML, like Gecko) Chrome/124.0.0.0 Safari/537.36"
141.98.7.248 - - [04/Nov/2024:03:35:18 +0100] "CONNECT 1.1.1.1:443 HTTP/1.1" 200 423 "-" "Mozilla/5.0 (Windows NT 10.0; Win64; x64) AppleWebKit/537.36 (KHTML, like Gecko) Chrome/124.0.0.0 Safari/537.36"
156.59.198.135 - - [04/Nov/2024:03:38:15 +0100] "GET /renault.activities.at/htdocs/export/pdf/emuc_document/11044922.pdf HTTP/1.0" 404 321 "-" "Mozilla/5.0 (Linux; Android 5.0) AppleWebKit/537.36 (KHTML, like Gecko) Mobile Safari/537.36 (compatible; Bytespider; spider-feedback@bytedance.com)"
87.120.113.56 - - [04/Nov/2024:03:38:32 +0100] "GET /.env HTTP/1.1" 404 280 "-" "Mozilla/5.0 (Windows Phone 8.1; ARM; Trident/7.0; Touch; rv:11.0; IEMobile/11.0; NOKIA; Lumia 920) like Gecko"
5.8.11.202 - - [04/Nov/2024:03:41:27 +0100] "\x16\x03\x02\x01o\x01" 400 383 "-" "-"
87.120.113.56 - - [04/Nov/2024:03:41:41 +0100] "GET /.env HTTP/1.1" 404 280 "-" "Mozilla/5.0 (Windows NT 6.2; Win64; x64; rv:16.0) Gecko/16.0 Firefox/16.0"
156.59.198.136 - - [04/Nov/2024:03:42:14 +0100] "GET /renault.2web.at/htdocs/export/xml/data/articles/202005191703_RenArticle.xml HTTP/1.0" 404 328 "-" "Mozilla/5.0 (Linux; Android 5.0) AppleWebKit/537.36 (KHTML, like Gecko) Mobile Safari/537.36 (compatible; Bytespider; spider-feedback@bytedance.com)"
156.59.198.136 - - [04/Nov/2024:03:46:15 +0100] "GET /renault.activities.at/htdocs/export/pdf/emuc_document/10709233.pdf HTTP/1.0" 404 322 "-" "Mozilla/5.0 (Linux; Android 5.0) AppleWebKit/537.36 (KHTML, like Gecko) Mobile Safari/537.36 (compatible; Bytespider; spider-feedback@bytedance.com)"
173.252.83.17 - - [04/Nov/2024:03:48:13 +0100] "GET /robots.txt HTTP/1.1" 404 366 "-" "facebookexternalhit/1.1 (+http://www.facebook.com/externalhit_uatext.php)"
183.134.104.172 - - [04/Nov/2024:03:48:18 +0100] "GET / HTTP/1.0" 200 423 "-" "-"
173.252.83.7 - - [04/Nov/2024:03:48:56 +0100] "GET /download/file.php?id=253&%3Bsid=3bd740011dd9c8a30ff9336243d1a01e HTTP/1.1" 404 373 "-" "meta-externalagent/1.1 (+https://developers.facebook.com/docs/sharing/webmasters/crawler)"
156.59.198.136 - - [04/Nov/2024:03:50:15 +0100] "GET /renault.activities.at/htdocs/export/pdf/emuc_document/12291736.pdf HTTP/1.0" 404 322 "-" "Mozilla/5.0 (Linux; Android 5.0) AppleWebKit/537.36 (KHTML, like Gecko) Mobile Safari/537.36 (compatible; Bytespider; spider-feedback@bytedance.com)"
141.98.7.248 - - [04/Nov/2024:03:53:22 +0100] "CONNECT 1.1.1.1:443 HTTP/1.1" 200 423 "-" "Mozilla/5.0 (Windows NT 10.0; Win64; x64) AppleWebKit/537.36 (KHTML, like Gecko) Chrome/124.0.0.0 Safari/537.36"
141.98.7.248 - - [04/Nov/2024:03:53:23 +0100] "CONNECT 1.1.1.1:443 HTTP/1.1" 200 423 "-" "Mozilla/5.0 (Windows NT 10.0; Win64; x64) AppleWebKit/537.36 (KHTML, like Gecko) Chrome/124.0.0.0 Safari/537.36"
141.98.7.248 - - [04/Nov/2024:03:53:24 +0100] "CONNECT 1.1.1.1:443 HTTP/1.1" 200 423 "-" "Mozilla/5.0 (Windows NT 10.0; Win64; x64) AppleWebKit/537.36 (KHTML, like Gecko) Chrome/124.0.0.0 Safari/537.36"
156.59.198.135 - - [04/Nov/2024:03:54:15 +0100] "GET /renault.activities.at/htdocs/export/pdf/emuc_document/10883800.pdf HTTP/1.0" 404 322 "-" "Mozilla/5.0 (Linux; Android 5.0) AppleWebKit/537.36 (KHTML, like Gecko) Mobile Safari/537.36 (compatible; Bytespider; spider-feedback@bytedance.com)"
92.255.57.58 - - [04/Nov/2024:03:54:34 +0100] "GET /actuator/gateway/routes HTTP/1.1" 404 293 "-" "Mozilla/5.0 (Windows NT 10.0; Win64; x64) AppleWebKit/537.36 (KHTML, like Gecko) Chrome/78.0.3904.108 Safari/537.36"
156.59.198.135 - - [04/Nov/2024:03:58:15 +0100] "GET /renault.activities.at/htdocs/export/pdf/emuc_document/10922479.pdf HTTP/1.0" 404 322 "-" "Mozilla/5.0 (Linux; Android 5.0) AppleWebKit/537.36 (KHTML, like Gecko) Mobile Safari/537.36 (compatible; Bytespider; spider-feedback@bytedance.com)"
156.59.198.135 - - [04/Nov/2024:04:02:15 +0100] "GET /renault.activities.at/htdocs/export/pdf/emuc_document/10742316.pdf HTTP/1.0" 404 322 "-" "Mozilla/5.0 (Linux; Android 5.0) AppleWebKit/537.36 (KHTML, like Gecko) Mobile Safari/537.36 (compatible; Bytespider; spider-feedback@bytedance.com)"
156.59.198.136 - - [04/Nov/2024:04:06:15 +0100] "GET /renault.activities.at/htdocs/export/pdf/emuc_document/12493132.pdf HTTP/1.0" 404 322 "-" "Mozilla/5.0 (Linux; Android 5.0) AppleWebKit/537.36 (KHTML, like Gecko) Mobile Safari/537.36 (compatible; Bytespider; spider-feedback@bytedance.com)"
141.98.7.248 - - [04/Nov/2024:04:08:21 +0100] "CONNECT 1.1.1.1:443 HTTP/1.1" 200 423 "-" "Mozilla/5.0 (Windows NT 10.0; Win64; x64) AppleWebKit/537.36 (KHTML, like Gecko) Chrome/124.0.0.0 Safari/537.36"
141.98.7.248 - - [04/Nov/2024:04:08:22 +0100] "CONNECT 1.1.1.1:443 HTTP/1.1" 200 423 "-" "Mozilla/5.0 (Windows NT 10.0; Win64; x64) AppleWebKit/537.36 (KHTML, like Gecko) Chrome/124.0.0.0 Safari/537.36"
141.98.7.248 - - [04/Nov/2024:04:08:23 +0100] "CONNECT 1.1.1.1:443 HTTP/1.1" 200 423 "-" "Mozilla/5.0 (Windows NT 10.0; Win64; x64) AppleWebKit/537.36 (KHTML, like Gecko) Chrome/124.0.0.0 Safari/537.36"
186.22.11.78 - - [04/Nov/2024:04:09:29 +0100] "GET / HTTP/1.0" 200 423 "-" "-"
156.59.198.136 - - [04/Nov/2024:04:10:16 +0100] "GET /renault.activities.at/htdocs/export/pdf/emuc_document/11306518.pdf HTTP/1.0" 404 322 "-" "Mozilla/5.0 (Linux; Android 5.0) AppleWebKit/537.36 (KHTML, like Gecko) Mobile Safari/537.36 (compatible; Bytespider; spider-feedback@bytedance.com)"
156.59.198.136 - - [04/Nov/2024:04:14:16 +0100] "GET /renault.activities.at/htdocs/export/xml/data/articles/201907250803_RenArticle.xml HTTP/1.0" 404 332 "-" "Mozilla/5.0 (Linux; Android 5.0) AppleWebKit/537.36 (KHTML, like Gecko) Mobile Safari/537.36 (compatible; Bytespider; spider-feedback@bytedance.com)"
156.59.198.135 - - [04/Nov/2024:04:18:16 +0100] "GET /renault.activities.at/htdocs/export/txt/factura/FacturaExport20180903090742.txt HTTP/1.0" 404 328 "-" "Mozilla/5.0 (Linux; Android 5.0) AppleWebKit/537.36 (KHTML, like Gecko) Mobile Safari/537.36 (compatible; Bytespider; spider-feedback@bytedance.com)"
156.59.198.135 - - [04/Nov/2024:04:22:16 +0100] "GET /renault.activities.at/htdocs/export/pdf/emuc_document/12043890.pdf HTTP/1.0" 404 322 "-" "Mozilla/5.0 (Linux; Android 5.0) AppleWebKit/537.36 (KHTML, like Gecko) Mobile Safari/537.36 (compatible; Bytespider; spider-feedback@bytedance.com)"
156.59.198.135 - - [04/Nov/2024:04:26:16 +0100] "GET /renault.2web.at/htdocs/export/xml/data/articles/202109131303_RenArticle.xml HTTP/1.0" 404 327 "-" "Mozilla/5.0 (Linux; Android 5.0) AppleWebKit/537.36 (KHTML, like Gecko) Mobile Safari/537.36 (compatible; Bytespider; spider-feedback@bytedance.com)"
179.43.191.98 - - [04/Nov/2024:04:29:47 +0100] "GET / HTTP/1.1" 200 423 "-" "-"
156.59.198.136 - - [04/Nov/2024:04:30:17 +0100] "GET /renault.activities.at/htdocs/export/txt/factura/FacturaExport20160202173603.txt HTTP/1.0" 404 328 "-" "Mozilla/5.0 (Linux; Android 5.0) AppleWebKit/537.36 (KHTML, like Gecko) Mobile Safari/537.36 (compatible; Bytespider; spider-feedback@bytedance.com)"
141.98.7.248 - - [04/Nov/2024:04:33:57 +0100] "CONNECT 1.1.1.1:443 HTTP/1.1" 200 423 "-" "Mozilla/5.0 (Windows NT 10.0; Win64; x64) AppleWebKit/537.36 (KHTML, like Gecko) Chrome/124.0.0.0 Safari/537.36"
141.98.7.248 - - [04/Nov/2024:04:33:58 +0100] "CONNECT 1.1.1.1:443 HTTP/1.1" 200 423 "-" "Mozilla/5.0 (Windows NT 10.0; Win64; x64) AppleWebKit/537.36 (KHTML, like Gecko) Chrome/124.0.0.0 Safari/537.36"
141.98.7.248 - - [04/Nov/2024:04:33:59 +0100] "CONNECT 1.1.1.1:443 HTTP/1.1" 200 423 "-" "Mozilla/5.0 (Windows NT 10.0; Win64; x64) AppleWebKit/537.36 (KHTML, like Gecko) Chrome/124.0.0.0 Safari/537.36"
156.59.198.136 - - [04/Nov/2024:04:34:17 +0100] "GET /renault.2web.at/htdocs/export/xml/data/orders/202108061603_RenOrder.xml HTTP/1.0" 404 325 "-" "Mozilla/5.0 (Linux; Android 5.0) AppleWebKit/537.36 (KHTML, like Gecko) Mobile Safari/537.36 (compatible; Bytespider; spider-feedback@bytedance.com)"
156.59.198.136 - - [04/Nov/2024:04:38:17 +0100] "GET /renault.activities.at/htdocs/export/pdf/emuc_document/11483459.pdf HTTP/1.0" 404 322 "-" "Mozilla/5.0 (Linux; Android 5.0) AppleWebKit/537.36 (KHTML, like Gecko) Mobile Safari/537.36 (compatible; Bytespider; spider-feedback@bytedance.com)"
71.6.232.28 - - [04/Nov/2024:04:38:34 +0100] "GET / HTTP/1.1" 200 274 "-" "Mozilla/5.0 (Windows NT 10.0; Win64; x64) AppleWebKit/537.36 (KHTML, like Gecko) Chrome/74.0.3729.131 Safari/537.36"
156.59.198.135 - - [04/Nov/2024:04:42:17 +0100] "GET /renault.2web.at/htdocs/export/xml/data/articles/202109200903_RenArticle.xml HTTP/1.0" 404 327 "-" "Mozilla/5.0 (Linux; Android 5.0) AppleWebKit/537.36 (KHTML, like Gecko) Mobile Safari/537.36 (compatible; Bytespider; spider-feedback@bytedance.com)"
92.255.57.58 - - [04/Nov/2024:04:44:56 +0100] "\x16\x03\x01\x05\xa8\x01" 400 383 "-" "-"
47.128.27.193 - - [04/Nov/2024:04:46:17 +0100] "GET /robots.txt HTTP/1.1" 404 284 "-" "Mozilla/5.0 (Linux; Android 5.0) AppleWebKit/537.36 (KHTML, like Gecko) Mobile Safari/537.36 (compatible; Bytespider; spider-feedback@bytedance.com)"
156.59.198.136 - - [04/Nov/2024:04:50:17 +0100] "GET /renault.2web.at/htdocs/export/xml/data/orders/202108111403_RenOrder.xml HTTP/1.0" 404 324 "-" "Mozilla/5.0 (Linux; Android 5.0) AppleWebKit/537.36 (KHTML, like Gecko) Mobile Safari/537.36 (compatible; Bytespider; spider-feedback@bytedance.com)"
156.59.198.136 - - [04/Nov/2024:04:54:17 +0100] "GET /renault.activities.at/htdocs/export/pdf/emuc_document/10770120.pdf HTTP/1.0" 404 322 "-" "Mozilla/5.0 (Linux; Android 5.0) AppleWebKit/537.36 (KHTML, like Gecko) Mobile Safari/537.36 (compatible; Bytespider; spider-feedback@bytedance.com)"
156.59.198.136 - - [04/Nov/2024:04:58:17 +0100] "GET /renault.activities.at/htdocs/export/pdf/emuc_document/10396424.pdf HTTP/1.0" 404 322 "-" "Mozilla/5.0 (Linux; Android 5.0) AppleWebKit/537.36 (KHTML, like Gecko) Mobile Safari/537.36 (compatible; Bytespider; spider-feedback@bytedance.com)"
141.98.7.248 - - [04/Nov/2024:04:59:15 +0100] "CONNECT 1.1.1.1:443 HTTP/1.1" 200 423 "-" "Mozilla/5.0 (Windows NT 10.0; Win64; x64) AppleWebKit/537.36 (KHTML, like Gecko) Chrome/124.0.0.0 Safari/537.36"
141.98.7.248 - - [04/Nov/2024:04:59:16 +0100] "CONNECT 1.1.1.1:443 HTTP/1.1" 200 423 "-" "Mozilla/5.0 (Windows NT 10.0; Win64; x64) AppleWebKit/537.36 (KHTML, like Gecko) Chrome/124.0.0.0 Safari/537.36"
141.98.7.248 - - [04/Nov/2024:04:59:17 +0100] "CONNECT 1.1.1.1:443 HTTP/1.1" 200 423 "-" "Mozilla/5.0 (Windows NT 10.0; Win64; x64) AppleWebKit/537.36 (KHTML, like Gecko) Chrome/124.0.0.0 Safari/537.36"
156.59.198.135 - - [04/Nov/2024:05:02:18 +0100] "GET /renault.2web.at/htdocs/export/xml/data/articles/202104211403_RenArticle.xml HTTP/1.0" 404 327 "-" "Mozilla/5.0 (Linux; Android 5.0) AppleWebKit/537.36 (KHTML, like Gecko) Mobile Safari/537.36 (compatible; Bytespider; spider-feedback@bytedance.com)"
156.59.198.135 - - [04/Nov/2024:05:06:19 +0100] "GET /renault.2web.at/htdocs/export/pdf/emuc_document/10413457.pdf HTTP/1.0" 404 319 "-" "Mozilla/5.0 (Linux; Android 5.0) AppleWebKit/537.36 (KHTML, like Gecko) Mobile Safari/537.36 (compatible; Bytespider; spider-feedback@bytedance.com)"
147.185.132.192 - - [04/Nov/2024:05:06:31 +0100] "GET / HTTP/1.0" 200 423 "-" "Expanse, a Palo Alto Networks company, searches across the global IPv4 space multiple times per day to identify customers' presences on the Internet. If you would like to be excluded from our scans, please send IP addresses/domains to: scaninfo@paloaltonetworks.com"
156.59.198.135 - - [04/Nov/2024:05:10:19 +0100] "GET /renault.2web.at/htdocs/export/txt/factura/FacturaExport20150618081022.txt HTTP/1.0" 404 324 "-" "Mozilla/5.0 (Linux; Android 5.0) AppleWebKit/537.36 (KHTML, like Gecko) Mobile Safari/537.36 (compatible; Bytespider; spider-feedback@bytedance.com)"
156.59.198.136 - - [04/Nov/2024:05:14:19 +0100] "GET /renault.activities.at/htdocs/export/pdf/emuc_document/12332966.pdf HTTP/1.0" 404 322 "-" "Mozilla/5.0 (Linux; Android 5.0) AppleWebKit/537.36 (KHTML, like Gecko) Mobile Safari/537.36 (compatible; Bytespider; spider-feedback@bytedance.com)"
141.98.7.248 - - [04/Nov/2024:05:15:55 +0100] "CONNECT 1.1.1.1:443 HTTP/1.1" 200 423 "-" "Mozilla/5.0 (Windows NT 10.0; Win64; x64) AppleWebKit/537.36 (KHTML, like Gecko) Chrome/124.0.0.0 Safari/537.36"
141.98.7.248 - - [04/Nov/2024:05:15:56 +0100] "CONNECT 1.1.1.1:443 HTTP/1.1" 200 423 "-" "Mozilla/5.0 (Windows NT 10.0; Win64; x64) AppleWebKit/537.36 (KHTML, like Gecko) Chrome/124.0.0.0 Safari/537.36"
141.98.7.248 - - [04/Nov/2024:05:15:57 +0100] "CONNECT 1.1.1.1:443 HTTP/1.1" 200 423 "-" "Mozilla/5.0 (Windows NT 10.0; Win64; x64) AppleWebKit/537.36 (KHTML, like Gecko) Chrome/124.0.0.0 Safari/537.36"
156.59.198.136 - - [04/Nov/2024:05:18:19 +0100] "GET /renault.2web.at/htdocs/export/pdf/emuc_document/12332976.pdf HTTP/1.0" 404 319 "-" "Mozilla/5.0 (Linux; Android 5.0) AppleWebKit/537.36 (KHTML, like Gecko) Mobile Safari/537.36 (compatible; Bytespider; spider-feedback@bytedance.com)"
156.59.198.135 - - [04/Nov/2024:05:22:19 +0100] "GET /renault.activities.at/htdocs/export/txt/factura/FacturaExport20140324102322.txt HTTP/1.0" 404 328 "-" "Mozilla/5.0 (Linux; Android 5.0) AppleWebKit/537.36 (KHTML, like Gecko) Mobile Safari/537.36 (compatible; Bytespider; spider-feedback@bytedance.com)"
141.98.7.248 - - [04/Nov/2024:05:24:44 +0100] "CONNECT 1.1.1.1:443 HTTP/1.1" 200 423 "-" "Mozilla/5.0 (Windows NT 10.0; Win64; x64) AppleWebKit/537.36 (KHTML, like Gecko) Chrome/124.0.0.0 Safari/537.36"
141.98.7.248 - - [04/Nov/2024:05:24:45 +0100] "CONNECT 1.1.1.1:443 HTTP/1.1" 200 423 "-" "Mozilla/5.0 (Windows NT 10.0; Win64; x64) AppleWebKit/537.36 (KHTML, like Gecko) Chrome/124.0.0.0 Safari/537.36"
141.98.7.248 - - [04/Nov/2024:05:24:46 +0100] "CONNECT 1.1.1.1:443 HTTP/1.1" 200 423 "-" "Mozilla/5.0 (Windows NT 10.0; Win64; x64) AppleWebKit/537.36 (KHTML, like Gecko) Chrome/124.0.0.0 Safari/537.36"
185.242.226.10 - - [04/Nov/2024:05:25:18 +0100] "GET /activities.ico HTTP/1.1" 200 1406 "-" "python-requests/2.26.0"
185.242.226.10 - - [04/Nov/2024:05:25:18 +0100] "GET / HTTP/1.1" 200 274 "-" "python-requests/2.26.0"
47.128.99.161 - - [04/Nov/2024:05:26:21 +0100] "GET /robots.txt HTTP/1.1" 404 284 "-" "Mozilla/5.0 (Linux; Android 5.0) AppleWebKit/537.36 (KHTML, like Gecko) Mobile Safari/537.36 (compatible; Bytespider; spider-feedback@bytedance.com)"
156.59.198.136 - - [04/Nov/2024:05:30:20 +0100] "GET /renault.activities.at/htdocs/export/xml/data/articles/202108042103_RenArticle.xml HTTP/1.0" 404 329 "-" "Mozilla/5.0 (Linux; Android 5.0) AppleWebKit/537.36 (KHTML, like Gecko) Mobile Safari/537.36 (compatible; Bytespider; spider-feedback@bytedance.com)"
156.59.198.135 - - [04/Nov/2024:05:34:21 +0100] "GET /renault.2web.at/htdocs/export/xml/data/articles/202003231903_RenArticle.xml HTTP/1.0" 404 327 "-" "Mozilla/5.0 (Linux; Android 5.0) AppleWebKit/537.36 (KHTML, like Gecko) Mobile Safari/537.36 (compatible; Bytespider; spider-feedback@bytedance.com)"
178.215.238.67 - - [04/Nov/2024:05:36:10 +0100] "GET /login.rsp HTTP/1.1" 404 354 "-" "Hello World"
156.59.198.136 - - [04/Nov/2024:05:38:21 +0100] "GET /renault.activities.at/htdocs/export/pdf/emuc_document/10847949.pdf HTTP/1.0" 404 322 "-" "Mozilla/5.0 (Linux; Android 5.0) AppleWebKit/537.36 (KHTML, like Gecko) Mobile Safari/537.36 (compatible; Bytespider; spider-feedback@bytedance.com)"
5.8.11.202 - - [04/Nov/2024:05:42:02 +0100] "GET / HTTP/1.0" 200 423 "-" "Lynx/2.8.5rel.1 libwww-FM/2.14 SSL-MM/1.4.1 GNUTLS/0.8.12"
156.59.198.135 - - [04/Nov/2024:05:42:21 +0100] "GET /renault.activities.at/htdocs/export/pdf/emuc_document/11725116.pdf HTTP/1.0" 404 321 "-" "Mozilla/5.0 (Linux; Android 5.0) AppleWebKit/537.36 (KHTML, like Gecko) Mobile Safari/537.36 (compatible; Bytespider; spider-feedback@bytedance.com)"
156.59.198.136 - - [04/Nov/2024:05:46:21 +0100] "GET /renault.activities.at/htdocs/export/xml/data/articles/202104071303_RenArticle.xml HTTP/1.0" 404 332 "-" "Mozilla/5.0 (Linux; Android 5.0) AppleWebKit/537.36 (KHTML, like Gecko) Mobile Safari/537.36 (compatible; Bytespider; spider-feedback@bytedance.com)"
141.98.7.248 - - [04/Nov/2024:05:48:11 +0100] "CONNECT 1.1.1.1:443 HTTP/1.1" 200 423 "-" "Mozilla/5.0 (Windows NT 10.0; Win64; x64) AppleWebKit/537.36 (KHTML, like Gecko) Chrome/124.0.0.0 Safari/537.36"
141.98.7.248 - - [04/Nov/2024:05:48:12 +0100] "CONNECT 1.1.1.1:443 HTTP/1.1" 200 423 "-" "Mozilla/5.0 (Windows NT 10.0; Win64; x64) AppleWebKit/537.36 (KHTML, like Gecko) Chrome/124.0.0.0 Safari/537.36"
141.98.7.248 - - [04/Nov/2024:05:48:13 +0100] "CONNECT 1.1.1.1:443 HTTP/1.1" 200 423 "-" "Mozilla/5.0 (Windows NT 10.0; Win64; x64) AppleWebKit/537.36 (KHTML, like Gecko) Chrome/124.0.0.0 Safari/537.36"
156.59.198.136 - - [04/Nov/2024:05:50:21 +0100] "GET /renault.activities.at/htdocs/export/xml/data/articles/201911190903_RenArticle.xml HTTP/1.0" 404 330 "-" "Mozilla/5.0 (Linux; Android 5.0) AppleWebKit/537.36 (KHTML, like Gecko) Mobile Safari/537.36 (compatible; Bytespider; spider-feedback@bytedance.com)"
156.59.198.135 - - [04/Nov/2024:05:54:22 +0100] "GET /renault.2web.at/htdocs/export/xml/data/articles/202102011403_RenArticle.xml HTTP/1.0" 404 327 "-" "Mozilla/5.0 (Linux; Android 5.0) AppleWebKit/537.36 (KHTML, like Gecko) Mobile Safari/537.36 (compatible; Bytespider; spider-feedback@bytedance.com)"
156.59.198.135 - - [04/Nov/2024:05:58:22 +0100] "GET /renault.2web.at/htdocs/export/xml/data/articles/201910161403_RenArticle.xml HTTP/1.0" 404 327 "-" "Mozilla/5.0 (Linux; Android 5.0) AppleWebKit/537.36 (KHTML, like Gecko) Mobile Safari/537.36 (compatible; Bytespider; spider-feedback@bytedance.com)"
156.59.198.135 - - [04/Nov/2024:06:02:22 +0100] "GET /renault.activities.at/htdocs/export/pdf/emuc_document/11537791.pdf HTTP/1.0" 404 322 "-" "Mozilla/5.0 (Linux; Android 5.0) AppleWebKit/537.36 (KHTML, like Gecko) Mobile Safari/537.36 (compatible; Bytespider; spider-feedback@bytedance.com)"
156.59.198.135 - - [04/Nov/2024:06:06:22 +0100] "GET /renault.activities.at/htdocs/export/txt/factura/FacturaExport20190325101126.txt HTTP/1.0" 404 327 "-" "Mozilla/5.0 (Linux; Android 5.0) AppleWebKit/537.36 (KHTML, like Gecko) Mobile Safari/537.36 (compatible; Bytespider; spider-feedback@bytedance.com)"
141.98.7.248 - - [04/Nov/2024:06:10:04 +0100] "CONNECT 1.1.1.1:443 HTTP/1.1" 200 423 "-" "Mozilla/5.0 (Windows NT 10.0; Win64; x64) AppleWebKit/537.36 (KHTML, like Gecko) Chrome/124.0.0.0 Safari/537.36"
141.98.7.248 - - [04/Nov/2024:06:10:05 +0100] "CONNECT 1.1.1.1:443 HTTP/1.1" 200 423 "-" "Mozilla/5.0 (Windows NT 10.0; Win64; x64) AppleWebKit/537.36 (KHTML, like Gecko) Chrome/124.0.0.0 Safari/537.36"
141.98.7.248 - - [04/Nov/2024:06:10:06 +0100] "CONNECT 1.1.1.1:443 HTTP/1.1" 200 423 "-" "Mozilla/5.0 (Windows NT 10.0; Win64; x64) AppleWebKit/537.36 (KHTML, like Gecko) Chrome/124.0.0.0 Safari/537.36"
156.59.198.136 - - [04/Nov/2024:06:10:22 +0100] "GET /renault.2web.at/htdocs/export/xml/data/articles/202106251503_RenArticle.xml HTTP/1.0" 404 327 "-" "Mozilla/5.0 (Linux; Android 5.0) AppleWebKit/537.36 (KHTML, like Gecko) Mobile Safari/537.36 (compatible; Bytespider; spider-feedback@bytedance.com)"
156.59.198.135 - - [04/Nov/2024:06:14:23 +0100] "GET /renault.2web.at/htdocs/export/xml/data/orders/201907190903_RenOrder.xml HTTP/1.0" 404 325 "-" "Mozilla/5.0 (Linux; Android 5.0) AppleWebKit/537.36 (KHTML, like Gecko) Mobile Safari/537.36 (compatible; Bytespider; spider-feedback@bytedance.com)"
156.59.198.136 - - [04/Nov/2024:06:18:23 +0100] "GET /renault.2web.at/htdocs/export/txt/factura/FacturaExport20210614095008.txt HTTP/1.0" 404 324 "-" "Mozilla/5.0 (Linux; Android 5.0) AppleWebKit/537.36 (KHTML, like Gecko) Mobile Safari/537.36 (compatible; Bytespider; spider-feedback@bytedance.com)"
141.98.7.248 - - [04/Nov/2024:06:21:42 +0100] "CONNECT 1.1.1.1:443 HTTP/1.1" 200 423 "-" "Mozilla/5.0 (Windows NT 10.0; Win64; x64) AppleWebKit/537.36 (KHTML, like Gecko) Chrome/124.0.0.0 Safari/537.36"
141.98.7.248 - - [04/Nov/2024:06:21:43 +0100] "CONNECT 1.1.1.1:443 HTTP/1.1" 200 423 "-" "Mozilla/5.0 (Windows NT 10.0; Win64; x64) AppleWebKit/537.36 (KHTML, like Gecko) Chrome/124.0.0.0 Safari/537.36"
141.98.7.248 - - [04/Nov/2024:06:21:44 +0100] "CONNECT 1.1.1.1:443 HTTP/1.1" 200 423 "-" "Mozilla/5.0 (Windows NT 10.0; Win64; x64) AppleWebKit/537.36 (KHTML, like Gecko) Chrome/124.0.0.0 Safari/537.36"
156.59.198.135 - - [04/Nov/2024:06:22:23 +0100] "GET /renault.2web.at/htdocs/export/pdf/emuc_document/10608218.pdf HTTP/1.0" 404 318 "-" "Mozilla/5.0 (Linux; Android 5.0) AppleWebKit/537.36 (KHTML, like Gecko) Mobile Safari/537.36 (compatible; Bytespider; spider-feedback@bytedance.com)"
156.59.198.136 - - [04/Nov/2024:06:26:23 +0100] "GET /renault.2web.at/htdocs/export/xml/data/articles/201907190803_RenArticle.xml HTTP/1.0" 404 327 "-" "Mozilla/5.0 (Linux; Android 5.0) AppleWebKit/537.36 (KHTML, like Gecko) Mobile Safari/537.36 (compatible; Bytespider; spider-feedback@bytedance.com)"
156.59.198.135 - - [04/Nov/2024:06:30:24 +0100] "GET /renault.activities.at/htdocs/export/txt/factura/FacturaExport20190822100442.txt HTTP/1.0" 404 327 "-" "Mozilla/5.0 (Linux; Android 5.0) AppleWebKit/537.36 (KHTML, like Gecko) Mobile Safari/537.36 (compatible; Bytespider; spider-feedback@bytedance.com)"
178.215.238.67 - - [04/Nov/2024:06:34:10 +0100] "GET /login.rsp HTTP/1.1" 404 354 "-" "Hello World"
49.13.16.113 - - [04/Nov/2024:06:34:16 +0100] "POST /cgi-bin/.%2e/.%2e/.%2e/.%2e/.%2e/.%2e/.%2e/.%2e/.%2e/.%2e/bin/sh HTTP/1.1" 400 373 "-" "Custom-AsyncHttpClient"
49.13.16.113 - - [04/Nov/2024:06:34:17 +0100] "POST /cgi-bin/%%32%65%%32%65/%%32%65%%32%65/%%32%65%%32%65/%%32%65%%32%65/%%32%65%%32%65/%%32%65%%32%65/%%32%65%%32%65/bin/sh HTTP/1.1" 400 373 "-" "Custom-AsyncHttpClient"
49.13.16.113 - - [04/Nov/2024:06:34:19 +0100] "POST /hello.world?%ADd+allow_url_include%3d1+%ADd+auto_prepend_file%3dphp://input HTTP/1.1" 404 356 "-" "Custom-AsyncHttpClient"
49.13.16.113 - - [04/Nov/2024:06:34:19 +0100] "GET /vendor/phpunit/phpunit/src/Util/PHP/eval-stdin.php HTTP/1.1" 404 395 "-" "Custom-AsyncHttpClient"
49.13.16.113 - - [04/Nov/2024:06:34:20 +0100] "GET /vendor/phpunit/phpunit/Util/PHP/eval-stdin.php HTTP/1.1" 404 391 "-" "Custom-AsyncHttpClient"
49.13.16.113 - - [04/Nov/2024:06:34:21 +0100] "GET /vendor/phpunit/src/Util/PHP/eval-stdin.php HTTP/1.1" 404 387 "-" "Custom-AsyncHttpClient"
49.13.16.113 - - [04/Nov/2024:06:34:22 +0100] "GET /vendor/phpunit/Util/PHP/eval-stdin.php HTTP/1.1" 404 383 "-" "Custom-AsyncHttpClient"
156.59.198.135 - - [04/Nov/2024:06:34:23 +0100] "GET /renault.activities.at/htdocs/export/txt/factura/FacturaExport20140228083649.txt HTTP/1.0" 404 328 "-" "Mozilla/5.0 (Linux; Android 5.0) AppleWebKit/537.36 (KHTML, like Gecko) Mobile Safari/537.36 (compatible; Bytespider; spider-feedback@bytedance.com)"
49.13.16.113 - - [04/Nov/2024:06:34:23 +0100] "GET /vendor/phpunit/phpunit/LICENSE/eval-stdin.php HTTP/1.1" 404 390 "-" "Custom-AsyncHttpClient"
49.13.16.113 - - [04/Nov/2024:06:34:25 +0100] "GET /vendor/vendor/phpunit/phpunit/src/Util/PHP/eval-stdin.php HTTP/1.1" 404 402 "-" "Custom-AsyncHttpClient"
49.13.16.113 - - [04/Nov/2024:06:34:26 +0100] "GET /phpunit/phpunit/src/Util/PHP/eval-stdin.php HTTP/1.1" 404 388 "-" "Custom-AsyncHttpClient"
49.13.16.113 - - [04/Nov/2024:06:34:27 +0100] "GET /phpunit/phpunit/Util/PHP/eval-stdin.php HTTP/1.1" 404 384 "-" "Custom-AsyncHttpClient"
49.13.16.113 - - [04/Nov/2024:06:34:28 +0100] "GET /phpunit/src/Util/PHP/eval-stdin.php HTTP/1.1" 404 380 "-" "Custom-AsyncHttpClient"
49.13.16.113 - - [04/Nov/2024:06:34:29 +0100] "GET /phpunit/Util/PHP/eval-stdin.php HTTP/1.1" 404 376 "-" "Custom-AsyncHttpClient"
49.13.16.113 - - [04/Nov/2024:06:34:30 +0100] "GET /lib/phpunit/phpunit/src/Util/PHP/eval-stdin.php HTTP/1.1" 404 392 "-" "Custom-AsyncHttpClient"
49.13.16.113 - - [04/Nov/2024:06:34:30 +0100] "GET /lib/phpunit/phpunit/Util/PHP/eval-stdin.php HTTP/1.1" 404 388 "-" "Custom-AsyncHttpClient"
49.13.16.113 - - [04/Nov/2024:06:34:31 +0100] "GET /lib/phpunit/src/Util/PHP/eval-stdin.php HTTP/1.1" 404 384 "-" "Custom-AsyncHttpClient"
49.13.16.113 - - [04/Nov/2024:06:34:32 +0100] "GET /lib/phpunit/Util/PHP/eval-stdin.php HTTP/1.1" 404 380 "-" "Custom-AsyncHttpClient"
49.13.16.113 - - [04/Nov/2024:06:34:32 +0100] "GET /lib/vendor/phpunit/phpunit/src/Util/PHP/eval-stdin.php HTTP/1.1" 404 399 "-" "Custom-AsyncHttpClient"
49.13.16.113 - - [04/Nov/2024:06:34:33 +0100] "GET /laravel/vendor/phpunit/phpunit/src/Util/PHP/eval-stdin.php HTTP/1.1" 404 403 "-" "Custom-AsyncHttpClient"
49.13.16.113 - - [04/Nov/2024:06:34:36 +0100] "GET /www/vendor/phpunit/phpunit/src/Util/PHP/eval-stdin.php HTTP/1.1" 404 399 "-" "Custom-AsyncHttpClient"
49.13.16.113 - - [04/Nov/2024:06:34:37 +0100] "GET /ws/vendor/phpunit/phpunit/src/Util/PHP/eval-stdin.php HTTP/1.1" 404 398 "-" "Custom-AsyncHttpClient"
49.13.16.113 - - [04/Nov/2024:06:34:39 +0100] "GET /yii/vendor/phpunit/phpunit/src/Util/PHP/eval-stdin.php HTTP/1.1" 404 399 "-" "Custom-AsyncHttpClient"
49.13.16.113 - - [04/Nov/2024:06:34:40 +0100] "GET /zend/vendor/phpunit/phpunit/src/Util/PHP/eval-stdin.php HTTP/1.1" 404 400 "-" "Custom-AsyncHttpClient"
49.13.16.113 - - [04/Nov/2024:06:34:41 +0100] "GET /ws/ec/vendor/phpunit/phpunit/src/Util/PHP/eval-stdin.php HTTP/1.1" 404 401 "-" "Custom-AsyncHttpClient"
49.13.16.113 - - [04/Nov/2024:06:34:42 +0100] "GET /V2/vendor/phpunit/phpunit/src/Util/PHP/eval-stdin.php HTTP/1.1" 404 398 "-" "Custom-AsyncHttpClient"
49.13.16.113 - - [04/Nov/2024:06:34:42 +0100] "GET /tests/vendor/phpunit/phpunit/src/Util/PHP/eval-stdin.php HTTP/1.1" 404 401 "-" "Custom-AsyncHttpClient"
49.13.16.113 - - [04/Nov/2024:06:34:44 +0100] "GET /test/vendor/phpunit/phpunit/src/Util/PHP/eval-stdin.php HTTP/1.1" 404 400 "-" "Custom-AsyncHttpClient"
49.13.16.113 - - [04/Nov/2024:06:34:45 +0100] "GET /testing/vendor/phpunit/phpunit/src/Util/PHP/eval-stdin.php HTTP/1.1" 404 403 "-" "Custom-AsyncHttpClient"
49.13.16.113 - - [04/Nov/2024:06:34:47 +0100] "GET /api/vendor/phpunit/phpunit/src/Util/PHP/eval-stdin.php HTTP/1.1" 404 399 "-" "Custom-AsyncHttpClient"
49.13.16.113 - - [04/Nov/2024:06:34:48 +0100] "GET /demo/vendor/phpunit/phpunit/src/Util/PHP/eval-stdin.php HTTP/1.1" 404 400 "-" "Custom-AsyncHttpClient"
49.13.16.113 - - [04/Nov/2024:06:34:50 +0100] "GET /cms/vendor/phpunit/phpunit/src/Util/PHP/eval-stdin.php HTTP/1.1" 404 399 "-" "Custom-AsyncHttpClient"
49.13.16.113 - - [04/Nov/2024:06:34:51 +0100] "GET /crm/vendor/phpunit/phpunit/src/Util/PHP/eval-stdin.php HTTP/1.1" 404 399 "-" "Custom-AsyncHttpClient"
49.13.16.113 - - [04/Nov/2024:06:34:53 +0100] "GET /admin/vendor/phpunit/phpunit/src/Util/PHP/eval-stdin.php HTTP/1.1" 404 401 "-" "Custom-AsyncHttpClient"
49.13.16.113 - - [04/Nov/2024:06:34:55 +0100] "GET /backup/vendor/phpunit/phpunit/src/Util/PHP/eval-stdin.php HTTP/1.1" 404 402 "-" "Custom-AsyncHttpClient"
49.13.16.113 - - [04/Nov/2024:06:34:56 +0100] "GET /blog/vendor/phpunit/phpunit/src/Util/PHP/eval-stdin.php HTTP/1.1" 404 400 "-" "Custom-AsyncHttpClient"
49.13.16.113 - - [04/Nov/2024:06:34:58 +0100] "GET /workspace/drupal/vendor/phpunit/phpunit/src/Util/PHP/eval-stdin.php HTTP/1.1" 404 412 "-" "Custom-AsyncHttpClient"
49.13.16.113 - - [04/Nov/2024:06:34:59 +0100] "GET /panel/vendor/phpunit/phpunit/src/Util/PHP/eval-stdin.php HTTP/1.1" 404 401 "-" "Custom-AsyncHttpClient"
49.13.16.113 - - [04/Nov/2024:06:35:00 +0100] "GET /public/vendor/phpunit/phpunit/src/Util/PHP/eval-stdin.php HTTP/1.1" 404 402 "-" "Custom-AsyncHttpClient"
49.13.16.113 - - [04/Nov/2024:06:35:02 +0100] "GET /apps/vendor/phpunit/phpunit/src/Util/PHP/eval-stdin.php HTTP/1.1" 404 400 "-" "Custom-AsyncHttpClient"
49.13.16.113 - - [04/Nov/2024:06:35:03 +0100] "GET /app/vendor/phpunit/phpunit/src/Util/PHP/eval-stdin.php HTTP/1.1" 404 399 "-" "Custom-AsyncHttpClient"
49.13.16.113 - - [04/Nov/2024:06:35:05 +0100] "GET /index.php?s=/index/\\think\\app/invokefunction&function=call_user_func_array&vars[0]=md5&vars[1][]=Hello HTTP/1.1" 200 423 "-" "Custom-AsyncHttpClient"
49.13.16.113 - - [04/Nov/2024:06:35:06 +0100] "GET /public/index.php?s=/index/\\think\\app/invokefunction&function=call_user_func_array&vars[0]=md5&vars[1][]=Hello HTTP/1.1" 404 361 "-" "Custom-AsyncHttpClient"
49.13.16.113 - - [04/Nov/2024:06:35:07 +0100] "GET /index.php?lang=../../../../../../../../usr/local/lib/php/pearcmd&+config-create+/&/+/tmp/index1.php HTTP/1.1" 200 423 "-" "Custom-AsyncHttpClient"
49.13.16.113 - - [04/Nov/2024:06:35:08 +0100] "GET /index.php?lang=../../../../../../../../tmp/index1 HTTP/1.1" 200 423 "-" "Custom-AsyncHttpClient"
49.13.16.113 - - [04/Nov/2024:06:35:09 +0100] "GET /containers/json HTTP/1.1" 404 360 "-" "Custom-AsyncHttpClient"
47.128.127.79 - - [04/Nov/2024:06:38:24 +0100] "GET /robots.txt HTTP/1.1" 404 284 "-" "Mozilla/5.0 (Linux; Android 5.0) AppleWebKit/537.36 (KHTML, like Gecko) Mobile Safari/537.36 (compatible; Bytespider; spider-feedback@bytedance.com)"
122.117.90.162 - - [04/Nov/2024:06:40:20 +0100] "GET / HTTP/1.0" 200 423 "-" "Mozilla/5.0 (Linux; U; Android 4.0.3; ko-kr; LG-L160L Build/IML74K) AppleWebkit/534.30 (KHTML, like Gecko) Version/4.0 Mobile Safari/534.30"
156.59.198.135 - - [04/Nov/2024:06:42:24 +0100] "GET /renault.2web.at/htdocs/export/xml/data/articles/202108100903_RenArticle.xml HTTP/1.0" 404 327 "-" "Mozilla/5.0 (Linux; Android 5.0) AppleWebKit/537.36 (KHTML, like Gecko) Mobile Safari/537.36 (compatible; Bytespider; spider-feedback@bytedance.com)"
185.191.126.248 - - [04/Nov/2024:06:44:23 +0100] "GET / HTTP/1.1" 200 423 "-" "-"
141.98.7.248 - - [04/Nov/2024:06:46:17 +0100] "CONNECT 1.1.1.1:443 HTTP/1.1" 200 423 "-" "Mozilla/5.0 (Windows NT 10.0; Win64; x64) AppleWebKit/537.36 (KHTML, like Gecko) Chrome/124.0.0.0 Safari/537.36"
141.98.7.248 - - [04/Nov/2024:06:46:18 +0100] "CONNECT 1.1.1.1:443 HTTP/1.1" 200 423 "-" "Mozilla/5.0 (Windows NT 10.0; Win64; x64) AppleWebKit/537.36 (KHTML, like Gecko) Chrome/124.0.0.0 Safari/537.36"
141.98.7.248 - - [04/Nov/2024:06:46:19 +0100] "CONNECT 1.1.1.1:443 HTTP/1.1" 200 423 "-" "Mozilla/5.0 (Windows NT 10.0; Win64; x64) AppleWebKit/537.36 (KHTML, like Gecko) Chrome/124.0.0.0 Safari/537.36"
156.59.198.135 - - [04/Nov/2024:06:46:25 +0100] "GET /renault.activities.at/htdocs/export/pdf/emuc_document/11470806.pdf HTTP/1.0" 404 322 "-" "Mozilla/5.0 (Linux; Android 5.0) AppleWebKit/537.36 (KHTML, like Gecko) Mobile Safari/537.36 (compatible; Bytespider; spider-feedback@bytedance.com)"
141.98.7.248 - - [04/Nov/2024:06:50:23 +0100] "CONNECT 1.1.1.1:443 HTTP/1.1" 200 423 "-" "Mozilla/5.0 (Windows NT 10.0; Win64; x64) AppleWebKit/537.36 (KHTML, like Gecko) Chrome/124.0.0.0 Safari/537.36"
141.98.7.248 - - [04/Nov/2024:06:50:24 +0100] "CONNECT 1.1.1.1:443 HTTP/1.1" 200 423 "-" "Mozilla/5.0 (Windows NT 10.0; Win64; x64) AppleWebKit/537.36 (KHTML, like Gecko) Chrome/124.0.0.0 Safari/537.36"
141.98.7.248 - - [04/Nov/2024:06:50:25 +0100] "CONNECT 1.1.1.1:443 HTTP/1.1" 200 423 "-" "Mozilla/5.0 (Windows NT 10.0; Win64; x64) AppleWebKit/537.36 (KHTML, like Gecko) Chrome/124.0.0.0 Safari/537.36"
156.59.198.136 - - [04/Nov/2024:06:50:25 +0100] "GET /renault.2web.at/htdocs/export/xml/data/articles/201909161003_RenArticle.xml HTTP/1.0" 404 327 "-" "Mozilla/5.0 (Linux; Android 5.0) AppleWebKit/537.36 (KHTML, like Gecko) Mobile Safari/537.36 (compatible; Bytespider; spider-feedback@bytedance.com)"
156.59.198.136 - - [04/Nov/2024:06:54:25 +0100] "GET /renault.activities.at/htdocs/export/txt/factura/FacturaExport20210504092800.txt HTTP/1.0" 404 328 "-" "Mozilla/5.0 (Linux; Android 5.0) AppleWebKit/537.36 (KHTML, like Gecko) Mobile Safari/537.36 (compatible; Bytespider; spider-feedback@bytedance.com)"
156.59.198.136 - - [04/Nov/2024:06:58:26 +0100] "GET /renault.activities.at/htdocs/export/pdf/emuc_document/12299631.pdf HTTP/1.0" 404 322 "-" "Mozilla/5.0 (Linux; Android 5.0) AppleWebKit/537.36 (KHTML, like Gecko) Mobile Safari/537.36 (compatible; Bytespider; spider-feedback@bytedance.com)"
156.59.198.135 - - [04/Nov/2024:07:02:26 +0100] "GET /renault.activities.at/htdocs/export/pdf/emuc_document/10344794.pdf HTTP/1.0" 404 322 "-" "Mozilla/5.0 (Linux; Android 5.0) AppleWebKit/537.36 (KHTML, like Gecko) Mobile Safari/537.36 (compatible; Bytespider; spider-feedback@bytedance.com)"
156.59.198.135 - - [04/Nov/2024:07:06:27 +0100] "GET /renault.activities.at/htdocs/export/xml/data/articles/202105271503_RenArticle.xml HTTP/1.0" 404 332 "-" "Mozilla/5.0 (Linux; Android 5.0) AppleWebKit/537.36 (KHTML, like Gecko) Mobile Safari/537.36 (compatible; Bytespider; spider-feedback@bytedance.com)"
156.59.198.135 - - [04/Nov/2024:07:10:26 +0100] "GET /renault.activities.at/htdocs/export/txt/factura/FacturaExport20191106122448.txt HTTP/1.0" 404 327 "-" "Mozilla/5.0 (Linux; Android 5.0) AppleWebKit/537.36 (KHTML, like Gecko) Mobile Safari/537.36 (compatible; Bytespider; spider-feedback@bytedance.com)"
156.59.198.135 - - [04/Nov/2024:07:14:26 +0100] "GET /renault.2web.at/htdocs/export/xml/data/articles/202009171703_RenArticle.xml HTTP/1.0" 404 328 "-" "Mozilla/5.0 (Linux; Android 5.0) AppleWebKit/537.36 (KHTML, like Gecko) Mobile Safari/537.36 (compatible; Bytespider; spider-feedback@bytedance.com)"
95.214.55.79 - - [04/Nov/2024:07:16:57 +0100] "GET / HTTP/1.1" 200 274 "-" "Mozilla/5.0 (Windows NT 10.0; Win64; x64) AppleWebKit/537.36 (KHTML, like Gecko) Chrome/90.0.4430.85 Safari/537.36 Edg/90.0.818.46"
156.59.198.135 - - [04/Nov/2024:07:18:27 +0100] "GET /renault.activities.at/htdocs/export/txt/factura/FacturaExport20180727093050.txt HTTP/1.0" 404 328 "-" "Mozilla/5.0 (Linux; Android 5.0) AppleWebKit/537.36 (KHTML, like Gecko) Mobile Safari/537.36 (compatible; Bytespider; spider-feedback@bytedance.com)"
141.98.7.248 - - [04/Nov/2024:07:21:09 +0100] "CONNECT 1.1.1.1:443 HTTP/1.1" 200 423 "-" "Mozilla/5.0 (Windows NT 10.0; Win64; x64) AppleWebKit/537.36 (KHTML, like Gecko) Chrome/124.0.0.0 Safari/537.36"
141.98.7.248 - - [04/Nov/2024:07:21:10 +0100] "CONNECT 1.1.1.1:443 HTTP/1.1" 200 423 "-" "Mozilla/5.0 (Windows NT 10.0; Win64; x64) AppleWebKit/537.36 (KHTML, like Gecko) Chrome/124.0.0.0 Safari/537.36"
141.98.7.248 - - [04/Nov/2024:07:21:11 +0100] "CONNECT 1.1.1.1:443 HTTP/1.1" 200 423 "-" "Mozilla/5.0 (Windows NT 10.0; Win64; x64) AppleWebKit/537.36 (KHTML, like Gecko) Chrome/124.0.0.0 Safari/537.36"
156.59.198.135 - - [04/Nov/2024:07:22:27 +0100] "GET /renault.activities.at/htdocs/export/pdf/emuc_document/10848186.pdf HTTP/1.0" 404 321 "-" "Mozilla/5.0 (Linux; Android 5.0) AppleWebKit/537.36 (KHTML, like Gecko) Mobile Safari/537.36 (compatible; Bytespider; spider-feedback@bytedance.com)"
156.59.198.136 - - [04/Nov/2024:07:26:27 +0100] "GET /renault.activities.at/htdocs/export/txt/factura/FacturaExport20150819171916.txt HTTP/1.0" 404 327 "-" "Mozilla/5.0 (Linux; Android 5.0) AppleWebKit/537.36 (KHTML, like Gecko) Mobile Safari/537.36 (compatible; Bytespider; spider-feedback@bytedance.com)"
156.59.198.135 - - [04/Nov/2024:07:30:28 +0100] "GET /renault.activities.at/htdocs/export/txt/factura/FacturaExport20180608110550.txt HTTP/1.0" 404 327 "-" "Mozilla/5.0 (Linux; Android 5.0) AppleWebKit/537.36 (KHTML, like Gecko) Mobile Safari/537.36 (compatible; Bytespider; spider-feedback@bytedance.com)"
141.98.7.248 - - [04/Nov/2024:07:32:06 +0100] "CONNECT 1.1.1.1:443 HTTP/1.1" 200 423 "-" "Mozilla/5.0 (Windows NT 10.0; Win64; x64) AppleWebKit/537.36 (KHTML, like Gecko) Chrome/124.0.0.0 Safari/537.36"
141.98.7.248 - - [04/Nov/2024:07:32:07 +0100] "CONNECT 1.1.1.1:443 HTTP/1.1" 200 423 "-" "Mozilla/5.0 (Windows NT 10.0; Win64; x64) AppleWebKit/537.36 (KHTML, like Gecko) Chrome/124.0.0.0 Safari/537.36"
141.98.7.248 - - [04/Nov/2024:07:32:08 +0100] "CONNECT 1.1.1.1:443 HTTP/1.1" 200 423 "-" "Mozilla/5.0 (Windows NT 10.0; Win64; x64) AppleWebKit/537.36 (KHTML, like Gecko) Chrome/124.0.0.0 Safari/537.36"
156.59.198.136 - - [04/Nov/2024:07:34:28 +0100] "GET /renault.activities.at/htdocs/export/txt/factura/FacturaExport20140207102923.txt HTTP/1.0" 404 328 "-" "Mozilla/5.0 (Linux; Android 5.0) AppleWebKit/537.36 (KHTML, like Gecko) Mobile Safari/537.36 (compatible; Bytespider; spider-feedback@bytedance.com)"
156.59.198.136 - - [04/Nov/2024:07:38:28 +0100] "GET /renault.activities.at/htdocs/export/pdf/emuc_document/10608452.pdf HTTP/1.0" 404 321 "-" "Mozilla/5.0 (Linux; Android 5.0) AppleWebKit/537.36 (KHTML, like Gecko) Mobile Safari/537.36 (compatible; Bytespider; spider-feedback@bytedance.com)"
156.59.198.135 - - [04/Nov/2024:07:42:28 +0100] "GET /renault.activities.at/htdocs/export/xml/data/articles/202101111403_RenArticle.xml HTTP/1.0" 404 330 "-" "Mozilla/5.0 (Linux; Android 5.0) AppleWebKit/537.36 (KHTML, like Gecko) Mobile Safari/537.36 (compatible; Bytespider; spider-feedback@bytedance.com)"
45.84.89.2 - - [04/Nov/2024:07:43:37 +0100] "GET / HTTP/1.1" 200 423 "-" "Mozilla/6.0 (Windows NT 10.0; Win64; x64) AppleWebKit/537.36 (KHTML, like Gecko) Chrome/127.0.0.0 Safari/537.36 Inspici (www.inspici.com)"
156.59.198.135 - - [04/Nov/2024:07:46:29 +0100] "GET /renault.activities.at/htdocs/export/xml/data/articles/201912051403_RenArticle.xml HTTP/1.0" 404 331 "-" "Mozilla/5.0 (Linux; Android 5.0) AppleWebKit/537.36 (KHTML, like Gecko) Mobile Safari/537.36 (compatible; Bytespider; spider-feedback@bytedance.com)"
141.98.7.248 - - [04/Nov/2024:07:51:24 +0100] "CONNECT 1.1.1.1:443 HTTP/1.1" 200 423 "-" "Mozilla/5.0 (Windows NT 10.0; Win64; x64) AppleWebKit/537.36 (KHTML, like Gecko) Chrome/124.0.0.0 Safari/537.36"
141.98.7.248 - - [04/Nov/2024:07:51:25 +0100] "CONNECT 1.1.1.1:443 HTTP/1.1" 200 423 "-" "Mozilla/5.0 (Windows NT 10.0; Win64; x64) AppleWebKit/537.36 (KHTML, like Gecko) Chrome/124.0.0.0 Safari/537.36"
141.98.7.248 - - [04/Nov/2024:07:51:26 +0100] "CONNECT 1.1.1.1:443 HTTP/1.1" 200 423 "-" "Mozilla/5.0 (Windows NT 10.0; Win64; x64) AppleWebKit/537.36 (KHTML, like Gecko) Chrome/124.0.0.0 Safari/537.36"
156.59.198.135 - - [04/Nov/2024:07:54:29 +0100] "GET /renault.2web.at/stats/lang/tooltips_m/awstats-tt-br.txt HTTP/1.0" 404 313 "-" "Mozilla/5.0 (Linux; Android 5.0) AppleWebKit/537.36 (KHTML, like Gecko) Mobile Safari/537.36 (compatible; Bytespider; spider-feedback@bytedance.com)"
156.59.198.135 - - [04/Nov/2024:07:58:29 +0100] "GET /renault.activities.at/htdocs/export/pdf/emuc_document/11901421.pdf HTTP/1.0" 404 321 "-" "Mozilla/5.0 (Linux; Android 5.0) AppleWebKit/537.36 (KHTML, like Gecko) Mobile Safari/537.36 (compatible; Bytespider; spider-feedback@bytedance.com)"
156.59.198.136 - - [04/Nov/2024:08:02:29 +0100] "GET /renault.2web.at/htdocs/export/xml/data/articles/202104301003_RenArticle.xml HTTP/1.0" 404 327 "-" "Mozilla/5.0 (Linux; Android 5.0) AppleWebKit/537.36 (KHTML, like Gecko) Mobile Safari/537.36 (compatible; Bytespider; spider-feedback@bytedance.com)"
144.126.197.171 - - [04/Nov/2024:08:03:04 +0100] "GET /connector_server/ HTTP/1.1" 404 286 "-" "Mozilla/5.0 (Windows NT 10.0; Win64; x64) AppleWebKit/537.36 (KHTML, like Gecko) Chrome/108.0.0.0 Safari/537.36"
141.98.7.248 - - [04/Nov/2024:08:05:37 +0100] "CONNECT 1.1.1.1:443 HTTP/1.1" 200 423 "-" "Mozilla/5.0 (Windows NT 10.0; Win64; x64) AppleWebKit/537.36 (KHTML, like Gecko) Chrome/124.0.0.0 Safari/537.36"
141.98.7.248 - - [04/Nov/2024:08:05:38 +0100] "CONNECT 1.1.1.1:443 HTTP/1.1" 200 423 "-" "Mozilla/5.0 (Windows NT 10.0; Win64; x64) AppleWebKit/537.36 (KHTML, like Gecko) Chrome/124.0.0.0 Safari/537.36"
141.98.7.248 - - [04/Nov/2024:08:05:39 +0100] "CONNECT 1.1.1.1:443 HTTP/1.1" 200 423 "-" "Mozilla/5.0 (Windows NT 10.0; Win64; x64) AppleWebKit/537.36 (KHTML, like Gecko) Chrome/124.0.0.0 Safari/537.36"
156.59.198.136 - - [04/Nov/2024:08:06:29 +0100] "GET /renault.activities.at/htdocs/export/xml/data/articles/202102031103_RenArticle.xml HTTP/1.0" 404 331 "-" "Mozilla/5.0 (Linux; Android 5.0) AppleWebKit/537.36 (KHTML, like Gecko) Mobile Safari/537.36 (compatible; Bytespider; spider-feedback@bytedance.com)"
156.59.198.136 - - [04/Nov/2024:08:10:29 +0100] "GET /renault.activities.at/htdocs/export/txt/factura/FacturaExport20140324102054.txt HTTP/1.0" 404 328 "-" "Mozilla/5.0 (Linux; Android 5.0) AppleWebKit/537.36 (KHTML, like Gecko) Mobile Safari/537.36 (compatible; Bytespider; spider-feedback@bytedance.com)"
156.59.198.135 - - [04/Nov/2024:08:14:30 +0100] "GET /renault.activities.at/htdocs/export/xml/data/articles/202101151503_RenArticle.xml HTTP/1.0" 404 330 "-" "Mozilla/5.0 (Linux; Android 5.0) AppleWebKit/537.36 (KHTML, like Gecko) Mobile Safari/537.36 (compatible; Bytespider; spider-feedback@bytedance.com)"
156.59.198.136 - - [04/Nov/2024:08:18:29 +0100] "GET /renault.activities.at/htdocs/export/pdf/emuc_document/10711479.pdf HTTP/1.0" 404 322 "-" "Mozilla/5.0 (Linux; Android 5.0) AppleWebKit/537.36 (KHTML, like Gecko) Mobile Safari/537.36 (compatible; Bytespider; spider-feedback@bytedance.com)"
141.98.7.248 - - [04/Nov/2024:08:20:24 +0100] "CONNECT 1.1.1.1:443 HTTP/1.1" 200 423 "-" "Mozilla/5.0 (Windows NT 10.0; Win64; x64) AppleWebKit/537.36 (KHTML, like Gecko) Chrome/124.0.0.0 Safari/537.36"
141.98.7.248 - - [04/Nov/2024:08:20:25 +0100] "CONNECT 1.1.1.1:443 HTTP/1.1" 200 423 "-" "Mozilla/5.0 (Windows NT 10.0; Win64; x64) AppleWebKit/537.36 (KHTML, like Gecko) Chrome/124.0.0.0 Safari/537.36"
141.98.7.248 - - [04/Nov/2024:08:20:26 +0100] "CONNECT 1.1.1.1:443 HTTP/1.1" 200 423 "-" "Mozilla/5.0 (Windows NT 10.0; Win64; x64) AppleWebKit/537.36 (KHTML, like Gecko) Chrome/124.0.0.0 Safari/537.36"
156.59.198.135 - - [04/Nov/2024:08:22:30 +0100] "GET /renault.2web.at/htdocs/export/xml/data/articles/201910171103_RenArticle.xml HTTP/1.0" 404 327 "-" "Mozilla/5.0 (Linux; Android 5.0) AppleWebKit/537.36 (KHTML, like Gecko) Mobile Safari/537.36 (compatible; Bytespider; spider-feedback@bytedance.com)"
205.210.31.103 - - [04/Nov/2024:08:23:55 +0100] "\x16\x03\x01" 400 383 "-" "-"
205.210.31.103 - - [04/Nov/2024:08:23:55 +0100] "\x16\x03\x01" 400 383 "-" "-"
156.59.198.136 - - [04/Nov/2024:08:26:30 +0100] "GET /renault.activities.at/htdocs/export/pdf/emuc_document/10403714.pdf HTTP/1.0" 404 322 "-" "Mozilla/5.0 (Linux; Android 5.0) AppleWebKit/537.36 (KHTML, like Gecko) Mobile Safari/537.36 (compatible; Bytespider; spider-feedback@bytedance.com)"
94.141.120.99 - - [04/Nov/2024:08:28:40 +0100] "GET / HTTP/1.1" 200 423 "-" "-"
156.59.198.135 - - [04/Nov/2024:08:30:31 +0100] "GET /renault.activities.at/htdocs/export/txt/factura/FacturaExport20170504103048.txt HTTP/1.0" 404 329 "-" "Mozilla/5.0 (Linux; Android 5.0) AppleWebKit/537.36 (KHTML, like Gecko) Mobile Safari/537.36 (compatible; Bytespider; spider-feedback@bytedance.com)"
156.59.198.135 - - [04/Nov/2024:08:34:31 +0100] "GET /renault.2web.at/htdocs/export/txt/factura/FacturaExport20151207094734.txt HTTP/1.0" 404 325 "-" "Mozilla/5.0 (Linux; Android 5.0) AppleWebKit/537.36 (KHTML, like Gecko) Mobile Safari/537.36 (compatible; Bytespider; spider-feedback@bytedance.com)"
156.59.198.135 - - [04/Nov/2024:08:38:31 +0100] "GET /renault.2web.at/htdocs/export/xml/data/orders/202001221603_RenOrder.xml HTTP/1.0" 404 324 "-" "Mozilla/5.0 (Linux; Android 5.0) AppleWebKit/537.36 (KHTML, like Gecko) Mobile Safari/537.36 (compatible; Bytespider; spider-feedback@bytedance.com)"
156.59.198.135 - - [04/Nov/2024:08:42:31 +0100] "GET /renault.activities.at/htdocs/export/pdf/emuc_document/10883764.pdf HTTP/1.0" 404 323 "-" "Mozilla/5.0 (Linux; Android 5.0) AppleWebKit/537.36 (KHTML, like Gecko) Mobile Safari/537.36 (compatible; Bytespider; spider-feedback@bytedance.com)"
77.90.22.16 - - [04/Nov/2024:08:43:05 +0100] "GET / HTTP/1.1" 200 423 "-" "-"
156.59.198.135 - - [04/Nov/2024:08:46:31 +0100] "GET /renault.activities.at/htdocs/export/pdf/emuc_document/12126498.pdf HTTP/1.0" 404 322 "-" "Mozilla/5.0 (Linux; Android 5.0) AppleWebKit/537.36 (KHTML, like Gecko) Mobile Safari/537.36 (compatible; Bytespider; spider-feedback@bytedance.com)"
141.98.7.248 - - [04/Nov/2024:08:46:35 +0100] "CONNECT 1.1.1.1:443 HTTP/1.1" 200 423 "-" "Mozilla/5.0 (Windows NT 10.0; Win64; x64) AppleWebKit/537.36 (KHTML, like Gecko) Chrome/124.0.0.0 Safari/537.36"
141.98.7.248 - - [04/Nov/2024:08:46:36 +0100] "CONNECT 1.1.1.1:443 HTTP/1.1" 200 423 "-" "Mozilla/5.0 (Windows NT 10.0; Win64; x64) AppleWebKit/537.36 (KHTML, like Gecko) Chrome/124.0.0.0 Safari/537.36"
141.98.7.248 - - [04/Nov/2024:08:46:37 +0100] "CONNECT 1.1.1.1:443 HTTP/1.1" 200 423 "-" "Mozilla/5.0 (Windows NT 10.0; Win64; x64) AppleWebKit/537.36 (KHTML, like Gecko) Chrome/124.0.0.0 Safari/537.36"
156.59.198.136 - - [04/Nov/2024:08:50:31 +0100] "GET /renault.activities.at/htdocs/export/pdf/emuc_document/12226406.pdf HTTP/1.0" 404 322 "-" "Mozilla/5.0 (Linux; Android 5.0) AppleWebKit/537.36 (KHTML, like Gecko) Mobile Safari/537.36 (compatible; Bytespider; spider-feedback@bytedance.com)"
156.59.198.135 - - [04/Nov/2024:08:54:31 +0100] "GET /renault.activities.at/htdocs/export/txt/factura/FacturaExport20200904093532.txt HTTP/1.0" 404 328 "-" "Mozilla/5.0 (Linux; Android 5.0) AppleWebKit/537.36 (KHTML, like Gecko) Mobile Safari/537.36 (compatible; Bytespider; spider-feedback@bytedance.com)"
87.120.114.229 - - [04/Nov/2024:08:55:07 +0100] "GET /config/.env HTTP/1.1" 404 285 "-" "Mozilla/5.0 (Macintosh; Intel Mac OS X 10_15_7) AppleWebKit/537.36 (KHTML, like Gecko) Chrome/129.0.0.0 Safari/537.36"
147.182.154.28 - - [04/Nov/2024:08:55:30 +0100] "GET /connector_server/ HTTP/1.1" 404 286 "-" "Mozilla/5.0 (Windows NT 10.0; Win64; x64) AppleWebKit/537.36 (KHTML, like Gecko) Chrome/108.0.0.0 Safari/537.36"
156.59.198.136 - - [04/Nov/2024:08:58:32 +0100] "GET /renault.2web.at/htdocs/export/xml/data/articles/202007171103_RenArticle.xml HTTP/1.0" 404 327 "-" "Mozilla/5.0 (Linux; Android 5.0) AppleWebKit/537.36 (KHTML, like Gecko) Mobile Safari/537.36 (compatible; Bytespider; spider-feedback@bytedance.com)"
64.62.197.45 - - [04/Nov/2024:08:58:36 +0100] "\x16\x03\x01" 400 383 "-" "-"
156.59.198.135 - - [04/Nov/2024:09:02:33 +0100] "GET /renault.activities.at/htdocs/export/txt/factura/FacturaExport20170206094712.txt HTTP/1.0" 404 327 "-" "Mozilla/5.0 (Linux; Android 5.0) AppleWebKit/537.36 (KHTML, like Gecko) Mobile Safari/537.36 (compatible; Bytespider; spider-feedback@bytedance.com)"
156.59.198.135 - - [04/Nov/2024:09:06:33 +0100] "GET /renault.activities.at/htdocs/export/txt/factura/FacturaExport20160601155326.txt HTTP/1.0" 404 328 "-" "Mozilla/5.0 (Linux; Android 5.0) AppleWebKit/537.36 (KHTML, like Gecko) Mobile Safari/537.36 (compatible; Bytespider; spider-feedback@bytedance.com)"
141.98.7.248 - - [04/Nov/2024:09:07:34 +0100] "CONNECT 1.1.1.1:443 HTTP/1.1" 200 423 "-" "Mozilla/5.0 (Windows NT 10.0; Win64; x64) AppleWebKit/537.36 (KHTML, like Gecko) Chrome/124.0.0.0 Safari/537.36"
141.98.7.248 - - [04/Nov/2024:09:07:35 +0100] "CONNECT 1.1.1.1:443 HTTP/1.1" 200 423 "-" "Mozilla/5.0 (Windows NT 10.0; Win64; x64) AppleWebKit/537.36 (KHTML, like Gecko) Chrome/124.0.0.0 Safari/537.36"
141.98.7.248 - - [04/Nov/2024:09:07:36 +0100] "CONNECT 1.1.1.1:443 HTTP/1.1" 200 423 "-" "Mozilla/5.0 (Windows NT 10.0; Win64; x64) AppleWebKit/537.36 (KHTML, like Gecko) Chrome/124.0.0.0 Safari/537.36"
156.59.198.136 - - [04/Nov/2024:09:10:33 +0100] "GET /ed.activities.at/stats/lang/tooltips_w/awstats-tt-sk.txt HTTP/1.0" 404 314 "-" "Mozilla/5.0 (Linux; Android 5.0) AppleWebKit/537.36 (KHTML, like Gecko) Mobile Safari/537.36 (compatible; Bytespider; spider-feedback@bytedance.com)"
156.59.198.136 - - [04/Nov/2024:09:14:33 +0100] "GET /renault.2web.at/htdocs/export/xml/data/articles/202104130903_RenArticle.xml HTTP/1.0" 404 327 "-" "Mozilla/5.0 (Linux; Android 5.0) AppleWebKit/537.36 (KHTML, like Gecko) Mobile Safari/537.36 (compatible; Bytespider; spider-feedback@bytedance.com)"
141.98.7.248 - - [04/Nov/2024:09:14:57 +0100] "CONNECT 1.1.1.1:443 HTTP/1.1" 200 423 "-" "Mozilla/5.0 (Windows NT 10.0; Win64; x64) AppleWebKit/537.36 (KHTML, like Gecko) Chrome/124.0.0.0 Safari/537.36"
141.98.7.248 - - [04/Nov/2024:09:14:58 +0100] "CONNECT 1.1.1.1:443 HTTP/1.1" 200 423 "-" "Mozilla/5.0 (Windows NT 10.0; Win64; x64) AppleWebKit/537.36 (KHTML, like Gecko) Chrome/124.0.0.0 Safari/537.36"
