178.115.42.220 - - [05/Nov/2024:13:54:01 +0100] "GET /entry.php?id=10889&document_id=& HTTP/1.1" 200 1507 "http://hausegger.activities.at/entry.php?id=10828" "Mozilla/5.0 (Windows NT 10.0; Win64; x64; rv:131.0) Gecko/20100101 Firefox/131.0"
178.115.42.220 - - [05/Nov/2024:13:54:07 +0100] "GET /entry.php?id=10877&mode=loadSearchCustomer&obj=number&tag=debitor&value=f&ser=1730806043803 HTTP/1.1" 200 325 "http://hausegger.activities.at/entry.php?id=10828" "Mozilla/5.0 (Windows NT 10.0; Win64; x64; rv:131.0) Gecko/20100101 Firefox/131.0"
178.115.42.220 - - [05/Nov/2024:13:54:07 +0100] "GET /entry.php?id=10877&mode=loadSearchCustomer&obj=number&tag=debitor&value=f.&ser=1730806043939 HTTP/1.1" 200 175 "http://hausegger.activities.at/entry.php?id=10828" "Mozilla/5.0 (Windows NT 10.0; Win64; x64; rv:131.0) Gecko/20100101 Firefox/131.0"
178.115.42.220 - - [05/Nov/2024:13:54:10 +0100] "GET /entry.php?id=10877&mode=loadSearchCustomer&obj=number&tag=debitor&value=f.l&ser=1730806046715 HTTP/1.1" 200 20 "http://hausegger.activities.at/entry.php?id=10828" "Mozilla/5.0 (Windows NT 10.0; Win64; x64; rv:131.0) Gecko/20100101 Firefox/131.0"
178.115.42.220 - - [05/Nov/2024:13:54:10 +0100] "GET /entry.php?id=10877&mode=loadSearchCustomer&obj=number&tag=debitor&value=f.li&ser=1730806046995 HTTP/1.1" 200 20 "http://hausegger.activities.at/entry.php?id=10828" "Mozilla/5.0 (Windows NT 10.0; Win64; x64; rv:131.0) Gecko/20100101 Firefox/131.0"
178.115.42.220 - - [05/Nov/2024:13:54:12 +0100] "GET /entry.php?id=10877&mode=loadSearchCustomer&obj=number&tag=debitor&value=f.l&ser=1730806048947 HTTP/1.1" 200 20 "http://hausegger.activities.at/entry.php?id=10828" "Mozilla/5.0 (Windows NT 10.0; Win64; x64; rv:131.0) Gecko/20100101 Firefox/131.0"
178.115.42.220 - - [05/Nov/2024:13:54:12 +0100] "GET /entry.php?id=10877&mode=loadSearchCustomer&obj=number&tag=debitor&value=f.&ser=1730806049162 HTTP/1.1" 200 175 "http://hausegger.activities.at/entry.php?id=10828" "Mozilla/5.0 (Windows NT 10.0; Win64; x64; rv:131.0) Gecko/20100101 Firefox/131.0"
178.115.42.220 - - [05/Nov/2024:13:54:12 +0100] "GET /entry.php?id=10877&mode=loadSearchCustomer&obj=number&tag=debitor&value=f&ser=1730806049411 HTTP/1.1" 200 325 "http://hausegger.activities.at/entry.php?id=10828" "Mozilla/5.0 (Windows NT 10.0; Win64; x64; rv:131.0) Gecko/20100101 Firefox/131.0"
178.115.42.220 - - [05/Nov/2024:13:54:17 +0100] "POST /entry.php?id=10889 HTTP/1.1" 200 1759 "http://hausegger.activities.at/entry.php?id=10889&document_id=&" "Mozilla/5.0 (Windows NT 10.0; Win64; x64; rv:131.0) Gecko/20100101 Firefox/131.0"
178.115.42.220 - - [05/Nov/2024:13:54:17 +0100] "GET /gui/javascript/form_form.js?1730811257 HTTP/1.1" 200 16206 "http://hausegger.activities.at/entry.php?id=10889" "Mozilla/5.0 (Windows NT 10.0; Win64; x64; rv:131.0) Gecko/20100101 Firefox/131.0"
178.115.42.220 - - [05/Nov/2024:13:54:53 +0100] "GET /entry.php?id=10271&&ser=811231 HTTP/1.1" 200 987 "http://hausegger.activities.at/entry.php?id=10271&" "Mozilla/5.0 (Windows NT 10.0; Win64; x64; rv:131.0) Gecko/20100101 Firefox/131.0"
178.115.42.220 - - [05/Nov/2024:13:54:53 +0100] "GET /gui/javascript/form_form.js?1730811293 HTTP/1.1" 200 16206 "http://hausegger.activities.at/entry.php?id=10271&&ser=811231" "Mozilla/5.0 (Windows NT 10.0; Win64; x64; rv:131.0) Gecko/20100101 Firefox/131.0"
178.115.42.220 - - [05/Nov/2024:13:55:53 +0100] "GET /entry.php?id=10271&&ser=811293 HTTP/1.1" 200 987 "http://hausegger.activities.at/entry.php?id=10271&&ser=811231" "Mozilla/5.0 (Windows NT 10.0; Win64; x64; rv:131.0) Gecko/20100101 Firefox/131.0"
178.115.42.220 - - [05/Nov/2024:13:55:53 +0100] "GET /gui/javascript/form_form.js?1730811353 HTTP/1.1" 200 16206 "http://hausegger.activities.at/entry.php?id=10271&&ser=811293" "Mozilla/5.0 (Windows NT 10.0; Win64; x64; rv:131.0) Gecko/20100101 Firefox/131.0"
178.115.42.220 - - [05/Nov/2024:13:56:30 +0100] "POST /entry.php?id=10828 HTTP/1.1" 200 8729 "http://hausegger.activities.at/entry.php?id=10828" "Mozilla/5.0 (Windows NT 10.0; Win64; x64; rv:131.0) Gecko/20100101 Firefox/131.0"
178.115.42.220 - - [05/Nov/2024:13:56:31 +0100] "GET /gui/javascript/form_form.js?1730811391 HTTP/1.1" 200 16206 "http://hausegger.activities.at/entry.php?id=10828" "Mozilla/5.0 (Windows NT 10.0; Win64; x64; rv:131.0) Gecko/20100101 Firefox/131.0"
178.115.42.220 - - [05/Nov/2024:13:56:31 +0100] "GET /entry.php?id=10889&document_id=10344050& HTTP/1.1" 200 1506 "http://hausegger.activities.at/entry.php?id=10828" "Mozilla/5.0 (Windows NT 10.0; Win64; x64; rv:131.0) Gecko/20100101 Firefox/131.0"
178.115.42.220 - - [05/Nov/2024:13:56:32 +0100] "POST /entry.php?id=10828 HTTP/1.1" 200 4993 "http://hausegger.activities.at/entry.php?id=10828" "Mozilla/5.0 (Windows NT 10.0; Win64; x64; rv:131.0) Gecko/20100101 Firefox/131.0"
178.115.42.220 - - [05/Nov/2024:13:56:32 +0100] "GET /gui/javascript/form_form.js?1730811392 HTTP/1.1" 200 16206 "http://hausegger.activities.at/entry.php?id=10828" "Mozilla/5.0 (Windows NT 10.0; Win64; x64; rv:131.0) Gecko/20100101 Firefox/131.0"
178.115.42.220 - - [05/Nov/2024:13:56:32 +0100] "GET /entry.php?id=10889&document_id=10344050& HTTP/1.1" 200 1507 "http://hausegger.activities.at/entry.php?id=10828" "Mozilla/5.0 (Windows NT 10.0; Win64; x64; rv:131.0) Gecko/20100101 Firefox/131.0"
156.59.198.135 - - [05/Nov/2024:13:56:51 +0100] "GET /renault.2web.at/htdocs/export/txt/factura/FacturaExport20190718125536.txt HTTP/1.0" 404 325 "-" "Mozilla/5.0 (Linux; Android 5.0) AppleWebKit/537.36 (KHTML, like Gecko) Mobile Safari/537.36 (compatible; Bytespider; spider-feedback@bytedance.com)"
178.115.42.220 - - [05/Nov/2024:13:56:53 +0100] "POST /entry.php?id=10828 HTTP/1.1" 200 5017 "http://hausegger.activities.at/entry.php?id=10828" "Mozilla/5.0 (Windows NT 10.0; Win64; x64; rv:131.0) Gecko/20100101 Firefox/131.0"
178.115.42.220 - - [05/Nov/2024:13:56:53 +0100] "GET /gui/javascript/form_form.js?1730811413 HTTP/1.1" 200 16206 "http://hausegger.activities.at/entry.php?id=10828" "Mozilla/5.0 (Windows NT 10.0; Win64; x64; rv:131.0) Gecko/20100101 Firefox/131.0"
178.115.42.220 - - [05/Nov/2024:13:56:53 +0100] "GET /entry.php?id=10889&document_id=10344050& HTTP/1.1" 200 1508 "http://hausegger.activities.at/entry.php?id=10828" "Mozilla/5.0 (Windows NT 10.0; Win64; x64; rv:131.0) Gecko/20100101 Firefox/131.0"
178.115.42.220 - - [05/Nov/2024:13:56:53 +0100] "GET /entry.php?id=10271&&ser=811353 HTTP/1.1" 200 986 "http://hausegger.activities.at/entry.php?id=10271&&ser=811293" "Mozilla/5.0 (Windows NT 10.0; Win64; x64; rv:131.0) Gecko/20100101 Firefox/131.0"
178.115.42.220 - - [05/Nov/2024:13:56:54 +0100] "GET /gui/javascript/form_form.js?1730811414 HTTP/1.1" 200 16206 "http://hausegger.activities.at/entry.php?id=10271&&ser=811353" "Mozilla/5.0 (Windows NT 10.0; Win64; x64; rv:131.0) Gecko/20100101 Firefox/131.0"
178.115.42.220 - - [05/Nov/2024:13:56:56 +0100] "POST /entry.php?id=10828 HTTP/1.1" 200 4791 "http://hausegger.activities.at/entry.php?id=10828" "Mozilla/5.0 (Windows NT 10.0; Win64; x64; rv:131.0) Gecko/20100101 Firefox/131.0"
178.115.42.220 - - [05/Nov/2024:13:56:56 +0100] "GET /gui/javascript/form_form.js?1730811416 HTTP/1.1" 200 16206 "http://hausegger.activities.at/entry.php?id=10828" "Mozilla/5.0 (Windows NT 10.0; Win64; x64; rv:131.0) Gecko/20100101 Firefox/131.0"
178.115.42.220 - - [05/Nov/2024:13:56:56 +0100] "GET /entry.php?id=10889&document_id=10344050& HTTP/1.1" 200 1507 "http://hausegger.activities.at/entry.php?id=10828" "Mozilla/5.0 (Windows NT 10.0; Win64; x64; rv:131.0) Gecko/20100101 Firefox/131.0"
178.115.42.220 - - [05/Nov/2024:13:56:56 +0100] "GET /entry.php?id=10830&&object=10344050&account=&mode=documentdebitor HTTP/1.1" 200 3131 "http://hausegger.activities.at/entry.php?id=10828" "Mozilla/5.0 (Windows NT 10.0; Win64; x64; rv:131.0) Gecko/20100101 Firefox/131.0"
178.115.42.220 - - [05/Nov/2024:13:56:58 +0100] "POST /entry.php?id=10889 HTTP/1.1" 200 1579 "http://hausegger.activities.at/entry.php?id=10889&document_id=10344050&" "Mozilla/5.0 (Windows NT 10.0; Win64; x64; rv:131.0) Gecko/20100101 Firefox/131.0"
178.115.42.220 - - [05/Nov/2024:13:56:58 +0100] "GET /gui/javascript/form_form.js?1730811418 HTTP/1.1" 200 16206 "http://hausegger.activities.at/entry.php?id=10889" "Mozilla/5.0 (Windows NT 10.0; Win64; x64; rv:131.0) Gecko/20100101 Firefox/131.0"
178.115.42.220 - - [05/Nov/2024:13:57:54 +0100] "GET /entry.php?id=10271&&ser=811414 HTTP/1.1" 200 987 "http://hausegger.activities.at/entry.php?id=10271&&ser=811353" "Mozilla/5.0 (Windows NT 10.0; Win64; x64; rv:131.0) Gecko/20100101 Firefox/131.0"
178.115.42.220 - - [05/Nov/2024:13:57:54 +0100] "GET /gui/javascript/form_form.js?1730811474 HTTP/1.1" 200 16206 "http://hausegger.activities.at/entry.php?id=10271&&ser=811414" "Mozilla/5.0 (Windows NT 10.0; Win64; x64; rv:131.0) Gecko/20100101 Firefox/131.0"
178.115.42.220 - - [05/Nov/2024:13:58:28 +0100] "GET /entry.php?id=10877&mode=loadSearchArticle&obj=article_1&tag=debit&refobject=10344050&value=1&ser=1730806304835 HTTP/1.1" 200 37971 "http://hausegger.activities.at/entry.php?id=10830&&object=10344050&account=&mode=documentdebitor" "Mozilla/5.0 (Windows NT 10.0; Win64; x64; rv:131.0) Gecko/20100101 Firefox/131.0"
178.115.42.220 - - [05/Nov/2024:13:58:28 +0100] "GET /entry.php?id=10877&mode=loadSearchArticle&obj=article_1&tag=debit&refobject=10344050&value=16&ser=1730806305050 HTTP/1.1" 200 4168 "http://hausegger.activities.at/entry.php?id=10830&&object=10344050&account=&mode=documentdebitor" "Mozilla/5.0 (Windows NT 10.0; Win64; x64; rv:131.0) Gecko/20100101 Firefox/131.0"
178.115.42.220 - - [05/Nov/2024:13:58:28 +0100] "GET /entry.php?id=10877&mode=loadSearchArticle&obj=article_1&tag=debit&refobject=10344050&value=160&ser=1730806305235 HTTP/1.1" 200 1813 "http://hausegger.activities.at/entry.php?id=10830&&object=10344050&account=&mode=documentdebitor" "Mozilla/5.0 (Windows NT 10.0; Win64; x64; rv:131.0) Gecko/20100101 Firefox/131.0"
178.115.42.220 - - [05/Nov/2024:13:58:28 +0100] "GET /entry.php?id=10877&mode=loadSearchArticle&obj=article_1&tag=debit&refobject=10344050&value=1601&ser=1730806305522 HTTP/1.1" 200 1350 "http://hausegger.activities.at/entry.php?id=10830&&object=10344050&account=&mode=documentdebitor" "Mozilla/5.0 (Windows NT 10.0; Win64; x64; rv:131.0) Gecko/20100101 Firefox/131.0"
178.115.42.220 - - [05/Nov/2024:13:58:29 +0100] "GET /entry.php?id=10877&mode=loadSearchArticle&obj=article_1&tag=debit&refobject=10344050&value=16016&ser=1730806305754 HTTP/1.1" 200 1236 "http://hausegger.activities.at/entry.php?id=10830&&object=10344050&account=&mode=documentdebitor" "Mozilla/5.0 (Windows NT 10.0; Win64; x64; rv:131.0) Gecko/20100101 Firefox/131.0"
178.115.42.220 - - [05/Nov/2024:13:58:29 +0100] "GET /entry.php?id=10877&mode=loadSearchArticle&obj=article_1&tag=debit&refobject=10344050&value=160160&ser=1730806305922 HTTP/1.1" 200 1236 "http://hausegger.activities.at/entry.php?id=10830&&object=10344050&account=&mode=documentdebitor" "Mozilla/5.0 (Windows NT 10.0; Win64; x64; rv:131.0) Gecko/20100101 Firefox/131.0"
178.115.42.220 - - [05/Nov/2024:13:58:30 +0100] "GET /entry.php?id=10877&mode=loadSearchArticle&obj=article_1&tag=debit&refobject=10344050&value=1601600&ser=1730806306707 HTTP/1.1" 200 787 "http://hausegger.activities.at/entry.php?id=10830&&object=10344050&account=&mode=documentdebitor" "Mozilla/5.0 (Windows NT 10.0; Win64; x64; rv:131.0) Gecko/20100101 Firefox/131.0"
178.115.42.220 - - [05/Nov/2024:13:58:30 +0100] "GET /entry.php?id=10877&mode=loadSearchArticle&obj=article_1&tag=debit&refobject=10344050&value=16016008&ser=1730806306939 HTTP/1.1" 200 452 "http://hausegger.activities.at/entry.php?id=10830&&object=10344050&account=&mode=documentdebitor" "Mozilla/5.0 (Windows NT 10.0; Win64; x64; rv:131.0) Gecko/20100101 Firefox/131.0"
178.115.42.220 - - [05/Nov/2024:13:58:30 +0100] "GET /entry.php?id=10877&mode=loadSearchArticle&obj=article_1&tag=debit&refobject=10344050&value=160160085&ser=1730806307170 HTTP/1.1" 200 277 "http://hausegger.activities.at/entry.php?id=10830&&object=10344050&account=&mode=documentdebitor" "Mozilla/5.0 (Windows NT 10.0; Win64; x64; rv:131.0) Gecko/20100101 Firefox/131.0"
178.115.42.220 - - [05/Nov/2024:13:58:35 +0100] "POST /entry.php?id=10889 HTTP/1.1" 200 1925 "http://hausegger.activities.at/entry.php?id=10889" "Mozilla/5.0 (Windows NT 10.0; Win64; x64; rv:131.0) Gecko/20100101 Firefox/131.0"
178.115.42.220 - - [05/Nov/2024:13:58:36 +0100] "GET /gui/javascript/form_form.js?1730811516 HTTP/1.1" 200 16206 "http://hausegger.activities.at/entry.php?id=10889" "Mozilla/5.0 (Windows NT 10.0; Win64; x64; rv:131.0) Gecko/20100101 Firefox/131.0"
178.115.42.220 - - [05/Nov/2024:13:58:36 +0100] "POST /entry.php?id=10889 HTTP/1.1" 200 1678 "http://hausegger.activities.at/entry.php?id=10889" "Mozilla/5.0 (Windows NT 10.0; Win64; x64; rv:131.0) Gecko/20100101 Firefox/131.0"
178.115.42.220 - - [05/Nov/2024:13:58:40 +0100] "POST /entry.php?id=10889 HTTP/1.1" 200 1850 "http://hausegger.activities.at/entry.php?id=10889" "Mozilla/5.0 (Windows NT 10.0; Win64; x64; rv:131.0) Gecko/20100101 Firefox/131.0"
178.115.42.220 - - [05/Nov/2024:13:58:41 +0100] "GET /gui/javascript/form_form.js?1730811521 HTTP/1.1" 200 16206 "http://hausegger.activities.at/entry.php?id=10889" "Mozilla/5.0 (Windows NT 10.0; Win64; x64; rv:131.0) Gecko/20100101 Firefox/131.0"
178.115.42.220 - - [05/Nov/2024:13:58:48 +0100] "GET /entry.php?id=11270&document=10344050 HTTP/1.1" 200 1974 "http://hausegger.activities.at/entry.php?id=10828" "Mozilla/5.0 (Windows NT 10.0; Win64; x64; rv:131.0) Gecko/20100101 Firefox/131.0"
178.115.42.220 - - [05/Nov/2024:13:58:48 +0100] "GET /gui/javascript/form_bu_document.js?1730811528 HTTP/1.1" 200 2675 "http://hausegger.activities.at/entry.php?id=11270&document=10344050" "Mozilla/5.0 (Windows NT 10.0; Win64; x64; rv:131.0) Gecko/20100101 Firefox/131.0"
178.115.42.220 - - [05/Nov/2024:13:58:48 +0100] "GET /gui/javascript/form_form.js?1730811528 HTTP/1.1" 200 16206 "http://hausegger.activities.at/entry.php?id=11270&document=10344050" "Mozilla/5.0 (Windows NT 10.0; Win64; x64; rv:131.0) Gecko/20100101 Firefox/131.0"
178.115.42.220 - - [05/Nov/2024:13:58:48 +0100] "GET /framework/icons/ajax-loader-trans.gif HTTP/1.1" 200 3208 "http://hausegger.activities.at/gui/styles/tmplDefault.css" "Mozilla/5.0 (Windows NT 10.0; Win64; x64; rv:131.0) Gecko/20100101 Firefox/131.0"
178.115.42.220 - - [05/Nov/2024:13:58:48 +0100] "GET /entry.php?id=11241&images=false&document=10344050 HTTP/1.1" 200 2235 "http://hausegger.activities.at/entry.php?id=11270&document=10344050" "Mozilla/5.0 (Windows NT 10.0; Win64; x64; rv:131.0) Gecko/20100101 Firefox/131.0"
178.115.42.220 - - [05/Nov/2024:13:58:48 +0100] "GET /entry.php?id=10877&mode=observePrint HTTP/1.1" 200 58 "http://hausegger.activities.at/entry.php?id=11270&document=10344050" "Mozilla/5.0 (Windows NT 10.0; Win64; x64; rv:131.0) Gecko/20100101 Firefox/131.0"
178.115.42.220 - - [05/Nov/2024:13:58:54 +0100] "GET /entry.php?id=10271&&ser=811474 HTTP/1.1" 200 987 "http://hausegger.activities.at/entry.php?id=10271&&ser=811414" "Mozilla/5.0 (Windows NT 10.0; Win64; x64; rv:131.0) Gecko/20100101 Firefox/131.0"
178.115.42.220 - - [05/Nov/2024:13:58:54 +0100] "GET /gui/javascript/form_form.js?1730811534 HTTP/1.1" 200 16206 "http://hausegger.activities.at/entry.php?id=10271&&ser=811474" "Mozilla/5.0 (Windows NT 10.0; Win64; x64; rv:131.0) Gecko/20100101 Firefox/131.0"
178.115.42.220 - - [05/Nov/2024:13:59:54 +0100] "GET /entry.php?id=10271&&ser=811534 HTTP/1.1" 200 987 "http://hausegger.activities.at/entry.php?id=10271&&ser=811474" "Mozilla/5.0 (Windows NT 10.0; Win64; x64; rv:131.0) Gecko/20100101 Firefox/131.0"
178.115.42.220 - - [05/Nov/2024:13:59:54 +0100] "GET /gui/javascript/form_form.js?1730811594 HTTP/1.1" 200 16206 "http://hausegger.activities.at/entry.php?id=10271&&ser=811534" "Mozilla/5.0 (Windows NT 10.0; Win64; x64; rv:131.0) Gecko/20100101 Firefox/131.0"
156.59.198.136 - - [05/Nov/2024:14:00:51 +0100] "GET /renault.2web.at/htdocs/export/xml/data/orders/201908261703_RenOrder.xml HTTP/1.0" 404 325 "-" "Mozilla/5.0 (Linux; Android 5.0) AppleWebKit/537.36 (KHTML, like Gecko) Mobile Safari/537.36 (compatible; Bytespider; spider-feedback@bytedance.com)"
178.115.42.220 - - [05/Nov/2024:14:00:55 +0100] "GET /entry.php?id=10271&&ser=811594 HTTP/1.1" 200 987 "http://hausegger.activities.at/entry.php?id=10271&&ser=811534" "Mozilla/5.0 (Windows NT 10.0; Win64; x64; rv:131.0) Gecko/20100101 Firefox/131.0"
178.115.42.220 - - [05/Nov/2024:14:00:55 +0100] "GET /gui/javascript/form_form.js?1730811655 HTTP/1.1" 200 16206 "http://hausegger.activities.at/entry.php?id=10271&&ser=811594" "Mozilla/5.0 (Windows NT 10.0; Win64; x64; rv:131.0) Gecko/20100101 Firefox/131.0"
178.115.42.220 - - [05/Nov/2024:14:01:55 +0100] "GET /entry.php?id=10271&&ser=811655 HTTP/1.1" 200 987 "http://hausegger.activities.at/entry.php?id=10271&&ser=811594" "Mozilla/5.0 (Windows NT 10.0; Win64; x64; rv:131.0) Gecko/20100101 Firefox/131.0"
178.115.42.220 - - [05/Nov/2024:14:01:55 +0100] "GET /gui/javascript/form_form.js?1730811715 HTTP/1.1" 200 16206 "http://hausegger.activities.at/entry.php?id=10271&&ser=811655" "Mozilla/5.0 (Windows NT 10.0; Win64; x64; rv:131.0) Gecko/20100101 Firefox/131.0"
178.115.42.220 - - [05/Nov/2024:14:02:55 +0100] "GET /entry.php?id=10271&&ser=811715 HTTP/1.1" 200 987 "http://hausegger.activities.at/entry.php?id=10271&&ser=811655" "Mozilla/5.0 (Windows NT 10.0; Win64; x64; rv:131.0) Gecko/20100101 Firefox/131.0"
178.115.42.220 - - [05/Nov/2024:14:02:55 +0100] "GET /gui/javascript/form_form.js?1730811775 HTTP/1.1" 200 16206 "http://hausegger.activities.at/entry.php?id=10271&&ser=811715" "Mozilla/5.0 (Windows NT 10.0; Win64; x64; rv:131.0) Gecko/20100101 Firefox/131.0"
178.115.42.220 - - [05/Nov/2024:14:03:55 +0100] "GET /entry.php?id=10271&&ser=811775 HTTP/1.1" 200 987 "http://hausegger.activities.at/entry.php?id=10271&&ser=811715" "Mozilla/5.0 (Windows NT 10.0; Win64; x64; rv:131.0) Gecko/20100101 Firefox/131.0"
178.115.42.220 - - [05/Nov/2024:14:03:56 +0100] "GET /gui/javascript/form_form.js?1730811836 HTTP/1.1" 200 16206 "http://hausegger.activities.at/entry.php?id=10271&&ser=811775" "Mozilla/5.0 (Windows NT 10.0; Win64; x64; rv:131.0) Gecko/20100101 Firefox/131.0"
122.117.31.176 - - [05/Nov/2024:14:04:29 +0100] "GET / HTTP/1.0" 200 423 "-" "Mozilla/5.0 (Linux; U; Android 4.0.3; ko-kr; LG-L160L Build/IML74K) AppleWebkit/534.30 (KHTML, like Gecko) Version/4.0 Mobile Safari/534.30"
156.59.198.135 - - [05/Nov/2024:14:04:52 +0100] "GET /renault.activities.at/htdocs/export/pdf/emuc_document/11449440.pdf HTTP/1.0" 404 321 "-" "Mozilla/5.0 (Linux; Android 5.0) AppleWebKit/537.36 (KHTML, like Gecko) Mobile Safari/537.36 (compatible; Bytespider; spider-feedback@bytedance.com)"
178.115.42.220 - - [05/Nov/2024:14:04:56 +0100] "GET /entry.php?id=10271&&ser=811836 HTTP/1.1" 200 987 "http://hausegger.activities.at/entry.php?id=10271&&ser=811775" "Mozilla/5.0 (Windows NT 10.0; Win64; x64; rv:131.0) Gecko/20100101 Firefox/131.0"
178.115.42.220 - - [05/Nov/2024:14:04:56 +0100] "GET /gui/javascript/form_form.js?1730811896 HTTP/1.1" 200 16206 "http://hausegger.activities.at/entry.php?id=10271&&ser=811836" "Mozilla/5.0 (Windows NT 10.0; Win64; x64; rv:131.0) Gecko/20100101 Firefox/131.0"
178.115.42.220 - - [05/Nov/2024:14:05:56 +0100] "GET /entry.php?id=10271&&ser=811896 HTTP/1.1" 200 987 "http://hausegger.activities.at/entry.php?id=10271&&ser=811836" "Mozilla/5.0 (Windows NT 10.0; Win64; x64; rv:131.0) Gecko/20100101 Firefox/131.0"
178.115.42.220 - - [05/Nov/2024:14:05:56 +0100] "GET /gui/javascript/form_form.js?1730811956 HTTP/1.1" 200 16206 "http://hausegger.activities.at/entry.php?id=10271&&ser=811896" "Mozilla/5.0 (Windows NT 10.0; Win64; x64; rv:131.0) Gecko/20100101 Firefox/131.0"
178.115.42.220 - - [05/Nov/2024:14:06:56 +0100] "GET /entry.php?id=10271&&ser=811956 HTTP/1.1" 200 987 "http://hausegger.activities.at/entry.php?id=10271&&ser=811896" "Mozilla/5.0 (Windows NT 10.0; Win64; x64; rv:131.0) Gecko/20100101 Firefox/131.0"
178.115.42.220 - - [05/Nov/2024:14:06:56 +0100] "GET /gui/javascript/form_form.js?1730812016 HTTP/1.1" 200 16206 "http://hausegger.activities.at/entry.php?id=10271&&ser=811956" "Mozilla/5.0 (Windows NT 10.0; Win64; x64; rv:131.0) Gecko/20100101 Firefox/131.0"
178.115.42.220 - - [05/Nov/2024:14:07:56 +0100] "GET /entry.php?id=10271&&ser=812016 HTTP/1.1" 200 987 "http://hausegger.activities.at/entry.php?id=10271&&ser=811956" "Mozilla/5.0 (Windows NT 10.0; Win64; x64; rv:131.0) Gecko/20100101 Firefox/131.0"
178.115.42.220 - - [05/Nov/2024:14:07:57 +0100] "GET /gui/javascript/form_form.js?1730812077 HTTP/1.1" 200 16206 "http://hausegger.activities.at/entry.php?id=10271&&ser=812016" "Mozilla/5.0 (Windows NT 10.0; Win64; x64; rv:131.0) Gecko/20100101 Firefox/131.0"
47.128.110.24 - - [05/Nov/2024:14:08:53 +0100] "GET /robots.txt HTTP/1.1" 404 284 "-" "Mozilla/5.0 (Linux; Android 5.0) AppleWebKit/537.36 (KHTML, like Gecko) Mobile Safari/537.36 (compatible; Bytespider; spider-feedback@bytedance.com)"
178.115.42.220 - - [05/Nov/2024:14:08:57 +0100] "GET /entry.php?id=10271&&ser=812077 HTTP/1.1" 200 986 "http://hausegger.activities.at/entry.php?id=10271&&ser=812016" "Mozilla/5.0 (Windows NT 10.0; Win64; x64; rv:131.0) Gecko/20100101 Firefox/131.0"
178.115.42.220 - - [05/Nov/2024:14:08:57 +0100] "GET /gui/javascript/form_form.js?1730812137 HTTP/1.1" 200 16206 "http://hausegger.activities.at/entry.php?id=10271&&ser=812077" "Mozilla/5.0 (Windows NT 10.0; Win64; x64; rv:131.0) Gecko/20100101 Firefox/131.0"
178.115.42.220 - - [05/Nov/2024:14:09:57 +0100] "GET /entry.php?id=10271&&ser=812137 HTTP/1.1" 200 987 "http://hausegger.activities.at/entry.php?id=10271&&ser=812077" "Mozilla/5.0 (Windows NT 10.0; Win64; x64; rv:131.0) Gecko/20100101 Firefox/131.0"
178.115.42.220 - - [05/Nov/2024:14:09:57 +0100] "GET /gui/javascript/form_form.js?1730812197 HTTP/1.1" 200 16206 "http://hausegger.activities.at/entry.php?id=10271&&ser=812137" "Mozilla/5.0 (Windows NT 10.0; Win64; x64; rv:131.0) Gecko/20100101 Firefox/131.0"
178.115.42.220 - - [05/Nov/2024:14:10:58 +0100] "GET /entry.php?id=10271&&ser=812197 HTTP/1.1" 200 987 "http://hausegger.activities.at/entry.php?id=10271&&ser=812137" "Mozilla/5.0 (Windows NT 10.0; Win64; x64; rv:131.0) Gecko/20100101 Firefox/131.0"
178.115.42.220 - - [05/Nov/2024:14:10:58 +0100] "GET /gui/javascript/form_form.js?1730812258 HTTP/1.1" 200 16206 "http://hausegger.activities.at/entry.php?id=10271&&ser=812197" "Mozilla/5.0 (Windows NT 10.0; Win64; x64; rv:131.0) Gecko/20100101 Firefox/131.0"
178.115.42.220 - - [05/Nov/2024:14:11:58 +0100] "GET /entry.php?id=10271&&ser=812258 HTTP/1.1" 200 987 "http://hausegger.activities.at/entry.php?id=10271&&ser=812197" "Mozilla/5.0 (Windows NT 10.0; Win64; x64; rv:131.0) Gecko/20100101 Firefox/131.0"
178.115.42.220 - - [05/Nov/2024:14:11:58 +0100] "GET /gui/javascript/form_form.js?1730812318 HTTP/1.1" 200 16206 "http://hausegger.activities.at/entry.php?id=10271&&ser=812258" "Mozilla/5.0 (Windows NT 10.0; Win64; x64; rv:131.0) Gecko/20100101 Firefox/131.0"
156.59.198.135 - - [05/Nov/2024:14:12:52 +0100] "GET /renault.activities.at/htdocs/export/pdf/emuc_document/11035944.pdf HTTP/1.0" 404 322 "-" "Mozilla/5.0 (Linux; Android 5.0) AppleWebKit/537.36 (KHTML, like Gecko) Mobile Safari/537.36 (compatible; Bytespider; spider-feedback@bytedance.com)"
178.115.42.220 - - [05/Nov/2024:14:12:58 +0100] "GET /entry.php?id=10271&&ser=812318 HTTP/1.1" 200 987 "http://hausegger.activities.at/entry.php?id=10271&&ser=812258" "Mozilla/5.0 (Windows NT 10.0; Win64; x64; rv:131.0) Gecko/20100101 Firefox/131.0"
178.115.42.220 - - [05/Nov/2024:14:12:58 +0100] "GET /gui/javascript/form_form.js?1730812378 HTTP/1.1" 200 16206 "http://hausegger.activities.at/entry.php?id=10271&&ser=812318" "Mozilla/5.0 (Windows NT 10.0; Win64; x64; rv:131.0) Gecko/20100101 Firefox/131.0"
178.115.42.220 - - [05/Nov/2024:14:13:59 +0100] "GET /entry.php?id=10271&&ser=812378 HTTP/1.1" 200 986 "http://hausegger.activities.at/entry.php?id=10271&&ser=812318" "Mozilla/5.0 (Windows NT 10.0; Win64; x64; rv:131.0) Gecko/20100101 Firefox/131.0"
178.115.42.220 - - [05/Nov/2024:14:13:59 +0100] "GET /gui/javascript/form_form.js?1730812439 HTTP/1.1" 200 16206 "http://hausegger.activities.at/entry.php?id=10271&&ser=812378" "Mozilla/5.0 (Windows NT 10.0; Win64; x64; rv:131.0) Gecko/20100101 Firefox/131.0"
178.115.42.220 - - [05/Nov/2024:14:14:59 +0100] "GET /entry.php?id=10271&&ser=812439 HTTP/1.1" 200 987 "http://hausegger.activities.at/entry.php?id=10271&&ser=812378" "Mozilla/5.0 (Windows NT 10.0; Win64; x64; rv:131.0) Gecko/20100101 Firefox/131.0"
178.115.42.220 - - [05/Nov/2024:14:14:59 +0100] "GET /gui/javascript/form_form.js?1730812499 HTTP/1.1" 200 16206 "http://hausegger.activities.at/entry.php?id=10271&&ser=812439" "Mozilla/5.0 (Windows NT 10.0; Win64; x64; rv:131.0) Gecko/20100101 Firefox/131.0"
178.115.42.220 - - [05/Nov/2024:14:15:59 +0100] "GET /entry.php?id=10271&&ser=812499 HTTP/1.1" 200 987 "http://hausegger.activities.at/entry.php?id=10271&&ser=812439" "Mozilla/5.0 (Windows NT 10.0; Win64; x64; rv:131.0) Gecko/20100101 Firefox/131.0"
178.115.42.220 - - [05/Nov/2024:14:15:59 +0100] "GET /gui/javascript/form_form.js?1730812559 HTTP/1.1" 200 16206 "http://hausegger.activities.at/entry.php?id=10271&&ser=812499" "Mozilla/5.0 (Windows NT 10.0; Win64; x64; rv:131.0) Gecko/20100101 Firefox/131.0"
156.59.198.135 - - [05/Nov/2024:14:16:52 +0100] "GET /renault.2web.at/htdocs/export/xml/data/orders/201910101503_RenOrder.xml HTTP/1.0" 404 324 "-" "Mozilla/5.0 (Linux; Android 5.0) AppleWebKit/537.36 (KHTML, like Gecko) Mobile Safari/537.36 (compatible; Bytespider; spider-feedback@bytedance.com)"
92.255.57.58 - - [05/Nov/2024:14:16:56 +0100] "GET /?XDEBUG_SESSION_START=phpstorm HTTP/1.1" 200 274 "-" "Mozilla/5.0 (Windows NT 10.0; Win64; x64) AppleWebKit/537.36 (KHTML, like Gecko) Chrome/78.0.3904.108 Safari/537.36"
178.115.42.220 - - [05/Nov/2024:14:17:00 +0100] "GET /entry.php?id=10271&&ser=812559 HTTP/1.1" 200 987 "http://hausegger.activities.at/entry.php?id=10271&&ser=812499" "Mozilla/5.0 (Windows NT 10.0; Win64; x64; rv:131.0) Gecko/20100101 Firefox/131.0"
178.115.42.220 - - [05/Nov/2024:14:17:00 +0100] "GET /gui/javascript/form_form.js?1730812620 HTTP/1.1" 200 16206 "http://hausegger.activities.at/entry.php?id=10271&&ser=812559" "Mozilla/5.0 (Windows NT 10.0; Win64; x64; rv:131.0) Gecko/20100101 Firefox/131.0"
178.115.42.220 - - [05/Nov/2024:14:18:00 +0100] "GET /entry.php?id=10271&&ser=812620 HTTP/1.1" 200 987 "http://hausegger.activities.at/entry.php?id=10271&&ser=812559" "Mozilla/5.0 (Windows NT 10.0; Win64; x64; rv:131.0) Gecko/20100101 Firefox/131.0"
178.115.42.220 - - [05/Nov/2024:14:18:00 +0100] "GET /gui/javascript/form_form.js?1730812680 HTTP/1.1" 200 16206 "http://hausegger.activities.at/entry.php?id=10271&&ser=812620" "Mozilla/5.0 (Windows NT 10.0; Win64; x64; rv:131.0) Gecko/20100101 Firefox/131.0"
178.115.42.220 - - [05/Nov/2024:14:19:00 +0100] "GET /entry.php?id=10271&&ser=812680 HTTP/1.1" 200 986 "http://hausegger.activities.at/entry.php?id=10271&&ser=812620" "Mozilla/5.0 (Windows NT 10.0; Win64; x64; rv:131.0) Gecko/20100101 Firefox/131.0"
178.115.42.220 - - [05/Nov/2024:14:19:01 +0100] "GET /gui/javascript/form_form.js?1730812741 HTTP/1.1" 200 16206 "http://hausegger.activities.at/entry.php?id=10271&&ser=812680" "Mozilla/5.0 (Windows NT 10.0; Win64; x64; rv:131.0) Gecko/20100101 Firefox/131.0"
178.115.42.220 - - [05/Nov/2024:14:20:01 +0100] "GET /entry.php?id=10271&&ser=812741 HTTP/1.1" 200 986 "http://hausegger.activities.at/entry.php?id=10271&&ser=812680" "Mozilla/5.0 (Windows NT 10.0; Win64; x64; rv:131.0) Gecko/20100101 Firefox/131.0"
178.115.42.220 - - [05/Nov/2024:14:20:01 +0100] "GET /gui/javascript/form_form.js?1730812801 HTTP/1.1" 200 16206 "http://hausegger.activities.at/entry.php?id=10271&&ser=812741" "Mozilla/5.0 (Windows NT 10.0; Win64; x64; rv:131.0) Gecko/20100101 Firefox/131.0"
156.59.198.135 - - [05/Nov/2024:14:20:53 +0100] "GET /renault.2web.at/htdocs/export/xml/data/orders/202102010903_RenOrder.xml HTTP/1.0" 404 324 "-" "Mozilla/5.0 (Linux; Android 5.0) AppleWebKit/537.36 (KHTML, like Gecko) Mobile Safari/537.36 (compatible; Bytespider; spider-feedback@bytedance.com)"
178.115.42.220 - - [05/Nov/2024:14:21:01 +0100] "GET /entry.php?id=10271&&ser=812801 HTTP/1.1" 200 986 "http://hausegger.activities.at/entry.php?id=10271&&ser=812741" "Mozilla/5.0 (Windows NT 10.0; Win64; x64; rv:131.0) Gecko/20100101 Firefox/131.0"
178.115.42.220 - - [05/Nov/2024:14:21:01 +0100] "GET /gui/javascript/form_form.js?1730812861 HTTP/1.1" 200 16206 "http://hausegger.activities.at/entry.php?id=10271&&ser=812801" "Mozilla/5.0 (Windows NT 10.0; Win64; x64; rv:131.0) Gecko/20100101 Firefox/131.0"
178.115.42.220 - - [05/Nov/2024:14:22:01 +0100] "GET /entry.php?id=10271&&ser=812861 HTTP/1.1" 200 986 "http://hausegger.activities.at/entry.php?id=10271&&ser=812801" "Mozilla/5.0 (Windows NT 10.0; Win64; x64; rv:131.0) Gecko/20100101 Firefox/131.0"
178.115.42.220 - - [05/Nov/2024:14:22:01 +0100] "GET /gui/javascript/form_form.js?1730812921 HTTP/1.1" 200 16206 "http://hausegger.activities.at/entry.php?id=10271&&ser=812861" "Mozilla/5.0 (Windows NT 10.0; Win64; x64; rv:131.0) Gecko/20100101 Firefox/131.0"
178.115.42.220 - - [05/Nov/2024:14:23:02 +0100] "GET /entry.php?id=10271&&ser=812921 HTTP/1.1" 200 987 "http://hausegger.activities.at/entry.php?id=10271&&ser=812861" "Mozilla/5.0 (Windows NT 10.0; Win64; x64; rv:131.0) Gecko/20100101 Firefox/131.0"
178.115.42.220 - - [05/Nov/2024:14:23:02 +0100] "GET /gui/javascript/form_form.js?1730812982 HTTP/1.1" 200 16206 "http://hausegger.activities.at/entry.php?id=10271&&ser=812921" "Mozilla/5.0 (Windows NT 10.0; Win64; x64; rv:131.0) Gecko/20100101 Firefox/131.0"
178.115.42.220 - - [05/Nov/2024:14:24:02 +0100] "GET /entry.php?id=10271&&ser=812982 HTTP/1.1" 200 987 "http://hausegger.activities.at/entry.php?id=10271&&ser=812921" "Mozilla/5.0 (Windows NT 10.0; Win64; x64; rv:131.0) Gecko/20100101 Firefox/131.0"
178.115.42.220 - - [05/Nov/2024:14:24:02 +0100] "GET /gui/javascript/form_form.js?1730813042 HTTP/1.1" 200 16206 "http://hausegger.activities.at/entry.php?id=10271&&ser=812982" "Mozilla/5.0 (Windows NT 10.0; Win64; x64; rv:131.0) Gecko/20100101 Firefox/131.0"
109.194.248.203 - - [05/Nov/2024:14:24:03 +0100] "GET / HTTP/1.0" 200 423 "http://food-and-drink.vienna-lodgings.at/" "Mozilla/5.0 (Windows NT 10.0; Win64; x64) AppleWebKit/537.36 (KHTML, like Gecko) Chrome/103.0.5060.53 Safari/537.36"
156.59.198.135 - - [05/Nov/2024:14:24:53 +0100] "GET /renault.2web.at/htdocs/export/xml/data/orders/202008041103_RenOrder.xml HTTP/1.0" 404 324 "-" "Mozilla/5.0 (Linux; Android 5.0) AppleWebKit/537.36 (KHTML, like Gecko) Mobile Safari/537.36 (compatible; Bytespider; spider-feedback@bytedance.com)"
178.115.42.220 - - [05/Nov/2024:14:25:02 +0100] "GET /entry.php?id=10271&&ser=813042 HTTP/1.1" 200 988 "http://hausegger.activities.at/entry.php?id=10271&&ser=812982" "Mozilla/5.0 (Windows NT 10.0; Win64; x64; rv:131.0) Gecko/20100101 Firefox/131.0"
178.115.42.220 - - [05/Nov/2024:14:25:03 +0100] "GET /gui/javascript/form_form.js?1730813103 HTTP/1.1" 200 16206 "http://hausegger.activities.at/entry.php?id=10271&&ser=813042" "Mozilla/5.0 (Windows NT 10.0; Win64; x64; rv:131.0) Gecko/20100101 Firefox/131.0"
178.115.42.220 - - [05/Nov/2024:14:26:03 +0100] "GET /entry.php?id=10271&&ser=813103 HTTP/1.1" 200 988 "http://hausegger.activities.at/entry.php?id=10271&&ser=813042" "Mozilla/5.0 (Windows NT 10.0; Win64; x64; rv:131.0) Gecko/20100101 Firefox/131.0"
178.115.42.220 - - [05/Nov/2024:14:26:03 +0100] "GET /gui/javascript/form_form.js?1730813163 HTTP/1.1" 200 16206 "http://hausegger.activities.at/entry.php?id=10271&&ser=813103" "Mozilla/5.0 (Windows NT 10.0; Win64; x64; rv:131.0) Gecko/20100101 Firefox/131.0"
178.115.42.220 - - [05/Nov/2024:14:27:03 +0100] "GET /entry.php?id=10271&&ser=813163 HTTP/1.1" 200 987 "http://hausegger.activities.at/entry.php?id=10271&&ser=813103" "Mozilla/5.0 (Windows NT 10.0; Win64; x64; rv:131.0) Gecko/20100101 Firefox/131.0"
178.115.42.220 - - [05/Nov/2024:14:27:03 +0100] "GET /gui/javascript/form_form.js?1730813223 HTTP/1.1" 200 16206 "http://hausegger.activities.at/entry.php?id=10271&&ser=813163" "Mozilla/5.0 (Windows NT 10.0; Win64; x64; rv:131.0) Gecko/20100101 Firefox/131.0"
178.115.42.220 - - [05/Nov/2024:14:28:03 +0100] "GET /entry.php?id=10271&&ser=813223 HTTP/1.1" 200 987 "http://hausegger.activities.at/entry.php?id=10271&&ser=813163" "Mozilla/5.0 (Windows NT 10.0; Win64; x64; rv:131.0) Gecko/20100101 Firefox/131.0"
178.115.42.220 - - [05/Nov/2024:14:28:03 +0100] "GET /gui/javascript/form_form.js?1730813283 HTTP/1.1" 200 16206 "http://hausegger.activities.at/entry.php?id=10271&&ser=813223" "Mozilla/5.0 (Windows NT 10.0; Win64; x64; rv:131.0) Gecko/20100101 Firefox/131.0"
156.59.198.136 - - [05/Nov/2024:14:28:53 +0100] "GET /renault.activities.at/htdocs/export/pdf/emuc_document/10839752.pdf HTTP/1.0" 404 323 "-" "Mozilla/5.0 (Linux; Android 5.0) AppleWebKit/537.36 (KHTML, like Gecko) Mobile Safari/537.36 (compatible; Bytespider; spider-feedback@bytedance.com)"
178.115.42.220 - - [05/Nov/2024:14:29:04 +0100] "GET /entry.php?id=10271&&ser=813283 HTTP/1.1" 200 988 "http://hausegger.activities.at/entry.php?id=10271&&ser=813223" "Mozilla/5.0 (Windows NT 10.0; Win64; x64; rv:131.0) Gecko/20100101 Firefox/131.0"
178.115.42.220 - - [05/Nov/2024:14:29:04 +0100] "GET /gui/javascript/form_form.js?1730813344 HTTP/1.1" 200 16206 "http://hausegger.activities.at/entry.php?id=10271&&ser=813283" "Mozilla/5.0 (Windows NT 10.0; Win64; x64; rv:131.0) Gecko/20100101 Firefox/131.0"
178.115.42.220 - - [05/Nov/2024:14:30:04 +0100] "GET /entry.php?id=10271&&ser=813344 HTTP/1.1" 200 987 "http://hausegger.activities.at/entry.php?id=10271&&ser=813283" "Mozilla/5.0 (Windows NT 10.0; Win64; x64; rv:131.0) Gecko/20100101 Firefox/131.0"
178.115.42.220 - - [05/Nov/2024:14:30:04 +0100] "GET /gui/javascript/form_form.js?1730813404 HTTP/1.1" 200 16206 "http://hausegger.activities.at/entry.php?id=10271&&ser=813344" "Mozilla/5.0 (Windows NT 10.0; Win64; x64; rv:131.0) Gecko/20100101 Firefox/131.0"
178.115.42.220 - - [05/Nov/2024:14:31:04 +0100] "GET /entry.php?id=10271&&ser=813404 HTTP/1.1" 200 987 "http://hausegger.activities.at/entry.php?id=10271&&ser=813344" "Mozilla/5.0 (Windows NT 10.0; Win64; x64; rv:131.0) Gecko/20100101 Firefox/131.0"
178.115.42.220 - - [05/Nov/2024:14:31:04 +0100] "GET /gui/javascript/form_form.js?1730813464 HTTP/1.1" 200 16206 "http://hausegger.activities.at/entry.php?id=10271&&ser=813404" "Mozilla/5.0 (Windows NT 10.0; Win64; x64; rv:131.0) Gecko/20100101 Firefox/131.0"
178.115.42.220 - - [05/Nov/2024:14:32:04 +0100] "GET /entry.php?id=10271&&ser=813464 HTTP/1.1" 200 987 "http://hausegger.activities.at/entry.php?id=10271&&ser=813404" "Mozilla/5.0 (Windows NT 10.0; Win64; x64; rv:131.0) Gecko/20100101 Firefox/131.0"
178.115.42.220 - - [05/Nov/2024:14:32:05 +0100] "GET /gui/javascript/form_form.js?1730813525 HTTP/1.1" 200 16206 "http://hausegger.activities.at/entry.php?id=10271&&ser=813464" "Mozilla/5.0 (Windows NT 10.0; Win64; x64; rv:131.0) Gecko/20100101 Firefox/131.0"
93.174.93.12 - - [05/Nov/2024:14:32:17 +0100] "GET / HTTP/1.0" 200 423 "-" "Mozilla/5.0 (Windows NT 6.1; WOW64) AppleWebKit/537.36 (KHTML, like Gecko) Chrome/55.0.2883.87 UBrowser/6.2.4098.3 Safari/537.36"
178.115.42.220 - - [05/Nov/2024:14:33:05 +0100] "GET /entry.php?id=10271&&ser=813525 HTTP/1.1" 200 987 "http://hausegger.activities.at/entry.php?id=10271&&ser=813464" "Mozilla/5.0 (Windows NT 10.0; Win64; x64; rv:131.0) Gecko/20100101 Firefox/131.0"
178.115.42.220 - - [05/Nov/2024:14:33:05 +0100] "GET /gui/javascript/form_form.js?1730813585 HTTP/1.1" 200 16206 "http://hausegger.activities.at/entry.php?id=10271&&ser=813525" "Mozilla/5.0 (Windows NT 10.0; Win64; x64; rv:131.0) Gecko/20100101 Firefox/131.0"
178.115.42.220 - - [05/Nov/2024:14:34:05 +0100] "GET /entry.php?id=10271&&ser=813585 HTTP/1.1" 200 987 "http://hausegger.activities.at/entry.php?id=10271&&ser=813525" "Mozilla/5.0 (Windows NT 10.0; Win64; x64; rv:131.0) Gecko/20100101 Firefox/131.0"
178.115.42.220 - - [05/Nov/2024:14:34:05 +0100] "GET /gui/javascript/form_form.js?1730813645 HTTP/1.1" 200 16206 "http://hausegger.activities.at/entry.php?id=10271&&ser=813585" "Mozilla/5.0 (Windows NT 10.0; Win64; x64; rv:131.0) Gecko/20100101 Firefox/131.0"
178.115.42.220 - - [05/Nov/2024:14:35:06 +0100] "GET /entry.php?id=10271&&ser=813645 HTTP/1.1" 200 986 "http://hausegger.activities.at/entry.php?id=10271&&ser=813585" "Mozilla/5.0 (Windows NT 10.0; Win64; x64; rv:131.0) Gecko/20100101 Firefox/131.0"
178.115.42.220 - - [05/Nov/2024:14:35:06 +0100] "GET /gui/javascript/form_form.js?1730813706 HTTP/1.1" 200 16206 "http://hausegger.activities.at/entry.php?id=10271&&ser=813645" "Mozilla/5.0 (Windows NT 10.0; Win64; x64; rv:131.0) Gecko/20100101 Firefox/131.0"
178.115.42.220 - - [05/Nov/2024:14:36:06 +0100] "GET /entry.php?id=10271&&ser=813706 HTTP/1.1" 200 987 "http://hausegger.activities.at/entry.php?id=10271&&ser=813645" "Mozilla/5.0 (Windows NT 10.0; Win64; x64; rv:131.0) Gecko/20100101 Firefox/131.0"
178.115.42.220 - - [05/Nov/2024:14:36:06 +0100] "GET /gui/javascript/form_form.js?1730813766 HTTP/1.1" 200 16206 "http://hausegger.activities.at/entry.php?id=10271&&ser=813706" "Mozilla/5.0 (Windows NT 10.0; Win64; x64; rv:131.0) Gecko/20100101 Firefox/131.0"
178.115.42.220 - - [05/Nov/2024:14:37:06 +0100] "GET /entry.php?id=10271&&ser=813766 HTTP/1.1" 200 987 "http://hausegger.activities.at/entry.php?id=10271&&ser=813706" "Mozilla/5.0 (Windows NT 10.0; Win64; x64; rv:131.0) Gecko/20100101 Firefox/131.0"
178.115.42.220 - - [05/Nov/2024:14:37:06 +0100] "GET /gui/javascript/form_form.js?1730813826 HTTP/1.1" 200 16206 "http://hausegger.activities.at/entry.php?id=10271&&ser=813766" "Mozilla/5.0 (Windows NT 10.0; Win64; x64; rv:131.0) Gecko/20100101 Firefox/131.0"
178.115.42.220 - - [05/Nov/2024:14:38:06 +0100] "GET /entry.php?id=10271&&ser=813826 HTTP/1.1" 200 987 "http://hausegger.activities.at/entry.php?id=10271&&ser=813766" "Mozilla/5.0 (Windows NT 10.0; Win64; x64; rv:131.0) Gecko/20100101 Firefox/131.0"
178.115.42.220 - - [05/Nov/2024:14:38:06 +0100] "GET /gui/javascript/form_form.js?1730813886 HTTP/1.1" 200 16206 "http://hausegger.activities.at/entry.php?id=10271&&ser=813826" "Mozilla/5.0 (Windows NT 10.0; Win64; x64; rv:131.0) Gecko/20100101 Firefox/131.0"
178.115.42.220 - - [05/Nov/2024:14:39:07 +0100] "GET /entry.php?id=10271&&ser=813886 HTTP/1.1" 200 987 "http://hausegger.activities.at/entry.php?id=10271&&ser=813826" "Mozilla/5.0 (Windows NT 10.0; Win64; x64; rv:131.0) Gecko/20100101 Firefox/131.0"
178.115.42.220 - - [05/Nov/2024:14:39:07 +0100] "GET /gui/javascript/form_form.js?1730813947 HTTP/1.1" 200 16206 "http://hausegger.activities.at/entry.php?id=10271&&ser=813886" "Mozilla/5.0 (Windows NT 10.0; Win64; x64; rv:131.0) Gecko/20100101 Firefox/131.0"
178.115.42.220 - - [05/Nov/2024:14:40:07 +0100] "GET /entry.php?id=10271&&ser=813947 HTTP/1.1" 200 987 "http://hausegger.activities.at/entry.php?id=10271&&ser=813886" "Mozilla/5.0 (Windows NT 10.0; Win64; x64; rv:131.0) Gecko/20100101 Firefox/131.0"
178.115.42.220 - - [05/Nov/2024:14:40:07 +0100] "GET /gui/javascript/form_form.js?1730814007 HTTP/1.1" 200 16206 "http://hausegger.activities.at/entry.php?id=10271&&ser=813947" "Mozilla/5.0 (Windows NT 10.0; Win64; x64; rv:131.0) Gecko/20100101 Firefox/131.0"
178.115.42.220 - - [05/Nov/2024:14:41:07 +0100] "GET /entry.php?id=10271&&ser=814007 HTTP/1.1" 200 987 "http://hausegger.activities.at/entry.php?id=10271&&ser=813947" "Mozilla/5.0 (Windows NT 10.0; Win64; x64; rv:131.0) Gecko/20100101 Firefox/131.0"
178.115.42.220 - - [05/Nov/2024:14:41:07 +0100] "GET /gui/javascript/form_form.js?1730814067 HTTP/1.1" 200 16206 "http://hausegger.activities.at/entry.php?id=10271&&ser=814007" "Mozilla/5.0 (Windows NT 10.0; Win64; x64; rv:131.0) Gecko/20100101 Firefox/131.0"
178.115.42.220 - - [05/Nov/2024:14:42:08 +0100] "GET /entry.php?id=10271&&ser=814067 HTTP/1.1" 200 987 "http://hausegger.activities.at/entry.php?id=10271&&ser=814007" "Mozilla/5.0 (Windows NT 10.0; Win64; x64; rv:131.0) Gecko/20100101 Firefox/131.0"
178.115.42.220 - - [05/Nov/2024:14:42:08 +0100] "GET /gui/javascript/form_form.js?1730814128 HTTP/1.1" 200 16206 "http://hausegger.activities.at/entry.php?id=10271&&ser=814067" "Mozilla/5.0 (Windows NT 10.0; Win64; x64; rv:131.0) Gecko/20100101 Firefox/131.0"
178.115.42.220 - - [05/Nov/2024:14:43:08 +0100] "GET /entry.php?id=10271&&ser=814128 HTTP/1.1" 200 986 "http://hausegger.activities.at/entry.php?id=10271&&ser=814067" "Mozilla/5.0 (Windows NT 10.0; Win64; x64; rv:131.0) Gecko/20100101 Firefox/131.0"
178.115.42.220 - - [05/Nov/2024:14:43:08 +0100] "GET /gui/javascript/form_form.js?1730814188 HTTP/1.1" 200 16206 "http://hausegger.activities.at/entry.php?id=10271&&ser=814128" "Mozilla/5.0 (Windows NT 10.0; Win64; x64; rv:131.0) Gecko/20100101 Firefox/131.0"
178.115.42.220 - - [05/Nov/2024:14:44:08 +0100] "GET /entry.php?id=10271&&ser=814188 HTTP/1.1" 200 987 "http://hausegger.activities.at/entry.php?id=10271&&ser=814128" "Mozilla/5.0 (Windows NT 10.0; Win64; x64; rv:131.0) Gecko/20100101 Firefox/131.0"
178.115.42.220 - - [05/Nov/2024:14:44:08 +0100] "GET /gui/javascript/form_form.js?1730814248 HTTP/1.1" 200 16206 "http://hausegger.activities.at/entry.php?id=10271&&ser=814188" "Mozilla/5.0 (Windows NT 10.0; Win64; x64; rv:131.0) Gecko/20100101 Firefox/131.0"
178.115.42.220 - - [05/Nov/2024:14:45:08 +0100] "GET /entry.php?id=10271&&ser=814248 HTTP/1.1" 200 986 "http://hausegger.activities.at/entry.php?id=10271&&ser=814188" "Mozilla/5.0 (Windows NT 10.0; Win64; x64; rv:131.0) Gecko/20100101 Firefox/131.0"
178.115.42.220 - - [05/Nov/2024:14:45:09 +0100] "GET /gui/javascript/form_form.js?1730814308 HTTP/1.1" 200 16206 "http://hausegger.activities.at/entry.php?id=10271&&ser=814248" "Mozilla/5.0 (Windows NT 10.0; Win64; x64; rv:131.0) Gecko/20100101 Firefox/131.0"
178.115.42.220 - - [05/Nov/2024:14:46:09 +0100] "GET /entry.php?id=10271&&ser=814308 HTTP/1.1" 200 986 "http://hausegger.activities.at/entry.php?id=10271&&ser=814248" "Mozilla/5.0 (Windows NT 10.0; Win64; x64; rv:131.0) Gecko/20100101 Firefox/131.0"
178.115.42.220 - - [05/Nov/2024:14:46:09 +0100] "GET /gui/javascript/form_form.js?1730814369 HTTP/1.1" 200 16206 "http://hausegger.activities.at/entry.php?id=10271&&ser=814308" "Mozilla/5.0 (Windows NT 10.0; Win64; x64; rv:131.0) Gecko/20100101 Firefox/131.0"
178.115.42.220 - - [05/Nov/2024:14:47:09 +0100] "GET /entry.php?id=10271&&ser=814369 HTTP/1.1" 200 987 "http://hausegger.activities.at/entry.php?id=10271&&ser=814308" "Mozilla/5.0 (Windows NT 10.0; Win64; x64; rv:131.0) Gecko/20100101 Firefox/131.0"
178.115.42.220 - - [05/Nov/2024:14:47:09 +0100] "GET /gui/javascript/form_form.js?1730814429 HTTP/1.1" 200 16206 "http://hausegger.activities.at/entry.php?id=10271&&ser=814369" "Mozilla/5.0 (Windows NT 10.0; Win64; x64; rv:131.0) Gecko/20100101 Firefox/131.0"
178.115.42.220 - - [05/Nov/2024:14:48:09 +0100] "GET /entry.php?id=10271&&ser=814429 HTTP/1.1" 200 987 "http://hausegger.activities.at/entry.php?id=10271&&ser=814369" "Mozilla/5.0 (Windows NT 10.0; Win64; x64; rv:131.0) Gecko/20100101 Firefox/131.0"
178.115.42.220 - - [05/Nov/2024:14:48:09 +0100] "GET /gui/javascript/form_form.js?1730814489 HTTP/1.1" 200 16206 "http://hausegger.activities.at/entry.php?id=10271&&ser=814429" "Mozilla/5.0 (Windows NT 10.0; Win64; x64; rv:131.0) Gecko/20100101 Firefox/131.0"
42.238.248.147 - - [05/Nov/2024:14:48:54 +0100] "GET /boaform/admin/formLogin?username=admin&psd=admin HTTP/1.0" 404 378 "-" "-"
178.115.42.220 - - [05/Nov/2024:14:49:13 +0100] "GET /entry.php?id=10271&&ser=814489 HTTP/1.1" 200 987 "http://hausegger.activities.at/entry.php?id=10271&&ser=814429" "Mozilla/5.0 (Windows NT 10.0; Win64; x64; rv:131.0) Gecko/20100101 Firefox/131.0"
178.115.42.220 - - [05/Nov/2024:14:49:13 +0100] "GET /gui/javascript/form_form.js?1730814553 HTTP/1.1" 200 16206 "http://hausegger.activities.at/entry.php?id=10271&&ser=814489" "Mozilla/5.0 (Windows NT 10.0; Win64; x64; rv:131.0) Gecko/20100101 Firefox/131.0"
178.115.42.220 - - [05/Nov/2024:14:50:13 +0100] "GET /entry.php?id=10271&&ser=814553 HTTP/1.1" 200 987 "http://hausegger.activities.at/entry.php?id=10271&&ser=814489" "Mozilla/5.0 (Windows NT 10.0; Win64; x64; rv:131.0) Gecko/20100101 Firefox/131.0"
178.115.42.220 - - [05/Nov/2024:14:50:13 +0100] "GET /gui/javascript/form_form.js?1730814613 HTTP/1.1" 200 16206 "http://hausegger.activities.at/entry.php?id=10271&&ser=814553" "Mozilla/5.0 (Windows NT 10.0; Win64; x64; rv:131.0) Gecko/20100101 Firefox/131.0"
178.115.42.220 - - [05/Nov/2024:14:51:13 +0100] "GET /entry.php?id=10271&&ser=814613 HTTP/1.1" 200 987 "http://hausegger.activities.at/entry.php?id=10271&&ser=814553" "Mozilla/5.0 (Windows NT 10.0; Win64; x64; rv:131.0) Gecko/20100101 Firefox/131.0"
178.115.42.220 - - [05/Nov/2024:14:51:13 +0100] "GET /gui/javascript/form_form.js?1730814673 HTTP/1.1" 200 16206 "http://hausegger.activities.at/entry.php?id=10271&&ser=814613" "Mozilla/5.0 (Windows NT 10.0; Win64; x64; rv:131.0) Gecko/20100101 Firefox/131.0"
178.115.42.220 - - [05/Nov/2024:14:52:13 +0100] "GET /entry.php?id=10271&&ser=814673 HTTP/1.1" 200 986 "http://hausegger.activities.at/entry.php?id=10271&&ser=814613" "Mozilla/5.0 (Windows NT 10.0; Win64; x64; rv:131.0) Gecko/20100101 Firefox/131.0"
178.115.42.220 - - [05/Nov/2024:14:52:13 +0100] "GET /gui/javascript/form_form.js?1730814733 HTTP/1.1" 200 16206 "http://hausegger.activities.at/entry.php?id=10271&&ser=814673" "Mozilla/5.0 (Windows NT 10.0; Win64; x64; rv:131.0) Gecko/20100101 Firefox/131.0"
178.115.42.220 - - [05/Nov/2024:14:53:14 +0100] "GET /entry.php?id=10271&&ser=814733 HTTP/1.1" 200 987 "http://hausegger.activities.at/entry.php?id=10271&&ser=814673" "Mozilla/5.0 (Windows NT 10.0; Win64; x64; rv:131.0) Gecko/20100101 Firefox/131.0"
178.115.42.220 - - [05/Nov/2024:14:53:14 +0100] "GET /gui/javascript/form_form.js?1730814794 HTTP/1.1" 200 16206 "http://hausegger.activities.at/entry.php?id=10271&&ser=814733" "Mozilla/5.0 (Windows NT 10.0; Win64; x64; rv:131.0) Gecko/20100101 Firefox/131.0"
156.59.198.135 - - [05/Nov/2024:14:54:03 +0100] "GET /renault.activities.at/htdocs/export/pdf/emuc_document/11503844.pdf HTTP/1.0" 404 322 "-" "Mozilla/5.0 (Linux; Android 5.0) AppleWebKit/537.36 (KHTML, like Gecko) Mobile Safari/537.36 (compatible; Bytespider; spider-feedback@bytedance.com)"
178.115.42.220 - - [05/Nov/2024:14:54:14 +0100] "GET /entry.php?id=10271&&ser=814794 HTTP/1.1" 200 987 "http://hausegger.activities.at/entry.php?id=10271&&ser=814733" "Mozilla/5.0 (Windows NT 10.0; Win64; x64; rv:131.0) Gecko/20100101 Firefox/131.0"
178.115.42.220 - - [05/Nov/2024:14:54:14 +0100] "GET /gui/javascript/form_form.js?1730814854 HTTP/1.1" 200 16206 "http://hausegger.activities.at/entry.php?id=10271&&ser=814794" "Mozilla/5.0 (Windows NT 10.0; Win64; x64; rv:131.0) Gecko/20100101 Firefox/131.0"
178.115.42.220 - - [05/Nov/2024:14:55:14 +0100] "GET /entry.php?id=10271&&ser=814854 HTTP/1.1" 200 987 "http://hausegger.activities.at/entry.php?id=10271&&ser=814794" "Mozilla/5.0 (Windows NT 10.0; Win64; x64; rv:131.0) Gecko/20100101 Firefox/131.0"
178.115.42.220 - - [05/Nov/2024:14:55:14 +0100] "GET /gui/javascript/form_form.js?1730814914 HTTP/1.1" 200 16206 "http://hausegger.activities.at/entry.php?id=10271&&ser=814854" "Mozilla/5.0 (Windows NT 10.0; Win64; x64; rv:131.0) Gecko/20100101 Firefox/131.0"
178.115.42.220 - - [05/Nov/2024:14:56:14 +0100] "GET /entry.php?id=10271&&ser=814914 HTTP/1.1" 200 987 "http://hausegger.activities.at/entry.php?id=10271&&ser=814854" "Mozilla/5.0 (Windows NT 10.0; Win64; x64; rv:131.0) Gecko/20100101 Firefox/131.0"
178.115.42.220 - - [05/Nov/2024:14:56:15 +0100] "GET /gui/javascript/form_form.js?1730814975 HTTP/1.1" 200 16206 "http://hausegger.activities.at/entry.php?id=10271&&ser=814914" "Mozilla/5.0 (Windows NT 10.0; Win64; x64; rv:131.0) Gecko/20100101 Firefox/131.0"
45.140.17.52 - - [05/Nov/2024:14:56:40 +0100] "\x03" 400 383 "-" "-"
178.115.42.220 - - [05/Nov/2024:14:57:15 +0100] "GET /entry.php?id=10271&&ser=814975 HTTP/1.1" 200 987 "http://hausegger.activities.at/entry.php?id=10271&&ser=814914" "Mozilla/5.0 (Windows NT 10.0; Win64; x64; rv:131.0) Gecko/20100101 Firefox/131.0"
178.115.42.220 - - [05/Nov/2024:14:57:15 +0100] "GET /gui/javascript/form_form.js?1730815035 HTTP/1.1" 200 16206 "http://hausegger.activities.at/entry.php?id=10271&&ser=814975" "Mozilla/5.0 (Windows NT 10.0; Win64; x64; rv:131.0) Gecko/20100101 Firefox/131.0"
178.115.42.220 - - [05/Nov/2024:14:58:15 +0100] "GET /entry.php?id=10271&&ser=815035 HTTP/1.1" 200 987 "http://hausegger.activities.at/entry.php?id=10271&&ser=814975" "Mozilla/5.0 (Windows NT 10.0; Win64; x64; rv:131.0) Gecko/20100101 Firefox/131.0"
178.115.42.220 - - [05/Nov/2024:14:58:15 +0100] "GET /gui/javascript/form_form.js?1730815095 HTTP/1.1" 200 16206 "http://hausegger.activities.at/entry.php?id=10271&&ser=815035" "Mozilla/5.0 (Windows NT 10.0; Win64; x64; rv:131.0) Gecko/20100101 Firefox/131.0"
178.115.42.220 - - [05/Nov/2024:14:59:15 +0100] "GET /entry.php?id=10271&&ser=815095 HTTP/1.1" 200 988 "http://hausegger.activities.at/entry.php?id=10271&&ser=815035" "Mozilla/5.0 (Windows NT 10.0; Win64; x64; rv:131.0) Gecko/20100101 Firefox/131.0"
178.115.42.220 - - [05/Nov/2024:14:59:15 +0100] "GET /gui/javascript/form_form.js?1730815155 HTTP/1.1" 200 16206 "http://hausegger.activities.at/entry.php?id=10271&&ser=815095" "Mozilla/5.0 (Windows NT 10.0; Win64; x64; rv:131.0) Gecko/20100101 Firefox/131.0"
80.66.77.235 - - [05/Nov/2024:14:59:59 +0100] "GET / HTTP/1.1" 200 274 "-" "Mozilla/5.0 zgrab/0.x"
