178.115.42.220 - - [06/Nov/2024:15:46:31 +0100] "GET /gui/javascript/form_form.js?1730904391 HTTP/1.1" 200 16206 "http://hausegger.activities.at/entry.php?id=10271&&ser=904331" "Mozilla/5.0 (Windows NT 10.0; Win64; x64; rv:131.0) Gecko/20100101 Firefox/131.0"
80.82.77.202 - - [06/Nov/2024:15:46:45 +0100] "\x16\x03\x02\x01o\x01" 400 383 "-" "-"
178.115.42.220 - - [06/Nov/2024:15:47:31 +0100] "GET /entry.php?id=10271&&ser=904391 HTTP/1.1" 200 987 "http://hausegger.activities.at/entry.php?id=10271&&ser=904331" "Mozilla/5.0 (Windows NT 10.0; Win64; x64; rv:131.0) Gecko/20100101 Firefox/131.0"
178.115.42.220 - - [06/Nov/2024:15:47:32 +0100] "GET /gui/javascript/form_form.js?1730904452 HTTP/1.1" 200 16206 "http://hausegger.activities.at/entry.php?id=10271&&ser=904391" "Mozilla/5.0 (Windows NT 10.0; Win64; x64; rv:131.0) Gecko/20100101 Firefox/131.0"
178.115.42.220 - - [06/Nov/2024:15:48:32 +0100] "GET /entry.php?id=10271&&ser=904452 HTTP/1.1" 200 987 "http://hausegger.activities.at/entry.php?id=10271&&ser=904391" "Mozilla/5.0 (Windows NT 10.0; Win64; x64; rv:131.0) Gecko/20100101 Firefox/131.0"
178.115.42.220 - - [06/Nov/2024:15:48:32 +0100] "GET /gui/javascript/form_form.js?1730904512 HTTP/1.1" 200 16206 "http://hausegger.activities.at/entry.php?id=10271&&ser=904452" "Mozilla/5.0 (Windows NT 10.0; Win64; x64; rv:131.0) Gecko/20100101 Firefox/131.0"
178.115.42.220 - - [06/Nov/2024:15:49:32 +0100] "GET /entry.php?id=10271&&ser=904512 HTTP/1.1" 200 987 "http://hausegger.activities.at/entry.php?id=10271&&ser=904452" "Mozilla/5.0 (Windows NT 10.0; Win64; x64; rv:131.0) Gecko/20100101 Firefox/131.0"
178.115.42.220 - - [06/Nov/2024:15:49:32 +0100] "GET /gui/javascript/form_form.js?1730904572 HTTP/1.1" 200 16206 "http://hausegger.activities.at/entry.php?id=10271&&ser=904512" "Mozilla/5.0 (Windows NT 10.0; Win64; x64; rv:131.0) Gecko/20100101 Firefox/131.0"
173.252.83.18 - - [06/Nov/2024:15:49:35 +0100] "GET /download/file.php?id=251&%3Bsid=e90c3c271f3ec3c30474b3067feaed50 HTTP/1.1" 404 373 "-" "meta-externalagent/1.1 (+https://developers.facebook.com/docs/sharing/webmasters/crawler)"
178.115.42.220 - - [06/Nov/2024:15:50:32 +0100] "GET /entry.php?id=10271&&ser=904572 HTTP/1.1" 200 987 "http://hausegger.activities.at/entry.php?id=10271&&ser=904512" "Mozilla/5.0 (Windows NT 10.0; Win64; x64; rv:131.0) Gecko/20100101 Firefox/131.0"
178.115.42.220 - - [06/Nov/2024:15:50:32 +0100] "GET /gui/javascript/form_form.js?1730904632 HTTP/1.1" 200 16206 "http://hausegger.activities.at/entry.php?id=10271&&ser=904572" "Mozilla/5.0 (Windows NT 10.0; Win64; x64; rv:131.0) Gecko/20100101 Firefox/131.0"
178.115.42.220 - - [06/Nov/2024:15:51:33 +0100] "GET /entry.php?id=10271&&ser=904632 HTTP/1.1" 200 987 "http://hausegger.activities.at/entry.php?id=10271&&ser=904572" "Mozilla/5.0 (Windows NT 10.0; Win64; x64; rv:131.0) Gecko/20100101 Firefox/131.0"
178.115.42.220 - - [06/Nov/2024:15:51:33 +0100] "GET /gui/javascript/form_form.js?1730904693 HTTP/1.1" 200 16206 "http://hausegger.activities.at/entry.php?id=10271&&ser=904632" "Mozilla/5.0 (Windows NT 10.0; Win64; x64; rv:131.0) Gecko/20100101 Firefox/131.0"
178.115.42.220 - - [06/Nov/2024:15:52:33 +0100] "GET /entry.php?id=10271&&ser=904693 HTTP/1.1" 200 987 "http://hausegger.activities.at/entry.php?id=10271&&ser=904632" "Mozilla/5.0 (Windows NT 10.0; Win64; x64; rv:131.0) Gecko/20100101 Firefox/131.0"
178.115.42.220 - - [06/Nov/2024:15:52:33 +0100] "GET /gui/javascript/form_form.js?1730904753 HTTP/1.1" 200 16206 "http://hausegger.activities.at/entry.php?id=10271&&ser=904693" "Mozilla/5.0 (Windows NT 10.0; Win64; x64; rv:131.0) Gecko/20100101 Firefox/131.0"
178.115.42.220 - - [06/Nov/2024:15:53:33 +0100] "GET /entry.php?id=10271&&ser=904753 HTTP/1.1" 200 987 "http://hausegger.activities.at/entry.php?id=10271&&ser=904693" "Mozilla/5.0 (Windows NT 10.0; Win64; x64; rv:131.0) Gecko/20100101 Firefox/131.0"
178.115.42.220 - - [06/Nov/2024:15:53:33 +0100] "GET /gui/javascript/form_form.js?1730904813 HTTP/1.1" 200 16206 "http://hausegger.activities.at/entry.php?id=10271&&ser=904753" "Mozilla/5.0 (Windows NT 10.0; Win64; x64; rv:131.0) Gecko/20100101 Firefox/131.0"
156.59.198.136 - - [06/Nov/2024:15:53:35 +0100] "GET /renault.activities.at/htdocs/export/pdf/emuc_document/10777597.pdf HTTP/1.0" 404 322 "-" "Mozilla/5.0 (Linux; Android 5.0) AppleWebKit/537.36 (KHTML, like Gecko) Mobile Safari/537.36 (compatible; Bytespider; spider-feedback@bytedance.com)"
178.115.42.220 - - [06/Nov/2024:15:54:33 +0100] "GET /entry.php?id=10271&&ser=904813 HTTP/1.1" 200 987 "http://hausegger.activities.at/entry.php?id=10271&&ser=904753" "Mozilla/5.0 (Windows NT 10.0; Win64; x64; rv:131.0) Gecko/20100101 Firefox/131.0"
178.115.42.220 - - [06/Nov/2024:15:54:34 +0100] "GET /gui/javascript/form_form.js?1730904873 HTTP/1.1" 200 16206 "http://hausegger.activities.at/entry.php?id=10271&&ser=904813" "Mozilla/5.0 (Windows NT 10.0; Win64; x64; rv:131.0) Gecko/20100101 Firefox/131.0"
172.169.3.147 - - [06/Nov/2024:15:54:36 +0100] "GET /actuator/health HTTP/1.1" 404 287 "-" "Mozilla/5.0 zgrab/0.x"
178.115.42.220 - - [06/Nov/2024:15:55:34 +0100] "GET /entry.php?id=10271&&ser=904873 HTTP/1.1" 200 987 "http://hausegger.activities.at/entry.php?id=10271&&ser=904813" "Mozilla/5.0 (Windows NT 10.0; Win64; x64; rv:131.0) Gecko/20100101 Firefox/131.0"
178.115.42.220 - - [06/Nov/2024:15:55:34 +0100] "GET /gui/javascript/form_form.js?1730904934 HTTP/1.1" 200 16206 "http://hausegger.activities.at/entry.php?id=10271&&ser=904873" "Mozilla/5.0 (Windows NT 10.0; Win64; x64; rv:131.0) Gecko/20100101 Firefox/131.0"
178.115.42.220 - - [06/Nov/2024:15:56:34 +0100] "GET /entry.php?id=10271&&ser=904934 HTTP/1.1" 200 987 "http://hausegger.activities.at/entry.php?id=10271&&ser=904873" "Mozilla/5.0 (Windows NT 10.0; Win64; x64; rv:131.0) Gecko/20100101 Firefox/131.0"
178.115.42.220 - - [06/Nov/2024:15:56:34 +0100] "GET /gui/javascript/form_form.js?1730904994 HTTP/1.1" 200 16206 "http://hausegger.activities.at/entry.php?id=10271&&ser=904934" "Mozilla/5.0 (Windows NT 10.0; Win64; x64; rv:131.0) Gecko/20100101 Firefox/131.0"
178.115.42.220 - - [06/Nov/2024:15:57:34 +0100] "GET /entry.php?id=10271&&ser=904994 HTTP/1.1" 200 987 "http://hausegger.activities.at/entry.php?id=10271&&ser=904934" "Mozilla/5.0 (Windows NT 10.0; Win64; x64; rv:131.0) Gecko/20100101 Firefox/131.0"
178.115.42.220 - - [06/Nov/2024:15:57:34 +0100] "GET /gui/javascript/form_form.js?1730905054 HTTP/1.1" 200 16206 "http://hausegger.activities.at/entry.php?id=10271&&ser=904994" "Mozilla/5.0 (Windows NT 10.0; Win64; x64; rv:131.0) Gecko/20100101 Firefox/131.0"
156.59.198.135 - - [06/Nov/2024:15:57:35 +0100] "GET /renault.activities.at/htdocs/export/pdf/emuc_document/11167765.pdf HTTP/1.0" 404 322 "-" "Mozilla/5.0 (Linux; Android 5.0) AppleWebKit/537.36 (KHTML, like Gecko) Mobile Safari/537.36 (compatible; Bytespider; spider-feedback@bytedance.com)"
178.115.42.220 - - [06/Nov/2024:15:58:35 +0100] "GET /entry.php?id=10271&&ser=905054 HTTP/1.1" 200 987 "http://hausegger.activities.at/entry.php?id=10271&&ser=904994" "Mozilla/5.0 (Windows NT 10.0; Win64; x64; rv:131.0) Gecko/20100101 Firefox/131.0"
178.115.42.220 - - [06/Nov/2024:15:58:35 +0100] "GET /gui/javascript/form_form.js?1730905115 HTTP/1.1" 200 16206 "http://hausegger.activities.at/entry.php?id=10271&&ser=905054" "Mozilla/5.0 (Windows NT 10.0; Win64; x64; rv:131.0) Gecko/20100101 Firefox/131.0"
194.38.23.16 - - [06/Nov/2024:15:59:16 +0100] "GET /wp-content/plugins/cherry-plugin/admin/css/tinymce-shortcodes.css HTTP/1.1" 404 417 "-" "ALittle Client"
194.38.23.16 - - [06/Nov/2024:15:59:30 +0100] "GET /wp-content/plugins/cherry-plugin/admin/css/tinymce-shortcodes.css HTTP/1.1" 404 430 "-" "ALittle Client"
178.115.42.220 - - [06/Nov/2024:15:59:35 +0100] "GET /entry.php?id=10271&&ser=905115 HTTP/1.1" 200 987 "http://hausegger.activities.at/entry.php?id=10271&&ser=905054" "Mozilla/5.0 (Windows NT 10.0; Win64; x64; rv:131.0) Gecko/20100101 Firefox/131.0"
178.115.42.220 - - [06/Nov/2024:15:59:35 +0100] "GET /gui/javascript/form_form.js?1730905175 HTTP/1.1" 200 16206 "http://hausegger.activities.at/entry.php?id=10271&&ser=905115" "Mozilla/5.0 (Windows NT 10.0; Win64; x64; rv:131.0) Gecko/20100101 Firefox/131.0"
178.115.42.220 - - [06/Nov/2024:16:00:35 +0100] "GET /entry.php?id=10271&&ser=905175 HTTP/1.1" 200 987 "http://hausegger.activities.at/entry.php?id=10271&&ser=905115" "Mozilla/5.0 (Windows NT 10.0; Win64; x64; rv:131.0) Gecko/20100101 Firefox/131.0"
178.115.42.220 - - [06/Nov/2024:16:00:35 +0100] "GET /gui/javascript/form_form.js?1730905235 HTTP/1.1" 200 16206 "http://hausegger.activities.at/entry.php?id=10271&&ser=905175" "Mozilla/5.0 (Windows NT 10.0; Win64; x64; rv:131.0) Gecko/20100101 Firefox/131.0"
178.115.42.220 - - [06/Nov/2024:16:01:36 +0100] "GET /entry.php?id=10271&&ser=905235 HTTP/1.1" 200 987 "http://hausegger.activities.at/entry.php?id=10271&&ser=905175" "Mozilla/5.0 (Windows NT 10.0; Win64; x64; rv:131.0) Gecko/20100101 Firefox/131.0"
178.115.42.220 - - [06/Nov/2024:16:01:36 +0100] "GET /gui/javascript/form_form.js?1730905296 HTTP/1.1" 200 16206 "http://hausegger.activities.at/entry.php?id=10271&&ser=905235" "Mozilla/5.0 (Windows NT 10.0; Win64; x64; rv:131.0) Gecko/20100101 Firefox/131.0"
178.115.42.220 - - [06/Nov/2024:16:02:36 +0100] "GET /entry.php?id=10271&&ser=905296 HTTP/1.1" 200 987 "http://hausegger.activities.at/entry.php?id=10271&&ser=905235" "Mozilla/5.0 (Windows NT 10.0; Win64; x64; rv:131.0) Gecko/20100101 Firefox/131.0"
178.115.42.220 - - [06/Nov/2024:16:02:36 +0100] "GET /gui/javascript/form_form.js?1730905356 HTTP/1.1" 200 16206 "http://hausegger.activities.at/entry.php?id=10271&&ser=905296" "Mozilla/5.0 (Windows NT 10.0; Win64; x64; rv:131.0) Gecko/20100101 Firefox/131.0"
178.115.42.220 - - [06/Nov/2024:16:03:36 +0100] "GET /entry.php?id=10271&&ser=905356 HTTP/1.1" 200 987 "http://hausegger.activities.at/entry.php?id=10271&&ser=905296" "Mozilla/5.0 (Windows NT 10.0; Win64; x64; rv:131.0) Gecko/20100101 Firefox/131.0"
178.115.42.220 - - [06/Nov/2024:16:03:36 +0100] "GET /gui/javascript/form_form.js?1730905416 HTTP/1.1" 200 16206 "http://hausegger.activities.at/entry.php?id=10271&&ser=905356" "Mozilla/5.0 (Windows NT 10.0; Win64; x64; rv:131.0) Gecko/20100101 Firefox/131.0"
178.115.42.220 - - [06/Nov/2024:16:04:36 +0100] "GET /entry.php?id=10271&&ser=905416 HTTP/1.1" 200 987 "http://hausegger.activities.at/entry.php?id=10271&&ser=905356" "Mozilla/5.0 (Windows NT 10.0; Win64; x64; rv:131.0) Gecko/20100101 Firefox/131.0"
178.115.42.220 - - [06/Nov/2024:16:04:37 +0100] "GET /gui/javascript/form_form.js?1730905477 HTTP/1.1" 200 16206 "http://hausegger.activities.at/entry.php?id=10271&&ser=905416" "Mozilla/5.0 (Windows NT 10.0; Win64; x64; rv:131.0) Gecko/20100101 Firefox/131.0"
178.115.42.220 - - [06/Nov/2024:16:05:37 +0100] "GET /entry.php?id=10271&&ser=905477 HTTP/1.1" 200 987 "http://hausegger.activities.at/entry.php?id=10271&&ser=905416" "Mozilla/5.0 (Windows NT 10.0; Win64; x64; rv:131.0) Gecko/20100101 Firefox/131.0"
178.115.42.220 - - [06/Nov/2024:16:05:37 +0100] "GET /gui/javascript/form_form.js?1730905537 HTTP/1.1" 200 16206 "http://hausegger.activities.at/entry.php?id=10271&&ser=905477" "Mozilla/5.0 (Windows NT 10.0; Win64; x64; rv:131.0) Gecko/20100101 Firefox/131.0"
178.115.42.220 - - [06/Nov/2024:16:06:37 +0100] "GET /entry.php?id=10271&&ser=905537 HTTP/1.1" 200 987 "http://hausegger.activities.at/entry.php?id=10271&&ser=905477" "Mozilla/5.0 (Windows NT 10.0; Win64; x64; rv:131.0) Gecko/20100101 Firefox/131.0"
178.115.42.220 - - [06/Nov/2024:16:06:37 +0100] "GET /gui/javascript/form_form.js?1730905597 HTTP/1.1" 200 16206 "http://hausegger.activities.at/entry.php?id=10271&&ser=905537" "Mozilla/5.0 (Windows NT 10.0; Win64; x64; rv:131.0) Gecko/20100101 Firefox/131.0"
178.115.42.220 - - [06/Nov/2024:16:07:37 +0100] "GET /entry.php?id=10271&&ser=905597 HTTP/1.1" 200 987 "http://hausegger.activities.at/entry.php?id=10271&&ser=905537" "Mozilla/5.0 (Windows NT 10.0; Win64; x64; rv:131.0) Gecko/20100101 Firefox/131.0"
178.115.42.220 - - [06/Nov/2024:16:07:37 +0100] "GET /gui/javascript/form_form.js?1730905657 HTTP/1.1" 200 16206 "http://hausegger.activities.at/entry.php?id=10271&&ser=905597" "Mozilla/5.0 (Windows NT 10.0; Win64; x64; rv:131.0) Gecko/20100101 Firefox/131.0"
178.115.42.220 - - [06/Nov/2024:16:08:38 +0100] "GET /entry.php?id=10271&&ser=905657 HTTP/1.1" 200 987 "http://hausegger.activities.at/entry.php?id=10271&&ser=905597" "Mozilla/5.0 (Windows NT 10.0; Win64; x64; rv:131.0) Gecko/20100101 Firefox/131.0"
178.115.42.220 - - [06/Nov/2024:16:08:38 +0100] "GET /gui/javascript/form_form.js?1730905718 HTTP/1.1" 200 16206 "http://hausegger.activities.at/entry.php?id=10271&&ser=905657" "Mozilla/5.0 (Windows NT 10.0; Win64; x64; rv:131.0) Gecko/20100101 Firefox/131.0"
178.115.42.220 - - [06/Nov/2024:16:09:38 +0100] "GET /entry.php?id=10271&&ser=905718 HTTP/1.1" 200 987 "http://hausegger.activities.at/entry.php?id=10271&&ser=905657" "Mozilla/5.0 (Windows NT 10.0; Win64; x64; rv:131.0) Gecko/20100101 Firefox/131.0"
178.115.42.220 - - [06/Nov/2024:16:09:38 +0100] "GET /gui/javascript/form_form.js?1730905778 HTTP/1.1" 200 16206 "http://hausegger.activities.at/entry.php?id=10271&&ser=905718" "Mozilla/5.0 (Windows NT 10.0; Win64; x64; rv:131.0) Gecko/20100101 Firefox/131.0"
178.115.42.220 - - [06/Nov/2024:16:10:38 +0100] "GET /entry.php?id=10271&&ser=905778 HTTP/1.1" 200 987 "http://hausegger.activities.at/entry.php?id=10271&&ser=905718" "Mozilla/5.0 (Windows NT 10.0; Win64; x64; rv:131.0) Gecko/20100101 Firefox/131.0"
178.115.42.220 - - [06/Nov/2024:16:10:38 +0100] "GET /gui/javascript/form_form.js?1730905838 HTTP/1.1" 200 16206 "http://hausegger.activities.at/entry.php?id=10271&&ser=905778" "Mozilla/5.0 (Windows NT 10.0; Win64; x64; rv:131.0) Gecko/20100101 Firefox/131.0"
178.115.42.220 - - [06/Nov/2024:16:11:39 +0100] "GET /entry.php?id=10271&&ser=905838 HTTP/1.1" 200 987 "http://hausegger.activities.at/entry.php?id=10271&&ser=905778" "Mozilla/5.0 (Windows NT 10.0; Win64; x64; rv:131.0) Gecko/20100101 Firefox/131.0"
178.115.42.220 - - [06/Nov/2024:16:11:39 +0100] "GET /gui/javascript/form_form.js?1730905899 HTTP/1.1" 200 16206 "http://hausegger.activities.at/entry.php?id=10271&&ser=905838" "Mozilla/5.0 (Windows NT 10.0; Win64; x64; rv:131.0) Gecko/20100101 Firefox/131.0"
178.115.42.220 - - [06/Nov/2024:16:12:39 +0100] "GET /entry.php?id=10271&&ser=905899 HTTP/1.1" 200 987 "http://hausegger.activities.at/entry.php?id=10271&&ser=905838" "Mozilla/5.0 (Windows NT 10.0; Win64; x64; rv:131.0) Gecko/20100101 Firefox/131.0"
178.115.42.220 - - [06/Nov/2024:16:12:39 +0100] "GET /gui/javascript/form_form.js?1730905959 HTTP/1.1" 200 16206 "http://hausegger.activities.at/entry.php?id=10271&&ser=905899" "Mozilla/5.0 (Windows NT 10.0; Win64; x64; rv:131.0) Gecko/20100101 Firefox/131.0"
178.115.42.220 - - [06/Nov/2024:16:13:39 +0100] "GET /entry.php?id=10271&&ser=905959 HTTP/1.1" 200 987 "http://hausegger.activities.at/entry.php?id=10271&&ser=905899" "Mozilla/5.0 (Windows NT 10.0; Win64; x64; rv:131.0) Gecko/20100101 Firefox/131.0"
178.115.42.220 - - [06/Nov/2024:16:13:39 +0100] "GET /gui/javascript/form_form.js?1730906019 HTTP/1.1" 200 16206 "http://hausegger.activities.at/entry.php?id=10271&&ser=905959" "Mozilla/5.0 (Windows NT 10.0; Win64; x64; rv:131.0) Gecko/20100101 Firefox/131.0"
47.128.97.65 - - [06/Nov/2024:16:13:46 +0100] "GET /robots.txt HTTP/1.1" 404 284 "-" "Mozilla/5.0 (Linux; Android 5.0) AppleWebKit/537.36 (KHTML, like Gecko) Mobile Safari/537.36 (compatible; Bytespider; spider-feedback@bytedance.com)"
178.115.42.220 - - [06/Nov/2024:16:14:39 +0100] "GET /entry.php?id=10271&&ser=906019 HTTP/1.1" 200 987 "http://hausegger.activities.at/entry.php?id=10271&&ser=905959" "Mozilla/5.0 (Windows NT 10.0; Win64; x64; rv:131.0) Gecko/20100101 Firefox/131.0"
178.115.42.220 - - [06/Nov/2024:16:14:39 +0100] "GET /gui/javascript/form_form.js?1730906079 HTTP/1.1" 200 16206 "http://hausegger.activities.at/entry.php?id=10271&&ser=906019" "Mozilla/5.0 (Windows NT 10.0; Win64; x64; rv:131.0) Gecko/20100101 Firefox/131.0"
178.115.42.220 - - [06/Nov/2024:16:15:40 +0100] "GET /entry.php?id=10271&&ser=906079 HTTP/1.1" 200 987 "http://hausegger.activities.at/entry.php?id=10271&&ser=906019" "Mozilla/5.0 (Windows NT 10.0; Win64; x64; rv:131.0) Gecko/20100101 Firefox/131.0"
178.115.42.220 - - [06/Nov/2024:16:15:40 +0100] "GET /gui/javascript/form_form.js?1730906140 HTTP/1.1" 200 16206 "http://hausegger.activities.at/entry.php?id=10271&&ser=906079" "Mozilla/5.0 (Windows NT 10.0; Win64; x64; rv:131.0) Gecko/20100101 Firefox/131.0"
178.115.42.220 - - [06/Nov/2024:16:16:40 +0100] "GET /entry.php?id=10271&&ser=906140 HTTP/1.1" 200 987 "http://hausegger.activities.at/entry.php?id=10271&&ser=906079" "Mozilla/5.0 (Windows NT 10.0; Win64; x64; rv:131.0) Gecko/20100101 Firefox/131.0"
178.115.42.220 - - [06/Nov/2024:16:16:40 +0100] "GET /gui/javascript/form_form.js?1730906200 HTTP/1.1" 200 16206 "http://hausegger.activities.at/entry.php?id=10271&&ser=906140" "Mozilla/5.0 (Windows NT 10.0; Win64; x64; rv:131.0) Gecko/20100101 Firefox/131.0"
156.59.198.136 - - [06/Nov/2024:16:17:36 +0100] "GET /renault.activities.at/htdocs/pinEdit/editor/config/toolbar%20quick%20mode.txt HTTP/1.0" 404 325 "-" "Mozilla/5.0 (Linux; Android 5.0) AppleWebKit/537.36 (KHTML, like Gecko) Mobile Safari/537.36 (compatible; Bytespider; spider-feedback@bytedance.com)"
178.115.42.220 - - [06/Nov/2024:16:17:40 +0100] "GET /entry.php?id=10271&&ser=906200 HTTP/1.1" 200 987 "http://hausegger.activities.at/entry.php?id=10271&&ser=906140" "Mozilla/5.0 (Windows NT 10.0; Win64; x64; rv:131.0) Gecko/20100101 Firefox/131.0"
178.115.42.220 - - [06/Nov/2024:16:17:40 +0100] "GET /gui/javascript/form_form.js?1730906260 HTTP/1.1" 200 16206 "http://hausegger.activities.at/entry.php?id=10271&&ser=906200" "Mozilla/5.0 (Windows NT 10.0; Win64; x64; rv:131.0) Gecko/20100101 Firefox/131.0"
178.115.42.220 - - [06/Nov/2024:16:18:40 +0100] "GET /entry.php?id=10271&&ser=906260 HTTP/1.1" 200 987 "http://hausegger.activities.at/entry.php?id=10271&&ser=906200" "Mozilla/5.0 (Windows NT 10.0; Win64; x64; rv:131.0) Gecko/20100101 Firefox/131.0"
178.115.42.220 - - [06/Nov/2024:16:18:41 +0100] "GET /gui/javascript/form_form.js?1730906321 HTTP/1.1" 200 16206 "http://hausegger.activities.at/entry.php?id=10271&&ser=906260" "Mozilla/5.0 (Windows NT 10.0; Win64; x64; rv:131.0) Gecko/20100101 Firefox/131.0"
178.115.42.220 - - [06/Nov/2024:16:19:41 +0100] "GET /entry.php?id=10271&&ser=906321 HTTP/1.1" 200 986 "http://hausegger.activities.at/entry.php?id=10271&&ser=906260" "Mozilla/5.0 (Windows NT 10.0; Win64; x64; rv:131.0) Gecko/20100101 Firefox/131.0"
178.115.42.220 - - [06/Nov/2024:16:19:41 +0100] "GET /gui/javascript/form_form.js?1730906381 HTTP/1.1" 200 16206 "http://hausegger.activities.at/entry.php?id=10271&&ser=906321" "Mozilla/5.0 (Windows NT 10.0; Win64; x64; rv:131.0) Gecko/20100101 Firefox/131.0"
178.115.42.220 - - [06/Nov/2024:16:20:41 +0100] "GET /entry.php?id=10271&&ser=906381 HTTP/1.1" 200 987 "http://hausegger.activities.at/entry.php?id=10271&&ser=906321" "Mozilla/5.0 (Windows NT 10.0; Win64; x64; rv:131.0) Gecko/20100101 Firefox/131.0"
178.115.42.220 - - [06/Nov/2024:16:20:41 +0100] "GET /gui/javascript/form_form.js?1730906441 HTTP/1.1" 200 16206 "http://hausegger.activities.at/entry.php?id=10271&&ser=906381" "Mozilla/5.0 (Windows NT 10.0; Win64; x64; rv:131.0) Gecko/20100101 Firefox/131.0"
47.128.55.5 - - [06/Nov/2024:16:21:36 +0100] "GET /robots.txt HTTP/1.1" 404 284 "-" "Mozilla/5.0 (Linux; Android 5.0) AppleWebKit/537.36 (KHTML, like Gecko) Mobile Safari/537.36 (compatible; Bytespider; spider-feedback@bytedance.com)"
178.115.42.220 - - [06/Nov/2024:16:21:41 +0100] "GET /entry.php?id=10271&&ser=906441 HTTP/1.1" 200 986 "http://hausegger.activities.at/entry.php?id=10271&&ser=906381" "Mozilla/5.0 (Windows NT 10.0; Win64; x64; rv:131.0) Gecko/20100101 Firefox/131.0"
178.115.42.220 - - [06/Nov/2024:16:21:41 +0100] "GET /gui/javascript/form_form.js?1730906501 HTTP/1.1" 200 16206 "http://hausegger.activities.at/entry.php?id=10271&&ser=906441" "Mozilla/5.0 (Windows NT 10.0; Win64; x64; rv:131.0) Gecko/20100101 Firefox/131.0"
178.115.42.220 - - [06/Nov/2024:16:22:42 +0100] "GET /entry.php?id=10271&&ser=906501 HTTP/1.1" 200 987 "http://hausegger.activities.at/entry.php?id=10271&&ser=906441" "Mozilla/5.0 (Windows NT 10.0; Win64; x64; rv:131.0) Gecko/20100101 Firefox/131.0"
178.115.42.220 - - [06/Nov/2024:16:22:42 +0100] "GET /gui/javascript/form_form.js?1730906562 HTTP/1.1" 200 16206 "http://hausegger.activities.at/entry.php?id=10271&&ser=906501" "Mozilla/5.0 (Windows NT 10.0; Win64; x64; rv:131.0) Gecko/20100101 Firefox/131.0"
178.115.42.220 - - [06/Nov/2024:16:23:42 +0100] "GET /entry.php?id=10271&&ser=906562 HTTP/1.1" 200 987 "http://hausegger.activities.at/entry.php?id=10271&&ser=906501" "Mozilla/5.0 (Windows NT 10.0; Win64; x64; rv:131.0) Gecko/20100101 Firefox/131.0"
178.115.42.220 - - [06/Nov/2024:16:23:42 +0100] "GET /gui/javascript/form_form.js?1730906622 HTTP/1.1" 200 16206 "http://hausegger.activities.at/entry.php?id=10271&&ser=906562" "Mozilla/5.0 (Windows NT 10.0; Win64; x64; rv:131.0) Gecko/20100101 Firefox/131.0"
178.115.42.220 - - [06/Nov/2024:16:24:42 +0100] "GET /entry.php?id=10271&&ser=906622 HTTP/1.1" 200 987 "http://hausegger.activities.at/entry.php?id=10271&&ser=906562" "Mozilla/5.0 (Windows NT 10.0; Win64; x64; rv:131.0) Gecko/20100101 Firefox/131.0"
178.115.42.220 - - [06/Nov/2024:16:24:42 +0100] "GET /gui/javascript/form_form.js?1730906682 HTTP/1.1" 200 16206 "http://hausegger.activities.at/entry.php?id=10271&&ser=906622" "Mozilla/5.0 (Windows NT 10.0; Win64; x64; rv:131.0) Gecko/20100101 Firefox/131.0"
47.128.16.249 - - [06/Nov/2024:16:25:36 +0100] "GET /robots.txt HTTP/1.1" 404 284 "-" "Mozilla/5.0 (Linux; Android 5.0) AppleWebKit/537.36 (KHTML, like Gecko) Mobile Safari/537.36 (compatible; Bytespider; spider-feedback@bytedance.com)"
178.115.42.220 - - [06/Nov/2024:16:25:43 +0100] "GET /entry.php?id=10271&&ser=906682 HTTP/1.1" 200 986 "http://hausegger.activities.at/entry.php?id=10271&&ser=906622" "Mozilla/5.0 (Windows NT 10.0; Win64; x64; rv:131.0) Gecko/20100101 Firefox/131.0"
178.115.42.220 - - [06/Nov/2024:16:25:43 +0100] "GET /gui/javascript/form_form.js?1730906743 HTTP/1.1" 200 16206 "http://hausegger.activities.at/entry.php?id=10271&&ser=906682" "Mozilla/5.0 (Windows NT 10.0; Win64; x64; rv:131.0) Gecko/20100101 Firefox/131.0"
178.115.42.220 - - [06/Nov/2024:16:26:43 +0100] "GET /entry.php?id=10271&&ser=906743 HTTP/1.1" 200 987 "http://hausegger.activities.at/entry.php?id=10271&&ser=906682" "Mozilla/5.0 (Windows NT 10.0; Win64; x64; rv:131.0) Gecko/20100101 Firefox/131.0"
178.115.42.220 - - [06/Nov/2024:16:26:43 +0100] "GET /gui/javascript/form_form.js?1730906803 HTTP/1.1" 200 16206 "http://hausegger.activities.at/entry.php?id=10271&&ser=906743" "Mozilla/5.0 (Windows NT 10.0; Win64; x64; rv:131.0) Gecko/20100101 Firefox/131.0"
178.115.42.220 - - [06/Nov/2024:16:27:43 +0100] "GET /entry.php?id=10271&&ser=906803 HTTP/1.1" 200 987 "http://hausegger.activities.at/entry.php?id=10271&&ser=906743" "Mozilla/5.0 (Windows NT 10.0; Win64; x64; rv:131.0) Gecko/20100101 Firefox/131.0"
178.115.42.220 - - [06/Nov/2024:16:27:43 +0100] "GET /gui/javascript/form_form.js?1730906863 HTTP/1.1" 200 16206 "http://hausegger.activities.at/entry.php?id=10271&&ser=906803" "Mozilla/5.0 (Windows NT 10.0; Win64; x64; rv:131.0) Gecko/20100101 Firefox/131.0"
178.115.42.220 - - [06/Nov/2024:16:28:43 +0100] "GET /entry.php?id=10271&&ser=906863 HTTP/1.1" 200 987 "http://hausegger.activities.at/entry.php?id=10271&&ser=906803" "Mozilla/5.0 (Windows NT 10.0; Win64; x64; rv:131.0) Gecko/20100101 Firefox/131.0"
178.115.42.220 - - [06/Nov/2024:16:28:44 +0100] "GET /gui/javascript/form_form.js?1730906924 HTTP/1.1" 200 16206 "http://hausegger.activities.at/entry.php?id=10271&&ser=906863" "Mozilla/5.0 (Windows NT 10.0; Win64; x64; rv:131.0) Gecko/20100101 Firefox/131.0"
156.59.198.136 - - [06/Nov/2024:16:29:37 +0100] "GET /renault.activities.at/htdocs/editor/design/image/Office2003/cut.gif HTTP/1.0" 404 323 "-" "Mozilla/5.0 (Linux; Android 5.0) AppleWebKit/537.36 (KHTML, like Gecko) Mobile Safari/537.36 (compatible; Bytespider; spider-feedback@bytedance.com)"
178.115.42.220 - - [06/Nov/2024:16:29:44 +0100] "GET /entry.php?id=10271&&ser=906923 HTTP/1.1" 200 986 "http://hausegger.activities.at/entry.php?id=10271&&ser=906863" "Mozilla/5.0 (Windows NT 10.0; Win64; x64; rv:131.0) Gecko/20100101 Firefox/131.0"
178.115.42.220 - - [06/Nov/2024:16:29:44 +0100] "GET /gui/javascript/form_form.js?1730906984 HTTP/1.1" 200 16206 "http://hausegger.activities.at/entry.php?id=10271&&ser=906923" "Mozilla/5.0 (Windows NT 10.0; Win64; x64; rv:131.0) Gecko/20100101 Firefox/131.0"
111.252.197.61 - - [06/Nov/2024:16:29:59 +0100] "GET / HTTP/1.0" 200 423 "-" "Mozilla/5.0 (Linux; U; Android 4.0.3; ko-kr; LG-L160L Build/IML74K) AppleWebkit/534.30 (KHTML, like Gecko) Version/4.0 Mobile Safari/534.30"
178.115.42.220 - - [06/Nov/2024:16:30:44 +0100] "GET /entry.php?id=10271&&ser=906984 HTTP/1.1" 200 987 "http://hausegger.activities.at/entry.php?id=10271&&ser=906923" "Mozilla/5.0 (Windows NT 10.0; Win64; x64; rv:131.0) Gecko/20100101 Firefox/131.0"
178.115.42.220 - - [06/Nov/2024:16:30:44 +0100] "GET /gui/javascript/form_form.js?1730907044 HTTP/1.1" 200 16206 "http://hausegger.activities.at/entry.php?id=10271&&ser=906984" "Mozilla/5.0 (Windows NT 10.0; Win64; x64; rv:131.0) Gecko/20100101 Firefox/131.0"
178.115.42.220 - - [06/Nov/2024:16:31:44 +0100] "GET /entry.php?id=10271&&ser=907044 HTTP/1.1" 200 987 "http://hausegger.activities.at/entry.php?id=10271&&ser=906984" "Mozilla/5.0 (Windows NT 10.0; Win64; x64; rv:131.0) Gecko/20100101 Firefox/131.0"
178.115.42.220 - - [06/Nov/2024:16:31:44 +0100] "GET /gui/javascript/form_form.js?1730907104 HTTP/1.1" 200 16206 "http://hausegger.activities.at/entry.php?id=10271&&ser=907044" "Mozilla/5.0 (Windows NT 10.0; Win64; x64; rv:131.0) Gecko/20100101 Firefox/131.0"
178.115.42.220 - - [06/Nov/2024:16:32:45 +0100] "GET /entry.php?id=10271&&ser=907104 HTTP/1.1" 200 987 "http://hausegger.activities.at/entry.php?id=10271&&ser=907044" "Mozilla/5.0 (Windows NT 10.0; Win64; x64; rv:131.0) Gecko/20100101 Firefox/131.0"
178.115.42.220 - - [06/Nov/2024:16:32:45 +0100] "GET /gui/javascript/form_form.js?1730907165 HTTP/1.1" 200 16206 "http://hausegger.activities.at/entry.php?id=10271&&ser=907104" "Mozilla/5.0 (Windows NT 10.0; Win64; x64; rv:131.0) Gecko/20100101 Firefox/131.0"
156.59.198.136 - - [06/Nov/2024:16:33:37 +0100] "GET /renault.activities.at/htdocs/editor/design/image/Office2003/tablehigh.gif HTTP/1.0" 404 327 "-" "Mozilla/5.0 (Linux; Android 5.0) AppleWebKit/537.36 (KHTML, like Gecko) Mobile Safari/537.36 (compatible; Bytespider; spider-feedback@bytedance.com)"
178.115.42.220 - - [06/Nov/2024:16:33:45 +0100] "GET /entry.php?id=10271&&ser=907165 HTTP/1.1" 200 987 "http://hausegger.activities.at/entry.php?id=10271&&ser=907104" "Mozilla/5.0 (Windows NT 10.0; Win64; x64; rv:131.0) Gecko/20100101 Firefox/131.0"
178.115.42.220 - - [06/Nov/2024:16:33:45 +0100] "GET /gui/javascript/form_form.js?1730907225 HTTP/1.1" 200 16206 "http://hausegger.activities.at/entry.php?id=10271&&ser=907165" "Mozilla/5.0 (Windows NT 10.0; Win64; x64; rv:131.0) Gecko/20100101 Firefox/131.0"
178.115.42.220 - - [06/Nov/2024:16:34:45 +0100] "GET /entry.php?id=10271&&ser=907225 HTTP/1.1" 200 987 "http://hausegger.activities.at/entry.php?id=10271&&ser=907165" "Mozilla/5.0 (Windows NT 10.0; Win64; x64; rv:131.0) Gecko/20100101 Firefox/131.0"
178.115.42.220 - - [06/Nov/2024:16:34:45 +0100] "GET /gui/javascript/form_form.js?1730907285 HTTP/1.1" 200 16206 "http://hausegger.activities.at/entry.php?id=10271&&ser=907225" "Mozilla/5.0 (Windows NT 10.0; Win64; x64; rv:131.0) Gecko/20100101 Firefox/131.0"
178.115.42.220 - - [06/Nov/2024:16:35:45 +0100] "GET /entry.php?id=10271&&ser=907285 HTTP/1.1" 200 987 "http://hausegger.activities.at/entry.php?id=10271&&ser=907225" "Mozilla/5.0 (Windows NT 10.0; Win64; x64; rv:131.0) Gecko/20100101 Firefox/131.0"
178.115.42.220 - - [06/Nov/2024:16:35:46 +0100] "GET /gui/javascript/form_form.js?1730907346 HTTP/1.1" 200 16206 "http://hausegger.activities.at/entry.php?id=10271&&ser=907285" "Mozilla/5.0 (Windows NT 10.0; Win64; x64; rv:131.0) Gecko/20100101 Firefox/131.0"
178.115.42.220 - - [06/Nov/2024:16:36:46 +0100] "GET /entry.php?id=10271&&ser=907346 HTTP/1.1" 200 987 "http://hausegger.activities.at/entry.php?id=10271&&ser=907285" "Mozilla/5.0 (Windows NT 10.0; Win64; x64; rv:131.0) Gecko/20100101 Firefox/131.0"
178.115.42.220 - - [06/Nov/2024:16:36:46 +0100] "GET /gui/javascript/form_form.js?1730907406 HTTP/1.1" 200 16206 "http://hausegger.activities.at/entry.php?id=10271&&ser=907346" "Mozilla/5.0 (Windows NT 10.0; Win64; x64; rv:131.0) Gecko/20100101 Firefox/131.0"
156.59.198.136 - - [06/Nov/2024:16:37:37 +0100] "GET /renault.activities.at/htdocs/editor/design/image/Office2003/block.gif HTTP/1.0" 404 325 "-" "Mozilla/5.0 (Linux; Android 5.0) AppleWebKit/537.36 (KHTML, like Gecko) Mobile Safari/537.36 (compatible; Bytespider; spider-feedback@bytedance.com)"
178.115.42.220 - - [06/Nov/2024:16:37:46 +0100] "GET /entry.php?id=10271&&ser=907406 HTTP/1.1" 200 987 "http://hausegger.activities.at/entry.php?id=10271&&ser=907346" "Mozilla/5.0 (Windows NT 10.0; Win64; x64; rv:131.0) Gecko/20100101 Firefox/131.0"
178.115.42.220 - - [06/Nov/2024:16:37:46 +0100] "GET /gui/javascript/form_form.js?1730907466 HTTP/1.1" 200 16206 "http://hausegger.activities.at/entry.php?id=10271&&ser=907406" "Mozilla/5.0 (Windows NT 10.0; Win64; x64; rv:131.0) Gecko/20100101 Firefox/131.0"
178.115.42.220 - - [06/Nov/2024:16:38:46 +0100] "GET /entry.php?id=10271&&ser=907466 HTTP/1.1" 200 987 "http://hausegger.activities.at/entry.php?id=10271&&ser=907406" "Mozilla/5.0 (Windows NT 10.0; Win64; x64; rv:131.0) Gecko/20100101 Firefox/131.0"
178.115.42.220 - - [06/Nov/2024:16:38:47 +0100] "GET /gui/javascript/form_form.js?1730907526 HTTP/1.1" 200 16206 "http://hausegger.activities.at/entry.php?id=10271&&ser=907466" "Mozilla/5.0 (Windows NT 10.0; Win64; x64; rv:131.0) Gecko/20100101 Firefox/131.0"
178.115.42.220 - - [06/Nov/2024:16:39:47 +0100] "GET /entry.php?id=10271&&ser=907526 HTTP/1.1" 200 987 "http://hausegger.activities.at/entry.php?id=10271&&ser=907466" "Mozilla/5.0 (Windows NT 10.0; Win64; x64; rv:131.0) Gecko/20100101 Firefox/131.0"
178.115.42.220 - - [06/Nov/2024:16:39:47 +0100] "GET /gui/javascript/form_form.js?1730907587 HTTP/1.1" 200 16206 "http://hausegger.activities.at/entry.php?id=10271&&ser=907526" "Mozilla/5.0 (Windows NT 10.0; Win64; x64; rv:131.0) Gecko/20100101 Firefox/131.0"
35.187.186.25 - - [06/Nov/2024:16:40:13 +0100] "GET / HTTP/1.1" 200 274 "-" "python-requests/2.32.3"
178.115.42.220 - - [06/Nov/2024:16:40:47 +0100] "GET /entry.php?id=10271&&ser=907587 HTTP/1.1" 200 987 "http://hausegger.activities.at/entry.php?id=10271&&ser=907526" "Mozilla/5.0 (Windows NT 10.0; Win64; x64; rv:131.0) Gecko/20100101 Firefox/131.0"
178.115.42.220 - - [06/Nov/2024:16:40:47 +0100] "GET /gui/javascript/form_form.js?1730907647 HTTP/1.1" 200 16206 "http://hausegger.activities.at/entry.php?id=10271&&ser=907587" "Mozilla/5.0 (Windows NT 10.0; Win64; x64; rv:131.0) Gecko/20100101 Firefox/131.0"
156.59.198.135 - - [06/Nov/2024:16:41:37 +0100] "GET /renault.activities.at/htdocs/editor/design/image/Office2003/superscript.gif HTTP/1.0" 404 328 "-" "Mozilla/5.0 (Linux; Android 5.0) AppleWebKit/537.36 (KHTML, like Gecko) Mobile Safari/537.36 (compatible; Bytespider; spider-feedback@bytedance.com)"
178.115.42.220 - - [06/Nov/2024:16:41:47 +0100] "GET /entry.php?id=10271&&ser=907647 HTTP/1.1" 200 987 "http://hausegger.activities.at/entry.php?id=10271&&ser=907587" "Mozilla/5.0 (Windows NT 10.0; Win64; x64; rv:131.0) Gecko/20100101 Firefox/131.0"
178.115.42.220 - - [06/Nov/2024:16:41:47 +0100] "GET /gui/javascript/form_form.js?1730907707 HTTP/1.1" 200 16206 "http://hausegger.activities.at/entry.php?id=10271&&ser=907647" "Mozilla/5.0 (Windows NT 10.0; Win64; x64; rv:131.0) Gecko/20100101 Firefox/131.0"
178.115.42.220 - - [06/Nov/2024:16:42:48 +0100] "GET /entry.php?id=10271&&ser=907707 HTTP/1.1" 200 987 "http://hausegger.activities.at/entry.php?id=10271&&ser=907647" "Mozilla/5.0 (Windows NT 10.0; Win64; x64; rv:131.0) Gecko/20100101 Firefox/131.0"
178.115.42.220 - - [06/Nov/2024:16:42:48 +0100] "GET /gui/javascript/form_form.js?1730907768 HTTP/1.1" 200 16206 "http://hausegger.activities.at/entry.php?id=10271&&ser=907707" "Mozilla/5.0 (Windows NT 10.0; Win64; x64; rv:131.0) Gecko/20100101 Firefox/131.0"
178.115.42.220 - - [06/Nov/2024:16:43:48 +0100] "GET /entry.php?id=10271&&ser=907768 HTTP/1.1" 200 987 "http://hausegger.activities.at/entry.php?id=10271&&ser=907707" "Mozilla/5.0 (Windows NT 10.0; Win64; x64; rv:131.0) Gecko/20100101 Firefox/131.0"
178.115.42.220 - - [06/Nov/2024:16:43:48 +0100] "GET /gui/javascript/form_form.js?1730907828 HTTP/1.1" 200 16206 "http://hausegger.activities.at/entry.php?id=10271&&ser=907768" "Mozilla/5.0 (Windows NT 10.0; Win64; x64; rv:131.0) Gecko/20100101 Firefox/131.0"
178.115.42.220 - - [06/Nov/2024:16:44:48 +0100] "GET /entry.php?id=10271&&ser=907828 HTTP/1.1" 200 987 "http://hausegger.activities.at/entry.php?id=10271&&ser=907768" "Mozilla/5.0 (Windows NT 10.0; Win64; x64; rv:131.0) Gecko/20100101 Firefox/131.0"
178.115.42.220 - - [06/Nov/2024:16:44:48 +0100] "GET /gui/javascript/form_form.js?1730907888 HTTP/1.1" 200 16206 "http://hausegger.activities.at/entry.php?id=10271&&ser=907828" "Mozilla/5.0 (Windows NT 10.0; Win64; x64; rv:131.0) Gecko/20100101 Firefox/131.0"
156.59.198.135 - - [06/Nov/2024:16:45:40 +0100] "GET /renault.activities.at/htdocs/editor/design/image/Office2003/underline.gif HTTP/1.0" 404 326 "-" "Mozilla/5.0 (Linux; Android 5.0) AppleWebKit/537.36 (KHTML, like Gecko) Mobile Safari/537.36 (compatible; Bytespider; spider-feedback@bytedance.com)"
178.115.42.220 - - [06/Nov/2024:16:45:48 +0100] "GET /entry.php?id=10271&&ser=907888 HTTP/1.1" 200 987 "http://hausegger.activities.at/entry.php?id=10271&&ser=907828" "Mozilla/5.0 (Windows NT 10.0; Win64; x64; rv:131.0) Gecko/20100101 Firefox/131.0"
178.115.42.220 - - [06/Nov/2024:16:45:49 +0100] "GET /gui/javascript/form_form.js?1730907949 HTTP/1.1" 200 16206 "http://hausegger.activities.at/entry.php?id=10271&&ser=907888" "Mozilla/5.0 (Windows NT 10.0; Win64; x64; rv:131.0) Gecko/20100101 Firefox/131.0"
178.115.42.220 - - [06/Nov/2024:16:46:49 +0100] "GET /entry.php?id=10271&&ser=907949 HTTP/1.1" 200 987 "http://hausegger.activities.at/entry.php?id=10271&&ser=907888" "Mozilla/5.0 (Windows NT 10.0; Win64; x64; rv:131.0) Gecko/20100101 Firefox/131.0"
178.115.42.220 - - [06/Nov/2024:16:46:49 +0100] "GET /gui/javascript/form_form.js?1730908009 HTTP/1.1" 200 16206 "http://hausegger.activities.at/entry.php?id=10271&&ser=907949" "Mozilla/5.0 (Windows NT 10.0; Win64; x64; rv:131.0) Gecko/20100101 Firefox/131.0"
178.115.42.220 - - [06/Nov/2024:16:47:49 +0100] "GET /entry.php?id=10271&&ser=908009 HTTP/1.1" 200 986 "http://hausegger.activities.at/entry.php?id=10271&&ser=907949" "Mozilla/5.0 (Windows NT 10.0; Win64; x64; rv:131.0) Gecko/20100101 Firefox/131.0"
178.115.42.220 - - [06/Nov/2024:16:47:49 +0100] "GET /gui/javascript/form_form.js?1730908069 HTTP/1.1" 200 16206 "http://hausegger.activities.at/entry.php?id=10271&&ser=908009" "Mozilla/5.0 (Windows NT 10.0; Win64; x64; rv:131.0) Gecko/20100101 Firefox/131.0"
178.115.42.220 - - [06/Nov/2024:16:48:51 +0100] "GET /entry.php?id=10271&&ser=908069 HTTP/1.1" 200 986 "http://hausegger.activities.at/entry.php?id=10271&&ser=908009" "Mozilla/5.0 (Windows NT 10.0; Win64; x64; rv:131.0) Gecko/20100101 Firefox/131.0"
178.115.42.220 - - [06/Nov/2024:16:48:51 +0100] "GET /gui/javascript/form_form.js?1730908131 HTTP/1.1" 200 16206 "http://hausegger.activities.at/entry.php?id=10271&&ser=908069" "Mozilla/5.0 (Windows NT 10.0; Win64; x64; rv:131.0) Gecko/20100101 Firefox/131.0"
178.115.42.220 - - [06/Nov/2024:16:49:52 +0100] "GET /entry.php?id=10271&&ser=908131 HTTP/1.1" 200 986 "http://hausegger.activities.at/entry.php?id=10271&&ser=908069" "Mozilla/5.0 (Windows NT 10.0; Win64; x64; rv:131.0) Gecko/20100101 Firefox/131.0"
178.115.42.220 - - [06/Nov/2024:16:49:52 +0100] "GET /gui/javascript/form_form.js?1730908192 HTTP/1.1" 200 16206 "http://hausegger.activities.at/entry.php?id=10271&&ser=908131" "Mozilla/5.0 (Windows NT 10.0; Win64; x64; rv:131.0) Gecko/20100101 Firefox/131.0"
178.115.42.220 - - [06/Nov/2024:16:50:52 +0100] "GET /entry.php?id=10271&&ser=908192 HTTP/1.1" 200 987 "http://hausegger.activities.at/entry.php?id=10271&&ser=908131" "Mozilla/5.0 (Windows NT 10.0; Win64; x64; rv:131.0) Gecko/20100101 Firefox/131.0"
178.115.42.220 - - [06/Nov/2024:16:50:52 +0100] "GET /gui/javascript/form_form.js?1730908252 HTTP/1.1" 200 16206 "http://hausegger.activities.at/entry.php?id=10271&&ser=908192" "Mozilla/5.0 (Windows NT 10.0; Win64; x64; rv:131.0) Gecko/20100101 Firefox/131.0"
178.115.42.220 - - [06/Nov/2024:16:51:52 +0100] "GET /entry.php?id=10271&&ser=908252 HTTP/1.1" 200 987 "http://hausegger.activities.at/entry.php?id=10271&&ser=908192" "Mozilla/5.0 (Windows NT 10.0; Win64; x64; rv:131.0) Gecko/20100101 Firefox/131.0"
178.115.42.220 - - [06/Nov/2024:16:51:52 +0100] "GET /gui/javascript/form_form.js?1730908312 HTTP/1.1" 200 16206 "http://hausegger.activities.at/entry.php?id=10271&&ser=908252" "Mozilla/5.0 (Windows NT 10.0; Win64; x64; rv:131.0) Gecko/20100101 Firefox/131.0"
178.115.42.220 - - [06/Nov/2024:16:52:52 +0100] "GET /entry.php?id=10271&&ser=908312 HTTP/1.1" 200 987 "http://hausegger.activities.at/entry.php?id=10271&&ser=908252" "Mozilla/5.0 (Windows NT 10.0; Win64; x64; rv:131.0) Gecko/20100101 Firefox/131.0"
178.115.42.220 - - [06/Nov/2024:16:52:53 +0100] "GET /gui/javascript/form_form.js?1730908372 HTTP/1.1" 200 16206 "http://hausegger.activities.at/entry.php?id=10271&&ser=908312" "Mozilla/5.0 (Windows NT 10.0; Win64; x64; rv:131.0) Gecko/20100101 Firefox/131.0"
178.115.42.220 - - [06/Nov/2024:16:53:53 +0100] "GET /entry.php?id=10271&&ser=908372 HTTP/1.1" 200 988 "http://hausegger.activities.at/entry.php?id=10271&&ser=908312" "Mozilla/5.0 (Windows NT 10.0; Win64; x64; rv:131.0) Gecko/20100101 Firefox/131.0"
178.115.42.220 - - [06/Nov/2024:16:53:53 +0100] "GET /gui/javascript/form_form.js?1730908433 HTTP/1.1" 200 16206 "http://hausegger.activities.at/entry.php?id=10271&&ser=908372" "Mozilla/5.0 (Windows NT 10.0; Win64; x64; rv:131.0) Gecko/20100101 Firefox/131.0"
178.115.42.220 - - [06/Nov/2024:16:54:53 +0100] "GET /entry.php?id=10271&&ser=908433 HTTP/1.1" 200 987 "http://hausegger.activities.at/entry.php?id=10271&&ser=908372" "Mozilla/5.0 (Windows NT 10.0; Win64; x64; rv:131.0) Gecko/20100101 Firefox/131.0"
178.115.42.220 - - [06/Nov/2024:16:54:53 +0100] "GET /gui/javascript/form_form.js?1730908493 HTTP/1.1" 200 16206 "http://hausegger.activities.at/entry.php?id=10271&&ser=908433" "Mozilla/5.0 (Windows NT 10.0; Win64; x64; rv:131.0) Gecko/20100101 Firefox/131.0"
178.115.42.220 - - [06/Nov/2024:16:55:53 +0100] "GET /entry.php?id=10271&&ser=908493 HTTP/1.1" 200 987 "http://hausegger.activities.at/entry.php?id=10271&&ser=908433" "Mozilla/5.0 (Windows NT 10.0; Win64; x64; rv:131.0) Gecko/20100101 Firefox/131.0"
178.115.42.220 - - [06/Nov/2024:16:55:53 +0100] "GET /gui/javascript/form_form.js?1730908553 HTTP/1.1" 200 16206 "http://hausegger.activities.at/entry.php?id=10271&&ser=908493" "Mozilla/5.0 (Windows NT 10.0; Win64; x64; rv:131.0) Gecko/20100101 Firefox/131.0"
178.115.42.220 - - [06/Nov/2024:16:56:54 +0100] "GET /entry.php?id=10271&&ser=908553 HTTP/1.1" 200 987 "http://hausegger.activities.at/entry.php?id=10271&&ser=908493" "Mozilla/5.0 (Windows NT 10.0; Win64; x64; rv:131.0) Gecko/20100101 Firefox/131.0"
178.115.42.220 - - [06/Nov/2024:16:56:54 +0100] "GET /gui/javascript/form_form.js?1730908614 HTTP/1.1" 200 16206 "http://hausegger.activities.at/entry.php?id=10271&&ser=908553" "Mozilla/5.0 (Windows NT 10.0; Win64; x64; rv:131.0) Gecko/20100101 Firefox/131.0"
178.115.42.220 - - [06/Nov/2024:16:57:54 +0100] "GET /entry.php?id=10271&&ser=908614 HTTP/1.1" 200 987 "http://hausegger.activities.at/entry.php?id=10271&&ser=908553" "Mozilla/5.0 (Windows NT 10.0; Win64; x64; rv:131.0) Gecko/20100101 Firefox/131.0"
178.115.42.220 - - [06/Nov/2024:16:57:54 +0100] "GET /gui/javascript/form_form.js?1730908674 HTTP/1.1" 200 16206 "http://hausegger.activities.at/entry.php?id=10271&&ser=908614" "Mozilla/5.0 (Windows NT 10.0; Win64; x64; rv:131.0) Gecko/20100101 Firefox/131.0"
178.115.42.220 - - [06/Nov/2024:16:58:54 +0100] "GET /entry.php?id=10271&&ser=908674 HTTP/1.1" 200 987 "http://hausegger.activities.at/entry.php?id=10271&&ser=908614" "Mozilla/5.0 (Windows NT 10.0; Win64; x64; rv:131.0) Gecko/20100101 Firefox/131.0"
178.115.42.220 - - [06/Nov/2024:16:58:54 +0100] "GET /gui/javascript/form_form.js?1730908734 HTTP/1.1" 200 16206 "http://hausegger.activities.at/entry.php?id=10271&&ser=908674" "Mozilla/5.0 (Windows NT 10.0; Win64; x64; rv:131.0) Gecko/20100101 Firefox/131.0"
178.115.42.220 - - [06/Nov/2024:16:59:54 +0100] "GET /entry.php?id=10271&&ser=908734 HTTP/1.1" 200 987 "http://hausegger.activities.at/entry.php?id=10271&&ser=908674" "Mozilla/5.0 (Windows NT 10.0; Win64; x64; rv:131.0) Gecko/20100101 Firefox/131.0"
178.115.42.220 - - [06/Nov/2024:16:59:55 +0100] "GET /gui/javascript/form_form.js?1730908794 HTTP/1.1" 200 16206 "http://hausegger.activities.at/entry.php?id=10271&&ser=908734" "Mozilla/5.0 (Windows NT 10.0; Win64; x64; rv:131.0) Gecko/20100101 Firefox/131.0"
185.16.38.232 - - [06/Nov/2024:17:00:45 +0100] "GET /cgi-bin/luci/;stok=/locale HTTP/1.1" 404 371 "-" "-"
178.115.42.220 - - [06/Nov/2024:17:00:55 +0100] "GET /entry.php?id=10271&&ser=908794 HTTP/1.1" 200 987 "http://hausegger.activities.at/entry.php?id=10271&&ser=908734" "Mozilla/5.0 (Windows NT 10.0; Win64; x64; rv:131.0) Gecko/20100101 Firefox/131.0"
178.115.42.220 - - [06/Nov/2024:17:00:55 +0100] "GET /gui/javascript/form_form.js?1730908855 HTTP/1.1" 200 16206 "http://hausegger.activities.at/entry.php?id=10271&&ser=908794" "Mozilla/5.0 (Windows NT 10.0; Win64; x64; rv:131.0) Gecko/20100101 Firefox/131.0"
178.115.42.220 - - [06/Nov/2024:17:01:55 +0100] "GET /entry.php?id=10271&&ser=908855 HTTP/1.1" 200 987 "http://hausegger.activities.at/entry.php?id=10271&&ser=908794" "Mozilla/5.0 (Windows NT 10.0; Win64; x64; rv:131.0) Gecko/20100101 Firefox/131.0"
178.115.42.220 - - [06/Nov/2024:17:01:55 +0100] "GET /gui/javascript/form_form.js?1730908915 HTTP/1.1" 200 16206 "http://hausegger.activities.at/entry.php?id=10271&&ser=908855" "Mozilla/5.0 (Windows NT 10.0; Win64; x64; rv:131.0) Gecko/20100101 Firefox/131.0"
62.122.228.138 - - [06/Nov/2024:17:02:50 +0100] "GET / HTTP/1.0" 200 274 "-" "Mozilla/5.0 (X11; Ubuntu; Linux x86_64; rv:71.0) Gecko/20100101 Firefox/71.0"
178.115.42.220 - - [06/Nov/2024:17:02:55 +0100] "GET /entry.php?id=10271&&ser=908915 HTTP/1.1" 200 987 "http://hausegger.activities.at/entry.php?id=10271&&ser=908855" "Mozilla/5.0 (Windows NT 10.0; Win64; x64; rv:131.0) Gecko/20100101 Firefox/131.0"
178.115.42.220 - - [06/Nov/2024:17:02:55 +0100] "GET /gui/javascript/form_form.js?1730908975 HTTP/1.1" 200 16206 "http://hausegger.activities.at/entry.php?id=10271&&ser=908915" "Mozilla/5.0 (Windows NT 10.0; Win64; x64; rv:131.0) Gecko/20100101 Firefox/131.0"
178.115.42.220 - - [06/Nov/2024:17:03:56 +0100] "GET /entry.php?id=10271&&ser=908975 HTTP/1.1" 200 986 "http://hausegger.activities.at/entry.php?id=10271&&ser=908915" "Mozilla/5.0 (Windows NT 10.0; Win64; x64; rv:131.0) Gecko/20100101 Firefox/131.0"
178.115.42.220 - - [06/Nov/2024:17:03:56 +0100] "GET /gui/javascript/form_form.js?1730909036 HTTP/1.1" 200 16206 "http://hausegger.activities.at/entry.php?id=10271&&ser=908975" "Mozilla/5.0 (Windows NT 10.0; Win64; x64; rv:131.0) Gecko/20100101 Firefox/131.0"
178.115.42.220 - - [06/Nov/2024:17:04:56 +0100] "GET /entry.php?id=10271&&ser=909036 HTTP/1.1" 200 986 "http://hausegger.activities.at/entry.php?id=10271&&ser=908975" "Mozilla/5.0 (Windows NT 10.0; Win64; x64; rv:131.0) Gecko/20100101 Firefox/131.0"
178.115.42.220 - - [06/Nov/2024:17:04:56 +0100] "GET /gui/javascript/form_form.js?1730909096 HTTP/1.1" 200 16206 "http://hausegger.activities.at/entry.php?id=10271&&ser=909036" "Mozilla/5.0 (Windows NT 10.0; Win64; x64; rv:131.0) Gecko/20100101 Firefox/131.0"
178.115.42.220 - - [06/Nov/2024:17:05:56 +0100] "GET /entry.php?id=10271&&ser=909096 HTTP/1.1" 200 987 "http://hausegger.activities.at/entry.php?id=10271&&ser=909036" "Mozilla/5.0 (Windows NT 10.0; Win64; x64; rv:131.0) Gecko/20100101 Firefox/131.0"
178.115.42.220 - - [06/Nov/2024:17:05:56 +0100] "GET /gui/javascript/form_form.js?1730909156 HTTP/1.1" 200 16206 "http://hausegger.activities.at/entry.php?id=10271&&ser=909096" "Mozilla/5.0 (Windows NT 10.0; Win64; x64; rv:131.0) Gecko/20100101 Firefox/131.0"
178.115.42.220 - - [06/Nov/2024:17:06:56 +0100] "GET /entry.php?id=10271&&ser=909156 HTTP/1.1" 200 987 "http://hausegger.activities.at/entry.php?id=10271&&ser=909096" "Mozilla/5.0 (Windows NT 10.0; Win64; x64; rv:131.0) Gecko/20100101 Firefox/131.0"
178.115.42.220 - - [06/Nov/2024:17:06:57 +0100] "GET /gui/javascript/form_form.js?1730909217 HTTP/1.1" 200 16206 "http://hausegger.activities.at/entry.php?id=10271&&ser=909156" "Mozilla/5.0 (Windows NT 10.0; Win64; x64; rv:131.0) Gecko/20100101 Firefox/131.0"
178.115.42.220 - - [06/Nov/2024:17:07:57 +0100] "GET /entry.php?id=10271&&ser=909217 HTTP/1.1" 200 987 "http://hausegger.activities.at/entry.php?id=10271&&ser=909156" "Mozilla/5.0 (Windows NT 10.0; Win64; x64; rv:131.0) Gecko/20100101 Firefox/131.0"
178.115.42.220 - - [06/Nov/2024:17:07:57 +0100] "GET /gui/javascript/form_form.js?1730909277 HTTP/1.1" 200 16206 "http://hausegger.activities.at/entry.php?id=10271&&ser=909217" "Mozilla/5.0 (Windows NT 10.0; Win64; x64; rv:131.0) Gecko/20100101 Firefox/131.0"
179.43.191.98 - - [06/Nov/2024:17:08:50 +0100] "GET / HTTP/1.1" 200 423 "-" "-"
178.115.42.220 - - [06/Nov/2024:17:08:57 +0100] "GET /entry.php?id=10271&&ser=909277 HTTP/1.1" 200 988 "http://hausegger.activities.at/entry.php?id=10271&&ser=909217" "Mozilla/5.0 (Windows NT 10.0; Win64; x64; rv:131.0) Gecko/20100101 Firefox/131.0"
178.115.42.220 - - [06/Nov/2024:17:08:57 +0100] "GET /gui/javascript/form_form.js?1730909337 HTTP/1.1" 200 16206 "http://hausegger.activities.at/entry.php?id=10271&&ser=909277" "Mozilla/5.0 (Windows NT 10.0; Win64; x64; rv:131.0) Gecko/20100101 Firefox/131.0"
178.115.42.220 - - [06/Nov/2024:17:09:57 +0100] "GET /entry.php?id=10271&&ser=909337 HTTP/1.1" 200 987 "http://hausegger.activities.at/entry.php?id=10271&&ser=909277" "Mozilla/5.0 (Windows NT 10.0; Win64; x64; rv:131.0) Gecko/20100101 Firefox/131.0"
178.115.42.220 - - [06/Nov/2024:17:09:57 +0100] "GET /gui/javascript/form_form.js?1730909397 HTTP/1.1" 200 16206 "http://hausegger.activities.at/entry.php?id=10271&&ser=909337" "Mozilla/5.0 (Windows NT 10.0; Win64; x64; rv:131.0) Gecko/20100101 Firefox/131.0"
156.59.198.135 - - [06/Nov/2024:17:10:17 +0100] "GET /renault.2web.at/htdocs/export/txt/factura/FacturaExport20160725113406.txt HTTP/1.0" 404 325 "-" "Mozilla/5.0 (Linux; Android 5.0) AppleWebKit/537.36 (KHTML, like Gecko) Mobile Safari/537.36 (compatible; Bytespider; spider-feedback@bytedance.com)"
178.115.42.220 - - [06/Nov/2024:17:10:58 +0100] "GET /entry.php?id=10271&&ser=909397 HTTP/1.1" 200 987 "http://hausegger.activities.at/entry.php?id=10271&&ser=909337" "Mozilla/5.0 (Windows NT 10.0; Win64; x64; rv:131.0) Gecko/20100101 Firefox/131.0"
178.115.42.220 - - [06/Nov/2024:17:10:58 +0100] "GET /gui/javascript/form_form.js?1730909458 HTTP/1.1" 200 16206 "http://hausegger.activities.at/entry.php?id=10271&&ser=909397" "Mozilla/5.0 (Windows NT 10.0; Win64; x64; rv:131.0) Gecko/20100101 Firefox/131.0"
178.115.42.220 - - [06/Nov/2024:17:11:58 +0100] "GET /entry.php?id=10271&&ser=909458 HTTP/1.1" 200 987 "http://hausegger.activities.at/entry.php?id=10271&&ser=909397" "Mozilla/5.0 (Windows NT 10.0; Win64; x64; rv:131.0) Gecko/20100101 Firefox/131.0"
178.115.42.220 - - [06/Nov/2024:17:11:58 +0100] "GET /gui/javascript/form_form.js?1730909518 HTTP/1.1" 200 16206 "http://hausegger.activities.at/entry.php?id=10271&&ser=909458" "Mozilla/5.0 (Windows NT 10.0; Win64; x64; rv:131.0) Gecko/20100101 Firefox/131.0"
178.115.42.220 - - [06/Nov/2024:17:12:58 +0100] "GET /entry.php?id=10271&&ser=909518 HTTP/1.1" 200 987 "http://hausegger.activities.at/entry.php?id=10271&&ser=909458" "Mozilla/5.0 (Windows NT 10.0; Win64; x64; rv:131.0) Gecko/20100101 Firefox/131.0"
178.115.42.220 - - [06/Nov/2024:17:12:58 +0100] "GET /gui/javascript/form_form.js?1730909578 HTTP/1.1" 200 16206 "http://hausegger.activities.at/entry.php?id=10271&&ser=909518" "Mozilla/5.0 (Windows NT 10.0; Win64; x64; rv:131.0) Gecko/20100101 Firefox/131.0"
178.115.42.220 - - [06/Nov/2024:17:13:58 +0100] "GET /entry.php?id=10271&&ser=909578 HTTP/1.1" 200 987 "http://hausegger.activities.at/entry.php?id=10271&&ser=909518" "Mozilla/5.0 (Windows NT 10.0; Win64; x64; rv:131.0) Gecko/20100101 Firefox/131.0"
178.115.42.220 - - [06/Nov/2024:17:13:59 +0100] "GET /gui/javascript/form_form.js?1730909639 HTTP/1.1" 200 16206 "http://hausegger.activities.at/entry.php?id=10271&&ser=909578" "Mozilla/5.0 (Windows NT 10.0; Win64; x64; rv:131.0) Gecko/20100101 Firefox/131.0"
156.59.198.136 - - [06/Nov/2024:17:14:17 +0100] "GET /renault.2web.at/htdocs/export/txt/factura/FacturaExport20210708081311.txt HTTP/1.0" 404 325 "-" "Mozilla/5.0 (Linux; Android 5.0) AppleWebKit/537.36 (KHTML, like Gecko) Mobile Safari/537.36 (compatible; Bytespider; spider-feedback@bytedance.com)"
178.115.42.220 - - [06/Nov/2024:17:14:59 +0100] "GET /entry.php?id=10271&&ser=909639 HTTP/1.1" 200 987 "http://hausegger.activities.at/entry.php?id=10271&&ser=909578" "Mozilla/5.0 (Windows NT 10.0; Win64; x64; rv:131.0) Gecko/20100101 Firefox/131.0"
