117.200.53.212 - - [08/Nov/2024:08:55:34 +0100] "GET /db/websql/index.php?lang=en HTTP/1.1" 404 290 "-" "Mozilla/5.0 (Windows NT 10.0; Win64; x64) AppleWebKit/537.36 (KHTML, like Gecko) Chrome/122.0.0.0 Safari/537.36"
117.200.53.212 - - [08/Nov/2024:08:55:35 +0100] "GET /php-my-admin/index.php?lang=en HTTP/1.1" 404 292 "-" "Mozilla/5.0 (Windows NT 10.0; Win64; x64) AppleWebKit/537.36 (KHTML, like Gecko) Chrome/122.0.0.0 Safari/537.36"
117.200.53.212 - - [08/Nov/2024:08:55:35 +0100] "GET /phpmyAdmin/index.php?lang=en HTTP/1.1" 404 291 "-" "Mozilla/5.0 (Windows NT 10.0; Win64; x64) AppleWebKit/537.36 (KHTML, like Gecko) Chrome/122.0.0.0 Safari/537.36"
117.200.53.212 - - [08/Nov/2024:08:55:36 +0100] "GET /db/phpmyadmin/index.php?lang=en HTTP/1.1" 404 293 "-" "Mozilla/5.0 (Windows NT 10.0; Win64; x64) AppleWebKit/537.36 (KHTML, like Gecko) Chrome/122.0.0.0 Safari/537.36"
117.200.53.212 - - [08/Nov/2024:08:55:36 +0100] "GET /phpMyAdmin_/index.php?lang=en HTTP/1.1" 404 292 "-" "Mozilla/5.0 (Windows NT 10.0; Win64; x64) AppleWebKit/537.36 (KHTML, like Gecko) Chrome/122.0.0.0 Safari/537.36"
117.200.53.212 - - [08/Nov/2024:08:55:37 +0100] "GET /db/phpMyAdmin-5/index.php?lang=en HTTP/1.1" 404 294 "-" "Mozilla/5.0 (Windows NT 10.0; Win64; x64) AppleWebKit/537.36 (KHTML, like Gecko) Chrome/122.0.0.0 Safari/537.36"
156.59.198.136 - - [08/Nov/2024:08:58:56 +0100] "GET /renault.activities.at/htdocs/export/xml/data/orders/202002072003_RenOrder.xml HTTP/1.0" 404 328 "-" "Mozilla/5.0 (Linux; Android 5.0) AppleWebKit/537.36 (KHTML, like Gecko) Mobile Safari/537.36 (compatible; Bytespider; spider-feedback@bytedance.com)"
141.98.11.79 - - [08/Nov/2024:09:02:01 +0100] "GET /cgi-bin/luci/;stok=/locale HTTP/1.1" 404 371 "-" "Hello"
109.194.248.203 - - [08/Nov/2024:09:16:19 +0100] "GET / HTTP/1.0" 200 423 "-" "Mozilla/5.0 (Windows NT 6.3; Win64; x64) AppleWebKit/537.36 (KHTML, like Gecko) Chrome/75.0.3770.100 Safari/537.36"
91.208.197.167 - - [08/Nov/2024:09:22:09 +0100] "GET / HTTP/1.1" 200 274 "-" "Mozilla/5.0 (Macintosh; Intel Mac OS X 10_15_7) AppleWebKit/605.1.15 (KHTML, like Gecko) Version/17.5 Safari/605.2.19"
109.194.248.203 - - [08/Nov/2024:09:22:17 +0100] "GET / HTTP/1.0" 200 423 "http://coffeenostra.castlegem.co.uk/" "Mozilla/5.0 (Windows NT 6.3; Win64; x64) AppleWebKit/537.36 (KHTML, like Gecko) Chrome/103.0.0.0 Safari/537.36"
91.208.197.167 - - [08/Nov/2024:09:22:48 +0100] "GET /.env HTTP/1.1" 404 280 "-" "Mozilla/5.0 (Windows NT 10.0; Win64; x64) AppleWebKit/537.36 (KHTML, like Gecko) Chrome/58.0.3029.110 Safari/537.36"
141.98.11.79 - - [08/Nov/2024:09:31:50 +0100] "GET /cgi-bin/luci/;stok=/locale HTTP/1.1" 404 371 "-" "Hello"
46.174.191.32 - - [08/Nov/2024:09:36:45 +0100] "GET / HTTP/1.0" 200 423 "-" "Mozilla/5.0 (Windows NT 6.1; WOW64; Trident/7.0; AS; rv:11.0) like Gecko"
103.109.72.55 - - [08/Nov/2024:09:41:09 +0100] "GET / HTTP/1.0" 200 423 "-" "Mozilla/5.0 (Linux; U; Android 4.0.3; ko-kr; LG-L160L Build/IML74K) AppleWebkit/534.30 (KHTML, like Gecko) Version/4.0 Mobile Safari/534.30"
156.59.198.136 - - [08/Nov/2024:09:45:36 +0100] "GET /renault.activities.at/htdocs/export/pdf/emuc_document/12001626.pdf HTTP/1.0" 404 321 "-" "Mozilla/5.0 (Linux; Android 5.0) AppleWebKit/537.36 (KHTML, like Gecko) Mobile Safari/537.36 (compatible; Bytespider; spider-feedback@bytedance.com)"
156.59.198.136 - - [08/Nov/2024:09:49:36 +0100] "GET /renault.activities.at/htdocs/export/xml/data/orders/202105141703_RenOrder.xml HTTP/1.0" 404 329 "-" "Mozilla/5.0 (Linux; Android 5.0) AppleWebKit/537.36 (KHTML, like Gecko) Mobile Safari/537.36 (compatible; Bytespider; spider-feedback@bytedance.com)"
156.59.198.135 - - [08/Nov/2024:09:53:37 +0100] "GET /ed-test.2web.at/stats/lang/awstats-it.txt HTTP/1.0" 404 302 "-" "Mozilla/5.0 (Linux; Android 5.0) AppleWebKit/537.36 (KHTML, like Gecko) Mobile Safari/537.36 (compatible; Bytespider; spider-feedback@bytedance.com)"
156.59.198.136 - - [08/Nov/2024:09:57:37 +0100] "GET /ed-test.2web.at/stats/lang/awstats-gl.txt HTTP/1.0" 404 303 "-" "Mozilla/5.0 (Linux; Android 5.0) AppleWebKit/537.36 (KHTML, like Gecko) Mobile Safari/537.36 (compatible; Bytespider; spider-feedback@bytedance.com)"
156.59.198.135 - - [08/Nov/2024:10:01:37 +0100] "GET /renault.activities.at/htdocs/export/pdf/emuc_document/12476390.pdf HTTP/1.0" 404 323 "-" "Mozilla/5.0 (Linux; Android 5.0) AppleWebKit/537.36 (KHTML, like Gecko) Mobile Safari/537.36 (compatible; Bytespider; spider-feedback@bytedance.com)"
156.59.198.136 - - [08/Nov/2024:10:05:37 +0100] "GET /ed-test.2web.at/stats/lang/awstats-ua.txt HTTP/1.0" 404 302 "-" "Mozilla/5.0 (Linux; Android 5.0) AppleWebKit/537.36 (KHTML, like Gecko) Mobile Safari/537.36 (compatible; Bytespider; spider-feedback@bytedance.com)"
156.59.198.136 - - [08/Nov/2024:10:09:38 +0100] "GET /renault.activities.at/htdocs/pinEdit/editor/help/userhelp-Dateien/image111.jpg HTTP/1.0" 404 327 "-" "Mozilla/5.0 (Linux; Android 5.0) AppleWebKit/537.36 (KHTML, like Gecko) Mobile Safari/537.36 (compatible; Bytespider; spider-feedback@bytedance.com)"
156.59.198.135 - - [08/Nov/2024:10:13:40 +0100] "GET /renault.activities.at/htdocs/pinEdit/editor/help/userhelp-Dateien/image075.jpg HTTP/1.0" 404 328 "-" "Mozilla/5.0 (Linux; Android 5.0) AppleWebKit/537.36 (KHTML, like Gecko) Mobile Safari/537.36 (compatible; Bytespider; spider-feedback@bytedance.com)"
118.163.62.47 - - [08/Nov/2024:10:16:18 +0100] "GET / HTTP/1.0" 200 423 "-" "Mozilla/5.0 (Linux; U; Android 4.0.3; ko-kr; LG-L160L Build/IML74K) AppleWebkit/534.30 (KHTML, like Gecko) Version/4.0 Mobile Safari/534.30"
118.163.62.47 - - [08/Nov/2024:10:16:24 +0100] "GET / HTTP/1.0" 200 423 "-" "Mozilla/5.0 (Linux; U; Android 4.0.3; ko-kr; LG-L160L Build/IML74K) AppleWebkit/534.30 (KHTML, like Gecko) Version/4.0 Mobile Safari/534.30"
156.59.198.135 - - [08/Nov/2024:10:17:41 +0100] "GET /renault.activities.at/htdocs/export/xml/data/orders/202010101203_RenOrder.xml HTTP/1.0" 404 327 "-" "Mozilla/5.0 (Linux; Android 5.0) AppleWebKit/537.36 (KHTML, like Gecko) Mobile Safari/537.36 (compatible; Bytespider; spider-feedback@bytedance.com)"
194.50.16.198 - - [08/Nov/2024:10:19:08 +0100] "GET / HTTP/1.1" 200 423 "-" "Linux Gnu (cow)"
156.59.198.135 - - [08/Nov/2024:10:21:41 +0100] "GET /renault.activities.at/htdocs/export/xml/data/orders/202101291303_RenOrder.xml HTTP/1.0" 404 328 "-" "Mozilla/5.0 (Linux; Android 5.0) AppleWebKit/537.36 (KHTML, like Gecko) Mobile Safari/537.36 (compatible; Bytespider; spider-feedback@bytedance.com)"
118.172.112.63 - - [08/Nov/2024:10:35:44 +0100] "GET / HTTP/1.0" 200 423 "-" "Mozilla/5.0 (Linux; U; Android 4.0.3; ko-kr; LG-L160L Build/IML74K) AppleWebkit/534.30 (KHTML, like Gecko) Version/4.0 Mobile Safari/534.30"
156.59.198.136 - - [08/Nov/2024:10:45:43 +0100] "GET /ed-test.2web.at/stats/lang/awstats-nn.txt HTTP/1.0" 404 302 "-" "Mozilla/5.0 (Linux; Android 5.0) AppleWebKit/537.36 (KHTML, like Gecko) Mobile Safari/537.36 (compatible; Bytespider; spider-feedback@bytedance.com)"
194.50.16.198 - - [08/Nov/2024:10:47:17 +0100] "GET /cgi-bin/index.cgi HTTP/1.1" 404 362 "-" "-"
156.59.198.135 - - [08/Nov/2024:10:53:43 +0100] "GET /renault.activities.at/htdocs/export/pdf/emuc_document/10432102.pdf HTTP/1.0" 404 322 "-" "Mozilla/5.0 (Linux; Android 5.0) AppleWebKit/537.36 (KHTML, like Gecko) Mobile Safari/537.36 (compatible; Bytespider; spider-feedback@bytedance.com)"
5.8.11.202 - - [08/Nov/2024:10:55:54 +0100] "\x16\x03\x02\x01o\x01" 400 383 "-" "-"
64.62.197.200 - - [08/Nov/2024:10:56:52 +0100] "GET / HTTP/1.1" 200 274 "-" "Mozilla/5.0 (Windows NT 10.0; Win64; x64) AppleWebKit/537.36 (KHTML, like Gecko) Chrome/110.0.0.0 Safari/537.36 Edg/110.0.1587.50"
156.59.198.136 - - [08/Nov/2024:10:57:43 +0100] "GET /renault.activities.at/htdocs/export/pdf/emuc_document/10658310.pdf HTTP/1.0" 404 322 "-" "Mozilla/5.0 (Linux; Android 5.0) AppleWebKit/537.36 (KHTML, like Gecko) Mobile Safari/537.36 (compatible; Bytespider; spider-feedback@bytedance.com)"
64.62.197.199 - - [08/Nov/2024:10:59:24 +0100] "GET /favicon.ico HTTP/1.1" 404 284 "-" "Mozilla/5.0 (Windows NT 10.0; Win64; x64; rv:102.0) Gecko/20100101 Firefox/102.0"
64.62.197.211 - - [08/Nov/2024:10:59:54 +0100] "GET /geoserver/web/ HTTP/1.1" 404 284 "-" "Mozilla/5.0 (Windows NT 10.0; Win64; x64) AppleWebKit/537.36 (KHTML, like Gecko) Chrome/110.0.0.0 Safari/537.36 Edg/110.0.1587.50"
156.59.198.136 - - [08/Nov/2024:11:10:02 +0100] "GET /ed-test.2web.at/stats/lang/awstats-br.txt HTTP/1.0" 404 302 "-" "Mozilla/5.0 (Linux; Android 5.0) AppleWebKit/537.36 (KHTML, like Gecko) Mobile Safari/537.36 (compatible; Bytespider; spider-feedback@bytedance.com)"
103.1.179.32 - - [08/Nov/2024:11:12:43 +0100] "POST /cgi-bin/.%2e/.%2e/.%2e/.%2e/.%2e/.%2e/.%2e/.%2e/.%2e/.%2e/bin/sh HTTP/1.1" 400 373 "-" "Custom-AsyncHttpClient"
103.1.179.32 - - [08/Nov/2024:11:12:44 +0100] "POST /cgi-bin/%%32%65%%32%65/%%32%65%%32%65/%%32%65%%32%65/%%32%65%%32%65/%%32%65%%32%65/%%32%65%%32%65/%%32%65%%32%65/bin/sh HTTP/1.1" 400 373 "-" "Custom-AsyncHttpClient"
156.59.198.135 - - [08/Nov/2024:11:14:03 +0100] "GET /renault.activities.at/htdocs/export/pdf/emuc_document/12149011.pdf HTTP/1.0" 404 321 "-" "Mozilla/5.0 (Linux; Android 5.0) AppleWebKit/537.36 (KHTML, like Gecko) Mobile Safari/537.36 (compatible; Bytespider; spider-feedback@bytedance.com)"
173.252.83.115 - - [08/Nov/2024:11:14:39 +0100] "GET /gallery/image.php?mode=thumbnail&%3Balbum_id=3&%3Bimage_id=90&%3Bsid=81c786b33e75f1f2d072b95b9f6ee604 HTTP/1.1" 404 373 "-" "meta-externalagent/1.1 (+https://developers.facebook.com/docs/sharing/webmasters/crawler)"
141.98.11.79 - - [08/Nov/2024:11:15:05 +0100] "GET /cgi-bin/luci/;stok=/locale HTTP/1.1" 404 371 "-" "Hello"
45.84.89.2 - - [08/Nov/2024:11:42:29 +0100] "GET / HTTP/1.1" 200 423 "-" "Mozilla/6.0 (Windows NT 10.0; Win64; x64) AppleWebKit/537.36 (KHTML, like Gecko) Chrome/127.0.0.0 Safari/537.36 Inspici (www.inspici.com)"
194.50.16.198 - - [08/Nov/2024:11:42:53 +0100] "GET /cgi-bin/index.html HTTP/1.1" 404 363 "-" "-"
156.59.198.135 - - [08/Nov/2024:11:43:38 +0100] "GET /ed-test.2web.at/stats/lang/awstats-ca.txt HTTP/1.0" 404 302 "-" "Mozilla/5.0 (Linux; Android 5.0) AppleWebKit/537.36 (KHTML, like Gecko) Mobile Safari/537.36 (compatible; Bytespider; spider-feedback@bytedance.com)"
156.59.198.136 - - [08/Nov/2024:11:47:38 +0100] "GET /renault.activities.at/htdocs/export/pdf/emuc_document/12383117.pdf HTTP/1.0" 404 322 "-" "Mozilla/5.0 (Linux; Android 5.0) AppleWebKit/537.36 (KHTML, like Gecko) Mobile Safari/537.36 (compatible; Bytespider; spider-feedback@bytedance.com)"
156.59.198.136 - - [08/Nov/2024:11:51:39 +0100] "GET /renault.activities.at/htdocs/export/pdf/emuc_document/10883759.pdf HTTP/1.0" 404 323 "-" "Mozilla/5.0 (Linux; Android 5.0) AppleWebKit/537.36 (KHTML, like Gecko) Mobile Safari/537.36 (compatible; Bytespider; spider-feedback@bytedance.com)"
178.115.42.220 - - [08/Nov/2024:11:53:22 +0100] "GET /layout.php HTTP/1.1" 200 815 "-" "Mozilla/5.0 (Windows NT 10.0; Win64; x64; rv:132.0) Gecko/20100101 Firefox/132.0"
178.115.42.220 - - [08/Nov/2024:11:53:22 +0100] "GET /activities.ico HTTP/1.1" 200 1406 "http://hausegger.activities.at/layout.php" "Mozilla/5.0 (Windows NT 10.0; Win64; x64; rv:132.0) Gecko/20100101 Firefox/132.0"
178.115.42.220 - - [08/Nov/2024:11:53:22 +0100] "GET /entry.php?id=10273 HTTP/1.1" 200 1900 "http://hausegger.activities.at/layout.php" "Mozilla/5.0 (Windows NT 10.0; Win64; x64; rv:132.0) Gecko/20100101 Firefox/132.0"
178.115.42.220 - - [08/Nov/2024:11:53:22 +0100] "GET /entry.php?id=10270 HTTP/1.1" 200 908 "http://hausegger.activities.at/layout.php" "Mozilla/5.0 (Windows NT 10.0; Win64; x64; rv:132.0) Gecko/20100101 Firefox/132.0"
178.115.42.220 - - [08/Nov/2024:11:53:22 +0100] "GET /entry.php?id=10272 HTTP/1.1" 200 1158 "http://hausegger.activities.at/layout.php" "Mozilla/5.0 (Windows NT 10.0; Win64; x64; rv:132.0) Gecko/20100101 Firefox/132.0"
178.115.42.220 - - [08/Nov/2024:11:53:22 +0100] "GET /entry.php?id=11412 HTTP/1.1" 200 1758 "http://hausegger.activities.at/layout.php" "Mozilla/5.0 (Windows NT 10.0; Win64; x64; rv:132.0) Gecko/20100101 Firefox/132.0"
178.115.42.220 - - [08/Nov/2024:11:53:23 +0100] "GET /framework/webfx/style/toolbar/cb2.css HTTP/1.1" 200 793 "http://hausegger.activities.at/entry.php?id=10273" "Mozilla/5.0 (Windows NT 10.0; Win64; x64; rv:132.0) Gecko/20100101 Firefox/132.0"
178.115.42.220 - - [08/Nov/2024:11:53:23 +0100] "GET /gui/javascript/form_form.js?1731063202 HTTP/1.1" 200 16206 "http://hausegger.activities.at/entry.php?id=10273" "Mozilla/5.0 (Windows NT 10.0; Win64; x64; rv:132.0) Gecko/20100101 Firefox/132.0"
178.115.42.220 - - [08/Nov/2024:11:53:23 +0100] "GET /gui/javascript/form_form.js?1731063202 HTTP/1.1" 200 16206 "http://hausegger.activities.at/entry.php?id=11412" "Mozilla/5.0 (Windows NT 10.0; Win64; x64; rv:132.0) Gecko/20100101 Firefox/132.0"
178.115.42.220 - - [08/Nov/2024:11:53:23 +0100] "GET /gui/javascript/form_form.js?1731063202 HTTP/1.1" 200 16206 "http://hausegger.activities.at/entry.php?id=10272" "Mozilla/5.0 (Windows NT 10.0; Win64; x64; rv:132.0) Gecko/20100101 Firefox/132.0"
178.115.42.220 - - [08/Nov/2024:11:53:23 +0100] "GET /gui/javascript/form_form.js?1731063202 HTTP/1.1" 200 16206 "http://hausegger.activities.at/entry.php?id=10270" "Mozilla/5.0 (Windows NT 10.0; Win64; x64; rv:132.0) Gecko/20100101 Firefox/132.0"
178.115.42.220 - - [08/Nov/2024:11:53:23 +0100] "GET /entry.php?id=10287 HTTP/1.1" 200 2418 "http://hausegger.activities.at/entry.php?id=11412" "Mozilla/5.0 (Windows NT 10.0; Win64; x64; rv:132.0) Gecko/20100101 Firefox/132.0"
178.115.42.220 - - [08/Nov/2024:11:53:23 +0100] "GET /entry.php?id=10271& HTTP/1.1" 200 934 "http://hausegger.activities.at/entry.php?id=10272" "Mozilla/5.0 (Windows NT 10.0; Win64; x64; rv:132.0) Gecko/20100101 Firefox/132.0"
178.115.42.220 - - [08/Nov/2024:11:53:23 +0100] "GET /gui/javascript/form_form.js?1731063203 HTTP/1.1" 200 16206 "http://hausegger.activities.at/entry.php?id=10287" "Mozilla/5.0 (Windows NT 10.0; Win64; x64; rv:132.0) Gecko/20100101 Firefox/132.0"
178.115.42.220 - - [08/Nov/2024:11:53:23 +0100] "GET /entry.php?id=10270& HTTP/1.1" 200 908 "http://hausegger.activities.at/entry.php?id=10287" "Mozilla/5.0 (Windows NT 10.0; Win64; x64; rv:132.0) Gecko/20100101 Firefox/132.0"
178.115.42.220 - - [08/Nov/2024:11:53:23 +0100] "GET /entry.php?id=10273& HTTP/1.1" 200 1901 "http://hausegger.activities.at/entry.php?id=10287" "Mozilla/5.0 (Windows NT 10.0; Win64; x64; rv:132.0) Gecko/20100101 Firefox/132.0"
178.115.42.220 - - [08/Nov/2024:11:53:24 +0100] "GET /gui/javascript/form_form.js?1731063204 HTTP/1.1" 200 16206 "http://hausegger.activities.at/entry.php?id=10270&" "Mozilla/5.0 (Windows NT 10.0; Win64; x64; rv:132.0) Gecko/20100101 Firefox/132.0"
178.115.42.220 - - [08/Nov/2024:11:53:26 +0100] "POST /entry.php?id=10287& HTTP/1.1" 200 1968 "http://hausegger.activities.at/entry.php?id=10287" "Mozilla/5.0 (Windows NT 10.0; Win64; x64; rv:132.0) Gecko/20100101 Firefox/132.0"
178.115.42.220 - - [08/Nov/2024:11:54:29 +0100] "GET /gui/javascript/form_form.js?1731063269 HTTP/1.1" 200 16206 "http://hausegger.activities.at/entry.php?id=10287&" "Mozilla/5.0 (Windows NT 10.0; Win64; x64; rv:132.0) Gecko/20100101 Firefox/132.0"
178.115.42.220 - - [08/Nov/2024:11:54:30 +0100] "GET /entry.php?id=10271& HTTP/1.1" 200 987 "http://hausegger.activities.at/entry.php?id=10272" "Mozilla/5.0 (Windows NT 10.0; Win64; x64; rv:132.0) Gecko/20100101 Firefox/132.0"
178.115.42.220 - - [08/Nov/2024:11:54:30 +0100] "GET /entry.php?id=10273& HTTP/1.1" 200 2010 "http://hausegger.activities.at/entry.php?id=10287&" "Mozilla/5.0 (Windows NT 10.0; Win64; x64; rv:132.0) Gecko/20100101 Firefox/132.0"
178.115.42.220 - - [08/Nov/2024:11:54:30 +0100] "GET /gui/javascript/form_form.js?1731063270 HTTP/1.1" 200 16206 "http://hausegger.activities.at/entry.php?id=10271&" "Mozilla/5.0 (Windows NT 10.0; Win64; x64; rv:132.0) Gecko/20100101 Firefox/132.0"
178.115.42.220 - - [08/Nov/2024:11:54:30 +0100] "GET /framework/webfx/style/toolbar/images/cbback.gif HTTP/1.1" 404 318 "http://hausegger.activities.at/framework/webfx/style/toolbar/cb2.css" "Mozilla/5.0 (Windows NT 10.0; Win64; x64; rv:132.0) Gecko/20100101 Firefox/132.0"
178.115.42.220 - - [08/Nov/2024:11:54:30 +0100] "GET /entry.php?id=10270&__app__=10006038 HTTP/1.1" 200 2230 "http://hausegger.activities.at/entry.php?id=10273&" "Mozilla/5.0 (Windows NT 10.0; Win64; x64; rv:132.0) Gecko/20100101 Firefox/132.0"
178.115.42.220 - - [08/Nov/2024:11:54:30 +0100] "GET /undefined HTTP/1.1" 404 289 "http://hausegger.activities.at/entry.php?id=10270&__app__=10006038" "Mozilla/5.0 (Windows NT 10.0; Win64; x64; rv:132.0) Gecko/20100101 Firefox/132.0"
178.115.42.220 - - [08/Nov/2024:11:55:30 +0100] "GET /entry.php?id=10271&&ser=63270 HTTP/1.1" 200 987 "http://hausegger.activities.at/entry.php?id=10271&" "Mozilla/5.0 (Windows NT 10.0; Win64; x64; rv:132.0) Gecko/20100101 Firefox/132.0"
178.115.42.220 - - [08/Nov/2024:11:55:30 +0100] "GET /gui/javascript/form_form.js?1731063330 HTTP/1.1" 200 16206 "http://hausegger.activities.at/entry.php?id=10271&&ser=63270" "Mozilla/5.0 (Windows NT 10.0; Win64; x64; rv:132.0) Gecko/20100101 Firefox/132.0"
156.59.198.136 - - [08/Nov/2024:11:55:39 +0100] "GET /ed-test.2web.at/stats/lang/awstats-en.txt HTTP/1.0" 404 302 "-" "Mozilla/5.0 (Linux; Android 5.0) AppleWebKit/537.36 (KHTML, like Gecko) Mobile Safari/537.36 (compatible; Bytespider; spider-feedback@bytedance.com)"
178.115.42.220 - - [08/Nov/2024:11:56:30 +0100] "GET /entry.php?id=10271&&ser=63330 HTTP/1.1" 200 986 "http://hausegger.activities.at/entry.php?id=10271&&ser=63270" "Mozilla/5.0 (Windows NT 10.0; Win64; x64; rv:132.0) Gecko/20100101 Firefox/132.0"
178.115.42.220 - - [08/Nov/2024:11:56:30 +0100] "GET /gui/javascript/form_form.js?1731063390 HTTP/1.1" 200 16206 "http://hausegger.activities.at/entry.php?id=10271&&ser=63330" "Mozilla/5.0 (Windows NT 10.0; Win64; x64; rv:132.0) Gecko/20100101 Firefox/132.0"
178.115.42.220 - - [08/Nov/2024:11:57:30 +0100] "GET /entry.php?id=10271&&ser=63390 HTTP/1.1" 200 986 "http://hausegger.activities.at/entry.php?id=10271&&ser=63330" "Mozilla/5.0 (Windows NT 10.0; Win64; x64; rv:132.0) Gecko/20100101 Firefox/132.0"
178.115.42.220 - - [08/Nov/2024:11:57:31 +0100] "GET /gui/javascript/form_form.js?1731063451 HTTP/1.1" 200 16206 "http://hausegger.activities.at/entry.php?id=10271&&ser=63390" "Mozilla/5.0 (Windows NT 10.0; Win64; x64; rv:132.0) Gecko/20100101 Firefox/132.0"
178.115.42.220 - - [08/Nov/2024:11:58:32 +0100] "GET /entry.php?id=10271&&ser=63451 HTTP/1.1" 200 987 "http://hausegger.activities.at/entry.php?id=10271&&ser=63390" "Mozilla/5.0 (Windows NT 10.0; Win64; x64; rv:132.0) Gecko/20100101 Firefox/132.0"
178.115.42.220 - - [08/Nov/2024:11:58:32 +0100] "GET /gui/javascript/form_form.js?1731063512 HTTP/1.1" 200 16206 "http://hausegger.activities.at/entry.php?id=10271&&ser=63451" "Mozilla/5.0 (Windows NT 10.0; Win64; x64; rv:132.0) Gecko/20100101 Firefox/132.0"
178.115.42.220 - - [08/Nov/2024:11:59:32 +0100] "GET /entry.php?id=10271&&ser=63512 HTTP/1.1" 200 987 "http://hausegger.activities.at/entry.php?id=10271&&ser=63451" "Mozilla/5.0 (Windows NT 10.0; Win64; x64; rv:132.0) Gecko/20100101 Firefox/132.0"
178.115.42.220 - - [08/Nov/2024:11:59:32 +0100] "GET /gui/javascript/form_form.js?1731063572 HTTP/1.1" 200 16206 "http://hausegger.activities.at/entry.php?id=10271&&ser=63512" "Mozilla/5.0 (Windows NT 10.0; Win64; x64; rv:132.0) Gecko/20100101 Firefox/132.0"
156.59.198.136 - - [08/Nov/2024:11:59:39 +0100] "GET /renault.activities.at/htdocs/export/xml/data/orders/202011230903_RenOrder.xml HTTP/1.0" 404 328 "-" "Mozilla/5.0 (Linux; Android 5.0) AppleWebKit/537.36 (KHTML, like Gecko) Mobile Safari/537.36 (compatible; Bytespider; spider-feedback@bytedance.com)"
178.115.42.220 - - [08/Nov/2024:12:00:32 +0100] "GET /entry.php?id=10271&&ser=63572 HTTP/1.1" 200 987 "http://hausegger.activities.at/entry.php?id=10271&&ser=63512" "Mozilla/5.0 (Windows NT 10.0; Win64; x64; rv:132.0) Gecko/20100101 Firefox/132.0"
178.115.42.220 - - [08/Nov/2024:12:00:33 +0100] "GET /gui/javascript/form_form.js?1731063633 HTTP/1.1" 200 16206 "http://hausegger.activities.at/entry.php?id=10271&&ser=63572" "Mozilla/5.0 (Windows NT 10.0; Win64; x64; rv:132.0) Gecko/20100101 Firefox/132.0"
178.115.42.220 - - [08/Nov/2024:12:01:33 +0100] "GET /entry.php?id=10271&&ser=63633 HTTP/1.1" 200 986 "http://hausegger.activities.at/entry.php?id=10271&&ser=63572" "Mozilla/5.0 (Windows NT 10.0; Win64; x64; rv:132.0) Gecko/20100101 Firefox/132.0"
178.115.42.220 - - [08/Nov/2024:12:01:33 +0100] "GET /gui/javascript/form_form.js?1731063693 HTTP/1.1" 200 16206 "http://hausegger.activities.at/entry.php?id=10271&&ser=63633" "Mozilla/5.0 (Windows NT 10.0; Win64; x64; rv:132.0) Gecko/20100101 Firefox/132.0"
178.115.42.220 - - [08/Nov/2024:12:02:33 +0100] "GET /entry.php?id=10271&&ser=63693 HTTP/1.1" 200 986 "http://hausegger.activities.at/entry.php?id=10271&&ser=63633" "Mozilla/5.0 (Windows NT 10.0; Win64; x64; rv:132.0) Gecko/20100101 Firefox/132.0"
178.115.42.220 - - [08/Nov/2024:12:02:33 +0100] "GET /gui/javascript/form_form.js?1731063753 HTTP/1.1" 200 16206 "http://hausegger.activities.at/entry.php?id=10271&&ser=63693" "Mozilla/5.0 (Windows NT 10.0; Win64; x64; rv:132.0) Gecko/20100101 Firefox/132.0"
95.214.55.79 - - [08/Nov/2024:12:02:46 +0100] "GET / HTTP/1.1" 200 274 "-" "Mozilla/5.0 (Windows NT 10.0; Win64; x64) AppleWebKit/537.36 (KHTML, like Gecko) Chrome/90.0.4430.85 Safari/537.36 Edg/90.0.818.46"
178.115.42.220 - - [08/Nov/2024:12:03:34 +0100] "GET /entry.php?id=10271&&ser=63753 HTTP/1.1" 200 987 "http://hausegger.activities.at/entry.php?id=10271&&ser=63693" "Mozilla/5.0 (Windows NT 10.0; Win64; x64; rv:132.0) Gecko/20100101 Firefox/132.0"
178.115.42.220 - - [08/Nov/2024:12:03:34 +0100] "GET /gui/javascript/form_form.js?1731063814 HTTP/1.1" 200 16206 "http://hausegger.activities.at/entry.php?id=10271&&ser=63753" "Mozilla/5.0 (Windows NT 10.0; Win64; x64; rv:132.0) Gecko/20100101 Firefox/132.0"
156.59.198.135 - - [08/Nov/2024:12:03:39 +0100] "GET /renault.activities.at/htdocs/export/xml/data/orders/202009091503_RenOrder.xml HTTP/1.0" 404 329 "-" "Mozilla/5.0 (Linux; Android 5.0) AppleWebKit/537.36 (KHTML, like Gecko) Mobile Safari/537.36 (compatible; Bytespider; spider-feedback@bytedance.com)"
178.115.42.220 - - [08/Nov/2024:12:04:34 +0100] "GET /entry.php?id=10271&&ser=63814 HTTP/1.1" 200 987 "http://hausegger.activities.at/entry.php?id=10271&&ser=63753" "Mozilla/5.0 (Windows NT 10.0; Win64; x64; rv:132.0) Gecko/20100101 Firefox/132.0"
178.115.42.220 - - [08/Nov/2024:12:04:34 +0100] "GET /gui/javascript/form_form.js?1731063874 HTTP/1.1" 200 16206 "http://hausegger.activities.at/entry.php?id=10271&&ser=63814" "Mozilla/5.0 (Windows NT 10.0; Win64; x64; rv:132.0) Gecko/20100101 Firefox/132.0"
178.115.42.220 - - [08/Nov/2024:12:05:35 +0100] "GET /entry.php?id=10271&&ser=63874 HTTP/1.1" 200 988 "http://hausegger.activities.at/entry.php?id=10271&&ser=63814" "Mozilla/5.0 (Windows NT 10.0; Win64; x64; rv:132.0) Gecko/20100101 Firefox/132.0"
178.115.42.220 - - [08/Nov/2024:12:05:35 +0100] "GET /gui/javascript/form_form.js?1731063935 HTTP/1.1" 200 16206 "http://hausegger.activities.at/entry.php?id=10271&&ser=63874" "Mozilla/5.0 (Windows NT 10.0; Win64; x64; rv:132.0) Gecko/20100101 Firefox/132.0"
178.115.42.220 - - [08/Nov/2024:12:06:35 +0100] "GET /entry.php?id=10271&&ser=63935 HTTP/1.1" 200 987 "http://hausegger.activities.at/entry.php?id=10271&&ser=63874" "Mozilla/5.0 (Windows NT 10.0; Win64; x64; rv:132.0) Gecko/20100101 Firefox/132.0"
178.115.42.220 - - [08/Nov/2024:12:06:35 +0100] "GET /gui/javascript/form_form.js?1731063995 HTTP/1.1" 200 16206 "http://hausegger.activities.at/entry.php?id=10271&&ser=63935" "Mozilla/5.0 (Windows NT 10.0; Win64; x64; rv:132.0) Gecko/20100101 Firefox/132.0"
178.115.42.220 - - [08/Nov/2024:12:07:35 +0100] "GET /entry.php?id=10271&&ser=63995 HTTP/1.1" 200 987 "http://hausegger.activities.at/entry.php?id=10271&&ser=63935" "Mozilla/5.0 (Windows NT 10.0; Win64; x64; rv:132.0) Gecko/20100101 Firefox/132.0"
178.115.42.220 - - [08/Nov/2024:12:07:35 +0100] "GET /gui/javascript/form_form.js?1731064055 HTTP/1.1" 200 16206 "http://hausegger.activities.at/entry.php?id=10271&&ser=63995" "Mozilla/5.0 (Windows NT 10.0; Win64; x64; rv:132.0) Gecko/20100101 Firefox/132.0"
156.59.198.135 - - [08/Nov/2024:12:07:39 +0100] "GET /ed-test.2web.at/stats/lang/awstats-sr.txt HTTP/1.0" 404 302 "-" "Mozilla/5.0 (Linux; Android 5.0) AppleWebKit/537.36 (KHTML, like Gecko) Mobile Safari/537.36 (compatible; Bytespider; spider-feedback@bytedance.com)"
178.115.42.220 - - [08/Nov/2024:12:08:35 +0100] "GET /entry.php?id=10271&&ser=64055 HTTP/1.1" 200 987 "http://hausegger.activities.at/entry.php?id=10271&&ser=63995" "Mozilla/5.0 (Windows NT 10.0; Win64; x64; rv:132.0) Gecko/20100101 Firefox/132.0"
178.115.42.220 - - [08/Nov/2024:12:08:35 +0100] "GET /gui/javascript/form_form.js?1731064115 HTTP/1.1" 200 16206 "http://hausegger.activities.at/entry.php?id=10271&&ser=64055" "Mozilla/5.0 (Windows NT 10.0; Win64; x64; rv:132.0) Gecko/20100101 Firefox/132.0"
178.115.42.220 - - [08/Nov/2024:12:09:36 +0100] "GET /entry.php?id=10271&&ser=64115 HTTP/1.1" 200 987 "http://hausegger.activities.at/entry.php?id=10271&&ser=64055" "Mozilla/5.0 (Windows NT 10.0; Win64; x64; rv:132.0) Gecko/20100101 Firefox/132.0"
178.115.42.220 - - [08/Nov/2024:12:09:36 +0100] "GET /gui/javascript/form_form.js?1731064176 HTTP/1.1" 200 16206 "http://hausegger.activities.at/entry.php?id=10271&&ser=64115" "Mozilla/5.0 (Windows NT 10.0; Win64; x64; rv:132.0) Gecko/20100101 Firefox/132.0"
178.115.42.220 - - [08/Nov/2024:12:10:36 +0100] "GET /entry.php?id=10271&&ser=64176 HTTP/1.1" 200 987 "http://hausegger.activities.at/entry.php?id=10271&&ser=64115" "Mozilla/5.0 (Windows NT 10.0; Win64; x64; rv:132.0) Gecko/20100101 Firefox/132.0"
178.115.42.220 - - [08/Nov/2024:12:10:36 +0100] "GET /gui/javascript/form_form.js?1731064236 HTTP/1.1" 200 16206 "http://hausegger.activities.at/entry.php?id=10271&&ser=64176" "Mozilla/5.0 (Windows NT 10.0; Win64; x64; rv:132.0) Gecko/20100101 Firefox/132.0"
178.115.42.220 - - [08/Nov/2024:12:11:36 +0100] "GET /entry.php?id=10271&&ser=64236 HTTP/1.1" 200 987 "http://hausegger.activities.at/entry.php?id=10271&&ser=64176" "Mozilla/5.0 (Windows NT 10.0; Win64; x64; rv:132.0) Gecko/20100101 Firefox/132.0"
178.115.42.220 - - [08/Nov/2024:12:11:36 +0100] "GET /gui/javascript/form_form.js?1731064296 HTTP/1.1" 200 16206 "http://hausegger.activities.at/entry.php?id=10271&&ser=64236" "Mozilla/5.0 (Windows NT 10.0; Win64; x64; rv:132.0) Gecko/20100101 Firefox/132.0"
156.59.198.136 - - [08/Nov/2024:12:11:40 +0100] "GET /renault.activities.at/htdocs/export/xml/data/orders/202103120803_RenOrder.xml HTTP/1.0" 404 328 "-" "Mozilla/5.0 (Linux; Android 5.0) AppleWebKit/537.36 (KHTML, like Gecko) Mobile Safari/537.36 (compatible; Bytespider; spider-feedback@bytedance.com)"
178.115.42.220 - - [08/Nov/2024:12:12:37 +0100] "GET /entry.php?id=10271&&ser=64296 HTTP/1.1" 200 987 "http://hausegger.activities.at/entry.php?id=10271&&ser=64236" "Mozilla/5.0 (Windows NT 10.0; Win64; x64; rv:132.0) Gecko/20100101 Firefox/132.0"
178.115.42.220 - - [08/Nov/2024:12:12:37 +0100] "GET /gui/javascript/form_form.js?1731064357 HTTP/1.1" 200 16206 "http://hausegger.activities.at/entry.php?id=10271&&ser=64296" "Mozilla/5.0 (Windows NT 10.0; Win64; x64; rv:132.0) Gecko/20100101 Firefox/132.0"
178.115.42.220 - - [08/Nov/2024:12:13:37 +0100] "GET /entry.php?id=10271&&ser=64357 HTTP/1.1" 200 986 "http://hausegger.activities.at/entry.php?id=10271&&ser=64296" "Mozilla/5.0 (Windows NT 10.0; Win64; x64; rv:132.0) Gecko/20100101 Firefox/132.0"
178.115.42.220 - - [08/Nov/2024:12:13:37 +0100] "GET /gui/javascript/form_form.js?1731064417 HTTP/1.1" 200 16206 "http://hausegger.activities.at/entry.php?id=10271&&ser=64357" "Mozilla/5.0 (Windows NT 10.0; Win64; x64; rv:132.0) Gecko/20100101 Firefox/132.0"
178.115.42.220 - - [08/Nov/2024:12:14:37 +0100] "GET /entry.php?id=10271&&ser=64417 HTTP/1.1" 200 986 "http://hausegger.activities.at/entry.php?id=10271&&ser=64357" "Mozilla/5.0 (Windows NT 10.0; Win64; x64; rv:132.0) Gecko/20100101 Firefox/132.0"
178.115.42.220 - - [08/Nov/2024:12:14:37 +0100] "GET /gui/javascript/form_form.js?1731064477 HTTP/1.1" 200 16206 "http://hausegger.activities.at/entry.php?id=10271&&ser=64417" "Mozilla/5.0 (Windows NT 10.0; Win64; x64; rv:132.0) Gecko/20100101 Firefox/132.0"
141.98.11.79 - - [08/Nov/2024:12:15:02 +0100] "GET /cgi-bin/luci/;stok=/locale HTTP/1.1" 404 371 "-" "Hello"
178.115.42.220 - - [08/Nov/2024:12:15:37 +0100] "GET /entry.php?id=10271&&ser=64477 HTTP/1.1" 200 987 "http://hausegger.activities.at/entry.php?id=10271&&ser=64417" "Mozilla/5.0 (Windows NT 10.0; Win64; x64; rv:132.0) Gecko/20100101 Firefox/132.0"
178.115.42.220 - - [08/Nov/2024:12:15:37 +0100] "GET /gui/javascript/form_form.js?1731064537 HTTP/1.1" 200 16206 "http://hausegger.activities.at/entry.php?id=10271&&ser=64477" "Mozilla/5.0 (Windows NT 10.0; Win64; x64; rv:132.0) Gecko/20100101 Firefox/132.0"
156.59.198.135 - - [08/Nov/2024:12:15:40 +0100] "GET /ed-test.activities.at/stats/lang/awstats-se.txt HTTP/1.0" 404 306 "-" "Mozilla/5.0 (Linux; Android 5.0) AppleWebKit/537.36 (KHTML, like Gecko) Mobile Safari/537.36 (compatible; Bytespider; spider-feedback@bytedance.com)"
178.115.42.220 - - [08/Nov/2024:12:16:38 +0100] "GET /entry.php?id=10271&&ser=64537 HTTP/1.1" 200 987 "http://hausegger.activities.at/entry.php?id=10271&&ser=64477" "Mozilla/5.0 (Windows NT 10.0; Win64; x64; rv:132.0) Gecko/20100101 Firefox/132.0"
178.115.42.220 - - [08/Nov/2024:12:16:38 +0100] "GET /gui/javascript/form_form.js?1731064598 HTTP/1.1" 200 16206 "http://hausegger.activities.at/entry.php?id=10271&&ser=64537" "Mozilla/5.0 (Windows NT 10.0; Win64; x64; rv:132.0) Gecko/20100101 Firefox/132.0"
198.235.24.216 - - [08/Nov/2024:12:16:39 +0100] "\x16\x03\x01" 400 383 "-" "-"
198.235.24.216 - - [08/Nov/2024:12:16:39 +0100] "\x16\x03\x01" 400 383 "-" "-"
178.115.42.220 - - [08/Nov/2024:12:17:38 +0100] "GET /entry.php?id=10271&&ser=64598 HTTP/1.1" 200 987 "http://hausegger.activities.at/entry.php?id=10271&&ser=64537" "Mozilla/5.0 (Windows NT 10.0; Win64; x64; rv:132.0) Gecko/20100101 Firefox/132.0"
178.115.42.220 - - [08/Nov/2024:12:17:38 +0100] "GET /gui/javascript/form_form.js?1731064658 HTTP/1.1" 200 16206 "http://hausegger.activities.at/entry.php?id=10271&&ser=64598" "Mozilla/5.0 (Windows NT 10.0; Win64; x64; rv:132.0) Gecko/20100101 Firefox/132.0"
80.82.77.202 - - [08/Nov/2024:12:18:00 +0100] "GET / HTTP/1.0" 200 423 "-" "Mozilla/5.0 (Windows NT 10.0; WOW64) AppleWebKit/537.36 (KHTML, like Gecko) Chrome/70.0.3538.25 Safari/537.36 Core/1.70.3676.400 QQBrowser/10.4.3469.400"
178.115.42.220 - - [08/Nov/2024:12:18:38 +0100] "GET /entry.php?id=10271&&ser=64658 HTTP/1.1" 200 987 "http://hausegger.activities.at/entry.php?id=10271&&ser=64598" "Mozilla/5.0 (Windows NT 10.0; Win64; x64; rv:132.0) Gecko/20100101 Firefox/132.0"
178.115.42.220 - - [08/Nov/2024:12:18:38 +0100] "GET /gui/javascript/form_form.js?1731064718 HTTP/1.1" 200 16206 "http://hausegger.activities.at/entry.php?id=10271&&ser=64658" "Mozilla/5.0 (Windows NT 10.0; Win64; x64; rv:132.0) Gecko/20100101 Firefox/132.0"
178.115.42.220 - - [08/Nov/2024:12:19:38 +0100] "GET /entry.php?id=10271&&ser=64718 HTTP/1.1" 200 987 "http://hausegger.activities.at/entry.php?id=10271&&ser=64658" "Mozilla/5.0 (Windows NT 10.0; Win64; x64; rv:132.0) Gecko/20100101 Firefox/132.0"
178.115.42.220 - - [08/Nov/2024:12:19:38 +0100] "GET /gui/javascript/form_form.js?1731064778 HTTP/1.1" 200 16206 "http://hausegger.activities.at/entry.php?id=10271&&ser=64718" "Mozilla/5.0 (Windows NT 10.0; Win64; x64; rv:132.0) Gecko/20100101 Firefox/132.0"
156.59.198.135 - - [08/Nov/2024:12:19:40 +0100] "GET /renault.activities.at/htdocs/export/xml/data/orders/201909101903_RenOrder.xml HTTP/1.0" 404 327 "-" "Mozilla/5.0 (Linux; Android 5.0) AppleWebKit/537.36 (KHTML, like Gecko) Mobile Safari/537.36 (compatible; Bytespider; spider-feedback@bytedance.com)"
178.115.42.220 - - [08/Nov/2024:12:20:39 +0100] "GET /entry.php?id=10271&&ser=64778 HTTP/1.1" 200 987 "http://hausegger.activities.at/entry.php?id=10271&&ser=64718" "Mozilla/5.0 (Windows NT 10.0; Win64; x64; rv:132.0) Gecko/20100101 Firefox/132.0"
178.115.42.220 - - [08/Nov/2024:12:20:39 +0100] "GET /gui/javascript/form_form.js?1731064839 HTTP/1.1" 200 16206 "http://hausegger.activities.at/entry.php?id=10271&&ser=64778" "Mozilla/5.0 (Windows NT 10.0; Win64; x64; rv:132.0) Gecko/20100101 Firefox/132.0"
178.115.42.220 - - [08/Nov/2024:12:21:39 +0100] "GET /entry.php?id=10271&&ser=64839 HTTP/1.1" 200 987 "http://hausegger.activities.at/entry.php?id=10271&&ser=64778" "Mozilla/5.0 (Windows NT 10.0; Win64; x64; rv:132.0) Gecko/20100101 Firefox/132.0"
178.115.42.220 - - [08/Nov/2024:12:21:39 +0100] "GET /gui/javascript/form_form.js?1731064899 HTTP/1.1" 200 16206 "http://hausegger.activities.at/entry.php?id=10271&&ser=64839" "Mozilla/5.0 (Windows NT 10.0; Win64; x64; rv:132.0) Gecko/20100101 Firefox/132.0"
178.115.42.220 - - [08/Nov/2024:12:22:39 +0100] "GET /entry.php?id=10271&&ser=64899 HTTP/1.1" 200 987 "http://hausegger.activities.at/entry.php?id=10271&&ser=64839" "Mozilla/5.0 (Windows NT 10.0; Win64; x64; rv:132.0) Gecko/20100101 Firefox/132.0"
178.115.42.220 - - [08/Nov/2024:12:22:39 +0100] "GET /gui/javascript/form_form.js?1731064959 HTTP/1.1" 200 16206 "http://hausegger.activities.at/entry.php?id=10271&&ser=64899" "Mozilla/5.0 (Windows NT 10.0; Win64; x64; rv:132.0) Gecko/20100101 Firefox/132.0"
178.115.42.220 - - [08/Nov/2024:12:23:40 +0100] "GET /entry.php?id=10271&&ser=64959 HTTP/1.1" 200 986 "http://hausegger.activities.at/entry.php?id=10271&&ser=64899" "Mozilla/5.0 (Windows NT 10.0; Win64; x64; rv:132.0) Gecko/20100101 Firefox/132.0"
178.115.42.220 - - [08/Nov/2024:12:23:40 +0100] "GET /gui/javascript/form_form.js?1731065020 HTTP/1.1" 200 16206 "http://hausegger.activities.at/entry.php?id=10271&&ser=64959" "Mozilla/5.0 (Windows NT 10.0; Win64; x64; rv:132.0) Gecko/20100101 Firefox/132.0"
178.115.42.220 - - [08/Nov/2024:12:24:40 +0100] "GET /entry.php?id=10271&&ser=65020 HTTP/1.1" 200 986 "http://hausegger.activities.at/entry.php?id=10271&&ser=64959" "Mozilla/5.0 (Windows NT 10.0; Win64; x64; rv:132.0) Gecko/20100101 Firefox/132.0"
178.115.42.220 - - [08/Nov/2024:12:24:40 +0100] "GET /gui/javascript/form_form.js?1731065080 HTTP/1.1" 200 16206 "http://hausegger.activities.at/entry.php?id=10271&&ser=65020" "Mozilla/5.0 (Windows NT 10.0; Win64; x64; rv:132.0) Gecko/20100101 Firefox/132.0"
178.115.42.220 - - [08/Nov/2024:12:25:40 +0100] "GET /entry.php?id=10271&&ser=65080 HTTP/1.1" 200 987 "http://hausegger.activities.at/entry.php?id=10271&&ser=65020" "Mozilla/5.0 (Windows NT 10.0; Win64; x64; rv:132.0) Gecko/20100101 Firefox/132.0"
178.115.42.220 - - [08/Nov/2024:12:25:40 +0100] "GET /gui/javascript/form_form.js?1731065140 HTTP/1.1" 200 16206 "http://hausegger.activities.at/entry.php?id=10271&&ser=65080" "Mozilla/5.0 (Windows NT 10.0; Win64; x64; rv:132.0) Gecko/20100101 Firefox/132.0"
178.115.42.220 - - [08/Nov/2024:12:26:40 +0100] "GET /entry.php?id=10271&&ser=65140 HTTP/1.1" 200 987 "http://hausegger.activities.at/entry.php?id=10271&&ser=65080" "Mozilla/5.0 (Windows NT 10.0; Win64; x64; rv:132.0) Gecko/20100101 Firefox/132.0"
178.115.42.220 - - [08/Nov/2024:12:26:41 +0100] "GET /gui/javascript/form_form.js?1731065201 HTTP/1.1" 200 16206 "http://hausegger.activities.at/entry.php?id=10271&&ser=65140" "Mozilla/5.0 (Windows NT 10.0; Win64; x64; rv:132.0) Gecko/20100101 Firefox/132.0"
178.115.42.220 - - [08/Nov/2024:12:27:41 +0100] "GET /entry.php?id=10271&&ser=65200 HTTP/1.1" 200 986 "http://hausegger.activities.at/entry.php?id=10271&&ser=65140" "Mozilla/5.0 (Windows NT 10.0; Win64; x64; rv:132.0) Gecko/20100101 Firefox/132.0"
178.115.42.220 - - [08/Nov/2024:12:27:41 +0100] "GET /gui/javascript/form_form.js?1731065261 HTTP/1.1" 200 16206 "http://hausegger.activities.at/entry.php?id=10271&&ser=65200" "Mozilla/5.0 (Windows NT 10.0; Win64; x64; rv:132.0) Gecko/20100101 Firefox/132.0"
178.115.42.220 - - [08/Nov/2024:12:28:41 +0100] "GET /entry.php?id=10271&&ser=65261 HTTP/1.1" 200 986 "http://hausegger.activities.at/entry.php?id=10271&&ser=65200" "Mozilla/5.0 (Windows NT 10.0; Win64; x64; rv:132.0) Gecko/20100101 Firefox/132.0"
178.115.42.220 - - [08/Nov/2024:12:28:41 +0100] "GET /gui/javascript/form_form.js?1731065321 HTTP/1.1" 200 16206 "http://hausegger.activities.at/entry.php?id=10271&&ser=65261" "Mozilla/5.0 (Windows NT 10.0; Win64; x64; rv:132.0) Gecko/20100101 Firefox/132.0"
178.115.42.220 - - [08/Nov/2024:12:29:41 +0100] "GET /entry.php?id=10271&&ser=65321 HTTP/1.1" 200 986 "http://hausegger.activities.at/entry.php?id=10271&&ser=65261" "Mozilla/5.0 (Windows NT 10.0; Win64; x64; rv:132.0) Gecko/20100101 Firefox/132.0"
178.115.42.220 - - [08/Nov/2024:12:29:41 +0100] "GET /gui/javascript/form_form.js?1731065381 HTTP/1.1" 200 16206 "http://hausegger.activities.at/entry.php?id=10271&&ser=65321" "Mozilla/5.0 (Windows NT 10.0; Win64; x64; rv:132.0) Gecko/20100101 Firefox/132.0"
178.115.42.220 - - [08/Nov/2024:12:30:42 +0100] "GET /entry.php?id=10271&&ser=65381 HTTP/1.1" 200 987 "http://hausegger.activities.at/entry.php?id=10271&&ser=65321" "Mozilla/5.0 (Windows NT 10.0; Win64; x64; rv:132.0) Gecko/20100101 Firefox/132.0"
178.115.42.220 - - [08/Nov/2024:12:30:42 +0100] "GET /gui/javascript/form_form.js?1731065442 HTTP/1.1" 200 16206 "http://hausegger.activities.at/entry.php?id=10271&&ser=65381" "Mozilla/5.0 (Windows NT 10.0; Win64; x64; rv:132.0) Gecko/20100101 Firefox/132.0"
178.115.42.220 - - [08/Nov/2024:12:31:42 +0100] "GET /entry.php?id=10271&&ser=65442 HTTP/1.1" 200 987 "http://hausegger.activities.at/entry.php?id=10271&&ser=65381" "Mozilla/5.0 (Windows NT 10.0; Win64; x64; rv:132.0) Gecko/20100101 Firefox/132.0"
178.115.42.220 - - [08/Nov/2024:12:31:42 +0100] "GET /gui/javascript/form_form.js?1731065502 HTTP/1.1" 200 16206 "http://hausegger.activities.at/entry.php?id=10271&&ser=65442" "Mozilla/5.0 (Windows NT 10.0; Win64; x64; rv:132.0) Gecko/20100101 Firefox/132.0"
178.115.42.220 - - [08/Nov/2024:12:32:42 +0100] "GET /entry.php?id=10271&&ser=65502 HTTP/1.1" 200 987 "http://hausegger.activities.at/entry.php?id=10271&&ser=65442" "Mozilla/5.0 (Windows NT 10.0; Win64; x64; rv:132.0) Gecko/20100101 Firefox/132.0"
178.115.42.220 - - [08/Nov/2024:12:32:42 +0100] "GET /gui/javascript/form_form.js?1731065562 HTTP/1.1" 200 16206 "http://hausegger.activities.at/entry.php?id=10271&&ser=65502" "Mozilla/5.0 (Windows NT 10.0; Win64; x64; rv:132.0) Gecko/20100101 Firefox/132.0"
178.115.42.220 - - [08/Nov/2024:12:33:42 +0100] "GET /entry.php?id=10271&&ser=65562 HTTP/1.1" 200 987 "http://hausegger.activities.at/entry.php?id=10271&&ser=65502" "Mozilla/5.0 (Windows NT 10.0; Win64; x64; rv:132.0) Gecko/20100101 Firefox/132.0"
178.115.42.220 - - [08/Nov/2024:12:33:43 +0100] "GET /gui/javascript/form_form.js?1731065623 HTTP/1.1" 200 16206 "http://hausegger.activities.at/entry.php?id=10271&&ser=65562" "Mozilla/5.0 (Windows NT 10.0; Win64; x64; rv:132.0) Gecko/20100101 Firefox/132.0"
178.115.42.220 - - [08/Nov/2024:12:34:43 +0100] "GET /entry.php?id=10271&&ser=65623 HTTP/1.1" 200 987 "http://hausegger.activities.at/entry.php?id=10271&&ser=65562" "Mozilla/5.0 (Windows NT 10.0; Win64; x64; rv:132.0) Gecko/20100101 Firefox/132.0"
178.115.42.220 - - [08/Nov/2024:12:34:43 +0100] "GET /gui/javascript/form_form.js?1731065683 HTTP/1.1" 200 16206 "http://hausegger.activities.at/entry.php?id=10271&&ser=65623" "Mozilla/5.0 (Windows NT 10.0; Win64; x64; rv:132.0) Gecko/20100101 Firefox/132.0"
178.115.42.220 - - [08/Nov/2024:12:35:43 +0100] "GET /entry.php?id=10271&&ser=65683 HTTP/1.1" 200 986 "http://hausegger.activities.at/entry.php?id=10271&&ser=65623" "Mozilla/5.0 (Windows NT 10.0; Win64; x64; rv:132.0) Gecko/20100101 Firefox/132.0"
178.115.42.220 - - [08/Nov/2024:12:35:43 +0100] "GET /gui/javascript/form_form.js?1731065743 HTTP/1.1" 200 16206 "http://hausegger.activities.at/entry.php?id=10271&&ser=65683" "Mozilla/5.0 (Windows NT 10.0; Win64; x64; rv:132.0) Gecko/20100101 Firefox/132.0"
178.115.42.220 - - [08/Nov/2024:12:36:43 +0100] "GET /entry.php?id=10271&&ser=65743 HTTP/1.1" 200 987 "http://hausegger.activities.at/entry.php?id=10271&&ser=65683" "Mozilla/5.0 (Windows NT 10.0; Win64; x64; rv:132.0) Gecko/20100101 Firefox/132.0"
178.115.42.220 - - [08/Nov/2024:12:36:43 +0100] "GET /gui/javascript/form_form.js?1731065803 HTTP/1.1" 200 16206 "http://hausegger.activities.at/entry.php?id=10271&&ser=65743" "Mozilla/5.0 (Windows NT 10.0; Win64; x64; rv:132.0) Gecko/20100101 Firefox/132.0"
178.115.42.220 - - [08/Nov/2024:12:37:44 +0100] "GET /entry.php?id=10271&&ser=65803 HTTP/1.1" 200 987 "http://hausegger.activities.at/entry.php?id=10271&&ser=65743" "Mozilla/5.0 (Windows NT 10.0; Win64; x64; rv:132.0) Gecko/20100101 Firefox/132.0"
178.115.42.220 - - [08/Nov/2024:12:37:44 +0100] "GET /gui/javascript/form_form.js?1731065864 HTTP/1.1" 200 16206 "http://hausegger.activities.at/entry.php?id=10271&&ser=65803" "Mozilla/5.0 (Windows NT 10.0; Win64; x64; rv:132.0) Gecko/20100101 Firefox/132.0"
178.115.42.220 - - [08/Nov/2024:12:38:44 +0100] "GET /entry.php?id=10271&&ser=65864 HTTP/1.1" 200 986 "http://hausegger.activities.at/entry.php?id=10271&&ser=65803" "Mozilla/5.0 (Windows NT 10.0; Win64; x64; rv:132.0) Gecko/20100101 Firefox/132.0"
178.115.42.220 - - [08/Nov/2024:12:38:44 +0100] "GET /gui/javascript/form_form.js?1731065924 HTTP/1.1" 200 16206 "http://hausegger.activities.at/entry.php?id=10271&&ser=65864" "Mozilla/5.0 (Windows NT 10.0; Win64; x64; rv:132.0) Gecko/20100101 Firefox/132.0"
178.115.42.220 - - [08/Nov/2024:12:39:44 +0100] "GET /entry.php?id=10271&&ser=65924 HTTP/1.1" 200 987 "http://hausegger.activities.at/entry.php?id=10271&&ser=65864" "Mozilla/5.0 (Windows NT 10.0; Win64; x64; rv:132.0) Gecko/20100101 Firefox/132.0"
178.115.42.220 - - [08/Nov/2024:12:39:44 +0100] "GET /gui/javascript/form_form.js?1731065984 HTTP/1.1" 200 16206 "http://hausegger.activities.at/entry.php?id=10271&&ser=65924" "Mozilla/5.0 (Windows NT 10.0; Win64; x64; rv:132.0) Gecko/20100101 Firefox/132.0"
178.115.42.220 - - [08/Nov/2024:12:40:44 +0100] "GET /entry.php?id=10271&&ser=65984 HTTP/1.1" 200 987 "http://hausegger.activities.at/entry.php?id=10271&&ser=65924" "Mozilla/5.0 (Windows NT 10.0; Win64; x64; rv:132.0) Gecko/20100101 Firefox/132.0"
178.115.42.220 - - [08/Nov/2024:12:40:45 +0100] "GET /gui/javascript/form_form.js?1731066045 HTTP/1.1" 200 16206 "http://hausegger.activities.at/entry.php?id=10271&&ser=65984" "Mozilla/5.0 (Windows NT 10.0; Win64; x64; rv:132.0) Gecko/20100101 Firefox/132.0"
178.115.42.220 - - [08/Nov/2024:12:41:45 +0100] "GET /entry.php?id=10271&&ser=66045 HTTP/1.1" 200 987 "http://hausegger.activities.at/entry.php?id=10271&&ser=65984" "Mozilla/5.0 (Windows NT 10.0; Win64; x64; rv:132.0) Gecko/20100101 Firefox/132.0"
178.115.42.220 - - [08/Nov/2024:12:41:45 +0100] "GET /gui/javascript/form_form.js?1731066105 HTTP/1.1" 200 16206 "http://hausegger.activities.at/entry.php?id=10271&&ser=66045" "Mozilla/5.0 (Windows NT 10.0; Win64; x64; rv:132.0) Gecko/20100101 Firefox/132.0"
178.115.42.220 - - [08/Nov/2024:12:42:45 +0100] "GET /entry.php?id=10271&&ser=66105 HTTP/1.1" 200 987 "http://hausegger.activities.at/entry.php?id=10271&&ser=66045" "Mozilla/5.0 (Windows NT 10.0; Win64; x64; rv:132.0) Gecko/20100101 Firefox/132.0"
178.115.42.220 - - [08/Nov/2024:12:42:45 +0100] "GET /gui/javascript/form_form.js?1731066165 HTTP/1.1" 200 16206 "http://hausegger.activities.at/entry.php?id=10271&&ser=66105" "Mozilla/5.0 (Windows NT 10.0; Win64; x64; rv:132.0) Gecko/20100101 Firefox/132.0"
178.115.42.220 - - [08/Nov/2024:12:43:45 +0100] "GET /entry.php?id=10271&&ser=66165 HTTP/1.1" 200 987 "http://hausegger.activities.at/entry.php?id=10271&&ser=66105" "Mozilla/5.0 (Windows NT 10.0; Win64; x64; rv:132.0) Gecko/20100101 Firefox/132.0"
178.115.42.220 - - [08/Nov/2024:12:43:46 +0100] "GET /gui/javascript/form_form.js?1731066225 HTTP/1.1" 200 16206 "http://hausegger.activities.at/entry.php?id=10271&&ser=66165" "Mozilla/5.0 (Windows NT 10.0; Win64; x64; rv:132.0) Gecko/20100101 Firefox/132.0"
125.231.227.103 - - [08/Nov/2024:12:44:30 +0100] "GET / HTTP/1.0" 200 423 "-" "Mozilla/5.0 (Linux; U; Android 4.0.3; ko-kr; LG-L160L Build/IML74K) AppleWebkit/534.30 (KHTML, like Gecko) Version/4.0 Mobile Safari/534.30"
178.115.42.220 - - [08/Nov/2024:12:44:46 +0100] "GET /entry.php?id=10271&&ser=66225 HTTP/1.1" 200 987 "http://hausegger.activities.at/entry.php?id=10271&&ser=66165" "Mozilla/5.0 (Windows NT 10.0; Win64; x64; rv:132.0) Gecko/20100101 Firefox/132.0"
178.115.42.220 - - [08/Nov/2024:12:44:46 +0100] "GET /gui/javascript/form_form.js?1731066286 HTTP/1.1" 200 16206 "http://hausegger.activities.at/entry.php?id=10271&&ser=66225" "Mozilla/5.0 (Windows NT 10.0; Win64; x64; rv:132.0) Gecko/20100101 Firefox/132.0"
178.115.42.220 - - [08/Nov/2024:12:45:46 +0100] "GET /entry.php?id=10271&&ser=66286 HTTP/1.1" 200 987 "http://hausegger.activities.at/entry.php?id=10271&&ser=66225" "Mozilla/5.0 (Windows NT 10.0; Win64; x64; rv:132.0) Gecko/20100101 Firefox/132.0"
178.115.42.220 - - [08/Nov/2024:12:45:46 +0100] "GET /gui/javascript/form_form.js?1731066346 HTTP/1.1" 200 16206 "http://hausegger.activities.at/entry.php?id=10271&&ser=66286" "Mozilla/5.0 (Windows NT 10.0; Win64; x64; rv:132.0) Gecko/20100101 Firefox/132.0"
156.59.198.136 - - [08/Nov/2024:12:46:11 +0100] "GET /renault.activities.at/htdocs/export/pdf/emuc_document/11810033.pdf HTTP/1.0" 404 322 "-" "Mozilla/5.0 (Linux; Android 5.0) AppleWebKit/537.36 (KHTML, like Gecko) Mobile Safari/537.36 (compatible; Bytespider; spider-feedback@bytedance.com)"
178.115.42.220 - - [08/Nov/2024:12:46:46 +0100] "GET /entry.php?id=10271&&ser=66346 HTTP/1.1" 200 987 "http://hausegger.activities.at/entry.php?id=10271&&ser=66286" "Mozilla/5.0 (Windows NT 10.0; Win64; x64; rv:132.0) Gecko/20100101 Firefox/132.0"
178.115.42.220 - - [08/Nov/2024:12:46:46 +0100] "GET /gui/javascript/form_form.js?1731066406 HTTP/1.1" 200 16206 "http://hausegger.activities.at/entry.php?id=10271&&ser=66346" "Mozilla/5.0 (Windows NT 10.0; Win64; x64; rv:132.0) Gecko/20100101 Firefox/132.0"
178.115.42.220 - - [08/Nov/2024:12:47:47 +0100] "GET /entry.php?id=10271&&ser=66406 HTTP/1.1" 200 987 "http://hausegger.activities.at/entry.php?id=10271&&ser=66346" "Mozilla/5.0 (Windows NT 10.0; Win64; x64; rv:132.0) Gecko/20100101 Firefox/132.0"
178.115.42.220 - - [08/Nov/2024:12:47:47 +0100] "GET /gui/javascript/form_form.js?1731066467 HTTP/1.1" 200 16206 "http://hausegger.activities.at/entry.php?id=10271&&ser=66406" "Mozilla/5.0 (Windows NT 10.0; Win64; x64; rv:132.0) Gecko/20100101 Firefox/132.0"
178.115.42.220 - - [08/Nov/2024:12:48:47 +0100] "GET /entry.php?id=10271&&ser=66467 HTTP/1.1" 200 987 "http://hausegger.activities.at/entry.php?id=10271&&ser=66406" "Mozilla/5.0 (Windows NT 10.0; Win64; x64; rv:132.0) Gecko/20100101 Firefox/132.0"
178.115.42.220 - - [08/Nov/2024:12:48:47 +0100] "GET /gui/javascript/form_form.js?1731066527 HTTP/1.1" 200 16206 "http://hausegger.activities.at/entry.php?id=10271&&ser=66467" "Mozilla/5.0 (Windows NT 10.0; Win64; x64; rv:132.0) Gecko/20100101 Firefox/132.0"
194.50.16.198 - - [08/Nov/2024:12:48:58 +0100] "GET /login.asp HTTP/1.1" 404 354 "-" "-"
122.116.149.68 - - [08/Nov/2024:12:49:13 +0100] "GET / HTTP/1.0" 200 423 "-" "Mozilla/5.0 (Linux; U; Android 4.0.3; ko-kr; LG-L160L Build/IML74K) AppleWebkit/534.30 (KHTML, like Gecko) Version/4.0 Mobile Safari/534.30"
178.115.42.220 - - [08/Nov/2024:12:49:47 +0100] "GET /entry.php?id=10271&&ser=66527 HTTP/1.1" 200 987 "http://hausegger.activities.at/entry.php?id=10271&&ser=66467" "Mozilla/5.0 (Windows NT 10.0; Win64; x64; rv:132.0) Gecko/20100101 Firefox/132.0"
178.115.42.220 - - [08/Nov/2024:12:49:47 +0100] "GET /gui/javascript/form_form.js?1731066587 HTTP/1.1" 200 16206 "http://hausegger.activities.at/entry.php?id=10271&&ser=66527" "Mozilla/5.0 (Windows NT 10.0; Win64; x64; rv:132.0) Gecko/20100101 Firefox/132.0"
178.115.42.220 - - [08/Nov/2024:12:50:47 +0100] "GET /entry.php?id=10271&&ser=66587 HTTP/1.1" 200 987 "http://hausegger.activities.at/entry.php?id=10271&&ser=66527" "Mozilla/5.0 (Windows NT 10.0; Win64; x64; rv:132.0) Gecko/20100101 Firefox/132.0"
178.115.42.220 - - [08/Nov/2024:12:50:48 +0100] "GET /gui/javascript/form_form.js?1731066648 HTTP/1.1" 200 16206 "http://hausegger.activities.at/entry.php?id=10271&&ser=66587" "Mozilla/5.0 (Windows NT 10.0; Win64; x64; rv:132.0) Gecko/20100101 Firefox/132.0"
178.115.42.220 - - [08/Nov/2024:12:51:48 +0100] "GET /entry.php?id=10271&&ser=66648 HTTP/1.1" 200 987 "http://hausegger.activities.at/entry.php?id=10271&&ser=66587" "Mozilla/5.0 (Windows NT 10.0; Win64; x64; rv:132.0) Gecko/20100101 Firefox/132.0"
178.115.42.220 - - [08/Nov/2024:12:51:48 +0100] "GET /gui/javascript/form_form.js?1731066708 HTTP/1.1" 200 16206 "http://hausegger.activities.at/entry.php?id=10271&&ser=66648" "Mozilla/5.0 (Windows NT 10.0; Win64; x64; rv:132.0) Gecko/20100101 Firefox/132.0"
178.115.42.220 - - [08/Nov/2024:12:52:48 +0100] "GET /entry.php?id=10271&&ser=66708 HTTP/1.1" 200 987 "http://hausegger.activities.at/entry.php?id=10271&&ser=66648" "Mozilla/5.0 (Windows NT 10.0; Win64; x64; rv:132.0) Gecko/20100101 Firefox/132.0"
178.115.42.220 - - [08/Nov/2024:12:52:48 +0100] "GET /gui/javascript/form_form.js?1731066768 HTTP/1.1" 200 16206 "http://hausegger.activities.at/entry.php?id=10271&&ser=66708" "Mozilla/5.0 (Windows NT 10.0; Win64; x64; rv:132.0) Gecko/20100101 Firefox/132.0"
178.115.42.220 - - [08/Nov/2024:12:53:48 +0100] "GET /entry.php?id=10271&&ser=66768 HTTP/1.1" 200 987 "http://hausegger.activities.at/entry.php?id=10271&&ser=66708" "Mozilla/5.0 (Windows NT 10.0; Win64; x64; rv:132.0) Gecko/20100101 Firefox/132.0"
