194.50.16.94 - - [09/Nov/2024:12:26:50 +0100] "GET /connector;/actuator HTTP/1.1" 404 297 "-" "Mozilla/5.0 (X11; Linux x86_64) AppleWebKit/537.36 (KHTML, like Gecko) Chrome/124.0.0.0 Safari/537.36"
194.50.16.94 - - [09/Nov/2024:12:26:50 +0100] "GET /login;/actuator HTTP/1.1" 404 295 "-" "Mozilla/5.0 (Ubuntu; Linux x86_64; rv:120.0) Gecko/20100101 Firefox/120.0"
194.50.16.94 - - [09/Nov/2024:12:26:50 +0100] "GET /manager;/actuator HTTP/1.1" 404 296 "-" "Mozilla/5.0 (Debian; Linux i686; rv:122.0) Gecko/20100101 Firefox/122.0"
194.50.16.94 - - [09/Nov/2024:12:26:52 +0100] "GET /manage;/actuator HTTP/1.1" 404 295 "-" "Mozilla/5.0 (Fedora; Linux i686) AppleWebKit/537.36 (KHTML, like Gecko) Chrome/125.0.0.0 Safari/537.36"
194.50.16.94 - - [09/Nov/2024:12:26:52 +0100] "GET /client;/actuator HTTP/1.1" 404 295 "-" "Mozilla/5.0 (CentOS; Linux x86_64) AppleWebKit/537.36 (KHTML, like Gecko) Chrome/125.0.0.0 Safari/537.36"
194.50.16.94 - - [09/Nov/2024:12:26:53 +0100] "GET /search;/actuator HTTP/1.1" 404 295 "-" "Mozilla/5.0 (X11; CrOS x86_64 14541.0.0) AppleWebKit/537.36 (KHTML, like Gecko) Chrome/126.0.0.0 Safari/537.36"
194.50.16.94 - - [09/Nov/2024:12:26:53 +0100] "GET /signin;/actuator HTTP/1.1" 404 295 "-" "Mozilla/5.0 (Knoppix; Linux x86_64; rv:125.0) Gecko/20100101 Firefox/125.0"
194.50.16.94 - - [09/Nov/2024:12:26:53 +0100] "GET /test;/actuator HTTP/1.1" 404 293 "-" "Mozilla/5.0 (Macintosh; Intel Mac OS X 10_15_7) AppleWebKit/605.1.15 (KHTML, like Gecko) Version/17.3.1 Safari/605.1.1\t20.51"
194.50.16.94 - - [09/Nov/2024:12:26:53 +0100] "GET /management;/actuator HTTP/1.1" 404 297 "-" "Mozilla/5.0 (ZZ; Linux i686) AppleWebKit/537.36 (KHTML, like Gecko) Chrome/122.0.0.0 Safari/537.36"
194.50.16.94 - - [09/Nov/2024:12:26:53 +0100] "GET /metrics;/actuator HTTP/1.1" 404 296 "-" "Mozilla/5.0 (Kubuntu; Linux i686) AppleWebKit/537.36 (KHTML, like Gecko) Chrome/126.0.0.0 Safari/537.36"
194.50.16.94 - - [09/Nov/2024:12:26:53 +0100] "GET /internal;/actuator HTTP/1.1" 404 296 "-" "Mozilla/5.0 (Debian; Linux x86_64; rv:127.0) Gecko/20100101 Firefox/127.0"
194.50.16.94 - - [09/Nov/2024:12:26:53 +0100] "GET /config;/actuator HTTP/1.1" 404 295 "-" "Mozilla/5.0 (CentOS; Linux x86_64; rv:122.0) Gecko/20100101 Firefox/122.0"
194.50.16.94 - - [09/Nov/2024:12:26:53 +0100] "GET /staging;/actuator HTTP/1.1" 404 296 "-" "Mozilla/5.0 (Windows NT 10.0; Win64; x64; rv:91.0) Gecko/20100101 Firefox/91.0"
194.50.16.94 - - [09/Nov/2024:12:26:53 +0100] "GET /static;/actuator HTTP/1.1" 404 295 "-" "Mozilla/5.0 (Macintosh; Intel Mac OS X 10_15_7) AppleWebKit/605.1.15 (KHTML, like Gecko) Version/17.4.1 Mobile/15E148 Safari/604.1"
194.50.16.94 - - [09/Nov/2024:12:26:53 +0100] "GET /v1;/actuator HTTP/1.1" 404 293 "-" "Mozilla/5.0 (Macintosh; Intel Mac OS X 10_15_7) AppleWebKit/605.1.15 (KHTML, like Gecko) Version/17.1 Safari/605.6.19"
194.50.16.94 - - [09/Nov/2024:12:26:56 +0100] "GET /v2;/actuator HTTP/1.1" 404 293 "-" "Mozilla/5.0 (SS; Linux i686) AppleWebKit/537.36 (KHTML, like Gecko) Chrome/125.0.0.0 Safari/537.36"
194.50.16.94 - - [09/Nov/2024:12:26:58 +0100] "GET /configuration;/actuator HTTP/1.1" 404 301 "-" "Mozilla/5.0 (ZZ; Linux i686; rv:121.0) Gecko/20100101 Firefox/121.0"
194.50.16.94 - - [09/Nov/2024:12:26:58 +0100] "GET /blog;/actuator HTTP/1.1" 404 294 "-" "Mozilla/5.0 (Ubuntu; Linux i686) AppleWebKit/537.36 (KHTML, like Gecko) Chrome/129.0.0.0 Safari/537.36"
194.50.16.94 - - [09/Nov/2024:12:26:58 +0100] "GET /abuse;/actuator HTTP/1.1" 404 294 "-" "Mozilla/5.0 (Macintosh; Intel Mac OS X 10.15) AppleWebKit/605.1.15 (KHTML, like Gecko) Version/17.5 Safari/605.1.15"
194.50.16.94 - - [09/Nov/2024:12:26:58 +0100] "GET /about;/actuator HTTP/1.1" 404 294 "-" "Mozilla/5.0 (Macintosh; Intel Mac OS X 10.15; rv:128.0) Gecko/20100101 Firefox/128.0"
194.50.16.94 - - [09/Nov/2024:12:26:58 +0100] "GET /activity;/actuator HTTP/1.1" 404 296 "-" "Mozilla/5.0 (Macintosh; Intel Mac OS X 10_15_7) AppleWebKit/605.1.15 (KHTML, like Gecko) Version/17.4.1 Safari/605.1.54"
194.50.16.94 - - [09/Nov/2024:12:26:58 +0100] "GET /admin-area;/actuator HTTP/1.1" 404 297 "-" "Mozilla/5.0 (Macintosh; Intel Mac OS X 10.13; rv:109.0) Gecko/20100101 Firefox/115.0"
194.50.16.94 - - [09/Nov/2024:12:26:58 +0100] "GET /schema;/actuator HTTP/1.1" 404 295 "-" "Mozilla/5.0 (Knoppix; Linux i686) AppleWebKit/537.36 (KHTML, like Gecko) Chrome/128.0.0.0 Safari/537.36"
194.50.16.94 - - [09/Nov/2024:12:26:58 +0100] "GET /clientapi;/actuator HTTP/1.1" 404 297 "-" "Mozilla/5.0 (Windows NT 10.0; Win64; x64; rv:95.0) Gecko/20100101 Firefox/95.0"
194.50.16.94 - - [09/Nov/2024:12:26:58 +0100] "GET /doc;/actuator HTTP/1.1" 404 293 "-" "Mozilla/5.0 (Macintosh; Intel Mac OS X 10.15; rv:125.0) Gecko/20100101 Firefox/125.0"
194.50.16.94 - - [09/Nov/2024:12:26:58 +0100] "GET /message-api;/actuator HTTP/1.1" 404 299 "-" "Mozilla/5.0 (ZZ; Linux i686) AppleWebKit/537.36 (KHTML, like Gecko) Chrome/126.0.0.0 Safari/537.36"
194.50.16.94 - - [09/Nov/2024:12:26:58 +0100] "GET /rest-api;/actuator HTTP/1.1" 404 297 "-" "Mozilla/5.0 (Windows NT 10.0; Win64; x64; rv:93.0) Gecko/20100101 Firefox/93.0"
194.50.16.94 - - [09/Nov/2024:12:26:58 +0100] "GET /dashboard;/actuator HTTP/1.1" 404 297 "-" "Mozilla/5.0 (Macintosh; Intel Mac OS X 10_15_7) AppleWebKit/605.1.15 (KHTML, like Gecko) Version/17.5 Safari/605.7.19"
194.50.16.94 - - [09/Nov/2024:12:26:59 +0100] "GET /project;/actuator HTTP/1.1" 404 296 "-" "Mozilla/5.0 (Macintosh; Intel Mac OS X 14.1) AppleWebKit/618.27 (KHTML, like Gecko) Version/17.4 Safari/618.27"
194.50.16.94 - - [09/Nov/2024:12:26:59 +0100] "GET /latest;/actuator HTTP/1.1" 404 294 "-" "Mozilla/5.0 (SS; Linux x86_64; rv:124.0) Gecko/20100101 Firefox/124.0"
194.50.16.94 - - [09/Nov/2024:12:26:59 +0100] "GET /system;/actuator HTTP/1.1" 404 295 "-" "Mozilla/5.0 (Windows NT 10.0; Win64; x64; WOW64; rv:41.0) Gecko/20100101 Firefox/127.0.2 (x64 de)"
194.50.16.94 - - [09/Nov/2024:12:26:59 +0100] "GET /tests;/actuator HTTP/1.1" 404 294 "-" "Mozilla/5.0 (Windows NT 10.0; Win64; x64; rv:104.0) Gecko/20100101 Firefox/104.0"
194.50.16.94 - - [09/Nov/2024:12:26:59 +0100] "GET /tmp;/actuator HTTP/1.1" 404 293 "-" "Mozilla/5.0 (Windows NT 10.0; Win64; x64; rv:125.0) Gecko/20100101 Firefox/125.0"
194.50.16.94 - - [09/Nov/2024:12:26:59 +0100] "GET /upload;/actuator HTTP/1.1" 404 295 "-" "Mozilla/5.0 (Macintosh; Intel Mac OS X 10_15_7) AppleWebKit/605.1.15 (KHTML, like Gecko) Version/17.2 Mobile/15E148 Safari/604.1"
194.50.16.94 - - [09/Nov/2024:12:27:01 +0100] "GET /download;/actuator HTTP/1.1" 404 296 "-" "Mozilla/5.0 (Knoppix; Linux x86_64; rv:127.0) Gecko/20100101 Firefox/127.0"
194.50.16.94 - - [09/Nov/2024:12:27:01 +0100] "GET /usr;/actuator HTTP/1.1" 404 293 "-" "Mozilla/5.0 (Debian; Linux x86_64; rv:128.0) Gecko/20100101 Firefox/128.0"
194.50.16.94 - - [09/Nov/2024:12:27:01 +0100] "GET /var;/actuator HTTP/1.1" 404 293 "-" "Mozilla/5.0 (Macintosh; Intel Mac OS X 10_15_7) AppleWebKit/605.1.15 (KHTML, like Gecko) Version/17.4.1 Safari/605.1.79"
194.50.16.94 - - [09/Nov/2024:12:27:01 +0100] "GET /web;/actuator HTTP/1.1" 404 293 "-" "Mozilla/5.0 (CentOS; Linux i686) AppleWebKit/537.36 (KHTML, like Gecko) Chrome/124.0.0.0 Safari/537.36"
194.50.16.94 - - [09/Nov/2024:12:27:01 +0100] "GET /app;/actuator HTTP/1.1" 404 293 "-" "Mozilla/5.0 (X11; Linux x86_64) AppleWebKit/537.36 (KHTML, like Gecko) Version/4.0 Chrome/85.0.4183.127 Safari/537.36"
194.50.16.94 - - [09/Nov/2024:12:27:01 +0100] "GET /test;/actuator HTTP/1.1" 404 293 "-" "Mozilla/5.0 (Macintosh; Intel Mac OS X 14) AppleWebKit/616.19.3 (KHTML, like Gecko) Version/17.6.11 Safari/616.19.3"
194.50.16.94 - - [09/Nov/2024:12:27:02 +0100] "GET /v3;/actuator HTTP/1.1" 404 293 "-" "Mozilla/5.0 (Macintosh; Intel Mac OS X 14.4) AppleWebKit/616.33 (KHTML, like Gecko) Version/17.6 Safari/616.33"
194.50.16.94 - - [09/Nov/2024:12:27:02 +0100] "GET /analytics;/actuator HTTP/1.1" 404 297 "-" "Mozilla/5.0 (X11; Linux x86_64) AppleWebKit/537.36 (KHTML, like Gecko) Safari/537.36 HeyTapBrowser/45.11.0.1.1 Chrome/91.0.4472.88"
178.215.238.67 - - [09/Nov/2024:12:35:39 +0100] "GET /login.rsp HTTP/1.1" 404 354 "-" "Hello World"
141.98.11.79 - - [09/Nov/2024:12:45:17 +0100] "GET /cgi-bin/luci/;stok=/locale HTTP/1.1" 404 371 "-" "Hello"
80.82.77.202 - - [09/Nov/2024:12:45:26 +0100] "GET / HTTP/1.0" 200 423 "-" "Mozilla/4.0 (Windows; U; MSIE 7.0; Windows NT 6.0; .NET CLR 1.0.40727; Media Center PC 4.0; InfoPath.1; en-NZ)"
156.59.198.136 - - [09/Nov/2024:12:47:27 +0100] "GET /renault.activities.at/htdocs/export/pdf/emuc_document/12102865.pdf HTTP/1.0" 404 321 "-" "Mozilla/5.0 (Linux; Android 5.0) AppleWebKit/537.36 (KHTML, like Gecko) Mobile Safari/537.36 (compatible; Bytespider; spider-feedback@bytedance.com)"
156.59.198.136 - - [09/Nov/2024:12:51:26 +0100] "GET /renault.activities.at/htdocs/export/xml/data/orders/202112031103_RenOrder.xml HTTP/1.0" 404 329 "-" "Mozilla/5.0 (Linux; Android 5.0) AppleWebKit/537.36 (KHTML, like Gecko) Mobile Safari/537.36 (compatible; Bytespider; spider-feedback@bytedance.com)"
156.59.198.136 - - [09/Nov/2024:12:55:27 +0100] "GET /ed-test.activities.at/stats/lang/awstats-th.txt HTTP/1.0" 404 306 "-" "Mozilla/5.0 (Linux; Android 5.0) AppleWebKit/537.36 (KHTML, like Gecko) Mobile Safari/537.36 (compatible; Bytespider; spider-feedback@bytedance.com)"
156.59.198.135 - - [09/Nov/2024:12:59:28 +0100] "GET /renault.activities.at/htdocs/pinEdit/editor/help/userhelp-Dateien/image040.jpg HTTP/1.0" 404 327 "-" "Mozilla/5.0 (Linux; Android 5.0) AppleWebKit/537.36 (KHTML, like Gecko) Mobile Safari/537.36 (compatible; Bytespider; spider-feedback@bytedance.com)"
194.50.16.198 - - [09/Nov/2024:13:00:53 +0100] "GET /login.asp HTTP/1.1" 404 354 "-" "-"
156.59.198.136 - - [09/Nov/2024:13:03:29 +0100] "GET /ed-test.activities.at/stats/lang/awstats-cy.txt HTTP/1.0" 404 306 "-" "Mozilla/5.0 (Linux; Android 5.0) AppleWebKit/537.36 (KHTML, like Gecko) Mobile Safari/537.36 (compatible; Bytespider; spider-feedback@bytedance.com)"
95.214.55.79 - - [09/Nov/2024:13:05:46 +0100] "GET / HTTP/1.1" 200 274 "-" "Mozilla/5.0 (Windows NT 10.0; Win64; x64) AppleWebKit/537.36 (KHTML, like Gecko) Chrome/90.0.4430.85 Safari/537.36 Edg/90.0.818.46"
156.59.198.136 - - [09/Nov/2024:13:11:29 +0100] "GET /renault.activities.at/htdocs/export/pdf/emuc_document/10997808.pdf HTTP/1.0" 404 322 "-" "Mozilla/5.0 (Linux; Android 5.0) AppleWebKit/537.36 (KHTML, like Gecko) Mobile Safari/537.36 (compatible; Bytespider; spider-feedback@bytedance.com)"
141.98.11.79 - - [09/Nov/2024:13:13:13 +0100] "GET /cgi-bin/luci/;stok=/locale HTTP/1.1" 404 371 "-" "Hello"
92.118.39.244 - - [09/Nov/2024:13:13:39 +0100] "GET / HTTP/1.1" 200 274 "-" "Mozilla/5.0 (Windows NT 6.1; WOW64) AppleWebKit/537.36 (KHTML, like Gecko) coc_coc_browser/80.0.180 Chrome/74.0.3729.180 Safari/537.36"
156.59.198.136 - - [09/Nov/2024:13:15:29 +0100] "GET /renault.activities.at/htdocs/dompdf-master/www/test/images/png/resultb_ok.gif HTTP/1.0" 404 329 "-" "Mozilla/5.0 (Linux; Android 5.0) AppleWebKit/537.36 (KHTML, like Gecko) Mobile Safari/537.36 (compatible; Bytespider; spider-feedback@bytedance.com)"
156.59.198.135 - - [09/Nov/2024:13:19:30 +0100] "GET /ed-test.activities.at/stats/lang/awstats-si.txt HTTP/1.0" 404 306 "-" "Mozilla/5.0 (Linux; Android 5.0) AppleWebKit/537.36 (KHTML, like Gecko) Mobile Safari/537.36 (compatible; Bytespider; spider-feedback@bytedance.com)"
178.215.238.67 - - [09/Nov/2024:13:37:33 +0100] "GET /login.rsp HTTP/1.1" 404 354 "-" "Hello World"
156.59.198.135 - - [09/Nov/2024:13:51:37 +0100] "GET /renault.activities.at/htdocs/pinEdit/editor/help/userhelp-Dateien/image049.gif HTTP/1.0" 404 327 "-" "Mozilla/5.0 (Linux; Android 5.0) AppleWebKit/537.36 (KHTML, like Gecko) Mobile Safari/537.36 (compatible; Bytespider; spider-feedback@bytedance.com)"
194.50.16.198 - - [09/Nov/2024:13:52:00 +0100] "POST /boaform/admin/formLogin HTTP/1.1" 404 293 "http://212.69.160.11:80/admin/login.asp" "Mozilla/5.0 (X11; Ubuntu; Linux x86_64; rv:71.0) Gecko/20100101 Firefox/71.0"
141.98.11.79 - - [09/Nov/2024:14:17:38 +0100] "GET /cgi-bin/luci/;stok=/locale HTTP/1.1" 404 371 "-" "Hello"
156.59.198.136 - - [09/Nov/2024:14:18:57 +0100] "GET /ed-test.activities.at/stats/lang/awstats-nl.txt HTTP/1.0" 404 306 "-" "Mozilla/5.0 (Linux; Android 5.0) AppleWebKit/537.36 (KHTML, like Gecko) Mobile Safari/537.36 (compatible; Bytespider; spider-feedback@bytedance.com)"
156.59.198.135 - - [09/Nov/2024:14:22:57 +0100] "GET /renault.activities.at/htdocs/export/pdf/emuc_document/11810982.pdf HTTP/1.0" 404 321 "-" "Mozilla/5.0 (Linux; Android 5.0) AppleWebKit/537.36 (KHTML, like Gecko) Mobile Safari/537.36 (compatible; Bytespider; spider-feedback@bytedance.com)"
47.128.122.138 - - [09/Nov/2024:14:26:57 +0100] "GET /robots.txt HTTP/1.1" 404 284 "-" "Mozilla/5.0 (Linux; Android 5.0) AppleWebKit/537.36 (KHTML, like Gecko) Mobile Safari/537.36 (compatible; Bytespider; spider-feedback@bytedance.com)"
47.128.63.213 - - [09/Nov/2024:14:30:59 +0100] "GET /robots.txt HTTP/1.1" 404 284 "-" "Mozilla/5.0 (Linux; Android 5.0) AppleWebKit/537.36 (KHTML, like Gecko) Mobile Safari/537.36 (compatible; Bytespider; spider-feedback@bytedance.com)"
47.128.17.230 - - [09/Nov/2024:14:34:57 +0100] "GET /robots.txt HTTP/1.1" 404 284 "-" "Mozilla/5.0 (Linux; Android 5.0) AppleWebKit/537.36 (KHTML, like Gecko) Mobile Safari/537.36 (compatible; Bytespider; spider-feedback@bytedance.com)"
47.128.54.84 - - [09/Nov/2024:14:39:00 +0100] "GET /robots.txt HTTP/1.1" 404 284 "-" "Mozilla/5.0 (Linux; Android 5.0) AppleWebKit/537.36 (KHTML, like Gecko) Mobile Safari/537.36 (compatible; Bytespider; spider-feedback@bytedance.com)"
179.43.191.98 - - [09/Nov/2024:14:42:32 +0100] "GET / HTTP/1.1" 200 423 "-" "-"
118.172.74.193 - - [09/Nov/2024:14:42:45 +0100] "GET / HTTP/1.0" 200 423 "-" "Mozilla/5.0 (Linux; U; Android 4.0.3; ko-kr; LG-L160L Build/IML74K) AppleWebkit/534.30 (KHTML, like Gecko) Version/4.0 Mobile Safari/534.30"
156.59.198.135 - - [09/Nov/2024:15:01:17 +0100] "GET /renault.activities.at/htdocs/export/pdf/emuc_document/11598877.pdf HTTP/1.0" 404 322 "-" "Mozilla/5.0 (Linux; Android 5.0) AppleWebKit/537.36 (KHTML, like Gecko) Mobile Safari/537.36 (compatible; Bytespider; spider-feedback@bytedance.com)"
193.198.158.195 - - [09/Nov/2024:15:01:26 +0100] "GET / HTTP/1.1" 200 423 "-" "Mozilla/5.0 (Windows NT 6.1; WOW64) AppleWebKit/537.36 (KHTML, like Gecko) Chrome/51.0.2704.103 Safari/537.36"
156.59.198.136 - - [09/Nov/2024:15:05:17 +0100] "GET /renault.activities.at/htdocs/export/pdf/emuc_document/10432092.pdf HTTP/1.0" 404 322 "-" "Mozilla/5.0 (Linux; Android 5.0) AppleWebKit/537.36 (KHTML, like Gecko) Mobile Safari/537.36 (compatible; Bytespider; spider-feedback@bytedance.com)"
156.59.198.135 - - [09/Nov/2024:15:09:18 +0100] "GET /renault.activities.at/htdocs/pinEdit/editor/help/userhelp-Dateien/image079.jpg HTTP/1.0" 404 328 "-" "Mozilla/5.0 (Linux; Android 5.0) AppleWebKit/537.36 (KHTML, like Gecko) Mobile Safari/537.36 (compatible; Bytespider; spider-feedback@bytedance.com)"
156.59.198.135 - - [09/Nov/2024:15:13:19 +0100] "GET /ed-test.activities.at/stats/lang/awstats-ba.txt HTTP/1.0" 404 306 "-" "Mozilla/5.0 (Linux; Android 5.0) AppleWebKit/537.36 (KHTML, like Gecko) Mobile Safari/537.36 (compatible; Bytespider; spider-feedback@bytedance.com)"
156.59.198.136 - - [09/Nov/2024:15:18:43 +0100] "GET /renault.activities.at/htdocs/export/xml/data/orders/202101251703_RenOrder.xml HTTP/1.0" 404 329 "-" "Mozilla/5.0 (Linux; Android 5.0) AppleWebKit/537.36 (KHTML, like Gecko) Mobile Safari/537.36 (compatible; Bytespider; spider-feedback@bytedance.com)"
87.120.113.56 - - [09/Nov/2024:15:18:45 +0100] "GET /.env HTTP/1.1" 404 280 "-" "Mozilla/5.0 (Windows NT 10.0; Win64; x64) AppleWebKit/537.36 (KHTML, like Gecko) Chrome/72.0.3626.119 Safari/537.36"
45.149.241.114 - - [09/Nov/2024:15:21:40 +0100] "GET /.git/config HTTP/1.1" 404 285 "-" "Mozilla/5.0 (X11; U; OpenBSD i386; en-US; rv:1.9.1) Gecko/20090702 Firefox/3.5"
141.98.11.79 - - [09/Nov/2024:15:22:47 +0100] "GET /cgi-bin/luci/;stok=/locale HTTP/1.1" 404 371 "-" "Hello"
87.120.113.56 - - [09/Nov/2024:15:23:24 +0100] "GET /.env HTTP/1.1" 404 280 "-" "Opera/9.80 (J2ME/MIDP; Opera Mini/5.0.16823/1428; U; en) Presto/2.2.0"
194.50.16.198 - - [09/Nov/2024:15:41:29 +0100] "GET / HTTP/1.1" 200 423 "-" "Linux Gnu (cow)"
141.98.11.79 - - [09/Nov/2024:15:42:38 +0100] "GET /cgi-bin/luci/;stok=/locale HTTP/1.1" 404 371 "-" "Hello"
2.189.92.14 - - [09/Nov/2024:15:48:23 +0100] "GET / HTTP/1.1" 200 423 "-" "Mozilla/5.0 (Windows NT 6.1; WOW64) AppleWebKit/537.36 (KHTML, like Gecko) Chrome/52.0.2743.116 Safari/537.36"
5.8.11.202 - - [09/Nov/2024:15:55:35 +0100] "GET / HTTP/1.0" 200 423 "-" "Mozilla/5.0 (Linux; Android 9; ONEPLUS A6013) AppleWebKit/537.36 (KHTML, like Gecko) Chrome/76.0.3809.111 Mobile Safari/537.36"
194.50.16.198 - - [09/Nov/2024:16:01:30 +0100] "GET /cgi-bin/index.cgi HTTP/1.1" 404 362 "-" "-"
179.43.191.98 - - [09/Nov/2024:16:07:50 +0100] "GET / HTTP/1.1" 200 423 "-" "-"
156.59.198.136 - - [09/Nov/2024:16:21:10 +0100] "GET /renault.activities.at/htdocs/export/xml/data/orders/202001311803_RenOrder.xml HTTP/1.0" 404 328 "-" "Mozilla/5.0 (Linux; Android 5.0) AppleWebKit/537.36 (KHTML, like Gecko) Mobile Safari/537.36 (compatible; Bytespider; spider-feedback@bytedance.com)"
156.59.198.136 - - [09/Nov/2024:16:25:11 +0100] "GET /ed-test.activities.at/stats/lang/awstats-eu.txt HTTP/1.0" 404 306 "-" "Mozilla/5.0 (Linux; Android 5.0) AppleWebKit/537.36 (KHTML, like Gecko) Mobile Safari/537.36 (compatible; Bytespider; spider-feedback@bytedance.com)"
156.59.198.136 - - [09/Nov/2024:16:29:11 +0100] "GET /renault.activities.at/htdocs/export/xml/data/orders/202109291203_RenOrder.xml HTTP/1.0" 404 329 "-" "Mozilla/5.0 (Linux; Android 5.0) AppleWebKit/537.36 (KHTML, like Gecko) Mobile Safari/537.36 (compatible; Bytespider; spider-feedback@bytedance.com)"
141.98.11.79 - - [09/Nov/2024:16:34:51 +0100] "GET /cgi-bin/luci/;stok=/locale HTTP/1.1" 404 371 "-" "Hello"
122.117.246.138 - - [09/Nov/2024:16:41:16 +0100] "GET / HTTP/1.0" 200 423 "-" "Mozilla/5.0 (Linux; U; Android 4.0.3; ko-kr; LG-L160L Build/IML74K) AppleWebkit/534.30 (KHTML, like Gecko) Version/4.0 Mobile Safari/534.30"
194.50.16.198 - - [09/Nov/2024:16:42:02 +0100] "GET /cgi-bin/index.html HTTP/1.1" 404 363 "-" "-"
125.228.151.43 - - [09/Nov/2024:16:48:51 +0100] "GET / HTTP/1.0" 200 423 "-" "Mozilla/5.0 (Linux; U; Android 4.0.3; ko-kr; LG-L160L Build/IML74K) AppleWebkit/534.30 (KHTML, like Gecko) Version/4.0 Mobile Safari/534.30"
156.59.198.136 - - [09/Nov/2024:16:51:25 +0100] "GET /renault.activities.at/htdocs/export/xml/data/orders/201912021103_RenOrder.xml HTTP/1.0" 404 328 "-" "Mozilla/5.0 (Linux; Android 5.0) AppleWebKit/537.36 (KHTML, like Gecko) Mobile Safari/537.36 (compatible; Bytespider; spider-feedback@bytedance.com)"
156.59.198.135 - - [09/Nov/2024:16:55:26 +0100] "GET /renault.activities.at/htdocs/export/xml/data/orders/202107161103_RenOrder.xml HTTP/1.0" 404 329 "-" "Mozilla/5.0 (Linux; Android 5.0) AppleWebKit/537.36 (KHTML, like Gecko) Mobile Safari/537.36 (compatible; Bytespider; spider-feedback@bytedance.com)"
179.43.191.98 - - [09/Nov/2024:16:57:20 +0100] "GET / HTTP/1.1" 200 423 "-" "-"
194.50.16.94 - - [09/Nov/2024:17:13:14 +0100] "GET /gate;/actuator HTTP/1.1" 404 294 "-" "Mozilla/5.0 (X11; CrOS x86_64 14541.0.0) AppleWebKit/537.36 (KHTML, like Gecko) Chrome/126.0.0.0 Safari/537.36"
194.50.16.94 - - [09/Nov/2024:17:13:14 +0100] "GET /user;/actuator HTTP/1.1" 404 293 "-" "Mozilla/5.0 (Fedora; Linux i686; rv:122.0) Gecko/20100101 Firefox/122.0"
194.50.16.94 - - [09/Nov/2024:17:13:14 +0100] "GET /includes;/actuator HTTP/1.1" 404 296 "-" "Mozilla/5.0 (Macintosh; Intel Mac OS X 10_15_7) AppleWebKit/605.1.15 (KHTML, like Gecko) Version/14.1.2 Safari/605.1.15"
194.50.16.94 - - [09/Nov/2024:17:13:17 +0100] "GET /action;/actuator HTTP/1.1" 404 294 "-" "Mozilla/5.0 (Macintosh; Intel Mac OS X 15_7_9) AppleWebKit/605.1.15 (KHTML, like Gecko) Version/17.3.4 Safari/605.1.15"
194.50.16.94 - - [09/Nov/2024:17:13:17 +0100] "GET /modules;/actuator HTTP/1.1" 404 295 "-" "Mozilla/5.0 (Debian; Linux i686) AppleWebKit/537.36 (KHTML, like Gecko) Chrome/129.0.0.0 Safari/537.36"
194.50.16.94 - - [09/Nov/2024:17:13:21 +0100] "GET /administrator;/actuator HTTP/1.1" 404 299 "-" "Mozilla/5.0 (Macintosh; Intel Mac OS X 10.16; rv:85.0) Gecko/20100101 Firefox/85.0"
194.50.16.94 - - [09/Nov/2024:17:13:21 +0100] "GET /data;/actuator HTTP/1.1" 404 293 "-" "Mozilla/5.0 (Debian; Linux i686; rv:121.0) Gecko/20100101 Firefox/121.0"
194.50.16.94 - - [09/Nov/2024:17:13:21 +0100] "GET /proxy;/actuator HTTP/1.1" 404 295 "-" "Mozilla/5.0 (Macintosh; Intel Mac OS X 10_15_7) AppleWebKit/605.1.15 (KHTML, like Gecko) Version/17.5 Safari/605.8.24"
194.50.16.94 - - [09/Nov/2024:17:13:21 +0100] "GET /api;/actuator HTTP/1.1" 404 293 "-" "Mozilla/5.0 (Ubuntu; Linux x86_64; rv:120.0) Gecko/20100101 Firefox/120.0"
194.50.16.94 - - [09/Nov/2024:17:13:21 +0100] "GET /admin;/actuator HTTP/1.1" 404 294 "-" "Mozilla/5.0 (Debian; Linux i686) AppleWebKit/537.36 (KHTML, like Gecko) Chrome/127.0.0.0 Safari/537.36"
194.50.16.94 - - [09/Nov/2024:17:13:22 +0100] "GET /connector;/actuator HTTP/1.1" 404 297 "-" "Mozilla/5.0 (X11; CrOS x86_64 14541.0.0) AppleWebKit/537.36 (KHTML, like Gecko) Chrome/120.0.0.0 Safari/537.36"
194.50.16.94 - - [09/Nov/2024:17:13:22 +0100] "GET /login;/actuator HTTP/1.1" 404 295 "-" "Mozilla/5.0 (Fedora; Linux i686) AppleWebKit/537.36 (KHTML, like Gecko) Chrome/120.0.0.0 Safari/537.36"
194.50.16.94 - - [09/Nov/2024:17:13:24 +0100] "GET /manager;/actuator HTTP/1.1" 404 296 "-" "Mozilla/5.0 (CentOS; Linux x86_64; rv:122.0) Gecko/20100101 Firefox/122.0"
194.50.16.94 - - [09/Nov/2024:17:13:28 +0100] "GET /manage;/actuator HTTP/1.1" 404 295 "-" "Mozilla/5.0 (Macintosh; Intel Mac OS X 10_15_7) AppleWebKit/537.36 (KHTML, like Gecko) Chrome/120.0.0.0 Safari/537.36"
194.50.16.94 - - [09/Nov/2024:17:13:28 +0100] "GET /client;/actuator HTTP/1.1" 404 295 "-" "Mozilla/5.0 (SS; Linux x86_64) AppleWebKit/537.36 (KHTML, like Gecko) Chrome/125.0.0.0 Safari/537.36"
194.50.16.94 - - [09/Nov/2024:17:13:28 +0100] "GET /search;/actuator HTTP/1.1" 404 295 "-" "Mozilla/5.0 (Macintosh; Intel Mac OS X 10_15_7) AppleWebKit/605.1.15 (KHTML, like Gecko) Version/17.4 Safari/605.4.22"
194.50.16.94 - - [09/Nov/2024:17:13:29 +0100] "GET /signin;/actuator HTTP/1.1" 404 296 "-" "Mozilla/5.0 (SS; Linux i686) AppleWebKit/537.36 (KHTML, like Gecko) Chrome/127.0.0.0 Safari/537.36"
194.50.16.94 - - [09/Nov/2024:17:13:29 +0100] "GET /test;/actuator HTTP/1.1" 404 293 "-" "Mozilla/5.0 (Macintosh; Intel Mac OS X 12_0) AppleWebKit/605.1.15 (KHTML, like Gecko) Version/17.4.1 Safari/605.1.15"
194.50.16.94 - - [09/Nov/2024:17:13:29 +0100] "GET /management;/actuator HTTP/1.1" 404 297 "-" "Mozilla/5.0 (Macintosh; Intel Mac OS X 10_15_7) AppleWebKit/605.1.15 (KHTML, like Gecko) Version/17.4.1 Safari/605.2.26"
194.50.16.94 - - [09/Nov/2024:17:13:29 +0100] "GET /metrics;/actuator HTTP/1.1" 404 296 "-" "Mozilla/5.0 (Macintosh; Intel Mac OS X 12_0) AppleWebKit/605.1.15 (KHTML, like Gecko) Version/17.4.1 Safari/605.1.15"
194.50.16.94 - - [09/Nov/2024:17:13:29 +0100] "GET /internal;/actuator HTTP/1.1" 404 296 "-" "Mozilla/5.0 (Macintosh; Intel Mac OS X 14.4) AppleWebKit/616.33 (KHTML, like Gecko) Version/17.6 Safari/616.33"
194.50.16.94 - - [09/Nov/2024:17:13:29 +0100] "GET /config;/actuator HTTP/1.1" 404 296 "-" "Mozilla/5.0 (Macintosh; Intel Mac OS X 10_16) AppleWebKit/605.1.15 (KHTML, like Gecko) Version/17.4.1 Safari/605.1.15"
194.50.16.94 - - [09/Nov/2024:17:13:29 +0100] "GET /staging;/actuator HTTP/1.1" 404 296 "-" "Mozilla/5.0 (Macintosh; Intel Mac OS X 10_15_7) AppleWebKit/605.1.15 (KHTML, like Gecko) Version/17.1 Safari/605.6.25"
194.50.16.94 - - [09/Nov/2024:17:13:29 +0100] "GET /static;/actuator HTTP/1.1" 404 295 "-" "Mozilla/5.0 (X11; Linux x86_64) AppleWebKit/537.36 (KHTML, like Gecko) Chrome/128.0.0.0 Safari/537.36"
194.50.16.94 - - [09/Nov/2024:17:13:29 +0100] "GET /v1;/actuator HTTP/1.1" 404 293 "-" "Mozilla/5.0 (Macintosh; Intel Mac OS X 11_3_7; en) AppleWebKit/605.1.15 (KHTML, like Gecko) Version/17.3.7 Safari/605.1.15"
194.50.16.94 - - [09/Nov/2024:17:13:29 +0100] "GET /v2;/actuator HTTP/1.1" 404 293 "-" "Mozilla/5.0 (Windows NT 10.0; WOW64) AppleWebKit/537.36 (KHTML, like Gecko) Chrome/86.0.4240.198 Safari/537.36"
194.50.16.94 - - [09/Nov/2024:17:13:29 +0100] "GET /configuration;/actuator HTTP/1.1" 404 301 "-" "Mozilla/5.0 (X11; Linux x86_64) AppleWebKit/537.36 (KHTML, like Gecko) Chrome/125.0.0.0 Safari/537.36"
194.50.16.94 - - [09/Nov/2024:17:13:30 +0100] "GET /blog;/actuator HTTP/1.1" 404 294 "-" "Mozilla/5.0 (Macintosh; Intel Mac OS X 15_5_7; es) AppleWebKit/605.1.15 (KHTML, like Gecko) Version/17.0.7 Safari/605.1.15"
194.50.16.94 - - [09/Nov/2024:17:13:30 +0100] "GET /abuse;/actuator HTTP/1.1" 404 294 "-" "Mozilla/5.0 (Debian; Linux x86_64; rv:124.0) Gecko/20100101 Firefox/124.0"
194.50.16.94 - - [09/Nov/2024:17:13:30 +0100] "GET /about;/actuator HTTP/1.1" 404 294 "-" "Mozilla/5.0 (Macintosh; Intel Mac OS X 10_15_7) AppleWebKit/605.1.15 (KHTML, like Gecko) Version/16.6 Safari/605.1.15"
194.50.16.94 - - [09/Nov/2024:17:13:30 +0100] "GET /activity;/actuator HTTP/1.1" 404 296 "-" "Mozilla/5.0 (Kubuntu; Linux i686; rv:124.0) Gecko/20100101 Firefox/124.0"
194.50.16.94 - - [09/Nov/2024:17:13:30 +0100] "GET /admin-area;/actuator HTTP/1.1" 404 297 "-" "Mozilla/5.0 (Windows NT 6.2; rv:128.0) Gecko/20100101 Firefox/128.0"
194.50.16.94 - - [09/Nov/2024:17:13:30 +0100] "GET /schema;/actuator HTTP/1.1" 404 295 "-" "Mozilla/5.0 (CentOS; Linux x86_64) AppleWebKit/537.36 (KHTML, like Gecko) Chrome/125.0.0.0 Safari/537.36"
194.50.16.94 - - [09/Nov/2024:17:13:30 +0100] "GET /clientapi;/actuator HTTP/1.1" 404 297 "-" "Mozilla/5.0 (CentOS; Linux i686) AppleWebKit/537.36 (KHTML, like Gecko) Chrome/121.0.0.0 Safari/537.36"
194.50.16.94 - - [09/Nov/2024:17:13:30 +0100] "GET /doc;/actuator HTTP/1.1" 404 293 "-" "Mozilla/5.0 (Ubuntu; Linux x86_64) AppleWebKit/537.36 (KHTML, like Gecko) Chrome/124.0.0.0 Safari/537.36"
194.50.16.94 - - [09/Nov/2024:17:13:30 +0100] "GET /message-api;/actuator HTTP/1.1" 404 298 "-" "Mozilla/5.0 (Macintosh; Intel Mac OS X 10_13_6) AppleWebKit/605.1.15 (KHTML, like Gecko) Version/13.1.2 Safari/605.1.15"
194.50.16.94 - - [09/Nov/2024:17:13:30 +0100] "GET /rest-api;/actuator HTTP/1.1" 404 297 "-" "Mozilla/5.0 (Debian; Linux i686; rv:120.0) Gecko/20100101 Firefox/120.0"
194.50.16.94 - - [09/Nov/2024:17:13:30 +0100] "GET /dashboard;/actuator HTTP/1.1" 404 297 "-" "Mozilla/5.0 (Macintosh; Intel Mac OS X 10_15_7) AppleWebKit/605.1.15 (KHTML, like Gecko) Version/17.0 Safari/605.7.18"
194.50.16.94 - - [09/Nov/2024:17:13:30 +0100] "GET /project;/actuator HTTP/1.1" 404 296 "-" "Mozilla/5.0 (Macintosh; Intel Mac OS X 12_1_8; en) AppleWebKit/605.1.15 (KHTML, like Gecko) Version/17.0.4 Safari/605.1.15"
194.50.16.94 - - [09/Nov/2024:17:13:30 +0100] "GET /latest;/actuator HTTP/1.1" 404 294 "-" "Mozilla/5.0 (Debian; Linux i686; rv:125.0) Gecko/20100101 Firefox/125.0"
194.50.16.94 - - [09/Nov/2024:17:13:30 +0100] "GET /system;/actuator HTTP/1.1" 404 295 "-" "Mozilla/5.0 (Debian; Linux x86_64) AppleWebKit/537.36 (KHTML, like Gecko) Chrome/128.0.0.0 Safari/537.36"
194.50.16.94 - - [09/Nov/2024:17:13:30 +0100] "GET /tests;/actuator HTTP/1.1" 404 294 "-" "Mozilla/5.0 (X11; Linux x86_64; rv:109.0) Gecko/20100101 Firefox/116.0"
194.50.16.94 - - [09/Nov/2024:17:13:31 +0100] "GET /tmp;/actuator HTTP/1.1" 404 293 "-" "Mozilla/5.0 (Macintosh; Intel Mac OS X 10_13_6) AppleWebKit/605.1.15 (KHTML, like Gecko) Version/13.1.2 Safari/605.1.15"
194.50.16.94 - - [09/Nov/2024:17:13:31 +0100] "GET /upload;/actuator HTTP/1.1" 404 295 "-" "Mozilla/5.0 (Macintosh; Intel Mac OS X 10_15_7) AppleWebKit/605.1.15 (KHTML, like Gecko) Version/17.5 Safari/605.8.24"
194.50.16.94 - - [09/Nov/2024:17:13:31 +0100] "GET /download;/actuator HTTP/1.1" 404 296 "-" "Mozilla/5.0 (Debian; Linux x86_64) AppleWebKit/537.36 (KHTML, like Gecko) Chrome/118.0.0.0 Safari/537.36"
194.50.16.94 - - [09/Nov/2024:17:13:31 +0100] "GET /usr;/actuator HTTP/1.1" 404 293 "-" "Mozilla/5.0 (Macintosh; Intel Mac OS X 10_15_7) AppleWebKit/605.1.15 (KHTML, like Gecko) Version/17.3 Safari/605.1.52"
194.50.16.94 - - [09/Nov/2024:17:13:31 +0100] "GET /var;/actuator HTTP/1.1" 404 293 "-" "Mozilla/5.0 (Knoppix; Linux x86_64) AppleWebKit/537.36 (KHTML, like Gecko) Chrome/128.0.0.0 Safari/537.36"
194.50.16.94 - - [09/Nov/2024:17:13:31 +0100] "GET /web;/actuator HTTP/1.1" 404 293 "-" "Mozilla/5.0 (Macintosh; Intel Mac OS X 10_11_6) AppleWebKit/537.36 (KHTML, like Gecko) Chrome/103.0.0.0 Safari/537.36"
194.50.16.94 - - [09/Nov/2024:17:13:31 +0100] "GET /app;/actuator HTTP/1.1" 404 293 "-" "Mozilla/5.0 (Windows NT 10.0; Win64; x64) AppleWebKit/537.36 (KHTML, like Gecko) Chrome/64.0.3282.140 Safari/537.36 Edge/17.17134"
194.50.16.94 - - [09/Nov/2024:17:13:35 +0100] "GET /test;/actuator HTTP/1.1" 404 293 "-" "Mozilla/5.0 (Ubuntu; Linux x86_64) AppleWebKit/537.36 (KHTML, like Gecko) Chrome/129.0.0.0 Safari/537.36"
194.50.16.94 - - [09/Nov/2024:17:13:37 +0100] "GET /v3;/actuator HTTP/1.1" 404 293 "-" "Mozilla/5.0 (Windows NT 10.0; Win64; x64) AppleWebKit/537.36 (KHTML, like Gecko) Chrome/70.0.3538.102 Safari/537.36 Edge/18.18363"
194.50.16.94 - - [09/Nov/2024:17:13:37 +0100] "GET /analytics;/actuator HTTP/1.1" 404 297 "-" "Mozilla/5.0 (Macintosh; Intel Mac OS X 10_15_7) AppleWebKit/537.36 (KHTML, like Gecko) Chrome/107.0.0.0 Safari/537.36"
185.191.126.248 - - [09/Nov/2024:17:22:14 +0100] "GET / HTTP/1.1" 200 423 "-" "-"
95.214.53.91 - - [09/Nov/2024:17:27:24 +0100] "GET / HTTP/1.1" 200 274 "-" "Mozilla/5.0 (Windows NT 10.0; Win64; x64) AppleWebKit/537.36 (KHTML, like Gecko) Chrome/90.0.4430.85 Safari/537.36 Edg/90.0.818.46"
141.98.11.79 - - [09/Nov/2024:17:29:34 +0100] "GET /cgi-bin/luci/;stok=/locale HTTP/1.1" 404 371 "-" "Hello"
93.174.93.12 - - [09/Nov/2024:17:43:27 +0100] "\x16\x03\x02\x01o\x01" 400 383 "-" "-"
156.59.198.136 - - [09/Nov/2024:17:54:15 +0100] "GET /renault.activities.at/htdocs/export/pdf/emuc_document/12414522.pdf HTTP/1.0" 404 321 "-" "Mozilla/5.0 (Linux; Android 5.0) AppleWebKit/537.36 (KHTML, like Gecko) Mobile Safari/537.36 (compatible; Bytespider; spider-feedback@bytedance.com)"
156.59.198.136 - - [09/Nov/2024:17:58:15 +0100] "GET /renault.activities.at/htdocs/export/pdf/emuc_document/10430401.pdf HTTP/1.0" 404 322 "-" "Mozilla/5.0 (Linux; Android 5.0) AppleWebKit/537.36 (KHTML, like Gecko) Mobile Safari/537.36 (compatible; Bytespider; spider-feedback@bytedance.com)"
194.50.16.198 - - [09/Nov/2024:18:02:00 +0100] "GET /login.asp HTTP/1.1" 404 354 "-" "-"
80.70.111.244 - - [09/Nov/2024:18:04:24 +0100] "GET /index.php HTTP/1.0" 200 423 "http://triadian.castlegem.co.uk/index.php" "Mozilla/5.0 (Windows NT 10.0.0; Win64; x64; ) AppleWebKit/537.36 (KHTML, like Gecko) Chrome/124.0.6367.63 Chrome/124.0.6367.63 Not-A.Brand/99 Safari/537.36"
156.59.198.135 - - [09/Nov/2024:18:20:57 +0100] "GET /ed-test.activities.at/stats/lang/awstats-de.txt HTTP/1.0" 404 306 "-" "Mozilla/5.0 (Linux; Android 5.0) AppleWebKit/537.36 (KHTML, like Gecko) Mobile Safari/537.36 (compatible; Bytespider; spider-feedback@bytedance.com)"
5.8.11.202 - - [09/Nov/2024:18:29:07 +0100] "\x16\x03\x02\x01o\x01" 400 383 "-" "-"
92.118.39.244 - - [09/Nov/2024:18:29:34 +0100] "GET / HTTP/1.1" 200 274 "-" "Mozilla/5.0 (Linux; U; Android 4.4.2; en-us; GT-P5210 Build/KOT49H) AppleWebKit/534.30 (KHTML, like Gecko) Version/4.0 Safari/534.30"
178.215.238.67 - - [09/Nov/2024:18:31:41 +0100] "GET /login.rsp HTTP/1.1" 404 354 "-" "Hello World"
93.174.93.12 - - [09/Nov/2024:18:35:55 +0100] "GET / HTTP/1.0" 200 423 "-" "Mozilla/5.0 (Linux; Android 8.0.0; SM-G930V) AppleWebKit/537.36 (KHTML, like Gecko) Chrome/76.0.3809.89 Mobile Safari/537.36"
92.255.57.51 - - [09/Nov/2024:18:37:08 +0100] "\x03" 400 383 "-" "-"
194.50.16.94 - - [09/Nov/2024:18:41:58 +0100] "GET /gate;/actuator HTTP/1.1" 404 293 "-" "Mozilla/5.0 (Windows; U; Windows NT 6.1; en-US; rv:1.9.1.5) Gecko/20091102 Firefox/3.5.5 (.NET CLR 3.5.30729)"
194.50.16.94 - - [09/Nov/2024:18:41:58 +0100] "GET /user;/actuator HTTP/1.1" 404 293 "-" "Mozilla/5.0 (Windows NT 10.0; Win64; x64; rv:75.0) Gecko/20100101 Firefox/75.0"
194.50.16.94 - - [09/Nov/2024:18:41:58 +0100] "GET /includes;/actuator HTTP/1.1" 404 296 "-" "Mozilla/5.0 (Windows NT 10.0; Win64; x64) AppleWebKit/537.36 (KHTML, like Gecko) Chrome/79.0.3945.130 Safari/537.36"
194.50.16.94 - - [09/Nov/2024:18:41:58 +0100] "GET /action;/actuator HTTP/1.1" 404 293 "-" "Mozilla/5.0 (SS; Linux i686) AppleWebKit/537.36 (KHTML, like Gecko) Chrome/118.0.0.0 Safari/537.36"
194.50.16.94 - - [09/Nov/2024:18:41:58 +0100] "GET /modules;/actuator HTTP/1.1" 404 295 "-" "Mozilla/5.0 (Macintosh; Intel Mac OS X 10_15_7) AppleWebKit/605.1.15 (KHTML, like Gecko) Version/16.2 Safari/605.1.15"
194.50.16.94 - - [09/Nov/2024:18:41:58 +0100] "GET /administrator;/actuator HTTP/1.1" 404 298 "-" "Mozilla/5.0 (ZZ; Linux i686; rv:123.0) Gecko/20100101 Firefox/123.0"
194.50.16.94 - - [09/Nov/2024:18:41:58 +0100] "GET /data;/actuator HTTP/1.1" 404 293 "-" "Mozilla/5.0 (Windows NT 10.0; Win64; x64) AppleWebKit/537.36 (KHTML, like Gecko) Chrome/88.0.4324.182 Safari/537.36"
194.50.16.94 - - [09/Nov/2024:18:41:58 +0100] "GET /proxy;/actuator HTTP/1.1" 404 294 "-" "Mozilla/5.0 (ZZ; Linux x86_64) AppleWebKit/537.36 (KHTML, like Gecko) Chrome/119.0.0.0 Safari/537.36"
194.50.16.94 - - [09/Nov/2024:18:41:58 +0100] "GET /api;/actuator HTTP/1.1" 404 292 "-" "Mozilla/5.0 (ZZ; Linux i686) AppleWebKit/537.36 (KHTML, like Gecko) Chrome/121.0.0.0 Safari/537.36"
194.50.16.94 - - [09/Nov/2024:18:41:58 +0100] "GET /admin;/actuator HTTP/1.1" 404 294 "-" "Mozilla/5.0 (Windows NT 10.0; Win64; x64; rv:97.0) Gecko/20100101 Firefox/97.0"
194.50.16.94 - - [09/Nov/2024:18:42:02 +0100] "GET /connector;/actuator HTTP/1.1" 404 296 "-" "Mozilla/5.0 (Macintosh; Intel Mac OS X 10_15_7) AppleWebKit/605.1.15 (KHTML, like Gecko) Version/17.2 Safari/605.2.19"
194.50.16.94 - - [09/Nov/2024:18:42:02 +0100] "GET /login;/actuator HTTP/1.1" 404 294 "-" "Mozilla/5.0 (Fedora; Linux i686; rv:125.0) Gecko/20100101 Firefox/125.0"
194.50.16.94 - - [09/Nov/2024:18:42:02 +0100] "GET /manager;/actuator HTTP/1.1" 404 295 "-" "Mozilla/5.0 (Knoppix; Linux x86_64) AppleWebKit/537.36 (KHTML, like Gecko) Chrome/129.0.0.0 Safari/537.36"
194.50.16.94 - - [09/Nov/2024:18:42:03 +0100] "GET /manage;/actuator HTTP/1.1" 404 294 "-" "Mozilla/5.0 (Macintosh; Intel Mac OS X 10_15_7) AppleWebKit/605.1.15 (KHTML, like Gecko) Version/17.4.1 Safari/605.7.24"
194.50.16.94 - - [09/Nov/2024:18:42:03 +0100] "GET /client;/actuator HTTP/1.1" 404 294 "-" "Mozilla/5.0 (SS; Linux i686) AppleWebKit/537.36 (KHTML, like Gecko) Chrome/126.0.0.0 Safari/537.36"
194.50.16.94 - - [09/Nov/2024:18:42:03 +0100] "GET /search;/actuator HTTP/1.1" 404 294 "-" "Mozilla/5.0 (Macintosh; Intel Mac OS X 10_15_7) AppleWebKit/605.1.15 (KHTML, like Gecko) Version/17.5 Safari/605.5.23"
194.50.16.94 - - [09/Nov/2024:18:42:03 +0100] "GET /signin;/actuator HTTP/1.1" 404 295 "-" "Mozilla/5.0 (CentOS; Linux i686) AppleWebKit/537.36 (KHTML, like Gecko) Chrome/127.0.0.0 Safari/537.36"
194.50.16.94 - - [09/Nov/2024:18:42:03 +0100] "GET /test;/actuator HTTP/1.1" 404 292 "-" "Mozilla/5.0 (Windows NT 10.0; Win64; x64; rv:109.0) Gecko/20100101 Firefox/116.0"
194.50.16.94 - - [09/Nov/2024:18:42:03 +0100] "GET /management;/actuator HTTP/1.1" 404 297 "-" "Mozilla/5.0 (Kubuntu; Linux x86_64) AppleWebKit/537.36 (KHTML, like Gecko) Chrome/123.0.0.0 Safari/537.36"
194.50.16.94 - - [09/Nov/2024:18:42:03 +0100] "GET /metrics;/actuator HTTP/1.1" 404 295 "-" "Mozilla/5.0 (Macintosh; Intel Mac OS X 14.5) AppleWebKit/605.1.15 (KHTML, like Gecko) Version/17.5 Safari/605.1.15"
194.50.16.94 - - [09/Nov/2024:18:42:03 +0100] "GET /internal;/actuator HTTP/1.1" 404 295 "-" "Mozilla/5.0 (Fedora; Linux i686; rv:124.0) Gecko/20100101 Firefox/124.0"
194.50.16.94 - - [09/Nov/2024:18:42:05 +0100] "GET /config;/actuator HTTP/1.1" 404 295 "-" "Mozilla/5.0 (Macintosh; Intel Mac OS X 10_15_7) AppleWebKit/605.1.15 (KHTML, like Gecko) Version/17.4.1 Safari/605.8.24"
194.50.16.94 - - [09/Nov/2024:18:42:05 +0100] "GET /staging;/actuator HTTP/1.1" 404 295 "-" "Mozilla/5.0 (ZZ; Linux i686; rv:121.0) Gecko/20100101 Firefox/121.0"
194.50.16.94 - - [09/Nov/2024:18:42:05 +0100] "GET /static;/actuator HTTP/1.1" 404 294 "-" "Mozilla/5.0 (CentOS; Linux i686) AppleWebKit/537.36 (KHTML, like Gecko) Chrome/127.0.0.0 Safari/537.36"
194.50.16.94 - - [09/Nov/2024:18:42:05 +0100] "GET /v1;/actuator HTTP/1.1" 404 292 "-" "Mozilla/5.0 (Ubuntu; Linux x86_64; rv:120.0) Gecko/20100101 Firefox/120.0"
194.50.16.94 - - [09/Nov/2024:18:42:05 +0100] "GET /v2;/actuator HTTP/1.1" 404 292 "-" "Mozilla/5.0 (Macintosh; Intel Mac OS X 10_15_1) AppleWebKit/537.36 (KHTML, like Gecko) Chrome/79.0.3945.88 Safari/537.36"
194.50.16.94 - - [09/Nov/2024:18:42:05 +0100] "GET /configuration;/actuator HTTP/1.1" 404 300 "-" "Mozilla/5.0 (Windows NT 6.1; Win64; x64; rv:88.0) Gecko/20100101 Firefox/88.0"
194.50.16.94 - - [09/Nov/2024:18:42:06 +0100] "GET /blog;/actuator HTTP/1.1" 404 294 "-" "Mozilla/5.0 (Macintosh; Intel Mac OS X 10_15_7) AppleWebKit/605.1.15 (KHTML, like Gecko) Version/17.1.2 Mobile/15E148 Safari/604.1"
194.50.16.94 - - [09/Nov/2024:18:42:08 +0100] "GET /abuse;/actuator HTTP/1.1" 404 294 "-" "Mozilla/5.0 (Macintosh; Intel Mac OS X 10_15_7) AppleWebKit/605.1.15 (KHTML, like Gecko) Version/17.4.1 Safari/605.7.20"
194.50.16.94 - - [09/Nov/2024:18:42:08 +0100] "GET /about;/actuator HTTP/1.1" 404 294 "-" "Mozilla/5.0 (Windows NT 6.3; Win64; x64; rv:71.0) Gecko/20100101 Firefox/71.0"
194.50.16.94 - - [09/Nov/2024:18:42:08 +0100] "GET /activity;/actuator HTTP/1.1" 404 295 "-" "Mozilla/5.0 (Macintosh; Intel Mac OS X 10_15_7) AppleWebKit/605.1.15 (KHTML, like Gecko) Version/17.5 Safari/605.2.21"
194.50.16.94 - - [09/Nov/2024:18:42:08 +0100] "GET /admin-area;/actuator HTTP/1.1" 404 297 "-" "Mozilla/5.0 (Macintosh; Intel Mac OS X 10_15_7) AppleWebKit/605.1.15 (KHTML, like Gecko) Version/17.5 Safari/605.1.21"
194.50.16.94 - - [09/Nov/2024:18:42:08 +0100] "GET /schema;/actuator HTTP/1.1" 404 294 "-" "Mozilla/5.0 (Fedora; Linux x86_64; rv:127.0) Gecko/20100101 Firefox/127.0"
194.50.16.94 - - [09/Nov/2024:18:42:08 +0100] "GET /clientapi;/actuator HTTP/1.1" 404 296 "-" "Mozilla/5.0 (Kubuntu; Linux i686; rv:128.0) Gecko/20100101 Firefox/128.0"
194.50.16.94 - - [09/Nov/2024:18:42:08 +0100] "GET /doc;/actuator HTTP/1.1" 404 292 "-" "Mozilla/5.0 (Windows NT 10.0; Win64; x64; rv:122.0) Gecko/20100101 Firefox/122.0"
194.50.16.94 - - [09/Nov/2024:18:42:08 +0100] "GET /message-api;/actuator HTTP/1.1" 404 298 "-" "Mozilla/5.0 (Macintosh; Intel Mac OS X 10_15_7) AppleWebKit/605.1.15 (KHTML, like Gecko) Version/17.4.1 Safari/605.4.25"
194.50.16.94 - - [09/Nov/2024:18:42:08 +0100] "GET /rest-api;/actuator HTTP/1.1" 404 296 "-" "Mozilla/5.0 (Macintosh; Intel Mac OS X 14) AppleWebKit/618.5.10 (KHTML, like Gecko) Version/17.5 Safari/618.5.10"
194.50.16.94 - - [09/Nov/2024:18:42:08 +0100] "GET /dashboard;/actuator HTTP/1.1" 404 296 "-" "Mozilla/5.0 (Macintosh; Intel Mac OS X 10_15_7) AppleWebKit/605.1.15 (KHTML, like Gecko) Version/17.1.1 Mobile/15E148 Safari/604.1"
194.50.16.94 - - [09/Nov/2024:18:42:08 +0100] "GET /project;/actuator HTTP/1.1" 404 295 "-" "Mozilla/5.0 (Debian; Linux x86_64; rv:125.0) Gecko/20100101 Firefox/125.0"
194.50.16.94 - - [09/Nov/2024:18:42:10 +0100] "GET /latest;/actuator HTTP/1.1" 404 294 "-" "Mozilla/5.0 (Ubuntu; Linux i686) AppleWebKit/537.36 (KHTML, like Gecko) Chrome/120.0.0.0 Safari/537.36"
194.50.16.94 - - [09/Nov/2024:18:42:10 +0100] "GET /system;/actuator HTTP/1.1" 404 294 "-" "Mozilla/5.0 (Macintosh; Intel Mac OS X 10_15_7) AppleWebKit/605.1.15 (KHTML, like Gecko) Version/17.0.1 Safari/605.1.15"
194.50.16.94 - - [09/Nov/2024:18:42:11 +0100] "GET /tests;/actuator HTTP/1.1" 404 293 "-" "Mozilla/5.0 (Macintosh; Intel Mac OS X 11) AppleWebKit/616.17 (KHTML, like Gecko) Version/17.3.75 Safari/616.17"
194.50.16.94 - - [09/Nov/2024:18:42:13 +0100] "GET /tmp;/actuator HTTP/1.1" 404 293 "-" "Mozilla/5.0 (Macintosh; Intel Mac OS X 10_15_7) AppleWebKit/605.1.15 (KHTML, like Gecko) Version/17.0 Safari/605.1.15"
194.50.16.94 - - [09/Nov/2024:18:42:13 +0100] "GET /upload;/actuator HTTP/1.1" 404 294 "-" "Mozilla/5.0 (X11; Linux x86_64; rv:128.0) Gecko/20100101 Firefox/128.0"
194.50.16.94 - - [09/Nov/2024:18:42:13 +0100] "GET /download;/actuator HTTP/1.1" 404 296 "-" "Mozilla/5.0 (ZZ; Linux i686; rv:126.0) Gecko/20100101 Firefox/126.0"
194.50.16.94 - - [09/Nov/2024:18:42:15 +0100] "GET /usr;/actuator HTTP/1.1" 404 292 "-" "Mozilla/5.0 (Debian; Linux i686; rv:120.0) Gecko/20100101 Firefox/120.0"
194.50.16.94 - - [09/Nov/2024:18:42:19 +0100] "GET /var;/actuator HTTP/1.1" 404 293 "-" "Mozilla/5.0 (ZZ; Linux x86_64) AppleWebKit/537.36 (KHTML, like Gecko) Chrome/118.0.0.0 Safari/537.36"
194.50.16.94 - - [09/Nov/2024:18:42:19 +0100] "GET /web;/actuator HTTP/1.1" 404 293 "-" "Mozilla/5.0 (Windows NT 10.0; Win64; x64) AppleWebKit/537.36 (KHTML, like Gecko) Chrome/95.0.4638.54 Safari/537.36"
194.50.16.94 - - [09/Nov/2024:18:42:19 +0100] "GET /app;/actuator HTTP/1.1" 404 292 "-" "Mozilla/5.0 (ZZ; Linux x86_64) AppleWebKit/537.36 (KHTML, like Gecko) Chrome/124.0.0.0 Safari/537.36"
194.50.16.94 - - [09/Nov/2024:18:42:19 +0100] "GET /test;/actuator HTTP/1.1" 404 292 "-" "Mozilla/5.0 (Macintosh; Intel Mac OS X 12_1_3) AppleWebKit/605.1.15 (KHTML, like Gecko) Version/17.3.5 Safari/605.1.15"
194.50.16.94 - - [09/Nov/2024:18:42:20 +0100] "GET /v3;/actuator HTTP/1.1" 404 292 "-" "Mozilla/5.0 (Fedora; Linux i686) AppleWebKit/537.36 (KHTML, like Gecko) Chrome/127.0.0.0 Safari/537.36"
194.50.16.94 - - [09/Nov/2024:18:42:20 +0100] "GET /analytics;/actuator HTTP/1.1" 404 297 "-" "Mozilla/5.0 (SS; Linux i686) AppleWebKit/537.36 (KHTML, like Gecko) Chrome/121.0.0.0 Safari/537.36"
156.59.198.136 - - [09/Nov/2024:18:54:15 +0100] "GET /ed-test.activities.at/stats/lang/awstats-it.txt HTTP/1.0" 404 306 "-" "Mozilla/5.0 (Linux; Android 5.0) AppleWebKit/537.36 (KHTML, like Gecko) Mobile Safari/537.36 (compatible; Bytespider; spider-feedback@bytedance.com)"
123.240.127.181 - - [09/Nov/2024:18:54:48 +0100] "GET / HTTP/1.0" 200 423 "-" "Mozilla/5.0 (Linux; U; Android 4.0.3; ko-kr; LG-L160L Build/IML74K) AppleWebkit/534.30 (KHTML, like Gecko) Version/4.0 Mobile Safari/534.30"
123.240.127.181 - - [09/Nov/2024:18:54:59 +0100] "GET / HTTP/1.0" 200 423 "-" "Mozilla/5.0 (Linux; U; Android 4.0.3; ko-kr; LG-L160L Build/IML74K) AppleWebkit/534.30 (KHTML, like Gecko) Version/4.0 Mobile Safari/534.30"
49.213.199.176 - - [09/Nov/2024:19:05:56 +0100] "GET / HTTP/1.0" 200 423 "-" "Mozilla/5.0 (Linux; U; Android 4.0.3; ko-kr; LG-L160L Build/IML74K) AppleWebkit/534.30 (KHTML, like Gecko) Version/4.0 Mobile Safari/534.30"
156.59.198.135 - - [09/Nov/2024:19:10:17 +0100] "GET /renault.activities.at/htdocs/export/xml/data/orders/201911291603_RenOrder.xml HTTP/1.0" 404 329 "-" "Mozilla/5.0 (Linux; Android 5.0) AppleWebKit/537.36 (KHTML, like Gecko) Mobile Safari/537.36 (compatible; Bytespider; spider-feedback@bytedance.com)"
161.35.223.243 - - [09/Nov/2024:19:13:51 +0100] "GET / HTTP/1.0" 200 423 "-" "-"
161.35.223.243 - - [09/Nov/2024:19:13:51 +0100] "GET /odinhttpcall1731170817 HTTP/1.1" 404 367 "-" "Mozilla/5.0 (compatible; Odin; https://docs.getodin.com/)"
161.35.223.243 - - [09/Nov/2024:19:13:51 +0100] "POST /sdk HTTP/1.1" 404 348 "-" "Mozilla/5.0 (compatible; Odin; https://docs.getodin.com/)"
161.35.223.243 - - [09/Nov/2024:19:13:51 +0100] "GET / HTTP/1.0" 200 423 "-" "-"
161.35.223.243 - - [09/Nov/2024:19:13:52 +0100] "GET /HNAP1 HTTP/1.1" 404 350 "-" "Mozilla/5.0 (compatible; Odin; https://docs.getodin.com/)"
161.35.223.243 - - [09/Nov/2024:19:13:52 +0100] "GET /evox/about HTTP/1.1" 404 355 "-" "Mozilla/5.0 (compatible; Odin; https://docs.getodin.com/)"
161.35.223.243 - - [09/Nov/2024:19:13:52 +0100] "GET / HTTP/1.0" 200 423 "-" "-"
161.35.223.243 - - [09/Nov/2024:19:13:52 +0100] "GET / HTTP/1.1" 200 423 "-" "-"
139.59.152.243 - - [09/Nov/2024:19:13:52 +0100] "GET /cgi-bin/authLogin.cgi HTTP/1.1" 404 366 "-" "Go-http-client/1.1"
157.230.30.226 - - [09/Nov/2024:19:13:52 +0100] "GET /query?q=SHOW+DIAGNOSTICS HTTP/1.1" 404 350 "-" "Go-http-client/1.1"
139.59.152.243 - - [09/Nov/2024:19:13:52 +0100] "GET /solr/admin/info/system HTTP/1.1" 404 367 "-" "Go-http-client/1.1"
138.68.85.55 - - [09/Nov/2024:19:13:52 +0100] "GET /v2/_catalog HTTP/1.1" 404 356 "-" "Go-http-client/1.1"
157.230.24.18 - - [09/Nov/2024:19:13:52 +0100] "\x16\x03\x01" 400 383 "-" "-"
139.59.146.57 - - [09/Nov/2024:19:13:52 +0100] "GET / HTTP/1.1" 200 274 "-" "Mozilla/5.0 (compatible; Odin; https://docs.getodin.com/)"
167.172.101.189 - - [09/Nov/2024:19:13:52 +0100] "\x16\x03\x01\x01$\x01" 400 383 "-" "-"
139.59.152.243 - - [09/Nov/2024:19:13:52 +0100] "GET /solr/admin/cores?action=STATUS&wt=json HTTP/1.1" 404 361 "-" "Go-http-client/1.1"
157.230.24.18 - - [09/Nov/2024:19:13:52 +0100] "\x16\x03\x01" 400 383 "-" "-"
157.230.24.18 - - [09/Nov/2024:19:13:52 +0100] "\x16\x03\x01" 400 383 "-" "-"
52.76.71.100 - - [09/Nov/2024:19:13:53 +0100] "GET /activities.ico HTTP/1.1" 200 1406 "-" "Go-http-client/1.1"
156.59.198.135 - - [09/Nov/2024:19:14:48 +0100] "GET /ed-test.activities.at/stats/lang/awstats-he.txt HTTP/1.0" 404 306 "-" "Mozilla/5.0 (Linux; Android 5.0) AppleWebKit/537.36 (KHTML, like Gecko) Mobile Safari/537.36 (compatible; Bytespider; spider-feedback@bytedance.com)"
194.50.16.198 - - [09/Nov/2024:19:14:55 +0100] "POST /apply.cgi HTTP/1.1" 404 284 "http://212.69.160.11:80/apply.cgi" "Mozilla/5.0 (Windows NT 10.0; Win64; x64) AppleWebKit/537.36 (KHTML, like Gecko) Chrome/129.0.6668.71 Safari/537.36"
101.132.145.132 - - [09/Nov/2024:19:17:47 +0100] "GET / HTTP/1.1" 200 274 "-" "Mozilla/5.0 zgrab/0.x"
156.59.198.135 - - [09/Nov/2024:19:21:46 +0100] "GET /renault.activities.at/htdocs/export/pdf/emuc_document/11758298.pdf HTTP/1.0" 404 322 "-" "Mozilla/5.0 (Linux; Android 5.0) AppleWebKit/537.36 (KHTML, like Gecko) Mobile Safari/537.36 (compatible; Bytespider; spider-feedback@bytedance.com)"
122.117.58.73 - - [09/Nov/2024:19:22:15 +0100] "GET / HTTP/1.0" 200 423 "-" "Mozilla/5.0 (Linux; U; Android 4.0.3; ko-kr; LG-L160L Build/IML74K) AppleWebkit/534.30 (KHTML, like Gecko) Version/4.0 Mobile Safari/534.30"
156.59.198.135 - - [09/Nov/2024:19:34:27 +0100] "GET /renault.activities.at/htdocs/export/pdf/emuc_document/11792509.pdf HTTP/1.0" 404 322 "-" "Mozilla/5.0 (Linux; Android 5.0) AppleWebKit/537.36 (KHTML, like Gecko) Mobile Safari/537.36 (compatible; Bytespider; spider-feedback@bytedance.com)"
156.59.198.136 - - [09/Nov/2024:19:40:40 +0100] "GET /renault.activities.at/htdocs/export/pdf/emuc_document/10426057.pdf HTTP/1.0" 404 322 "-" "Mozilla/5.0 (Linux; Android 5.0) AppleWebKit/537.36 (KHTML, like Gecko) Mobile Safari/537.36 (compatible; Bytespider; spider-feedback@bytedance.com)"
181.46.97.37 - - [09/Nov/2024:19:43:38 +0100] "GET / HTTP/1.0" 200 423 "-" "-"
156.59.198.135 - - [09/Nov/2024:19:48:07 +0100] "GET /renault.2web.at/stats/lang/awstats-cn.txt HTTP/1.0" 404 303 "-" "Mozilla/5.0 (Linux; Android 5.0) AppleWebKit/537.36 (KHTML, like Gecko) Mobile Safari/537.36 (compatible; Bytespider; spider-feedback@bytedance.com)"
156.59.198.135 - - [09/Nov/2024:19:56:01 +0100] "GET /renault.2web.at/stats/lang/awstats-cz.txt HTTP/1.0" 404 304 "-" "Mozilla/5.0 (Linux; Android 5.0) AppleWebKit/537.36 (KHTML, like Gecko) Mobile Safari/537.36 (compatible; Bytespider; spider-feedback@bytedance.com)"
156.59.198.136 - - [09/Nov/2024:20:00:02 +0100] "GET /renault.2web.at/stats/lang/awstats-pl.txt HTTP/1.0" 404 303 "-" "Mozilla/5.0 (Linux; Android 5.0) AppleWebKit/537.36 (KHTML, like Gecko) Mobile Safari/537.36 (compatible; Bytespider; spider-feedback@bytedance.com)"
154.216.16.110 - - [09/Nov/2024:20:01:02 +0100] "GET / HTTP/1.1" 200 274 "-" "Mozilla/5.0 (Windows NT 10.0; Win64; x64) AppleWebKit/537.36 (KHTML, like Gecko) Chrome/77.0.3865.19 Safari/537.36"
179.43.191.98 - - [09/Nov/2024:20:01:51 +0100] "GET / HTTP/1.1" 200 423 "-" "-"
156.59.198.136 - - [09/Nov/2024:20:10:57 +0100] "GET /renault.activities.at/htdocs/export/pdf/emuc_document/10949128.pdf HTTP/1.0" 404 321 "-" "Mozilla/5.0 (Linux; Android 5.0) AppleWebKit/537.36 (KHTML, like Gecko) Mobile Safari/537.36 (compatible; Bytespider; spider-feedback@bytedance.com)"
95.214.55.79 - - [09/Nov/2024:20:20:38 +0100] "GET / HTTP/1.1" 200 274 "-" "Mozilla/5.0 (Windows NT 10.0; Win64; x64) AppleWebKit/537.36 (KHTML, like Gecko) Chrome/90.0.4430.85 Safari/537.36 Edg/90.0.818.46"
91.238.181.21 - - [09/Nov/2024:20:31:25 +0100] "\x03" 400 383 "-" "-"
156.59.198.136 - - [09/Nov/2024:20:44:04 +0100] "GET /renault.2web.at/stats/lang/awstats-th.txt HTTP/1.0" 404 303 "-" "Mozilla/5.0 (Linux; Android 5.0) AppleWebKit/537.36 (KHTML, like Gecko) Mobile Safari/537.36 (compatible; Bytespider; spider-feedback@bytedance.com)"
156.59.198.135 - - [09/Nov/2024:20:48:04 +0100] "GET /renault.activities.at/htdocs/export/xml/data/orders/201909100903_RenOrder.xml HTTP/1.0" 404 329 "-" "Mozilla/5.0 (Linux; Android 5.0) AppleWebKit/537.36 (KHTML, like Gecko) Mobile Safari/537.36 (compatible; Bytespider; spider-feedback@bytedance.com)"
156.59.198.136 - - [09/Nov/2024:20:52:04 +0100] "GET /renault.activities.at/htdocs/export/pdf/emuc_document/11274193.pdf HTTP/1.0" 404 322 "-" "Mozilla/5.0 (Linux; Android 5.0) AppleWebKit/537.36 (KHTML, like Gecko) Mobile Safari/537.36 (compatible; Bytespider; spider-feedback@bytedance.com)"
118.170.18.119 - - [09/Nov/2024:20:53:01 +0100] "GET / HTTP/1.0" 200 423 "-" "Mozilla/5.0 (Linux; U; Android 4.0.3; ko-kr; LG-L160L Build/IML74K) AppleWebkit/534.30 (KHTML, like Gecko) Version/4.0 Mobile Safari/534.30"
