87.120.113.56 - - [13/Nov/2024:01:00:05 +0100] "GET /.env HTTP/1.1" 404 280 "-" "Opera/9.80 (Windows NT 6.0) Presto/2.12.388 Version/12.14"
194.50.16.198 - - [13/Nov/2024:01:06:42 +0100] "GET /cgi-bin/index.html HTTP/1.1" 404 363 "-" "-"
35.95.107.251 - - [13/Nov/2024:01:18:50 +0100] "GET /robots.txt HTTP/1.1" 404 292 "-" "Mozilla/5.0 (compatible; wpbot/1.1; +https://forms.gle/ajBaxygz9jSR8p8G9)"
35.95.107.251 - - [13/Nov/2024:01:18:50 +0100] "GET / HTTP/1.1" 200 274 "-" "Mozilla/5.0 (compatible; wpbot/1.1; +https://forms.gle/ajBaxygz9jSR8p8G9)"
156.59.198.136 - - [13/Nov/2024:01:30:24 +0100] "GET /renault.activities.at/htdocs/pinEdit/editor/help/userhelp-Dateien/image077.jpg HTTP/1.0" 404 328 "-" "Mozilla/5.0 (Linux; Android 5.0) AppleWebKit/537.36 (KHTML, like Gecko) Mobile Safari/537.36 (compatible; Bytespider; spider-feedback@bytedance.com)"
154.213.191.23 - - [13/Nov/2024:01:30:24 +0100] "GET / HTTP/1.1" 200 274 "-" "Mozilla/5.0 (Windows NT 10.0; Win64; x64) AppleWebKit/537.36 (KHTML, like Gecko) Chrome/90.0.4430.85 Safari/537.36 Edg/90.0.818.46"
45.149.241.114 - - [13/Nov/2024:01:35:42 +0100] "GET /_profiler/phpinfo HTTP/1.1" 404 289 "-" "Mozilla/5.0 (Windows NT 10.0; rv:45.9) Gecko/20100101 Goanna/3.2 Firefox/45.9 PaleMoon/27.4.0"
59.126.197.24 - - [13/Nov/2024:01:41:17 +0100] "GET / HTTP/1.0" 200 423 "-" "Mozilla/5.0 (Linux; U; Android 4.0.3; ko-kr; LG-L160L Build/IML74K) AppleWebkit/534.30 (KHTML, like Gecko) Version/4.0 Mobile Safari/534.30"
94.156.248.4 - - [13/Nov/2024:01:41:19 +0100] "GET / HTTP/1.1" 200 274 "-" "Mozilla/5.0 (Windows NT 10.0; Win64; x64) AppleWebKit/537.36 (KHTML, like Gecko) Chrome/90.0.4430.85 Safari/537.36 Edg/90.0.818.46"
152.89.198.67 - - [13/Nov/2024:01:45:34 +0100] "GET /.git/config HTTP/1.1" 404 285 "-" "python-requests/2.25.1"
156.59.198.136 - - [13/Nov/2024:01:49:19 +0100] "GET /ed-test.2web.at/stats/lang/awstats-nb.txt HTTP/1.0" 404 302 "-" "Mozilla/5.0 (Linux; Android 5.0) AppleWebKit/537.36 (KHTML, like Gecko) Mobile Safari/537.36 (compatible; Bytespider; spider-feedback@bytedance.com)"
156.59.198.135 - - [13/Nov/2024:01:53:19 +0100] "GET /renault.activities.at/htdocs/export/xml/data/orders/202105041703_RenOrder.xml HTTP/1.0" 404 329 "-" "Mozilla/5.0 (Linux; Android 5.0) AppleWebKit/537.36 (KHTML, like Gecko) Mobile Safari/537.36 (compatible; Bytespider; spider-feedback@bytedance.com)"
154.213.191.23 - - [13/Nov/2024:02:03:09 +0100] "GET / HTTP/1.1" 200 274 "-" "Mozilla/5.0 (Windows NT 10.0; Win64; x64) AppleWebKit/537.36 (KHTML, like Gecko) Chrome/90.0.4430.85 Safari/537.36 Edg/90.0.818.46"
179.43.191.98 - - [13/Nov/2024:02:07:31 +0100] "GET / HTTP/1.1" 200 423 "-" "-"
156.59.198.136 - - [13/Nov/2024:02:15:02 +0100] "GET /renault.activities.at/htdocs/export/xml/data/orders/202107011103_RenOrder.xml HTTP/1.0" 404 329 "-" "Mozilla/5.0 (Linux; Android 5.0) AppleWebKit/537.36 (KHTML, like Gecko) Mobile Safari/537.36 (compatible; Bytespider; spider-feedback@bytedance.com)"
141.98.11.178 - - [13/Nov/2024:02:22:36 +0100] "GET / HTTP/1.1" 200 274 "-" "Mozilla/5.0 (Windows NT 10.0; Win64; x64) AppleWebKit/537.36 (KHTML, like Gecko) Chrome/90.0.4430.85 Safari/537.36 Edg/90.0.818.46"
184.105.247.196 - - [13/Nov/2024:02:29:05 +0100] "GET / HTTP/1.1" 200 274 "-" "Mozilla/5.0 (X11; Ubuntu; Linux x86_64; rv:109.0) Gecko/20100101 Firefox/110.0"
184.105.247.196 - - [13/Nov/2024:02:31:53 +0100] "GET /favicon.ico HTTP/1.1" 404 284 "-" "Mozilla/5.0 (Windows NT 10.0; Win64; x64) AppleWebKit/537.36 (KHTML, like Gecko) Chrome/103.0.0.0 Safari/537.36"
184.105.247.196 - - [13/Nov/2024:02:32:30 +0100] "GET /geoserver/web/ HTTP/1.1" 404 284 "-" "Mozilla/5.0 (X11; Ubuntu; Linux x86_64; rv:109.0) Gecko/20100101 Firefox/110.0"
194.50.16.198 - - [13/Nov/2024:02:42:12 +0100] "GET /login.asp HTTP/1.1" 404 354 "-" "-"
156.59.198.135 - - [13/Nov/2024:02:42:27 +0100] "GET /renault.activities.at/htdocs/export/xml/data/orders/202105281603_RenOrder.xml HTTP/1.0" 404 329 "-" "Mozilla/5.0 (Linux; Android 5.0) AppleWebKit/537.36 (KHTML, like Gecko) Mobile Safari/537.36 (compatible; Bytespider; spider-feedback@bytedance.com)"
95.214.55.43 - - [13/Nov/2024:02:48:11 +0100] "GET / HTTP/1.1" 200 274 "-" "Mozilla/5.0 (Windows NT 10.0; Win64; x64) AppleWebKit/537.36 (KHTML, like Gecko) Chrome/90.0.4430.85 Safari/537.36 Edg/90.0.818.46"
156.59.198.135 - - [13/Nov/2024:02:58:28 +0100] "GET /renault.activities.at/htdocs/pinEdit/editor/config/toolbar%20quick%20mode.txt HTTP/1.0" 404 325 "-" "Mozilla/5.0 (Linux; Android 5.0) AppleWebKit/537.36 (KHTML, like Gecko) Mobile Safari/537.36 (compatible; Bytespider; spider-feedback@bytedance.com)"
156.59.198.136 - - [13/Nov/2024:03:02:29 +0100] "GET /renault.activities.at/htdocs/pinEdit/editor/help/userhelp-Dateien/image032.jpg HTTP/1.0" 404 327 "-" "Mozilla/5.0 (Linux; Android 5.0) AppleWebKit/537.36 (KHTML, like Gecko) Mobile Safari/537.36 (compatible; Bytespider; spider-feedback@bytedance.com)"
156.59.198.136 - - [13/Nov/2024:03:06:30 +0100] "GET /renault.2web.at/htdocs/binaries/renault-/rs-129-fr.doc HTTP/1.0" 404 310 "-" "Mozilla/5.0 (Linux; Android 5.0) AppleWebKit/537.36 (KHTML, like Gecko) Mobile Safari/537.36 (compatible; Bytespider; spider-feedback@bytedance.com)"
47.128.38.42 - - [13/Nov/2024:03:10:30 +0100] "GET /robots.txt HTTP/1.1" 404 284 "-" "Mozilla/5.0 (Linux; Android 5.0) AppleWebKit/537.36 (KHTML, like Gecko) Mobile Safari/537.36 (compatible; Bytespider; spider-feedback@bytedance.com)"
156.59.198.136 - - [13/Nov/2024:03:14:30 +0100] "GET /ed-test.2web.at/stats/lang/awstats-ru.txt HTTP/1.0" 404 302 "-" "Mozilla/5.0 (Linux; Android 5.0) AppleWebKit/537.36 (KHTML, like Gecko) Mobile Safari/537.36 (compatible; Bytespider; spider-feedback@bytedance.com)"
47.128.62.158 - - [13/Nov/2024:03:18:30 +0100] "GET /robots.txt HTTP/1.1" 404 284 "-" "Mozilla/5.0 (Linux; Android 5.0) AppleWebKit/537.36 (KHTML, like Gecko) Mobile Safari/537.36 (compatible; Bytespider; spider-feedback@bytedance.com)"
156.59.198.135 - - [13/Nov/2024:03:22:30 +0100] "GET /renault.activities.at/htdocs/ewp/ew_includes/popups/ew_images/swap.gif HTTP/1.0" 404 323 "-" "Mozilla/5.0 (Linux; Android 5.0) AppleWebKit/537.36 (KHTML, like Gecko) Mobile Safari/537.36 (compatible; Bytespider; spider-feedback@bytedance.com)"
87.120.113.56 - - [13/Nov/2024:03:23:32 +0100] "GET /.env HTTP/1.1" 404 280 "-" "Mozilla/5.0 (Windows NT 10.0; Win64; x64) AppleWebKit/537.36 (KHTML, like Gecko) Chrome/76.0.3798.0 Safari/537.36"
87.120.113.56 - - [13/Nov/2024:03:23:53 +0100] "GET /.env HTTP/1.1" 404 280 "-" "Mozilla/5.0 (Linux; Android 7.1.2; FP2) AppleWebKit/537.36 (KHTML, like Gecko) Chrome/78.0.3880.0 Mobile Safari/537.36"
156.59.198.135 - - [13/Nov/2024:03:26:30 +0100] "GET /ed-test.2web.at/stats/lang/awstats-dk.txt HTTP/1.0" 404 303 "-" "Mozilla/5.0 (Linux; Android 5.0) AppleWebKit/537.36 (KHTML, like Gecko) Mobile Safari/537.36 (compatible; Bytespider; spider-feedback@bytedance.com)"
194.50.16.198 - - [13/Nov/2024:03:45:07 +0100] "POST /apply.cgi HTTP/1.1" 404 284 "http://212.69.160.11:80/apply.cgi" "Mozilla/5.0 (Windows NT 10.0; Win64; x64) AppleWebKit/537.36 (KHTML, like Gecko) Chrome/129.0.6668.71 Safari/537.36"
156.59.198.136 - - [13/Nov/2024:04:06:35 +0100] "GET /ed-test.2web.at/stats/lang/awstats-mk.txt HTTP/1.0" 404 303 "-" "Mozilla/5.0 (Linux; Android 5.0) AppleWebKit/537.36 (KHTML, like Gecko) Mobile Safari/537.36 (compatible; Bytespider; spider-feedback@bytedance.com)"
185.191.126.248 - - [13/Nov/2024:04:07:13 +0100] "GET / HTTP/1.1" 200 423 "-" "-"
80.82.77.202 - - [13/Nov/2024:04:08:22 +0100] "\x16\x03\x02\x01o\x01" 400 383 "-" "-"
156.59.198.136 - - [13/Nov/2024:04:10:35 +0100] "GET /renault.activities.at/htdocs/activities/framework/KoolControls/KoolImageView/styles/silver/silver.xml HTTP/1.0" 404 337 "-" "Mozilla/5.0 (Linux; Android 5.0) AppleWebKit/537.36 (KHTML, like Gecko) Mobile Safari/537.36 (compatible; Bytespider; spider-feedback@bytedance.com)"
35.95.76.126 - - [13/Nov/2024:04:12:33 +0100] "GET /robots.txt HTTP/1.1" 404 292 "-" "Mozilla/5.0 (compatible; wpbot/1.1; +https://forms.gle/ajBaxygz9jSR8p8G9)"
35.95.76.126 - - [13/Nov/2024:04:12:33 +0100] "GET / HTTP/1.1" 200 274 "-" "Mozilla/5.0 (compatible; wpbot/1.1; +https://forms.gle/ajBaxygz9jSR8p8G9)"
156.59.198.136 - - [13/Nov/2024:04:14:36 +0100] "GET /ed-test.2web.at/stats/lang/awstats-ro.txt HTTP/1.0" 404 302 "-" "Mozilla/5.0 (Linux; Android 5.0) AppleWebKit/537.36 (KHTML, like Gecko) Mobile Safari/537.36 (compatible; Bytespider; spider-feedback@bytedance.com)"
154.213.191.23 - - [13/Nov/2024:04:16:09 +0100] "GET / HTTP/1.1" 200 274 "-" "Mozilla/5.0 (Windows NT 10.0; Win64; x64) AppleWebKit/537.36 (KHTML, like Gecko) Chrome/90.0.4430.85 Safari/537.36 Edg/90.0.818.46"
141.98.11.175 - - [13/Nov/2024:04:19:58 +0100] "GET / HTTP/1.1" 200 423 "-" "-"
161.35.203.203 - - [13/Nov/2024:04:26:11 +0100] "\x16\x03\x01" 400 383 "-" "-"
161.35.203.203 - - [13/Nov/2024:04:26:11 +0100] "\x16\x03\x01" 400 383 "-" "-"
161.35.203.203 - - [13/Nov/2024:04:26:11 +0100] "GET / HTTP/1.1" 200 274 "-" "Mozilla/5.0 (Windows NT 10.0; Win64; x64) AppleWebKit/537.36 (KHTML, like Gecko) Chrome/108.0.0.0 Safari/537.36"
161.35.203.203 - - [13/Nov/2024:04:26:11 +0100] "GET /form.html HTTP/1.1" 404 283 "-" "curl/8.1.2"
161.35.203.203 - - [13/Nov/2024:04:26:11 +0100] "GET /upl.php HTTP/1.1" 404 282 "-" "Mozilla/5.0"
161.35.203.203 - - [13/Nov/2024:04:26:11 +0100] "GET /t4 HTTP/1.1" 404 278 "-" "Mozilla/5.0"
161.35.203.203 - - [13/Nov/2024:04:26:11 +0100] "GET /geoip/ HTTP/1.1" 404 281 "-" "Mozilla/5.0 (Windows NT 10.0; Win64; x64) AppleWebKit/537.36 (KHTML, like Gecko) Chrome/108.0.0.0 Safari/537.36"
161.35.203.203 - - [13/Nov/2024:04:26:11 +0100] "GET /favicon.ico HTTP/1.1" 404 284 "-" "Mozilla/5.0 (Windows NT 10.0; Win64; x64) AppleWebKit/537.36 (KHTML, like Gecko) Chrome/108.0.0.0 Safari/537.36"
161.35.203.203 - - [13/Nov/2024:04:26:11 +0100] "GET /1.php HTTP/1.1" 404 280 "-" "Mozilla/5.0 (Windows NT 10.0; Win64; x64) AppleWebKit/537.36 (KHTML, like Gecko) Chrome/108.0.0.0 Safari/537.36"
161.35.203.203 - - [13/Nov/2024:04:26:11 +0100] "GET /systembc/password.php HTTP/1.1" 404 291 "-" "Mozilla/5.0 (Windows NT 10.0; Win64; x64) AppleWebKit/537.36 (KHTML, like Gecko) Chrome/108.0.0.0 Safari/537.36"
161.35.203.203 - - [13/Nov/2024:04:26:12 +0100] "GET /password.php HTTP/1.1" 404 285 "-" "Mozilla/5.0 (Windows NT 10.0; Win64; x64) AppleWebKit/537.36 (KHTML, like Gecko) Chrome/108.0.0.0 Safari/537.36"
52.237.238.46 - - [13/Nov/2024:04:31:15 +0100] "HEAD /wordpress HTTP/1.1" 404 - "-" "Mozilla/5.0 (Windows NT 10.0; Win64; x64) AppleWebKit/537.36 (KHTML, like Gecko) Chrome/74.0.3729.169 Safari/537.36"
52.237.238.46 - - [13/Nov/2024:04:31:15 +0100] "HEAD / HTTP/1.1" 200 - "-" "Mozilla/5.0 (Windows NT 10.0; Win64; x64) AppleWebKit/537.36 (KHTML, like Gecko) Chrome/74.0.3729.169 Safari/537.36"
52.237.238.46 - - [13/Nov/2024:04:31:16 +0100] "HEAD /wp HTTP/1.1" 404 - "-" "Mozilla/5.0 (Windows NT 10.0; Win64; x64) AppleWebKit/537.36 (KHTML, like Gecko) Chrome/74.0.3729.169 Safari/537.36"
52.237.238.46 - - [13/Nov/2024:04:31:16 +0100] "HEAD /bc HTTP/1.1" 404 - "-" "Mozilla/5.0 (Windows NT 10.0; Win64; x64) AppleWebKit/537.36 (KHTML, like Gecko) Chrome/74.0.3729.169 Safari/537.36"
52.237.238.46 - - [13/Nov/2024:04:31:17 +0100] "HEAD /bk HTTP/1.1" 404 - "-" "Mozilla/5.0 (Windows NT 10.0; Win64; x64) AppleWebKit/537.36 (KHTML, like Gecko) Chrome/74.0.3729.169 Safari/537.36"
52.237.238.46 - - [13/Nov/2024:04:31:17 +0100] "HEAD /backup HTTP/1.1" 404 - "-" "Mozilla/5.0 (Windows NT 10.0; Win64; x64) AppleWebKit/537.36 (KHTML, like Gecko) Chrome/74.0.3729.169 Safari/537.36"
52.237.238.46 - - [13/Nov/2024:04:31:18 +0100] "HEAD /old HTTP/1.1" 404 - "-" "Mozilla/5.0 (Windows NT 10.0; Win64; x64) AppleWebKit/537.36 (KHTML, like Gecko) Chrome/74.0.3729.169 Safari/537.36"
52.237.238.46 - - [13/Nov/2024:04:31:18 +0100] "HEAD /new HTTP/1.1" 404 - "-" "Mozilla/5.0 (Windows NT 10.0; Win64; x64) AppleWebKit/537.36 (KHTML, like Gecko) Chrome/74.0.3729.169 Safari/537.36"
52.237.238.46 - - [13/Nov/2024:04:31:19 +0100] "HEAD /main HTTP/1.1" 404 - "-" "Mozilla/5.0 (Windows NT 10.0; Win64; x64) AppleWebKit/537.36 (KHTML, like Gecko) Chrome/74.0.3729.169 Safari/537.36"
52.237.238.46 - - [13/Nov/2024:04:31:19 +0100] "HEAD /home HTTP/1.1" 404 - "-" "Mozilla/5.0 (Windows NT 10.0; Win64; x64) AppleWebKit/537.36 (KHTML, like Gecko) Chrome/74.0.3729.169 Safari/537.36"
156.59.198.135 - - [13/Nov/2024:04:45:02 +0100] "GET /renault.activities.at/htdocs/binaries/renault-/rs-1232017-fr.pdf HTTP/1.0" 404 318 "-" "Mozilla/5.0 (Linux; Android 5.0) AppleWebKit/537.36 (KHTML, like Gecko) Mobile Safari/537.36 (compatible; Bytespider; spider-feedback@bytedance.com)"
156.59.198.135 - - [13/Nov/2024:04:49:02 +0100] "GET /renault.2web.at/htdocs/binaries/10126849.xls HTTP/1.0" 404 308 "-" "Mozilla/5.0 (Linux; Android 5.0) AppleWebKit/537.36 (KHTML, like Gecko) Mobile Safari/537.36 (compatible; Bytespider; spider-feedback@bytedance.com)"
156.59.198.135 - - [13/Nov/2024:04:53:02 +0100] "GET /renault.2web.at/htdocs/binaries/10449712.doc HTTP/1.0" 404 308 "-" "Mozilla/5.0 (Linux; Android 5.0) AppleWebKit/537.36 (KHTML, like Gecko) Mobile Safari/537.36 (compatible; Bytespider; spider-feedback@bytedance.com)"
156.59.198.135 - - [13/Nov/2024:04:57:02 +0100] "GET /renault.activities.at/htdocs/export/pdf/emuc_document/10711436.pdf HTTP/1.0" 404 322 "-" "Mozilla/5.0 (Linux; Android 5.0) AppleWebKit/537.36 (KHTML, like Gecko) Mobile Safari/537.36 (compatible; Bytespider; spider-feedback@bytedance.com)"
216.218.206.66 - - [13/Nov/2024:05:06:04 +0100] "\x16\x03\x01" 400 383 "-" "-"
114.32.249.227 - - [13/Nov/2024:05:13:16 +0100] "GET / HTTP/1.0" 200 423 "-" "Mozilla/5.0 (Linux; U; Android 4.0.3; ko-kr; LG-L160L Build/IML74K) AppleWebkit/534.30 (KHTML, like Gecko) Version/4.0 Mobile Safari/534.30"
141.98.11.178 - - [13/Nov/2024:05:17:18 +0100] "GET / HTTP/1.1" 200 274 "-" "Mozilla/5.0 (Windows NT 10.0; Win64; x64) AppleWebKit/537.36 (KHTML, like Gecko) Chrome/90.0.4430.85 Safari/537.36 Edg/90.0.818.46"
156.59.198.136 - - [13/Nov/2024:05:18:20 +0100] "GET /ed-test.2web.at/stats/lang/awstats-id.txt HTTP/1.0" 404 302 "-" "Mozilla/5.0 (Linux; Android 5.0) AppleWebKit/537.36 (KHTML, like Gecko) Mobile Safari/537.36 (compatible; Bytespider; spider-feedback@bytedance.com)"
35.203.211.127 - - [13/Nov/2024:05:21:34 +0100] "GET / HTTP/1.1" 200 274 "-" "Expanse, a Palo Alto Networks company, searches across the global IPv4 space multiple times per day to identify customers' presences on the Internet. If you would like to be excluded from our scans, please send IP addresses/domains to: scaninfo@paloaltonetworks.com"
156.59.198.136 - - [13/Nov/2024:05:22:36 +0100] "GET /renault.activities.at/htdocs/dompdf-master/www/test/images/vblank.gif HTTP/1.0" 404 325 "-" "Mozilla/5.0 (Linux; Android 5.0) AppleWebKit/537.36 (KHTML, like Gecko) Mobile Safari/537.36 (compatible; Bytespider; spider-feedback@bytedance.com)"
44.242.169.174 - - [13/Nov/2024:05:22:41 +0100] "GET /robots.txt HTTP/1.1" 404 295 "-" "Mozilla/5.0 (compatible; wpbot/1.1; +https://forms.gle/ajBaxygz9jSR8p8G9)"
44.242.169.174 - - [13/Nov/2024:05:22:42 +0100] "GET / HTTP/1.1" 200 274 "-" "Mozilla/5.0 (compatible; wpbot/1.1; +https://forms.gle/ajBaxygz9jSR8p8G9)"
185.191.126.248 - - [13/Nov/2024:05:28:54 +0100] "GET / HTTP/1.1" 200 423 "-" "-"
40.126.236.123 - - [13/Nov/2024:05:30:51 +0100] "HEAD /wordpress HTTP/1.1" 404 - "-" "Mozilla/5.0 (Windows NT 10.0; Win64; x64) AppleWebKit/537.36 (KHTML, like Gecko) Chrome/74.0.3729.169 Safari/537.36"
40.126.236.123 - - [13/Nov/2024:05:30:52 +0100] "HEAD / HTTP/1.1" 200 - "-" "Mozilla/5.0 (Windows NT 10.0; Win64; x64) AppleWebKit/537.36 (KHTML, like Gecko) Chrome/74.0.3729.169 Safari/537.36"
40.126.236.123 - - [13/Nov/2024:05:30:52 +0100] "HEAD /wp HTTP/1.1" 404 - "-" "Mozilla/5.0 (Windows NT 10.0; Win64; x64) AppleWebKit/537.36 (KHTML, like Gecko) Chrome/74.0.3729.169 Safari/537.36"
40.126.236.123 - - [13/Nov/2024:05:30:53 +0100] "HEAD /bc HTTP/1.1" 404 - "-" "Mozilla/5.0 (Windows NT 10.0; Win64; x64) AppleWebKit/537.36 (KHTML, like Gecko) Chrome/74.0.3729.169 Safari/537.36"
40.126.236.123 - - [13/Nov/2024:05:30:53 +0100] "HEAD /bk HTTP/1.1" 404 - "-" "Mozilla/5.0 (Windows NT 10.0; Win64; x64) AppleWebKit/537.36 (KHTML, like Gecko) Chrome/74.0.3729.169 Safari/537.36"
40.126.236.123 - - [13/Nov/2024:05:30:54 +0100] "HEAD /backup HTTP/1.1" 404 - "-" "Mozilla/5.0 (Windows NT 10.0; Win64; x64) AppleWebKit/537.36 (KHTML, like Gecko) Chrome/74.0.3729.169 Safari/537.36"
40.126.236.123 - - [13/Nov/2024:05:30:54 +0100] "HEAD /old HTTP/1.1" 404 - "-" "Mozilla/5.0 (Windows NT 10.0; Win64; x64) AppleWebKit/537.36 (KHTML, like Gecko) Chrome/74.0.3729.169 Safari/537.36"
40.126.236.123 - - [13/Nov/2024:05:30:55 +0100] "HEAD /new HTTP/1.1" 404 - "-" "Mozilla/5.0 (Windows NT 10.0; Win64; x64) AppleWebKit/537.36 (KHTML, like Gecko) Chrome/74.0.3729.169 Safari/537.36"
40.126.236.123 - - [13/Nov/2024:05:30:55 +0100] "HEAD /main HTTP/1.1" 404 - "-" "Mozilla/5.0 (Windows NT 10.0; Win64; x64) AppleWebKit/537.36 (KHTML, like Gecko) Chrome/74.0.3729.169 Safari/537.36"
40.126.236.123 - - [13/Nov/2024:05:30:56 +0100] "HEAD /home HTTP/1.1" 404 - "-" "Mozilla/5.0 (Windows NT 10.0; Win64; x64) AppleWebKit/537.36 (KHTML, like Gecko) Chrome/74.0.3729.169 Safari/537.36"
47.198.22.251 - - [13/Nov/2024:05:34:53 +0100] "GET / HTTP/1.0" 200 423 "-" "Mozilla/5.0 (Linux; U; Android 4.0.3; ko-kr; LG-L160L Build/IML74K) AppleWebkit/534.30 (KHTML, like Gecko) Version/4.0 Mobile Safari/534.30"
5.8.11.202 - - [13/Nov/2024:05:38:29 +0100] "\x16\x03\x02\x01o\x01" 400 383 "-" "-"
156.59.198.135 - - [13/Nov/2024:05:38:31 +0100] "GET /renault.2web.at/htdocs/export/xml/data/exportArticles_20230917225211.xml HTTP/1.0" 404 325 "-" "Mozilla/5.0 (Linux; Android 5.0) AppleWebKit/537.36 (KHTML, like Gecko) Mobile Safari/537.36 (compatible; Bytespider; spider-feedback@bytedance.com)"
141.98.11.175 - - [13/Nov/2024:05:41:58 +0100] "GET / HTTP/1.1" 200 423 "-" "-"
46.174.191.31 - - [13/Nov/2024:05:42:18 +0100] "GET / HTTP/1.0" 200 423 "-" "Mozilla/5.0 (Windows NT 6.1; WOW64; Trident/7.0; AS; rv:11.0) like Gecko"
95.214.55.43 - - [13/Nov/2024:05:45:39 +0100] "GET / HTTP/1.1" 200 274 "-" "Mozilla/5.0 (Windows NT 10.0; Win64; x64) AppleWebKit/537.36 (KHTML, like Gecko) Chrome/90.0.4430.85 Safari/537.36 Edg/90.0.818.46"
179.43.191.98 - - [13/Nov/2024:05:46:02 +0100] "GET / HTTP/1.1" 200 274 "-" "Mozilla/5.0 (Windows NT 10.0; Win64; x64) AppleWebKit/537.36 (KHTML, like Gecko) Chrome/90.0.4430.85 Safari/537.36 Edg/90.0.818.46"
156.59.198.136 - - [13/Nov/2024:06:02:33 +0100] "GET /renault.activities.at/htdocs/export/pdf/emuc_document/11580719.pdf HTTP/1.0" 404 322 "-" "Mozilla/5.0 (Linux; Android 5.0) AppleWebKit/537.36 (KHTML, like Gecko) Mobile Safari/537.36 (compatible; Bytespider; spider-feedback@bytedance.com)"
156.59.198.135 - - [13/Nov/2024:06:06:33 +0100] "GET /renault.activities.at/htdocs/binaries/10126849.xls HTTP/1.0" 404 311 "-" "Mozilla/5.0 (Linux; Android 5.0) AppleWebKit/537.36 (KHTML, like Gecko) Mobile Safari/537.36 (compatible; Bytespider; spider-feedback@bytedance.com)"
156.59.198.136 - - [13/Nov/2024:06:10:33 +0100] "GET /renault.activities.at/htdocs/activities/framework/KoolControls/KoolImageView/styles/dark/dark.xml HTTP/1.0" 404 335 "-" "Mozilla/5.0 (Linux; Android 5.0) AppleWebKit/537.36 (KHTML, like Gecko) Mobile Safari/537.36 (compatible; Bytespider; spider-feedback@bytedance.com)"
154.213.191.23 - - [13/Nov/2024:06:13:32 +0100] "GET / HTTP/1.1" 200 274 "-" "Mozilla/5.0 (Windows NT 10.0; Win64; x64) AppleWebKit/537.36 (KHTML, like Gecko) Chrome/90.0.4430.85 Safari/537.36 Edg/90.0.818.46"
156.59.198.135 - - [13/Nov/2024:06:14:33 +0100] "GET /ed-test.2web.at/stats/lang/awstats-hr.txt HTTP/1.0" 404 302 "-" "Mozilla/5.0 (Linux; Android 5.0) AppleWebKit/537.36 (KHTML, like Gecko) Mobile Safari/537.36 (compatible; Bytespider; spider-feedback@bytedance.com)"
194.50.16.198 - - [13/Nov/2024:06:15:04 +0100] "GET /login.asp HTTP/1.1" 404 354 "-" "-"
52.156.176.64 - - [13/Nov/2024:06:21:58 +0100] "HEAD /wordpress HTTP/1.1" 404 - "-" "Mozilla/5.0 (Windows NT 10.0; Win64; x64) AppleWebKit/537.36 (KHTML, like Gecko) Chrome/74.0.3729.169 Safari/537.36"
52.156.176.64 - - [13/Nov/2024:06:21:59 +0100] "HEAD / HTTP/1.1" 200 - "-" "Mozilla/5.0 (Windows NT 10.0; Win64; x64) AppleWebKit/537.36 (KHTML, like Gecko) Chrome/74.0.3729.169 Safari/537.36"
52.156.176.64 - - [13/Nov/2024:06:21:59 +0100] "HEAD /wp HTTP/1.1" 404 - "-" "Mozilla/5.0 (Windows NT 10.0; Win64; x64) AppleWebKit/537.36 (KHTML, like Gecko) Chrome/74.0.3729.169 Safari/537.36"
52.156.176.64 - - [13/Nov/2024:06:22:00 +0100] "HEAD /bc HTTP/1.1" 404 - "-" "Mozilla/5.0 (Windows NT 10.0; Win64; x64) AppleWebKit/537.36 (KHTML, like Gecko) Chrome/74.0.3729.169 Safari/537.36"
52.156.176.64 - - [13/Nov/2024:06:22:00 +0100] "HEAD /bk HTTP/1.1" 404 - "-" "Mozilla/5.0 (Windows NT 10.0; Win64; x64) AppleWebKit/537.36 (KHTML, like Gecko) Chrome/74.0.3729.169 Safari/537.36"
52.156.176.64 - - [13/Nov/2024:06:22:01 +0100] "HEAD /backup HTTP/1.1" 404 - "-" "Mozilla/5.0 (Windows NT 10.0; Win64; x64) AppleWebKit/537.36 (KHTML, like Gecko) Chrome/74.0.3729.169 Safari/537.36"
52.156.176.64 - - [13/Nov/2024:06:22:01 +0100] "HEAD /old HTTP/1.1" 404 - "-" "Mozilla/5.0 (Windows NT 10.0; Win64; x64) AppleWebKit/537.36 (KHTML, like Gecko) Chrome/74.0.3729.169 Safari/537.36"
52.156.176.64 - - [13/Nov/2024:06:22:02 +0100] "HEAD /new HTTP/1.1" 404 - "-" "Mozilla/5.0 (Windows NT 10.0; Win64; x64) AppleWebKit/537.36 (KHTML, like Gecko) Chrome/74.0.3729.169 Safari/537.36"
52.156.176.64 - - [13/Nov/2024:06:22:02 +0100] "HEAD /main HTTP/1.1" 404 - "-" "Mozilla/5.0 (Windows NT 10.0; Win64; x64) AppleWebKit/537.36 (KHTML, like Gecko) Chrome/74.0.3729.169 Safari/537.36"
52.156.176.64 - - [13/Nov/2024:06:22:03 +0100] "HEAD /home HTTP/1.1" 404 - "-" "Mozilla/5.0 (Windows NT 10.0; Win64; x64) AppleWebKit/537.36 (KHTML, like Gecko) Chrome/74.0.3729.169 Safari/537.36"
59.126.91.47 - - [13/Nov/2024:06:22:20 +0100] "GET / HTTP/1.0" 200 423 "-" "Mozilla/5.0 (Linux; U; Android 4.0.3; ko-kr; LG-L160L Build/IML74K) AppleWebkit/534.30 (KHTML, like Gecko) Version/4.0 Mobile Safari/534.30"
185.91.127.43 - - [13/Nov/2024:06:30:29 +0100] "CONNECT api.ip.pn:443 HTTP/1.1" 200 423 "-" "Mozilla/5.0"
87.120.115.119 - - [13/Nov/2024:06:36:51 +0100] "GET /_profiler/phpinfo HTTP/1.1" 404 289 "-" "Mozilla/5.0 (Macintosh; Intel Mac OS X 10.6; rv:9.0) Gecko/20100101 Firefox/9.0"
95.214.53.91 - - [13/Nov/2024:06:40:19 +0100] "GET / HTTP/1.1" 200 274 "-" "Mozilla/5.0 (Windows NT 10.0; Win64; x64) AppleWebKit/537.36 (KHTML, like Gecko) Chrome/90.0.4430.85 Safari/537.36 Edg/90.0.818.46"
13.64.108.30 - - [13/Nov/2024:06:45:11 +0100] "GET /actuator/health HTTP/1.1" 404 287 "-" "Mozilla/5.0 zgrab/0.x"
178.215.236.240 - - [13/Nov/2024:06:50:38 +0100] "GET /.git/config HTTP/1.1" 404 285 "-" "Mozilla/4.0 (compatible; MSIE 8.0; Windows NT 6.1; Trident/4.0)"
194.50.16.198 - - [13/Nov/2024:06:59:13 +0100] "POST /boaform/admin/formLogin HTTP/1.1" 404 293 "http://212.69.160.11:80/admin/login.asp" "Mozilla/5.0 (X11; Ubuntu; Linux x86_64; rv:71.0) Gecko/20100101 Firefox/71.0"
5.8.11.202 - - [13/Nov/2024:07:00:30 +0100] "GET / HTTP/1.0" 200 423 "-" "Mozilla/5.0 (X11; U; Linux; en-US) AppleWebKit/527 (KHTML, like Gecko, Safari/419.3) Arora/0.10.1"
156.59.198.136 - - [13/Nov/2024:07:04:12 +0100] "GET /renault.activities.at/htdocs/binaries/10126848.doc HTTP/1.0" 404 311 "-" "Mozilla/5.0 (Linux; Android 5.0) AppleWebKit/537.36 (KHTML, like Gecko) Mobile Safari/537.36 (compatible; Bytespider; spider-feedback@bytedance.com)"
46.19.138.234 - - [13/Nov/2024:07:04:41 +0100] "GET / HTTP/1.1" 200 274 "-" "Mozilla/5.0 (Windows NT 10.0; Win64; x64) AppleWebKit/537.36 (KHTML, like Gecko) Chrome/90.0.4430.85 Safari/537.36 Edg/90.0.818.46"
205.210.31.235 - - [13/Nov/2024:07:06:57 +0100] "\x16\x03\x01" 400 383 "-" "-"
205.210.31.235 - - [13/Nov/2024:07:06:57 +0100] "\x16\x03\x01" 400 383 "-" "-"
156.59.198.136 - - [13/Nov/2024:07:08:12 +0100] "GET /ed-test.2web.at/stats/lang/awstats-tr.txt HTTP/1.0" 404 302 "-" "Mozilla/5.0 (Linux; Android 5.0) AppleWebKit/537.36 (KHTML, like Gecko) Mobile Safari/537.36 (compatible; Bytespider; spider-feedback@bytedance.com)"
156.59.198.135 - - [13/Nov/2024:07:12:13 +0100] "GET /renault.activities.at/htdocs/activities/framework/webfx/javascript/flot/PLUGINS.md HTTP/1.0" 404 330 "-" "Mozilla/5.0 (Linux; Android 5.0) AppleWebKit/537.36 (KHTML, like Gecko) Mobile Safari/537.36 (compatible; Bytespider; spider-feedback@bytedance.com)"
156.59.198.136 - - [13/Nov/2024:07:16:14 +0100] "GET /renault.activities.at/htdocs/export/xml/data/orders/202108301403_RenOrder.xml HTTP/1.0" 404 329 "-" "Mozilla/5.0 (Linux; Android 5.0) AppleWebKit/537.36 (KHTML, like Gecko) Mobile Safari/537.36 (compatible; Bytespider; spider-feedback@bytedance.com)"
156.59.198.135 - - [13/Nov/2024:07:20:13 +0100] "GET /ed-test.2web.at/stats/lang/awstats-si.txt HTTP/1.0" 404 302 "-" "Mozilla/5.0 (Linux; Android 5.0) AppleWebKit/537.36 (KHTML, like Gecko) Mobile Safari/537.36 (compatible; Bytespider; spider-feedback@bytedance.com)"
156.59.198.136 - - [13/Nov/2024:07:24:15 +0100] "GET /renault.activities.at/htdocs/pinEdit/editor/help/userhelp-Dateien/image087.jpg HTTP/1.0" 404 328 "-" "Mozilla/5.0 (Linux; Android 5.0) AppleWebKit/537.36 (KHTML, like Gecko) Mobile Safari/537.36 (compatible; Bytespider; spider-feedback@bytedance.com)"
154.213.191.23 - - [13/Nov/2024:07:24:56 +0100] "GET / HTTP/1.1" 200 274 "-" "Mozilla/5.0 (Windows NT 10.0; Win64; x64) AppleWebKit/537.36 (KHTML, like Gecko) Chrome/90.0.4430.85 Safari/537.36 Edg/90.0.818.46"
156.59.198.136 - - [13/Nov/2024:07:28:15 +0100] "GET /renault.activities.at/htdocs/export/xml/data/orders/202111101003_RenOrder.xml HTTP/1.0" 404 328 "-" "Mozilla/5.0 (Linux; Android 5.0) AppleWebKit/537.36 (KHTML, like Gecko) Mobile Safari/537.36 (compatible; Bytespider; spider-feedback@bytedance.com)"
178.215.238.67 - - [13/Nov/2024:07:28:58 +0100] "GET /login.rsp HTTP/1.1" 404 354 "-" "Hello World"
191.96.207.216 - - [13/Nov/2024:07:34:10 +0100] "GET / HTTP/1.1" 200 274 "-" "python-requests/2.32.3"
141.98.11.178 - - [13/Nov/2024:07:38:58 +0100] "GET / HTTP/1.1" 200 274 "-" "Mozilla/5.0 (Windows NT 10.0; Win64; x64) AppleWebKit/537.36 (KHTML, like Gecko) Chrome/90.0.4430.85 Safari/537.36 Edg/90.0.818.46"
185.191.126.248 - - [13/Nov/2024:07:46:32 +0100] "GET / HTTP/1.1" 200 423 "-" "-"
95.214.55.43 - - [13/Nov/2024:07:52:41 +0100] "GET / HTTP/1.1" 200 274 "-" "Mozilla/5.0 (Windows NT 10.0; Win64; x64) AppleWebKit/537.36 (KHTML, like Gecko) Chrome/90.0.4430.85 Safari/537.36 Edg/90.0.818.46"
179.43.191.98 - - [13/Nov/2024:07:52:50 +0100] "GET / HTTP/1.1" 200 274 "-" "Mozilla/5.0 (Windows NT 10.0; Win64; x64) AppleWebKit/537.36 (KHTML, like Gecko) Chrome/90.0.4430.85 Safari/537.36 Edg/90.0.818.46"
191.96.207.216 - - [13/Nov/2024:07:54:09 +0100] "GET / HTTP/1.1" 200 274 "-" "Mozilla/5.0 (Windows NT 10.0; Win64; x64) AppleWebKit/537.36 (KHTML, like Gecko) Chrome/58.0.3029.110 Safari/537.3"
114.34.116.1 - - [13/Nov/2024:08:13:32 +0100] "GET / HTTP/1.0" 200 423 "-" "Mozilla/5.0 (Linux; U; Android 4.0.3; ko-kr; LG-L160L Build/IML74K) AppleWebkit/534.30 (KHTML, like Gecko) Version/4.0 Mobile Safari/534.30"
156.59.198.135 - - [13/Nov/2024:08:13:37 +0100] "GET /renault.activities.at/htdocs/binaries/10311644.doc HTTP/1.0" 404 311 "-" "Mozilla/5.0 (Linux; Android 5.0) AppleWebKit/537.36 (KHTML, like Gecko) Mobile Safari/537.36 (compatible; Bytespider; spider-feedback@bytedance.com)"
156.59.198.135 - - [13/Nov/2024:08:17:37 +0100] "GET /renault.activities.at/htdocs/export/pdf/emuc_document/12127113.pdf HTTP/1.0" 404 322 "-" "Mozilla/5.0 (Linux; Android 5.0) AppleWebKit/537.36 (KHTML, like Gecko) Mobile Safari/537.36 (compatible; Bytespider; spider-feedback@bytedance.com)"
154.213.191.23 - - [13/Nov/2024:08:19:13 +0100] "GET / HTTP/1.1" 200 274 "-" "Mozilla/5.0 (Windows NT 10.0; Win64; x64) AppleWebKit/537.36 (KHTML, like Gecko) Chrome/90.0.4430.85 Safari/537.36 Edg/90.0.818.46"
180.214.239.8 - - [13/Nov/2024:08:23:37 +0100] "GET /.env HTTP/1.1" 404 280 "-" "Mozilla/5.0 (Linux; U; Android 4.4.2; en-US; HM NOTE 1W Build/KOT49H) AppleWebKit/534.30 (KHTML, like Gecko) Version/4.0 UCBrowser/11.0.5.850 U3/0.8.0 Mobile Safari/534.30"
180.214.239.8 - - [13/Nov/2024:08:23:38 +0100] "POST / HTTP/1.1" 200 274 "-" "Mozilla/5.0 (Linux; U; Android 4.4.2; en-US; HM NOTE 1W Build/KOT49H) AppleWebKit/534.30 (KHTML, like Gecko) Version/4.0 UCBrowser/11.0.5.850 U3/0.8.0 Mobile Safari/534.30"
78.153.140.224 - - [13/Nov/2024:08:23:56 +0100] "GET /.env HTTP/1.1" 404 349 "-" "Mozilla/4.0 (compatible; MSIE 6.0; Windows NT 5.1; en) Opera 8.54"
78.153.140.224 - - [13/Nov/2024:08:23:56 +0100] "\x16\x03\x01" 400 383 "-" "-"
78.153.140.224 - - [13/Nov/2024:08:23:57 +0100] "GET /cms/.env HTTP/1.1" 404 353 "-" "Mozilla/5.0 (Windows NT 6.1; WOW64) AppleWebKit/537.36 (KHTML, like Gecko) Chrome/52.2743.82 Safari/537.36 OPR/39.0.2256.43"
78.153.140.224 - - [13/Nov/2024:08:23:57 +0100] "GET /console/.env HTTP/1.1" 404 357 "-" "Mozilla/5.0 (Windows NT 6.1; WOW64; Trident/7.0; NP06; FunWebProducts; rv:11.0) like Gecko"
78.153.140.224 - - [13/Nov/2024:08:23:57 +0100] "GET /pos/.env HTTP/1.1" 404 353 "-" "Mozilla/5.0 (Macintosh; Intel Mac OS X 10_10_1) AppleWebKit/537.36 (KHTML, like Gecko) Chrome/44.0.2403.155 Safari/537.36"
78.153.140.224 - - [13/Nov/2024:08:23:57 +0100] "GET /stg/.env HTTP/1.1" 404 353 "-" "Mozilla/5.0 (Windows NT 6.0) AppleWebKit/537.17 (KHTML, like Gecko) Chrome/24.0.1312.52 Safari/537.17"
78.153.140.224 - - [13/Nov/2024:08:23:57 +0100] "GET /~admin/.env HTTP/1.1" 404 356 "-" "Mozilla/5.0 (Windows NT 10.0; WOW64; rv:56.0) Gecko/20100101 Firefox/56.0"
78.153.140.224 - - [13/Nov/2024:08:23:58 +0100] "GET /~dev/.env HTTP/1.1" 404 354 "-" "Mozilla/5.0 (X11; Linux x86_64; rv:45.0) Gecko/20100101 Firefox/45.0"
78.153.140.224 - - [13/Nov/2024:08:23:58 +0100] "GET /.git/.env HTTP/1.1" 404 354 "-" "Mozilla/5.0 (Linux; Android 4.4.4; SM-G360V Build/KTU84P) AppleWebKit/537.36 (KHTML, like Gecko) Chrome/40.0.2214.109 Mobile Safari/537.36"
78.153.140.224 - - [13/Nov/2024:08:23:58 +0100] "GET /.twilio.env HTTP/1.1" 404 356 "-" "Mozilla/5.0 (Windows NT 6.1; WOW64) AppleWebKit/538.1 (KHTML, like Gecko) PokerClient Safari/538.1"
78.153.140.224 - - [13/Nov/2024:08:23:58 +0100] "GET /ADMIN/.env HTTP/1.1" 404 355 "-" "Mozilla/5.0 (X11; U; Linux x86_64; en-US) AppleWebKit/533.4 (KHTML, like Gecko) Chrome/5.0.375.99 Safari/533.4"
78.153.140.224 - - [13/Nov/2024:08:23:59 +0100] "GET /ADMINISTRATOR/.env HTTP/1.1" 404 363 "-" "Mozilla/5.0 (Linux; Andr0id 7.1.2; QM163E Build/NZH54D) AppleWebKit/537.36 (KHTML, like Gecko) Chrome/49.0.2623.112 Safari/537.36 OPR/32.0.2128.0 OMI/4.8.0.142.Racer.42"
78.153.140.224 - - [13/Nov/2024:08:23:59 +0100] "GET /Admin/.env HTTP/1.1" 404 355 "-" "Mozilla/5.0 (X11; U; Linux i686; en-US) AppleWebKit/532.0 (KHTML, like Gecko) Chrome/4.0.203.0 Safari/532.0"
78.153.140.224 - - [13/Nov/2024:08:24:00 +0100] "GET /Administrator/.env HTTP/1.1" 404 363 "-" "Mozilla/5.0 (Windows NT 5.1) AppleWebKit/537.36 (KHTML, like Gecko) Chrome/29.0.1547.57 Safari/537.36 OPR/16.0.1196.73"
78.153.140.224 - - [13/Nov/2024:08:24:00 +0100] "GET /Archipel/.env HTTP/1.1" 404 358 "-" "Mozilla/5.0 (Macintosh; Intel Mac OS X 10_14_6) AppleWebKit/605.1.15 (KHTML, like Gecko) Version/13.0.3 Safari/605.1.15"
78.153.140.224 - - [13/Nov/2024:08:24:00 +0100] "GET /BACKUP/.env HTTP/1.1" 404 356 "-" "Mozilla/5.0 (Linux; Android 7.0; LG-TP260 Build/NRD90U) AppleWebKit/537.36 (KHTML, like Gecko) Chrome/58.0.3029.83 Mobile Safari/537.36"
78.153.140.224 - - [13/Nov/2024:08:24:01 +0100] "GET /BU/.env HTTP/1.1" 404 352 "-" "Mozilla/5.0 (Windows NT 10.0; WOW64) AppleWebKit/537.36 (KHTML, like Gecko) Chrome/63.0.3239.132 Safari/537.36"
78.153.140.224 - - [13/Nov/2024:08:24:01 +0100] "GET /CORE/.env HTTP/1.1" 404 354 "-" "Mozilla/5.0 (Linux; Android 6.0.1; SM-G935F Build/MMB29K) AppleWebKit/537.36 (KHTML, like Gecko) Chrome/55.0.2883.91 Mobile Safari/537.36"
78.153.140.224 - - [13/Nov/2024:08:24:01 +0100] "GET /Chai/.env HTTP/1.1" 404 354 "-" "Mozilla/5.0 (X11; Ubuntu; Linux i686; rv:58.0) Gecko/20100101 Firefox/58.0"
78.153.140.224 - - [13/Nov/2024:08:24:01 +0100] "GET /Core/.env HTTP/1.1" 404 354 "-" "Mozilla/5.0 (Windows NT 6.1) AppleWebKit/534.24 (KHTML, like Gecko) Chrome/11.0.699.0 Safari/534.24"
78.153.140.224 - - [13/Nov/2024:08:24:01 +0100] "GET /LARAVEL/.env HTTP/1.1" 404 357 "-" "Mozilla/5.0 (Macintosh; Intel Mac OS X 10_11_2) AppleWebKit/601.3.9 (KHTML, like Gecko) Version/11.2.2 Safari/601.3.9"
78.153.140.224 - - [13/Nov/2024:08:24:02 +0100] "GET /Laravel/.env HTTP/1.1" 404 357 "-" "Mozilla/5.0 (Windows; U; Windows NT 5.1; it; rv:1.9.2.11) Gecko/20101012 Firefox/3.6.11 ( .NET CLR 3.5.30729)"
78.153.140.224 - - [13/Nov/2024:08:24:02 +0100] "GET /Library/.env HTTP/1.1" 404 357 "-" "Mozilla/5.0 (X11; U; Linux i686; en-US; rv:1.8.0.5) Gecko/20060806 Firefox/1.5.0.5"
78.153.140.224 - - [13/Nov/2024:08:24:02 +0100] "GET /Local/.env HTTP/1.1" 404 355 "-" "Mozilla/5.0 (Windows NT 6.1; WOW64) AppleWebKit/537.36 (KHTML, like Gecko) Chrome/57.0.2987.98 Safari/537.36"
78.153.140.224 - - [13/Nov/2024:08:24:02 +0100] "GET /PORTAL/.env HTTP/1.1" 404 356 "-" "Mozilla/5.0 (Linux; Android 8.0.0; SAMSUNG SM-G955U Build/R16NW) AppleWebKit/537.36 (KHTML, like Gecko) SamsungBrowser/7.2 Chrome/59.0.3071.125 Mobile Safari/537.36"
78.153.140.224 - - [13/Nov/2024:08:24:02 +0100] "GET /Passportjs/.env HTTP/1.1" 404 360 "-" "Mozilla/5.0 (Linux; U; Android 4.1.1; en-us; Prism II Build/HuaweiU8686) AppleWebKit/534.30 (KHTML, like Gecko) Version/4.0 Mobile Safari/534.30"
78.153.140.224 - - [13/Nov/2024:08:24:02 +0100] "GET /Platform/.env HTTP/1.1" 404 358 "-" "Mozilla/5.0 (Windows NT 6.3; WOW64) AppleWebKit/537.36 (KHTML, like Gecko) Chrome/55.0.2883.75 Safari/537.36 OPR/42.0.2393.85"
78.153.140.224 - - [13/Nov/2024:08:24:03 +0100] "GET /Prod/.env HTTP/1.1" 404 354 "-" "Mozilla/5.0 (Macintosh; Intel Mac OS X 10_12_5) AppleWebKit/603.2.4 (KHTML, like Gecko) Version/10.1.1 Safari/603.2.4"
78.153.140.224 - - [13/Nov/2024:08:24:03 +0100] "GET /Production/.env HTTP/1.1" 404 360 "-" "Mozilla/5.0 (Linux; U; Android 2.3.6; fr-fr; GT-I8160P Build/GINGERBREAD) AppleWebKit/533.1 (KHTML, like Gecko) Version/4.0 Mobile Safari/533.1"
78.153.140.224 - - [13/Nov/2024:08:24:03 +0100] "GET /Public/.env HTTP/1.1" 404 356 "-" "Mozilla/4.0 (compatible; MSIE 5.01; Windows NT; Hotbar 4.1.8.0)"
78.153.140.224 - - [13/Nov/2024:08:24:03 +0100] "GET /Site/.env HTTP/1.1" 404 354 "-" "Mozilla/5.0 (Windows; U; Windows NT 5.1; en-US) AppleWebKit/525.19 (KHTML, like Gecko) Chrome/0.3.155.0 Safari/525.19"
78.153.140.224 - - [13/Nov/2024:08:24:04 +0100] "GET /Socketio/.env HTTP/1.1" 404 358 "-" "Mozilla/4.0 (compatible; MSIE 7.0; Windows NT 6.1; Trident/5.0; SLCC2; .NET CLR 2.0.50727; .NET CLR 3.5.30729; .NET CLR 3.0.30729; .NET4.0C)"
78.153.140.224 - - [13/Nov/2024:08:24:04 +0100] "GET /Stag/.env HTTP/1.1" 404 354 "-" "More Opera 8.50 user agents strings -->>"
78.153.140.224 - - [13/Nov/2024:08:24:04 +0100] "GET /Staging/.env HTTP/1.1" 404 357 "-" "Mozilla/5.0 (X11; U; Linux i686; en-US) AppleWebKit/532.2 (KHTML, like Gecko) Chrome/4.0.222.2 Safari/532.2"
78.153.140.224 - - [13/Nov/2024:08:24:04 +0100] "GET /User_info/.env HTTP/1.1" 404 359 "-" "Mozilla/5.0 (Linux; Android 7.0; SM-G930V Build/NRD90M) AppleWebKit/537.36 (KHTML, like Gecko) Chrome/64.0.3282.137 Mobile Safari/537.36"
78.153.140.224 - - [13/Nov/2024:08:24:04 +0100] "GET /V1/.env HTTP/1.1" 404 352 "-" "Mozilla/5.0 (iPhone; CPU iPhone OS 10_0_1 like Mac OS X) AppleWebKit/602.1.50 (KHTML, like Gecko) Version/10.0 Mobile/14A403 Safari/602.1"
78.153.140.224 - - [13/Nov/2024:08:24:05 +0100] "GET /V2/.env HTTP/1.1" 404 352 "-" "Mozilla/4.0 (compatible; MSIE 8.0; Windows NT 6.1; WOW64; Trident/4.0; SLCC2; .NET CLR 2.0.50727; .NET CLR 3.5.30729; .NET CLR 3.0.30729; Media Center PC 6.0; eSobiSubscriber 2.0.4.16)"
78.153.140.224 - - [13/Nov/2024:08:24:05 +0100] "GET /Web/.env HTTP/1.1" 404 353 "-" "Mozilla/5.0 (Android 5.1; Mobile; rv:47.0) Gecko/47.0 Firefox/47.0"
78.153.140.224 - - [13/Nov/2024:08:24:05 +0100] "GET /_.env HTTP/1.1" 404 350 "-" "Mozilla/5.0 (Macintosh; U; Intel Mac OS X 10_6_1; en-US) AppleWebKit/532.2 (KHTML, like Gecko) Chrome/4.0.222.4 Safari/532.2"
78.153.140.224 - - [13/Nov/2024:08:24:05 +0100] "GET /acme/.env HTTP/1.1" 404 354 "-" "Mozilla/5.0 (Linux; Android 5.0.1; LGLS990 Build/LRX21Y) AppleWebKit/537.36 (KHTML, like Gecko) Version/4.0 Chrome/34.0.1847.118 Mobile Safari/537.36"
78.153.140.224 - - [13/Nov/2024:08:24:05 +0100] "GET /acp/.env HTTP/1.1" 404 353 "-" "Mozilla/5.0 (iPhone; CPU iPhone OS 8_4 like Mac OS X) AppleWebKit/600.1.4 (KHTML, like Gecko) CriOS/45.0.2454.68 Mobile/12H143 Safari/600.1.4"
178.115.42.220 - - [13/Nov/2024:08:28:07 +0100] "GET /layout.php HTTP/1.1" 200 815 "-" "Mozilla/5.0 (Windows NT 10.0; Win64; x64; rv:132.0) Gecko/20100101 Firefox/132.0"
178.115.42.220 - - [13/Nov/2024:08:28:07 +0100] "GET /gui/javascript/form_form.js HTTP/1.1" 200 16206 "http://hausegger.activities.at/layout.php" "Mozilla/5.0 (Windows NT 10.0; Win64; x64; rv:132.0) Gecko/20100101 Firefox/132.0"
178.115.42.220 - - [13/Nov/2024:08:28:07 +0100] "GET /activities.ico HTTP/1.1" 200 1406 "http://hausegger.activities.at/layout.php" "Mozilla/5.0 (Windows NT 10.0; Win64; x64; rv:132.0) Gecko/20100101 Firefox/132.0"
178.115.42.220 - - [13/Nov/2024:08:28:07 +0100] "GET /entry.php?id=10270 HTTP/1.1" 200 908 "http://hausegger.activities.at/layout.php" "Mozilla/5.0 (Windows NT 10.0; Win64; x64; rv:132.0) Gecko/20100101 Firefox/132.0"
178.115.42.220 - - [13/Nov/2024:08:28:07 +0100] "GET /gui/javascript/jquery/css/gui-themes/custom.min.css HTTP/1.1" 304 - "http://hausegger.activities.at/entry.php?id=10270" "Mozilla/5.0 (Windows NT 10.0; Win64; x64; rv:132.0) Gecko/20100101 Firefox/132.0"
178.115.42.220 - - [13/Nov/2024:08:28:07 +0100] "GET /gui/javascript/jquery/css/gui-themes/ui.spinner.css HTTP/1.1" 304 - "http://hausegger.activities.at/entry.php?id=10270" "Mozilla/5.0 (Windows NT 10.0; Win64; x64; rv:132.0) Gecko/20100101 Firefox/132.0"
178.115.42.220 - - [13/Nov/2024:08:28:07 +0100] "GET /entry.php?id=11412 HTTP/1.1" 200 1759 "http://hausegger.activities.at/layout.php" "Mozilla/5.0 (Windows NT 10.0; Win64; x64; rv:132.0) Gecko/20100101 Firefox/132.0"
178.115.42.220 - - [13/Nov/2024:08:28:07 +0100] "GET /entry.php?id=10272 HTTP/1.1" 200 1159 "http://hausegger.activities.at/layout.php" "Mozilla/5.0 (Windows NT 10.0; Win64; x64; rv:132.0) Gecko/20100101 Firefox/132.0"
178.115.42.220 - - [13/Nov/2024:08:28:07 +0100] "GET /gui/javascript/form_form.js?1731482887 HTTP/1.1" 200 16206 "http://hausegger.activities.at/entry.php?id=10270" "Mozilla/5.0 (Windows NT 10.0; Win64; x64; rv:132.0) Gecko/20100101 Firefox/132.0"
178.115.42.220 - - [13/Nov/2024:08:28:07 +0100] "GET /entry.php?id=10273 HTTP/1.1" 200 1902 "http://hausegger.activities.at/layout.php" "Mozilla/5.0 (Windows NT 10.0; Win64; x64; rv:132.0) Gecko/20100101 Firefox/132.0"
178.115.42.220 - - [13/Nov/2024:08:28:08 +0100] "GET /gui/javascript/jquery/js/jquery-1.8.2.js HTTP/1.1" 304 - "http://hausegger.activities.at/entry.php?id=10270" "Mozilla/5.0 (Windows NT 10.0; Win64; x64; rv:132.0) Gecko/20100101 Firefox/132.0"
178.115.42.220 - - [13/Nov/2024:08:28:08 +0100] "GET /gui/javascript/jquery/css/gui-themes/jquery.tooltip.css HTTP/1.1" 304 - "http://hausegger.activities.at/entry.php?id=10270" "Mozilla/5.0 (Windows NT 10.0; Win64; x64; rv:132.0) Gecko/20100101 Firefox/132.0"
178.115.42.220 - - [13/Nov/2024:08:28:08 +0100] "GET /gui/javascript/jquery/js/jquery-ui-1.9.0.custom.min.js HTTP/1.1" 304 - "http://hausegger.activities.at/entry.php?id=10270" "Mozilla/5.0 (Windows NT 10.0; Win64; x64; rv:132.0) Gecko/20100101 Firefox/132.0"
178.115.42.220 - - [13/Nov/2024:08:28:08 +0100] "GET /gui/javascript/jquery/jquery-tooltip/jquery.tooltip.min.js HTTP/1.1" 304 - "http://hausegger.activities.at/entry.php?id=10270" "Mozilla/5.0 (Windows NT 10.0; Win64; x64; rv:132.0) Gecko/20100101 Firefox/132.0"
178.115.42.220 - - [13/Nov/2024:08:28:08 +0100] "GET /gui/styles/tmplDefault.css HTTP/1.1" 200 2135 "http://hausegger.activities.at/entry.php?id=11412" "Mozilla/5.0 (Windows NT 10.0; Win64; x64; rv:132.0) Gecko/20100101 Firefox/132.0"
178.115.42.220 - - [13/Nov/2024:08:28:08 +0100] "GET /gui/javascript/jquery/jquery-tooltip/jquery.tooltip.min.js HTTP/1.1" 200 1982 "http://hausegger.activities.at/entry.php?id=11412" "Mozilla/5.0 (Windows NT 10.0; Win64; x64; rv:132.0) Gecko/20100101 Firefox/132.0"
178.115.42.220 - - [13/Nov/2024:08:28:08 +0100] "GET /framework/webfx/javascript/toolbar/ieemu.js HTTP/1.1" 200 2366 "http://hausegger.activities.at/entry.php?id=10273" "Mozilla/5.0 (Windows NT 10.0; Win64; x64; rv:132.0) Gecko/20100101 Firefox/132.0"
178.115.42.220 - - [13/Nov/2024:08:28:08 +0100] "GET /framework/webfx/javascript/toolbar/cb2.js HTTP/1.1" 200 1686 "http://hausegger.activities.at/entry.php?id=10273" "Mozilla/5.0 (Windows NT 10.0; Win64; x64; rv:132.0) Gecko/20100101 Firefox/132.0"
178.115.42.220 - - [13/Nov/2024:08:28:08 +0100] "GET /framework/webfx/javascript/statusbar/statusBar.js HTTP/1.1" 200 649 "http://hausegger.activities.at/entry.php?id=10272" "Mozilla/5.0 (Windows NT 10.0; Win64; x64; rv:132.0) Gecko/20100101 Firefox/132.0"
178.115.42.220 - - [13/Nov/2024:08:28:08 +0100] "GET /framework/webfx/style/toolbar/cb2.css HTTP/1.1" 200 793 "http://hausegger.activities.at/entry.php?id=10273" "Mozilla/5.0 (Windows NT 10.0; Win64; x64; rv:132.0) Gecko/20100101 Firefox/132.0"
178.115.42.220 - - [13/Nov/2024:08:28:08 +0100] "GET /gui/javascript/form_form.js?1731482888 HTTP/1.1" 200 16206 "http://hausegger.activities.at/entry.php?id=10273" "Mozilla/5.0 (Windows NT 10.0; Win64; x64; rv:132.0) Gecko/20100101 Firefox/132.0"
178.115.42.220 - - [13/Nov/2024:08:28:08 +0100] "GET /gui/images/icons/cancel.gif HTTP/1.1" 200 125 "http://hausegger.activities.at/entry.php?id=11412" "Mozilla/5.0 (Windows NT 10.0; Win64; x64; rv:132.0) Gecko/20100101 Firefox/132.0"
178.115.42.220 - - [13/Nov/2024:08:28:08 +0100] "GET /gui/images/icons/Logo_activites_RGB.gif HTTP/1.1" 200 1336 "http://hausegger.activities.at/entry.php?id=10273" "Mozilla/5.0 (Windows NT 10.0; Win64; x64; rv:132.0) Gecko/20100101 Firefox/132.0"
178.115.42.220 - - [13/Nov/2024:08:28:08 +0100] "GET /entry.php?id=10287 HTTP/1.1" 200 2385 "http://hausegger.activities.at/entry.php?id=11412" "Mozilla/5.0 (Windows NT 10.0; Win64; x64; rv:132.0) Gecko/20100101 Firefox/132.0"
178.115.42.220 - - [13/Nov/2024:08:28:08 +0100] "GET /gui/images/emptybar.gif HTTP/1.1" 304 - "http://hausegger.activities.at/entry.php?id=10272" "Mozilla/5.0 (Windows NT 10.0; Win64; x64; rv:132.0) Gecko/20100101 Firefox/132.0"
178.115.42.220 - - [13/Nov/2024:08:28:08 +0100] "GET /entry.php?id=10271& HTTP/1.1" 200 933 "http://hausegger.activities.at/entry.php?id=10272" "Mozilla/5.0 (Windows NT 10.0; Win64; x64; rv:132.0) Gecko/20100101 Firefox/132.0"
178.115.42.220 - - [13/Nov/2024:08:28:08 +0100] "GET /entry.php?id=10270& HTTP/1.1" 200 908 "http://hausegger.activities.at/entry.php?id=10287" "Mozilla/5.0 (Windows NT 10.0; Win64; x64; rv:132.0) Gecko/20100101 Firefox/132.0"
178.115.42.220 - - [13/Nov/2024:08:28:08 +0100] "GET /entry.php?id=10273& HTTP/1.1" 200 1902 "http://hausegger.activities.at/entry.php?id=10287" "Mozilla/5.0 (Windows NT 10.0; Win64; x64; rv:132.0) Gecko/20100101 Firefox/132.0"
178.115.42.220 - - [13/Nov/2024:08:28:13 +0100] "GET /gui/images/progressbar.gif HTTP/1.1" 200 2157 "http://hausegger.activities.at/entry.php?id=10272" "Mozilla/5.0 (Windows NT 10.0; Win64; x64; rv:132.0) Gecko/20100101 Firefox/132.0"
178.115.42.220 - - [13/Nov/2024:08:28:13 +0100] "POST /entry.php?id=10287& HTTP/1.1" 200 1968 "http://hausegger.activities.at/entry.php?id=10287" "Mozilla/5.0 (Windows NT 10.0; Win64; x64; rv:132.0) Gecko/20100101 Firefox/132.0"
178.115.42.220 - - [13/Nov/2024:08:29:17 +0100] "GET /gui/javascript/form_form.js?1731482957 HTTP/1.1" 200 16206 "http://hausegger.activities.at/entry.php?id=10287&" "Mozilla/5.0 (Windows NT 10.0; Win64; x64; rv:132.0) Gecko/20100101 Firefox/132.0"
178.115.42.220 - - [13/Nov/2024:08:29:17 +0100] "GET /entry.php?id=10271& HTTP/1.1" 200 987 "http://hausegger.activities.at/entry.php?id=10272" "Mozilla/5.0 (Windows NT 10.0; Win64; x64; rv:132.0) Gecko/20100101 Firefox/132.0"
178.115.42.220 - - [13/Nov/2024:08:29:17 +0100] "GET /entry.php?id=10273& HTTP/1.1" 200 2013 "http://hausegger.activities.at/entry.php?id=10287&" "Mozilla/5.0 (Windows NT 10.0; Win64; x64; rv:132.0) Gecko/20100101 Firefox/132.0"
178.115.42.220 - - [13/Nov/2024:08:29:17 +0100] "GET /entry.php?id=10270&__app__=10006038 HTTP/1.1" 200 2230 "http://hausegger.activities.at/entry.php?id=10273&" "Mozilla/5.0 (Windows NT 10.0; Win64; x64; rv:132.0) Gecko/20100101 Firefox/132.0"
178.115.42.220 - - [13/Nov/2024:08:29:18 +0100] "GET /framework/webfx/javascript/navigation/crossbrowser.js HTTP/1.1" 200 1842 "http://hausegger.activities.at/entry.php?id=10270&__app__=10006038" "Mozilla/5.0 (Windows NT 10.0; Win64; x64; rv:132.0) Gecko/20100101 Firefox/132.0"
178.115.42.220 - - [13/Nov/2024:08:29:18 +0100] "GET /framework/webfx/javascript/navigation/outlook.js HTTP/1.1" 200 6351 "http://hausegger.activities.at/entry.php?id=10270&__app__=10006038" "Mozilla/5.0 (Windows NT 10.0; Win64; x64; rv:132.0) Gecko/20100101 Firefox/132.0"
178.115.42.220 - - [13/Nov/2024:08:29:18 +0100] "GET /gui/javascript/form_form.js?1731482958 HTTP/1.1" 200 16206 "http://hausegger.activities.at/entry.php?id=10270&__app__=10006038" "Mozilla/5.0 (Windows NT 10.0; Win64; x64; rv:132.0) Gecko/20100101 Firefox/132.0"
178.115.42.220 - - [13/Nov/2024:08:29:18 +0100] "GET /gui/images/icons/pers_einstellungen.gif HTTP/1.1" 200 1461 "http://hausegger.activities.at/entry.php?id=10270&__app__=10006038" "Mozilla/5.0 (Windows NT 10.0; Win64; x64; rv:132.0) Gecko/20100101 Firefox/132.0"
178.115.42.220 - - [13/Nov/2024:08:29:18 +0100] "GET /framework/icons/navigation/arrowdown.gif HTTP/1.1" 200 424 "http://hausegger.activities.at/entry.php?id=10270&__app__=10006038" "Mozilla/5.0 (Windows NT 10.0; Win64; x64; rv:132.0) Gecko/20100101 Firefox/132.0"
178.115.42.220 - - [13/Nov/2024:08:29:18 +0100] "GET /framework/icons/navigation/arrowup.gif HTTP/1.1" 200 407 "http://hausegger.activities.at/entry.php?id=10270&__app__=10006038" "Mozilla/5.0 (Windows NT 10.0; Win64; x64; rv:132.0) Gecko/20100101 Firefox/132.0"
178.115.42.220 - - [13/Nov/2024:08:29:18 +0100] "GET /gui/images/icons/default_item.gif HTTP/1.1" 200 1091 "http://hausegger.activities.at/entry.php?id=10270&__app__=10006038" "Mozilla/5.0 (Windows NT 10.0; Win64; x64; rv:132.0) Gecko/20100101 Firefox/132.0"
178.115.42.220 - - [13/Nov/2024:08:29:18 +0100] "GET /gui/images/icons/i_resourcenverwaltung.gif HTTP/1.1" 200 2102 "http://hausegger.activities.at/entry.php?id=10270&__app__=10006038" "Mozilla/5.0 (Windows NT 10.0; Win64; x64; rv:132.0) Gecko/20100101 Firefox/132.0"
178.115.42.220 - - [13/Nov/2024:08:29:18 +0100] "GET /gui/images/icons/lagerstandorte.gif HTTP/1.1" 200 2079 "http://hausegger.activities.at/entry.php?id=10270&__app__=10006038" "Mozilla/5.0 (Windows NT 10.0; Win64; x64; rv:132.0) Gecko/20100101 Firefox/132.0"
178.115.42.220 - - [13/Nov/2024:08:29:18 +0100] "GET /gui/images/icons/lager.gif HTTP/1.1" 200 1503 "http://hausegger.activities.at/entry.php?id=10270&__app__=10006038" "Mozilla/5.0 (Windows NT 10.0; Win64; x64; rv:132.0) Gecko/20100101 Firefox/132.0"
178.115.42.220 - - [13/Nov/2024:08:29:18 +0100] "GET /gui/images/icons/grundlagen.gif HTTP/1.1" 200 563 "http://hausegger.activities.at/entry.php?id=10270&__app__=10006038" "Mozilla/5.0 (Windows NT 10.0; Win64; x64; rv:132.0) Gecko/20100101 Firefox/132.0"
178.115.42.220 - - [13/Nov/2024:08:29:18 +0100] "GET /gui/images/icons/rechnungswesen_einstellungen.gif HTTP/1.1" 200 2068 "http://hausegger.activities.at/entry.php?id=10270&__app__=10006038" "Mozilla/5.0 (Windows NT 10.0; Win64; x64; rv:132.0) Gecko/20100101 Firefox/132.0"
178.115.42.220 - - [13/Nov/2024:08:29:18 +0100] "GET /gui/images/icons/i_lagertransaktion.gif HTTP/1.1" 200 2008 "http://hausegger.activities.at/entry.php?id=10270&__app__=10006038" "Mozilla/5.0 (Windows NT 10.0; Win64; x64; rv:132.0) Gecko/20100101 Firefox/132.0"
178.115.42.220 - - [13/Nov/2024:08:29:18 +0100] "GET /gui/images/icons/i_artikelgruppen.gif HTTP/1.1" 200 1538 "http://hausegger.activities.at/entry.php?id=10270&__app__=10006038" "Mozilla/5.0 (Windows NT 10.0; Win64; x64; rv:132.0) Gecko/20100101 Firefox/132.0"
178.115.42.220 - - [13/Nov/2024:08:29:18 +0100] "GET /gui/images/icons/i_artikel.gif HTTP/1.1" 200 1765 "http://hausegger.activities.at/entry.php?id=10270&__app__=10006038" "Mozilla/5.0 (Windows NT 10.0; Win64; x64; rv:132.0) Gecko/20100101 Firefox/132.0"
178.115.42.220 - - [13/Nov/2024:08:29:18 +0100] "GET /gui/images/icons/i_aktionen.gif HTTP/1.1" 200 1920 "http://hausegger.activities.at/entry.php?id=10270&__app__=10006038" "Mozilla/5.0 (Windows NT 10.0; Win64; x64; rv:132.0) Gecko/20100101 Firefox/132.0"
178.115.42.220 - - [13/Nov/2024:08:29:18 +0100] "GET /gui/images/icons/i_einzelbestellung.gif HTTP/1.1" 200 1756 "http://hausegger.activities.at/entry.php?id=10270&__app__=10006038" "Mozilla/5.0 (Windows NT 10.0; Win64; x64; rv:132.0) Gecko/20100101 Firefox/132.0"
178.115.42.220 - - [13/Nov/2024:08:29:18 +0100] "GET /gui/images/icons/verwaltung_automarken.gif HTTP/1.1" 200 2163 "http://hausegger.activities.at/entry.php?id=10270&__app__=10006038" "Mozilla/5.0 (Windows NT 10.0; Win64; x64; rv:132.0) Gecko/20100101 Firefox/132.0"
178.115.42.220 - - [13/Nov/2024:08:29:18 +0100] "GET /gui/images/icons/i_aktionstypen.gif HTTP/1.1" 200 1983 "http://hausegger.activities.at/entry.php?id=10270&__app__=10006038" "Mozilla/5.0 (Windows NT 10.0; Win64; x64; rv:132.0) Gecko/20100101 Firefox/132.0"
