178.115.42.220 - - [18/Nov/2024:11:32:22 +0100] "GET /gui/javascript/form_form.js?1731925942 HTTP/1.1" 200 16206 "http://hausegger.activities.at/entry.php?id=10271&&ser=925882" "Mozilla/5.0 (Windows NT 10.0; Win64; x64; rv:132.0) Gecko/20100101 Firefox/132.0"
178.115.42.220 - - [18/Nov/2024:11:33:22 +0100] "GET /entry.php?id=10271&&ser=925942 HTTP/1.1" 200 987 "http://hausegger.activities.at/entry.php?id=10271&&ser=925882" "Mozilla/5.0 (Windows NT 10.0; Win64; x64; rv:132.0) Gecko/20100101 Firefox/132.0"
178.115.42.220 - - [18/Nov/2024:11:33:22 +0100] "GET /gui/javascript/form_form.js?1731926002 HTTP/1.1" 200 16206 "http://hausegger.activities.at/entry.php?id=10271&&ser=925942" "Mozilla/5.0 (Windows NT 10.0; Win64; x64; rv:132.0) Gecko/20100101 Firefox/132.0"
178.115.42.220 - - [18/Nov/2024:11:34:23 +0100] "GET /entry.php?id=10271&&ser=926002 HTTP/1.1" 200 987 "http://hausegger.activities.at/entry.php?id=10271&&ser=925942" "Mozilla/5.0 (Windows NT 10.0; Win64; x64; rv:132.0) Gecko/20100101 Firefox/132.0"
178.115.42.220 - - [18/Nov/2024:11:34:23 +0100] "GET /gui/javascript/form_form.js?1731926063 HTTP/1.1" 200 16206 "http://hausegger.activities.at/entry.php?id=10271&&ser=926002" "Mozilla/5.0 (Windows NT 10.0; Win64; x64; rv:132.0) Gecko/20100101 Firefox/132.0"
178.115.42.220 - - [18/Nov/2024:11:35:23 +0100] "GET /entry.php?id=10271&&ser=926063 HTTP/1.1" 200 987 "http://hausegger.activities.at/entry.php?id=10271&&ser=926002" "Mozilla/5.0 (Windows NT 10.0; Win64; x64; rv:132.0) Gecko/20100101 Firefox/132.0"
178.115.42.220 - - [18/Nov/2024:11:35:23 +0100] "GET /gui/javascript/form_form.js?1731926123 HTTP/1.1" 200 16206 "http://hausegger.activities.at/entry.php?id=10271&&ser=926063" "Mozilla/5.0 (Windows NT 10.0; Win64; x64; rv:132.0) Gecko/20100101 Firefox/132.0"
178.115.42.220 - - [18/Nov/2024:11:36:23 +0100] "GET /entry.php?id=10271&&ser=926123 HTTP/1.1" 200 987 "http://hausegger.activities.at/entry.php?id=10271&&ser=926063" "Mozilla/5.0 (Windows NT 10.0; Win64; x64; rv:132.0) Gecko/20100101 Firefox/132.0"
178.115.42.220 - - [18/Nov/2024:11:36:23 +0100] "GET /gui/javascript/form_form.js?1731926183 HTTP/1.1" 200 16206 "http://hausegger.activities.at/entry.php?id=10271&&ser=926123" "Mozilla/5.0 (Windows NT 10.0; Win64; x64; rv:132.0) Gecko/20100101 Firefox/132.0"
178.115.42.220 - - [18/Nov/2024:11:37:23 +0100] "GET /entry.php?id=10271&&ser=926183 HTTP/1.1" 200 987 "http://hausegger.activities.at/entry.php?id=10271&&ser=926123" "Mozilla/5.0 (Windows NT 10.0; Win64; x64; rv:132.0) Gecko/20100101 Firefox/132.0"
178.115.42.220 - - [18/Nov/2024:11:37:24 +0100] "GET /gui/javascript/form_form.js?1731926244 HTTP/1.1" 200 16206 "http://hausegger.activities.at/entry.php?id=10271&&ser=926183" "Mozilla/5.0 (Windows NT 10.0; Win64; x64; rv:132.0) Gecko/20100101 Firefox/132.0"
185.117.225.19 - - [18/Nov/2024:11:38:18 +0100] "GET /robots.txt HTTP/1.1" 404 295 "-" "python-requests/2.31.0"
185.117.225.19 - - [18/Nov/2024:11:38:20 +0100] "GET / HTTP/1.1" 200 274 "-" "Mozilla/5.0 (compatible; BitSightBot/1.0)"
185.117.225.19 - - [18/Nov/2024:11:38:20 +0100] "GET /layout.php HTTP/1.1" 200 823 "http://coffeenostra.castlegem.co.uk/" "Mozilla/5.0 (X11; Linux x86_64) AppleWebKit/537.36 (KHTML, like Gecko) HeadlessChrome/90.0.4430.212 Safari/537.36"
185.117.225.19 - - [18/Nov/2024:11:38:21 +0100] "GET /gui/javascript/form_form.js HTTP/1.1" 200 16206 "http://coffeenostra.castlegem.co.uk/layout.php" "Mozilla/5.0 (X11; Linux x86_64) AppleWebKit/537.36 (KHTML, like Gecko) HeadlessChrome/90.0.4430.212 Safari/537.36"
185.117.225.19 - - [18/Nov/2024:11:38:22 +0100] "GET /entry.php?id=10270 HTTP/1.1" 200 908 "http://coffeenostra.castlegem.co.uk/layout.php" "Mozilla/5.0 (X11; Linux x86_64) AppleWebKit/537.36 (KHTML, like Gecko) HeadlessChrome/90.0.4430.212 Safari/537.36"
185.117.225.19 - - [18/Nov/2024:11:38:22 +0100] "GET /entry.php?id=10272 HTTP/1.1" 200 1159 "http://coffeenostra.castlegem.co.uk/layout.php" "Mozilla/5.0 (X11; Linux x86_64) AppleWebKit/537.36 (KHTML, like Gecko) HeadlessChrome/90.0.4430.212 Safari/537.36"
185.117.225.19 - - [18/Nov/2024:11:38:22 +0100] "GET /entry.php?id=10273 HTTP/1.1" 200 1901 "http://coffeenostra.castlegem.co.uk/layout.php" "Mozilla/5.0 (X11; Linux x86_64) AppleWebKit/537.36 (KHTML, like Gecko) HeadlessChrome/90.0.4430.212 Safari/537.36"
185.117.225.19 - - [18/Nov/2024:11:38:22 +0100] "GET /entry.php?id=11412 HTTP/1.1" 200 1759 "http://coffeenostra.castlegem.co.uk/layout.php" "Mozilla/5.0 (X11; Linux x86_64) AppleWebKit/537.36 (KHTML, like Gecko) HeadlessChrome/90.0.4430.212 Safari/537.36"
185.117.225.19 - - [18/Nov/2024:11:38:23 +0100] "GET /gui/javascript/jquery/css/gui-themes/jquery.tooltip.css HTTP/1.1" 200 246 "http://coffeenostra.castlegem.co.uk/entry.php?id=10270" "Mozilla/5.0 (X11; Linux x86_64) AppleWebKit/537.36 (KHTML, like Gecko) HeadlessChrome/90.0.4430.212 Safari/537.36"
185.117.225.19 - - [18/Nov/2024:11:38:23 +0100] "GET /gui/styles/tmplDefault.css HTTP/1.1" 200 2135 "http://coffeenostra.castlegem.co.uk/entry.php?id=10272" "Mozilla/5.0 (X11; Linux x86_64) AppleWebKit/537.36 (KHTML, like Gecko) HeadlessChrome/90.0.4430.212 Safari/537.36"
185.117.225.19 - - [18/Nov/2024:11:38:23 +0100] "GET /gui/javascript/jquery/css/gui-themes/custom.min.css HTTP/1.1" 200 5618 "http://coffeenostra.castlegem.co.uk/entry.php?id=10270" "Mozilla/5.0 (X11; Linux x86_64) AppleWebKit/537.36 (KHTML, like Gecko) HeadlessChrome/90.0.4430.212 Safari/537.36"
185.117.225.19 - - [18/Nov/2024:11:38:23 +0100] "GET /gui/javascript/jquery/css/gui-themes/ui.spinner.css HTTP/1.1" 200 350 "http://coffeenostra.castlegem.co.uk/entry.php?id=10270" "Mozilla/5.0 (X11; Linux x86_64) AppleWebKit/537.36 (KHTML, like Gecko) HeadlessChrome/90.0.4430.212 Safari/537.36"
185.117.225.19 - - [18/Nov/2024:11:38:23 +0100] "GET /gui/javascript/form_form.js?1731926302 HTTP/1.1" 200 16206 "http://coffeenostra.castlegem.co.uk/entry.php?id=10270" "Mozilla/5.0 (X11; Linux x86_64) AppleWebKit/537.36 (KHTML, like Gecko) HeadlessChrome/90.0.4430.212 Safari/537.36"
185.117.225.19 - - [18/Nov/2024:11:38:23 +0100] "GET /gui/javascript/jquery/js/jquery-1.8.2.js HTTP/1.1" 200 35391 "http://coffeenostra.castlegem.co.uk/entry.php?id=10270" "Mozilla/5.0 (X11; Linux x86_64) AppleWebKit/537.36 (KHTML, like Gecko) HeadlessChrome/90.0.4430.212 Safari/537.36"
185.117.225.19 - - [18/Nov/2024:11:38:24 +0100] "GET /framework/webfx/style/toolbar/cb2.css HTTP/1.1" 200 793 "http://coffeenostra.castlegem.co.uk/entry.php?id=10273" "Mozilla/5.0 (X11; Linux x86_64) AppleWebKit/537.36 (KHTML, like Gecko) HeadlessChrome/90.0.4430.212 Safari/537.36"
185.117.225.19 - - [18/Nov/2024:11:38:24 +0100] "GET /gui/javascript/jquery/jquery-tooltip/jquery.tooltip.min.js HTTP/1.1" 200 1982 "http://coffeenostra.castlegem.co.uk/entry.php?id=10270" "Mozilla/5.0 (X11; Linux x86_64) AppleWebKit/537.36 (KHTML, like Gecko) HeadlessChrome/90.0.4430.212 Safari/537.36"
185.117.225.19 - - [18/Nov/2024:11:38:24 +0100] "GET /framework/webfx/javascript/statusbar/statusBar.js HTTP/1.1" 200 649 "http://coffeenostra.castlegem.co.uk/entry.php?id=10272" "Mozilla/5.0 (X11; Linux x86_64) AppleWebKit/537.36 (KHTML, like Gecko) HeadlessChrome/90.0.4430.212 Safari/537.36"
185.117.225.19 - - [18/Nov/2024:11:38:24 +0100] "GET /framework/webfx/javascript/toolbar/ieemu.js HTTP/1.1" 200 2366 "http://coffeenostra.castlegem.co.uk/entry.php?id=10273" "Mozilla/5.0 (X11; Linux x86_64) AppleWebKit/537.36 (KHTML, like Gecko) HeadlessChrome/90.0.4430.212 Safari/537.36"
178.115.42.220 - - [18/Nov/2024:11:38:24 +0100] "GET /entry.php?id=10271&&ser=926244 HTTP/1.1" 200 987 "http://hausegger.activities.at/entry.php?id=10271&&ser=926183" "Mozilla/5.0 (Windows NT 10.0; Win64; x64; rv:132.0) Gecko/20100101 Firefox/132.0"
185.117.225.19 - - [18/Nov/2024:11:38:24 +0100] "GET /framework/webfx/javascript/toolbar/cb2.js HTTP/1.1" 200 1686 "http://coffeenostra.castlegem.co.uk/entry.php?id=10273" "Mozilla/5.0 (X11; Linux x86_64) AppleWebKit/537.36 (KHTML, like Gecko) HeadlessChrome/90.0.4430.212 Safari/537.36"
178.115.42.220 - - [18/Nov/2024:11:38:24 +0100] "GET /gui/javascript/form_form.js?1731926304 HTTP/1.1" 200 16206 "http://hausegger.activities.at/entry.php?id=10271&&ser=926244" "Mozilla/5.0 (Windows NT 10.0; Win64; x64; rv:132.0) Gecko/20100101 Firefox/132.0"
185.117.225.19 - - [18/Nov/2024:11:38:24 +0100] "GET /gui/javascript/jquery/js/jquery-ui-1.9.0.custom.min.js HTTP/1.1" 200 51286 "http://coffeenostra.castlegem.co.uk/entry.php?id=10270" "Mozilla/5.0 (X11; Linux x86_64) AppleWebKit/537.36 (KHTML, like Gecko) HeadlessChrome/90.0.4430.212 Safari/537.36"
185.117.225.19 - - [18/Nov/2024:11:38:25 +0100] "GET /gui/images/icons/Logo_activites_RGB.gif HTTP/1.1" 200 1336 "http://coffeenostra.castlegem.co.uk/entry.php?id=10273" "Mozilla/5.0 (X11; Linux x86_64) AppleWebKit/537.36 (KHTML, like Gecko) HeadlessChrome/90.0.4430.212 Safari/537.36"
185.117.225.19 - - [18/Nov/2024:11:38:25 +0100] "GET /entry.php?id=10271& HTTP/1.1" 200 934 "http://coffeenostra.castlegem.co.uk/entry.php?id=10272" "Mozilla/5.0 (X11; Linux x86_64) AppleWebKit/537.36 (KHTML, like Gecko) HeadlessChrome/90.0.4430.212 Safari/537.36"
185.117.225.19 - - [18/Nov/2024:11:38:25 +0100] "GET /gui/images/icons/cancel.gif HTTP/1.1" 200 125 "http://coffeenostra.castlegem.co.uk/entry.php?id=11412" "Mozilla/5.0 (X11; Linux x86_64) AppleWebKit/537.36 (KHTML, like Gecko) HeadlessChrome/90.0.4430.212 Safari/537.36"
185.117.225.19 - - [18/Nov/2024:11:38:25 +0100] "GET /entry.php?id=10287 HTTP/1.1" 200 2386 "http://coffeenostra.castlegem.co.uk/entry.php?id=11412" "Mozilla/5.0 (X11; Linux x86_64) AppleWebKit/537.36 (KHTML, like Gecko) HeadlessChrome/90.0.4430.212 Safari/537.36"
185.117.225.19 - - [18/Nov/2024:11:38:25 +0100] "GET /gui/images/emptybar.gif HTTP/1.1" 200 89 "http://coffeenostra.castlegem.co.uk/entry.php?id=10272" "Mozilla/5.0 (X11; Linux x86_64) AppleWebKit/537.36 (KHTML, like Gecko) HeadlessChrome/90.0.4430.212 Safari/537.36"
185.117.225.19 - - [18/Nov/2024:11:38:25 +0100] "GET /gui/javascript/form_form.js?1731926305 HTTP/1.1" 200 16206 "http://coffeenostra.castlegem.co.uk/entry.php?id=10271&" "Mozilla/5.0 (X11; Linux x86_64) AppleWebKit/537.36 (KHTML, like Gecko) HeadlessChrome/90.0.4430.212 Safari/537.36"
185.117.225.19 - - [18/Nov/2024:11:38:26 +0100] "GET /entry.php?id=10273& HTTP/1.1" 200 1902 "http://coffeenostra.castlegem.co.uk/entry.php?id=10287" "Mozilla/5.0 (X11; Linux x86_64) AppleWebKit/537.36 (KHTML, like Gecko) HeadlessChrome/90.0.4430.212 Safari/537.36"
185.117.225.19 - - [18/Nov/2024:11:38:26 +0100] "GET /entry.php?id=10270& HTTP/1.1" 200 908 "http://coffeenostra.castlegem.co.uk/entry.php?id=10287" "Mozilla/5.0 (X11; Linux x86_64) AppleWebKit/537.36 (KHTML, like Gecko) HeadlessChrome/90.0.4430.212 Safari/537.36"
185.117.225.19 - - [18/Nov/2024:11:38:27 +0100] "GET /gui/javascript/form_form.js?1731926306 HTTP/1.1" 200 16206 "http://coffeenostra.castlegem.co.uk/entry.php?id=10273&" "Mozilla/5.0 (X11; Linux x86_64) AppleWebKit/537.36 (KHTML, like Gecko) HeadlessChrome/90.0.4430.212 Safari/537.36"
178.115.42.220 - - [18/Nov/2024:11:39:24 +0100] "GET /entry.php?id=10271&&ser=926304 HTTP/1.1" 200 987 "http://hausegger.activities.at/entry.php?id=10271&&ser=926244" "Mozilla/5.0 (Windows NT 10.0; Win64; x64; rv:132.0) Gecko/20100101 Firefox/132.0"
178.115.42.220 - - [18/Nov/2024:11:39:24 +0100] "GET /gui/javascript/form_form.js?1731926364 HTTP/1.1" 200 16206 "http://hausegger.activities.at/entry.php?id=10271&&ser=926304" "Mozilla/5.0 (Windows NT 10.0; Win64; x64; rv:132.0) Gecko/20100101 Firefox/132.0"
178.115.42.220 - - [18/Nov/2024:11:40:24 +0100] "GET /entry.php?id=10271&&ser=926364 HTTP/1.1" 200 987 "http://hausegger.activities.at/entry.php?id=10271&&ser=926304" "Mozilla/5.0 (Windows NT 10.0; Win64; x64; rv:132.0) Gecko/20100101 Firefox/132.0"
178.115.42.220 - - [18/Nov/2024:11:40:24 +0100] "GET /gui/javascript/form_form.js?1731926424 HTTP/1.1" 200 16206 "http://hausegger.activities.at/entry.php?id=10271&&ser=926364" "Mozilla/5.0 (Windows NT 10.0; Win64; x64; rv:132.0) Gecko/20100101 Firefox/132.0"
178.115.42.220 - - [18/Nov/2024:11:41:25 +0100] "GET /entry.php?id=10271&&ser=926424 HTTP/1.1" 200 987 "http://hausegger.activities.at/entry.php?id=10271&&ser=926364" "Mozilla/5.0 (Windows NT 10.0; Win64; x64; rv:132.0) Gecko/20100101 Firefox/132.0"
178.115.42.220 - - [18/Nov/2024:11:41:25 +0100] "GET /gui/javascript/form_form.js?1731926485 HTTP/1.1" 200 16206 "http://hausegger.activities.at/entry.php?id=10271&&ser=926424" "Mozilla/5.0 (Windows NT 10.0; Win64; x64; rv:132.0) Gecko/20100101 Firefox/132.0"
178.115.42.220 - - [18/Nov/2024:11:42:25 +0100] "GET /entry.php?id=10271&&ser=926485 HTTP/1.1" 200 987 "http://hausegger.activities.at/entry.php?id=10271&&ser=926424" "Mozilla/5.0 (Windows NT 10.0; Win64; x64; rv:132.0) Gecko/20100101 Firefox/132.0"
178.115.42.220 - - [18/Nov/2024:11:42:25 +0100] "GET /gui/javascript/form_form.js?1731926545 HTTP/1.1" 200 16206 "http://hausegger.activities.at/entry.php?id=10271&&ser=926485" "Mozilla/5.0 (Windows NT 10.0; Win64; x64; rv:132.0) Gecko/20100101 Firefox/132.0"
178.115.42.220 - - [18/Nov/2024:11:43:25 +0100] "GET /entry.php?id=10271&&ser=926545 HTTP/1.1" 200 987 "http://hausegger.activities.at/entry.php?id=10271&&ser=926485" "Mozilla/5.0 (Windows NT 10.0; Win64; x64; rv:132.0) Gecko/20100101 Firefox/132.0"
178.115.42.220 - - [18/Nov/2024:11:43:25 +0100] "GET /gui/javascript/form_form.js?1731926605 HTTP/1.1" 200 16206 "http://hausegger.activities.at/entry.php?id=10271&&ser=926545" "Mozilla/5.0 (Windows NT 10.0; Win64; x64; rv:132.0) Gecko/20100101 Firefox/132.0"
178.115.42.220 - - [18/Nov/2024:11:44:26 +0100] "GET /entry.php?id=10271&&ser=926605 HTTP/1.1" 200 986 "http://hausegger.activities.at/entry.php?id=10271&&ser=926545" "Mozilla/5.0 (Windows NT 10.0; Win64; x64; rv:132.0) Gecko/20100101 Firefox/132.0"
178.115.42.220 - - [18/Nov/2024:11:44:26 +0100] "GET /gui/javascript/form_form.js?1731926666 HTTP/1.1" 200 16206 "http://hausegger.activities.at/entry.php?id=10271&&ser=926605" "Mozilla/5.0 (Windows NT 10.0; Win64; x64; rv:132.0) Gecko/20100101 Firefox/132.0"
156.59.198.135 - - [18/Nov/2024:11:45:23 +0100] "GET /docs/ecommlogistics/belege/AB16-000015.pdf HTTP/1.0" 404 306 "-" "Mozilla/5.0 (Linux; Android 5.0) AppleWebKit/537.36 (KHTML, like Gecko) Mobile Safari/537.36 (compatible; Bytespider; spider-feedback@bytedance.com)"
178.115.42.220 - - [18/Nov/2024:11:45:26 +0100] "GET /entry.php?id=10271&&ser=926666 HTTP/1.1" 200 987 "http://hausegger.activities.at/entry.php?id=10271&&ser=926605" "Mozilla/5.0 (Windows NT 10.0; Win64; x64; rv:132.0) Gecko/20100101 Firefox/132.0"
178.115.42.220 - - [18/Nov/2024:11:45:26 +0100] "GET /gui/javascript/form_form.js?1731926726 HTTP/1.1" 200 16206 "http://hausegger.activities.at/entry.php?id=10271&&ser=926666" "Mozilla/5.0 (Windows NT 10.0; Win64; x64; rv:132.0) Gecko/20100101 Firefox/132.0"
178.115.42.220 - - [18/Nov/2024:11:46:26 +0100] "GET /entry.php?id=10271&&ser=926726 HTTP/1.1" 200 987 "http://hausegger.activities.at/entry.php?id=10271&&ser=926666" "Mozilla/5.0 (Windows NT 10.0; Win64; x64; rv:132.0) Gecko/20100101 Firefox/132.0"
178.115.42.220 - - [18/Nov/2024:11:46:26 +0100] "GET /gui/javascript/form_form.js?1731926786 HTTP/1.1" 200 16206 "http://hausegger.activities.at/entry.php?id=10271&&ser=926726" "Mozilla/5.0 (Windows NT 10.0; Win64; x64; rv:132.0) Gecko/20100101 Firefox/132.0"
178.115.42.220 - - [18/Nov/2024:11:47:26 +0100] "GET /entry.php?id=10271&&ser=926786 HTTP/1.1" 200 989 "http://hausegger.activities.at/entry.php?id=10271&&ser=926726" "Mozilla/5.0 (Windows NT 10.0; Win64; x64; rv:132.0) Gecko/20100101 Firefox/132.0"
178.115.42.220 - - [18/Nov/2024:11:47:27 +0100] "GET /gui/javascript/form_form.js?1731926847 HTTP/1.1" 200 16206 "http://hausegger.activities.at/entry.php?id=10271&&ser=926786" "Mozilla/5.0 (Windows NT 10.0; Win64; x64; rv:132.0) Gecko/20100101 Firefox/132.0"
178.115.42.220 - - [18/Nov/2024:11:48:27 +0100] "GET /entry.php?id=10271&&ser=926846 HTTP/1.1" 200 987 "http://hausegger.activities.at/entry.php?id=10271&&ser=926786" "Mozilla/5.0 (Windows NT 10.0; Win64; x64; rv:132.0) Gecko/20100101 Firefox/132.0"
178.115.42.220 - - [18/Nov/2024:11:48:27 +0100] "GET /gui/javascript/form_form.js?1731926907 HTTP/1.1" 200 16206 "http://hausegger.activities.at/entry.php?id=10271&&ser=926846" "Mozilla/5.0 (Windows NT 10.0; Win64; x64; rv:132.0) Gecko/20100101 Firefox/132.0"
178.115.42.220 - - [18/Nov/2024:11:49:27 +0100] "GET /entry.php?id=10271&&ser=926907 HTTP/1.1" 200 987 "http://hausegger.activities.at/entry.php?id=10271&&ser=926846" "Mozilla/5.0 (Windows NT 10.0; Win64; x64; rv:132.0) Gecko/20100101 Firefox/132.0"
178.115.42.220 - - [18/Nov/2024:11:49:27 +0100] "GET /gui/javascript/form_form.js?1731926967 HTTP/1.1" 200 16206 "http://hausegger.activities.at/entry.php?id=10271&&ser=926907" "Mozilla/5.0 (Windows NT 10.0; Win64; x64; rv:132.0) Gecko/20100101 Firefox/132.0"
178.115.42.220 - - [18/Nov/2024:11:50:27 +0100] "GET /entry.php?id=10271&&ser=926967 HTTP/1.1" 200 986 "http://hausegger.activities.at/entry.php?id=10271&&ser=926907" "Mozilla/5.0 (Windows NT 10.0; Win64; x64; rv:132.0) Gecko/20100101 Firefox/132.0"
178.115.42.220 - - [18/Nov/2024:11:50:27 +0100] "GET /gui/javascript/form_form.js?1731927027 HTTP/1.1" 200 16206 "http://hausegger.activities.at/entry.php?id=10271&&ser=926967" "Mozilla/5.0 (Windows NT 10.0; Win64; x64; rv:132.0) Gecko/20100101 Firefox/132.0"
178.115.42.220 - - [18/Nov/2024:11:51:28 +0100] "GET /entry.php?id=10271&&ser=927027 HTTP/1.1" 200 987 "http://hausegger.activities.at/entry.php?id=10271&&ser=926967" "Mozilla/5.0 (Windows NT 10.0; Win64; x64; rv:132.0) Gecko/20100101 Firefox/132.0"
178.115.42.220 - - [18/Nov/2024:11:51:28 +0100] "GET /gui/javascript/form_form.js?1731927088 HTTP/1.1" 200 16206 "http://hausegger.activities.at/entry.php?id=10271&&ser=927027" "Mozilla/5.0 (Windows NT 10.0; Win64; x64; rv:132.0) Gecko/20100101 Firefox/132.0"
178.115.42.220 - - [18/Nov/2024:11:52:28 +0100] "GET /entry.php?id=10271&&ser=927088 HTTP/1.1" 200 987 "http://hausegger.activities.at/entry.php?id=10271&&ser=927027" "Mozilla/5.0 (Windows NT 10.0; Win64; x64; rv:132.0) Gecko/20100101 Firefox/132.0"
178.115.42.220 - - [18/Nov/2024:11:52:28 +0100] "GET /gui/javascript/form_form.js?1731927148 HTTP/1.1" 200 16206 "http://hausegger.activities.at/entry.php?id=10271&&ser=927088" "Mozilla/5.0 (Windows NT 10.0; Win64; x64; rv:132.0) Gecko/20100101 Firefox/132.0"
178.115.42.220 - - [18/Nov/2024:11:53:28 +0100] "GET /entry.php?id=10271&&ser=927148 HTTP/1.1" 200 987 "http://hausegger.activities.at/entry.php?id=10271&&ser=927088" "Mozilla/5.0 (Windows NT 10.0; Win64; x64; rv:132.0) Gecko/20100101 Firefox/132.0"
178.115.42.220 - - [18/Nov/2024:11:53:28 +0100] "GET /gui/javascript/form_form.js?1731927208 HTTP/1.1" 200 16206 "http://hausegger.activities.at/entry.php?id=10271&&ser=927148" "Mozilla/5.0 (Windows NT 10.0; Win64; x64; rv:132.0) Gecko/20100101 Firefox/132.0"
178.115.42.220 - - [18/Nov/2024:11:54:29 +0100] "GET /entry.php?id=10271&&ser=927208 HTTP/1.1" 200 987 "http://hausegger.activities.at/entry.php?id=10271&&ser=927148" "Mozilla/5.0 (Windows NT 10.0; Win64; x64; rv:132.0) Gecko/20100101 Firefox/132.0"
178.115.42.220 - - [18/Nov/2024:11:54:29 +0100] "GET /gui/javascript/form_form.js?1731927269 HTTP/1.1" 200 16206 "http://hausegger.activities.at/entry.php?id=10271&&ser=927208" "Mozilla/5.0 (Windows NT 10.0; Win64; x64; rv:132.0) Gecko/20100101 Firefox/132.0"
178.115.42.220 - - [18/Nov/2024:11:55:29 +0100] "GET /entry.php?id=10271&&ser=927269 HTTP/1.1" 200 987 "http://hausegger.activities.at/entry.php?id=10271&&ser=927208" "Mozilla/5.0 (Windows NT 10.0; Win64; x64; rv:132.0) Gecko/20100101 Firefox/132.0"
178.115.42.220 - - [18/Nov/2024:11:55:29 +0100] "GET /gui/javascript/form_form.js?1731927329 HTTP/1.1" 200 16206 "http://hausegger.activities.at/entry.php?id=10271&&ser=927269" "Mozilla/5.0 (Windows NT 10.0; Win64; x64; rv:132.0) Gecko/20100101 Firefox/132.0"
178.115.42.220 - - [18/Nov/2024:11:56:29 +0100] "GET /entry.php?id=10271&&ser=927329 HTTP/1.1" 200 987 "http://hausegger.activities.at/entry.php?id=10271&&ser=927269" "Mozilla/5.0 (Windows NT 10.0; Win64; x64; rv:132.0) Gecko/20100101 Firefox/132.0"
178.115.42.220 - - [18/Nov/2024:11:56:29 +0100] "GET /gui/javascript/form_form.js?1731927389 HTTP/1.1" 200 16206 "http://hausegger.activities.at/entry.php?id=10271&&ser=927329" "Mozilla/5.0 (Windows NT 10.0; Win64; x64; rv:132.0) Gecko/20100101 Firefox/132.0"
178.115.42.220 - - [18/Nov/2024:11:57:29 +0100] "GET /entry.php?id=10271&&ser=927389 HTTP/1.1" 200 986 "http://hausegger.activities.at/entry.php?id=10271&&ser=927329" "Mozilla/5.0 (Windows NT 10.0; Win64; x64; rv:132.0) Gecko/20100101 Firefox/132.0"
178.115.42.220 - - [18/Nov/2024:11:57:29 +0100] "GET /gui/javascript/form_form.js?1731927449 HTTP/1.1" 200 16206 "http://hausegger.activities.at/entry.php?id=10271&&ser=927389" "Mozilla/5.0 (Windows NT 10.0; Win64; x64; rv:132.0) Gecko/20100101 Firefox/132.0"
178.115.42.220 - - [18/Nov/2024:11:58:30 +0100] "GET /entry.php?id=10271&&ser=927449 HTTP/1.1" 200 987 "http://hausegger.activities.at/entry.php?id=10271&&ser=927389" "Mozilla/5.0 (Windows NT 10.0; Win64; x64; rv:132.0) Gecko/20100101 Firefox/132.0"
178.115.42.220 - - [18/Nov/2024:11:58:30 +0100] "GET /gui/javascript/form_form.js?1731927510 HTTP/1.1" 200 16206 "http://hausegger.activities.at/entry.php?id=10271&&ser=927449" "Mozilla/5.0 (Windows NT 10.0; Win64; x64; rv:132.0) Gecko/20100101 Firefox/132.0"
178.115.42.220 - - [18/Nov/2024:11:59:30 +0100] "GET /entry.php?id=10271&&ser=927510 HTTP/1.1" 200 987 "http://hausegger.activities.at/entry.php?id=10271&&ser=927449" "Mozilla/5.0 (Windows NT 10.0; Win64; x64; rv:132.0) Gecko/20100101 Firefox/132.0"
178.115.42.220 - - [18/Nov/2024:11:59:30 +0100] "GET /gui/javascript/form_form.js?1731927570 HTTP/1.1" 200 16206 "http://hausegger.activities.at/entry.php?id=10271&&ser=927510" "Mozilla/5.0 (Windows NT 10.0; Win64; x64; rv:132.0) Gecko/20100101 Firefox/132.0"
178.115.42.220 - - [18/Nov/2024:12:00:30 +0100] "GET /entry.php?id=10271&&ser=927570 HTTP/1.1" 200 987 "http://hausegger.activities.at/entry.php?id=10271&&ser=927510" "Mozilla/5.0 (Windows NT 10.0; Win64; x64; rv:132.0) Gecko/20100101 Firefox/132.0"
178.115.42.220 - - [18/Nov/2024:12:00:30 +0100] "GET /gui/javascript/form_form.js?1731927630 HTTP/1.1" 200 16206 "http://hausegger.activities.at/entry.php?id=10271&&ser=927570" "Mozilla/5.0 (Windows NT 10.0; Win64; x64; rv:132.0) Gecko/20100101 Firefox/132.0"
178.115.42.220 - - [18/Nov/2024:12:01:30 +0100] "GET /entry.php?id=10271&&ser=927630 HTTP/1.1" 200 987 "http://hausegger.activities.at/entry.php?id=10271&&ser=927570" "Mozilla/5.0 (Windows NT 10.0; Win64; x64; rv:132.0) Gecko/20100101 Firefox/132.0"
178.115.42.220 - - [18/Nov/2024:12:01:31 +0100] "GET /gui/javascript/form_form.js?1731927691 HTTP/1.1" 200 16206 "http://hausegger.activities.at/entry.php?id=10271&&ser=927630" "Mozilla/5.0 (Windows NT 10.0; Win64; x64; rv:132.0) Gecko/20100101 Firefox/132.0"
47.128.33.20 - - [18/Nov/2024:12:02:17 +0100] "GET /robots.txt HTTP/1.1" 404 292 "-" "Mozilla/5.0 (Linux; Android 5.0) AppleWebKit/537.36 (KHTML, like Gecko) Mobile Safari/537.36 (compatible; Bytespider; spider-feedback@bytedance.com)"
178.115.42.220 - - [18/Nov/2024:12:02:31 +0100] "GET /entry.php?id=10271&&ser=927691 HTTP/1.1" 200 987 "http://hausegger.activities.at/entry.php?id=10271&&ser=927630" "Mozilla/5.0 (Windows NT 10.0; Win64; x64; rv:132.0) Gecko/20100101 Firefox/132.0"
178.115.42.220 - - [18/Nov/2024:12:02:31 +0100] "GET /gui/javascript/form_form.js?1731927751 HTTP/1.1" 200 16206 "http://hausegger.activities.at/entry.php?id=10271&&ser=927691" "Mozilla/5.0 (Windows NT 10.0; Win64; x64; rv:132.0) Gecko/20100101 Firefox/132.0"
178.115.42.220 - - [18/Nov/2024:12:03:31 +0100] "GET /entry.php?id=10271&&ser=927751 HTTP/1.1" 200 986 "http://hausegger.activities.at/entry.php?id=10271&&ser=927691" "Mozilla/5.0 (Windows NT 10.0; Win64; x64; rv:132.0) Gecko/20100101 Firefox/132.0"
178.115.42.220 - - [18/Nov/2024:12:03:31 +0100] "GET /gui/javascript/form_form.js?1731927811 HTTP/1.1" 200 16206 "http://hausegger.activities.at/entry.php?id=10271&&ser=927751" "Mozilla/5.0 (Windows NT 10.0; Win64; x64; rv:132.0) Gecko/20100101 Firefox/132.0"
178.115.42.220 - - [18/Nov/2024:12:04:31 +0100] "GET /entry.php?id=10271&&ser=927811 HTTP/1.1" 200 987 "http://hausegger.activities.at/entry.php?id=10271&&ser=927751" "Mozilla/5.0 (Windows NT 10.0; Win64; x64; rv:132.0) Gecko/20100101 Firefox/132.0"
178.115.42.220 - - [18/Nov/2024:12:04:31 +0100] "GET /gui/javascript/form_form.js?1731927871 HTTP/1.1" 200 16206 "http://hausegger.activities.at/entry.php?id=10271&&ser=927811" "Mozilla/5.0 (Windows NT 10.0; Win64; x64; rv:132.0) Gecko/20100101 Firefox/132.0"
178.115.42.220 - - [18/Nov/2024:12:05:32 +0100] "GET /entry.php?id=10271&&ser=927871 HTTP/1.1" 200 987 "http://hausegger.activities.at/entry.php?id=10271&&ser=927811" "Mozilla/5.0 (Windows NT 10.0; Win64; x64; rv:132.0) Gecko/20100101 Firefox/132.0"
178.115.42.220 - - [18/Nov/2024:12:05:32 +0100] "GET /gui/javascript/form_form.js?1731927932 HTTP/1.1" 200 16206 "http://hausegger.activities.at/entry.php?id=10271&&ser=927871" "Mozilla/5.0 (Windows NT 10.0; Win64; x64; rv:132.0) Gecko/20100101 Firefox/132.0"
47.128.49.19 - - [18/Nov/2024:12:06:15 +0100] "GET /robots.txt HTTP/1.1" 404 292 "-" "Mozilla/5.0 (Linux; Android 5.0) AppleWebKit/537.36 (KHTML, like Gecko) Mobile Safari/537.36 (compatible; Bytespider; spider-feedback@bytedance.com)"
178.115.42.220 - - [18/Nov/2024:12:06:32 +0100] "GET /entry.php?id=10271&&ser=927932 HTTP/1.1" 200 987 "http://hausegger.activities.at/entry.php?id=10271&&ser=927871" "Mozilla/5.0 (Windows NT 10.0; Win64; x64; rv:132.0) Gecko/20100101 Firefox/132.0"
178.115.42.220 - - [18/Nov/2024:12:06:32 +0100] "GET /gui/javascript/form_form.js?1731927992 HTTP/1.1" 200 16206 "http://hausegger.activities.at/entry.php?id=10271&&ser=927932" "Mozilla/5.0 (Windows NT 10.0; Win64; x64; rv:132.0) Gecko/20100101 Firefox/132.0"
178.115.42.220 - - [18/Nov/2024:12:07:32 +0100] "GET /entry.php?id=10271&&ser=927992 HTTP/1.1" 200 987 "http://hausegger.activities.at/entry.php?id=10271&&ser=927932" "Mozilla/5.0 (Windows NT 10.0; Win64; x64; rv:132.0) Gecko/20100101 Firefox/132.0"
178.115.42.220 - - [18/Nov/2024:12:07:32 +0100] "GET /gui/javascript/form_form.js?1731928052 HTTP/1.1" 200 16206 "http://hausegger.activities.at/entry.php?id=10271&&ser=927992" "Mozilla/5.0 (Windows NT 10.0; Win64; x64; rv:132.0) Gecko/20100101 Firefox/132.0"
178.115.42.220 - - [18/Nov/2024:12:08:33 +0100] "GET /entry.php?id=10271&&ser=928052 HTTP/1.1" 200 987 "http://hausegger.activities.at/entry.php?id=10271&&ser=927992" "Mozilla/5.0 (Windows NT 10.0; Win64; x64; rv:132.0) Gecko/20100101 Firefox/132.0"
178.115.42.220 - - [18/Nov/2024:12:08:33 +0100] "GET /gui/javascript/form_form.js?1731928113 HTTP/1.1" 200 16206 "http://hausegger.activities.at/entry.php?id=10271&&ser=928052" "Mozilla/5.0 (Windows NT 10.0; Win64; x64; rv:132.0) Gecko/20100101 Firefox/132.0"
178.115.42.220 - - [18/Nov/2024:12:09:33 +0100] "GET /entry.php?id=10271&&ser=928113 HTTP/1.1" 200 986 "http://hausegger.activities.at/entry.php?id=10271&&ser=928052" "Mozilla/5.0 (Windows NT 10.0; Win64; x64; rv:132.0) Gecko/20100101 Firefox/132.0"
178.115.42.220 - - [18/Nov/2024:12:09:33 +0100] "GET /gui/javascript/form_form.js?1731928173 HTTP/1.1" 200 16206 "http://hausegger.activities.at/entry.php?id=10271&&ser=928113" "Mozilla/5.0 (Windows NT 10.0; Win64; x64; rv:132.0) Gecko/20100101 Firefox/132.0"
47.128.62.123 - - [18/Nov/2024:12:10:17 +0100] "GET /robots.txt HTTP/1.1" 404 292 "-" "Mozilla/5.0 (Linux; Android 5.0) AppleWebKit/537.36 (KHTML, like Gecko) Mobile Safari/537.36 (compatible; Bytespider; spider-feedback@bytedance.com)"
178.115.42.220 - - [18/Nov/2024:12:10:33 +0100] "GET /entry.php?id=10271&&ser=928173 HTTP/1.1" 200 987 "http://hausegger.activities.at/entry.php?id=10271&&ser=928113" "Mozilla/5.0 (Windows NT 10.0; Win64; x64; rv:132.0) Gecko/20100101 Firefox/132.0"
178.115.42.220 - - [18/Nov/2024:12:10:33 +0100] "GET /gui/javascript/form_form.js?1731928233 HTTP/1.1" 200 16206 "http://hausegger.activities.at/entry.php?id=10271&&ser=928173" "Mozilla/5.0 (Windows NT 10.0; Win64; x64; rv:132.0) Gecko/20100101 Firefox/132.0"
80.82.77.202 - - [18/Nov/2024:12:10:58 +0100] "GET / HTTP/1.0" 200 423 "-" "Mozilla/5.0 (Windows NT 6.1; WOW64; rv:15.0) Gecko/20120427 Firefox/15.0a1"
156.59.198.136 - - [18/Nov/2024:12:11:32 +0100] "GET /renault.activities.at/htdocs/export/xml/data/orders/202103221603_RenOrder.xml HTTP/1.0" 404 329 "-" "Mozilla/5.0 (Linux; Android 5.0) AppleWebKit/537.36 (KHTML, like Gecko) Mobile Safari/537.36 (compatible; Bytespider; spider-feedback@bytedance.com)"
178.115.42.220 - - [18/Nov/2024:12:11:33 +0100] "GET /entry.php?id=10271&&ser=928233 HTTP/1.1" 200 987 "http://hausegger.activities.at/entry.php?id=10271&&ser=928173" "Mozilla/5.0 (Windows NT 10.0; Win64; x64; rv:132.0) Gecko/20100101 Firefox/132.0"
178.115.42.220 - - [18/Nov/2024:12:11:34 +0100] "GET /gui/javascript/form_form.js?1731928294 HTTP/1.1" 200 16206 "http://hausegger.activities.at/entry.php?id=10271&&ser=928233" "Mozilla/5.0 (Windows NT 10.0; Win64; x64; rv:132.0) Gecko/20100101 Firefox/132.0"
45.33.118.241 - - [18/Nov/2024:12:11:38 +0100] "POST /wsman HTTP/1.1" 404 281 "-" "Mozilla/5.0 (Macintosh; Intel Mac OS X 10_15_7) AppleWebKit/537.36 (KHTML, like Gecko) Chrome/92.0.4515.159 Safari/537.36"
104.200.25.47 - - [18/Nov/2024:12:11:40 +0100] "GET / HTTP/1.1" 200 423 "-" "Mozilla/5.0 (Windows NT 10.0; Win64; x64; rv:109.0) Gecko/20100101 Firefox/109.0"
178.115.42.220 - - [18/Nov/2024:12:12:34 +0100] "GET /entry.php?id=10271&&ser=928294 HTTP/1.1" 200 987 "http://hausegger.activities.at/entry.php?id=10271&&ser=928233" "Mozilla/5.0 (Windows NT 10.0; Win64; x64; rv:132.0) Gecko/20100101 Firefox/132.0"
178.115.42.220 - - [18/Nov/2024:12:12:34 +0100] "GET /gui/javascript/form_form.js?1731928354 HTTP/1.1" 200 16206 "http://hausegger.activities.at/entry.php?id=10271&&ser=928294" "Mozilla/5.0 (Windows NT 10.0; Win64; x64; rv:132.0) Gecko/20100101 Firefox/132.0"
206.189.66.42 - - [18/Nov/2024:12:12:41 +0100] "GET / HTTP/1.1" 200 274 "-" "Mozilla/5.0 (Macintosh; Intel Mac OS X 10_15_7) AppleWebKit/537.36 (KHTML, like Gecko) Chrome/92.0.4515.159 Safari/537.36"
206.189.66.42 - - [18/Nov/2024:12:12:41 +0100] "GET /auth.html HTTP/1.1" 404 282 "-" "Mozilla/5.0 (Macintosh; Intel Mac OS X 10_15_7) AppleWebKit/537.36 (KHTML, like Gecko) Chrome/92.0.4515.159 Safari/537.36"
206.189.66.42 - - [18/Nov/2024:12:12:41 +0100] "GET /sslvpnLogin.html HTTP/1.1" 404 288 "-" "Mozilla/5.0 (Macintosh; Intel Mac OS X 10_15_7) AppleWebKit/537.36 (KHTML, like Gecko) Chrome/92.0.4515.159 Safari/537.36"
206.189.66.42 - - [18/Nov/2024:12:12:41 +0100] "GET /auth1.html HTTP/1.1" 404 283 "-" "Mozilla/5.0 (Macintosh; Intel Mac OS X 10_15_7) AppleWebKit/537.36 (KHTML, like Gecko) Chrome/92.0.4515.159 Safari/537.36"
206.189.66.42 - - [18/Nov/2024:12:12:41 +0100] "GET /api/sonicos/auth HTTP/1.1" 404 287 "-" "Mozilla/5.0 (Macintosh; Intel Mac OS X 10_15_7) AppleWebKit/537.36 (KHTML, like Gecko) Chrome/92.0.4515.159 Safari/537.36"
206.189.66.42 - - [18/Nov/2024:12:12:41 +0100] "GET /api/sonicos/tfa HTTP/1.1" 404 287 "-" "Mozilla/5.0 (Macintosh; Intel Mac OS X 10_15_7) AppleWebKit/537.36 (KHTML, like Gecko) Chrome/92.0.4515.159 Safari/537.36"
178.115.42.220 - - [18/Nov/2024:12:13:34 +0100] "GET /entry.php?id=10271&&ser=928354 HTTP/1.1" 200 987 "http://hausegger.activities.at/entry.php?id=10271&&ser=928294" "Mozilla/5.0 (Windows NT 10.0; Win64; x64; rv:132.0) Gecko/20100101 Firefox/132.0"
178.115.42.220 - - [18/Nov/2024:12:13:34 +0100] "GET /gui/javascript/form_form.js?1731928414 HTTP/1.1" 200 16206 "http://hausegger.activities.at/entry.php?id=10271&&ser=928354" "Mozilla/5.0 (Windows NT 10.0; Win64; x64; rv:132.0) Gecko/20100101 Firefox/132.0"
47.128.56.103 - - [18/Nov/2024:12:14:15 +0100] "GET /robots.txt HTTP/1.1" 404 292 "-" "Mozilla/5.0 (Linux; Android 5.0) AppleWebKit/537.36 (KHTML, like Gecko) Mobile Safari/537.36 (compatible; Bytespider; spider-feedback@bytedance.com)"
157.230.136.84 - - [18/Nov/2024:12:14:31 +0100] "GET / HTTP/1.1" 200 274 "-" "Mozilla/5.0 (Macintosh; Intel Mac OS X 10_15_7) AppleWebKit/537.36 (KHTML, like Gecko) Chrome/92.0.4515.159 Safari/537.36"
178.115.42.220 - - [18/Nov/2024:12:14:34 +0100] "GET /entry.php?id=10271&&ser=928414 HTTP/1.1" 200 987 "http://hausegger.activities.at/entry.php?id=10271&&ser=928354" "Mozilla/5.0 (Windows NT 10.0; Win64; x64; rv:132.0) Gecko/20100101 Firefox/132.0"
178.115.42.220 - - [18/Nov/2024:12:14:34 +0100] "GET /gui/javascript/form_form.js?1731928474 HTTP/1.1" 200 16206 "http://hausegger.activities.at/entry.php?id=10271&&ser=928414" "Mozilla/5.0 (Windows NT 10.0; Win64; x64; rv:132.0) Gecko/20100101 Firefox/132.0"
156.59.198.136 - - [18/Nov/2024:12:15:32 +0100] "GET /renault.activities.at/htdocs/binaries/10661427.pdf HTTP/1.0" 404 311 "-" "Mozilla/5.0 (Linux; Android 5.0) AppleWebKit/537.36 (KHTML, like Gecko) Mobile Safari/537.36 (compatible; Bytespider; spider-feedback@bytedance.com)"
178.115.42.220 - - [18/Nov/2024:12:15:35 +0100] "GET /entry.php?id=10271&&ser=928474 HTTP/1.1" 200 987 "http://hausegger.activities.at/entry.php?id=10271&&ser=928414" "Mozilla/5.0 (Windows NT 10.0; Win64; x64; rv:132.0) Gecko/20100101 Firefox/132.0"
178.115.42.220 - - [18/Nov/2024:12:15:35 +0100] "GET /gui/javascript/form_form.js?1731928535 HTTP/1.1" 200 16206 "http://hausegger.activities.at/entry.php?id=10271&&ser=928474" "Mozilla/5.0 (Windows NT 10.0; Win64; x64; rv:132.0) Gecko/20100101 Firefox/132.0"
178.115.42.220 - - [18/Nov/2024:12:16:35 +0100] "GET /entry.php?id=10271&&ser=928535 HTTP/1.1" 200 987 "http://hausegger.activities.at/entry.php?id=10271&&ser=928474" "Mozilla/5.0 (Windows NT 10.0; Win64; x64; rv:132.0) Gecko/20100101 Firefox/132.0"
178.115.42.220 - - [18/Nov/2024:12:16:35 +0100] "GET /gui/javascript/form_form.js?1731928595 HTTP/1.1" 200 16206 "http://hausegger.activities.at/entry.php?id=10271&&ser=928535" "Mozilla/5.0 (Windows NT 10.0; Win64; x64; rv:132.0) Gecko/20100101 Firefox/132.0"
179.43.191.98 - - [18/Nov/2024:12:17:33 +0100] "GET / HTTP/1.1" 200 274 "-" "Mozilla/5.0 (Windows NT 10.0; Win64; x64) AppleWebKit/537.36 (KHTML, like Gecko) Chrome/90.0.4430.85 Safari/537.36 Edg/90.0.818.46"
178.115.42.220 - - [18/Nov/2024:12:17:35 +0100] "GET /entry.php?id=10271&&ser=928595 HTTP/1.1" 200 987 "http://hausegger.activities.at/entry.php?id=10271&&ser=928535" "Mozilla/5.0 (Windows NT 10.0; Win64; x64; rv:132.0) Gecko/20100101 Firefox/132.0"
178.115.42.220 - - [18/Nov/2024:12:17:35 +0100] "GET /gui/javascript/form_form.js?1731928655 HTTP/1.1" 200 16206 "http://hausegger.activities.at/entry.php?id=10271&&ser=928595" "Mozilla/5.0 (Windows NT 10.0; Win64; x64; rv:132.0) Gecko/20100101 Firefox/132.0"
178.115.42.220 - - [18/Nov/2024:12:18:35 +0100] "GET /entry.php?id=10271&&ser=928655 HTTP/1.1" 200 987 "http://hausegger.activities.at/entry.php?id=10271&&ser=928595" "Mozilla/5.0 (Windows NT 10.0; Win64; x64; rv:132.0) Gecko/20100101 Firefox/132.0"
178.115.42.220 - - [18/Nov/2024:12:18:36 +0100] "GET /gui/javascript/form_form.js?1731928716 HTTP/1.1" 200 16206 "http://hausegger.activities.at/entry.php?id=10271&&ser=928655" "Mozilla/5.0 (Windows NT 10.0; Win64; x64; rv:132.0) Gecko/20100101 Firefox/132.0"
194.50.16.198 - - [18/Nov/2024:12:18:48 +0100] "GET /cgi-bin/index.cgi HTTP/1.1" 404 362 "-" "-"
178.115.42.220 - - [18/Nov/2024:12:19:36 +0100] "GET /entry.php?id=10271&&ser=928716 HTTP/1.1" 200 987 "http://hausegger.activities.at/entry.php?id=10271&&ser=928655" "Mozilla/5.0 (Windows NT 10.0; Win64; x64; rv:132.0) Gecko/20100101 Firefox/132.0"
178.115.42.220 - - [18/Nov/2024:12:19:36 +0100] "GET /gui/javascript/form_form.js?1731928776 HTTP/1.1" 200 16206 "http://hausegger.activities.at/entry.php?id=10271&&ser=928716" "Mozilla/5.0 (Windows NT 10.0; Win64; x64; rv:132.0) Gecko/20100101 Firefox/132.0"
178.115.42.220 - - [18/Nov/2024:12:20:36 +0100] "GET /entry.php?id=10271&&ser=928776 HTTP/1.1" 200 987 "http://hausegger.activities.at/entry.php?id=10271&&ser=928716" "Mozilla/5.0 (Windows NT 10.0; Win64; x64; rv:132.0) Gecko/20100101 Firefox/132.0"
178.115.42.220 - - [18/Nov/2024:12:20:36 +0100] "GET /gui/javascript/form_form.js?1731928836 HTTP/1.1" 200 16206 "http://hausegger.activities.at/entry.php?id=10271&&ser=928776" "Mozilla/5.0 (Windows NT 10.0; Win64; x64; rv:132.0) Gecko/20100101 Firefox/132.0"
178.115.42.220 - - [18/Nov/2024:12:21:36 +0100] "GET /entry.php?id=10271&&ser=928836 HTTP/1.1" 200 987 "http://hausegger.activities.at/entry.php?id=10271&&ser=928776" "Mozilla/5.0 (Windows NT 10.0; Win64; x64; rv:132.0) Gecko/20100101 Firefox/132.0"
178.115.42.220 - - [18/Nov/2024:12:21:36 +0100] "GET /gui/javascript/form_form.js?1731928896 HTTP/1.1" 200 16206 "http://hausegger.activities.at/entry.php?id=10271&&ser=928836" "Mozilla/5.0 (Windows NT 10.0; Win64; x64; rv:132.0) Gecko/20100101 Firefox/132.0"
178.115.42.220 - - [18/Nov/2024:12:22:37 +0100] "GET /entry.php?id=10271&&ser=928896 HTTP/1.1" 200 987 "http://hausegger.activities.at/entry.php?id=10271&&ser=928836" "Mozilla/5.0 (Windows NT 10.0; Win64; x64; rv:132.0) Gecko/20100101 Firefox/132.0"
178.115.42.220 - - [18/Nov/2024:12:22:37 +0100] "GET /gui/javascript/form_form.js?1731928957 HTTP/1.1" 200 16206 "http://hausegger.activities.at/entry.php?id=10271&&ser=928896" "Mozilla/5.0 (Windows NT 10.0; Win64; x64; rv:132.0) Gecko/20100101 Firefox/132.0"
178.115.42.220 - - [18/Nov/2024:12:23:37 +0100] "GET /entry.php?id=10271&&ser=928957 HTTP/1.1" 200 987 "http://hausegger.activities.at/entry.php?id=10271&&ser=928896" "Mozilla/5.0 (Windows NT 10.0; Win64; x64; rv:132.0) Gecko/20100101 Firefox/132.0"
178.115.42.220 - - [18/Nov/2024:12:23:37 +0100] "GET /gui/javascript/form_form.js?1731929017 HTTP/1.1" 200 16206 "http://hausegger.activities.at/entry.php?id=10271&&ser=928957" "Mozilla/5.0 (Windows NT 10.0; Win64; x64; rv:132.0) Gecko/20100101 Firefox/132.0"
156.59.198.135 - - [18/Nov/2024:12:23:58 +0100] "GET /renault.activities.at/htdocs/binaries/10231944.pdf HTTP/1.0" 404 311 "-" "Mozilla/5.0 (Linux; Android 5.0) AppleWebKit/537.36 (KHTML, like Gecko) Mobile Safari/537.36 (compatible; Bytespider; spider-feedback@bytedance.com)"
92.255.57.58 - - [18/Nov/2024:12:24:23 +0100] "GET /?XDEBUG_SESSION_START=phpstorm HTTP/1.1" 200 274 "-" "Mozilla/5.0 (Windows NT 10.0; Win64; x64) AppleWebKit/537.36 (KHTML, like Gecko) Chrome/78.0.3904.108 Safari/537.36"
178.115.42.220 - - [18/Nov/2024:12:24:37 +0100] "GET /entry.php?id=10271&&ser=929017 HTTP/1.1" 200 987 "http://hausegger.activities.at/entry.php?id=10271&&ser=928957" "Mozilla/5.0 (Windows NT 10.0; Win64; x64; rv:132.0) Gecko/20100101 Firefox/132.0"
178.115.42.220 - - [18/Nov/2024:12:24:37 +0100] "GET /gui/javascript/form_form.js?1731929077 HTTP/1.1" 200 16206 "http://hausegger.activities.at/entry.php?id=10271&&ser=929017" "Mozilla/5.0 (Windows NT 10.0; Win64; x64; rv:132.0) Gecko/20100101 Firefox/132.0"
178.115.42.220 - - [18/Nov/2024:12:25:37 +0100] "GET /entry.php?id=10271&&ser=929077 HTTP/1.1" 200 987 "http://hausegger.activities.at/entry.php?id=10271&&ser=929017" "Mozilla/5.0 (Windows NT 10.0; Win64; x64; rv:132.0) Gecko/20100101 Firefox/132.0"
178.115.42.220 - - [18/Nov/2024:12:25:38 +0100] "GET /gui/javascript/form_form.js?1731929137 HTTP/1.1" 200 16206 "http://hausegger.activities.at/entry.php?id=10271&&ser=929077" "Mozilla/5.0 (Windows NT 10.0; Win64; x64; rv:132.0) Gecko/20100101 Firefox/132.0"
159.89.135.187 - - [18/Nov/2024:12:25:40 +0100] "GET / HTTP/1.1" 200 274 "-" "Mozilla/5.0 (Windows NT 10.0; Win64; x64) AppleWebKit/537.36 (KHTML, like Gecko) Chrome/83.0.4103.61 Safari/537.36"
159.89.135.187 - - [18/Nov/2024:12:25:40 +0100] "GET /activities.ico HTTP/1.1" 200 1406 "-" "Mozilla/5.0 (Windows NT 10.0; Win64; x64) AppleWebKit/537.36 (KHTML, like Gecko) Chrome/83.0.4103.61 Safari/537.36"
178.115.42.220 - - [18/Nov/2024:12:26:38 +0100] "GET /entry.php?id=10271&&ser=929137 HTTP/1.1" 200 987 "http://hausegger.activities.at/entry.php?id=10271&&ser=929077" "Mozilla/5.0 (Windows NT 10.0; Win64; x64; rv:132.0) Gecko/20100101 Firefox/132.0"
178.115.42.220 - - [18/Nov/2024:12:26:38 +0100] "GET /gui/javascript/form_form.js?1731929198 HTTP/1.1" 200 16206 "http://hausegger.activities.at/entry.php?id=10271&&ser=929137" "Mozilla/5.0 (Windows NT 10.0; Win64; x64; rv:132.0) Gecko/20100101 Firefox/132.0"
178.115.42.220 - - [18/Nov/2024:12:27:38 +0100] "GET /entry.php?id=10271&&ser=929198 HTTP/1.1" 200 987 "http://hausegger.activities.at/entry.php?id=10271&&ser=929137" "Mozilla/5.0 (Windows NT 10.0; Win64; x64; rv:132.0) Gecko/20100101 Firefox/132.0"
178.115.42.220 - - [18/Nov/2024:12:27:38 +0100] "GET /gui/javascript/form_form.js?1731929258 HTTP/1.1" 200 16206 "http://hausegger.activities.at/entry.php?id=10271&&ser=929198" "Mozilla/5.0 (Windows NT 10.0; Win64; x64; rv:132.0) Gecko/20100101 Firefox/132.0"
178.115.42.220 - - [18/Nov/2024:12:28:38 +0100] "GET /entry.php?id=10271&&ser=929258 HTTP/1.1" 200 987 "http://hausegger.activities.at/entry.php?id=10271&&ser=929198" "Mozilla/5.0 (Windows NT 10.0; Win64; x64; rv:132.0) Gecko/20100101 Firefox/132.0"
178.115.42.220 - - [18/Nov/2024:12:28:38 +0100] "GET /gui/javascript/form_form.js?1731929318 HTTP/1.1" 200 16206 "http://hausegger.activities.at/entry.php?id=10271&&ser=929258" "Mozilla/5.0 (Windows NT 10.0; Win64; x64; rv:132.0) Gecko/20100101 Firefox/132.0"
159.89.135.187 - - [18/Nov/2024:12:29:13 +0100] "GET / HTTP/1.1" 200 274 "-" "Mozilla/5.0 (Windows NT 10.0; Win64; x64) AppleWebKit/537.36 (KHTML, like Gecko) Chrome/83.0.4103.61 Safari/537.36"
159.89.135.187 - - [18/Nov/2024:12:29:13 +0100] "GET /layout.php HTTP/1.1" 200 816 "http://212.69.160.11/" "Mozilla/5.0 (X11; Linux x86_64) AppleWebKit/537.36 (KHTML, like Gecko) HeadlessChrome/130.0.6723.116 Safari/537.36"
159.89.135.187 - - [18/Nov/2024:12:29:14 +0100] "GET /gui/javascript/form_form.js HTTP/1.1" 200 16206 "http://212.69.160.11/layout.php" "Mozilla/5.0 (X11; Linux x86_64) AppleWebKit/537.36 (KHTML, like Gecko) HeadlessChrome/130.0.6723.116 Safari/537.36"
159.89.135.187 - - [18/Nov/2024:12:29:14 +0100] "GET /entry.php?id=10273 HTTP/1.1" 200 1903 "http://212.69.160.11/layout.php" "Mozilla/5.0 (X11; Linux x86_64) AppleWebKit/537.36 (KHTML, like Gecko) HeadlessChrome/130.0.6723.116 Safari/537.36"
159.89.135.187 - - [18/Nov/2024:12:29:14 +0100] "GET /entry.php?id=11412 HTTP/1.1" 200 1760 "http://212.69.160.11/layout.php" "Mozilla/5.0 (X11; Linux x86_64) AppleWebKit/537.36 (KHTML, like Gecko) HeadlessChrome/130.0.6723.116 Safari/537.36"
159.89.135.187 - - [18/Nov/2024:12:29:14 +0100] "GET /entry.php?id=10270 HTTP/1.1" 200 908 "http://212.69.160.11/layout.php" "Mozilla/5.0 (X11; Linux x86_64) AppleWebKit/537.36 (KHTML, like Gecko) HeadlessChrome/130.0.6723.116 Safari/537.36"
159.89.135.187 - - [18/Nov/2024:12:29:14 +0100] "GET /entry.php?id=10272 HTTP/1.1" 200 1159 "http://212.69.160.11/layout.php" "Mozilla/5.0 (X11; Linux x86_64) AppleWebKit/537.36 (KHTML, like Gecko) HeadlessChrome/130.0.6723.116 Safari/537.36"
159.89.135.187 - - [18/Nov/2024:12:29:14 +0100] "GET /gui/javascript/jquery/css/gui-themes/jquery.tooltip.css HTTP/1.1" 200 246 "http://212.69.160.11/entry.php?id=10273" "Mozilla/5.0 (X11; Linux x86_64) AppleWebKit/537.36 (KHTML, like Gecko) HeadlessChrome/130.0.6723.116 Safari/537.36"
159.89.135.187 - - [18/Nov/2024:12:29:14 +0100] "GET /gui/javascript/jquery/css/gui-themes/custom.min.css HTTP/1.1" 200 5618 "http://212.69.160.11/entry.php?id=10273" "Mozilla/5.0 (X11; Linux x86_64) AppleWebKit/537.36 (KHTML, like Gecko) HeadlessChrome/130.0.6723.116 Safari/537.36"
159.89.135.187 - - [18/Nov/2024:12:29:14 +0100] "GET /gui/javascript/jquery/css/gui-themes/ui.spinner.css HTTP/1.1" 200 350 "http://212.69.160.11/entry.php?id=10273" "Mozilla/5.0 (X11; Linux x86_64) AppleWebKit/537.36 (KHTML, like Gecko) HeadlessChrome/130.0.6723.116 Safari/537.36"
159.89.135.187 - - [18/Nov/2024:12:29:15 +0100] "GET /framework/webfx/style/toolbar/cb2.css HTTP/1.1" 200 793 "http://212.69.160.11/entry.php?id=10273" "Mozilla/5.0 (X11; Linux x86_64) AppleWebKit/537.36 (KHTML, like Gecko) HeadlessChrome/130.0.6723.116 Safari/537.36"
159.89.135.187 - - [18/Nov/2024:12:29:15 +0100] "GET /gui/styles/tmplDefault.css HTTP/1.1" 200 2135 "http://212.69.160.11/entry.php?id=11412" "Mozilla/5.0 (X11; Linux x86_64) AppleWebKit/537.36 (KHTML, like Gecko) HeadlessChrome/130.0.6723.116 Safari/537.36"
159.89.135.187 - - [18/Nov/2024:12:29:15 +0100] "GET /gui/javascript/form_form.js?1731929354 HTTP/1.1" 200 16206 "http://212.69.160.11/entry.php?id=10273" "Mozilla/5.0 (X11; Linux x86_64) AppleWebKit/537.36 (KHTML, like Gecko) HeadlessChrome/130.0.6723.116 Safari/537.36"
159.89.135.187 - - [18/Nov/2024:12:29:15 +0100] "GET /gui/javascript/jquery/jquery-tooltip/jquery.tooltip.min.js HTTP/1.1" 200 1982 "http://212.69.160.11/entry.php?id=10273" "Mozilla/5.0 (X11; Linux x86_64) AppleWebKit/537.36 (KHTML, like Gecko) HeadlessChrome/130.0.6723.116 Safari/537.36"
159.89.135.187 - - [18/Nov/2024:12:29:15 +0100] "GET /framework/webfx/javascript/toolbar/ieemu.js HTTP/1.1" 200 2366 "http://212.69.160.11/entry.php?id=10273" "Mozilla/5.0 (X11; Linux x86_64) AppleWebKit/537.36 (KHTML, like Gecko) HeadlessChrome/130.0.6723.116 Safari/537.36"
159.89.135.187 - - [18/Nov/2024:12:29:15 +0100] "GET /framework/webfx/javascript/toolbar/cb2.js HTTP/1.1" 200 1686 "http://212.69.160.11/entry.php?id=10273" "Mozilla/5.0 (X11; Linux x86_64) AppleWebKit/537.36 (KHTML, like Gecko) HeadlessChrome/130.0.6723.116 Safari/537.36"
159.89.135.187 - - [18/Nov/2024:12:29:15 +0100] "GET /gui/javascript/jquery/js/jquery-1.8.2.js HTTP/1.1" 200 35391 "http://212.69.160.11/entry.php?id=10273" "Mozilla/5.0 (X11; Linux x86_64) AppleWebKit/537.36 (KHTML, like Gecko) HeadlessChrome/130.0.6723.116 Safari/537.36"
159.89.135.187 - - [18/Nov/2024:12:29:15 +0100] "GET /framework/webfx/javascript/statusbar/statusBar.js HTTP/1.1" 200 649 "http://212.69.160.11/entry.php?id=10272" "Mozilla/5.0 (X11; Linux x86_64) AppleWebKit/537.36 (KHTML, like Gecko) HeadlessChrome/130.0.6723.116 Safari/537.36"
159.89.135.187 - - [18/Nov/2024:12:29:15 +0100] "GET /gui/images/icons/cancel.gif HTTP/1.1" 200 125 "http://212.69.160.11/entry.php?id=11412" "Mozilla/5.0 (X11; Linux x86_64) AppleWebKit/537.36 (KHTML, like Gecko) HeadlessChrome/130.0.6723.116 Safari/537.36"
159.89.135.187 - - [18/Nov/2024:12:29:15 +0100] "GET /gui/javascript/jquery/js/jquery-ui-1.9.0.custom.min.js HTTP/1.1" 200 51286 "http://212.69.160.11/entry.php?id=10273" "Mozilla/5.0 (X11; Linux x86_64) AppleWebKit/537.36 (KHTML, like Gecko) HeadlessChrome/130.0.6723.116 Safari/537.36"
159.89.135.187 - - [18/Nov/2024:12:29:15 +0100] "GET /gui/images/icons/Logo_activites_RGB.gif HTTP/1.1" 200 1336 "http://212.69.160.11/entry.php?id=10273" "Mozilla/5.0 (X11; Linux x86_64) AppleWebKit/537.36 (KHTML, like Gecko) HeadlessChrome/130.0.6723.116 Safari/537.36"
159.89.135.187 - - [18/Nov/2024:12:29:16 +0100] "GET /gui/images/emptybar.gif HTTP/1.1" 200 89 "http://212.69.160.11/entry.php?id=10272" "Mozilla/5.0 (X11; Linux x86_64) AppleWebKit/537.36 (KHTML, like Gecko) HeadlessChrome/130.0.6723.116 Safari/537.36"
159.89.135.187 - - [18/Nov/2024:12:29:16 +0100] "GET /entry.php?id=10287 HTTP/1.1" 200 2386 "http://212.69.160.11/entry.php?id=11412" "Mozilla/5.0 (X11; Linux x86_64) AppleWebKit/537.36 (KHTML, like Gecko) HeadlessChrome/130.0.6723.116 Safari/537.36"
159.89.135.187 - - [18/Nov/2024:12:29:16 +0100] "GET /entry.php?id=10271& HTTP/1.1" 200 934 "http://212.69.160.11/entry.php?id=10272" "Mozilla/5.0 (X11; Linux x86_64) AppleWebKit/537.36 (KHTML, like Gecko) HeadlessChrome/130.0.6723.116 Safari/537.36"
159.89.135.187 - - [18/Nov/2024:12:29:16 +0100] "GET /gui/javascript/form_form.js?1731929356 HTTP/1.1" 200 16206 "http://212.69.160.11/entry.php?id=10287" "Mozilla/5.0 (X11; Linux x86_64) AppleWebKit/537.36 (KHTML, like Gecko) HeadlessChrome/130.0.6723.116 Safari/537.36"
159.89.135.187 - - [18/Nov/2024:12:29:17 +0100] "GET /entry.php?id=10270& HTTP/1.1" 200 908 "http://212.69.160.11/entry.php?id=10287" "Mozilla/5.0 (X11; Linux x86_64) AppleWebKit/537.36 (KHTML, like Gecko) HeadlessChrome/130.0.6723.116 Safari/537.36"
159.89.135.187 - - [18/Nov/2024:12:29:17 +0100] "GET /entry.php?id=10273& HTTP/1.1" 200 1903 "http://212.69.160.11/entry.php?id=10287" "Mozilla/5.0 (X11; Linux x86_64) AppleWebKit/537.36 (KHTML, like Gecko) HeadlessChrome/130.0.6723.116 Safari/537.36"
159.89.135.187 - - [18/Nov/2024:12:29:18 +0100] "GET /gui/javascript/form_form.js?1731929358 HTTP/1.1" 200 16206 "http://212.69.160.11/entry.php?id=10270&" "Mozilla/5.0 (X11; Linux x86_64) AppleWebKit/537.36 (KHTML, like Gecko) HeadlessChrome/130.0.6723.116 Safari/537.36"
178.115.42.220 - - [18/Nov/2024:12:29:38 +0100] "GET /entry.php?id=10271&&ser=929318 HTTP/1.1" 200 987 "http://hausegger.activities.at/entry.php?id=10271&&ser=929258" "Mozilla/5.0 (Windows NT 10.0; Win64; x64; rv:132.0) Gecko/20100101 Firefox/132.0"
178.115.42.220 - - [18/Nov/2024:12:29:39 +0100] "GET /gui/javascript/form_form.js?1731929378 HTTP/1.1" 200 16206 "http://hausegger.activities.at/entry.php?id=10271&&ser=929318" "Mozilla/5.0 (Windows NT 10.0; Win64; x64; rv:132.0) Gecko/20100101 Firefox/132.0"
178.115.42.220 - - [18/Nov/2024:12:30:39 +0100] "GET /entry.php?id=10271&&ser=929378 HTTP/1.1" 200 987 "http://hausegger.activities.at/entry.php?id=10271&&ser=929318" "Mozilla/5.0 (Windows NT 10.0; Win64; x64; rv:132.0) Gecko/20100101 Firefox/132.0"
178.115.42.220 - - [18/Nov/2024:12:30:39 +0100] "GET /gui/javascript/form_form.js?1731929439 HTTP/1.1" 200 16206 "http://hausegger.activities.at/entry.php?id=10271&&ser=929378" "Mozilla/5.0 (Windows NT 10.0; Win64; x64; rv:132.0) Gecko/20100101 Firefox/132.0"
