87.120.113.56 - - [20/Nov/2024:22:09:21 +0100] "GET /.env HTTP/1.1" 404 280 "-" "Mozilla/5.0 (Macintosh; Intel Mac OS X 10_13_3) AppleWebKit/537.36 (KHTML, like Gecko) Chrome/75.0.3770.142 Safari/537.36"
37.113.52.224 - - [20/Nov/2024:22:11:46 +0100] "GET / HTTP/1.0" 200 423 "-" "Mozilla/5.0 (Windows NT 6.3; Win64; x64) AppleWebKit/537.36 (KHTML, like Gecko) Chrome/75.0.3770.100 Safari/537.36"
156.59.198.135 - - [20/Nov/2024:22:13:09 +0100] "GET /renault.activities.at/htdocs/pinEdit/editor/help/userhelp-Dateien/image123.jpg HTTP/1.0" 404 328 "-" "Mozilla/5.0 (Linux; Android 5.0) AppleWebKit/537.36 (KHTML, like Gecko) Mobile Safari/537.36 (compatible; Bytespider; spider-feedback@bytedance.com)"
59.126.188.50 - - [20/Nov/2024:22:16:50 +0100] "GET / HTTP/1.0" 200 423 "-" "Mozilla/5.0 (Linux; U; Android 4.0.3; ko-kr; LG-L160L Build/IML74K) AppleWebkit/534.30 (KHTML, like Gecko) Version/4.0 Mobile Safari/534.30"
59.126.188.50 - - [20/Nov/2024:22:16:51 +0100] "GET / HTTP/1.0" 200 423 "-" "Mozilla/5.0 (Linux; U; Android 4.0.3; ko-kr; LG-L160L Build/IML74K) AppleWebkit/534.30 (KHTML, like Gecko) Version/4.0 Mobile Safari/534.30"
59.126.188.50 - - [20/Nov/2024:22:16:53 +0100] "GET / HTTP/1.0" 200 423 "-" "Mozilla/5.0 (Linux; U; Android 4.0.3; ko-kr; LG-L160L Build/IML74K) AppleWebkit/534.30 (KHTML, like Gecko) Version/4.0 Mobile Safari/534.30"
156.59.198.135 - - [20/Nov/2024:22:17:09 +0100] "GET /renault.activities.at/htdocs/export/xml/data/orders/202111061003_RenOrder.xml HTTP/1.0" 404 328 "-" "Mozilla/5.0 (Linux; Android 5.0) AppleWebKit/537.36 (KHTML, like Gecko) Mobile Safari/537.36 (compatible; Bytespider; spider-feedback@bytedance.com)"
52.187.207.75 - - [20/Nov/2024:22:17:10 +0100] "HEAD /wordpress HTTP/1.1" 404 - "-" "Mozilla/5.0 (Windows NT 10.0; Win64; x64) AppleWebKit/537.36 (KHTML, like Gecko) Chrome/74.0.3729.169 Safari/537.36"
52.187.207.75 - - [20/Nov/2024:22:17:10 +0100] "HEAD / HTTP/1.1" 200 - "-" "Mozilla/5.0 (Windows NT 10.0; Win64; x64) AppleWebKit/537.36 (KHTML, like Gecko) Chrome/74.0.3729.169 Safari/537.36"
52.187.207.75 - - [20/Nov/2024:22:17:11 +0100] "HEAD /wp HTTP/1.1" 404 - "-" "Mozilla/5.0 (Windows NT 10.0; Win64; x64) AppleWebKit/537.36 (KHTML, like Gecko) Chrome/74.0.3729.169 Safari/537.36"
52.187.207.75 - - [20/Nov/2024:22:17:11 +0100] "HEAD /bc HTTP/1.1" 404 - "-" "Mozilla/5.0 (Windows NT 10.0; Win64; x64) AppleWebKit/537.36 (KHTML, like Gecko) Chrome/74.0.3729.169 Safari/537.36"
52.187.207.75 - - [20/Nov/2024:22:17:12 +0100] "HEAD /bk HTTP/1.1" 404 - "-" "Mozilla/5.0 (Windows NT 10.0; Win64; x64) AppleWebKit/537.36 (KHTML, like Gecko) Chrome/74.0.3729.169 Safari/537.36"
52.187.207.75 - - [20/Nov/2024:22:17:12 +0100] "HEAD /backup HTTP/1.1" 404 - "-" "Mozilla/5.0 (Windows NT 10.0; Win64; x64) AppleWebKit/537.36 (KHTML, like Gecko) Chrome/74.0.3729.169 Safari/537.36"
52.187.207.75 - - [20/Nov/2024:22:17:13 +0100] "HEAD /old HTTP/1.1" 404 - "-" "Mozilla/5.0 (Windows NT 10.0; Win64; x64) AppleWebKit/537.36 (KHTML, like Gecko) Chrome/74.0.3729.169 Safari/537.36"
52.187.207.75 - - [20/Nov/2024:22:17:13 +0100] "HEAD /new HTTP/1.1" 404 - "-" "Mozilla/5.0 (Windows NT 10.0; Win64; x64) AppleWebKit/537.36 (KHTML, like Gecko) Chrome/74.0.3729.169 Safari/537.36"
52.187.207.75 - - [20/Nov/2024:22:17:14 +0100] "HEAD /main HTTP/1.1" 404 - "-" "Mozilla/5.0 (Windows NT 10.0; Win64; x64) AppleWebKit/537.36 (KHTML, like Gecko) Chrome/74.0.3729.169 Safari/537.36"
52.187.207.75 - - [20/Nov/2024:22:17:14 +0100] "HEAD /home HTTP/1.1" 404 - "-" "Mozilla/5.0 (Windows NT 10.0; Win64; x64) AppleWebKit/537.36 (KHTML, like Gecko) Chrome/74.0.3729.169 Safari/537.36"
156.59.198.135 - - [20/Nov/2024:22:21:10 +0100] "GET /renault.activities.at/htdocs/export/xml/data/orders/202003091803_RenOrder.xml HTTP/1.0" 404 329 "-" "Mozilla/5.0 (Linux; Android 5.0) AppleWebKit/537.36 (KHTML, like Gecko) Mobile Safari/537.36 (compatible; Bytespider; spider-feedback@bytedance.com)"
167.94.146.57 - - [20/Nov/2024:22:21:34 +0100] "GET / HTTP/1.1" 200 423 "-" "-"
167.94.146.57 - - [20/Nov/2024:22:21:38 +0100] "GET / HTTP/1.1" 200 274 "-" "Mozilla/5.0 (compatible; CensysInspect/1.1; +https://about.censys.io/)"
167.94.146.57 - - [20/Nov/2024:22:21:38 +0100] "GET /activities.ico HTTP/1.1" 200 1406 "-" "Mozilla/5.0 (compatible; CensysInspect/1.1; +https://about.censys.io/)"
167.94.146.57 - - [20/Nov/2024:22:21:38 +0100] "GET /favicon.ico HTTP/1.1" 404 284 "-" "Mozilla/5.0 (compatible; CensysInspect/1.1; +https://about.censys.io/)"
167.94.146.57 - - [20/Nov/2024:22:21:38 +0100] "PRI * HTTP/2.0" 400 383 "-" "-"
156.59.198.135 - - [20/Nov/2024:22:25:10 +0100] "GET /renault.activities.at/htdocs/export/pdf/emuc_document/12381516.pdf HTTP/1.0" 404 322 "-" "Mozilla/5.0 (Linux; Android 5.0) AppleWebKit/537.36 (KHTML, like Gecko) Mobile Safari/537.36 (compatible; Bytespider; spider-feedback@bytedance.com)"
156.59.198.135 - - [20/Nov/2024:22:29:10 +0100] "GET /renault.activities.at/htdocs/log/cron/shipp_Export_Data_3114765.txt HTTP/1.0" 404 325 "-" "Mozilla/5.0 (Linux; Android 5.0) AppleWebKit/537.36 (KHTML, like Gecko) Mobile Safari/537.36 (compatible; Bytespider; spider-feedback@bytedance.com)"
156.59.198.135 - - [20/Nov/2024:22:33:10 +0100] "GET /renault.activities.at/htdocs/pinEdit/editor/help/userhelp-Dateien/image085.jpg HTTP/1.0" 404 328 "-" "Mozilla/5.0 (Linux; Android 5.0) AppleWebKit/537.36 (KHTML, like Gecko) Mobile Safari/537.36 (compatible; Bytespider; spider-feedback@bytedance.com)"
1.34.76.241 - - [20/Nov/2024:22:33:14 +0100] "GET / HTTP/1.0" 200 423 "-" "Mozilla/5.0 (Linux; U; Android 4.0.3; ko-kr; LG-L160L Build/IML74K) AppleWebkit/534.30 (KHTML, like Gecko) Version/4.0 Mobile Safari/534.30"
156.59.198.136 - - [20/Nov/2024:22:37:10 +0100] "GET /renault.2web.at/htdocs/binaries/10319304.pdf HTTP/1.0" 404 308 "-" "Mozilla/5.0 (Linux; Android 5.0) AppleWebKit/537.36 (KHTML, like Gecko) Mobile Safari/537.36 (compatible; Bytespider; spider-feedback@bytedance.com)"
156.59.198.136 - - [20/Nov/2024:22:41:11 +0100] "GET /renault.activities.at/htdocs/log/cron/exportXML_3115395.txt HTTP/1.0" 404 320 "-" "Mozilla/5.0 (Linux; Android 5.0) AppleWebKit/537.36 (KHTML, like Gecko) Mobile Safari/537.36 (compatible; Bytespider; spider-feedback@bytedance.com)"
156.59.198.136 - - [20/Nov/2024:22:45:10 +0100] "GET /hausegger.activities.at/stats/lang/tooltips_f/awstats-tt-is.txt HTTP/1.0" 404 318 "-" "Mozilla/5.0 (Linux; Android 5.0) AppleWebKit/537.36 (KHTML, like Gecko) Mobile Safari/537.36 (compatible; Bytespider; spider-feedback@bytedance.com)"
95.214.53.205 - - [20/Nov/2024:22:46:45 +0100] "GET / HTTP/1.1" 200 423 "-" "-"
156.59.198.135 - - [20/Nov/2024:22:49:11 +0100] "GET /renault.activities.at/htdocs/export/xml/data/orders/201910151303_RenOrder.xml HTTP/1.0" 404 329 "-" "Mozilla/5.0 (Linux; Android 5.0) AppleWebKit/537.36 (KHTML, like Gecko) Mobile Safari/537.36 (compatible; Bytespider; spider-feedback@bytedance.com)"
156.59.198.135 - - [20/Nov/2024:22:53:11 +0100] "GET /renault.activities.at/htdocs/log/cron/system_mail_3115995.txt HTTP/1.0" 404 320 "-" "Mozilla/5.0 (Linux; Android 5.0) AppleWebKit/537.36 (KHTML, like Gecko) Mobile Safari/537.36 (compatible; Bytespider; spider-feedback@bytedance.com)"
95.214.53.91 - - [20/Nov/2024:22:54:34 +0100] "GET / HTTP/1.1" 200 274 "-" "Mozilla/5.0 (Windows NT 10.0; Win64; x64) AppleWebKit/537.36 (KHTML, like Gecko) Chrome/90.0.4430.85 Safari/537.36 Edg/90.0.818.46"
37.113.52.224 - - [20/Nov/2024:22:55:55 +0100] "GET / HTTP/1.0" 200 423 "-" "Mozilla/5.0 (Windows NT 6.3; Win64; x64) AppleWebKit/537.36 (KHTML, like Gecko) Chrome/75.0.3770.100 Safari/537.36"
156.59.198.136 - - [20/Nov/2024:22:57:11 +0100] "GET /renault.activities.at/htdocs/log/cron/system_mail_3116499.txt HTTP/1.0" 404 321 "-" "Mozilla/5.0 (Linux; Android 5.0) AppleWebKit/537.36 (KHTML, like Gecko) Mobile Safari/537.36 (compatible; Bytespider; spider-feedback@bytedance.com)"
156.59.198.136 - - [20/Nov/2024:23:01:11 +0100] "GET /renault.activities.at/htdocs/export/pdf/emuc_document/12022557.pdf HTTP/1.0" 404 322 "-" "Mozilla/5.0 (Linux; Android 5.0) AppleWebKit/537.36 (KHTML, like Gecko) Mobile Safari/537.36 (compatible; Bytespider; spider-feedback@bytedance.com)"
156.59.198.136 - - [20/Nov/2024:23:05:11 +0100] "GET /default/cgi-bin/lang/tooltips_m/awstats-tt-fr.txt HTTP/1.0" 404 311 "-" "Mozilla/5.0 (Linux; Android 5.0) AppleWebKit/537.36 (KHTML, like Gecko) Mobile Safari/537.36 (compatible; Bytespider; spider-feedback@bytedance.com)"
156.59.198.135 - - [20/Nov/2024:23:09:11 +0100] "GET /renault.activities.at/htdocs/export/pdf/emuc_document/11321002.pdf HTTP/1.0" 404 322 "-" "Mozilla/5.0 (Linux; Android 5.0) AppleWebKit/537.36 (KHTML, like Gecko) Mobile Safari/537.36 (compatible; Bytespider; spider-feedback@bytedance.com)"
156.59.198.136 - - [20/Nov/2024:23:13:11 +0100] "GET /renault.activities.at/htdocs/export/pdf/emuc_document/12135439.pdf HTTP/1.0" 404 322 "-" "Mozilla/5.0 (Linux; Android 5.0) AppleWebKit/537.36 (KHTML, like Gecko) Mobile Safari/537.36 (compatible; Bytespider; spider-feedback@bytedance.com)"
156.59.198.135 - - [20/Nov/2024:23:17:11 +0100] "GET /default/cgi-bin/lang/awstats-gl.txt HTTP/1.0" 404 303 "-" "Mozilla/5.0 (Linux; Android 5.0) AppleWebKit/537.36 (KHTML, like Gecko) Mobile Safari/537.36 (compatible; Bytespider; spider-feedback@bytedance.com)"
46.19.138.234 - - [20/Nov/2024:23:20:06 +0100] "GET / HTTP/1.1" 200 274 "-" "Mozilla/5.0 (Windows NT 10.0; Win64; x64) AppleWebKit/537.36 (KHTML, like Gecko) Chrome/90.0.4430.85 Safari/537.36 Edg/90.0.818.46"
156.59.198.135 - - [20/Nov/2024:23:21:11 +0100] "GET /renault.activities.at/htdocs/export/pdf/emuc_document/11358784.pdf HTTP/1.0" 404 322 "-" "Mozilla/5.0 (Linux; Android 5.0) AppleWebKit/537.36 (KHTML, like Gecko) Mobile Safari/537.36 (compatible; Bytespider; spider-feedback@bytedance.com)"
156.59.198.135 - - [20/Nov/2024:23:25:11 +0100] "GET /renault.activities.at/htdocs/export/pdf/emuc_document/12205398.pdf HTTP/1.0" 404 322 "-" "Mozilla/5.0 (Linux; Android 5.0) AppleWebKit/537.36 (KHTML, like Gecko) Mobile Safari/537.36 (compatible; Bytespider; spider-feedback@bytedance.com)"
156.59.198.135 - - [20/Nov/2024:23:29:12 +0100] "GET /renault.activities.at/htdocs/export/xml/data/orders/202006221503_RenOrder.xml HTTP/1.0" 404 329 "-" "Mozilla/5.0 (Linux; Android 5.0) AppleWebKit/537.36 (KHTML, like Gecko) Mobile Safari/537.36 (compatible; Bytespider; spider-feedback@bytedance.com)"
156.59.198.135 - - [20/Nov/2024:23:33:12 +0100] "GET /renault.activities.at/htdocs/log/cron/reminder_mailing_3115379.txt HTTP/1.0" 404 323 "-" "Mozilla/5.0 (Linux; Android 5.0) AppleWebKit/537.36 (KHTML, like Gecko) Mobile Safari/537.36 (compatible; Bytespider; spider-feedback@bytedance.com)"
185.191.126.248 - - [20/Nov/2024:23:35:51 +0100] "GET / HTTP/1.1" 200 423 "-" "-"
156.59.198.136 - - [20/Nov/2024:23:37:12 +0100] "GET /renault.activities.at/htdocs/export/pdf/emuc_document/12291752.pdf HTTP/1.0" 404 322 "-" "Mozilla/5.0 (Linux; Android 5.0) AppleWebKit/537.36 (KHTML, like Gecko) Mobile Safari/537.36 (compatible; Bytespider; spider-feedback@bytedance.com)"
156.59.198.135 - - [20/Nov/2024:23:41:12 +0100] "GET /renault.activities.at/htdocs/log/cron/reminder_mailing_3116299.txt HTTP/1.0" 404 323 "-" "Mozilla/5.0 (Linux; Android 5.0) AppleWebKit/537.36 (KHTML, like Gecko) Mobile Safari/537.36 (compatible; Bytespider; spider-feedback@bytedance.com)"
156.59.198.135 - - [20/Nov/2024:23:45:12 +0100] "GET /renault.activities.at/htdocs/export/pdf/emuc_document/12001034.pdf HTTP/1.0" 404 322 "-" "Mozilla/5.0 (Linux; Android 5.0) AppleWebKit/537.36 (KHTML, like Gecko) Mobile Safari/537.36 (compatible; Bytespider; spider-feedback@bytedance.com)"
156.59.198.135 - - [20/Nov/2024:23:49:12 +0100] "GET /renault.activities.at/htdocs/export/pdf/emuc_document/10777685.pdf HTTP/1.0" 404 322 "-" "Mozilla/5.0 (Linux; Android 5.0) AppleWebKit/537.36 (KHTML, like Gecko) Mobile Safari/537.36 (compatible; Bytespider; spider-feedback@bytedance.com)"
194.50.16.198 - - [20/Nov/2024:23:50:05 +0100] "GET /login.asp HTTP/1.1" 404 354 "-" "-"
156.59.198.136 - - [20/Nov/2024:23:53:13 +0100] "GET /renault.activities.at/htdocs/pinEdit/editor/help/userhelp-Dateien/image083.jpg HTTP/1.0" 404 328 "-" "Mozilla/5.0 (Linux; Android 5.0) AppleWebKit/537.36 (KHTML, like Gecko) Mobile Safari/537.36 (compatible; Bytespider; spider-feedback@bytedance.com)"
156.59.198.136 - - [20/Nov/2024:23:57:13 +0100] "GET /renault.activities.at/htdocs/log/cron/system_mail_3115537.txt HTTP/1.0" 404 321 "-" "Mozilla/5.0 (Linux; Android 5.0) AppleWebKit/537.36 (KHTML, like Gecko) Mobile Safari/537.36 (compatible; Bytespider; spider-feedback@bytedance.com)"
125.228.45.216 - - [20/Nov/2024:23:58:08 +0100] "GET / HTTP/1.0" 200 423 "-" "Mozilla/5.0 (Linux; U; Android 4.0.3; ko-kr; LG-L160L Build/IML74K) AppleWebkit/534.30 (KHTML, like Gecko) Version/4.0 Mobile Safari/534.30"
156.59.198.135 - - [21/Nov/2024:00:01:13 +0100] "GET /renault.activities.at/htdocs/export/pdf/emuc_document/10770092.pdf HTTP/1.0" 404 322 "-" "Mozilla/5.0 (Linux; Android 5.0) AppleWebKit/537.36 (KHTML, like Gecko) Mobile Safari/537.36 (compatible; Bytespider; spider-feedback@bytedance.com)"
156.59.198.135 - - [21/Nov/2024:00:05:13 +0100] "GET /renault.activities.at/htdocs/export/pdf/emuc_document/11606560.pdf HTTP/1.0" 404 321 "-" "Mozilla/5.0 (Linux; Android 5.0) AppleWebKit/537.36 (KHTML, like Gecko) Mobile Safari/537.36 (compatible; Bytespider; spider-feedback@bytedance.com)"
95.214.53.205 - - [21/Nov/2024:00:07:07 +0100] "GET / HTTP/1.1" 200 423 "-" "-"
156.59.198.135 - - [21/Nov/2024:00:09:13 +0100] "GET /renault.activities.at/htdocs/export/pdf/emuc_document/10748560.pdf HTTP/1.0" 404 322 "-" "Mozilla/5.0 (Linux; Android 5.0) AppleWebKit/537.36 (KHTML, like Gecko) Mobile Safari/537.36 (compatible; Bytespider; spider-feedback@bytedance.com)"
156.59.198.135 - - [21/Nov/2024:00:13:14 +0100] "GET /renault.activities.at/htdocs/export/pdf/emuc_document/10963707.pdf HTTP/1.0" 404 323 "-" "Mozilla/5.0 (Linux; Android 5.0) AppleWebKit/537.36 (KHTML, like Gecko) Mobile Safari/537.36 (compatible; Bytespider; spider-feedback@bytedance.com)"
59.126.97.103 - - [21/Nov/2024:00:16:08 +0100] "GET / HTTP/1.0" 200 423 "-" "Mozilla/5.0 (Linux; U; Android 4.0.3; ko-kr; LG-L160L Build/IML74K) AppleWebkit/534.30 (KHTML, like Gecko) Version/4.0 Mobile Safari/534.30"
156.59.198.135 - - [21/Nov/2024:00:17:14 +0100] "GET /renault.activities.at/htdocs/log/cron/system_mail_3114818.txt HTTP/1.0" 404 320 "-" "Mozilla/5.0 (Linux; Android 5.0) AppleWebKit/537.36 (KHTML, like Gecko) Mobile Safari/537.36 (compatible; Bytespider; spider-feedback@bytedance.com)"
156.59.198.136 - - [21/Nov/2024:00:21:14 +0100] "GET /renault.activities.at/htdocs/log/cron/exportXML_3114708.txt HTTP/1.0" 404 320 "-" "Mozilla/5.0 (Linux; Android 5.0) AppleWebKit/537.36 (KHTML, like Gecko) Mobile Safari/537.36 (compatible; Bytespider; spider-feedback@bytedance.com)"
156.59.198.136 - - [21/Nov/2024:00:25:14 +0100] "GET /renault.activities.at/htdocs/log/cron/exportXML_3115717.txt HTTP/1.0" 404 320 "-" "Mozilla/5.0 (Linux; Android 5.0) AppleWebKit/537.36 (KHTML, like Gecko) Mobile Safari/537.36 (compatible; Bytespider; spider-feedback@bytedance.com)"
156.59.198.135 - - [21/Nov/2024:00:29:14 +0100] "GET /renault.activities.at/htdocs/log/cron/system_mail_3115989.txt HTTP/1.0" 404 320 "-" "Mozilla/5.0 (Linux; Android 5.0) AppleWebKit/537.36 (KHTML, like Gecko) Mobile Safari/537.36 (compatible; Bytespider; spider-feedback@bytedance.com)"
183.6.24.131 - - [21/Nov/2024:00:30:34 +0100] "POST /cgi-bin/.%2e/.%2e/.%2e/.%2e/.%2e/.%2e/.%2e/.%2e/.%2e/.%2e/bin/sh HTTP/1.1" 400 373 "-" "Custom-AsyncHttpClient"
183.6.24.131 - - [21/Nov/2024:00:30:34 +0100] "POST /cgi-bin/%%32%65%%32%65/%%32%65%%32%65/%%32%65%%32%65/%%32%65%%32%65/%%32%65%%32%65/%%32%65%%32%65/%%32%65%%32%65/bin/sh HTTP/1.1" 400 373 "-" "Custom-AsyncHttpClient"
183.6.24.131 - - [21/Nov/2024:00:30:36 +0100] "POST /hello.world?%ADd+allow_url_include%3d1+%ADd+auto_prepend_file%3dphp://input HTTP/1.1" 404 356 "-" "Custom-AsyncHttpClient"
183.6.24.131 - - [21/Nov/2024:00:30:36 +0100] "GET /vendor/phpunit/phpunit/src/Util/PHP/eval-stdin.php HTTP/1.1" 404 395 "-" "Custom-AsyncHttpClient"
183.6.24.131 - - [21/Nov/2024:00:30:37 +0100] "GET /vendor/phpunit/phpunit/Util/PHP/eval-stdin.php HTTP/1.1" 404 391 "-" "Custom-AsyncHttpClient"
183.6.24.131 - - [21/Nov/2024:00:30:38 +0100] "GET /vendor/phpunit/src/Util/PHP/eval-stdin.php HTTP/1.1" 404 387 "-" "Custom-AsyncHttpClient"
183.6.24.131 - - [21/Nov/2024:00:30:38 +0100] "GET /vendor/phpunit/Util/PHP/eval-stdin.php HTTP/1.1" 404 383 "-" "Custom-AsyncHttpClient"
183.6.24.131 - - [21/Nov/2024:00:30:39 +0100] "GET /vendor/phpunit/phpunit/LICENSE/eval-stdin.php HTTP/1.1" 404 390 "-" "Custom-AsyncHttpClient"
47.237.115.100 - - [21/Nov/2024:00:33:12 +0100] "\x16\x03\x01" 400 383 "-" "-"
156.59.198.135 - - [21/Nov/2024:00:33:15 +0100] "GET /renault.2web.at/htdocs/binaries/10167920.pdf HTTP/1.0" 404 308 "-" "Mozilla/5.0 (Linux; Android 5.0) AppleWebKit/537.36 (KHTML, like Gecko) Mobile Safari/537.36 (compatible; Bytespider; spider-feedback@bytedance.com)"
37.113.52.224 - - [21/Nov/2024:00:35:30 +0100] "GET / HTTP/1.0" 200 423 "http://coffeenostra.castlegem.co.uk/" "Mozilla/5.0 (Windows NT 6.2; Win64; x64) AppleWebKit/537.36 (KHTML, like Gecko) Chrome/103.0.0.0 Safari/537.36"
156.59.198.135 - - [21/Nov/2024:00:37:15 +0100] "GET /renault.activities.at/htdocs/export/xml/data/orders/201911251103_RenOrder.xml HTTP/1.0" 404 328 "-" "Mozilla/5.0 (Linux; Android 5.0) AppleWebKit/537.36 (KHTML, like Gecko) Mobile Safari/537.36 (compatible; Bytespider; spider-feedback@bytedance.com)"
156.59.198.135 - - [21/Nov/2024:00:41:15 +0100] "GET /renault.activities.at/htdocs/export/pdf/emuc_document/11312050.pdf HTTP/1.0" 404 321 "-" "Mozilla/5.0 (Linux; Android 5.0) AppleWebKit/537.36 (KHTML, like Gecko) Mobile Safari/537.36 (compatible; Bytespider; spider-feedback@bytedance.com)"
154.213.184.23 - - [21/Nov/2024:00:42:57 +0100] "CONNECT web.realsysadm.in:443 HTTP/1.1" 200 423 "-" "Go-http-client/1.1"
156.59.198.135 - - [21/Nov/2024:00:45:15 +0100] "GET /renault.activities.at/htdocs/export/xml/data/orders/202111031603_RenOrder.xml HTTP/1.0" 404 329 "-" "Mozilla/5.0 (Linux; Android 5.0) AppleWebKit/537.36 (KHTML, like Gecko) Mobile Safari/537.36 (compatible; Bytespider; spider-feedback@bytedance.com)"
185.242.226.10 - - [21/Nov/2024:00:48:31 +0100] "GET /activities.ico HTTP/1.1" 200 1406 "-" "python-requests/2.26.0"
185.242.226.10 - - [21/Nov/2024:00:48:31 +0100] "GET / HTTP/1.1" 200 274 "-" "python-requests/2.26.0"
156.59.198.135 - - [21/Nov/2024:00:49:15 +0100] "GET /renault.activities.at/htdocs/log/cron/system_mail_3115576.txt HTTP/1.0" 404 321 "-" "Mozilla/5.0 (Linux; Android 5.0) AppleWebKit/537.36 (KHTML, like Gecko) Mobile Safari/537.36 (compatible; Bytespider; spider-feedback@bytedance.com)"
95.214.53.205 - - [21/Nov/2024:00:50:22 +0100] "GET / HTTP/1.1" 200 423 "-" "-"
185.242.226.10 - - [21/Nov/2024:00:51:08 +0100] "GET /activities.ico HTTP/1.1" 200 1406 "-" "python-requests/2.26.0"
185.242.226.10 - - [21/Nov/2024:00:51:09 +0100] "GET / HTTP/1.1" 200 274 "-" "python-requests/2.26.0"
87.236.176.134 - - [21/Nov/2024:00:51:36 +0100] "GET / HTTP/1.1" 200 274 "-" "Mozilla/5.0 (compatible; InternetMeasurement/1.0; +https://internet-measurement.com/)"
87.236.176.53 - - [21/Nov/2024:00:51:37 +0100] "GET /activities.ico HTTP/1.1" 200 1406 "-" "Mozilla/5.0 (compatible; InternetMeasurement/1.0; +https://internet-measurement.com/)"
185.242.226.10 - - [21/Nov/2024:00:51:55 +0100] "GET /activities.ico HTTP/1.1" 200 1406 "-" "python-requests/2.26.0"
185.242.226.10 - - [21/Nov/2024:00:51:55 +0100] "GET / HTTP/1.1" 200 274 "-" "python-requests/2.26.0"
156.59.198.135 - - [21/Nov/2024:00:53:15 +0100] "GET /renault.activities.at/htdocs/export/xml/data/orders/202107151103_RenOrder.xml HTTP/1.0" 404 329 "-" "Mozilla/5.0 (Linux; Android 5.0) AppleWebKit/537.36 (KHTML, like Gecko) Mobile Safari/537.36 (compatible; Bytespider; spider-feedback@bytedance.com)"
80.82.77.202 - - [21/Nov/2024:00:56:55 +0100] "GET / HTTP/1.0" 200 423 "-" "Opera/9.80 (Macintosh; Intel Mac OS X 10.4.11; U; en) Presto/2.7.62 Version/11.00"
156.59.198.136 - - [21/Nov/2024:00:57:15 +0100] "GET /renault.activities.at/htdocs/export/xml/data/orders/202105060803_RenOrder.xml HTTP/1.0" 404 329 "-" "Mozilla/5.0 (Linux; Android 5.0) AppleWebKit/537.36 (KHTML, like Gecko) Mobile Safari/537.36 (compatible; Bytespider; spider-feedback@bytedance.com)"
170.39.216.251 - - [21/Nov/2024:00:58:56 +0100] "GET / HTTP/1.1" 200 423 "-" "-"