178.115.42.220 - - [21/Nov/2024:13:10:51 +0100] "GET /gui/javascript/form_form.js?1732191051 HTTP/1.1" 200 16206 "http://hausegger.activities.at/entry.php?id=10271&&ser=190991" "Mozilla/5.0 (Windows NT 10.0; Win64; x64; rv:132.0) Gecko/20100101 Firefox/132.0"
178.115.42.220 - - [21/Nov/2024:13:11:51 +0100] "GET /entry.php?id=10271&&ser=191051 HTTP/1.1" 200 986 "http://hausegger.activities.at/entry.php?id=10271&&ser=190991" "Mozilla/5.0 (Windows NT 10.0; Win64; x64; rv:132.0) Gecko/20100101 Firefox/132.0"
178.115.42.220 - - [21/Nov/2024:13:11:51 +0100] "GET /gui/javascript/form_form.js?1732191111 HTTP/1.1" 200 16206 "http://hausegger.activities.at/entry.php?id=10271&&ser=191051" "Mozilla/5.0 (Windows NT 10.0; Win64; x64; rv:132.0) Gecko/20100101 Firefox/132.0"
178.115.42.220 - - [21/Nov/2024:13:12:51 +0100] "GET /entry.php?id=10271&&ser=191111 HTTP/1.1" 200 987 "http://hausegger.activities.at/entry.php?id=10271&&ser=191051" "Mozilla/5.0 (Windows NT 10.0; Win64; x64; rv:132.0) Gecko/20100101 Firefox/132.0"
178.115.42.220 - - [21/Nov/2024:13:12:52 +0100] "GET /gui/javascript/form_form.js?1732191171 HTTP/1.1" 200 16206 "http://hausegger.activities.at/entry.php?id=10271&&ser=191111" "Mozilla/5.0 (Windows NT 10.0; Win64; x64; rv:132.0) Gecko/20100101 Firefox/132.0"
156.59.198.136 - - [21/Nov/2024:13:13:51 +0100] "GET /renault.2web.at/htdocs/binaries/10204335.pdf HTTP/1.0" 404 308 "-" "Mozilla/5.0 (Linux; Android 5.0) AppleWebKit/537.36 (KHTML, like Gecko) Mobile Safari/537.36 (compatible; Bytespider; spider-feedback@bytedance.com)"
178.115.42.220 - - [21/Nov/2024:13:13:52 +0100] "GET /entry.php?id=10271&&ser=191171 HTTP/1.1" 200 987 "http://hausegger.activities.at/entry.php?id=10271&&ser=191111" "Mozilla/5.0 (Windows NT 10.0; Win64; x64; rv:132.0) Gecko/20100101 Firefox/132.0"
178.115.42.220 - - [21/Nov/2024:13:13:52 +0100] "GET /gui/javascript/form_form.js?1732191232 HTTP/1.1" 200 16206 "http://hausegger.activities.at/entry.php?id=10271&&ser=191171" "Mozilla/5.0 (Windows NT 10.0; Win64; x64; rv:132.0) Gecko/20100101 Firefox/132.0"
178.115.42.220 - - [21/Nov/2024:13:14:52 +0100] "GET /entry.php?id=10271&&ser=191232 HTTP/1.1" 200 987 "http://hausegger.activities.at/entry.php?id=10271&&ser=191171" "Mozilla/5.0 (Windows NT 10.0; Win64; x64; rv:132.0) Gecko/20100101 Firefox/132.0"
178.115.42.220 - - [21/Nov/2024:13:14:52 +0100] "GET /gui/javascript/form_form.js?1732191292 HTTP/1.1" 200 16206 "http://hausegger.activities.at/entry.php?id=10271&&ser=191232" "Mozilla/5.0 (Windows NT 10.0; Win64; x64; rv:132.0) Gecko/20100101 Firefox/132.0"
178.115.42.220 - - [21/Nov/2024:13:15:52 +0100] "GET /entry.php?id=10271&&ser=191292 HTTP/1.1" 200 987 "http://hausegger.activities.at/entry.php?id=10271&&ser=191232" "Mozilla/5.0 (Windows NT 10.0; Win64; x64; rv:132.0) Gecko/20100101 Firefox/132.0"
178.115.42.220 - - [21/Nov/2024:13:15:52 +0100] "GET /gui/javascript/form_form.js?1732191352 HTTP/1.1" 200 16206 "http://hausegger.activities.at/entry.php?id=10271&&ser=191292" "Mozilla/5.0 (Windows NT 10.0; Win64; x64; rv:132.0) Gecko/20100101 Firefox/132.0"
178.115.42.220 - - [21/Nov/2024:13:16:53 +0100] "GET /entry.php?id=10271&&ser=191352 HTTP/1.1" 200 987 "http://hausegger.activities.at/entry.php?id=10271&&ser=191292" "Mozilla/5.0 (Windows NT 10.0; Win64; x64; rv:132.0) Gecko/20100101 Firefox/132.0"
178.115.42.220 - - [21/Nov/2024:13:16:53 +0100] "GET /gui/javascript/form_form.js?1732191413 HTTP/1.1" 200 16206 "http://hausegger.activities.at/entry.php?id=10271&&ser=191352" "Mozilla/5.0 (Windows NT 10.0; Win64; x64; rv:132.0) Gecko/20100101 Firefox/132.0"
156.59.198.136 - - [21/Nov/2024:13:17:51 +0100] "GET /renault.activities.at/htdocs/log/cron/reminder_mailing_3115376.txt HTTP/1.0" 404 323 "-" "Mozilla/5.0 (Linux; Android 5.0) AppleWebKit/537.36 (KHTML, like Gecko) Mobile Safari/537.36 (compatible; Bytespider; spider-feedback@bytedance.com)"
178.115.42.220 - - [21/Nov/2024:13:17:53 +0100] "GET /entry.php?id=10271&&ser=191413 HTTP/1.1" 200 986 "http://hausegger.activities.at/entry.php?id=10271&&ser=191352" "Mozilla/5.0 (Windows NT 10.0; Win64; x64; rv:132.0) Gecko/20100101 Firefox/132.0"
178.115.42.220 - - [21/Nov/2024:13:17:53 +0100] "GET /gui/javascript/form_form.js?1732191473 HTTP/1.1" 200 16206 "http://hausegger.activities.at/entry.php?id=10271&&ser=191413" "Mozilla/5.0 (Windows NT 10.0; Win64; x64; rv:132.0) Gecko/20100101 Firefox/132.0"
178.115.42.220 - - [21/Nov/2024:13:18:53 +0100] "GET /entry.php?id=10271&&ser=191473 HTTP/1.1" 200 987 "http://hausegger.activities.at/entry.php?id=10271&&ser=191413" "Mozilla/5.0 (Windows NT 10.0; Win64; x64; rv:132.0) Gecko/20100101 Firefox/132.0"
178.115.42.220 - - [21/Nov/2024:13:18:53 +0100] "GET /gui/javascript/form_form.js?1732191533 HTTP/1.1" 200 16206 "http://hausegger.activities.at/entry.php?id=10271&&ser=191473" "Mozilla/5.0 (Windows NT 10.0; Win64; x64; rv:132.0) Gecko/20100101 Firefox/132.0"
178.115.42.220 - - [21/Nov/2024:13:19:53 +0100] "GET /entry.php?id=10271&&ser=191533 HTTP/1.1" 200 987 "http://hausegger.activities.at/entry.php?id=10271&&ser=191473" "Mozilla/5.0 (Windows NT 10.0; Win64; x64; rv:132.0) Gecko/20100101 Firefox/132.0"
178.115.42.220 - - [21/Nov/2024:13:19:54 +0100] "GET /gui/javascript/form_form.js?1732191594 HTTP/1.1" 200 16206 "http://hausegger.activities.at/entry.php?id=10271&&ser=191533" "Mozilla/5.0 (Windows NT 10.0; Win64; x64; rv:132.0) Gecko/20100101 Firefox/132.0"
178.115.42.220 - - [21/Nov/2024:13:20:54 +0100] "GET /entry.php?id=10271&&ser=191594 HTTP/1.1" 200 987 "http://hausegger.activities.at/entry.php?id=10271&&ser=191533" "Mozilla/5.0 (Windows NT 10.0; Win64; x64; rv:132.0) Gecko/20100101 Firefox/132.0"
178.115.42.220 - - [21/Nov/2024:13:20:54 +0100] "GET /gui/javascript/form_form.js?1732191654 HTTP/1.1" 200 16206 "http://hausegger.activities.at/entry.php?id=10271&&ser=191594" "Mozilla/5.0 (Windows NT 10.0; Win64; x64; rv:132.0) Gecko/20100101 Firefox/132.0"
156.59.198.136 - - [21/Nov/2024:13:21:51 +0100] "GET /renault.activities.at/htdocs/log/cron/autologout_3116245.txt HTTP/1.0" 404 318 "-" "Mozilla/5.0 (Linux; Android 5.0) AppleWebKit/537.36 (KHTML, like Gecko) Mobile Safari/537.36 (compatible; Bytespider; spider-feedback@bytedance.com)"
178.115.42.220 - - [21/Nov/2024:13:21:54 +0100] "GET /entry.php?id=10271&&ser=191654 HTTP/1.1" 200 988 "http://hausegger.activities.at/entry.php?id=10271&&ser=191594" "Mozilla/5.0 (Windows NT 10.0; Win64; x64; rv:132.0) Gecko/20100101 Firefox/132.0"
178.115.42.220 - - [21/Nov/2024:13:21:54 +0100] "GET /gui/javascript/form_form.js?1732191714 HTTP/1.1" 200 16206 "http://hausegger.activities.at/entry.php?id=10271&&ser=191654" "Mozilla/5.0 (Windows NT 10.0; Win64; x64; rv:132.0) Gecko/20100101 Firefox/132.0"
37.113.52.224 - - [21/Nov/2024:13:22:05 +0100] "GET / HTTP/1.0" 200 423 "-" "Mozilla/5.0 (Windows NT 6.3; Win64; x64) AppleWebKit/537.36 (KHTML, like Gecko) Chrome/75.0.3770.100 Safari/537.36"
178.115.42.220 - - [21/Nov/2024:13:22:54 +0100] "GET /entry.php?id=10271&&ser=191714 HTTP/1.1" 200 987 "http://hausegger.activities.at/entry.php?id=10271&&ser=191654" "Mozilla/5.0 (Windows NT 10.0; Win64; x64; rv:132.0) Gecko/20100101 Firefox/132.0"
178.115.42.220 - - [21/Nov/2024:13:22:54 +0100] "GET /gui/javascript/form_form.js?1732191774 HTTP/1.1" 200 16206 "http://hausegger.activities.at/entry.php?id=10271&&ser=191714" "Mozilla/5.0 (Windows NT 10.0; Win64; x64; rv:132.0) Gecko/20100101 Firefox/132.0"
178.115.42.220 - - [21/Nov/2024:13:23:55 +0100] "GET /entry.php?id=10271&&ser=191774 HTTP/1.1" 200 987 "http://hausegger.activities.at/entry.php?id=10271&&ser=191714" "Mozilla/5.0 (Windows NT 10.0; Win64; x64; rv:132.0) Gecko/20100101 Firefox/132.0"
178.115.42.220 - - [21/Nov/2024:13:23:55 +0100] "GET /gui/javascript/form_form.js?1732191835 HTTP/1.1" 200 16206 "http://hausegger.activities.at/entry.php?id=10271&&ser=191774" "Mozilla/5.0 (Windows NT 10.0; Win64; x64; rv:132.0) Gecko/20100101 Firefox/132.0"
178.115.42.220 - - [21/Nov/2024:13:24:55 +0100] "GET /entry.php?id=10271&&ser=191835 HTTP/1.1" 200 987 "http://hausegger.activities.at/entry.php?id=10271&&ser=191774" "Mozilla/5.0 (Windows NT 10.0; Win64; x64; rv:132.0) Gecko/20100101 Firefox/132.0"
178.115.42.220 - - [21/Nov/2024:13:24:55 +0100] "GET /gui/javascript/form_form.js?1732191895 HTTP/1.1" 200 16206 "http://hausegger.activities.at/entry.php?id=10271&&ser=191835" "Mozilla/5.0 (Windows NT 10.0; Win64; x64; rv:132.0) Gecko/20100101 Firefox/132.0"
156.59.198.136 - - [21/Nov/2024:13:25:51 +0100] "GET /renault.activities.at/htdocs/export/pdf/emuc_document/11036975.pdf HTTP/1.0" 404 322 "-" "Mozilla/5.0 (Linux; Android 5.0) AppleWebKit/537.36 (KHTML, like Gecko) Mobile Safari/537.36 (compatible; Bytespider; spider-feedback@bytedance.com)"
178.115.42.220 - - [21/Nov/2024:13:25:55 +0100] "GET /entry.php?id=10271&&ser=191895 HTTP/1.1" 200 987 "http://hausegger.activities.at/entry.php?id=10271&&ser=191835" "Mozilla/5.0 (Windows NT 10.0; Win64; x64; rv:132.0) Gecko/20100101 Firefox/132.0"
178.115.42.220 - - [21/Nov/2024:13:25:55 +0100] "GET /gui/javascript/form_form.js?1732191955 HTTP/1.1" 200 16206 "http://hausegger.activities.at/entry.php?id=10271&&ser=191895" "Mozilla/5.0 (Windows NT 10.0; Win64; x64; rv:132.0) Gecko/20100101 Firefox/132.0"
178.115.42.220 - - [21/Nov/2024:13:26:55 +0100] "GET /entry.php?id=10271&&ser=191955 HTTP/1.1" 200 987 "http://hausegger.activities.at/entry.php?id=10271&&ser=191895" "Mozilla/5.0 (Windows NT 10.0; Win64; x64; rv:132.0) Gecko/20100101 Firefox/132.0"
178.115.42.220 - - [21/Nov/2024:13:26:56 +0100] "GET /gui/javascript/form_form.js?1732192016 HTTP/1.1" 200 16206 "http://hausegger.activities.at/entry.php?id=10271&&ser=191955" "Mozilla/5.0 (Windows NT 10.0; Win64; x64; rv:132.0) Gecko/20100101 Firefox/132.0"
178.115.42.220 - - [21/Nov/2024:13:27:56 +0100] "GET /entry.php?id=10271&&ser=192016 HTTP/1.1" 200 987 "http://hausegger.activities.at/entry.php?id=10271&&ser=191955" "Mozilla/5.0 (Windows NT 10.0; Win64; x64; rv:132.0) Gecko/20100101 Firefox/132.0"
178.115.42.220 - - [21/Nov/2024:13:27:56 +0100] "GET /gui/javascript/form_form.js?1732192076 HTTP/1.1" 200 16206 "http://hausegger.activities.at/entry.php?id=10271&&ser=192016" "Mozilla/5.0 (Windows NT 10.0; Win64; x64; rv:132.0) Gecko/20100101 Firefox/132.0"
178.115.42.220 - - [21/Nov/2024:13:28:56 +0100] "GET /entry.php?id=10271&&ser=192076 HTTP/1.1" 200 987 "http://hausegger.activities.at/entry.php?id=10271&&ser=192016" "Mozilla/5.0 (Windows NT 10.0; Win64; x64; rv:132.0) Gecko/20100101 Firefox/132.0"
178.115.42.220 - - [21/Nov/2024:13:28:56 +0100] "GET /gui/javascript/form_form.js?1732192136 HTTP/1.1" 200 16206 "http://hausegger.activities.at/entry.php?id=10271&&ser=192076" "Mozilla/5.0 (Windows NT 10.0; Win64; x64; rv:132.0) Gecko/20100101 Firefox/132.0"
156.59.198.135 - - [21/Nov/2024:13:29:53 +0100] "GET /hausegger.activities.at/stats/lang/tooltips_w/awstats-tt-ro.txt HTTP/1.0" 404 318 "-" "Mozilla/5.0 (Linux; Android 5.0) AppleWebKit/537.36 (KHTML, like Gecko) Mobile Safari/537.36 (compatible; Bytespider; spider-feedback@bytedance.com)"
178.115.42.220 - - [21/Nov/2024:13:29:56 +0100] "GET /entry.php?id=10271&&ser=192136 HTTP/1.1" 200 986 "http://hausegger.activities.at/entry.php?id=10271&&ser=192076" "Mozilla/5.0 (Windows NT 10.0; Win64; x64; rv:132.0) Gecko/20100101 Firefox/132.0"
178.115.42.220 - - [21/Nov/2024:13:29:56 +0100] "GET /gui/javascript/form_form.js?1732192196 HTTP/1.1" 200 16206 "http://hausegger.activities.at/entry.php?id=10271&&ser=192136" "Mozilla/5.0 (Windows NT 10.0; Win64; x64; rv:132.0) Gecko/20100101 Firefox/132.0"
178.115.42.220 - - [21/Nov/2024:13:30:57 +0100] "GET /entry.php?id=10271&&ser=192196 HTTP/1.1" 200 987 "http://hausegger.activities.at/entry.php?id=10271&&ser=192136" "Mozilla/5.0 (Windows NT 10.0; Win64; x64; rv:132.0) Gecko/20100101 Firefox/132.0"
178.115.42.220 - - [21/Nov/2024:13:30:57 +0100] "GET /gui/javascript/form_form.js?1732192257 HTTP/1.1" 200 16206 "http://hausegger.activities.at/entry.php?id=10271&&ser=192196" "Mozilla/5.0 (Windows NT 10.0; Win64; x64; rv:132.0) Gecko/20100101 Firefox/132.0"
178.115.42.220 - - [21/Nov/2024:13:31:57 +0100] "GET /entry.php?id=10271&&ser=192257 HTTP/1.1" 200 987 "http://hausegger.activities.at/entry.php?id=10271&&ser=192196" "Mozilla/5.0 (Windows NT 10.0; Win64; x64; rv:132.0) Gecko/20100101 Firefox/132.0"
178.115.42.220 - - [21/Nov/2024:13:31:57 +0100] "GET /gui/javascript/form_form.js?1732192317 HTTP/1.1" 200 16206 "http://hausegger.activities.at/entry.php?id=10271&&ser=192257" "Mozilla/5.0 (Windows NT 10.0; Win64; x64; rv:132.0) Gecko/20100101 Firefox/132.0"
178.115.42.220 - - [21/Nov/2024:13:32:57 +0100] "GET /entry.php?id=10271&&ser=192317 HTTP/1.1" 200 987 "http://hausegger.activities.at/entry.php?id=10271&&ser=192257" "Mozilla/5.0 (Windows NT 10.0; Win64; x64; rv:132.0) Gecko/20100101 Firefox/132.0"
178.115.42.220 - - [21/Nov/2024:13:32:57 +0100] "GET /gui/javascript/form_form.js?1732192377 HTTP/1.1" 200 16206 "http://hausegger.activities.at/entry.php?id=10271&&ser=192317" "Mozilla/5.0 (Windows NT 10.0; Win64; x64; rv:132.0) Gecko/20100101 Firefox/132.0"
194.50.16.198 - - [21/Nov/2024:13:33:18 +0100] "GET /cgi-bin/index.cgi HTTP/1.1" 404 362 "-" "-"
156.59.198.135 - - [21/Nov/2024:13:33:53 +0100] "GET /renault.activities.at/htdocs/export/xml/data/orders/202108171103_RenOrder.xml HTTP/1.0" 404 329 "-" "Mozilla/5.0 (Linux; Android 5.0) AppleWebKit/537.36 (KHTML, like Gecko) Mobile Safari/537.36 (compatible; Bytespider; spider-feedback@bytedance.com)"
178.115.42.220 - - [21/Nov/2024:13:33:57 +0100] "GET /entry.php?id=10271&&ser=192377 HTTP/1.1" 200 987 "http://hausegger.activities.at/entry.php?id=10271&&ser=192317" "Mozilla/5.0 (Windows NT 10.0; Win64; x64; rv:132.0) Gecko/20100101 Firefox/132.0"
178.115.42.220 - - [21/Nov/2024:13:33:58 +0100] "GET /gui/javascript/form_form.js?1732192438 HTTP/1.1" 200 16206 "http://hausegger.activities.at/entry.php?id=10271&&ser=192377" "Mozilla/5.0 (Windows NT 10.0; Win64; x64; rv:132.0) Gecko/20100101 Firefox/132.0"
178.115.42.220 - - [21/Nov/2024:13:34:58 +0100] "GET /entry.php?id=10271&&ser=192438 HTTP/1.1" 200 987 "http://hausegger.activities.at/entry.php?id=10271&&ser=192377" "Mozilla/5.0 (Windows NT 10.0; Win64; x64; rv:132.0) Gecko/20100101 Firefox/132.0"
178.115.42.220 - - [21/Nov/2024:13:34:58 +0100] "GET /gui/javascript/form_form.js?1732192498 HTTP/1.1" 200 16206 "http://hausegger.activities.at/entry.php?id=10271&&ser=192438" "Mozilla/5.0 (Windows NT 10.0; Win64; x64; rv:132.0) Gecko/20100101 Firefox/132.0"
178.115.42.220 - - [21/Nov/2024:13:35:58 +0100] "GET /entry.php?id=10271&&ser=192498 HTTP/1.1" 200 987 "http://hausegger.activities.at/entry.php?id=10271&&ser=192438" "Mozilla/5.0 (Windows NT 10.0; Win64; x64; rv:132.0) Gecko/20100101 Firefox/132.0"
178.115.42.220 - - [21/Nov/2024:13:35:58 +0100] "GET /gui/javascript/form_form.js?1732192558 HTTP/1.1" 200 16206 "http://hausegger.activities.at/entry.php?id=10271&&ser=192498" "Mozilla/5.0 (Windows NT 10.0; Win64; x64; rv:132.0) Gecko/20100101 Firefox/132.0"
178.115.42.220 - - [21/Nov/2024:13:36:58 +0100] "GET /entry.php?id=10271&&ser=192558 HTTP/1.1" 200 987 "http://hausegger.activities.at/entry.php?id=10271&&ser=192498" "Mozilla/5.0 (Windows NT 10.0; Win64; x64; rv:132.0) Gecko/20100101 Firefox/132.0"
178.115.42.220 - - [21/Nov/2024:13:36:58 +0100] "GET /gui/javascript/form_form.js?1732192618 HTTP/1.1" 200 16206 "http://hausegger.activities.at/entry.php?id=10271&&ser=192558" "Mozilla/5.0 (Windows NT 10.0; Win64; x64; rv:132.0) Gecko/20100101 Firefox/132.0"
64.62.197.11 - - [21/Nov/2024:13:37:34 +0100] "\x16\x03\x01" 400 383 "-" "-"
156.59.198.135 - - [21/Nov/2024:13:37:53 +0100] "GET /renault.activities.at/htdocs/export/pdf/emuc_document/12239524.pdf HTTP/1.0" 404 322 "-" "Mozilla/5.0 (Linux; Android 5.0) AppleWebKit/537.36 (KHTML, like Gecko) Mobile Safari/537.36 (compatible; Bytespider; spider-feedback@bytedance.com)"
178.115.42.220 - - [21/Nov/2024:13:37:59 +0100] "GET /entry.php?id=10271&&ser=192618 HTTP/1.1" 200 987 "http://hausegger.activities.at/entry.php?id=10271&&ser=192558" "Mozilla/5.0 (Windows NT 10.0; Win64; x64; rv:132.0) Gecko/20100101 Firefox/132.0"
178.115.42.220 - - [21/Nov/2024:13:37:59 +0100] "GET /gui/javascript/form_form.js?1732192679 HTTP/1.1" 200 16206 "http://hausegger.activities.at/entry.php?id=10271&&ser=192618" "Mozilla/5.0 (Windows NT 10.0; Win64; x64; rv:132.0) Gecko/20100101 Firefox/132.0"
178.115.42.220 - - [21/Nov/2024:13:38:59 +0100] "GET /entry.php?id=10271&&ser=192679 HTTP/1.1" 200 987 "http://hausegger.activities.at/entry.php?id=10271&&ser=192618" "Mozilla/5.0 (Windows NT 10.0; Win64; x64; rv:132.0) Gecko/20100101 Firefox/132.0"
178.115.42.220 - - [21/Nov/2024:13:38:59 +0100] "GET /gui/javascript/form_form.js?1732192739 HTTP/1.1" 200 16206 "http://hausegger.activities.at/entry.php?id=10271&&ser=192679" "Mozilla/5.0 (Windows NT 10.0; Win64; x64; rv:132.0) Gecko/20100101 Firefox/132.0"
46.19.138.234 - - [21/Nov/2024:13:39:15 +0100] "GET / HTTP/1.1" 200 274 "-" "Mozilla/5.0 (Windows NT 10.0; Win64; x64) AppleWebKit/537.36 (KHTML, like Gecko) Chrome/90.0.4430.85 Safari/537.36 Edg/90.0.818.46"
104.40.75.97 - - [21/Nov/2024:13:39:50 +0100] "GET /hudson HTTP/1.1" 404 280 "-" "Mozilla/5.0 zgrab/0.x"
178.115.42.220 - - [21/Nov/2024:13:39:59 +0100] "GET /entry.php?id=10271&&ser=192739 HTTP/1.1" 200 987 "http://hausegger.activities.at/entry.php?id=10271&&ser=192679" "Mozilla/5.0 (Windows NT 10.0; Win64; x64; rv:132.0) Gecko/20100101 Firefox/132.0"
178.115.42.220 - - [21/Nov/2024:13:39:59 +0100] "GET /gui/javascript/form_form.js?1732192799 HTTP/1.1" 200 16206 "http://hausegger.activities.at/entry.php?id=10271&&ser=192739" "Mozilla/5.0 (Windows NT 10.0; Win64; x64; rv:132.0) Gecko/20100101 Firefox/132.0"
178.115.42.220 - - [21/Nov/2024:13:40:59 +0100] "GET /entry.php?id=10271&&ser=192799 HTTP/1.1" 200 987 "http://hausegger.activities.at/entry.php?id=10271&&ser=192739" "Mozilla/5.0 (Windows NT 10.0; Win64; x64; rv:132.0) Gecko/20100101 Firefox/132.0"
178.115.42.220 - - [21/Nov/2024:13:41:00 +0100] "GET /gui/javascript/form_form.js?1732192860 HTTP/1.1" 200 16206 "http://hausegger.activities.at/entry.php?id=10271&&ser=192799" "Mozilla/5.0 (Windows NT 10.0; Win64; x64; rv:132.0) Gecko/20100101 Firefox/132.0"
156.59.198.136 - - [21/Nov/2024:13:41:53 +0100] "GET /renault.activities.at/htdocs/log/cron/reminder_mailing_3115480.txt HTTP/1.0" 404 323 "-" "Mozilla/5.0 (Linux; Android 5.0) AppleWebKit/537.36 (KHTML, like Gecko) Mobile Safari/537.36 (compatible; Bytespider; spider-feedback@bytedance.com)"
178.115.42.220 - - [21/Nov/2024:13:42:00 +0100] "GET /entry.php?id=10271&&ser=192860 HTTP/1.1" 200 987 "http://hausegger.activities.at/entry.php?id=10271&&ser=192799" "Mozilla/5.0 (Windows NT 10.0; Win64; x64; rv:132.0) Gecko/20100101 Firefox/132.0"
178.115.42.220 - - [21/Nov/2024:13:42:00 +0100] "GET /gui/javascript/form_form.js?1732192920 HTTP/1.1" 200 16206 "http://hausegger.activities.at/entry.php?id=10271&&ser=192860" "Mozilla/5.0 (Windows NT 10.0; Win64; x64; rv:132.0) Gecko/20100101 Firefox/132.0"
178.115.42.220 - - [21/Nov/2024:13:43:00 +0100] "GET /entry.php?id=10271&&ser=192920 HTTP/1.1" 200 987 "http://hausegger.activities.at/entry.php?id=10271&&ser=192860" "Mozilla/5.0 (Windows NT 10.0; Win64; x64; rv:132.0) Gecko/20100101 Firefox/132.0"
178.115.42.220 - - [21/Nov/2024:13:43:00 +0100] "GET /gui/javascript/form_form.js?1732192980 HTTP/1.1" 200 16206 "http://hausegger.activities.at/entry.php?id=10271&&ser=192920" "Mozilla/5.0 (Windows NT 10.0; Win64; x64; rv:132.0) Gecko/20100101 Firefox/132.0"
178.115.42.220 - - [21/Nov/2024:13:44:00 +0100] "GET /entry.php?id=10271&&ser=192980 HTTP/1.1" 200 987 "http://hausegger.activities.at/entry.php?id=10271&&ser=192920" "Mozilla/5.0 (Windows NT 10.0; Win64; x64; rv:132.0) Gecko/20100101 Firefox/132.0"
178.115.42.220 - - [21/Nov/2024:13:44:01 +0100] "GET /gui/javascript/form_form.js?1732193040 HTTP/1.1" 200 16206 "http://hausegger.activities.at/entry.php?id=10271&&ser=192980" "Mozilla/5.0 (Windows NT 10.0; Win64; x64; rv:132.0) Gecko/20100101 Firefox/132.0"
178.115.42.220 - - [21/Nov/2024:13:45:01 +0100] "GET /entry.php?id=10271&&ser=193040 HTTP/1.1" 200 986 "http://hausegger.activities.at/entry.php?id=10271&&ser=192980" "Mozilla/5.0 (Windows NT 10.0; Win64; x64; rv:132.0) Gecko/20100101 Firefox/132.0"
178.115.42.220 - - [21/Nov/2024:13:45:01 +0100] "GET /gui/javascript/form_form.js?1732193101 HTTP/1.1" 200 16206 "http://hausegger.activities.at/entry.php?id=10271&&ser=193040" "Mozilla/5.0 (Windows NT 10.0; Win64; x64; rv:132.0) Gecko/20100101 Firefox/132.0"
156.59.198.136 - - [21/Nov/2024:13:45:53 +0100] "GET /renault.activities.at/htdocs/export/pdf/emuc_document/11076986.pdf HTTP/1.0" 404 322 "-" "Mozilla/5.0 (Linux; Android 5.0) AppleWebKit/537.36 (KHTML, like Gecko) Mobile Safari/537.36 (compatible; Bytespider; spider-feedback@bytedance.com)"
178.115.42.220 - - [21/Nov/2024:13:46:01 +0100] "GET /entry.php?id=10271&&ser=193101 HTTP/1.1" 200 987 "http://hausegger.activities.at/entry.php?id=10271&&ser=193040" "Mozilla/5.0 (Windows NT 10.0; Win64; x64; rv:132.0) Gecko/20100101 Firefox/132.0"
178.115.42.220 - - [21/Nov/2024:13:46:01 +0100] "GET /gui/javascript/form_form.js?1732193161 HTTP/1.1" 200 16206 "http://hausegger.activities.at/entry.php?id=10271&&ser=193101" "Mozilla/5.0 (Windows NT 10.0; Win64; x64; rv:132.0) Gecko/20100101 Firefox/132.0"
178.115.42.220 - - [21/Nov/2024:13:47:01 +0100] "GET /entry.php?id=10271&&ser=193161 HTTP/1.1" 200 986 "http://hausegger.activities.at/entry.php?id=10271&&ser=193101" "Mozilla/5.0 (Windows NT 10.0; Win64; x64; rv:132.0) Gecko/20100101 Firefox/132.0"
178.115.42.220 - - [21/Nov/2024:13:47:01 +0100] "GET /gui/javascript/form_form.js?1732193221 HTTP/1.1" 200 16206 "http://hausegger.activities.at/entry.php?id=10271&&ser=193161" "Mozilla/5.0 (Windows NT 10.0; Win64; x64; rv:132.0) Gecko/20100101 Firefox/132.0"
178.115.42.220 - - [21/Nov/2024:13:48:02 +0100] "GET /entry.php?id=10271&&ser=193221 HTTP/1.1" 200 987 "http://hausegger.activities.at/entry.php?id=10271&&ser=193161" "Mozilla/5.0 (Windows NT 10.0; Win64; x64; rv:132.0) Gecko/20100101 Firefox/132.0"
178.115.42.220 - - [21/Nov/2024:13:48:02 +0100] "GET /gui/javascript/form_form.js?1732193282 HTTP/1.1" 200 16206 "http://hausegger.activities.at/entry.php?id=10271&&ser=193221" "Mozilla/5.0 (Windows NT 10.0; Win64; x64; rv:132.0) Gecko/20100101 Firefox/132.0"
178.115.42.220 - - [21/Nov/2024:13:49:02 +0100] "GET /entry.php?id=10271&&ser=193282 HTTP/1.1" 200 987 "http://hausegger.activities.at/entry.php?id=10271&&ser=193221" "Mozilla/5.0 (Windows NT 10.0; Win64; x64; rv:132.0) Gecko/20100101 Firefox/132.0"
178.115.42.220 - - [21/Nov/2024:13:49:02 +0100] "GET /gui/javascript/form_form.js?1732193342 HTTP/1.1" 200 16206 "http://hausegger.activities.at/entry.php?id=10271&&ser=193282" "Mozilla/5.0 (Windows NT 10.0; Win64; x64; rv:132.0) Gecko/20100101 Firefox/132.0"
156.59.198.135 - - [21/Nov/2024:13:49:53 +0100] "GET /renault.activities.at/htdocs/export/xml/data/orders/202103121003_RenOrder.xml HTTP/1.0" 404 328 "-" "Mozilla/5.0 (Linux; Android 5.0) AppleWebKit/537.36 (KHTML, like Gecko) Mobile Safari/537.36 (compatible; Bytespider; spider-feedback@bytedance.com)"
178.115.42.220 - - [21/Nov/2024:13:50:02 +0100] "GET /entry.php?id=10271&&ser=193342 HTTP/1.1" 200 987 "http://hausegger.activities.at/entry.php?id=10271&&ser=193282" "Mozilla/5.0 (Windows NT 10.0; Win64; x64; rv:132.0) Gecko/20100101 Firefox/132.0"
178.115.42.220 - - [21/Nov/2024:13:50:02 +0100] "GET /gui/javascript/form_form.js?1732193402 HTTP/1.1" 200 16206 "http://hausegger.activities.at/entry.php?id=10271&&ser=193342" "Mozilla/5.0 (Windows NT 10.0; Win64; x64; rv:132.0) Gecko/20100101 Firefox/132.0"
178.115.42.220 - - [21/Nov/2024:13:51:03 +0100] "GET /entry.php?id=10271&&ser=193402 HTTP/1.1" 200 987 "http://hausegger.activities.at/entry.php?id=10271&&ser=193342" "Mozilla/5.0 (Windows NT 10.0; Win64; x64; rv:132.0) Gecko/20100101 Firefox/132.0"
178.115.42.220 - - [21/Nov/2024:13:51:03 +0100] "GET /gui/javascript/form_form.js?1732193463 HTTP/1.1" 200 16206 "http://hausegger.activities.at/entry.php?id=10271&&ser=193402" "Mozilla/5.0 (Windows NT 10.0; Win64; x64; rv:132.0) Gecko/20100101 Firefox/132.0"
178.115.42.220 - - [21/Nov/2024:13:52:03 +0100] "GET /entry.php?id=10271&&ser=193463 HTTP/1.1" 200 987 "http://hausegger.activities.at/entry.php?id=10271&&ser=193402" "Mozilla/5.0 (Windows NT 10.0; Win64; x64; rv:132.0) Gecko/20100101 Firefox/132.0"
178.115.42.220 - - [21/Nov/2024:13:52:03 +0100] "GET /gui/javascript/form_form.js?1732193523 HTTP/1.1" 200 16206 "http://hausegger.activities.at/entry.php?id=10271&&ser=193463" "Mozilla/5.0 (Windows NT 10.0; Win64; x64; rv:132.0) Gecko/20100101 Firefox/132.0"
178.115.42.220 - - [21/Nov/2024:13:53:03 +0100] "GET /entry.php?id=10271&&ser=193523 HTTP/1.1" 200 987 "http://hausegger.activities.at/entry.php?id=10271&&ser=193463" "Mozilla/5.0 (Windows NT 10.0; Win64; x64; rv:132.0) Gecko/20100101 Firefox/132.0"
178.115.42.220 - - [21/Nov/2024:13:53:03 +0100] "GET /gui/javascript/form_form.js?1732193583 HTTP/1.1" 200 16206 "http://hausegger.activities.at/entry.php?id=10271&&ser=193523" "Mozilla/5.0 (Windows NT 10.0; Win64; x64; rv:132.0) Gecko/20100101 Firefox/132.0"
156.59.198.135 - - [21/Nov/2024:13:53:53 +0100] "GET /renault.activities.at/htdocs/export/xml/data/orders/202005111103_RenOrder.xml HTTP/1.0" 404 328 "-" "Mozilla/5.0 (Linux; Android 5.0) AppleWebKit/537.36 (KHTML, like Gecko) Mobile Safari/537.36 (compatible; Bytespider; spider-feedback@bytedance.com)"
178.115.42.220 - - [21/Nov/2024:13:54:03 +0100] "GET /entry.php?id=10271&&ser=193583 HTTP/1.1" 200 987 "http://hausegger.activities.at/entry.php?id=10271&&ser=193523" "Mozilla/5.0 (Windows NT 10.0; Win64; x64; rv:132.0) Gecko/20100101 Firefox/132.0"
178.115.42.220 - - [21/Nov/2024:13:54:03 +0100] "GET /gui/javascript/form_form.js?1732193643 HTTP/1.1" 200 16206 "http://hausegger.activities.at/entry.php?id=10271&&ser=193583" "Mozilla/5.0 (Windows NT 10.0; Win64; x64; rv:132.0) Gecko/20100101 Firefox/132.0"
178.115.42.220 - - [21/Nov/2024:13:55:04 +0100] "GET /entry.php?id=10271&&ser=193643 HTTP/1.1" 200 987 "http://hausegger.activities.at/entry.php?id=10271&&ser=193583" "Mozilla/5.0 (Windows NT 10.0; Win64; x64; rv:132.0) Gecko/20100101 Firefox/132.0"
178.115.42.220 - - [21/Nov/2024:13:55:04 +0100] "GET /gui/javascript/form_form.js?1732193704 HTTP/1.1" 200 16206 "http://hausegger.activities.at/entry.php?id=10271&&ser=193643" "Mozilla/5.0 (Windows NT 10.0; Win64; x64; rv:132.0) Gecko/20100101 Firefox/132.0"
216.244.66.235 - - [21/Nov/2024:13:55:57 +0100] "GET /robots.txt HTTP/1.1" 404 375 "-" "Mozilla/5.0 (compatible; DotBot/1.2; +https://opensiteexplorer.org/dotbot; help@moz.com)"
178.115.42.220 - - [21/Nov/2024:13:56:04 +0100] "GET /entry.php?id=10271&&ser=193704 HTTP/1.1" 200 987 "http://hausegger.activities.at/entry.php?id=10271&&ser=193643" "Mozilla/5.0 (Windows NT 10.0; Win64; x64; rv:132.0) Gecko/20100101 Firefox/132.0"
178.115.42.220 - - [21/Nov/2024:13:56:04 +0100] "GET /gui/javascript/form_form.js?1732193764 HTTP/1.1" 200 16206 "http://hausegger.activities.at/entry.php?id=10271&&ser=193704" "Mozilla/5.0 (Windows NT 10.0; Win64; x64; rv:132.0) Gecko/20100101 Firefox/132.0"
178.115.42.220 - - [21/Nov/2024:13:57:04 +0100] "GET /entry.php?id=10271&&ser=193764 HTTP/1.1" 200 987 "http://hausegger.activities.at/entry.php?id=10271&&ser=193704" "Mozilla/5.0 (Windows NT 10.0; Win64; x64; rv:132.0) Gecko/20100101 Firefox/132.0"
178.115.42.220 - - [21/Nov/2024:13:57:04 +0100] "GET /gui/javascript/form_form.js?1732193824 HTTP/1.1" 200 16206 "http://hausegger.activities.at/entry.php?id=10271&&ser=193764" "Mozilla/5.0 (Windows NT 10.0; Win64; x64; rv:132.0) Gecko/20100101 Firefox/132.0"
156.59.198.135 - - [21/Nov/2024:13:57:53 +0100] "GET /renault.activities.at/htdocs/export/pdf/emuc_document/12430518.pdf HTTP/1.0" 404 322 "-" "Mozilla/5.0 (Linux; Android 5.0) AppleWebKit/537.36 (KHTML, like Gecko) Mobile Safari/537.36 (compatible; Bytespider; spider-feedback@bytedance.com)"
178.115.42.220 - - [21/Nov/2024:13:58:04 +0100] "GET /entry.php?id=10271&&ser=193824 HTTP/1.1" 200 987 "http://hausegger.activities.at/entry.php?id=10271&&ser=193764" "Mozilla/5.0 (Windows NT 10.0; Win64; x64; rv:132.0) Gecko/20100101 Firefox/132.0"
178.115.42.220 - - [21/Nov/2024:13:58:05 +0100] "GET /gui/javascript/form_form.js?1732193885 HTTP/1.1" 200 16206 "http://hausegger.activities.at/entry.php?id=10271&&ser=193824" "Mozilla/5.0 (Windows NT 10.0; Win64; x64; rv:132.0) Gecko/20100101 Firefox/132.0"
178.115.42.220 - - [21/Nov/2024:13:59:05 +0100] "GET /entry.php?id=10271&&ser=193885 HTTP/1.1" 200 987 "http://hausegger.activities.at/entry.php?id=10271&&ser=193824" "Mozilla/5.0 (Windows NT 10.0; Win64; x64; rv:132.0) Gecko/20100101 Firefox/132.0"
178.115.42.220 - - [21/Nov/2024:13:59:05 +0100] "GET /gui/javascript/form_form.js?1732193945 HTTP/1.1" 200 16206 "http://hausegger.activities.at/entry.php?id=10271&&ser=193885" "Mozilla/5.0 (Windows NT 10.0; Win64; x64; rv:132.0) Gecko/20100101 Firefox/132.0"
178.115.42.220 - - [21/Nov/2024:14:00:05 +0100] "GET /entry.php?id=10271&&ser=193945 HTTP/1.1" 200 986 "http://hausegger.activities.at/entry.php?id=10271&&ser=193885" "Mozilla/5.0 (Windows NT 10.0; Win64; x64; rv:132.0) Gecko/20100101 Firefox/132.0"
178.115.42.220 - - [21/Nov/2024:14:00:05 +0100] "GET /gui/javascript/form_form.js?1732194005 HTTP/1.1" 200 16206 "http://hausegger.activities.at/entry.php?id=10271&&ser=193945" "Mozilla/5.0 (Windows NT 10.0; Win64; x64; rv:132.0) Gecko/20100101 Firefox/132.0"
178.115.42.220 - - [21/Nov/2024:14:01:05 +0100] "GET /entry.php?id=10271&&ser=194005 HTTP/1.1" 200 986 "http://hausegger.activities.at/entry.php?id=10271&&ser=193945" "Mozilla/5.0 (Windows NT 10.0; Win64; x64; rv:132.0) Gecko/20100101 Firefox/132.0"
178.115.42.220 - - [21/Nov/2024:14:01:06 +0100] "GET /gui/javascript/form_form.js?1732194065 HTTP/1.1" 200 16206 "http://hausegger.activities.at/entry.php?id=10271&&ser=194005" "Mozilla/5.0 (Windows NT 10.0; Win64; x64; rv:132.0) Gecko/20100101 Firefox/132.0"
156.59.198.135 - - [21/Nov/2024:14:01:53 +0100] "GET /renault.activities.at/htdocs/export/xml/data/orders/201909101903_RenOrder.xml HTTP/1.0" 404 327 "-" "Mozilla/5.0 (Linux; Android 5.0) AppleWebKit/537.36 (KHTML, like Gecko) Mobile Safari/537.36 (compatible; Bytespider; spider-feedback@bytedance.com)"
178.115.42.220 - - [21/Nov/2024:14:02:06 +0100] "GET /entry.php?id=10271&&ser=194065 HTTP/1.1" 200 986 "http://hausegger.activities.at/entry.php?id=10271&&ser=194005" "Mozilla/5.0 (Windows NT 10.0; Win64; x64; rv:132.0) Gecko/20100101 Firefox/132.0"
178.115.42.220 - - [21/Nov/2024:14:02:06 +0100] "GET /gui/javascript/form_form.js?1732194126 HTTP/1.1" 200 16206 "http://hausegger.activities.at/entry.php?id=10271&&ser=194065" "Mozilla/5.0 (Windows NT 10.0; Win64; x64; rv:132.0) Gecko/20100101 Firefox/132.0"
178.115.42.220 - - [21/Nov/2024:14:03:06 +0100] "GET /entry.php?id=10271&&ser=194126 HTTP/1.1" 200 986 "http://hausegger.activities.at/entry.php?id=10271&&ser=194065" "Mozilla/5.0 (Windows NT 10.0; Win64; x64; rv:132.0) Gecko/20100101 Firefox/132.0"
178.115.42.220 - - [21/Nov/2024:14:03:06 +0100] "GET /gui/javascript/form_form.js?1732194186 HTTP/1.1" 200 16206 "http://hausegger.activities.at/entry.php?id=10271&&ser=194126" "Mozilla/5.0 (Windows NT 10.0; Win64; x64; rv:132.0) Gecko/20100101 Firefox/132.0"
178.115.42.220 - - [21/Nov/2024:14:04:06 +0100] "GET /entry.php?id=10271&&ser=194186 HTTP/1.1" 200 986 "http://hausegger.activities.at/entry.php?id=10271&&ser=194126" "Mozilla/5.0 (Windows NT 10.0; Win64; x64; rv:132.0) Gecko/20100101 Firefox/132.0"
178.115.42.220 - - [21/Nov/2024:14:04:06 +0100] "GET /gui/javascript/form_form.js?1732194246 HTTP/1.1" 200 16206 "http://hausegger.activities.at/entry.php?id=10271&&ser=194186" "Mozilla/5.0 (Windows NT 10.0; Win64; x64; rv:132.0) Gecko/20100101 Firefox/132.0"
178.115.42.220 - - [21/Nov/2024:14:05:07 +0100] "GET /entry.php?id=10271&&ser=194246 HTTP/1.1" 200 986 "http://hausegger.activities.at/entry.php?id=10271&&ser=194186" "Mozilla/5.0 (Windows NT 10.0; Win64; x64; rv:132.0) Gecko/20100101 Firefox/132.0"
178.115.42.220 - - [21/Nov/2024:14:05:07 +0100] "GET /gui/javascript/form_form.js?1732194307 HTTP/1.1" 200 16206 "http://hausegger.activities.at/entry.php?id=10271&&ser=194246" "Mozilla/5.0 (Windows NT 10.0; Win64; x64; rv:132.0) Gecko/20100101 Firefox/132.0"
156.59.198.136 - - [21/Nov/2024:14:05:54 +0100] "GET /renault.2web.at/stats/lang/tooltips_w/awstats-tt-al.txt HTTP/1.0" 404 313 "-" "Mozilla/5.0 (Linux; Android 5.0) AppleWebKit/537.36 (KHTML, like Gecko) Mobile Safari/537.36 (compatible; Bytespider; spider-feedback@bytedance.com)"
178.115.42.220 - - [21/Nov/2024:14:06:07 +0100] "GET /entry.php?id=10271&&ser=194307 HTTP/1.1" 200 986 "http://hausegger.activities.at/entry.php?id=10271&&ser=194246" "Mozilla/5.0 (Windows NT 10.0; Win64; x64; rv:132.0) Gecko/20100101 Firefox/132.0"
178.115.42.220 - - [21/Nov/2024:14:06:07 +0100] "GET /gui/javascript/form_form.js?1732194367 HTTP/1.1" 200 16206 "http://hausegger.activities.at/entry.php?id=10271&&ser=194307" "Mozilla/5.0 (Windows NT 10.0; Win64; x64; rv:132.0) Gecko/20100101 Firefox/132.0"
216.244.66.235 - - [21/Nov/2024:14:06:39 +0100] "GET / HTTP/1.1" 200 423 "-" "Mozilla/5.0 (compatible; DotBot/1.2; +https://opensiteexplorer.org/dotbot; help@moz.com)"
178.115.42.220 - - [21/Nov/2024:14:07:07 +0100] "GET /entry.php?id=10271&&ser=194367 HTTP/1.1" 200 986 "http://hausegger.activities.at/entry.php?id=10271&&ser=194307" "Mozilla/5.0 (Windows NT 10.0; Win64; x64; rv:132.0) Gecko/20100101 Firefox/132.0"
178.115.42.220 - - [21/Nov/2024:14:07:07 +0100] "GET /gui/javascript/form_form.js?1732194427 HTTP/1.1" 200 16206 "http://hausegger.activities.at/entry.php?id=10271&&ser=194367" "Mozilla/5.0 (Windows NT 10.0; Win64; x64; rv:132.0) Gecko/20100101 Firefox/132.0"
178.115.42.220 - - [21/Nov/2024:14:08:07 +0100] "GET /entry.php?id=10271&&ser=194427 HTTP/1.1" 200 986 "http://hausegger.activities.at/entry.php?id=10271&&ser=194367" "Mozilla/5.0 (Windows NT 10.0; Win64; x64; rv:132.0) Gecko/20100101 Firefox/132.0"
178.115.42.220 - - [21/Nov/2024:14:08:08 +0100] "GET /gui/javascript/form_form.js?1732194488 HTTP/1.1" 200 16206 "http://hausegger.activities.at/entry.php?id=10271&&ser=194427" "Mozilla/5.0 (Windows NT 10.0; Win64; x64; rv:132.0) Gecko/20100101 Firefox/132.0"
178.115.42.220 - - [21/Nov/2024:14:09:08 +0100] "GET /entry.php?id=10271&&ser=194488 HTTP/1.1" 200 986 "http://hausegger.activities.at/entry.php?id=10271&&ser=194427" "Mozilla/5.0 (Windows NT 10.0; Win64; x64; rv:132.0) Gecko/20100101 Firefox/132.0"
178.115.42.220 - - [21/Nov/2024:14:09:08 +0100] "GET /gui/javascript/form_form.js?1732194548 HTTP/1.1" 200 16206 "http://hausegger.activities.at/entry.php?id=10271&&ser=194488" "Mozilla/5.0 (Windows NT 10.0; Win64; x64; rv:132.0) Gecko/20100101 Firefox/132.0"
156.59.198.136 - - [21/Nov/2024:14:09:54 +0100] "GET /renault.activities.at/htdocs/export/xml/data/orders/202103261503_RenOrder.xml HTTP/1.0" 404 329 "-" "Mozilla/5.0 (Linux; Android 5.0) AppleWebKit/537.36 (KHTML, like Gecko) Mobile Safari/537.36 (compatible; Bytespider; spider-feedback@bytedance.com)"
178.115.42.220 - - [21/Nov/2024:14:10:08 +0100] "GET /entry.php?id=10271&&ser=194548 HTTP/1.1" 200 986 "http://hausegger.activities.at/entry.php?id=10271&&ser=194488" "Mozilla/5.0 (Windows NT 10.0; Win64; x64; rv:132.0) Gecko/20100101 Firefox/132.0"
178.115.42.220 - - [21/Nov/2024:14:10:08 +0100] "GET /gui/javascript/form_form.js?1732194608 HTTP/1.1" 200 16206 "http://hausegger.activities.at/entry.php?id=10271&&ser=194548" "Mozilla/5.0 (Windows NT 10.0; Win64; x64; rv:132.0) Gecko/20100101 Firefox/132.0"
87.120.115.50 - - [21/Nov/2024:14:10:23 +0100] "GET /.git/config HTTP/1.1" 404 285 "-" "Mozilla/5.0 (OS/2; Warp 4.5; rv:45.0) Gecko/20100101 Firefox/45.0 SeaMonkey/2.42.9esr"
178.115.42.220 - - [21/Nov/2024:14:11:08 +0100] "GET /entry.php?id=10271&&ser=194608 HTTP/1.1" 200 986 "http://hausegger.activities.at/entry.php?id=10271&&ser=194548" "Mozilla/5.0 (Windows NT 10.0; Win64; x64; rv:132.0) Gecko/20100101 Firefox/132.0"
178.115.42.220 - - [21/Nov/2024:14:11:08 +0100] "GET /gui/javascript/form_form.js?1732194668 HTTP/1.1" 200 16206 "http://hausegger.activities.at/entry.php?id=10271&&ser=194608" "Mozilla/5.0 (Windows NT 10.0; Win64; x64; rv:132.0) Gecko/20100101 Firefox/132.0"
95.214.53.205 - - [21/Nov/2024:14:11:15 +0100] "GET / HTTP/1.1" 200 423 "-" "-"
178.115.42.220 - - [21/Nov/2024:14:12:09 +0100] "GET /entry.php?id=10271&&ser=194668 HTTP/1.1" 200 986 "http://hausegger.activities.at/entry.php?id=10271&&ser=194608" "Mozilla/5.0 (Windows NT 10.0; Win64; x64; rv:132.0) Gecko/20100101 Firefox/132.0"
178.115.42.220 - - [21/Nov/2024:14:12:09 +0100] "GET /gui/javascript/form_form.js?1732194729 HTTP/1.1" 200 16206 "http://hausegger.activities.at/entry.php?id=10271&&ser=194668" "Mozilla/5.0 (Windows NT 10.0; Win64; x64; rv:132.0) Gecko/20100101 Firefox/132.0"
178.115.42.220 - - [21/Nov/2024:14:13:09 +0100] "GET /entry.php?id=10271&&ser=194729 HTTP/1.1" 200 986 "http://hausegger.activities.at/entry.php?id=10271&&ser=194668" "Mozilla/5.0 (Windows NT 10.0; Win64; x64; rv:132.0) Gecko/20100101 Firefox/132.0"
178.115.42.220 - - [21/Nov/2024:14:13:09 +0100] "GET /gui/javascript/form_form.js?1732194789 HTTP/1.1" 200 16206 "http://hausegger.activities.at/entry.php?id=10271&&ser=194729" "Mozilla/5.0 (Windows NT 10.0; Win64; x64; rv:132.0) Gecko/20100101 Firefox/132.0"
156.59.198.136 - - [21/Nov/2024:14:13:54 +0100] "GET /renault.activities.at/htdocs/export/xml/data/orders/202002041603_RenOrder.xml HTTP/1.0" 404 328 "-" "Mozilla/5.0 (Linux; Android 5.0) AppleWebKit/537.36 (KHTML, like Gecko) Mobile Safari/537.36 (compatible; Bytespider; spider-feedback@bytedance.com)"
178.115.42.220 - - [21/Nov/2024:14:14:09 +0100] "GET /entry.php?id=10271&&ser=194789 HTTP/1.1" 200 986 "http://hausegger.activities.at/entry.php?id=10271&&ser=194729" "Mozilla/5.0 (Windows NT 10.0; Win64; x64; rv:132.0) Gecko/20100101 Firefox/132.0"
178.115.42.220 - - [21/Nov/2024:14:14:09 +0100] "GET /gui/javascript/form_form.js?1732194849 HTTP/1.1" 200 16206 "http://hausegger.activities.at/entry.php?id=10271&&ser=194789" "Mozilla/5.0 (Windows NT 10.0; Win64; x64; rv:132.0) Gecko/20100101 Firefox/132.0"
194.50.16.198 - - [21/Nov/2024:14:14:10 +0100] "GET /cgi-bin/index.html HTTP/1.1" 404 363 "-" "-"
178.115.42.220 - - [21/Nov/2024:14:15:09 +0100] "GET /entry.php?id=10271&&ser=194849 HTTP/1.1" 200 986 "http://hausegger.activities.at/entry.php?id=10271&&ser=194789" "Mozilla/5.0 (Windows NT 10.0; Win64; x64; rv:132.0) Gecko/20100101 Firefox/132.0"
178.115.42.220 - - [21/Nov/2024:14:15:10 +0100] "GET /gui/javascript/form_form.js?1732194910 HTTP/1.1" 200 16206 "http://hausegger.activities.at/entry.php?id=10271&&ser=194849" "Mozilla/5.0 (Windows NT 10.0; Win64; x64; rv:132.0) Gecko/20100101 Firefox/132.0"
178.115.42.220 - - [21/Nov/2024:14:16:10 +0100] "GET /entry.php?id=10271&&ser=194910 HTTP/1.1" 200 986 "http://hausegger.activities.at/entry.php?id=10271&&ser=194849" "Mozilla/5.0 (Windows NT 10.0; Win64; x64; rv:132.0) Gecko/20100101 Firefox/132.0"
178.115.42.220 - - [21/Nov/2024:14:16:10 +0100] "GET /gui/javascript/form_form.js?1732194970 HTTP/1.1" 200 16206 "http://hausegger.activities.at/entry.php?id=10271&&ser=194910" "Mozilla/5.0 (Windows NT 10.0; Win64; x64; rv:132.0) Gecko/20100101 Firefox/132.0"
178.115.42.220 - - [21/Nov/2024:14:17:10 +0100] "GET /entry.php?id=10271&&ser=194970 HTTP/1.1" 200 987 "http://hausegger.activities.at/entry.php?id=10271&&ser=194910" "Mozilla/5.0 (Windows NT 10.0; Win64; x64; rv:132.0) Gecko/20100101 Firefox/132.0"
178.115.42.220 - - [21/Nov/2024:14:17:10 +0100] "GET /gui/javascript/form_form.js?1732195030 HTTP/1.1" 200 16206 "http://hausegger.activities.at/entry.php?id=10271&&ser=194970" "Mozilla/5.0 (Windows NT 10.0; Win64; x64; rv:132.0) Gecko/20100101 Firefox/132.0"
156.59.198.136 - - [21/Nov/2024:14:17:54 +0100] "GET /renault.activities.at/htdocs/export/xml/data/orders/202108312003_RenOrder.xml HTTP/1.0" 404 328 "-" "Mozilla/5.0 (Linux; Android 5.0) AppleWebKit/537.36 (KHTML, like Gecko) Mobile Safari/537.36 (compatible; Bytespider; spider-feedback@bytedance.com)"
92.255.57.58 - - [21/Nov/2024:14:18:10 +0100] "GET /?XDEBUG_SESSION_START=phpstorm HTTP/1.1" 200 274 "-" "Mozilla/5.0 (Windows NT 10.0; Win64; x64) AppleWebKit/537.36 (KHTML, like Gecko) Chrome/78.0.3904.108 Safari/537.36"
178.115.42.220 - - [21/Nov/2024:14:18:10 +0100] "GET /entry.php?id=10271&&ser=195030 HTTP/1.1" 200 987 "http://hausegger.activities.at/entry.php?id=10271&&ser=194970" "Mozilla/5.0 (Windows NT 10.0; Win64; x64; rv:132.0) Gecko/20100101 Firefox/132.0"
178.115.42.220 - - [21/Nov/2024:14:18:10 +0100] "GET /gui/javascript/form_form.js?1732195090 HTTP/1.1" 200 16206 "http://hausegger.activities.at/entry.php?id=10271&&ser=195030" "Mozilla/5.0 (Windows NT 10.0; Win64; x64; rv:132.0) Gecko/20100101 Firefox/132.0"
178.115.42.220 - - [21/Nov/2024:14:19:11 +0100] "GET /entry.php?id=10271&&ser=195090 HTTP/1.1" 200 987 "http://hausegger.activities.at/entry.php?id=10271&&ser=195030" "Mozilla/5.0 (Windows NT 10.0; Win64; x64; rv:132.0) Gecko/20100101 Firefox/132.0"
178.115.42.220 - - [21/Nov/2024:14:19:11 +0100] "GET /gui/javascript/form_form.js?1732195151 HTTP/1.1" 200 16206 "http://hausegger.activities.at/entry.php?id=10271&&ser=195090" "Mozilla/5.0 (Windows NT 10.0; Win64; x64; rv:132.0) Gecko/20100101 Firefox/132.0"
178.115.42.220 - - [21/Nov/2024:14:20:11 +0100] "GET /entry.php?id=10271&&ser=195151 HTTP/1.1" 200 986 "http://hausegger.activities.at/entry.php?id=10271&&ser=195090" "Mozilla/5.0 (Windows NT 10.0; Win64; x64; rv:132.0) Gecko/20100101 Firefox/132.0"
178.115.42.220 - - [21/Nov/2024:14:20:11 +0100] "GET /gui/javascript/form_form.js?1732195211 HTTP/1.1" 200 16206 "http://hausegger.activities.at/entry.php?id=10271&&ser=195151" "Mozilla/5.0 (Windows NT 10.0; Win64; x64; rv:132.0) Gecko/20100101 Firefox/132.0"
178.115.42.220 - - [21/Nov/2024:14:21:11 +0100] "GET /entry.php?id=10271&&ser=195211 HTTP/1.1" 200 987 "http://hausegger.activities.at/entry.php?id=10271&&ser=195151" "Mozilla/5.0 (Windows NT 10.0; Win64; x64; rv:132.0) Gecko/20100101 Firefox/132.0"
178.115.42.220 - - [21/Nov/2024:14:21:11 +0100] "GET /gui/javascript/form_form.js?1732195271 HTTP/1.1" 200 16206 "http://hausegger.activities.at/entry.php?id=10271&&ser=195211" "Mozilla/5.0 (Windows NT 10.0; Win64; x64; rv:132.0) Gecko/20100101 Firefox/132.0"
156.59.198.136 - - [21/Nov/2024:14:21:55 +0100] "GET /default/cgi-bin/lang/awstats-nb.txt HTTP/1.0" 404 303 "-" "Mozilla/5.0 (Linux; Android 5.0) AppleWebKit/537.36 (KHTML, like Gecko) Mobile Safari/537.36 (compatible; Bytespider; spider-feedback@bytedance.com)"
178.115.42.220 - - [21/Nov/2024:14:22:12 +0100] "GET /entry.php?id=10271&&ser=195271 HTTP/1.1" 200 987 "http://hausegger.activities.at/entry.php?id=10271&&ser=195211" "Mozilla/5.0 (Windows NT 10.0; Win64; x64; rv:132.0) Gecko/20100101 Firefox/132.0"
178.115.42.220 - - [21/Nov/2024:14:22:12 +0100] "GET /gui/javascript/form_form.js?1732195332 HTTP/1.1" 200 16206 "http://hausegger.activities.at/entry.php?id=10271&&ser=195271" "Mozilla/5.0 (Windows NT 10.0; Win64; x64; rv:132.0) Gecko/20100101 Firefox/132.0"
178.115.42.220 - - [21/Nov/2024:14:23:12 +0100] "GET /entry.php?id=10271&&ser=195332 HTTP/1.1" 200 987 "http://hausegger.activities.at/entry.php?id=10271&&ser=195271" "Mozilla/5.0 (Windows NT 10.0; Win64; x64; rv:132.0) Gecko/20100101 Firefox/132.0"
178.115.42.220 - - [21/Nov/2024:14:23:12 +0100] "GET /gui/javascript/form_form.js?1732195392 HTTP/1.1" 200 16206 "http://hausegger.activities.at/entry.php?id=10271&&ser=195332" "Mozilla/5.0 (Windows NT 10.0; Win64; x64; rv:132.0) Gecko/20100101 Firefox/132.0"
178.115.42.220 - - [21/Nov/2024:14:24:12 +0100] "GET /entry.php?id=10271&&ser=195392 HTTP/1.1" 200 987 "http://hausegger.activities.at/entry.php?id=10271&&ser=195332" "Mozilla/5.0 (Windows NT 10.0; Win64; x64; rv:132.0) Gecko/20100101 Firefox/132.0"
178.115.42.220 - - [21/Nov/2024:14:24:12 +0100] "GET /gui/javascript/form_form.js?1732195452 HTTP/1.1" 200 16206 "http://hausegger.activities.at/entry.php?id=10271&&ser=195392" "Mozilla/5.0 (Windows NT 10.0; Win64; x64; rv:132.0) Gecko/20100101 Firefox/132.0"
178.115.42.220 - - [21/Nov/2024:14:25:12 +0100] "GET /entry.php?id=10271&&ser=195452 HTTP/1.1" 200 987 "http://hausegger.activities.at/entry.php?id=10271&&ser=195392" "Mozilla/5.0 (Windows NT 10.0; Win64; x64; rv:132.0) Gecko/20100101 Firefox/132.0"
178.115.42.220 - - [21/Nov/2024:14:25:13 +0100] "GET /gui/javascript/form_form.js?1732195513 HTTP/1.1" 200 16206 "http://hausegger.activities.at/entry.php?id=10271&&ser=195452" "Mozilla/5.0 (Windows NT 10.0; Win64; x64; rv:132.0) Gecko/20100101 Firefox/132.0"
156.59.198.135 - - [21/Nov/2024:14:25:55 +0100] "GET /renault.activities.at/htdocs/export/xml/data/orders/202001210903_RenOrder.xml HTTP/1.0" 404 328 "-" "Mozilla/5.0 (Linux; Android 5.0) AppleWebKit/537.36 (KHTML, like Gecko) Mobile Safari/537.36 (compatible; Bytespider; spider-feedback@bytedance.com)"
178.115.42.220 - - [21/Nov/2024:14:26:13 +0100] "GET /entry.php?id=10271&&ser=195513 HTTP/1.1" 200 987 "http://hausegger.activities.at/entry.php?id=10271&&ser=195452" "Mozilla/5.0 (Windows NT 10.0; Win64; x64; rv:132.0) Gecko/20100101 Firefox/132.0"
178.115.42.220 - - [21/Nov/2024:14:26:13 +0100] "GET /gui/javascript/form_form.js?1732195573 HTTP/1.1" 200 16206 "http://hausegger.activities.at/entry.php?id=10271&&ser=195513" "Mozilla/5.0 (Windows NT 10.0; Win64; x64; rv:132.0) Gecko/20100101 Firefox/132.0"
178.115.42.220 - - [21/Nov/2024:14:27:13 +0100] "GET /entry.php?id=10271&&ser=195573 HTTP/1.1" 200 987 "http://hausegger.activities.at/entry.php?id=10271&&ser=195513" "Mozilla/5.0 (Windows NT 10.0; Win64; x64; rv:132.0) Gecko/20100101 Firefox/132.0"
178.115.42.220 - - [21/Nov/2024:14:27:13 +0100] "GET /gui/javascript/form_form.js?1732195633 HTTP/1.1" 200 16206 "http://hausegger.activities.at/entry.php?id=10271&&ser=195573" "Mozilla/5.0 (Windows NT 10.0; Win64; x64; rv:132.0) Gecko/20100101 Firefox/132.0"
178.115.42.220 - - [21/Nov/2024:14:28:13 +0100] "GET /entry.php?id=10271&&ser=195633 HTTP/1.1" 200 987 "http://hausegger.activities.at/entry.php?id=10271&&ser=195573" "Mozilla/5.0 (Windows NT 10.0; Win64; x64; rv:132.0) Gecko/20100101 Firefox/132.0"
178.115.42.220 - - [21/Nov/2024:14:28:13 +0100] "GET /gui/javascript/form_form.js?1732195693 HTTP/1.1" 200 16206 "http://hausegger.activities.at/entry.php?id=10271&&ser=195633" "Mozilla/5.0 (Windows NT 10.0; Win64; x64; rv:132.0) Gecko/20100101 Firefox/132.0"
178.115.42.220 - - [21/Nov/2024:14:29:14 +0100] "GET /entry.php?id=10271&&ser=195693 HTTP/1.1" 200 987 "http://hausegger.activities.at/entry.php?id=10271&&ser=195633" "Mozilla/5.0 (Windows NT 10.0; Win64; x64; rv:132.0) Gecko/20100101 Firefox/132.0"
178.115.42.220 - - [21/Nov/2024:14:29:14 +0100] "GET /gui/javascript/form_form.js?1732195754 HTTP/1.1" 200 16206 "http://hausegger.activities.at/entry.php?id=10271&&ser=195693" "Mozilla/5.0 (Windows NT 10.0; Win64; x64; rv:132.0) Gecko/20100101 Firefox/132.0"
178.115.42.220 - - [21/Nov/2024:14:29:28 +0100] "POST /entry.php?id=10889 HTTP/1.1" 200 1723 "http://hausegger.activities.at/entry.php?id=10889" "Mozilla/5.0 (Windows NT 10.0; Win64; x64; rv:132.0) Gecko/20100101 Firefox/132.0"
178.115.42.220 - - [21/Nov/2024:14:29:29 +0100] "GET /gui/javascript/form_form.js?1732195769 HTTP/1.1" 200 16206 "http://hausegger.activities.at/entry.php?id=10889" "Mozilla/5.0 (Windows NT 10.0; Win64; x64; rv:132.0) Gecko/20100101 Firefox/132.0"
178.115.42.220 - - [21/Nov/2024:14:29:34 +0100] "POST /entry.php?id=10889 HTTP/1.1" 200 1832 "http://hausegger.activities.at/entry.php?id=10889" "Mozilla/5.0 (Windows NT 10.0; Win64; x64; rv:132.0) Gecko/20100101 Firefox/132.0"
178.115.42.220 - - [21/Nov/2024:14:29:35 +0100] "GET /gui/javascript/form_form.js?1732195775 HTTP/1.1" 200 16206 "http://hausegger.activities.at/entry.php?id=10889" "Mozilla/5.0 (Windows NT 10.0; Win64; x64; rv:132.0) Gecko/20100101 Firefox/132.0"
178.115.42.220 - - [21/Nov/2024:14:29:52 +0100] "POST /entry.php?id=10889 HTTP/1.1" 200 1833 "http://hausegger.activities.at/entry.php?id=10889" "Mozilla/5.0 (Windows NT 10.0; Win64; x64; rv:132.0) Gecko/20100101 Firefox/132.0"
178.115.42.220 - - [21/Nov/2024:14:29:52 +0100] "GET /gui/javascript/form_form.js?1732195792 HTTP/1.1" 200 16206 "http://hausegger.activities.at/entry.php?id=10889" "Mozilla/5.0 (Windows NT 10.0; Win64; x64; rv:132.0) Gecko/20100101 Firefox/132.0"
178.115.42.220 - - [21/Nov/2024:14:29:53 +0100] "GET /entry.php?id=10828 HTTP/1.1" 200 9142 "http://hausegger.activities.at/entry.php?id=10270&__app__=10006038" "Mozilla/5.0 (Windows NT 10.0; Win64; x64; rv:132.0) Gecko/20100101 Firefox/132.0"
178.115.42.220 - - [21/Nov/2024:14:29:53 +0100] "GET /gui/javascript/form_form.js?1732195793 HTTP/1.1" 200 16206 "http://hausegger.activities.at/entry.php?id=10828" "Mozilla/5.0 (Windows NT 10.0; Win64; x64; rv:132.0) Gecko/20100101 Firefox/132.0"
178.115.42.220 - - [21/Nov/2024:14:29:53 +0100] "GET /entry.php?id=10889&document_id=& HTTP/1.1" 200 1510 "http://hausegger.activities.at/entry.php?id=10828" "Mozilla/5.0 (Windows NT 10.0; Win64; x64; rv:132.0) Gecko/20100101 Firefox/132.0"
156.59.198.135 - - [21/Nov/2024:14:29:55 +0100] "GET /hausegger.activities.at/stats/lang/awstats-ba.txt HTTP/1.0" 404 309 "-" "Mozilla/5.0 (Linux; Android 5.0) AppleWebKit/537.36 (KHTML, like Gecko) Mobile Safari/537.36 (compatible; Bytespider; spider-feedback@bytedance.com)"
178.115.42.220 - - [21/Nov/2024:14:30:14 +0100] "GET /entry.php?id=10271&&ser=195754 HTTP/1.1" 200 987 "http://hausegger.activities.at/entry.php?id=10271&&ser=195693" "Mozilla/5.0 (Windows NT 10.0; Win64; x64; rv:132.0) Gecko/20100101 Firefox/132.0"
