178.115.42.220 - - [22/Nov/2024:14:23:40 +0100] "GET /entry.php?id=10877&mode=loadSearchArticle&obj=article_8&tag=debit&refobject=10344814&value=160&ser=1732276573799 HTTP/1.1" 200 1861 "http://hausegger.activities.at/entry.php?id=10830&&object=10344814&account=&mode=documentdebitor" "Mozilla/5.0 (Windows NT 10.0; Win64; x64; rv:132.0) Gecko/20100101 Firefox/132.0"
178.115.42.220 - - [22/Nov/2024:14:23:40 +0100] "GET /entry.php?id=10877&mode=loadSearchArticle&obj=article_8&tag=debit&refobject=10344814&value=1601&ser=1732276574631 HTTP/1.1" 200 1400 "http://hausegger.activities.at/entry.php?id=10830&&object=10344814&account=&mode=documentdebitor" "Mozilla/5.0 (Windows NT 10.0; Win64; x64; rv:132.0) Gecko/20100101 Firefox/132.0"
178.115.42.220 - - [22/Nov/2024:14:23:41 +0100] "GET /entry.php?id=10877&mode=loadSearchArticle&obj=article_8&tag=debit&refobject=10344814&value=160160&ser=1732276574990 HTTP/1.1" 200 1288 "http://hausegger.activities.at/entry.php?id=10830&&object=10344814&account=&mode=documentdebitor" "Mozilla/5.0 (Windows NT 10.0; Win64; x64; rv:132.0) Gecko/20100101 Firefox/132.0"
178.115.42.220 - - [22/Nov/2024:14:23:41 +0100] "GET /entry.php?id=10877&mode=loadSearchArticle&obj=article_8&tag=debit&refobject=10344814&value=160160&ser=1732276575094 HTTP/1.1" 200 1288 "http://hausegger.activities.at/entry.php?id=10830&&object=10344814&account=&mode=documentdebitor" "Mozilla/5.0 (Windows NT 10.0; Win64; x64; rv:132.0) Gecko/20100101 Firefox/132.0"
178.115.42.220 - - [22/Nov/2024:14:23:41 +0100] "GET /entry.php?id=10877&mode=loadSearchArticle&obj=article_8&tag=debit&refobject=10344814&value=1601601&ser=1732276575287 HTTP/1.1" 200 795 "http://hausegger.activities.at/entry.php?id=10830&&object=10344814&account=&mode=documentdebitor" "Mozilla/5.0 (Windows NT 10.0; Win64; x64; rv:132.0) Gecko/20100101 Firefox/132.0"
178.115.42.220 - - [22/Nov/2024:14:23:41 +0100] "GET /entry.php?id=10877&mode=loadSearchArticle&obj=article_8&tag=debit&refobject=10344814&value=16016013&ser=1732276575503 HTTP/1.1" 200 417 "http://hausegger.activities.at/entry.php?id=10830&&object=10344814&account=&mode=documentdebitor" "Mozilla/5.0 (Windows NT 10.0; Win64; x64; rv:132.0) Gecko/20100101 Firefox/132.0"
178.115.42.220 - - [22/Nov/2024:14:23:41 +0100] "GET /entry.php?id=10877&mode=loadSearchArticle&obj=article_8&tag=debit&refobject=10344814&value=160160135&ser=1732276575679 HTTP/1.1" 200 269 "http://hausegger.activities.at/entry.php?id=10830&&object=10344814&account=&mode=documentdebitor" "Mozilla/5.0 (Windows NT 10.0; Win64; x64; rv:132.0) Gecko/20100101 Firefox/132.0"
178.115.42.220 - - [22/Nov/2024:14:23:43 +0100] "POST /entry.php?id=10889 HTTP/1.1" 200 1968 "http://hausegger.activities.at/entry.php?id=10889" "Mozilla/5.0 (Windows NT 10.0; Win64; x64; rv:132.0) Gecko/20100101 Firefox/132.0"
178.115.42.220 - - [22/Nov/2024:14:23:43 +0100] "GET /gui/javascript/form_form.js?1732281823 HTTP/1.1" 200 16206 "http://hausegger.activities.at/entry.php?id=10889" "Mozilla/5.0 (Windows NT 10.0; Win64; x64; rv:132.0) Gecko/20100101 Firefox/132.0"
178.115.42.220 - - [22/Nov/2024:14:23:43 +0100] "POST /entry.php?id=10889 HTTP/1.1" 200 1735 "http://hausegger.activities.at/entry.php?id=10889" "Mozilla/5.0 (Windows NT 10.0; Win64; x64; rv:132.0) Gecko/20100101 Firefox/132.0"
178.115.42.220 - - [22/Nov/2024:14:23:44 +0100] "GET /gui/javascript/form_form.js?1732281824 HTTP/1.1" 200 16206 "http://hausegger.activities.at/entry.php?id=10889" "Mozilla/5.0 (Windows NT 10.0; Win64; x64; rv:132.0) Gecko/20100101 Firefox/132.0"
178.115.42.220 - - [22/Nov/2024:14:23:45 +0100] "POST /entry.php?id=10889 HTTP/1.1" 200 1841 "http://hausegger.activities.at/entry.php?id=10889" "Mozilla/5.0 (Windows NT 10.0; Win64; x64; rv:132.0) Gecko/20100101 Firefox/132.0"
178.115.42.220 - - [22/Nov/2024:14:23:45 +0100] "GET /gui/javascript/form_form.js?1732281825 HTTP/1.1" 200 16206 "http://hausegger.activities.at/entry.php?id=10889" "Mozilla/5.0 (Windows NT 10.0; Win64; x64; rv:132.0) Gecko/20100101 Firefox/132.0"
178.115.42.220 - - [22/Nov/2024:14:23:46 +0100] "POST /entry.php?id=10889 HTTP/1.1" 200 1731 "http://hausegger.activities.at/entry.php?id=10889" "Mozilla/5.0 (Windows NT 10.0; Win64; x64; rv:132.0) Gecko/20100101 Firefox/132.0"
178.115.42.220 - - [22/Nov/2024:14:23:47 +0100] "GET /gui/javascript/form_form.js?1732281827 HTTP/1.1" 200 16206 "http://hausegger.activities.at/entry.php?id=10889" "Mozilla/5.0 (Windows NT 10.0; Win64; x64; rv:132.0) Gecko/20100101 Firefox/132.0"
178.115.42.220 - - [22/Nov/2024:14:23:48 +0100] "POST /entry.php?id=10889 HTTP/1.1" 200 1851 "http://hausegger.activities.at/entry.php?id=10889" "Mozilla/5.0 (Windows NT 10.0; Win64; x64; rv:132.0) Gecko/20100101 Firefox/132.0"
178.115.42.220 - - [22/Nov/2024:14:23:49 +0100] "GET /gui/javascript/form_form.js?1732281829 HTTP/1.1" 200 16206 "http://hausegger.activities.at/entry.php?id=10889" "Mozilla/5.0 (Windows NT 10.0; Win64; x64; rv:132.0) Gecko/20100101 Firefox/132.0"
178.115.42.220 - - [22/Nov/2024:14:23:51 +0100] "GET /entry.php?id=11270&document=10344814 HTTP/1.1" 200 1974 "http://hausegger.activities.at/entry.php?id=10828" "Mozilla/5.0 (Windows NT 10.0; Win64; x64; rv:132.0) Gecko/20100101 Firefox/132.0"
178.115.42.220 - - [22/Nov/2024:14:23:51 +0100] "GET /gui/javascript/form_bu_document.js?1732281831 HTTP/1.1" 200 2675 "http://hausegger.activities.at/entry.php?id=11270&document=10344814" "Mozilla/5.0 (Windows NT 10.0; Win64; x64; rv:132.0) Gecko/20100101 Firefox/132.0"
178.115.42.220 - - [22/Nov/2024:14:23:51 +0100] "GET /gui/javascript/form_form.js?1732281831 HTTP/1.1" 200 16206 "http://hausegger.activities.at/entry.php?id=11270&document=10344814" "Mozilla/5.0 (Windows NT 10.0; Win64; x64; rv:132.0) Gecko/20100101 Firefox/132.0"
178.115.42.220 - - [22/Nov/2024:14:23:51 +0100] "GET /entry.php?id=10877&mode=observePrint HTTP/1.1" 200 55 "http://hausegger.activities.at/entry.php?id=11270&document=10344814" "Mozilla/5.0 (Windows NT 10.0; Win64; x64; rv:132.0) Gecko/20100101 Firefox/132.0"
178.115.42.220 - - [22/Nov/2024:14:23:51 +0100] "GET /entry.php?id=11241&images=false&document=10344814 HTTP/1.1" 200 2527 "http://hausegger.activities.at/entry.php?id=11270&document=10344814" "Mozilla/5.0 (Windows NT 10.0; Win64; x64; rv:132.0) Gecko/20100101 Firefox/132.0"
178.115.42.220 - - [22/Nov/2024:14:23:51 +0100] "GET /binaries/10222042.jpg HTTP/1.1" 200 13888 "http://hausegger.activities.at/entry.php?id=11241&images=false&document=10344814" "Mozilla/5.0 (Windows NT 10.0; Win64; x64; rv:132.0) Gecko/20100101 Firefox/132.0"
178.115.42.220 - - [22/Nov/2024:14:24:03 +0100] "GET /entry.php?id=10271&&ser=281783 HTTP/1.1" 200 987 "http://hausegger.activities.at/entry.php?id=10271&&ser=281723" "Mozilla/5.0 (Windows NT 10.0; Win64; x64; rv:132.0) Gecko/20100101 Firefox/132.0"
178.115.42.220 - - [22/Nov/2024:14:24:04 +0100] "GET /gui/javascript/form_form.js?1732281844 HTTP/1.1" 200 16206 "http://hausegger.activities.at/entry.php?id=10271&&ser=281783" "Mozilla/5.0 (Windows NT 10.0; Win64; x64; rv:132.0) Gecko/20100101 Firefox/132.0"
178.115.42.220 - - [22/Nov/2024:14:25:04 +0100] "GET /entry.php?id=10271&&ser=281844 HTTP/1.1" 200 986 "http://hausegger.activities.at/entry.php?id=10271&&ser=281783" "Mozilla/5.0 (Windows NT 10.0; Win64; x64; rv:132.0) Gecko/20100101 Firefox/132.0"
178.115.42.220 - - [22/Nov/2024:14:25:04 +0100] "GET /gui/javascript/form_form.js?1732281904 HTTP/1.1" 200 16206 "http://hausegger.activities.at/entry.php?id=10271&&ser=281844" "Mozilla/5.0 (Windows NT 10.0; Win64; x64; rv:132.0) Gecko/20100101 Firefox/132.0"
178.115.42.220 - - [22/Nov/2024:14:26:04 +0100] "GET /entry.php?id=10271&&ser=281904 HTTP/1.1" 200 986 "http://hausegger.activities.at/entry.php?id=10271&&ser=281844" "Mozilla/5.0 (Windows NT 10.0; Win64; x64; rv:132.0) Gecko/20100101 Firefox/132.0"
178.115.42.220 - - [22/Nov/2024:14:26:04 +0100] "GET /gui/javascript/form_form.js?1732281964 HTTP/1.1" 200 16206 "http://hausegger.activities.at/entry.php?id=10271&&ser=281904" "Mozilla/5.0 (Windows NT 10.0; Win64; x64; rv:132.0) Gecko/20100101 Firefox/132.0"
178.115.42.220 - - [22/Nov/2024:14:27:04 +0100] "GET /entry.php?id=10271&&ser=281964 HTTP/1.1" 200 986 "http://hausegger.activities.at/entry.php?id=10271&&ser=281904" "Mozilla/5.0 (Windows NT 10.0; Win64; x64; rv:132.0) Gecko/20100101 Firefox/132.0"
178.115.42.220 - - [22/Nov/2024:14:27:04 +0100] "GET /gui/javascript/form_form.js?1732282024 HTTP/1.1" 200 16206 "http://hausegger.activities.at/entry.php?id=10271&&ser=281964" "Mozilla/5.0 (Windows NT 10.0; Win64; x64; rv:132.0) Gecko/20100101 Firefox/132.0"
156.59.198.136 - - [22/Nov/2024:14:27:09 +0100] "GET /renault.activities.at/htdocs/export/xml/data/orders/201911111203_RenOrder.xml HTTP/1.0" 404 327 "-" "Mozilla/5.0 (Linux; Android 5.0) AppleWebKit/537.36 (KHTML, like Gecko) Mobile Safari/537.36 (compatible; Bytespider; spider-feedback@bytedance.com)"
178.115.42.220 - - [22/Nov/2024:14:28:04 +0100] "GET /entry.php?id=10271&&ser=282024 HTTP/1.1" 200 987 "http://hausegger.activities.at/entry.php?id=10271&&ser=281964" "Mozilla/5.0 (Windows NT 10.0; Win64; x64; rv:132.0) Gecko/20100101 Firefox/132.0"
178.115.42.220 - - [22/Nov/2024:14:28:05 +0100] "GET /gui/javascript/form_form.js?1732282085 HTTP/1.1" 200 16206 "http://hausegger.activities.at/entry.php?id=10271&&ser=282024" "Mozilla/5.0 (Windows NT 10.0; Win64; x64; rv:132.0) Gecko/20100101 Firefox/132.0"
195.191.219.131 - - [22/Nov/2024:14:28:47 +0100] "GET /robots.txt HTTP/1.1" 404 370 "-" "Mozilla/5.0 (compatible; MJ12bot/v1.4.8; http://mj12bot.com/)"
195.191.219.131 - - [22/Nov/2024:14:28:49 +0100] "GET / HTTP/1.1" 200 274 "-" "Mozilla/5.0 (compatible; MJ12bot/v1.4.8; http://mj12bot.com/)"
195.191.219.131 - - [22/Nov/2024:14:28:50 +0100] "GET /robots.txt HTTP/1.1" 404 366 "-" "Mozilla/5.0 (compatible; MJ12bot/v1.4.8; http://mj12bot.com/)"
195.191.219.131 - - [22/Nov/2024:14:28:51 +0100] "GET / HTTP/1.1" 200 274 "-" "Mozilla/5.0 (compatible; MJ12bot/v1.4.8; http://mj12bot.com/)"
178.115.42.220 - - [22/Nov/2024:14:29:05 +0100] "GET /entry.php?id=10271&&ser=282085 HTTP/1.1" 200 987 "http://hausegger.activities.at/entry.php?id=10271&&ser=282024" "Mozilla/5.0 (Windows NT 10.0; Win64; x64; rv:132.0) Gecko/20100101 Firefox/132.0"
178.115.42.220 - - [22/Nov/2024:14:29:05 +0100] "GET /gui/javascript/form_form.js?1732282145 HTTP/1.1" 200 16206 "http://hausegger.activities.at/entry.php?id=10271&&ser=282085" "Mozilla/5.0 (Windows NT 10.0; Win64; x64; rv:132.0) Gecko/20100101 Firefox/132.0"
178.115.42.220 - - [22/Nov/2024:14:30:05 +0100] "GET /entry.php?id=10271&&ser=282145 HTTP/1.1" 200 987 "http://hausegger.activities.at/entry.php?id=10271&&ser=282085" "Mozilla/5.0 (Windows NT 10.0; Win64; x64; rv:132.0) Gecko/20100101 Firefox/132.0"
178.115.42.220 - - [22/Nov/2024:14:30:05 +0100] "GET /gui/javascript/form_form.js?1732282205 HTTP/1.1" 200 16206 "http://hausegger.activities.at/entry.php?id=10271&&ser=282145" "Mozilla/5.0 (Windows NT 10.0; Win64; x64; rv:132.0) Gecko/20100101 Firefox/132.0"
178.115.42.220 - - [22/Nov/2024:14:31:05 +0100] "GET /entry.php?id=10271&&ser=282205 HTTP/1.1" 200 987 "http://hausegger.activities.at/entry.php?id=10271&&ser=282145" "Mozilla/5.0 (Windows NT 10.0; Win64; x64; rv:132.0) Gecko/20100101 Firefox/132.0"
178.115.42.220 - - [22/Nov/2024:14:31:06 +0100] "GET /gui/javascript/form_form.js?1732282265 HTTP/1.1" 200 16206 "http://hausegger.activities.at/entry.php?id=10271&&ser=282205" "Mozilla/5.0 (Windows NT 10.0; Win64; x64; rv:132.0) Gecko/20100101 Firefox/132.0"
156.59.198.135 - - [22/Nov/2024:14:31:09 +0100] "GET /renault.activities.at/htdocs/export/xml/data/orders/202009291603_RenOrder.xml HTTP/1.0" 404 329 "-" "Mozilla/5.0 (Linux; Android 5.0) AppleWebKit/537.36 (KHTML, like Gecko) Mobile Safari/537.36 (compatible; Bytespider; spider-feedback@bytedance.com)"
178.115.42.220 - - [22/Nov/2024:14:32:06 +0100] "GET /entry.php?id=10271&&ser=282265 HTTP/1.1" 200 987 "http://hausegger.activities.at/entry.php?id=10271&&ser=282205" "Mozilla/5.0 (Windows NT 10.0; Win64; x64; rv:132.0) Gecko/20100101 Firefox/132.0"
178.115.42.220 - - [22/Nov/2024:14:32:06 +0100] "GET /gui/javascript/form_form.js?1732282326 HTTP/1.1" 200 16206 "http://hausegger.activities.at/entry.php?id=10271&&ser=282265" "Mozilla/5.0 (Windows NT 10.0; Win64; x64; rv:132.0) Gecko/20100101 Firefox/132.0"
178.115.42.220 - - [22/Nov/2024:14:33:06 +0100] "GET /entry.php?id=10271&&ser=282326 HTTP/1.1" 200 987 "http://hausegger.activities.at/entry.php?id=10271&&ser=282265" "Mozilla/5.0 (Windows NT 10.0; Win64; x64; rv:132.0) Gecko/20100101 Firefox/132.0"
178.115.42.220 - - [22/Nov/2024:14:33:06 +0100] "GET /gui/javascript/form_form.js?1732282386 HTTP/1.1" 200 16206 "http://hausegger.activities.at/entry.php?id=10271&&ser=282326" "Mozilla/5.0 (Windows NT 10.0; Win64; x64; rv:132.0) Gecko/20100101 Firefox/132.0"
178.115.42.220 - - [22/Nov/2024:14:34:10 +0100] "GET /entry.php?id=10271&&ser=282386 HTTP/1.1" 200 987 "http://hausegger.activities.at/entry.php?id=10271&&ser=282326" "Mozilla/5.0 (Windows NT 10.0; Win64; x64; rv:132.0) Gecko/20100101 Firefox/132.0"
178.115.42.220 - - [22/Nov/2024:14:34:10 +0100] "GET /gui/javascript/form_form.js?1732282450 HTTP/1.1" 200 16206 "http://hausegger.activities.at/entry.php?id=10271&&ser=282386" "Mozilla/5.0 (Windows NT 10.0; Win64; x64; rv:132.0) Gecko/20100101 Firefox/132.0"
156.59.198.136 - - [22/Nov/2024:14:35:10 +0100] "GET /docs/contadino/2018/RECHNUNG/RE18-00008.pdf HTTP/1.0" 404 307 "-" "Mozilla/5.0 (Linux; Android 5.0) AppleWebKit/537.36 (KHTML, like Gecko) Mobile Safari/537.36 (compatible; Bytespider; spider-feedback@bytedance.com)"
178.115.42.220 - - [22/Nov/2024:14:35:11 +0100] "GET /entry.php?id=10271&&ser=282450 HTTP/1.1" 200 986 "http://hausegger.activities.at/entry.php?id=10271&&ser=282386" "Mozilla/5.0 (Windows NT 10.0; Win64; x64; rv:132.0) Gecko/20100101 Firefox/132.0"
178.115.42.220 - - [22/Nov/2024:14:35:12 +0100] "GET /gui/javascript/form_form.js?1732282511 HTTP/1.1" 200 16206 "http://hausegger.activities.at/entry.php?id=10271&&ser=282450" "Mozilla/5.0 (Windows NT 10.0; Win64; x64; rv:132.0) Gecko/20100101 Firefox/132.0"
178.115.42.220 - - [22/Nov/2024:14:36:12 +0100] "GET /entry.php?id=10271&&ser=282511 HTTP/1.1" 200 987 "http://hausegger.activities.at/entry.php?id=10271&&ser=282450" "Mozilla/5.0 (Windows NT 10.0; Win64; x64; rv:132.0) Gecko/20100101 Firefox/132.0"
178.115.42.220 - - [22/Nov/2024:14:36:12 +0100] "GET /gui/javascript/form_form.js?1732282572 HTTP/1.1" 200 16206 "http://hausegger.activities.at/entry.php?id=10271&&ser=282511" "Mozilla/5.0 (Windows NT 10.0; Win64; x64; rv:132.0) Gecko/20100101 Firefox/132.0"
178.115.42.220 - - [22/Nov/2024:14:37:12 +0100] "GET /entry.php?id=10271&&ser=282572 HTTP/1.1" 200 987 "http://hausegger.activities.at/entry.php?id=10271&&ser=282511" "Mozilla/5.0 (Windows NT 10.0; Win64; x64; rv:132.0) Gecko/20100101 Firefox/132.0"
178.115.42.220 - - [22/Nov/2024:14:37:12 +0100] "GET /gui/javascript/form_form.js?1732282632 HTTP/1.1" 200 16206 "http://hausegger.activities.at/entry.php?id=10271&&ser=282572" "Mozilla/5.0 (Windows NT 10.0; Win64; x64; rv:132.0) Gecko/20100101 Firefox/132.0"
178.115.42.220 - - [22/Nov/2024:14:38:12 +0100] "GET /entry.php?id=10271&&ser=282632 HTTP/1.1" 200 986 "http://hausegger.activities.at/entry.php?id=10271&&ser=282572" "Mozilla/5.0 (Windows NT 10.0; Win64; x64; rv:132.0) Gecko/20100101 Firefox/132.0"
178.115.42.220 - - [22/Nov/2024:14:38:12 +0100] "GET /gui/javascript/form_form.js?1732282692 HTTP/1.1" 200 16206 "http://hausegger.activities.at/entry.php?id=10271&&ser=282632" "Mozilla/5.0 (Windows NT 10.0; Win64; x64; rv:132.0) Gecko/20100101 Firefox/132.0"
156.59.198.136 - - [22/Nov/2024:14:39:10 +0100] "GET /renault.activities.at/htdocs/log/cron/reminder_mailing_3116420.txt HTTP/1.0" 404 323 "-" "Mozilla/5.0 (Linux; Android 5.0) AppleWebKit/537.36 (KHTML, like Gecko) Mobile Safari/537.36 (compatible; Bytespider; spider-feedback@bytedance.com)"
178.115.42.220 - - [22/Nov/2024:14:39:13 +0100] "GET /entry.php?id=10271&&ser=282692 HTTP/1.1" 200 987 "http://hausegger.activities.at/entry.php?id=10271&&ser=282632" "Mozilla/5.0 (Windows NT 10.0; Win64; x64; rv:132.0) Gecko/20100101 Firefox/132.0"
178.115.42.220 - - [22/Nov/2024:14:39:13 +0100] "GET /gui/javascript/form_form.js?1732282753 HTTP/1.1" 200 16206 "http://hausegger.activities.at/entry.php?id=10271&&ser=282692" "Mozilla/5.0 (Windows NT 10.0; Win64; x64; rv:132.0) Gecko/20100101 Firefox/132.0"
184.105.247.252 - - [22/Nov/2024:14:40:05 +0100] "\x16\x03\x01" 400 383 "-" "-"
178.115.42.220 - - [22/Nov/2024:14:40:13 +0100] "GET /entry.php?id=10271&&ser=282753 HTTP/1.1" 200 987 "http://hausegger.activities.at/entry.php?id=10271&&ser=282692" "Mozilla/5.0 (Windows NT 10.0; Win64; x64; rv:132.0) Gecko/20100101 Firefox/132.0"
178.115.42.220 - - [22/Nov/2024:14:40:13 +0100] "GET /gui/javascript/form_form.js?1732282813 HTTP/1.1" 200 16206 "http://hausegger.activities.at/entry.php?id=10271&&ser=282753" "Mozilla/5.0 (Windows NT 10.0; Win64; x64; rv:132.0) Gecko/20100101 Firefox/132.0"
178.115.42.220 - - [22/Nov/2024:14:41:13 +0100] "GET /entry.php?id=10271&&ser=282813 HTTP/1.1" 200 987 "http://hausegger.activities.at/entry.php?id=10271&&ser=282753" "Mozilla/5.0 (Windows NT 10.0; Win64; x64; rv:132.0) Gecko/20100101 Firefox/132.0"
178.115.42.220 - - [22/Nov/2024:14:41:13 +0100] "GET /gui/javascript/form_form.js?1732282873 HTTP/1.1" 200 16206 "http://hausegger.activities.at/entry.php?id=10271&&ser=282813" "Mozilla/5.0 (Windows NT 10.0; Win64; x64; rv:132.0) Gecko/20100101 Firefox/132.0"
178.115.42.220 - - [22/Nov/2024:14:42:13 +0100] "GET /entry.php?id=10271&&ser=282873 HTTP/1.1" 200 987 "http://hausegger.activities.at/entry.php?id=10271&&ser=282813" "Mozilla/5.0 (Windows NT 10.0; Win64; x64; rv:132.0) Gecko/20100101 Firefox/132.0"
178.115.42.220 - - [22/Nov/2024:14:42:14 +0100] "GET /gui/javascript/form_form.js?1732282934 HTTP/1.1" 200 16206 "http://hausegger.activities.at/entry.php?id=10271&&ser=282873" "Mozilla/5.0 (Windows NT 10.0; Win64; x64; rv:132.0) Gecko/20100101 Firefox/132.0"
156.59.198.135 - - [22/Nov/2024:14:43:10 +0100] "GET /renault.activities.at/htdocs/export/pdf/emuc_document/11667112.pdf HTTP/1.0" 404 322 "-" "Mozilla/5.0 (Linux; Android 5.0) AppleWebKit/537.36 (KHTML, like Gecko) Mobile Safari/537.36 (compatible; Bytespider; spider-feedback@bytedance.com)"
178.115.42.220 - - [22/Nov/2024:14:43:14 +0100] "GET /entry.php?id=10271&&ser=282934 HTTP/1.1" 200 987 "http://hausegger.activities.at/entry.php?id=10271&&ser=282873" "Mozilla/5.0 (Windows NT 10.0; Win64; x64; rv:132.0) Gecko/20100101 Firefox/132.0"
178.115.42.220 - - [22/Nov/2024:14:43:14 +0100] "GET /gui/javascript/form_form.js?1732282994 HTTP/1.1" 200 16206 "http://hausegger.activities.at/entry.php?id=10271&&ser=282934" "Mozilla/5.0 (Windows NT 10.0; Win64; x64; rv:132.0) Gecko/20100101 Firefox/132.0"
95.214.53.205 - - [22/Nov/2024:14:44:09 +0100] "GET / HTTP/1.1" 200 423 "-" "-"
178.115.42.220 - - [22/Nov/2024:14:44:14 +0100] "GET /entry.php?id=10271&&ser=282994 HTTP/1.1" 200 987 "http://hausegger.activities.at/entry.php?id=10271&&ser=282934" "Mozilla/5.0 (Windows NT 10.0; Win64; x64; rv:132.0) Gecko/20100101 Firefox/132.0"
178.115.42.220 - - [22/Nov/2024:14:44:14 +0100] "GET /gui/javascript/form_form.js?1732283054 HTTP/1.1" 200 16206 "http://hausegger.activities.at/entry.php?id=10271&&ser=282994" "Mozilla/5.0 (Windows NT 10.0; Win64; x64; rv:132.0) Gecko/20100101 Firefox/132.0"
178.115.42.220 - - [22/Nov/2024:14:45:14 +0100] "GET /entry.php?id=10271&&ser=283054 HTTP/1.1" 200 987 "http://hausegger.activities.at/entry.php?id=10271&&ser=282994" "Mozilla/5.0 (Windows NT 10.0; Win64; x64; rv:132.0) Gecko/20100101 Firefox/132.0"
178.115.42.220 - - [22/Nov/2024:14:45:14 +0100] "GET /gui/javascript/form_form.js?1732283114 HTTP/1.1" 200 16206 "http://hausegger.activities.at/entry.php?id=10271&&ser=283054" "Mozilla/5.0 (Windows NT 10.0; Win64; x64; rv:132.0) Gecko/20100101 Firefox/132.0"
178.115.42.220 - - [22/Nov/2024:14:46:15 +0100] "GET /entry.php?id=10271&&ser=283114 HTTP/1.1" 200 987 "http://hausegger.activities.at/entry.php?id=10271&&ser=283054" "Mozilla/5.0 (Windows NT 10.0; Win64; x64; rv:132.0) Gecko/20100101 Firefox/132.0"
178.115.42.220 - - [22/Nov/2024:14:46:15 +0100] "GET /gui/javascript/form_form.js?1732283175 HTTP/1.1" 200 16206 "http://hausegger.activities.at/entry.php?id=10271&&ser=283114" "Mozilla/5.0 (Windows NT 10.0; Win64; x64; rv:132.0) Gecko/20100101 Firefox/132.0"
156.59.198.136 - - [22/Nov/2024:14:47:10 +0100] "GET /renault.2web.at/stats/lang/awstats-id.txt HTTP/1.0" 404 303 "-" "Mozilla/5.0 (Linux; Android 5.0) AppleWebKit/537.36 (KHTML, like Gecko) Mobile Safari/537.36 (compatible; Bytespider; spider-feedback@bytedance.com)"
178.115.42.220 - - [22/Nov/2024:14:47:15 +0100] "GET /entry.php?id=10271&&ser=283175 HTTP/1.1" 200 987 "http://hausegger.activities.at/entry.php?id=10271&&ser=283114" "Mozilla/5.0 (Windows NT 10.0; Win64; x64; rv:132.0) Gecko/20100101 Firefox/132.0"
178.115.42.220 - - [22/Nov/2024:14:47:15 +0100] "GET /gui/javascript/form_form.js?1732283235 HTTP/1.1" 200 16206 "http://hausegger.activities.at/entry.php?id=10271&&ser=283175" "Mozilla/5.0 (Windows NT 10.0; Win64; x64; rv:132.0) Gecko/20100101 Firefox/132.0"
178.115.42.220 - - [22/Nov/2024:14:48:15 +0100] "GET /entry.php?id=10271&&ser=283235 HTTP/1.1" 200 987 "http://hausegger.activities.at/entry.php?id=10271&&ser=283175" "Mozilla/5.0 (Windows NT 10.0; Win64; x64; rv:132.0) Gecko/20100101 Firefox/132.0"
178.115.42.220 - - [22/Nov/2024:14:48:15 +0100] "GET /gui/javascript/form_form.js?1732283295 HTTP/1.1" 200 16206 "http://hausegger.activities.at/entry.php?id=10271&&ser=283235" "Mozilla/5.0 (Windows NT 10.0; Win64; x64; rv:132.0) Gecko/20100101 Firefox/132.0"
178.115.42.220 - - [22/Nov/2024:14:49:15 +0100] "GET /entry.php?id=10271&&ser=283295 HTTP/1.1" 200 987 "http://hausegger.activities.at/entry.php?id=10271&&ser=283235" "Mozilla/5.0 (Windows NT 10.0; Win64; x64; rv:132.0) Gecko/20100101 Firefox/132.0"
178.115.42.220 - - [22/Nov/2024:14:49:16 +0100] "GET /gui/javascript/form_form.js?1732283355 HTTP/1.1" 200 16206 "http://hausegger.activities.at/entry.php?id=10271&&ser=283295" "Mozilla/5.0 (Windows NT 10.0; Win64; x64; rv:132.0) Gecko/20100101 Firefox/132.0"
194.38.23.16 - - [22/Nov/2024:14:50:07 +0100] "GET /wp-content/plugins/html5avmanager/lib/uploadify/uploadify.css HTTP/1.1" 404 413 "-" "ALittle Client"
178.115.42.220 - - [22/Nov/2024:14:50:16 +0100] "GET /entry.php?id=10271&&ser=283355 HTTP/1.1" 200 987 "http://hausegger.activities.at/entry.php?id=10271&&ser=283295" "Mozilla/5.0 (Windows NT 10.0; Win64; x64; rv:132.0) Gecko/20100101 Firefox/132.0"
194.38.23.16 - - [22/Nov/2024:14:50:16 +0100] "GET /wp-content/plugins/html5avmanager/lib/uploadify/uploadify.css HTTP/1.1" 404 426 "-" "ALittle Client"
178.115.42.220 - - [22/Nov/2024:14:50:16 +0100] "GET /gui/javascript/form_form.js?1732283416 HTTP/1.1" 200 16206 "http://hausegger.activities.at/entry.php?id=10271&&ser=283355" "Mozilla/5.0 (Windows NT 10.0; Win64; x64; rv:132.0) Gecko/20100101 Firefox/132.0"
156.59.198.136 - - [22/Nov/2024:14:51:11 +0100] "GET /renault.activities.at/htdocs/log/cron/reminder_mailing_3116498.txt HTTP/1.0" 404 323 "-" "Mozilla/5.0 (Linux; Android 5.0) AppleWebKit/537.36 (KHTML, like Gecko) Mobile Safari/537.36 (compatible; Bytespider; spider-feedback@bytedance.com)"
178.115.42.220 - - [22/Nov/2024:14:51:16 +0100] "GET /entry.php?id=10271&&ser=283416 HTTP/1.1" 200 987 "http://hausegger.activities.at/entry.php?id=10271&&ser=283355" "Mozilla/5.0 (Windows NT 10.0; Win64; x64; rv:132.0) Gecko/20100101 Firefox/132.0"
178.115.42.220 - - [22/Nov/2024:14:51:16 +0100] "GET /gui/javascript/form_form.js?1732283476 HTTP/1.1" 200 16206 "http://hausegger.activities.at/entry.php?id=10271&&ser=283416" "Mozilla/5.0 (Windows NT 10.0; Win64; x64; rv:132.0) Gecko/20100101 Firefox/132.0"
178.115.42.220 - - [22/Nov/2024:14:52:16 +0100] "GET /entry.php?id=10271&&ser=283476 HTTP/1.1" 200 987 "http://hausegger.activities.at/entry.php?id=10271&&ser=283416" "Mozilla/5.0 (Windows NT 10.0; Win64; x64; rv:132.0) Gecko/20100101 Firefox/132.0"
178.115.42.220 - - [22/Nov/2024:14:52:16 +0100] "GET /gui/javascript/form_form.js?1732283536 HTTP/1.1" 200 16206 "http://hausegger.activities.at/entry.php?id=10271&&ser=283476" "Mozilla/5.0 (Windows NT 10.0; Win64; x64; rv:132.0) Gecko/20100101 Firefox/132.0"
178.115.42.220 - - [22/Nov/2024:14:53:17 +0100] "GET /entry.php?id=10271&&ser=283536 HTTP/1.1" 200 987 "http://hausegger.activities.at/entry.php?id=10271&&ser=283476" "Mozilla/5.0 (Windows NT 10.0; Win64; x64; rv:132.0) Gecko/20100101 Firefox/132.0"
178.115.42.220 - - [22/Nov/2024:14:53:17 +0100] "GET /gui/javascript/form_form.js?1732283597 HTTP/1.1" 200 16206 "http://hausegger.activities.at/entry.php?id=10271&&ser=283536" "Mozilla/5.0 (Windows NT 10.0; Win64; x64; rv:132.0) Gecko/20100101 Firefox/132.0"
178.115.42.220 - - [22/Nov/2024:14:54:17 +0100] "GET /entry.php?id=10271&&ser=283597 HTTP/1.1" 200 987 "http://hausegger.activities.at/entry.php?id=10271&&ser=283536" "Mozilla/5.0 (Windows NT 10.0; Win64; x64; rv:132.0) Gecko/20100101 Firefox/132.0"
178.115.42.220 - - [22/Nov/2024:14:54:17 +0100] "GET /gui/javascript/form_form.js?1732283657 HTTP/1.1" 200 16206 "http://hausegger.activities.at/entry.php?id=10271&&ser=283597" "Mozilla/5.0 (Windows NT 10.0; Win64; x64; rv:132.0) Gecko/20100101 Firefox/132.0"
92.255.57.58 - - [22/Nov/2024:14:54:28 +0100] "GET /?XDEBUG_SESSION_START=phpstorm HTTP/1.1" 200 274 "-" "Mozilla/5.0 (Windows NT 10.0; Win64; x64) AppleWebKit/537.36 (KHTML, like Gecko) Chrome/78.0.3904.108 Safari/537.36"
156.59.198.135 - - [22/Nov/2024:14:55:11 +0100] "GET /ed-test.activities.at/stats/lang/awstats-hr.txt HTTP/1.0" 404 306 "-" "Mozilla/5.0 (Linux; Android 5.0) AppleWebKit/537.36 (KHTML, like Gecko) Mobile Safari/537.36 (compatible; Bytespider; spider-feedback@bytedance.com)"
178.115.42.220 - - [22/Nov/2024:14:55:17 +0100] "GET /entry.php?id=10271&&ser=283657 HTTP/1.1" 200 987 "http://hausegger.activities.at/entry.php?id=10271&&ser=283597" "Mozilla/5.0 (Windows NT 10.0; Win64; x64; rv:132.0) Gecko/20100101 Firefox/132.0"
178.115.42.220 - - [22/Nov/2024:14:55:17 +0100] "GET /gui/javascript/form_form.js?1732283717 HTTP/1.1" 200 16206 "http://hausegger.activities.at/entry.php?id=10271&&ser=283657" "Mozilla/5.0 (Windows NT 10.0; Win64; x64; rv:132.0) Gecko/20100101 Firefox/132.0"
178.115.42.220 - - [22/Nov/2024:14:56:17 +0100] "GET /entry.php?id=10271&&ser=283717 HTTP/1.1" 200 988 "http://hausegger.activities.at/entry.php?id=10271&&ser=283657" "Mozilla/5.0 (Windows NT 10.0; Win64; x64; rv:132.0) Gecko/20100101 Firefox/132.0"
178.115.42.220 - - [22/Nov/2024:14:56:17 +0100] "GET /gui/javascript/form_form.js?1732283777 HTTP/1.1" 200 16206 "http://hausegger.activities.at/entry.php?id=10271&&ser=283717" "Mozilla/5.0 (Windows NT 10.0; Win64; x64; rv:132.0) Gecko/20100101 Firefox/132.0"
117.72.46.62 - - [22/Nov/2024:14:56:55 +0100] "GET /phpMyAdmin-latest-all-languages/index.php?lang=en HTTP/1.1" 404 305 "-" "Mozilla/5.0 (Windows NT 10.0; Win64; x64) AppleWebKit/537.36 (KHTML, like Gecko) Chrome/122.0.0.0 Safari/537.36"
117.72.46.62 - - [22/Nov/2024:14:56:56 +0100] "GET /phpmyadmin2022/index.php?lang=en HTTP/1.1" 404 294 "-" "Mozilla/5.0 (Windows NT 10.0; Win64; x64) AppleWebKit/537.36 (KHTML, like Gecko) Chrome/122.0.0.0 Safari/537.36"
117.72.46.62 - - [22/Nov/2024:14:56:56 +0100] "GET /mysql/pma/index.php?lang=en HTTP/1.1" 404 291 "-" "Mozilla/5.0 (Windows NT 10.0; Win64; x64) AppleWebKit/537.36 (KHTML, like Gecko) Chrome/122.0.0.0 Safari/537.36"
117.72.46.62 - - [22/Nov/2024:14:56:56 +0100] "GET /phpmyadmin2019/index.php?lang=en HTTP/1.1" 404 294 "-" "Mozilla/5.0 (Windows NT 10.0; Win64; x64) AppleWebKit/537.36 (KHTML, like Gecko) Chrome/122.0.0.0 Safari/537.36"
117.72.46.62 - - [22/Nov/2024:14:56:57 +0100] "GET /admin/index.php?lang=en HTTP/1.1" 404 287 "-" "Mozilla/5.0 (Windows NT 10.0; Win64; x64) AppleWebKit/537.36 (KHTML, like Gecko) Chrome/122.0.0.0 Safari/537.36"
117.72.46.62 - - [22/Nov/2024:14:56:58 +0100] "GET /db/phpMyAdmin-4/index.php?lang=en HTTP/1.1" 404 295 "-" "Mozilla/5.0 (Windows NT 10.0; Win64; x64) AppleWebKit/537.36 (KHTML, like Gecko) Chrome/122.0.0.0 Safari/537.36"
117.72.46.62 - - [22/Nov/2024:14:56:58 +0100] "GET /db/phpMyAdmin-3/index.php?lang=en HTTP/1.1" 404 295 "-" "Mozilla/5.0 (Windows NT 10.0; Win64; x64) AppleWebKit/537.36 (KHTML, like Gecko) Chrome/122.0.0.0 Safari/537.36"
117.72.46.62 - - [22/Nov/2024:14:56:58 +0100] "GET /db/phpMyAdmin3/index.php?lang=en HTTP/1.1" 404 295 "-" "Mozilla/5.0 (Windows NT 10.0; Win64; x64) AppleWebKit/537.36 (KHTML, like Gecko) Chrome/122.0.0.0 Safari/537.36"
117.72.46.62 - - [22/Nov/2024:14:56:59 +0100] "GET /phpMyAdmin-5.2.1-all-languages/index.php?lang=en HTTP/1.1" 404 305 "-" "Mozilla/5.0 (Windows NT 10.0; Win64; x64) AppleWebKit/537.36 (KHTML, like Gecko) Chrome/122.0.0.0 Safari/537.36"
117.72.46.62 - - [22/Nov/2024:14:56:59 +0100] "GET /sql/webadmin/index.php?lang=en HTTP/1.1" 404 293 "-" "Mozilla/5.0 (Windows NT 10.0; Win64; x64) AppleWebKit/537.36 (KHTML, like Gecko) Chrome/122.0.0.0 Safari/537.36"
117.72.46.62 - - [22/Nov/2024:14:57:00 +0100] "GET /db/websql/index.php?lang=en HTTP/1.1" 404 290 "-" "Mozilla/5.0 (Windows NT 10.0; Win64; x64) AppleWebKit/537.36 (KHTML, like Gecko) Chrome/122.0.0.0 Safari/537.36"
117.72.46.62 - - [22/Nov/2024:14:57:00 +0100] "GET /sql/sqlweb/index.php?lang=en HTTP/1.1" 404 290 "-" "Mozilla/5.0 (Windows NT 10.0; Win64; x64) AppleWebKit/537.36 (KHTML, like Gecko) Chrome/122.0.0.0 Safari/537.36"
117.72.46.62 - - [22/Nov/2024:14:57:00 +0100] "GET /phpMyAdmin6/index.php?lang=en HTTP/1.1" 404 292 "-" "Mozilla/5.0 (Windows NT 10.0; Win64; x64) AppleWebKit/537.36 (KHTML, like Gecko) Chrome/122.0.0.0 Safari/537.36"
117.72.46.62 - - [22/Nov/2024:14:57:01 +0100] "GET /db/phpMyAdmin/index.php?lang=en HTTP/1.1" 404 293 "-" "Mozilla/5.0 (Windows NT 10.0; Win64; x64) AppleWebKit/537.36 (KHTML, like Gecko) Chrome/122.0.0.0 Safari/537.36"
117.72.46.62 - - [22/Nov/2024:14:57:01 +0100] "GET /admin/pma/index.php?lang=en HTTP/1.1" 404 290 "-" "Mozilla/5.0 (Windows NT 10.0; Win64; x64) AppleWebKit/537.36 (KHTML, like Gecko) Chrome/122.0.0.0 Safari/537.36"
117.72.46.62 - - [22/Nov/2024:14:57:01 +0100] "GET /phpMyAdmin-5.1.0/index.php?lang=en HTTP/1.1" 404 295 "-" "Mozilla/5.0 (Windows NT 10.0; Win64; x64) AppleWebKit/537.36 (KHTML, like Gecko) Chrome/122.0.0.0 Safari/537.36"
117.72.46.62 - - [22/Nov/2024:14:57:02 +0100] "GET /sqlmanager/index.php?lang=en HTTP/1.1" 404 292 "-" "Mozilla/5.0 (Windows NT 10.0; Win64; x64) AppleWebKit/537.36 (KHTML, like Gecko) Chrome/122.0.0.0 Safari/537.36"
117.72.46.62 - - [22/Nov/2024:14:57:02 +0100] "GET /phpMyAdmin5.1/index.php?lang=en HTTP/1.1" 404 293 "-" "Mozilla/5.0 (Windows NT 10.0; Win64; x64) AppleWebKit/537.36 (KHTML, like Gecko) Chrome/122.0.0.0 Safari/537.36"
117.72.46.62 - - [22/Nov/2024:14:57:02 +0100] "GET /phpmyadmin6/index.php?lang=en HTTP/1.1" 404 292 "-" "Mozilla/5.0 (Windows NT 10.0; Win64; x64) AppleWebKit/537.36 (KHTML, like Gecko) Chrome/122.0.0.0 Safari/537.36"
117.72.46.62 - - [22/Nov/2024:14:57:03 +0100] "GET /sql/sql-admin/index.php?lang=en HTTP/1.1" 404 293 "-" "Mozilla/5.0 (Windows NT 10.0; Win64; x64) AppleWebKit/537.36 (KHTML, like Gecko) Chrome/122.0.0.0 Safari/537.36"
117.72.46.62 - - [22/Nov/2024:14:57:03 +0100] "GET /_phpmyadmin_/index.php?lang=en HTTP/1.1" 404 293 "-" "Mozilla/5.0 (Windows NT 10.0; Win64; x64) AppleWebKit/537.36 (KHTML, like Gecko) Chrome/122.0.0.0 Safari/537.36"
117.72.46.62 - - [22/Nov/2024:14:57:03 +0100] "GET /db/phpmyadmin4/index.php?lang=en HTTP/1.1" 404 294 "-" "Mozilla/5.0 (Windows NT 10.0; Win64; x64) AppleWebKit/537.36 (KHTML, like Gecko) Chrome/122.0.0.0 Safari/537.36"
117.72.46.62 - - [22/Nov/2024:14:57:04 +0100] "GET /mysqlmanager/index.php?lang=en HTTP/1.1" 404 294 "-" "Mozilla/5.0 (Windows NT 10.0; Win64; x64) AppleWebKit/537.36 (KHTML, like Gecko) Chrome/122.0.0.0 Safari/537.36"
117.72.46.62 - - [22/Nov/2024:14:57:04 +0100] "GET /sql/sqladmin/index.php?lang=en HTTP/1.1" 404 291 "-" "Mozilla/5.0 (Windows NT 10.0; Win64; x64) AppleWebKit/537.36 (KHTML, like Gecko) Chrome/122.0.0.0 Safari/537.36"
117.72.46.62 - - [22/Nov/2024:14:57:04 +0100] "GET /administrator/PMA/index.php?lang=en HTTP/1.1" 404 296 "-" "Mozilla/5.0 (Windows NT 10.0; Win64; x64) AppleWebKit/537.36 (KHTML, like Gecko) Chrome/122.0.0.0 Safari/537.36"
117.72.46.62 - - [22/Nov/2024:14:57:05 +0100] "GET /sql/phpMyAdmin/index.php?lang=en HTTP/1.1" 404 294 "-" "Mozilla/5.0 (Windows NT 10.0; Win64; x64) AppleWebKit/537.36 (KHTML, like Gecko) Chrome/122.0.0.0 Safari/537.36"
117.72.46.62 - - [22/Nov/2024:14:57:05 +0100] "GET /PMA/index.php?lang=en HTTP/1.1" 404 286 "-" "Mozilla/5.0 (Windows NT 10.0; Win64; x64) AppleWebKit/537.36 (KHTML, like Gecko) Chrome/122.0.0.0 Safari/537.36"
117.72.46.62 - - [22/Nov/2024:14:57:06 +0100] "GET /myadmin/index.php?lang=en HTTP/1.1" 404 289 "-" "Mozilla/5.0 (Windows NT 10.0; Win64; x64) AppleWebKit/537.36 (KHTML, like Gecko) Chrome/122.0.0.0 Safari/537.36"
117.72.46.62 - - [22/Nov/2024:14:57:06 +0100] "GET /mysql/index.php?lang=en HTTP/1.1" 404 288 "-" "Mozilla/5.0 (Windows NT 10.0; Win64; x64) AppleWebKit/537.36 (KHTML, like Gecko) Chrome/122.0.0.0 Safari/537.36"
117.72.46.62 - - [22/Nov/2024:14:57:06 +0100] "GET /2phpmyadmin/index.php?lang=en HTTP/1.1" 404 292 "-" "Mozilla/5.0 (Windows NT 10.0; Win64; x64) AppleWebKit/537.36 (KHTML, like Gecko) Chrome/122.0.0.0 Safari/537.36"
117.72.46.62 - - [22/Nov/2024:14:57:07 +0100] "GET /db/phpmyadmin/index.php?lang=en HTTP/1.1" 404 293 "-" "Mozilla/5.0 (Windows NT 10.0; Win64; x64) AppleWebKit/537.36 (KHTML, like Gecko) Chrome/122.0.0.0 Safari/537.36"
117.72.46.62 - - [22/Nov/2024:14:57:07 +0100] "GET /sql/phpmyadmin5/index.php?lang=en HTTP/1.1" 404 295 "-" "Mozilla/5.0 (Windows NT 10.0; Win64; x64) AppleWebKit/537.36 (KHTML, like Gecko) Chrome/122.0.0.0 Safari/537.36"
117.72.46.62 - - [22/Nov/2024:14:57:07 +0100] "GET /phpMyAdmin5/index.php?lang=en HTTP/1.1" 404 292 "-" "Mozilla/5.0 (Windows NT 10.0; Win64; x64) AppleWebKit/537.36 (KHTML, like Gecko) Chrome/122.0.0.0 Safari/537.36"
117.72.46.62 - - [22/Nov/2024:14:57:08 +0100] "GET /_phpMyAdmin/index.php?lang=en HTTP/1.1" 404 292 "-" "Mozilla/5.0 (Windows NT 10.0; Win64; x64) AppleWebKit/537.36 (KHTML, like Gecko) Chrome/122.0.0.0 Safari/537.36"
117.72.46.62 - - [22/Nov/2024:14:57:08 +0100] "GET /phpMyAdmin2/index.php?lang=en HTTP/1.1" 404 292 "-" "Mozilla/5.0 (Windows NT 10.0; Win64; x64) AppleWebKit/537.36 (KHTML, like Gecko) Chrome/122.0.0.0 Safari/537.36"
117.72.46.62 - - [22/Nov/2024:14:57:09 +0100] "GET /administrator/phpmyadmin/index.php?lang=en HTTP/1.1" 404 299 "-" "Mozilla/5.0 (Windows NT 10.0; Win64; x64) AppleWebKit/537.36 (KHTML, like Gecko) Chrome/122.0.0.0 Safari/537.36"
117.72.46.62 - - [22/Nov/2024:14:57:09 +0100] "GET /admin/phpMyAdmin/index.php?lang=en HTTP/1.1" 404 294 "-" "Mozilla/5.0 (Windows NT 10.0; Win64; x64) AppleWebKit/537.36 (KHTML, like Gecko) Chrome/122.0.0.0 Safari/537.36"
117.72.46.62 - - [22/Nov/2024:14:57:09 +0100] "GET /database/index.php?lang=en HTTP/1.1" 404 289 "-" "Mozilla/5.0 (Windows NT 10.0; Win64; x64) AppleWebKit/537.36 (KHTML, like Gecko) Chrome/122.0.0.0 Safari/537.36"
117.72.46.62 - - [22/Nov/2024:14:57:10 +0100] "GET /phpMyAdmin-4/index.php?lang=en HTTP/1.1" 404 292 "-" "Mozilla/5.0 (Windows NT 10.0; Win64; x64) AppleWebKit/537.36 (KHTML, like Gecko) Chrome/122.0.0.0 Safari/537.36"
117.72.46.62 - - [22/Nov/2024:14:57:10 +0100] "GET /phpMyAdmin6.0/index.php?lang=en HTTP/1.1" 404 293 "-" "Mozilla/5.0 (Windows NT 10.0; Win64; x64) AppleWebKit/537.36 (KHTML, like Gecko) Chrome/122.0.0.0 Safari/537.36"
117.72.46.62 - - [22/Nov/2024:14:57:11 +0100] "GET /phpMyAdmin-5/index.php?lang=en HTTP/1.1" 404 292 "-" "Mozilla/5.0 (Windows NT 10.0; Win64; x64) AppleWebKit/537.36 (KHTML, like Gecko) Chrome/122.0.0.0 Safari/537.36"
117.72.46.62 - - [22/Nov/2024:14:57:11 +0100] "GET /phpmyadmin/index.php?lang=en HTTP/1.1" 404 291 "-" "Mozilla/5.0 (Windows NT 10.0; Win64; x64) AppleWebKit/537.36 (KHTML, like Gecko) Chrome/122.0.0.0 Safari/537.36"
117.72.46.62 - - [22/Nov/2024:14:57:11 +0100] "GET /phpmyadmin2021/index.php?lang=en HTTP/1.1" 404 294 "-" "Mozilla/5.0 (Windows NT 10.0; Win64; x64) AppleWebKit/537.36 (KHTML, like Gecko) Chrome/122.0.0.0 Safari/537.36"
117.72.46.62 - - [22/Nov/2024:14:57:12 +0100] "GET /phpMyAdmin/index.php?lang=en HTTP/1.1" 404 291 "-" "Mozilla/5.0 (Windows NT 10.0; Win64; x64) AppleWebKit/537.36 (KHTML, like Gecko) Chrome/122.0.0.0 Safari/537.36"
117.72.46.62 - - [22/Nov/2024:14:57:12 +0100] "GET /sql/myadmin/index.php?lang=en HTTP/1.1" 404 292 "-" "Mozilla/5.0 (Windows NT 10.0; Win64; x64) AppleWebKit/537.36 (KHTML, like Gecko) Chrome/122.0.0.0 Safari/537.36"
117.72.46.62 - - [22/Nov/2024:14:57:13 +0100] "GET /phpMyAdmin-4.9.10-all-languages/index.php?lang=en HTTP/1.1" 404 306 "-" "Mozilla/5.0 (Windows NT 10.0; Win64; x64) AppleWebKit/537.36 (KHTML, like Gecko) Chrome/122.0.0.0 Safari/537.36"
117.72.46.62 - - [22/Nov/2024:14:57:14 +0100] "GET /mysql/sqlmanager/index.php?lang=en HTTP/1.1" 404 296 "-" "Mozilla/5.0 (Windows NT 10.0; Win64; x64) AppleWebKit/537.36 (KHTML, like Gecko) Chrome/122.0.0.0 Safari/537.36"
117.72.46.62 - - [22/Nov/2024:14:57:14 +0100] "GET /admin/sqladmin/index.php?lang=en HTTP/1.1" 404 292 "-" "Mozilla/5.0 (Windows NT 10.0; Win64; x64) AppleWebKit/537.36 (KHTML, like Gecko) Chrome/122.0.0.0 Safari/537.36"
117.72.46.62 - - [22/Nov/2024:14:57:14 +0100] "GET /administrator/phpMyAdmin/index.php?lang=en HTTP/1.1" 404 299 "-" "Mozilla/5.0 (Windows NT 10.0; Win64; x64) AppleWebKit/537.36 (KHTML, like Gecko) Chrome/122.0.0.0 Safari/537.36"
117.72.46.62 - - [22/Nov/2024:14:57:15 +0100] "GET /phpMyAdmin4/index.php?lang=en HTTP/1.1" 404 292 "-" "Mozilla/5.0 (Windows NT 10.0; Win64; x64) AppleWebKit/537.36 (KHTML, like Gecko) Chrome/122.0.0.0 Safari/537.36"
117.72.46.62 - - [22/Nov/2024:14:57:15 +0100] "GET /phpMyAdmin-latest-english/index.php?lang=en HTTP/1.1" 404 301 "-" "Mozilla/5.0 (Windows NT 10.0; Win64; x64) AppleWebKit/537.36 (KHTML, like Gecko) Chrome/122.0.0.0 Safari/537.36"
117.72.46.62 - - [22/Nov/2024:14:57:15 +0100] "GET /administrator/web/index.php?lang=en HTTP/1.1" 404 296 "-" "Mozilla/5.0 (Windows NT 10.0; Win64; x64) AppleWebKit/537.36 (KHTML, like Gecko) Chrome/122.0.0.0 Safari/537.36"
117.72.46.62 - - [22/Nov/2024:14:57:16 +0100] "GET /phpMyAdmin3/index.php?lang=en HTTP/1.1" 404 292 "-" "Mozilla/5.0 (Windows NT 10.0; Win64; x64) AppleWebKit/537.36 (KHTML, like Gecko) Chrome/122.0.0.0 Safari/537.36"
117.72.46.62 - - [22/Nov/2024:14:57:16 +0100] "GET /sql/sql/index.php?lang=en HTTP/1.1" 404 287 "-" "Mozilla/5.0 (Windows NT 10.0; Win64; x64) AppleWebKit/537.36 (KHTML, like Gecko) Chrome/122.0.0.0 Safari/537.36"
117.72.46.62 - - [22/Nov/2024:14:57:16 +0100] "GET /db/db-admin/index.php?lang=en HTTP/1.1" 404 291 "-" "Mozilla/5.0 (Windows NT 10.0; Win64; x64) AppleWebKit/537.36 (KHTML, like Gecko) Chrome/122.0.0.0 Safari/537.36"
117.72.46.62 - - [22/Nov/2024:14:57:17 +0100] "GET /admin/db/index.php?lang=en HTTP/1.1" 404 289 "-" "Mozilla/5.0 (Windows NT 10.0; Win64; x64) AppleWebKit/537.36 (KHTML, like Gecko) Chrome/122.0.0.0 Safari/537.36"
117.72.46.62 - - [22/Nov/2024:14:57:17 +0100] "GET /1phpmyadmin/index.php?lang=en HTTP/1.1" 404 291 "-" "Mozilla/5.0 (Windows NT 10.0; Win64; x64) AppleWebKit/537.36 (KHTML, like Gecko) Chrome/122.0.0.0 Safari/537.36"
117.72.46.62 - - [22/Nov/2024:14:57:17 +0100] "GET /db/phpmyadmin5/index.php?lang=en HTTP/1.1" 404 294 "-" "Mozilla/5.0 (Windows NT 10.0; Win64; x64) AppleWebKit/537.36 (KHTML, like Gecko) Chrome/122.0.0.0 Safari/537.36"
178.115.42.220 - - [22/Nov/2024:14:57:18 +0100] "GET /entry.php?id=10271&&ser=283777 HTTP/1.1" 200 986 "http://hausegger.activities.at/entry.php?id=10271&&ser=283717" "Mozilla/5.0 (Windows NT 10.0; Win64; x64; rv:132.0) Gecko/20100101 Firefox/132.0"
178.115.42.220 - - [22/Nov/2024:14:57:18 +0100] "GET /gui/javascript/form_form.js?1732283838 HTTP/1.1" 200 16206 "http://hausegger.activities.at/entry.php?id=10271&&ser=283777" "Mozilla/5.0 (Windows NT 10.0; Win64; x64; rv:132.0) Gecko/20100101 Firefox/132.0"
117.72.46.62 - - [22/Nov/2024:14:57:19 +0100] "GET /phpMyAdmin-5.2.1-english/index.php?lang=en HTTP/1.1" 404 301 "-" "Mozilla/5.0 (Windows NT 10.0; Win64; x64) AppleWebKit/537.36 (KHTML, like Gecko) Chrome/122.0.0.0 Safari/537.36"
117.72.46.62 - - [22/Nov/2024:14:57:19 +0100] "GET /admin/web/index.php?lang=en HTTP/1.1" 404 290 "-" "Mozilla/5.0 (Windows NT 10.0; Win64; x64) AppleWebKit/537.36 (KHTML, like Gecko) Chrome/122.0.0.0 Safari/537.36"
117.72.46.62 - - [22/Nov/2024:14:57:20 +0100] "GET /mysql/db/index.php?lang=en HTTP/1.1" 404 290 "-" "Mozilla/5.0 (Windows NT 10.0; Win64; x64) AppleWebKit/537.36 (KHTML, like Gecko) Chrome/122.0.0.0 Safari/537.36"
117.72.46.62 - - [22/Nov/2024:14:57:20 +0100] "GET /db/dbadmin/index.php?lang=en HTTP/1.1" 404 291 "-" "Mozilla/5.0 (Windows NT 10.0; Win64; x64) AppleWebKit/537.36 (KHTML, like Gecko) Chrome/122.0.0.0 Safari/537.36"
117.72.46.62 - - [22/Nov/2024:14:57:20 +0100] "GET /phpMyAdmin_/index.php?lang=en HTTP/1.1" 404 292 "-" "Mozilla/5.0 (Windows NT 10.0; Win64; x64) AppleWebKit/537.36 (KHTML, like Gecko) Chrome/122.0.0.0 Safari/537.36"
117.72.46.62 - - [22/Nov/2024:14:57:21 +0100] "GET /pma/index.php?lang=en HTTP/1.1" 404 286 "-" "Mozilla/5.0 (Windows NT 10.0; Win64; x64) AppleWebKit/537.36 (KHTML, like Gecko) Chrome/122.0.0.0 Safari/537.36"
117.72.46.62 - - [22/Nov/2024:14:57:21 +0100] "GET /db/webadmin/index.php?lang=en HTTP/1.1" 404 292 "-" "Mozilla/5.0 (Windows NT 10.0; Win64; x64) AppleWebKit/537.36 (KHTML, like Gecko) Chrome/122.0.0.0 Safari/537.36"
117.72.46.62 - - [22/Nov/2024:14:57:21 +0100] "GET /administrator/pma/index.php?lang=en HTTP/1.1" 404 296 "-" "Mozilla/5.0 (Windows NT 10.0; Win64; x64) AppleWebKit/537.36 (KHTML, like Gecko) Chrome/122.0.0.0 Safari/537.36"
117.72.46.62 - - [22/Nov/2024:14:57:22 +0100] "GET /phpMyAdmin-3/index.php?lang=en HTTP/1.1" 404 293 "-" "Mozilla/5.0 (Windows NT 10.0; Win64; x64) AppleWebKit/537.36 (KHTML, like Gecko) Chrome/122.0.0.0 Safari/537.36"
117.72.46.62 - - [22/Nov/2024:14:57:22 +0100] "GET /__phpmyadmin/index.php?lang=en HTTP/1.1" 404 293 "-" "Mozilla/5.0 (Windows NT 10.0; Win64; x64) AppleWebKit/537.36 (KHTML, like Gecko) Chrome/122.0.0.0 Safari/537.36"
117.72.46.62 - - [22/Nov/2024:14:57:22 +0100] "GET /admin/sysadmin/index.php?lang=en HTTP/1.1" 404 292 "-" "Mozilla/5.0 (Windows NT 10.0; Win64; x64) AppleWebKit/537.36 (KHTML, like Gecko) Chrome/122.0.0.0 Safari/537.36"
117.72.46.62 - - [22/Nov/2024:14:57:23 +0100] "GET /mysql/mysqlmanager/index.php?lang=en HTTP/1.1" 404 295 "-" "Mozilla/5.0 (Windows NT 10.0; Win64; x64) AppleWebKit/537.36 (KHTML, like Gecko) Chrome/122.0.0.0 Safari/537.36"
117.72.46.62 - - [22/Nov/2024:14:57:23 +0100] "GET /db/phpMyAdmin-5/index.php?lang=en HTTP/1.1" 404 294 "-" "Mozilla/5.0 (Windows NT 10.0; Win64; x64) AppleWebKit/537.36 (KHTML, like Gecko) Chrome/122.0.0.0 Safari/537.36"
117.72.46.62 - - [22/Nov/2024:14:57:24 +0100] "GET /shopdb/index.php?lang=en HTTP/1.1" 404 288 "-" "Mozilla/5.0 (Windows NT 10.0; Win64; x64) AppleWebKit/537.36 (KHTML, like Gecko) Chrome/122.0.0.0 Safari/537.36"
117.72.46.62 - - [22/Nov/2024:14:57:24 +0100] "GET /admin/phpmyadmin/index.php?lang=en HTTP/1.1" 404 293 "-" "Mozilla/5.0 (Windows NT 10.0; Win64; x64) AppleWebKit/537.36 (KHTML, like Gecko) Chrome/122.0.0.0 Safari/537.36"
117.72.46.62 - - [22/Nov/2024:14:57:25 +0100] "GET /sql/phpmanager/index.php?lang=en HTTP/1.1" 404 294 "-" "Mozilla/5.0 (Windows NT 10.0; Win64; x64) AppleWebKit/537.36 (KHTML, like Gecko) Chrome/122.0.0.0 Safari/537.36"
117.72.46.62 - - [22/Nov/2024:14:57:25 +0100] "GET /phpmyadmin2020/index.php?lang=en HTTP/1.1" 404 294 "-" "Mozilla/5.0 (Windows NT 10.0; Win64; x64) AppleWebKit/537.36 (KHTML, like Gecko) Chrome/122.0.0.0 Safari/537.36"
117.72.46.62 - - [22/Nov/2024:14:57:25 +0100] "GET /phpMyAdmin-4.9.7/index.php?lang=en HTTP/1.1" 404 296 "-" "Mozilla/5.0 (Windows NT 10.0; Win64; x64) AppleWebKit/537.36 (KHTML, like Gecko) Chrome/122.0.0.0 Safari/537.36"
117.72.46.62 - - [22/Nov/2024:14:57:26 +0100] "GET /phpMyAdmin5.2/index.php?lang=en HTTP/1.1" 404 294 "-" "Mozilla/5.0 (Windows NT 10.0; Win64; x64) AppleWebKit/537.36 (KHTML, like Gecko) Chrome/122.0.0.0 Safari/537.36"
117.72.46.62 - - [22/Nov/2024:14:57:26 +0100] "GET /phpmy-admin/index.php?lang=en HTTP/1.1" 404 292 "-" "Mozilla/5.0 (Windows NT 10.0; Win64; x64) AppleWebKit/537.36 (KHTML, like Gecko) Chrome/122.0.0.0 Safari/537.36"
117.72.46.62 - - [22/Nov/2024:14:57:26 +0100] "GET /phpMyAdmin1/index.php?lang=en HTTP/1.1" 404 292 "-" "Mozilla/5.0 (Windows NT 10.0; Win64; x64) AppleWebKit/537.36 (KHTML, like Gecko) Chrome/122.0.0.0 Safari/537.36"
117.72.46.62 - - [22/Nov/2024:14:57:27 +0100] "GET /db/index.php?lang=en HTTP/1.1" 404 286 "-" "Mozilla/5.0 (Windows NT 10.0; Win64; x64) AppleWebKit/537.36 (KHTML, like Gecko) Chrome/122.0.0.0 Safari/537.36"
117.72.46.62 - - [22/Nov/2024:14:57:27 +0100] "GET /phpmy/index.php?lang=en HTTP/1.1" 404 287 "-" "Mozilla/5.0 (Windows NT 10.0; Win64; x64) AppleWebKit/537.36 (KHTML, like Gecko) Chrome/122.0.0.0 Safari/537.36"
117.72.46.62 - - [22/Nov/2024:14:57:27 +0100] "GET /phpmyadmin_/index.php?lang=en HTTP/1.1" 404 292 "-" "Mozilla/5.0 (Windows NT 10.0; Win64; x64) AppleWebKit/537.36 (KHTML, like Gecko) Chrome/122.0.0.0 Safari/537.36"
117.72.46.62 - - [22/Nov/2024:14:57:28 +0100] "GET /sql/phpmyadmin3/index.php?lang=en HTTP/1.1" 404 295 "-" "Mozilla/5.0 (Windows NT 10.0; Win64; x64) AppleWebKit/537.36 (KHTML, like Gecko) Chrome/122.0.0.0 Safari/537.36"
117.72.46.62 - - [22/Nov/2024:14:57:28 +0100] "GET /mysql/pMA/index.php?lang=en HTTP/1.1" 404 291 "-" "Mozilla/5.0 (Windows NT 10.0; Win64; x64) AppleWebKit/537.36 (KHTML, like Gecko) Chrome/122.0.0.0 Safari/537.36"
117.72.46.62 - - [22/Nov/2024:14:57:29 +0100] "GET /program/index.php?lang=en HTTP/1.1" 404 290 "-" "Mozilla/5.0 (Windows NT 10.0; Win64; x64) AppleWebKit/537.36 (KHTML, like Gecko) Chrome/122.0.0.0 Safari/537.36"
117.72.46.62 - - [22/Nov/2024:14:57:29 +0100] "GET /phpmyadmin2018/index.php?lang=en HTTP/1.1" 404 294 "-" "Mozilla/5.0 (Windows NT 10.0; Win64; x64) AppleWebKit/537.36 (KHTML, like Gecko) Chrome/122.0.0.0 Safari/537.36"
117.72.46.62 - - [22/Nov/2024:14:57:29 +0100] "GET /dbadmin/index.php?lang=en HTTP/1.1" 404 289 "-" "Mozilla/5.0 (Windows NT 10.0; Win64; x64) AppleWebKit/537.36 (KHTML, like Gecko) Chrome/122.0.0.0 Safari/537.36"
117.72.46.62 - - [22/Nov/2024:14:57:30 +0100] "GET /php-my-admin/index.php?lang=en HTTP/1.1" 404 292 "-" "Mozilla/5.0 (Windows NT 10.0; Win64; x64) AppleWebKit/537.36 (KHTML, like Gecko) Chrome/122.0.0.0 Safari/537.36"
117.72.46.62 - - [22/Nov/2024:14:57:30 +0100] "GET /phpMyAdmin-5.2.1/index.php?lang=en HTTP/1.1" 404 295 "-" "Mozilla/5.0 (Windows NT 10.0; Win64; x64) AppleWebKit/537.36 (KHTML, like Gecko) Chrome/122.0.0.0 Safari/537.36"
117.72.46.62 - - [22/Nov/2024:14:57:30 +0100] "GET /phpMyAdmin-5.1.2/index.php?lang=en HTTP/1.1" 404 295 "-" "Mozilla/5.0 (Windows NT 10.0; Win64; x64) AppleWebKit/537.36 (KHTML, like Gecko) Chrome/122.0.0.0 Safari/537.36"
117.72.46.62 - - [22/Nov/2024:14:57:31 +0100] "GET /administrator/admin/index.php?lang=en HTTP/1.1" 404 295 "-" "Mozilla/5.0 (Windows NT 10.0; Win64; x64) AppleWebKit/537.36 (KHTML, like Gecko) Chrome/122.0.0.0 Safari/537.36"
117.72.46.62 - - [22/Nov/2024:14:57:31 +0100] "GET /sql/php-myadmin/index.php?lang=en HTTP/1.1" 404 295 "-" "Mozilla/5.0 (Windows NT 10.0; Win64; x64) AppleWebKit/537.36 (KHTML, like Gecko) Chrome/122.0.0.0 Safari/537.36"
117.72.46.62 - - [22/Nov/2024:14:57:31 +0100] "GET /sql/websql/index.php?lang=en HTTP/1.1" 404 290 "-" "Mozilla/5.0 (Windows NT 10.0; Win64; x64) AppleWebKit/537.36 (KHTML, like Gecko) Chrome/122.0.0.0 Safari/537.36"
117.72.46.62 - - [22/Nov/2024:14:57:32 +0100] "GET /phpmyadmin5/index.php?lang=en HTTP/1.1" 404 292 "-" "Mozilla/5.0 (Windows NT 10.0; Win64; x64) AppleWebKit/537.36 (KHTML, like Gecko) Chrome/122.0.0.0 Safari/537.36"
117.72.46.62 - - [22/Nov/2024:14:57:33 +0100] "GET /phpMyAdmin-5.1.1/index.php?lang=en HTTP/1.1" 404 295 "-" "Mozilla/5.0 (Windows NT 10.0; Win64; x64) AppleWebKit/537.36 (KHTML, like Gecko) Chrome/122.0.0.0 Safari/537.36"
117.72.46.62 - - [22/Nov/2024:14:57:33 +0100] "GET /phpmyadmin4/index.php?lang=en HTTP/1.1" 404 292 "-" "Mozilla/5.0 (Windows NT 10.0; Win64; x64) AppleWebKit/537.36 (KHTML, like Gecko) Chrome/122.0.0.0 Safari/537.36"
117.72.46.62 - - [22/Nov/2024:14:57:33 +0100] "GET /phpmyadmin3/index.php?lang=en HTTP/1.1" 404 292 "-" "Mozilla/5.0 (Windows NT 10.0; Win64; x64) AppleWebKit/537.36 (KHTML, like Gecko) Chrome/122.0.0.0 Safari/537.36"
117.72.46.62 - - [22/Nov/2024:14:57:34 +0100] "GET /phpmyadmin1/index.php?lang=en HTTP/1.1" 404 291 "-" "Mozilla/5.0 (Windows NT 10.0; Win64; x64) AppleWebKit/537.36 (KHTML, like Gecko) Chrome/122.0.0.0 Safari/537.36"
117.72.46.62 - - [22/Nov/2024:14:57:34 +0100] "GET /sql/phpmy-admin/index.php?lang=en HTTP/1.1" 404 295 "-" "Mozilla/5.0 (Windows NT 10.0; Win64; x64) AppleWebKit/537.36 (KHTML, like Gecko) Chrome/122.0.0.0 Safari/537.36"
117.72.46.62 - - [22/Nov/2024:14:57:34 +0100] "GET /mysqladmin/index.php?lang=en HTTP/1.1" 404 292 "-" "Mozilla/5.0 (Windows NT 10.0; Win64; x64) AppleWebKit/537.36 (KHTML, like Gecko) Chrome/122.0.0.0 Safari/537.36"
117.72.46.62 - - [22/Nov/2024:14:57:35 +0100] "GET /db/phpmyadmin3/index.php?lang=en HTTP/1.1" 404 294 "-" "Mozilla/5.0 (Windows NT 10.0; Win64; x64) AppleWebKit/537.36 (KHTML, like Gecko) Chrome/122.0.0.0 Safari/537.36"
117.72.46.62 - - [22/Nov/2024:14:57:35 +0100] "GET /mysql/dbadmin/index.php?lang=en HTTP/1.1" 404 294 "-" "Mozilla/5.0 (Windows NT 10.0; Win64; x64) AppleWebKit/537.36 (KHTML, like Gecko) Chrome/122.0.0.0 Safari/537.36"
