178.115.42.220 - - [22/Nov/2024:16:58:58 +0100] "GET /entry.php?id=10271&&ser=291078 HTTP/1.1" 200 987 "http://hausegger.activities.at/entry.php?id=10271&&ser=291017" "Mozilla/5.0 (Windows NT 10.0; Win64; x64; rv:132.0) Gecko/20100101 Firefox/132.0"
178.115.42.220 - - [22/Nov/2024:16:58:58 +0100] "GET /gui/javascript/form_form.js?1732291138 HTTP/1.1" 200 16206 "http://hausegger.activities.at/entry.php?id=10271&&ser=291078" "Mozilla/5.0 (Windows NT 10.0; Win64; x64; rv:132.0) Gecko/20100101 Firefox/132.0"
156.59.198.135 - - [22/Nov/2024:16:59:17 +0100] "GET /renault.activities.at/htdocs/export/xml/data/orders/202110131103_RenOrder.xml HTTP/1.0" 404 328 "-" "Mozilla/5.0 (Linux; Android 5.0) AppleWebKit/537.36 (KHTML, like Gecko) Mobile Safari/537.36 (compatible; Bytespider; spider-feedback@bytedance.com)"
178.115.42.220 - - [22/Nov/2024:16:59:58 +0100] "GET /entry.php?id=10271&&ser=291138 HTTP/1.1" 200 987 "http://hausegger.activities.at/entry.php?id=10271&&ser=291078" "Mozilla/5.0 (Windows NT 10.0; Win64; x64; rv:132.0) Gecko/20100101 Firefox/132.0"
178.115.42.220 - - [22/Nov/2024:16:59:58 +0100] "GET /gui/javascript/form_form.js?1732291198 HTTP/1.1" 200 16206 "http://hausegger.activities.at/entry.php?id=10271&&ser=291138" "Mozilla/5.0 (Windows NT 10.0; Win64; x64; rv:132.0) Gecko/20100101 Firefox/132.0"
178.115.42.220 - - [22/Nov/2024:17:00:58 +0100] "GET /entry.php?id=10271&&ser=291198 HTTP/1.1" 200 987 "http://hausegger.activities.at/entry.php?id=10271&&ser=291138" "Mozilla/5.0 (Windows NT 10.0; Win64; x64; rv:132.0) Gecko/20100101 Firefox/132.0"
178.115.42.220 - - [22/Nov/2024:17:00:58 +0100] "GET /gui/javascript/form_form.js?1732291258 HTTP/1.1" 200 16206 "http://hausegger.activities.at/entry.php?id=10271&&ser=291198" "Mozilla/5.0 (Windows NT 10.0; Win64; x64; rv:132.0) Gecko/20100101 Firefox/132.0"
178.115.42.220 - - [22/Nov/2024:17:01:59 +0100] "GET /entry.php?id=10271&&ser=291258 HTTP/1.1" 200 987 "http://hausegger.activities.at/entry.php?id=10271&&ser=291198" "Mozilla/5.0 (Windows NT 10.0; Win64; x64; rv:132.0) Gecko/20100101 Firefox/132.0"
178.115.42.220 - - [22/Nov/2024:17:01:59 +0100] "GET /gui/javascript/form_form.js?1732291319 HTTP/1.1" 200 16206 "http://hausegger.activities.at/entry.php?id=10271&&ser=291258" "Mozilla/5.0 (Windows NT 10.0; Win64; x64; rv:132.0) Gecko/20100101 Firefox/132.0"
178.115.42.220 - - [22/Nov/2024:17:02:59 +0100] "GET /entry.php?id=10271&&ser=291319 HTTP/1.1" 200 987 "http://hausegger.activities.at/entry.php?id=10271&&ser=291258" "Mozilla/5.0 (Windows NT 10.0; Win64; x64; rv:132.0) Gecko/20100101 Firefox/132.0"
178.115.42.220 - - [22/Nov/2024:17:02:59 +0100] "GET /gui/javascript/form_form.js?1732291379 HTTP/1.1" 200 16206 "http://hausegger.activities.at/entry.php?id=10271&&ser=291319" "Mozilla/5.0 (Windows NT 10.0; Win64; x64; rv:132.0) Gecko/20100101 Firefox/132.0"
156.59.198.136 - - [22/Nov/2024:17:03:17 +0100] "GET /renault.activities.at/htdocs/export/xml/data/orders/202109141003_RenOrder.xml HTTP/1.0" 404 329 "-" "Mozilla/5.0 (Linux; Android 5.0) AppleWebKit/537.36 (KHTML, like Gecko) Mobile Safari/537.36 (compatible; Bytespider; spider-feedback@bytedance.com)"
178.115.42.220 - - [22/Nov/2024:17:03:59 +0100] "GET /entry.php?id=10271&&ser=291379 HTTP/1.1" 200 987 "http://hausegger.activities.at/entry.php?id=10271&&ser=291319" "Mozilla/5.0 (Windows NT 10.0; Win64; x64; rv:132.0) Gecko/20100101 Firefox/132.0"
178.115.42.220 - - [22/Nov/2024:17:03:59 +0100] "GET /gui/javascript/form_form.js?1732291439 HTTP/1.1" 200 16206 "http://hausegger.activities.at/entry.php?id=10271&&ser=291379" "Mozilla/5.0 (Windows NT 10.0; Win64; x64; rv:132.0) Gecko/20100101 Firefox/132.0"
178.115.42.220 - - [22/Nov/2024:17:04:59 +0100] "GET /entry.php?id=10271&&ser=291439 HTTP/1.1" 200 987 "http://hausegger.activities.at/entry.php?id=10271&&ser=291379" "Mozilla/5.0 (Windows NT 10.0; Win64; x64; rv:132.0) Gecko/20100101 Firefox/132.0"
178.115.42.220 - - [22/Nov/2024:17:05:00 +0100] "GET /gui/javascript/form_form.js?1732291499 HTTP/1.1" 200 16206 "http://hausegger.activities.at/entry.php?id=10271&&ser=291439" "Mozilla/5.0 (Windows NT 10.0; Win64; x64; rv:132.0) Gecko/20100101 Firefox/132.0"
178.115.42.220 - - [22/Nov/2024:17:06:00 +0100] "GET /entry.php?id=10271&&ser=291499 HTTP/1.1" 200 987 "http://hausegger.activities.at/entry.php?id=10271&&ser=291439" "Mozilla/5.0 (Windows NT 10.0; Win64; x64; rv:132.0) Gecko/20100101 Firefox/132.0"
178.115.42.220 - - [22/Nov/2024:17:06:00 +0100] "GET /gui/javascript/form_form.js?1732291560 HTTP/1.1" 200 16206 "http://hausegger.activities.at/entry.php?id=10271&&ser=291499" "Mozilla/5.0 (Windows NT 10.0; Win64; x64; rv:132.0) Gecko/20100101 Firefox/132.0"
185.191.126.248 - - [22/Nov/2024:17:06:10 +0100] "GET / HTTP/1.1" 200 423 "-" "-"
178.115.42.220 - - [22/Nov/2024:17:07:00 +0100] "GET /entry.php?id=10271&&ser=291560 HTTP/1.1" 200 987 "http://hausegger.activities.at/entry.php?id=10271&&ser=291499" "Mozilla/5.0 (Windows NT 10.0; Win64; x64; rv:132.0) Gecko/20100101 Firefox/132.0"
178.115.42.220 - - [22/Nov/2024:17:07:00 +0100] "GET /gui/javascript/form_form.js?1732291620 HTTP/1.1" 200 16206 "http://hausegger.activities.at/entry.php?id=10271&&ser=291560" "Mozilla/5.0 (Windows NT 10.0; Win64; x64; rv:132.0) Gecko/20100101 Firefox/132.0"
156.59.198.135 - - [22/Nov/2024:17:07:17 +0100] "GET /renault.2web.at/stats/lang/awstats-cz.txt HTTP/1.0" 404 304 "-" "Mozilla/5.0 (Linux; Android 5.0) AppleWebKit/537.36 (KHTML, like Gecko) Mobile Safari/537.36 (compatible; Bytespider; spider-feedback@bytedance.com)"
178.115.42.220 - - [22/Nov/2024:17:08:00 +0100] "GET /entry.php?id=10271&&ser=291620 HTTP/1.1" 200 987 "http://hausegger.activities.at/entry.php?id=10271&&ser=291560" "Mozilla/5.0 (Windows NT 10.0; Win64; x64; rv:132.0) Gecko/20100101 Firefox/132.0"
178.115.42.220 - - [22/Nov/2024:17:08:00 +0100] "GET /gui/javascript/form_form.js?1732291680 HTTP/1.1" 200 16206 "http://hausegger.activities.at/entry.php?id=10271&&ser=291620" "Mozilla/5.0 (Windows NT 10.0; Win64; x64; rv:132.0) Gecko/20100101 Firefox/132.0"
178.115.42.220 - - [22/Nov/2024:17:09:01 +0100] "GET /entry.php?id=10271&&ser=291680 HTTP/1.1" 200 987 "http://hausegger.activities.at/entry.php?id=10271&&ser=291620" "Mozilla/5.0 (Windows NT 10.0; Win64; x64; rv:132.0) Gecko/20100101 Firefox/132.0"
178.115.42.220 - - [22/Nov/2024:17:09:01 +0100] "GET /gui/javascript/form_form.js?1732291741 HTTP/1.1" 200 16206 "http://hausegger.activities.at/entry.php?id=10271&&ser=291680" "Mozilla/5.0 (Windows NT 10.0; Win64; x64; rv:132.0) Gecko/20100101 Firefox/132.0"
178.115.42.220 - - [22/Nov/2024:17:10:01 +0100] "GET /entry.php?id=10271&&ser=291741 HTTP/1.1" 200 986 "http://hausegger.activities.at/entry.php?id=10271&&ser=291680" "Mozilla/5.0 (Windows NT 10.0; Win64; x64; rv:132.0) Gecko/20100101 Firefox/132.0"
178.115.42.220 - - [22/Nov/2024:17:10:01 +0100] "GET /gui/javascript/form_form.js?1732291801 HTTP/1.1" 200 16206 "http://hausegger.activities.at/entry.php?id=10271&&ser=291741" "Mozilla/5.0 (Windows NT 10.0; Win64; x64; rv:132.0) Gecko/20100101 Firefox/132.0"
178.115.42.220 - - [22/Nov/2024:17:11:01 +0100] "GET /entry.php?id=10271&&ser=291801 HTTP/1.1" 200 986 "http://hausegger.activities.at/entry.php?id=10271&&ser=291741" "Mozilla/5.0 (Windows NT 10.0; Win64; x64; rv:132.0) Gecko/20100101 Firefox/132.0"
178.115.42.220 - - [22/Nov/2024:17:11:01 +0100] "GET /gui/javascript/form_form.js?1732291861 HTTP/1.1" 200 16206 "http://hausegger.activities.at/entry.php?id=10271&&ser=291801" "Mozilla/5.0 (Windows NT 10.0; Win64; x64; rv:132.0) Gecko/20100101 Firefox/132.0"
156.59.198.136 - - [22/Nov/2024:17:11:18 +0100] "GET /renault.activities.at/htdocs/export/xml/data/orders/201910020903_RenOrder.xml HTTP/1.0" 404 329 "-" "Mozilla/5.0 (Linux; Android 5.0) AppleWebKit/537.36 (KHTML, like Gecko) Mobile Safari/537.36 (compatible; Bytespider; spider-feedback@bytedance.com)"
178.115.42.220 - - [22/Nov/2024:17:12:05 +0100] "GET /entry.php?id=10271&&ser=291861 HTTP/1.1" 200 987 "http://hausegger.activities.at/entry.php?id=10271&&ser=291801" "Mozilla/5.0 (Windows NT 10.0; Win64; x64; rv:132.0) Gecko/20100101 Firefox/132.0"
178.115.42.220 - - [22/Nov/2024:17:12:05 +0100] "GET /gui/javascript/form_form.js?1732291925 HTTP/1.1" 200 16206 "http://hausegger.activities.at/entry.php?id=10271&&ser=291861" "Mozilla/5.0 (Windows NT 10.0; Win64; x64; rv:132.0) Gecko/20100101 Firefox/132.0"
178.115.42.220 - - [22/Nov/2024:17:13:05 +0100] "GET /entry.php?id=10271&&ser=291925 HTTP/1.1" 200 986 "http://hausegger.activities.at/entry.php?id=10271&&ser=291861" "Mozilla/5.0 (Windows NT 10.0; Win64; x64; rv:132.0) Gecko/20100101 Firefox/132.0"
178.115.42.220 - - [22/Nov/2024:17:13:05 +0100] "GET /gui/javascript/form_form.js?1732291985 HTTP/1.1" 200 16206 "http://hausegger.activities.at/entry.php?id=10271&&ser=291925" "Mozilla/5.0 (Windows NT 10.0; Win64; x64; rv:132.0) Gecko/20100101 Firefox/132.0"
178.115.42.220 - - [22/Nov/2024:17:13:31 +0100] "GET /entry.php?id=10828 HTTP/1.1" 200 9145 "http://hausegger.activities.at/entry.php?id=10270&__app__=10006038" "Mozilla/5.0 (Windows NT 10.0; Win64; x64; rv:132.0) Gecko/20100101 Firefox/132.0"
178.115.42.220 - - [22/Nov/2024:17:13:31 +0100] "GET /gui/javascript/form_form.js?1732292011 HTTP/1.1" 200 16206 "http://hausegger.activities.at/entry.php?id=10828" "Mozilla/5.0 (Windows NT 10.0; Win64; x64; rv:132.0) Gecko/20100101 Firefox/132.0"
178.115.42.220 - - [22/Nov/2024:17:13:31 +0100] "GET /entry.php?id=10889&document_id=& HTTP/1.1" 200 1508 "http://hausegger.activities.at/entry.php?id=10828" "Mozilla/5.0 (Windows NT 10.0; Win64; x64; rv:132.0) Gecko/20100101 Firefox/132.0"
178.115.42.220 - - [22/Nov/2024:17:14:06 +0100] "GET /entry.php?id=10271&&ser=291985 HTTP/1.1" 200 987 "http://hausegger.activities.at/entry.php?id=10271&&ser=291925" "Mozilla/5.0 (Windows NT 10.0; Win64; x64; rv:132.0) Gecko/20100101 Firefox/132.0"
178.115.42.220 - - [22/Nov/2024:17:14:06 +0100] "GET /gui/javascript/form_form.js?1732292046 HTTP/1.1" 200 16206 "http://hausegger.activities.at/entry.php?id=10271&&ser=291985" "Mozilla/5.0 (Windows NT 10.0; Win64; x64; rv:132.0) Gecko/20100101 Firefox/132.0"
46.19.138.234 - - [22/Nov/2024:17:14:36 +0100] "GET / HTTP/1.1" 200 274 "-" "Mozilla/5.0 (Windows NT 10.0; Win64; x64) AppleWebKit/537.36 (KHTML, like Gecko) Chrome/90.0.4430.85 Safari/537.36 Edg/90.0.818.46"
178.115.42.220 - - [22/Nov/2024:17:15:06 +0100] "GET /entry.php?id=10271&&ser=292046 HTTP/1.1" 200 987 "http://hausegger.activities.at/entry.php?id=10271&&ser=291985" "Mozilla/5.0 (Windows NT 10.0; Win64; x64; rv:132.0) Gecko/20100101 Firefox/132.0"
178.115.42.220 - - [22/Nov/2024:17:15:06 +0100] "GET /gui/javascript/form_form.js?1732292106 HTTP/1.1" 200 16206 "http://hausegger.activities.at/entry.php?id=10271&&ser=292046" "Mozilla/5.0 (Windows NT 10.0; Win64; x64; rv:132.0) Gecko/20100101 Firefox/132.0"
156.59.198.136 - - [22/Nov/2024:17:15:17 +0100] "GET /renault.activities.at/htdocs/export/pdf/emuc_document/10963715.pdf HTTP/1.0" 404 322 "-" "Mozilla/5.0 (Linux; Android 5.0) AppleWebKit/537.36 (KHTML, like Gecko) Mobile Safari/537.36 (compatible; Bytespider; spider-feedback@bytedance.com)"
178.115.42.220 - - [22/Nov/2024:17:16:06 +0100] "GET /entry.php?id=10271&&ser=292106 HTTP/1.1" 200 987 "http://hausegger.activities.at/entry.php?id=10271&&ser=292046" "Mozilla/5.0 (Windows NT 10.0; Win64; x64; rv:132.0) Gecko/20100101 Firefox/132.0"
178.115.42.220 - - [22/Nov/2024:17:16:06 +0100] "GET /gui/javascript/form_form.js?1732292166 HTTP/1.1" 200 16206 "http://hausegger.activities.at/entry.php?id=10271&&ser=292106" "Mozilla/5.0 (Windows NT 10.0; Win64; x64; rv:132.0) Gecko/20100101 Firefox/132.0"
46.174.191.32 - - [22/Nov/2024:17:16:30 +0100] "GET / HTTP/1.0" 200 423 "-" "Mozilla/5.0 (Windows NT 6.1; WOW64; Trident/7.0; AS; rv:11.0) like Gecko"
178.115.42.220 - - [22/Nov/2024:17:17:07 +0100] "GET /entry.php?id=10271&&ser=292166 HTTP/1.1" 200 987 "http://hausegger.activities.at/entry.php?id=10271&&ser=292106" "Mozilla/5.0 (Windows NT 10.0; Win64; x64; rv:132.0) Gecko/20100101 Firefox/132.0"
178.115.42.220 - - [22/Nov/2024:17:17:07 +0100] "GET /gui/javascript/form_form.js?1732292227 HTTP/1.1" 200 16206 "http://hausegger.activities.at/entry.php?id=10271&&ser=292166" "Mozilla/5.0 (Windows NT 10.0; Win64; x64; rv:132.0) Gecko/20100101 Firefox/132.0"
178.115.42.220 - - [22/Nov/2024:17:18:07 +0100] "GET /entry.php?id=10271&&ser=292227 HTTP/1.1" 200 987 "http://hausegger.activities.at/entry.php?id=10271&&ser=292166" "Mozilla/5.0 (Windows NT 10.0; Win64; x64; rv:132.0) Gecko/20100101 Firefox/132.0"
178.115.42.220 - - [22/Nov/2024:17:18:07 +0100] "GET /gui/javascript/form_form.js?1732292287 HTTP/1.1" 200 16206 "http://hausegger.activities.at/entry.php?id=10271&&ser=292227" "Mozilla/5.0 (Windows NT 10.0; Win64; x64; rv:132.0) Gecko/20100101 Firefox/132.0"
178.115.42.220 - - [22/Nov/2024:17:18:08 +0100] "GET /entry.php?id=11237&type=10665 HTTP/1.1" 200 276 "http://hausegger.activities.at/entry.php?id=10828" "Mozilla/5.0 (Windows NT 10.0; Win64; x64; rv:132.0) Gecko/20100101 Firefox/132.0"
178.115.42.220 - - [22/Nov/2024:17:18:09 +0100] "GET /entry.php?id=11239&mode=document&form=10665& HTTP/1.1" 200 2018 "http://hausegger.activities.at/entry.php?id=11237&type=10665" "Mozilla/5.0 (Windows NT 10.0; Win64; x64; rv:132.0) Gecko/20100101 Firefox/132.0"
178.115.42.220 - - [22/Nov/2024:17:18:09 +0100] "GET /gui/javascript/form_bu_document_workflow.js?1732292289 HTTP/1.1" 200 4900 "http://hausegger.activities.at/entry.php?id=11239&mode=document&form=10665&" "Mozilla/5.0 (Windows NT 10.0; Win64; x64; rv:132.0) Gecko/20100101 Firefox/132.0"
178.115.42.220 - - [22/Nov/2024:17:18:09 +0100] "GET /gui/javascript/form_form.js?1732292289 HTTP/1.1" 200 16206 "http://hausegger.activities.at/entry.php?id=11239&mode=document&form=10665&" "Mozilla/5.0 (Windows NT 10.0; Win64; x64; rv:132.0) Gecko/20100101 Firefox/132.0"
178.115.42.220 - - [22/Nov/2024:17:18:09 +0100] "GET /entry.php?id=11240&mode=document&form=10665& HTTP/1.1" 200 2673 "http://hausegger.activities.at/entry.php?id=11237&type=10665" "Mozilla/5.0 (Windows NT 10.0; Win64; x64; rv:132.0) Gecko/20100101 Firefox/132.0"
178.115.42.220 - - [22/Nov/2024:17:18:09 +0100] "GET /entry.php?id=11238&mode=document&form=10665& HTTP/1.1" 200 3305 "http://hausegger.activities.at/entry.php?id=11237&type=10665" "Mozilla/5.0 (Windows NT 10.0; Win64; x64; rv:132.0) Gecko/20100101 Firefox/132.0"
178.115.42.220 - - [22/Nov/2024:17:18:09 +0100] "GET /entry.php?id=10676&&title=Belegsuche HTTP/1.1" 200 1392 "http://hausegger.activities.at/entry.php?id=11237&type=10665" "Mozilla/5.0 (Windows NT 10.0; Win64; x64; rv:132.0) Gecko/20100101 Firefox/132.0"
178.115.42.220 - - [22/Nov/2024:17:18:09 +0100] "GET /entry.php?id=10776&form=11066&name=list& HTTP/1.1" 200 1513 "http://hausegger.activities.at/entry.php?id=11240&mode=document&form=10665&" "Mozilla/5.0 (Windows NT 10.0; Win64; x64; rv:132.0) Gecko/20100101 Firefox/132.0"
178.115.42.220 - - [22/Nov/2024:17:18:09 +0100] "GET /entry.php?id=10778&form=11066&name=list& HTTP/1.1" 200 2586 "http://hausegger.activities.at/entry.php?id=11240&mode=document&form=10665&" "Mozilla/5.0 (Windows NT 10.0; Win64; x64; rv:132.0) Gecko/20100101 Firefox/132.0"
178.115.42.220 - - [22/Nov/2024:17:18:10 +0100] "POST /entry.php?id=11240 HTTP/1.1" 200 2671 "http://hausegger.activities.at/entry.php?id=11240&mode=document&form=10665&" "Mozilla/5.0 (Windows NT 10.0; Win64; x64; rv:132.0) Gecko/20100101 Firefox/132.0"
178.115.42.220 - - [22/Nov/2024:17:18:10 +0100] "GET /gui/javascript/form_bu_document_workflow.js?1732292290 HTTP/1.1" 200 4900 "http://hausegger.activities.at/entry.php?id=11240" "Mozilla/5.0 (Windows NT 10.0; Win64; x64; rv:132.0) Gecko/20100101 Firefox/132.0"
178.115.42.220 - - [22/Nov/2024:17:18:10 +0100] "GET /gui/javascript/form_form.js?1732292290 HTTP/1.1" 200 16206 "http://hausegger.activities.at/entry.php?id=11240" "Mozilla/5.0 (Windows NT 10.0; Win64; x64; rv:132.0) Gecko/20100101 Firefox/132.0"
178.115.42.220 - - [22/Nov/2024:17:18:10 +0100] "GET /entry.php?id=10776&form=11066&name=list& HTTP/1.1" 200 1513 "http://hausegger.activities.at/entry.php?id=11240" "Mozilla/5.0 (Windows NT 10.0; Win64; x64; rv:132.0) Gecko/20100101 Firefox/132.0"
178.115.42.220 - - [22/Nov/2024:17:18:10 +0100] "GET /entry.php?id=10778&form=11066&name=list& HTTP/1.1" 200 3544 "http://hausegger.activities.at/entry.php?id=11240" "Mozilla/5.0 (Windows NT 10.0; Win64; x64; rv:132.0) Gecko/20100101 Firefox/132.0"
178.115.42.220 - - [22/Nov/2024:17:18:27 +0100] "POST /entry.php?id=10828 HTTP/1.1" 200 8713 "http://hausegger.activities.at/entry.php?id=10828" "Mozilla/5.0 (Windows NT 10.0; Win64; x64; rv:132.0) Gecko/20100101 Firefox/132.0"
178.115.42.220 - - [22/Nov/2024:17:18:28 +0100] "GET /gui/javascript/form_form.js?1732292307 HTTP/1.1" 200 16206 "http://hausegger.activities.at/entry.php?id=10828" "Mozilla/5.0 (Windows NT 10.0; Win64; x64; rv:132.0) Gecko/20100101 Firefox/132.0"
178.115.42.220 - - [22/Nov/2024:17:18:28 +0100] "GET /entry.php?id=10889&document_id=10344814& HTTP/1.1" 200 1510 "http://hausegger.activities.at/entry.php?id=10828" "Mozilla/5.0 (Windows NT 10.0; Win64; x64; rv:132.0) Gecko/20100101 Firefox/132.0"
178.115.42.220 - - [22/Nov/2024:17:18:28 +0100] "GET /gui/javascript/form_form.js?1732292308 HTTP/1.1" 200 16206 "http://hausegger.activities.at/entry.php?id=10889&document_id=10344814&" "Mozilla/5.0 (Windows NT 10.0; Win64; x64; rv:132.0) Gecko/20100101 Firefox/132.0"
178.115.42.220 - - [22/Nov/2024:17:18:30 +0100] "POST /entry.php?id=10828 HTTP/1.1" 200 8772 "http://hausegger.activities.at/entry.php?id=10828" "Mozilla/5.0 (Windows NT 10.0; Win64; x64; rv:132.0) Gecko/20100101 Firefox/132.0"
178.115.42.220 - - [22/Nov/2024:17:18:31 +0100] "GET /gui/javascript/form_form.js?1732292311 HTTP/1.1" 200 16206 "http://hausegger.activities.at/entry.php?id=10828" "Mozilla/5.0 (Windows NT 10.0; Win64; x64; rv:132.0) Gecko/20100101 Firefox/132.0"
178.115.42.220 - - [22/Nov/2024:17:18:31 +0100] "GET /entry.php?id=10889&document_id=10344814& HTTP/1.1" 200 1509 "http://hausegger.activities.at/entry.php?id=10828" "Mozilla/5.0 (Windows NT 10.0; Win64; x64; rv:132.0) Gecko/20100101 Firefox/132.0"
178.115.42.220 - - [22/Nov/2024:17:18:38 +0100] "GET /entry.php?id=11237&type=10665 HTTP/1.1" 200 276 "http://hausegger.activities.at/entry.php?id=10828" "Mozilla/5.0 (Windows NT 10.0; Win64; x64; rv:132.0) Gecko/20100101 Firefox/132.0"
178.115.42.220 - - [22/Nov/2024:17:18:38 +0100] "GET /entry.php?id=10676&&title=Belegsuche HTTP/1.1" 200 1392 "http://hausegger.activities.at/entry.php?id=11237&type=10665" "Mozilla/5.0 (Windows NT 10.0; Win64; x64; rv:132.0) Gecko/20100101 Firefox/132.0"
178.115.42.220 - - [22/Nov/2024:17:18:39 +0100] "GET /gui/javascript/form_form.js?1732292319 HTTP/1.1" 200 16206 "http://hausegger.activities.at/entry.php?id=10676&&title=Belegsuche" "Mozilla/5.0 (Windows NT 10.0; Win64; x64; rv:132.0) Gecko/20100101 Firefox/132.0"
178.115.42.220 - - [22/Nov/2024:17:18:38 +0100] "GET /entry.php?id=11239&mode=document&form=10665& HTTP/1.1" 200 2018 "http://hausegger.activities.at/entry.php?id=11237&type=10665" "Mozilla/5.0 (Windows NT 10.0; Win64; x64; rv:132.0) Gecko/20100101 Firefox/132.0"
178.115.42.220 - - [22/Nov/2024:17:18:39 +0100] "GET /gui/javascript/form_bu_document_workflow.js?1732292319 HTTP/1.1" 200 4900 "http://hausegger.activities.at/entry.php?id=11239&mode=document&form=10665&" "Mozilla/5.0 (Windows NT 10.0; Win64; x64; rv:132.0) Gecko/20100101 Firefox/132.0"
178.115.42.220 - - [22/Nov/2024:17:18:38 +0100] "GET /entry.php?id=11240&mode=document&form=10665& HTTP/1.1" 200 2673 "http://hausegger.activities.at/entry.php?id=11237&type=10665" "Mozilla/5.0 (Windows NT 10.0; Win64; x64; rv:132.0) Gecko/20100101 Firefox/132.0"
178.115.42.220 - - [22/Nov/2024:17:18:38 +0100] "GET /entry.php?id=11238&mode=document&form=10665& HTTP/1.1" 200 3305 "http://hausegger.activities.at/entry.php?id=11237&type=10665" "Mozilla/5.0 (Windows NT 10.0; Win64; x64; rv:132.0) Gecko/20100101 Firefox/132.0"
178.115.42.220 - - [22/Nov/2024:17:18:39 +0100] "GET /entry.php?id=10776&form=11066&name=list& HTTP/1.1" 200 1513 "http://hausegger.activities.at/entry.php?id=11240&mode=document&form=10665&" "Mozilla/5.0 (Windows NT 10.0; Win64; x64; rv:132.0) Gecko/20100101 Firefox/132.0"
178.115.42.220 - - [22/Nov/2024:17:18:39 +0100] "GET /entry.php?id=10778&form=11066&name=list& HTTP/1.1" 200 2586 "http://hausegger.activities.at/entry.php?id=11240&mode=document&form=10665&" "Mozilla/5.0 (Windows NT 10.0; Win64; x64; rv:132.0) Gecko/20100101 Firefox/132.0"
178.115.42.220 - - [22/Nov/2024:17:18:39 +0100] "POST /entry.php?id=11240 HTTP/1.1" 200 2673 "http://hausegger.activities.at/entry.php?id=11240&mode=document&form=10665&" "Mozilla/5.0 (Windows NT 10.0; Win64; x64; rv:132.0) Gecko/20100101 Firefox/132.0"
178.115.42.220 - - [22/Nov/2024:17:18:40 +0100] "GET /gui/javascript/form_bu_document_workflow.js?1732292320 HTTP/1.1" 200 4900 "http://hausegger.activities.at/entry.php?id=11240" "Mozilla/5.0 (Windows NT 10.0; Win64; x64; rv:132.0) Gecko/20100101 Firefox/132.0"
178.115.42.220 - - [22/Nov/2024:17:18:40 +0100] "GET /gui/javascript/form_form.js?1732292320 HTTP/1.1" 200 16206 "http://hausegger.activities.at/entry.php?id=11240" "Mozilla/5.0 (Windows NT 10.0; Win64; x64; rv:132.0) Gecko/20100101 Firefox/132.0"
178.115.42.220 - - [22/Nov/2024:17:18:40 +0100] "GET /entry.php?id=10778&form=11066&name=list& HTTP/1.1" 200 3468 "http://hausegger.activities.at/entry.php?id=11240" "Mozilla/5.0 (Windows NT 10.0; Win64; x64; rv:132.0) Gecko/20100101 Firefox/132.0"
178.115.42.220 - - [22/Nov/2024:17:18:40 +0100] "GET /entry.php?id=10776&form=11066&name=list& HTTP/1.1" 200 1513 "http://hausegger.activities.at/entry.php?id=11240" "Mozilla/5.0 (Windows NT 10.0; Win64; x64; rv:132.0) Gecko/20100101 Firefox/132.0"
178.115.42.220 - - [22/Nov/2024:17:18:52 +0100] "POST /entry.php?id=10828 HTTP/1.1" 200 8725 "http://hausegger.activities.at/entry.php?id=10828" "Mozilla/5.0 (Windows NT 10.0; Win64; x64; rv:132.0) Gecko/20100101 Firefox/132.0"
178.115.42.220 - - [22/Nov/2024:17:18:52 +0100] "GET /gui/javascript/form_form.js?1732292332 HTTP/1.1" 200 16206 "http://hausegger.activities.at/entry.php?id=10828" "Mozilla/5.0 (Windows NT 10.0; Win64; x64; rv:132.0) Gecko/20100101 Firefox/132.0"
178.115.42.220 - - [22/Nov/2024:17:18:53 +0100] "GET /entry.php?id=10889&document_id=10344811& HTTP/1.1" 200 1510 "http://hausegger.activities.at/entry.php?id=10828" "Mozilla/5.0 (Windows NT 10.0; Win64; x64; rv:132.0) Gecko/20100101 Firefox/132.0"
178.115.42.220 - - [22/Nov/2024:17:18:53 +0100] "GET /gui/javascript/form_form.js?1732292333 HTTP/1.1" 200 16206 "http://hausegger.activities.at/entry.php?id=10889&document_id=10344811&" "Mozilla/5.0 (Windows NT 10.0; Win64; x64; rv:132.0) Gecko/20100101 Firefox/132.0"
178.115.42.220 - - [22/Nov/2024:17:19:07 +0100] "GET /entry.php?id=10271&&ser=292287 HTTP/1.1" 200 987 "http://hausegger.activities.at/entry.php?id=10271&&ser=292227" "Mozilla/5.0 (Windows NT 10.0; Win64; x64; rv:132.0) Gecko/20100101 Firefox/132.0"
178.115.42.220 - - [22/Nov/2024:17:19:08 +0100] "GET /gui/javascript/form_form.js?1732292348 HTTP/1.1" 200 16206 "http://hausegger.activities.at/entry.php?id=10271&&ser=292287" "Mozilla/5.0 (Windows NT 10.0; Win64; x64; rv:132.0) Gecko/20100101 Firefox/132.0"
178.115.42.220 - - [22/Nov/2024:17:19:10 +0100] "POST /entry.php?id=10828 HTTP/1.1" 200 8785 "http://hausegger.activities.at/entry.php?id=10828" "Mozilla/5.0 (Windows NT 10.0; Win64; x64; rv:132.0) Gecko/20100101 Firefox/132.0"
178.115.42.220 - - [22/Nov/2024:17:19:10 +0100] "GET /gui/javascript/form_form.js?1732292350 HTTP/1.1" 200 16206 "http://hausegger.activities.at/entry.php?id=10828" "Mozilla/5.0 (Windows NT 10.0; Win64; x64; rv:132.0) Gecko/20100101 Firefox/132.0"
178.115.42.220 - - [22/Nov/2024:17:19:11 +0100] "GET /entry.php?id=10889&document_id=10344811& HTTP/1.1" 200 1509 "http://hausegger.activities.at/entry.php?id=10828" "Mozilla/5.0 (Windows NT 10.0; Win64; x64; rv:132.0) Gecko/20100101 Firefox/132.0"
178.115.42.220 - - [22/Nov/2024:17:19:11 +0100] "GET /gui/javascript/form_form.js?1732292351 HTTP/1.1" 200 16206 "http://hausegger.activities.at/entry.php?id=10889&document_id=10344811&" "Mozilla/5.0 (Windows NT 10.0; Win64; x64; rv:132.0) Gecko/20100101 Firefox/132.0"
178.115.42.220 - - [22/Nov/2024:17:19:12 +0100] "GET /entry.php?id=11237&type=10665 HTTP/1.1" 200 276 "http://hausegger.activities.at/entry.php?id=10828" "Mozilla/5.0 (Windows NT 10.0; Win64; x64; rv:132.0) Gecko/20100101 Firefox/132.0"
178.115.42.220 - - [22/Nov/2024:17:19:12 +0100] "GET /entry.php?id=10676&&title=Belegsuche HTTP/1.1" 200 1392 "http://hausegger.activities.at/entry.php?id=11237&type=10665" "Mozilla/5.0 (Windows NT 10.0; Win64; x64; rv:132.0) Gecko/20100101 Firefox/132.0"
178.115.42.220 - - [22/Nov/2024:17:19:12 +0100] "GET /gui/javascript/form_form.js?1732292352 HTTP/1.1" 200 16206 "http://hausegger.activities.at/entry.php?id=10676&&title=Belegsuche" "Mozilla/5.0 (Windows NT 10.0; Win64; x64; rv:132.0) Gecko/20100101 Firefox/132.0"
178.115.42.220 - - [22/Nov/2024:17:19:12 +0100] "GET /entry.php?id=11239&mode=document&form=10665& HTTP/1.1" 200 2019 "http://hausegger.activities.at/entry.php?id=11237&type=10665" "Mozilla/5.0 (Windows NT 10.0; Win64; x64; rv:132.0) Gecko/20100101 Firefox/132.0"
178.115.42.220 - - [22/Nov/2024:17:19:13 +0100] "GET /gui/javascript/form_bu_document_workflow.js?1732292352 HTTP/1.1" 200 4900 "http://hausegger.activities.at/entry.php?id=11239&mode=document&form=10665&" "Mozilla/5.0 (Windows NT 10.0; Win64; x64; rv:132.0) Gecko/20100101 Firefox/132.0"
178.115.42.220 - - [22/Nov/2024:17:19:12 +0100] "GET /entry.php?id=11240&mode=document&form=10665& HTTP/1.1" 200 2672 "http://hausegger.activities.at/entry.php?id=11237&type=10665" "Mozilla/5.0 (Windows NT 10.0; Win64; x64; rv:132.0) Gecko/20100101 Firefox/132.0"
178.115.42.220 - - [22/Nov/2024:17:19:13 +0100] "GET /gui/javascript/form_bu_document_workflow.js?1732292353 HTTP/1.1" 200 4900 "http://hausegger.activities.at/entry.php?id=11240&mode=document&form=10665&" "Mozilla/5.0 (Windows NT 10.0; Win64; x64; rv:132.0) Gecko/20100101 Firefox/132.0"
178.115.42.220 - - [22/Nov/2024:17:19:13 +0100] "GET /gui/javascript/form_form.js?1732292353 HTTP/1.1" 200 16206 "http://hausegger.activities.at/entry.php?id=11240&mode=document&form=10665&" "Mozilla/5.0 (Windows NT 10.0; Win64; x64; rv:132.0) Gecko/20100101 Firefox/132.0"
178.115.42.220 - - [22/Nov/2024:17:19:12 +0100] "GET /entry.php?id=11238&mode=document&form=10665& HTTP/1.1" 200 3304 "http://hausegger.activities.at/entry.php?id=11237&type=10665" "Mozilla/5.0 (Windows NT 10.0; Win64; x64; rv:132.0) Gecko/20100101 Firefox/132.0"
178.115.42.220 - - [22/Nov/2024:17:19:13 +0100] "GET /entry.php?id=10776&form=11066&name=list& HTTP/1.1" 200 1513 "http://hausegger.activities.at/entry.php?id=11240&mode=document&form=10665&" "Mozilla/5.0 (Windows NT 10.0; Win64; x64; rv:132.0) Gecko/20100101 Firefox/132.0"
178.115.42.220 - - [22/Nov/2024:17:19:13 +0100] "GET /entry.php?id=10778&form=11066&name=list& HTTP/1.1" 200 2586 "http://hausegger.activities.at/entry.php?id=11240&mode=document&form=10665&" "Mozilla/5.0 (Windows NT 10.0; Win64; x64; rv:132.0) Gecko/20100101 Firefox/132.0"
178.115.42.220 - - [22/Nov/2024:17:19:13 +0100] "POST /entry.php?id=11240 HTTP/1.1" 200 2673 "http://hausegger.activities.at/entry.php?id=11240&mode=document&form=10665&" "Mozilla/5.0 (Windows NT 10.0; Win64; x64; rv:132.0) Gecko/20100101 Firefox/132.0"
178.115.42.220 - - [22/Nov/2024:17:19:14 +0100] "GET /entry.php?id=10778&form=11066&name=list& HTTP/1.1" 200 3386 "http://hausegger.activities.at/entry.php?id=11240" "Mozilla/5.0 (Windows NT 10.0; Win64; x64; rv:132.0) Gecko/20100101 Firefox/132.0"
178.115.42.220 - - [22/Nov/2024:17:19:14 +0100] "GET /entry.php?id=10776&form=11066&name=list& HTTP/1.1" 200 1514 "http://hausegger.activities.at/entry.php?id=11240" "Mozilla/5.0 (Windows NT 10.0; Win64; x64; rv:132.0) Gecko/20100101 Firefox/132.0"
156.59.198.136 - - [22/Nov/2024:17:19:17 +0100] "GET /renault.activities.at/htdocs/export/xml/data/orders/202010021703_RenOrder.xml HTTP/1.0" 404 329 "-" "Mozilla/5.0 (Linux; Android 5.0) AppleWebKit/537.36 (KHTML, like Gecko) Mobile Safari/537.36 (compatible; Bytespider; spider-feedback@bytedance.com)"
178.115.42.220 - - [22/Nov/2024:17:19:46 +0100] "GET /entry.php?id=10828 HTTP/1.1" 200 9145 "http://hausegger.activities.at/entry.php?id=10270&__app__=10006038" "Mozilla/5.0 (Windows NT 10.0; Win64; x64; rv:132.0) Gecko/20100101 Firefox/132.0"
178.115.42.220 - - [22/Nov/2024:17:19:46 +0100] "GET /gui/javascript/form_form.js?1732292386 HTTP/1.1" 200 16206 "http://hausegger.activities.at/entry.php?id=10828" "Mozilla/5.0 (Windows NT 10.0; Win64; x64; rv:132.0) Gecko/20100101 Firefox/132.0"
178.115.42.220 - - [22/Nov/2024:17:19:46 +0100] "GET /entry.php?id=10889&document_id=& HTTP/1.1" 200 1510 "http://hausegger.activities.at/entry.php?id=10828" "Mozilla/5.0 (Windows NT 10.0; Win64; x64; rv:132.0) Gecko/20100101 Firefox/132.0"
178.115.42.220 - - [22/Nov/2024:17:19:47 +0100] "GET /entry.php?id=10831 HTTP/1.1" 200 8824 "http://hausegger.activities.at/entry.php?id=10270&__app__=10006038" "Mozilla/5.0 (Windows NT 10.0; Win64; x64; rv:132.0) Gecko/20100101 Firefox/132.0"
178.115.42.220 - - [22/Nov/2024:17:19:47 +0100] "GET /gui/javascript/form_form.js?1732292387 HTTP/1.1" 200 16206 "http://hausegger.activities.at/entry.php?id=10831" "Mozilla/5.0 (Windows NT 10.0; Win64; x64; rv:132.0) Gecko/20100101 Firefox/132.0"
178.115.42.220 - - [22/Nov/2024:17:19:47 +0100] "GET /entry.php?id=10889&document_id=& HTTP/1.1" 200 1510 "http://hausegger.activities.at/entry.php?id=10831" "Mozilla/5.0 (Windows NT 10.0; Win64; x64; rv:132.0) Gecko/20100101 Firefox/132.0"
178.115.42.220 - - [22/Nov/2024:17:19:49 +0100] "GET /entry.php?id=11237&type=10668 HTTP/1.1" 200 276 "http://hausegger.activities.at/entry.php?id=10831" "Mozilla/5.0 (Windows NT 10.0; Win64; x64; rv:132.0) Gecko/20100101 Firefox/132.0"
178.115.42.220 - - [22/Nov/2024:17:19:49 +0100] "GET /entry.php?id=11239&mode=document&form=10668& HTTP/1.1" 200 2023 "http://hausegger.activities.at/entry.php?id=11237&type=10668" "Mozilla/5.0 (Windows NT 10.0; Win64; x64; rv:132.0) Gecko/20100101 Firefox/132.0"
178.115.42.220 - - [22/Nov/2024:17:19:49 +0100] "GET /entry.php?id=10676&&title=Belegsuche HTTP/1.1" 200 1392 "http://hausegger.activities.at/entry.php?id=11237&type=10668" "Mozilla/5.0 (Windows NT 10.0; Win64; x64; rv:132.0) Gecko/20100101 Firefox/132.0"
178.115.42.220 - - [22/Nov/2024:17:19:49 +0100] "GET /gui/javascript/form_bu_document_workflow.js?1732292389 HTTP/1.1" 200 4900 "http://hausegger.activities.at/entry.php?id=11239&mode=document&form=10668&" "Mozilla/5.0 (Windows NT 10.0; Win64; x64; rv:132.0) Gecko/20100101 Firefox/132.0"
178.115.42.220 - - [22/Nov/2024:17:19:49 +0100] "GET /gui/javascript/form_form.js?1732292389 HTTP/1.1" 200 16206 "http://hausegger.activities.at/entry.php?id=11239&mode=document&form=10668&" "Mozilla/5.0 (Windows NT 10.0; Win64; x64; rv:132.0) Gecko/20100101 Firefox/132.0"
178.115.42.220 - - [22/Nov/2024:17:19:49 +0100] "GET /gui/javascript/form_form.js?1732292389 HTTP/1.1" 200 16206 "http://hausegger.activities.at/entry.php?id=10676&&title=Belegsuche" "Mozilla/5.0 (Windows NT 10.0; Win64; x64; rv:132.0) Gecko/20100101 Firefox/132.0"
178.115.42.220 - - [22/Nov/2024:17:19:49 +0100] "GET /entry.php?id=11240&mode=document&form=10668& HTTP/1.1" 200 2674 "http://hausegger.activities.at/entry.php?id=11237&type=10668" "Mozilla/5.0 (Windows NT 10.0; Win64; x64; rv:132.0) Gecko/20100101 Firefox/132.0"
178.115.42.220 - - [22/Nov/2024:17:19:49 +0100] "GET /entry.php?id=11238&mode=document&form=10668& HTTP/1.1" 200 3240 "http://hausegger.activities.at/entry.php?id=11237&type=10668" "Mozilla/5.0 (Windows NT 10.0; Win64; x64; rv:132.0) Gecko/20100101 Firefox/132.0"
178.115.42.220 - - [22/Nov/2024:17:19:49 +0100] "GET /entry.php?id=10776&form=11066&name=list& HTTP/1.1" 200 1515 "http://hausegger.activities.at/entry.php?id=11240&mode=document&form=10668&" "Mozilla/5.0 (Windows NT 10.0; Win64; x64; rv:132.0) Gecko/20100101 Firefox/132.0"
178.115.42.220 - - [22/Nov/2024:17:19:49 +0100] "GET /entry.php?id=10778&form=11066&name=list& HTTP/1.1" 200 2588 "http://hausegger.activities.at/entry.php?id=11240&mode=document&form=10668&" "Mozilla/5.0 (Windows NT 10.0; Win64; x64; rv:132.0) Gecko/20100101 Firefox/132.0"
178.115.42.220 - - [22/Nov/2024:17:19:50 +0100] "POST /entry.php?id=11240 HTTP/1.1" 200 2674 "http://hausegger.activities.at/entry.php?id=11240&mode=document&form=10668&" "Mozilla/5.0 (Windows NT 10.0; Win64; x64; rv:132.0) Gecko/20100101 Firefox/132.0"
178.115.42.220 - - [22/Nov/2024:17:19:50 +0100] "GET /gui/javascript/form_bu_document_workflow.js?1732292390 HTTP/1.1" 200 4900 "http://hausegger.activities.at/entry.php?id=11240" "Mozilla/5.0 (Windows NT 10.0; Win64; x64; rv:132.0) Gecko/20100101 Firefox/132.0"
178.115.42.220 - - [22/Nov/2024:17:19:50 +0100] "GET /gui/javascript/form_form.js?1732292390 HTTP/1.1" 200 16206 "http://hausegger.activities.at/entry.php?id=11240" "Mozilla/5.0 (Windows NT 10.0; Win64; x64; rv:132.0) Gecko/20100101 Firefox/132.0"
178.115.42.220 - - [22/Nov/2024:17:19:50 +0100] "GET /entry.php?id=10778&form=11066&name=list& HTTP/1.1" 200 2878 "http://hausegger.activities.at/entry.php?id=11240" "Mozilla/5.0 (Windows NT 10.0; Win64; x64; rv:132.0) Gecko/20100101 Firefox/132.0"
178.115.42.220 - - [22/Nov/2024:17:19:50 +0100] "GET /entry.php?id=10776&form=11066&name=list& HTTP/1.1" 200 1515 "http://hausegger.activities.at/entry.php?id=11240" "Mozilla/5.0 (Windows NT 10.0; Win64; x64; rv:132.0) Gecko/20100101 Firefox/132.0"
178.115.42.220 - - [22/Nov/2024:17:20:08 +0100] "GET /entry.php?id=10271&&ser=292348 HTTP/1.1" 200 986 "http://hausegger.activities.at/entry.php?id=10271&&ser=292287" "Mozilla/5.0 (Windows NT 10.0; Win64; x64; rv:132.0) Gecko/20100101 Firefox/132.0"
178.115.42.220 - - [22/Nov/2024:17:20:08 +0100] "GET /gui/javascript/form_form.js?1732292408 HTTP/1.1" 200 16206 "http://hausegger.activities.at/entry.php?id=10271&&ser=292348" "Mozilla/5.0 (Windows NT 10.0; Win64; x64; rv:132.0) Gecko/20100101 Firefox/132.0"
178.115.42.220 - - [22/Nov/2024:17:20:27 +0100] "GET /entry.php?id=10828 HTTP/1.1" 200 9144 "http://hausegger.activities.at/entry.php?id=10270&__app__=10006038" "Mozilla/5.0 (Windows NT 10.0; Win64; x64; rv:132.0) Gecko/20100101 Firefox/132.0"
178.115.42.220 - - [22/Nov/2024:17:20:28 +0100] "GET /gui/javascript/form_form.js?1732292428 HTTP/1.1" 200 16206 "http://hausegger.activities.at/entry.php?id=10828" "Mozilla/5.0 (Windows NT 10.0; Win64; x64; rv:132.0) Gecko/20100101 Firefox/132.0"
178.115.42.220 - - [22/Nov/2024:17:20:28 +0100] "GET /entry.php?id=10889&document_id=& HTTP/1.1" 200 1510 "http://hausegger.activities.at/entry.php?id=10828" "Mozilla/5.0 (Windows NT 10.0; Win64; x64; rv:132.0) Gecko/20100101 Firefox/132.0"
178.115.42.220 - - [22/Nov/2024:17:21:09 +0100] "GET /entry.php?id=10271&&ser=292408 HTTP/1.1" 200 987 "http://hausegger.activities.at/entry.php?id=10271&&ser=292348" "Mozilla/5.0 (Windows NT 10.0; Win64; x64; rv:132.0) Gecko/20100101 Firefox/132.0"
178.115.42.220 - - [22/Nov/2024:17:21:09 +0100] "GET /gui/javascript/form_form.js?1732292469 HTTP/1.1" 200 16206 "http://hausegger.activities.at/entry.php?id=10271&&ser=292408" "Mozilla/5.0 (Windows NT 10.0; Win64; x64; rv:132.0) Gecko/20100101 Firefox/132.0"
5.8.11.202 - - [22/Nov/2024:17:22:00 +0100] "\x16\x03\x02\x01o\x01" 400 383 "-" "-"
178.115.42.220 - - [22/Nov/2024:17:22:11 +0100] "GET /entry.php?id=10271&&ser=292469 HTTP/1.1" 200 987 "http://hausegger.activities.at/entry.php?id=10271&&ser=292408" "Mozilla/5.0 (Windows NT 10.0; Win64; x64; rv:132.0) Gecko/20100101 Firefox/132.0"
178.115.42.220 - - [22/Nov/2024:17:22:11 +0100] "GET /gui/javascript/form_form.js?1732292531 HTTP/1.1" 200 16206 "http://hausegger.activities.at/entry.php?id=10271&&ser=292469" "Mozilla/5.0 (Windows NT 10.0; Win64; x64; rv:132.0) Gecko/20100101 Firefox/132.0"
178.115.42.220 - - [22/Nov/2024:17:23:16 +0100] "GET /entry.php?id=10271&&ser=292531 HTTP/1.1" 200 987 "http://hausegger.activities.at/entry.php?id=10271&&ser=292469" "Mozilla/5.0 (Windows NT 10.0; Win64; x64; rv:132.0) Gecko/20100101 Firefox/132.0"
178.115.42.220 - - [22/Nov/2024:17:23:16 +0100] "GET /gui/javascript/form_form.js?1732292596 HTTP/1.1" 200 16206 "http://hausegger.activities.at/entry.php?id=10271&&ser=292531" "Mozilla/5.0 (Windows NT 10.0; Win64; x64; rv:132.0) Gecko/20100101 Firefox/132.0"
156.59.198.136 - - [22/Nov/2024:17:23:18 +0100] "GET /renault.activities.at/htdocs/export/xml/data/orders/202008311803_RenOrder.xml HTTP/1.0" 404 329 "-" "Mozilla/5.0 (Linux; Android 5.0) AppleWebKit/537.36 (KHTML, like Gecko) Mobile Safari/537.36 (compatible; Bytespider; spider-feedback@bytedance.com)"
178.115.42.220 - - [22/Nov/2024:17:24:21 +0100] "GET /entry.php?id=10271&&ser=292596 HTTP/1.1" 200 987 "http://hausegger.activities.at/entry.php?id=10271&&ser=292531" "Mozilla/5.0 (Windows NT 10.0; Win64; x64; rv:132.0) Gecko/20100101 Firefox/132.0"
178.115.42.220 - - [22/Nov/2024:17:24:21 +0100] "GET /gui/javascript/form_form.js?1732292661 HTTP/1.1" 200 16206 "http://hausegger.activities.at/entry.php?id=10271&&ser=292596" "Mozilla/5.0 (Windows NT 10.0; Win64; x64; rv:132.0) Gecko/20100101 Firefox/132.0"
178.115.42.220 - - [22/Nov/2024:17:25:25 +0100] "GET /entry.php?id=10271&&ser=292661 HTTP/1.1" 200 987 "http://hausegger.activities.at/entry.php?id=10271&&ser=292596" "Mozilla/5.0 (Windows NT 10.0; Win64; x64; rv:132.0) Gecko/20100101 Firefox/132.0"
178.115.42.220 - - [22/Nov/2024:17:25:25 +0100] "GET /gui/javascript/form_form.js?1732292725 HTTP/1.1" 200 16206 "http://hausegger.activities.at/entry.php?id=10271&&ser=292661" "Mozilla/5.0 (Windows NT 10.0; Win64; x64; rv:132.0) Gecko/20100101 Firefox/132.0"
178.115.42.220 - - [22/Nov/2024:17:26:29 +0100] "GET /entry.php?id=10271&&ser=292725 HTTP/1.1" 200 987 "http://hausegger.activities.at/entry.php?id=10271&&ser=292661" "Mozilla/5.0 (Windows NT 10.0; Win64; x64; rv:132.0) Gecko/20100101 Firefox/132.0"
178.115.42.220 - - [22/Nov/2024:17:26:29 +0100] "GET /gui/javascript/form_form.js?1732292789 HTTP/1.1" 200 16206 "http://hausegger.activities.at/entry.php?id=10271&&ser=292725" "Mozilla/5.0 (Windows NT 10.0; Win64; x64; rv:132.0) Gecko/20100101 Firefox/132.0"
156.59.198.136 - - [22/Nov/2024:17:27:17 +0100] "GET /renault.activities.at/htdocs/activities/framework/treeview/readme.txt HTTP/1.0" 404 318 "-" "Mozilla/5.0 (Linux; Android 5.0) AppleWebKit/537.36 (KHTML, like Gecko) Mobile Safari/537.36 (compatible; Bytespider; spider-feedback@bytedance.com)"
178.115.42.220 - - [22/Nov/2024:17:27:34 +0100] "GET /entry.php?id=10271&&ser=292789 HTTP/1.1" 200 987 "http://hausegger.activities.at/entry.php?id=10271&&ser=292725" "Mozilla/5.0 (Windows NT 10.0; Win64; x64; rv:132.0) Gecko/20100101 Firefox/132.0"
178.115.42.220 - - [22/Nov/2024:17:27:34 +0100] "GET /gui/javascript/form_form.js?1732292854 HTTP/1.1" 200 16206 "http://hausegger.activities.at/entry.php?id=10271&&ser=292789" "Mozilla/5.0 (Windows NT 10.0; Win64; x64; rv:132.0) Gecko/20100101 Firefox/132.0"
178.115.42.220 - - [22/Nov/2024:17:28:35 +0100] "GET /entry.php?id=10271&&ser=292854 HTTP/1.1" 200 987 "http://hausegger.activities.at/entry.php?id=10271&&ser=292789" "Mozilla/5.0 (Windows NT 10.0; Win64; x64; rv:132.0) Gecko/20100101 Firefox/132.0"
178.115.42.220 - - [22/Nov/2024:17:28:35 +0100] "GET /gui/javascript/form_form.js?1732292915 HTTP/1.1" 200 16206 "http://hausegger.activities.at/entry.php?id=10271&&ser=292854" "Mozilla/5.0 (Windows NT 10.0; Win64; x64; rv:132.0) Gecko/20100101 Firefox/132.0"
178.115.42.220 - - [22/Nov/2024:17:29:35 +0100] "GET /entry.php?id=10271&&ser=292915 HTTP/1.1" 200 987 "http://hausegger.activities.at/entry.php?id=10271&&ser=292854" "Mozilla/5.0 (Windows NT 10.0; Win64; x64; rv:132.0) Gecko/20100101 Firefox/132.0"
178.115.42.220 - - [22/Nov/2024:17:29:35 +0100] "GET /gui/javascript/form_form.js?1732292975 HTTP/1.1" 200 16206 "http://hausegger.activities.at/entry.php?id=10271&&ser=292915" "Mozilla/5.0 (Windows NT 10.0; Win64; x64; rv:132.0) Gecko/20100101 Firefox/132.0"
178.115.42.220 - - [22/Nov/2024:17:30:35 +0100] "GET /entry.php?id=10271&&ser=292975 HTTP/1.1" 200 987 "http://hausegger.activities.at/entry.php?id=10271&&ser=292915" "Mozilla/5.0 (Windows NT 10.0; Win64; x64; rv:132.0) Gecko/20100101 Firefox/132.0"
178.115.42.220 - - [22/Nov/2024:17:30:36 +0100] "GET /gui/javascript/form_form.js?1732293036 HTTP/1.1" 200 16206 "http://hausegger.activities.at/entry.php?id=10271&&ser=292975" "Mozilla/5.0 (Windows NT 10.0; Win64; x64; rv:132.0) Gecko/20100101 Firefox/132.0"
156.59.198.136 - - [22/Nov/2024:17:31:18 +0100] "GET /renault.activities.at/htdocs/export/xml/data/orders/202001151003_RenOrder.xml HTTP/1.0" 404 328 "-" "Mozilla/5.0 (Linux; Android 5.0) AppleWebKit/537.36 (KHTML, like Gecko) Mobile Safari/537.36 (compatible; Bytespider; spider-feedback@bytedance.com)"
178.115.42.220 - - [22/Nov/2024:17:31:36 +0100] "GET /entry.php?id=10271&&ser=293036 HTTP/1.1" 200 987 "http://hausegger.activities.at/entry.php?id=10271&&ser=292975" "Mozilla/5.0 (Windows NT 10.0; Win64; x64; rv:132.0) Gecko/20100101 Firefox/132.0"
178.115.42.220 - - [22/Nov/2024:17:31:36 +0100] "GET /gui/javascript/form_form.js?1732293096 HTTP/1.1" 200 16206 "http://hausegger.activities.at/entry.php?id=10271&&ser=293036" "Mozilla/5.0 (Windows NT 10.0; Win64; x64; rv:132.0) Gecko/20100101 Firefox/132.0"
178.115.42.220 - - [22/Nov/2024:17:32:36 +0100] "GET /entry.php?id=10271&&ser=293096 HTTP/1.1" 200 987 "http://hausegger.activities.at/entry.php?id=10271&&ser=293036" "Mozilla/5.0 (Windows NT 10.0; Win64; x64; rv:132.0) Gecko/20100101 Firefox/132.0"
178.115.42.220 - - [22/Nov/2024:17:32:36 +0100] "GET /gui/javascript/form_form.js?1732293156 HTTP/1.1" 200 16206 "http://hausegger.activities.at/entry.php?id=10271&&ser=293096" "Mozilla/5.0 (Windows NT 10.0; Win64; x64; rv:132.0) Gecko/20100101 Firefox/132.0"
178.115.42.220 - - [22/Nov/2024:17:33:37 +0100] "GET /entry.php?id=10271&&ser=293156 HTTP/1.1" 200 987 "http://hausegger.activities.at/entry.php?id=10271&&ser=293096" "Mozilla/5.0 (Windows NT 10.0; Win64; x64; rv:132.0) Gecko/20100101 Firefox/132.0"
178.115.42.220 - - [22/Nov/2024:17:33:38 +0100] "GET /gui/javascript/form_form.js?1732293217 HTTP/1.1" 200 16206 "http://hausegger.activities.at/entry.php?id=10271&&ser=293156" "Mozilla/5.0 (Windows NT 10.0; Win64; x64; rv:132.0) Gecko/20100101 Firefox/132.0"
178.115.42.220 - - [22/Nov/2024:17:34:38 +0100] "GET /entry.php?id=10271&&ser=293217 HTTP/1.1" 200 987 "http://hausegger.activities.at/entry.php?id=10271&&ser=293156" "Mozilla/5.0 (Windows NT 10.0; Win64; x64; rv:132.0) Gecko/20100101 Firefox/132.0"
178.115.42.220 - - [22/Nov/2024:17:34:38 +0100] "GET /gui/javascript/form_form.js?1732293278 HTTP/1.1" 200 16206 "http://hausegger.activities.at/entry.php?id=10271&&ser=293217" "Mozilla/5.0 (Windows NT 10.0; Win64; x64; rv:132.0) Gecko/20100101 Firefox/132.0"
156.59.198.135 - - [22/Nov/2024:17:35:18 +0100] "GET /renault.activities.at/htdocs/export/pdf/emuc_document/11581947.pdf HTTP/1.0" 404 322 "-" "Mozilla/5.0 (Linux; Android 5.0) AppleWebKit/537.36 (KHTML, like Gecko) Mobile Safari/537.36 (compatible; Bytespider; spider-feedback@bytedance.com)"
178.115.42.220 - - [22/Nov/2024:17:35:38 +0100] "GET /entry.php?id=10271&&ser=293278 HTTP/1.1" 200 987 "http://hausegger.activities.at/entry.php?id=10271&&ser=293217" "Mozilla/5.0 (Windows NT 10.0; Win64; x64; rv:132.0) Gecko/20100101 Firefox/132.0"
178.115.42.220 - - [22/Nov/2024:17:35:38 +0100] "GET /gui/javascript/form_form.js?1732293338 HTTP/1.1" 200 16206 "http://hausegger.activities.at/entry.php?id=10271&&ser=293278" "Mozilla/5.0 (Windows NT 10.0; Win64; x64; rv:132.0) Gecko/20100101 Firefox/132.0"
178.115.42.220 - - [22/Nov/2024:17:36:39 +0100] "GET /entry.php?id=10271&&ser=293338 HTTP/1.1" 200 987 "http://hausegger.activities.at/entry.php?id=10271&&ser=293278" "Mozilla/5.0 (Windows NT 10.0; Win64; x64; rv:132.0) Gecko/20100101 Firefox/132.0"
178.115.42.220 - - [22/Nov/2024:17:36:39 +0100] "GET /gui/javascript/form_form.js?1732293399 HTTP/1.1" 200 16206 "http://hausegger.activities.at/entry.php?id=10271&&ser=293338" "Mozilla/5.0 (Windows NT 10.0; Win64; x64; rv:132.0) Gecko/20100101 Firefox/132.0"
178.115.42.220 - - [22/Nov/2024:17:37:39 +0100] "GET /entry.php?id=10271&&ser=293399 HTTP/1.1" 200 987 "http://hausegger.activities.at/entry.php?id=10271&&ser=293338" "Mozilla/5.0 (Windows NT 10.0; Win64; x64; rv:132.0) Gecko/20100101 Firefox/132.0"
178.115.42.220 - - [22/Nov/2024:17:37:39 +0100] "GET /gui/javascript/form_form.js?1732293459 HTTP/1.1" 200 16206 "http://hausegger.activities.at/entry.php?id=10271&&ser=293399" "Mozilla/5.0 (Windows NT 10.0; Win64; x64; rv:132.0) Gecko/20100101 Firefox/132.0"
178.115.42.220 - - [22/Nov/2024:17:38:39 +0100] "GET /entry.php?id=10271&&ser=293459 HTTP/1.1" 200 987 "http://hausegger.activities.at/entry.php?id=10271&&ser=293399" "Mozilla/5.0 (Windows NT 10.0; Win64; x64; rv:132.0) Gecko/20100101 Firefox/132.0"
178.115.42.220 - - [22/Nov/2024:17:38:39 +0100] "GET /gui/javascript/form_form.js?1732293519 HTTP/1.1" 200 16206 "http://hausegger.activities.at/entry.php?id=10271&&ser=293459" "Mozilla/5.0 (Windows NT 10.0; Win64; x64; rv:132.0) Gecko/20100101 Firefox/132.0"
156.59.198.135 - - [22/Nov/2024:17:39:18 +0100] "GET /renault.activities.at/htdocs/export/pdf/emuc_document/11606579.pdf HTTP/1.0" 404 322 "-" "Mozilla/5.0 (Linux; Android 5.0) AppleWebKit/537.36 (KHTML, like Gecko) Mobile Safari/537.36 (compatible; Bytespider; spider-feedback@bytedance.com)"
178.115.42.220 - - [22/Nov/2024:17:39:39 +0100] "GET /entry.php?id=10271&&ser=293519 HTTP/1.1" 200 987 "http://hausegger.activities.at/entry.php?id=10271&&ser=293459" "Mozilla/5.0 (Windows NT 10.0; Win64; x64; rv:132.0) Gecko/20100101 Firefox/132.0"
178.115.42.220 - - [22/Nov/2024:17:39:40 +0100] "GET /gui/javascript/form_form.js?1732293580 HTTP/1.1" 200 16206 "http://hausegger.activities.at/entry.php?id=10271&&ser=293519" "Mozilla/5.0 (Windows NT 10.0; Win64; x64; rv:132.0) Gecko/20100101 Firefox/132.0"
178.115.42.220 - - [22/Nov/2024:17:40:40 +0100] "GET /entry.php?id=10271&&ser=293580 HTTP/1.1" 200 987 "http://hausegger.activities.at/entry.php?id=10271&&ser=293519" "Mozilla/5.0 (Windows NT 10.0; Win64; x64; rv:132.0) Gecko/20100101 Firefox/132.0"
178.115.42.220 - - [22/Nov/2024:17:40:40 +0100] "GET /gui/javascript/form_form.js?1732293640 HTTP/1.1" 200 16206 "http://hausegger.activities.at/entry.php?id=10271&&ser=293580" "Mozilla/5.0 (Windows NT 10.0; Win64; x64; rv:132.0) Gecko/20100101 Firefox/132.0"
178.115.42.220 - - [22/Nov/2024:17:41:40 +0100] "GET /entry.php?id=10271&&ser=293640 HTTP/1.1" 200 987 "http://hausegger.activities.at/entry.php?id=10271&&ser=293580" "Mozilla/5.0 (Windows NT 10.0; Win64; x64; rv:132.0) Gecko/20100101 Firefox/132.0"
178.115.42.220 - - [22/Nov/2024:17:41:40 +0100] "GET /gui/javascript/form_form.js?1732293700 HTTP/1.1" 200 16206 "http://hausegger.activities.at/entry.php?id=10271&&ser=293640" "Mozilla/5.0 (Windows NT 10.0; Win64; x64; rv:132.0) Gecko/20100101 Firefox/132.0"
178.115.42.220 - - [22/Nov/2024:17:42:40 +0100] "GET /entry.php?id=10271&&ser=293700 HTTP/1.1" 200 987 "http://hausegger.activities.at/entry.php?id=10271&&ser=293640" "Mozilla/5.0 (Windows NT 10.0; Win64; x64; rv:132.0) Gecko/20100101 Firefox/132.0"
178.115.42.220 - - [22/Nov/2024:17:42:40 +0100] "GET /gui/javascript/form_form.js?1732293760 HTTP/1.1" 200 16206 "http://hausegger.activities.at/entry.php?id=10271&&ser=293700" "Mozilla/5.0 (Windows NT 10.0; Win64; x64; rv:132.0) Gecko/20100101 Firefox/132.0"
156.59.198.136 - - [22/Nov/2024:17:43:19 +0100] "GET /renault.activities.at/htdocs/export/xml/data/orders/202104141103_RenOrder.xml HTTP/1.0" 404 328 "-" "Mozilla/5.0 (Linux; Android 5.0) AppleWebKit/537.36 (KHTML, like Gecko) Mobile Safari/537.36 (compatible; Bytespider; spider-feedback@bytedance.com)"
178.115.42.220 - - [22/Nov/2024:17:43:41 +0100] "GET /entry.php?id=10271&&ser=293760 HTTP/1.1" 200 986 "http://hausegger.activities.at/entry.php?id=10271&&ser=293700" "Mozilla/5.0 (Windows NT 10.0; Win64; x64; rv:132.0) Gecko/20100101 Firefox/132.0"
178.115.42.220 - - [22/Nov/2024:17:43:41 +0100] "GET /gui/javascript/form_form.js?1732293821 HTTP/1.1" 200 16206 "http://hausegger.activities.at/entry.php?id=10271&&ser=293760" "Mozilla/5.0 (Windows NT 10.0; Win64; x64; rv:132.0) Gecko/20100101 Firefox/132.0"
178.115.42.220 - - [22/Nov/2024:17:44:41 +0100] "GET /entry.php?id=10271&&ser=293821 HTTP/1.1" 200 986 "http://hausegger.activities.at/entry.php?id=10271&&ser=293760" "Mozilla/5.0 (Windows NT 10.0; Win64; x64; rv:132.0) Gecko/20100101 Firefox/132.0"
178.115.42.220 - - [22/Nov/2024:17:44:41 +0100] "GET /gui/javascript/form_form.js?1732293881 HTTP/1.1" 200 16206 "http://hausegger.activities.at/entry.php?id=10271&&ser=293821" "Mozilla/5.0 (Windows NT 10.0; Win64; x64; rv:132.0) Gecko/20100101 Firefox/132.0"
95.214.53.205 - - [22/Nov/2024:17:45:19 +0100] "GET / HTTP/1.1" 200 423 "-" "-"
178.115.42.220 - - [22/Nov/2024:17:45:41 +0100] "GET /entry.php?id=10271&&ser=293881 HTTP/1.1" 200 987 "http://hausegger.activities.at/entry.php?id=10271&&ser=293821" "Mozilla/5.0 (Windows NT 10.0; Win64; x64; rv:132.0) Gecko/20100101 Firefox/132.0"
178.115.42.220 - - [22/Nov/2024:17:45:41 +0100] "GET /gui/javascript/form_form.js?1732293941 HTTP/1.1" 200 16206 "http://hausegger.activities.at/entry.php?id=10271&&ser=293881" "Mozilla/5.0 (Windows NT 10.0; Win64; x64; rv:132.0) Gecko/20100101 Firefox/132.0"
148.153.56.82 - - [22/Nov/2024:17:45:43 +0100] "GET /eORV HTTP/1.1" 404 280 "-" "Mozilla/5.0 (Macintosh; Intel Mac OS X 10.9; rv:32.0) Gecko/20100101 Firefox/32.0"
