178.115.42.220 - - [22/Nov/2024:10:47:53 +0100] "GET /entry.php?id=11240&mode=document&form=10665& HTTP/1.1" 200 2672 "http://hausegger.activities.at/entry.php?id=11237&type=10665" "Mozilla/5.0 (Windows NT 10.0; Win64; x64; rv:132.0) Gecko/20100101 Firefox/132.0"
178.115.42.220 - - [22/Nov/2024:10:47:53 +0100] "GET /entry.php?id=11238&mode=document&form=10665& HTTP/1.1" 200 3304 "http://hausegger.activities.at/entry.php?id=11237&type=10665" "Mozilla/5.0 (Windows NT 10.0; Win64; x64; rv:132.0) Gecko/20100101 Firefox/132.0"
178.115.42.220 - - [22/Nov/2024:10:47:53 +0100] "GET /entry.php?id=10776&form=11066&name=list& HTTP/1.1" 200 1513 "http://hausegger.activities.at/entry.php?id=11240&mode=document&form=10665&" "Mozilla/5.0 (Windows NT 10.0; Win64; x64; rv:132.0) Gecko/20100101 Firefox/132.0"
178.115.42.220 - - [22/Nov/2024:10:47:53 +0100] "GET /entry.php?id=10778&form=11066&name=list& HTTP/1.1" 200 2586 "http://hausegger.activities.at/entry.php?id=11240&mode=document&form=10665&" "Mozilla/5.0 (Windows NT 10.0; Win64; x64; rv:132.0) Gecko/20100101 Firefox/132.0"
178.115.42.220 - - [22/Nov/2024:10:47:54 +0100] "POST /entry.php?id=11240 HTTP/1.1" 200 2672 "http://hausegger.activities.at/entry.php?id=11240&mode=document&form=10665&" "Mozilla/5.0 (Windows NT 10.0; Win64; x64; rv:132.0) Gecko/20100101 Firefox/132.0"
178.115.42.220 - - [22/Nov/2024:10:47:54 +0100] "GET /gui/javascript/form_bu_document_workflow.js?1732268874 HTTP/1.1" 200 4900 "http://hausegger.activities.at/entry.php?id=11240" "Mozilla/5.0 (Windows NT 10.0; Win64; x64; rv:132.0) Gecko/20100101 Firefox/132.0"
178.115.42.220 - - [22/Nov/2024:10:47:54 +0100] "GET /gui/javascript/form_form.js?1732268874 HTTP/1.1" 200 16206 "http://hausegger.activities.at/entry.php?id=11240" "Mozilla/5.0 (Windows NT 10.0; Win64; x64; rv:132.0) Gecko/20100101 Firefox/132.0"
178.115.42.220 - - [22/Nov/2024:10:47:54 +0100] "GET /entry.php?id=10778&form=11066&name=list& HTTP/1.1" 200 3286 "http://hausegger.activities.at/entry.php?id=11240" "Mozilla/5.0 (Windows NT 10.0; Win64; x64; rv:132.0) Gecko/20100101 Firefox/132.0"
178.115.42.220 - - [22/Nov/2024:10:47:54 +0100] "GET /entry.php?id=10776&form=11066&name=list& HTTP/1.1" 200 1514 "http://hausegger.activities.at/entry.php?id=11240" "Mozilla/5.0 (Windows NT 10.0; Win64; x64; rv:132.0) Gecko/20100101 Firefox/132.0"
180.149.126.6 - - [22/Nov/2024:10:47:55 +0100] "GET / HTTP/1.1" 200 274 "-" "Mozilla/5.0 (Windows NT 5.1; Win64; x64) AppleWebKit/537.36 (KHTML, like Gecko) Chrome/60.0.3112.90 Safari/537.36"
178.115.42.220 - - [22/Nov/2024:10:48:42 +0100] "GET /entry.php?id=10271&&ser=268862 HTTP/1.1" 200 987 "http://hausegger.activities.at/entry.php?id=10271&&ser=268801" "Mozilla/5.0 (Windows NT 10.0; Win64; x64; rv:132.0) Gecko/20100101 Firefox/132.0"
178.115.42.220 - - [22/Nov/2024:10:48:42 +0100] "GET /gui/javascript/form_form.js?1732268922 HTTP/1.1" 200 16206 "http://hausegger.activities.at/entry.php?id=10271&&ser=268862" "Mozilla/5.0 (Windows NT 10.0; Win64; x64; rv:132.0) Gecko/20100101 Firefox/132.0"
178.115.42.220 - - [22/Nov/2024:10:49:43 +0100] "GET /entry.php?id=10271&&ser=268922 HTTP/1.1" 200 987 "http://hausegger.activities.at/entry.php?id=10271&&ser=268862" "Mozilla/5.0 (Windows NT 10.0; Win64; x64; rv:132.0) Gecko/20100101 Firefox/132.0"
178.115.42.220 - - [22/Nov/2024:10:49:43 +0100] "GET /gui/javascript/form_form.js?1732268983 HTTP/1.1" 200 16206 "http://hausegger.activities.at/entry.php?id=10271&&ser=268922" "Mozilla/5.0 (Windows NT 10.0; Win64; x64; rv:132.0) Gecko/20100101 Firefox/132.0"
178.115.42.220 - - [22/Nov/2024:10:50:43 +0100] "GET /entry.php?id=10271&&ser=268983 HTTP/1.1" 200 987 "http://hausegger.activities.at/entry.php?id=10271&&ser=268922" "Mozilla/5.0 (Windows NT 10.0; Win64; x64; rv:132.0) Gecko/20100101 Firefox/132.0"
178.115.42.220 - - [22/Nov/2024:10:50:43 +0100] "GET /gui/javascript/form_form.js?1732269043 HTTP/1.1" 200 16206 "http://hausegger.activities.at/entry.php?id=10271&&ser=268983" "Mozilla/5.0 (Windows NT 10.0; Win64; x64; rv:132.0) Gecko/20100101 Firefox/132.0"
156.59.198.136 - - [22/Nov/2024:10:50:58 +0100] "GET /renault.activities.at/htdocs/export/xml/data/orders/202107190903_RenOrder.xml HTTP/1.0" 404 329 "-" "Mozilla/5.0 (Linux; Android 5.0) AppleWebKit/537.36 (KHTML, like Gecko) Mobile Safari/537.36 (compatible; Bytespider; spider-feedback@bytedance.com)"
178.115.42.220 - - [22/Nov/2024:10:51:43 +0100] "GET /entry.php?id=10271&&ser=269043 HTTP/1.1" 200 987 "http://hausegger.activities.at/entry.php?id=10271&&ser=268983" "Mozilla/5.0 (Windows NT 10.0; Win64; x64; rv:132.0) Gecko/20100101 Firefox/132.0"
178.115.42.220 - - [22/Nov/2024:10:51:43 +0100] "GET /gui/javascript/form_form.js?1732269103 HTTP/1.1" 200 16206 "http://hausegger.activities.at/entry.php?id=10271&&ser=269043" "Mozilla/5.0 (Windows NT 10.0; Win64; x64; rv:132.0) Gecko/20100101 Firefox/132.0"
178.115.42.220 - - [22/Nov/2024:10:52:43 +0100] "GET /entry.php?id=10271&&ser=269103 HTTP/1.1" 200 989 "http://hausegger.activities.at/entry.php?id=10271&&ser=269043" "Mozilla/5.0 (Windows NT 10.0; Win64; x64; rv:132.0) Gecko/20100101 Firefox/132.0"
178.115.42.220 - - [22/Nov/2024:10:52:44 +0100] "GET /gui/javascript/form_form.js?1732269164 HTTP/1.1" 200 16206 "http://hausegger.activities.at/entry.php?id=10271&&ser=269103" "Mozilla/5.0 (Windows NT 10.0; Win64; x64; rv:132.0) Gecko/20100101 Firefox/132.0"
178.115.42.220 - - [22/Nov/2024:10:53:44 +0100] "GET /entry.php?id=10271&&ser=269163 HTTP/1.1" 200 987 "http://hausegger.activities.at/entry.php?id=10271&&ser=269103" "Mozilla/5.0 (Windows NT 10.0; Win64; x64; rv:132.0) Gecko/20100101 Firefox/132.0"
178.115.42.220 - - [22/Nov/2024:10:53:44 +0100] "GET /gui/javascript/form_form.js?1732269224 HTTP/1.1" 200 16206 "http://hausegger.activities.at/entry.php?id=10271&&ser=269163" "Mozilla/5.0 (Windows NT 10.0; Win64; x64; rv:132.0) Gecko/20100101 Firefox/132.0"
178.115.42.220 - - [22/Nov/2024:10:54:44 +0100] "GET /entry.php?id=10271&&ser=269224 HTTP/1.1" 200 987 "http://hausegger.activities.at/entry.php?id=10271&&ser=269163" "Mozilla/5.0 (Windows NT 10.0; Win64; x64; rv:132.0) Gecko/20100101 Firefox/132.0"
178.115.42.220 - - [22/Nov/2024:10:54:44 +0100] "GET /gui/javascript/form_form.js?1732269284 HTTP/1.1" 200 16206 "http://hausegger.activities.at/entry.php?id=10271&&ser=269224" "Mozilla/5.0 (Windows NT 10.0; Win64; x64; rv:132.0) Gecko/20100101 Firefox/132.0"
156.59.198.136 - - [22/Nov/2024:10:54:58 +0100] "GET /renault.activities.at/htdocs/export/pdf/emuc_document/10981059.pdf HTTP/1.0" 404 321 "-" "Mozilla/5.0 (Linux; Android 5.0) AppleWebKit/537.36 (KHTML, like Gecko) Mobile Safari/537.36 (compatible; Bytespider; spider-feedback@bytedance.com)"
178.115.42.220 - - [22/Nov/2024:10:55:47 +0100] "GET /entry.php?id=10271&&ser=269284 HTTP/1.1" 200 987 "http://hausegger.activities.at/entry.php?id=10271&&ser=269224" "Mozilla/5.0 (Windows NT 10.0; Win64; x64; rv:132.0) Gecko/20100101 Firefox/132.0"
178.115.42.220 - - [22/Nov/2024:10:55:47 +0100] "GET /gui/javascript/form_form.js?1732269347 HTTP/1.1" 200 16206 "http://hausegger.activities.at/entry.php?id=10271&&ser=269284" "Mozilla/5.0 (Windows NT 10.0; Win64; x64; rv:132.0) Gecko/20100101 Firefox/132.0"
178.115.42.220 - - [22/Nov/2024:10:56:47 +0100] "GET /entry.php?id=10271&&ser=269347 HTTP/1.1" 200 987 "http://hausegger.activities.at/entry.php?id=10271&&ser=269284" "Mozilla/5.0 (Windows NT 10.0; Win64; x64; rv:132.0) Gecko/20100101 Firefox/132.0"
178.115.42.220 - - [22/Nov/2024:10:56:47 +0100] "GET /gui/javascript/form_form.js?1732269407 HTTP/1.1" 200 16206 "http://hausegger.activities.at/entry.php?id=10271&&ser=269347" "Mozilla/5.0 (Windows NT 10.0; Win64; x64; rv:132.0) Gecko/20100101 Firefox/132.0"
178.115.42.220 - - [22/Nov/2024:10:57:47 +0100] "GET /entry.php?id=10271&&ser=269407 HTTP/1.1" 200 987 "http://hausegger.activities.at/entry.php?id=10271&&ser=269347" "Mozilla/5.0 (Windows NT 10.0; Win64; x64; rv:132.0) Gecko/20100101 Firefox/132.0"
178.115.42.220 - - [22/Nov/2024:10:57:48 +0100] "GET /gui/javascript/form_form.js?1732269468 HTTP/1.1" 200 16206 "http://hausegger.activities.at/entry.php?id=10271&&ser=269407" "Mozilla/5.0 (Windows NT 10.0; Win64; x64; rv:132.0) Gecko/20100101 Firefox/132.0"
178.115.42.220 - - [22/Nov/2024:10:58:48 +0100] "GET /entry.php?id=10271&&ser=269468 HTTP/1.1" 200 988 "http://hausegger.activities.at/entry.php?id=10271&&ser=269407" "Mozilla/5.0 (Windows NT 10.0; Win64; x64; rv:132.0) Gecko/20100101 Firefox/132.0"
178.115.42.220 - - [22/Nov/2024:10:58:48 +0100] "GET /gui/javascript/form_form.js?1732269528 HTTP/1.1" 200 16206 "http://hausegger.activities.at/entry.php?id=10271&&ser=269468" "Mozilla/5.0 (Windows NT 10.0; Win64; x64; rv:132.0) Gecko/20100101 Firefox/132.0"
156.59.198.136 - - [22/Nov/2024:10:58:58 +0100] "GET /renault.2web.at/stats/lang/awstats-se.txt HTTP/1.0" 404 303 "-" "Mozilla/5.0 (Linux; Android 5.0) AppleWebKit/537.36 (KHTML, like Gecko) Mobile Safari/537.36 (compatible; Bytespider; spider-feedback@bytedance.com)"
178.115.42.220 - - [22/Nov/2024:10:59:48 +0100] "GET /entry.php?id=10271&&ser=269528 HTTP/1.1" 200 987 "http://hausegger.activities.at/entry.php?id=10271&&ser=269468" "Mozilla/5.0 (Windows NT 10.0; Win64; x64; rv:132.0) Gecko/20100101 Firefox/132.0"
178.115.42.220 - - [22/Nov/2024:10:59:48 +0100] "GET /gui/javascript/form_form.js?1732269588 HTTP/1.1" 200 16206 "http://hausegger.activities.at/entry.php?id=10271&&ser=269528" "Mozilla/5.0 (Windows NT 10.0; Win64; x64; rv:132.0) Gecko/20100101 Firefox/132.0"
4.255.99.105 - - [22/Nov/2024:11:00:28 +0100] "GET /manager/html HTTP/1.1" 404 283 "-" "Mozilla/5.0 zgrab/0.x"
178.115.42.220 - - [22/Nov/2024:11:00:48 +0100] "GET /entry.php?id=10271&&ser=269588 HTTP/1.1" 200 987 "http://hausegger.activities.at/entry.php?id=10271&&ser=269528" "Mozilla/5.0 (Windows NT 10.0; Win64; x64; rv:132.0) Gecko/20100101 Firefox/132.0"
178.115.42.220 - - [22/Nov/2024:11:00:48 +0100] "GET /gui/javascript/form_form.js?1732269648 HTTP/1.1" 200 16206 "http://hausegger.activities.at/entry.php?id=10271&&ser=269588" "Mozilla/5.0 (Windows NT 10.0; Win64; x64; rv:132.0) Gecko/20100101 Firefox/132.0"
179.43.191.98 - - [22/Nov/2024:11:01:15 +0100] "GET / HTTP/1.1" 200 274 "-" "Mozilla/5.0 (Windows NT 10.0; Win64; x64) AppleWebKit/537.36 (KHTML, like Gecko) Chrome/90.0.4430.85 Safari/537.36 Edg/90.0.818.46"
178.115.42.220 - - [22/Nov/2024:11:01:49 +0100] "GET /entry.php?id=10271&&ser=269648 HTTP/1.1" 200 987 "http://hausegger.activities.at/entry.php?id=10271&&ser=269588" "Mozilla/5.0 (Windows NT 10.0; Win64; x64; rv:132.0) Gecko/20100101 Firefox/132.0"
178.115.42.220 - - [22/Nov/2024:11:01:49 +0100] "GET /gui/javascript/form_form.js?1732269709 HTTP/1.1" 200 16206 "http://hausegger.activities.at/entry.php?id=10271&&ser=269648" "Mozilla/5.0 (Windows NT 10.0; Win64; x64; rv:132.0) Gecko/20100101 Firefox/132.0"
178.115.42.220 - - [22/Nov/2024:11:02:52 +0100] "GET /entry.php?id=10271&&ser=269709 HTTP/1.1" 200 987 "http://hausegger.activities.at/entry.php?id=10271&&ser=269648" "Mozilla/5.0 (Windows NT 10.0; Win64; x64; rv:132.0) Gecko/20100101 Firefox/132.0"
178.115.42.220 - - [22/Nov/2024:11:02:52 +0100] "GET /gui/javascript/form_form.js?1732269772 HTTP/1.1" 200 16206 "http://hausegger.activities.at/entry.php?id=10271&&ser=269709" "Mozilla/5.0 (Windows NT 10.0; Win64; x64; rv:132.0) Gecko/20100101 Firefox/132.0"
156.59.198.135 - - [22/Nov/2024:11:02:59 +0100] "GET /renault.activities.at/htdocs/export/pdf/emuc_document/12076070.pdf HTTP/1.0" 404 322 "-" "Mozilla/5.0 (Linux; Android 5.0) AppleWebKit/537.36 (KHTML, like Gecko) Mobile Safari/537.36 (compatible; Bytespider; spider-feedback@bytedance.com)"
180.149.126.14 - - [22/Nov/2024:11:03:22 +0100] "GET /stalker_portal/server/tools/auth_simple.php HTTP/1.1" 404 304 "-" "Mozilla/5.0 (Windows NT 5.1; Win64; x64) AppleWebKit/537.36 (KHTML, like Gecko) Chrome/60.0.3112.90 Safari/537.36"
178.115.42.220 - - [22/Nov/2024:11:03:52 +0100] "GET /entry.php?id=10271&&ser=269772 HTTP/1.1" 200 986 "http://hausegger.activities.at/entry.php?id=10271&&ser=269709" "Mozilla/5.0 (Windows NT 10.0; Win64; x64; rv:132.0) Gecko/20100101 Firefox/132.0"
178.115.42.220 - - [22/Nov/2024:11:03:53 +0100] "GET /gui/javascript/form_form.js?1732269832 HTTP/1.1" 200 16206 "http://hausegger.activities.at/entry.php?id=10271&&ser=269772" "Mozilla/5.0 (Windows NT 10.0; Win64; x64; rv:132.0) Gecko/20100101 Firefox/132.0"
178.115.42.220 - - [22/Nov/2024:11:04:53 +0100] "GET /entry.php?id=10271&&ser=269832 HTTP/1.1" 200 986 "http://hausegger.activities.at/entry.php?id=10271&&ser=269772" "Mozilla/5.0 (Windows NT 10.0; Win64; x64; rv:132.0) Gecko/20100101 Firefox/132.0"
178.115.42.220 - - [22/Nov/2024:11:04:53 +0100] "GET /gui/javascript/form_form.js?1732269893 HTTP/1.1" 200 16206 "http://hausegger.activities.at/entry.php?id=10271&&ser=269832" "Mozilla/5.0 (Windows NT 10.0; Win64; x64; rv:132.0) Gecko/20100101 Firefox/132.0"
185.242.226.10 - - [22/Nov/2024:11:05:51 +0100] "GET /activities.ico HTTP/1.1" 200 1406 "-" "python-requests/2.26.0"
185.242.226.10 - - [22/Nov/2024:11:05:51 +0100] "GET / HTTP/1.1" 200 274 "-" "python-requests/2.26.0"
178.115.42.220 - - [22/Nov/2024:11:05:53 +0100] "GET /entry.php?id=10271&&ser=269893 HTTP/1.1" 200 987 "http://hausegger.activities.at/entry.php?id=10271&&ser=269832" "Mozilla/5.0 (Windows NT 10.0; Win64; x64; rv:132.0) Gecko/20100101 Firefox/132.0"
178.115.42.220 - - [22/Nov/2024:11:05:53 +0100] "GET /gui/javascript/form_form.js?1732269953 HTTP/1.1" 200 16206 "http://hausegger.activities.at/entry.php?id=10271&&ser=269893" "Mozilla/5.0 (Windows NT 10.0; Win64; x64; rv:132.0) Gecko/20100101 Firefox/132.0"
178.115.42.220 - - [22/Nov/2024:11:06:53 +0100] "GET /entry.php?id=10271&&ser=269953 HTTP/1.1" 200 987 "http://hausegger.activities.at/entry.php?id=10271&&ser=269893" "Mozilla/5.0 (Windows NT 10.0; Win64; x64; rv:132.0) Gecko/20100101 Firefox/132.0"
178.115.42.220 - - [22/Nov/2024:11:06:53 +0100] "GET /gui/javascript/form_form.js?1732270013 HTTP/1.1" 200 16206 "http://hausegger.activities.at/entry.php?id=10271&&ser=269953" "Mozilla/5.0 (Windows NT 10.0; Win64; x64; rv:132.0) Gecko/20100101 Firefox/132.0"
156.59.198.136 - - [22/Nov/2024:11:06:59 +0100] "GET /renault.activities.at/htdocs/export/xml/data/orders/202109091103_RenOrder.xml HTTP/1.0" 404 329 "-" "Mozilla/5.0 (Linux; Android 5.0) AppleWebKit/537.36 (KHTML, like Gecko) Mobile Safari/537.36 (compatible; Bytespider; spider-feedback@bytedance.com)"
178.115.42.220 - - [22/Nov/2024:11:07:54 +0100] "GET /entry.php?id=10271&&ser=270013 HTTP/1.1" 200 987 "http://hausegger.activities.at/entry.php?id=10271&&ser=269953" "Mozilla/5.0 (Windows NT 10.0; Win64; x64; rv:132.0) Gecko/20100101 Firefox/132.0"
178.115.42.220 - - [22/Nov/2024:11:07:54 +0100] "GET /gui/javascript/form_form.js?1732270074 HTTP/1.1" 200 16206 "http://hausegger.activities.at/entry.php?id=10271&&ser=270013" "Mozilla/5.0 (Windows NT 10.0; Win64; x64; rv:132.0) Gecko/20100101 Firefox/132.0"
178.115.42.220 - - [22/Nov/2024:11:08:54 +0100] "GET /entry.php?id=10271&&ser=270074 HTTP/1.1" 200 987 "http://hausegger.activities.at/entry.php?id=10271&&ser=270013" "Mozilla/5.0 (Windows NT 10.0; Win64; x64; rv:132.0) Gecko/20100101 Firefox/132.0"
178.115.42.220 - - [22/Nov/2024:11:08:54 +0100] "GET /gui/javascript/form_form.js?1732270134 HTTP/1.1" 200 16206 "http://hausegger.activities.at/entry.php?id=10271&&ser=270074" "Mozilla/5.0 (Windows NT 10.0; Win64; x64; rv:132.0) Gecko/20100101 Firefox/132.0"
178.115.42.220 - - [22/Nov/2024:11:09:54 +0100] "GET /entry.php?id=10271&&ser=270134 HTTP/1.1" 200 986 "http://hausegger.activities.at/entry.php?id=10271&&ser=270074" "Mozilla/5.0 (Windows NT 10.0; Win64; x64; rv:132.0) Gecko/20100101 Firefox/132.0"
178.115.42.220 - - [22/Nov/2024:11:09:54 +0100] "GET /gui/javascript/form_form.js?1732270194 HTTP/1.1" 200 16206 "http://hausegger.activities.at/entry.php?id=10271&&ser=270134" "Mozilla/5.0 (Windows NT 10.0; Win64; x64; rv:132.0) Gecko/20100101 Firefox/132.0"
178.115.42.220 - - [22/Nov/2024:11:10:54 +0100] "GET /entry.php?id=10271&&ser=270194 HTTP/1.1" 200 986 "http://hausegger.activities.at/entry.php?id=10271&&ser=270134" "Mozilla/5.0 (Windows NT 10.0; Win64; x64; rv:132.0) Gecko/20100101 Firefox/132.0"
178.115.42.220 - - [22/Nov/2024:11:10:55 +0100] "GET /gui/javascript/form_form.js?1732270255 HTTP/1.1" 200 16206 "http://hausegger.activities.at/entry.php?id=10271&&ser=270194" "Mozilla/5.0 (Windows NT 10.0; Win64; x64; rv:132.0) Gecko/20100101 Firefox/132.0"
156.59.198.136 - - [22/Nov/2024:11:10:59 +0100] "GET /renault.activities.at/htdocs/export/pdf/emuc_document/10762316.pdf HTTP/1.0" 404 322 "-" "Mozilla/5.0 (Linux; Android 5.0) AppleWebKit/537.36 (KHTML, like Gecko) Mobile Safari/537.36 (compatible; Bytespider; spider-feedback@bytedance.com)"
178.115.42.220 - - [22/Nov/2024:11:11:55 +0100] "GET /entry.php?id=10271&&ser=270255 HTTP/1.1" 200 987 "http://hausegger.activities.at/entry.php?id=10271&&ser=270194" "Mozilla/5.0 (Windows NT 10.0; Win64; x64; rv:132.0) Gecko/20100101 Firefox/132.0"
178.115.42.220 - - [22/Nov/2024:11:11:55 +0100] "GET /gui/javascript/form_form.js?1732270315 HTTP/1.1" 200 16206 "http://hausegger.activities.at/entry.php?id=10271&&ser=270255" "Mozilla/5.0 (Windows NT 10.0; Win64; x64; rv:132.0) Gecko/20100101 Firefox/132.0"
178.115.42.220 - - [22/Nov/2024:11:12:55 +0100] "GET /entry.php?id=10271&&ser=270315 HTTP/1.1" 200 987 "http://hausegger.activities.at/entry.php?id=10271&&ser=270255" "Mozilla/5.0 (Windows NT 10.0; Win64; x64; rv:132.0) Gecko/20100101 Firefox/132.0"
178.115.42.220 - - [22/Nov/2024:11:12:55 +0100] "GET /gui/javascript/form_form.js?1732270375 HTTP/1.1" 200 16206 "http://hausegger.activities.at/entry.php?id=10271&&ser=270315" "Mozilla/5.0 (Windows NT 10.0; Win64; x64; rv:132.0) Gecko/20100101 Firefox/132.0"
178.115.42.220 - - [22/Nov/2024:11:13:55 +0100] "GET /entry.php?id=10271&&ser=270375 HTTP/1.1" 200 987 "http://hausegger.activities.at/entry.php?id=10271&&ser=270315" "Mozilla/5.0 (Windows NT 10.0; Win64; x64; rv:132.0) Gecko/20100101 Firefox/132.0"
178.115.42.220 - - [22/Nov/2024:11:13:55 +0100] "GET /gui/javascript/form_form.js?1732270435 HTTP/1.1" 200 16206 "http://hausegger.activities.at/entry.php?id=10271&&ser=270375" "Mozilla/5.0 (Windows NT 10.0; Win64; x64; rv:132.0) Gecko/20100101 Firefox/132.0"
178.115.42.220 - - [22/Nov/2024:11:14:56 +0100] "GET /entry.php?id=10271&&ser=270435 HTTP/1.1" 200 987 "http://hausegger.activities.at/entry.php?id=10271&&ser=270375" "Mozilla/5.0 (Windows NT 10.0; Win64; x64; rv:132.0) Gecko/20100101 Firefox/132.0"
178.115.42.220 - - [22/Nov/2024:11:14:56 +0100] "GET /gui/javascript/form_form.js?1732270496 HTTP/1.1" 200 16206 "http://hausegger.activities.at/entry.php?id=10271&&ser=270435" "Mozilla/5.0 (Windows NT 10.0; Win64; x64; rv:132.0) Gecko/20100101 Firefox/132.0"
156.59.198.136 - - [22/Nov/2024:11:14:59 +0100] "GET /renault.activities.at/htdocs/log/cron/check_inventory_days_3115181.txt HTTP/1.0" 404 326 "-" "Mozilla/5.0 (Linux; Android 5.0) AppleWebKit/537.36 (KHTML, like Gecko) Mobile Safari/537.36 (compatible; Bytespider; spider-feedback@bytedance.com)"
178.115.42.220 - - [22/Nov/2024:11:15:56 +0100] "GET /entry.php?id=10271&&ser=270496 HTTP/1.1" 200 987 "http://hausegger.activities.at/entry.php?id=10271&&ser=270435" "Mozilla/5.0 (Windows NT 10.0; Win64; x64; rv:132.0) Gecko/20100101 Firefox/132.0"
178.115.42.220 - - [22/Nov/2024:11:15:56 +0100] "GET /gui/javascript/form_form.js?1732270556 HTTP/1.1" 200 16206 "http://hausegger.activities.at/entry.php?id=10271&&ser=270496" "Mozilla/5.0 (Windows NT 10.0; Win64; x64; rv:132.0) Gecko/20100101 Firefox/132.0"
178.115.42.220 - - [22/Nov/2024:11:16:56 +0100] "GET /entry.php?id=10271&&ser=270556 HTTP/1.1" 200 987 "http://hausegger.activities.at/entry.php?id=10271&&ser=270496" "Mozilla/5.0 (Windows NT 10.0; Win64; x64; rv:132.0) Gecko/20100101 Firefox/132.0"
178.115.42.220 - - [22/Nov/2024:11:16:56 +0100] "GET /gui/javascript/form_form.js?1732270616 HTTP/1.1" 200 16206 "http://hausegger.activities.at/entry.php?id=10271&&ser=270556" "Mozilla/5.0 (Windows NT 10.0; Win64; x64; rv:132.0) Gecko/20100101 Firefox/132.0"
178.115.42.220 - - [22/Nov/2024:11:17:56 +0100] "GET /entry.php?id=10271&&ser=270616 HTTP/1.1" 200 988 "http://hausegger.activities.at/entry.php?id=10271&&ser=270556" "Mozilla/5.0 (Windows NT 10.0; Win64; x64; rv:132.0) Gecko/20100101 Firefox/132.0"
178.115.42.220 - - [22/Nov/2024:11:17:57 +0100] "GET /gui/javascript/form_form.js?1732270677 HTTP/1.1" 200 16206 "http://hausegger.activities.at/entry.php?id=10271&&ser=270616" "Mozilla/5.0 (Windows NT 10.0; Win64; x64; rv:132.0) Gecko/20100101 Firefox/132.0"
178.115.42.220 - - [22/Nov/2024:11:18:57 +0100] "GET /entry.php?id=10271&&ser=270677 HTTP/1.1" 200 988 "http://hausegger.activities.at/entry.php?id=10271&&ser=270616" "Mozilla/5.0 (Windows NT 10.0; Win64; x64; rv:132.0) Gecko/20100101 Firefox/132.0"
178.115.42.220 - - [22/Nov/2024:11:18:57 +0100] "GET /gui/javascript/form_form.js?1732270737 HTTP/1.1" 200 16206 "http://hausegger.activities.at/entry.php?id=10271&&ser=270677" "Mozilla/5.0 (Windows NT 10.0; Win64; x64; rv:132.0) Gecko/20100101 Firefox/132.0"
156.59.198.135 - - [22/Nov/2024:11:18:59 +0100] "GET /renault.activities.at/htdocs/export/pdf/emuc_document/11334856.pdf HTTP/1.0" 404 322 "-" "Mozilla/5.0 (Linux; Android 5.0) AppleWebKit/537.36 (KHTML, like Gecko) Mobile Safari/537.36 (compatible; Bytespider; spider-feedback@bytedance.com)"
178.115.42.220 - - [22/Nov/2024:11:19:57 +0100] "GET /entry.php?id=10271&&ser=270737 HTTP/1.1" 200 988 "http://hausegger.activities.at/entry.php?id=10271&&ser=270677" "Mozilla/5.0 (Windows NT 10.0; Win64; x64; rv:132.0) Gecko/20100101 Firefox/132.0"
178.115.42.220 - - [22/Nov/2024:11:19:57 +0100] "GET /gui/javascript/form_form.js?1732270797 HTTP/1.1" 200 16206 "http://hausegger.activities.at/entry.php?id=10271&&ser=270737" "Mozilla/5.0 (Windows NT 10.0; Win64; x64; rv:132.0) Gecko/20100101 Firefox/132.0"
178.115.42.220 - - [22/Nov/2024:11:20:57 +0100] "GET /entry.php?id=10271&&ser=270797 HTTP/1.1" 200 987 "http://hausegger.activities.at/entry.php?id=10271&&ser=270737" "Mozilla/5.0 (Windows NT 10.0; Win64; x64; rv:132.0) Gecko/20100101 Firefox/132.0"
178.115.42.220 - - [22/Nov/2024:11:20:58 +0100] "GET /gui/javascript/form_form.js?1732270857 HTTP/1.1" 200 16206 "http://hausegger.activities.at/entry.php?id=10271&&ser=270797" "Mozilla/5.0 (Windows NT 10.0; Win64; x64; rv:132.0) Gecko/20100101 Firefox/132.0"
178.115.42.220 - - [22/Nov/2024:11:21:58 +0100] "GET /entry.php?id=10271&&ser=270857 HTTP/1.1" 200 987 "http://hausegger.activities.at/entry.php?id=10271&&ser=270797" "Mozilla/5.0 (Windows NT 10.0; Win64; x64; rv:132.0) Gecko/20100101 Firefox/132.0"
178.115.42.220 - - [22/Nov/2024:11:21:58 +0100] "GET /gui/javascript/form_form.js?1732270918 HTTP/1.1" 200 16206 "http://hausegger.activities.at/entry.php?id=10271&&ser=270857" "Mozilla/5.0 (Windows NT 10.0; Win64; x64; rv:132.0) Gecko/20100101 Firefox/132.0"
178.115.42.220 - - [22/Nov/2024:11:22:58 +0100] "GET /entry.php?id=10271&&ser=270918 HTTP/1.1" 200 987 "http://hausegger.activities.at/entry.php?id=10271&&ser=270857" "Mozilla/5.0 (Windows NT 10.0; Win64; x64; rv:132.0) Gecko/20100101 Firefox/132.0"
178.115.42.220 - - [22/Nov/2024:11:22:58 +0100] "GET /gui/javascript/form_form.js?1732270978 HTTP/1.1" 200 16206 "http://hausegger.activities.at/entry.php?id=10271&&ser=270918" "Mozilla/5.0 (Windows NT 10.0; Win64; x64; rv:132.0) Gecko/20100101 Firefox/132.0"
156.59.198.136 - - [22/Nov/2024:11:23:00 +0100] "GET /default/cgi-bin/lang/tooltips_w/awstats-tt-pl.txt HTTP/1.0" 404 311 "-" "Mozilla/5.0 (Linux; Android 5.0) AppleWebKit/537.36 (KHTML, like Gecko) Mobile Safari/537.36 (compatible; Bytespider; spider-feedback@bytedance.com)"
141.98.7.248 - - [22/Nov/2024:11:23:29 +0100] "CONNECT 1.1.1.1:443 HTTP/1.1" 200 423 "-" "Mozilla/5.0 (Windows NT 10.0; Win64; x64) AppleWebKit/537.36 (KHTML, like Gecko) Chrome/124.0.0.0 Safari/537.36"
141.98.7.248 - - [22/Nov/2024:11:23:31 +0100] "CONNECT 1.1.1.1:443 HTTP/1.1" 200 423 "-" "Mozilla/5.0 (Windows NT 10.0; Win64; x64) AppleWebKit/537.36 (KHTML, like Gecko) Chrome/124.0.0.0 Safari/537.36"
141.98.7.248 - - [22/Nov/2024:11:23:31 +0100] "CONNECT 1.1.1.1:443 HTTP/1.1" 200 423 "-" "Mozilla/5.0 (Windows NT 10.0; Win64; x64) AppleWebKit/537.36 (KHTML, like Gecko) Chrome/124.0.0.0 Safari/537.36"
178.115.42.220 - - [22/Nov/2024:11:23:58 +0100] "GET /entry.php?id=10271&&ser=270978 HTTP/1.1" 200 987 "http://hausegger.activities.at/entry.php?id=10271&&ser=270918" "Mozilla/5.0 (Windows NT 10.0; Win64; x64; rv:132.0) Gecko/20100101 Firefox/132.0"
178.115.42.220 - - [22/Nov/2024:11:23:58 +0100] "GET /gui/javascript/form_form.js?1732271038 HTTP/1.1" 200 16206 "http://hausegger.activities.at/entry.php?id=10271&&ser=270978" "Mozilla/5.0 (Windows NT 10.0; Win64; x64; rv:132.0) Gecko/20100101 Firefox/132.0"
87.120.115.34 - - [22/Nov/2024:11:24:38 +0100] "GET /.git/config HTTP/1.1" 404 285 "-" "Mozilla/5.0 (Linux; Android 9; G8141) AppleWebKit/537.36 (KHTML, like Gecko) Chrome/76.0.3809.89 Mobile Safari/537.36"
178.115.42.220 - - [22/Nov/2024:11:24:59 +0100] "GET /entry.php?id=10271&&ser=271038 HTTP/1.1" 200 987 "http://hausegger.activities.at/entry.php?id=10271&&ser=270978" "Mozilla/5.0 (Windows NT 10.0; Win64; x64; rv:132.0) Gecko/20100101 Firefox/132.0"
178.115.42.220 - - [22/Nov/2024:11:24:59 +0100] "GET /gui/javascript/form_form.js?1732271099 HTTP/1.1" 200 16206 "http://hausegger.activities.at/entry.php?id=10271&&ser=271038" "Mozilla/5.0 (Windows NT 10.0; Win64; x64; rv:132.0) Gecko/20100101 Firefox/132.0"
178.115.42.220 - - [22/Nov/2024:11:25:59 +0100] "GET /entry.php?id=10271&&ser=271099 HTTP/1.1" 200 987 "http://hausegger.activities.at/entry.php?id=10271&&ser=271038" "Mozilla/5.0 (Windows NT 10.0; Win64; x64; rv:132.0) Gecko/20100101 Firefox/132.0"
178.115.42.220 - - [22/Nov/2024:11:25:59 +0100] "GET /gui/javascript/form_form.js?1732271159 HTTP/1.1" 200 16206 "http://hausegger.activities.at/entry.php?id=10271&&ser=271099" "Mozilla/5.0 (Windows NT 10.0; Win64; x64; rv:132.0) Gecko/20100101 Firefox/132.0"
178.115.42.220 - - [22/Nov/2024:11:26:59 +0100] "GET /entry.php?id=10271&&ser=271159 HTTP/1.1" 200 987 "http://hausegger.activities.at/entry.php?id=10271&&ser=271099" "Mozilla/5.0 (Windows NT 10.0; Win64; x64; rv:132.0) Gecko/20100101 Firefox/132.0"
178.115.42.220 - - [22/Nov/2024:11:26:59 +0100] "GET /gui/javascript/form_form.js?1732271219 HTTP/1.1" 200 16206 "http://hausegger.activities.at/entry.php?id=10271&&ser=271159" "Mozilla/5.0 (Windows NT 10.0; Win64; x64; rv:132.0) Gecko/20100101 Firefox/132.0"
156.59.198.135 - - [22/Nov/2024:11:26:59 +0100] "GET /renault.activities.at/htdocs/log/cron/system_mail_3115917.txt HTTP/1.0" 404 320 "-" "Mozilla/5.0 (Linux; Android 5.0) AppleWebKit/537.36 (KHTML, like Gecko) Mobile Safari/537.36 (compatible; Bytespider; spider-feedback@bytedance.com)"
178.115.42.220 - - [22/Nov/2024:11:27:59 +0100] "GET /entry.php?id=10271&&ser=271219 HTTP/1.1" 200 987 "http://hausegger.activities.at/entry.php?id=10271&&ser=271159" "Mozilla/5.0 (Windows NT 10.0; Win64; x64; rv:132.0) Gecko/20100101 Firefox/132.0"
178.115.42.220 - - [22/Nov/2024:11:27:59 +0100] "GET /gui/javascript/form_form.js?1732271279 HTTP/1.1" 200 16206 "http://hausegger.activities.at/entry.php?id=10271&&ser=271219" "Mozilla/5.0 (Windows NT 10.0; Win64; x64; rv:132.0) Gecko/20100101 Firefox/132.0"
178.115.42.220 - - [22/Nov/2024:11:28:58 +0100] "GET /entry.php?id=10712 HTTP/1.1" 200 402 "http://hausegger.activities.at/entry.php?id=10270&__app__=10006038" "Mozilla/5.0 (Windows NT 10.0; Win64; x64; rv:132.0) Gecko/20100101 Firefox/132.0"
178.115.42.220 - - [22/Nov/2024:11:28:58 +0100] "GET /entry.php?id=10716& HTTP/1.1" 200 4887 "http://hausegger.activities.at/entry.php?id=10712" "Mozilla/5.0 (Windows NT 10.0; Win64; x64; rv:132.0) Gecko/20100101 Firefox/132.0"
178.115.42.220 - - [22/Nov/2024:11:28:58 +0100] "GET /entry.php?id=10676&&title=Artikelverwaltung HTTP/1.1" 200 1395 "http://hausegger.activities.at/entry.php?id=10712" "Mozilla/5.0 (Windows NT 10.0; Win64; x64; rv:132.0) Gecko/20100101 Firefox/132.0"
178.115.42.220 - - [22/Nov/2024:11:28:59 +0100] "GET /gui/javascript/form_form.js?1732271339 HTTP/1.1" 200 16206 "http://hausegger.activities.at/entry.php?id=10716&" "Mozilla/5.0 (Windows NT 10.0; Win64; x64; rv:132.0) Gecko/20100101 Firefox/132.0"
178.115.42.220 - - [22/Nov/2024:11:28:59 +0100] "GET /gui/javascript/form_form.js?1732271339 HTTP/1.1" 200 16206 "http://hausegger.activities.at/entry.php?id=10676&&title=Artikelverwaltung" "Mozilla/5.0 (Windows NT 10.0; Win64; x64; rv:132.0) Gecko/20100101 Firefox/132.0"
178.115.42.220 - - [22/Nov/2024:11:28:58 +0100] "GET /entry.php?id=10715& HTTP/1.1" 200 2535 "http://hausegger.activities.at/entry.php?id=10712" "Mozilla/5.0 (Windows NT 10.0; Win64; x64; rv:132.0) Gecko/20100101 Firefox/132.0"
178.115.42.220 - - [22/Nov/2024:11:28:59 +0100] "GET /entry.php?id=10776&form=10560&name=list& HTTP/1.1" 200 2179 "http://hausegger.activities.at/entry.php?id=10715&" "Mozilla/5.0 (Windows NT 10.0; Win64; x64; rv:132.0) Gecko/20100101 Firefox/132.0"
178.115.42.220 - - [22/Nov/2024:11:28:59 +0100] "GET /entry.php?id=10778&form=10560&name=list& HTTP/1.1" 200 2691 "http://hausegger.activities.at/entry.php?id=10715&" "Mozilla/5.0 (Windows NT 10.0; Win64; x64; rv:132.0) Gecko/20100101 Firefox/132.0"
178.115.42.220 - - [22/Nov/2024:11:28:59 +0100] "GET /entry.php?id=10714&checksegmentation=false& HTTP/1.1" 200 4154 "http://hausegger.activities.at/entry.php?id=10712" "Mozilla/5.0 (Windows NT 10.0; Win64; x64; rv:132.0) Gecko/20100101 Firefox/132.0"
178.115.42.220 - - [22/Nov/2024:11:28:59 +0100] "GET /activities/framework/KoolControls/KoolAjax/koolajax.php?8436e354c842500aba3cbaf0584c0c24 HTTP/1.1" 200 4079 "http://hausegger.activities.at/entry.php?id=10714&checksegmentation=false&" "Mozilla/5.0 (Windows NT 10.0; Win64; x64; rv:132.0) Gecko/20100101 Firefox/132.0"
178.115.42.220 - - [22/Nov/2024:11:28:59 +0100] "GET /activities/framework/KoolControls/KoolTreeView/kooltreeview.php?c7cd9180e88ffef8e70f13526bb4f5f7 HTTP/1.1" 200 5055 "http://hausegger.activities.at/entry.php?id=10714&checksegmentation=false&" "Mozilla/5.0 (Windows NT 10.0; Win64; x64; rv:132.0) Gecko/20100101 Firefox/132.0"
178.115.42.220 - - [22/Nov/2024:11:29:00 +0100] "GET /entry.php?id=10271&&ser=271279 HTTP/1.1" 200 987 "http://hausegger.activities.at/entry.php?id=10271&&ser=271219" "Mozilla/5.0 (Windows NT 10.0; Win64; x64; rv:132.0) Gecko/20100101 Firefox/132.0"
178.115.42.220 - - [22/Nov/2024:11:29:00 +0100] "GET /gui/javascript/form_form.js?1732271340 HTTP/1.1" 200 16206 "http://hausegger.activities.at/entry.php?id=10271&&ser=271279" "Mozilla/5.0 (Windows NT 10.0; Win64; x64; rv:132.0) Gecko/20100101 Firefox/132.0"
178.115.42.220 - - [22/Nov/2024:11:29:08 +0100] "POST /entry.php?id=10715 HTTP/1.1" 200 2611 "http://hausegger.activities.at/entry.php?id=10715&" "Mozilla/5.0 (Windows NT 10.0; Win64; x64; rv:132.0) Gecko/20100101 Firefox/132.0"
178.115.42.220 - - [22/Nov/2024:11:29:08 +0100] "GET /gui/javascript/form_form.js?1732271348 HTTP/1.1" 200 16206 "http://hausegger.activities.at/entry.php?id=10715" "Mozilla/5.0 (Windows NT 10.0; Win64; x64; rv:132.0) Gecko/20100101 Firefox/132.0"
178.115.42.220 - - [22/Nov/2024:11:29:08 +0100] "GET /entry.php?id=10776&form=10560&name=list& HTTP/1.1" 200 2313 "http://hausegger.activities.at/entry.php?id=10715" "Mozilla/5.0 (Windows NT 10.0; Win64; x64; rv:132.0) Gecko/20100101 Firefox/132.0"
178.115.42.220 - - [22/Nov/2024:11:29:08 +0100] "GET /entry.php?id=10778&form=10560&name=list& HTTP/1.1" 200 2998 "http://hausegger.activities.at/entry.php?id=10715" "Mozilla/5.0 (Windows NT 10.0; Win64; x64; rv:132.0) Gecko/20100101 Firefox/132.0"
178.115.42.220 - - [22/Nov/2024:11:29:08 +0100] "GET /gui/images/no_image_de.jpg HTTP/1.1" 200 73407 "http://hausegger.activities.at/entry.php?id=10778&form=10560&name=list&" "Mozilla/5.0 (Windows NT 10.0; Win64; x64; rv:132.0) Gecko/20100101 Firefox/132.0"
178.115.42.220 - - [22/Nov/2024:11:29:51 +0100] "GET /entry.php?id=10828 HTTP/1.1" 200 9144 "http://hausegger.activities.at/entry.php?id=10270&__app__=10006038" "Mozilla/5.0 (Windows NT 10.0; Win64; x64; rv:132.0) Gecko/20100101 Firefox/132.0"
178.115.42.220 - - [22/Nov/2024:11:29:52 +0100] "GET /gui/javascript/form_form.js?1732271391 HTTP/1.1" 200 16206 "http://hausegger.activities.at/entry.php?id=10828" "Mozilla/5.0 (Windows NT 10.0; Win64; x64; rv:132.0) Gecko/20100101 Firefox/132.0"
178.115.42.220 - - [22/Nov/2024:11:29:52 +0100] "GET /entry.php?id=10889&document_id=& HTTP/1.1" 200 1510 "http://hausegger.activities.at/entry.php?id=10828" "Mozilla/5.0 (Windows NT 10.0; Win64; x64; rv:132.0) Gecko/20100101 Firefox/132.0"
178.115.42.220 - - [22/Nov/2024:11:29:52 +0100] "GET /gui/javascript/form_form.js?1732271392 HTTP/1.1" 200 16206 "http://hausegger.activities.at/entry.php?id=10889&document_id=&" "Mozilla/5.0 (Windows NT 10.0; Win64; x64; rv:132.0) Gecko/20100101 Firefox/132.0"
178.115.42.220 - - [22/Nov/2024:11:29:53 +0100] "POST /entry.php?id=10828 HTTP/1.1" 200 9333 "http://hausegger.activities.at/entry.php?id=10828" "Mozilla/5.0 (Windows NT 10.0; Win64; x64; rv:132.0) Gecko/20100101 Firefox/132.0"
178.115.42.220 - - [22/Nov/2024:11:29:54 +0100] "GET /gui/javascript/form_form.js?1732271394 HTTP/1.1" 200 16206 "http://hausegger.activities.at/entry.php?id=10828" "Mozilla/5.0 (Windows NT 10.0; Win64; x64; rv:132.0) Gecko/20100101 Firefox/132.0"
178.115.42.220 - - [22/Nov/2024:11:29:54 +0100] "GET /entry.php?id=10889&document_id=& HTTP/1.1" 200 1510 "http://hausegger.activities.at/entry.php?id=10828" "Mozilla/5.0 (Windows NT 10.0; Win64; x64; rv:132.0) Gecko/20100101 Firefox/132.0"
178.115.42.220 - - [22/Nov/2024:11:29:56 +0100] "GET /entry.php?id=10877&mode=loadSearchCustomer&obj=number&tag=debitor&value=we&ser=1732266150947 HTTP/1.1" 200 166 "http://hausegger.activities.at/entry.php?id=10828" "Mozilla/5.0 (Windows NT 10.0; Win64; x64; rv:132.0) Gecko/20100101 Firefox/132.0"
178.115.42.220 - - [22/Nov/2024:11:29:57 +0100] "GET /entry.php?id=10877&mode=loadSearchCustomer&obj=number&tag=debitor&value=we&ser=1732266151002 HTTP/1.1" 200 166 "http://hausegger.activities.at/entry.php?id=10828" "Mozilla/5.0 (Windows NT 10.0; Win64; x64; rv:132.0) Gecko/20100101 Firefox/132.0"
178.115.42.220 - - [22/Nov/2024:11:29:57 +0100] "GET /entry.php?id=10877&mode=loadSearchCustomer&obj=number&tag=debitor&value=weg&ser=1732266151315 HTTP/1.1" 200 166 "http://hausegger.activities.at/entry.php?id=10828" "Mozilla/5.0 (Windows NT 10.0; Win64; x64; rv:132.0) Gecko/20100101 Firefox/132.0"
178.115.42.220 - - [22/Nov/2024:11:29:58 +0100] "POST /entry.php?id=10889 HTTP/1.1" 200 1769 "http://hausegger.activities.at/entry.php?id=10889&document_id=&" "Mozilla/5.0 (Windows NT 10.0; Win64; x64; rv:132.0) Gecko/20100101 Firefox/132.0"
178.115.42.220 - - [22/Nov/2024:11:29:58 +0100] "GET /gui/javascript/form_form.js?1732271398 HTTP/1.1" 200 16206 "http://hausegger.activities.at/entry.php?id=10889" "Mozilla/5.0 (Windows NT 10.0; Win64; x64; rv:132.0) Gecko/20100101 Firefox/132.0"
178.115.42.220 - - [22/Nov/2024:11:30:00 +0100] "GET /entry.php?id=10271&&ser=271340 HTTP/1.1" 200 987 "http://hausegger.activities.at/entry.php?id=10271&&ser=271279" "Mozilla/5.0 (Windows NT 10.0; Win64; x64; rv:132.0) Gecko/20100101 Firefox/132.0"
178.115.42.220 - - [22/Nov/2024:11:30:00 +0100] "GET /gui/javascript/form_form.js?1732271400 HTTP/1.1" 200 16206 "http://hausegger.activities.at/entry.php?id=10271&&ser=271340" "Mozilla/5.0 (Windows NT 10.0; Win64; x64; rv:132.0) Gecko/20100101 Firefox/132.0"
178.115.42.220 - - [22/Nov/2024:11:30:08 +0100] "POST /entry.php?id=10828 HTTP/1.1" 200 8744 "http://hausegger.activities.at/entry.php?id=10828" "Mozilla/5.0 (Windows NT 10.0; Win64; x64; rv:132.0) Gecko/20100101 Firefox/132.0"
178.115.42.220 - - [22/Nov/2024:11:30:08 +0100] "GET /gui/javascript/form_form.js?1732271408 HTTP/1.1" 200 16206 "http://hausegger.activities.at/entry.php?id=10828" "Mozilla/5.0 (Windows NT 10.0; Win64; x64; rv:132.0) Gecko/20100101 Firefox/132.0"
178.115.42.220 - - [22/Nov/2024:11:30:08 +0100] "GET /entry.php?id=10889&document_id=10344811& HTTP/1.1" 200 1510 "http://hausegger.activities.at/entry.php?id=10828" "Mozilla/5.0 (Windows NT 10.0; Win64; x64; rv:132.0) Gecko/20100101 Firefox/132.0"
178.115.42.220 - - [22/Nov/2024:11:30:09 +0100] "GET /gui/javascript/form_form.js?1732271409 HTTP/1.1" 200 16206 "http://hausegger.activities.at/entry.php?id=10889&document_id=10344811&" "Mozilla/5.0 (Windows NT 10.0; Win64; x64; rv:132.0) Gecko/20100101 Firefox/132.0"
178.115.42.220 - - [22/Nov/2024:11:30:09 +0100] "POST /entry.php?id=10828 HTTP/1.1" 200 4982 "http://hausegger.activities.at/entry.php?id=10828" "Mozilla/5.0 (Windows NT 10.0; Win64; x64; rv:132.0) Gecko/20100101 Firefox/132.0"
178.115.42.220 - - [22/Nov/2024:11:30:09 +0100] "GET /entry.php?id=10889&document_id=10344811& HTTP/1.1" 200 1510 "http://hausegger.activities.at/entry.php?id=10828" "Mozilla/5.0 (Windows NT 10.0; Win64; x64; rv:132.0) Gecko/20100101 Firefox/132.0"
178.115.42.220 - - [22/Nov/2024:11:30:10 +0100] "GET /gui/javascript/form_form.js?1732271410 HTTP/1.1" 200 16206 "http://hausegger.activities.at/entry.php?id=10889&document_id=10344811&" "Mozilla/5.0 (Windows NT 10.0; Win64; x64; rv:132.0) Gecko/20100101 Firefox/132.0"
178.115.42.220 - - [22/Nov/2024:11:30:56 +0100] "POST /entry.php?id=10828 HTTP/1.1" 200 5001 "http://hausegger.activities.at/entry.php?id=10828" "Mozilla/5.0 (Windows NT 10.0; Win64; x64; rv:132.0) Gecko/20100101 Firefox/132.0"
178.115.42.220 - - [22/Nov/2024:11:30:56 +0100] "GET /gui/javascript/form_form.js?1732271456 HTTP/1.1" 200 16206 "http://hausegger.activities.at/entry.php?id=10828" "Mozilla/5.0 (Windows NT 10.0; Win64; x64; rv:132.0) Gecko/20100101 Firefox/132.0"
178.115.42.220 - - [22/Nov/2024:11:30:56 +0100] "GET /entry.php?id=10889&document_id=10344811& HTTP/1.1" 200 1510 "http://hausegger.activities.at/entry.php?id=10828" "Mozilla/5.0 (Windows NT 10.0; Win64; x64; rv:132.0) Gecko/20100101 Firefox/132.0"
178.115.42.220 - - [22/Nov/2024:11:30:57 +0100] "POST /entry.php?id=10828 HTTP/1.1" 200 4782 "http://hausegger.activities.at/entry.php?id=10828" "Mozilla/5.0 (Windows NT 10.0; Win64; x64; rv:132.0) Gecko/20100101 Firefox/132.0"
178.115.42.220 - - [22/Nov/2024:11:30:57 +0100] "GET /gui/javascript/form_form.js?1732271457 HTTP/1.1" 200 16206 "http://hausegger.activities.at/entry.php?id=10828" "Mozilla/5.0 (Windows NT 10.0; Win64; x64; rv:132.0) Gecko/20100101 Firefox/132.0"
178.115.42.220 - - [22/Nov/2024:11:30:57 +0100] "GET /entry.php?id=10889&document_id=10344811& HTTP/1.1" 200 1510 "http://hausegger.activities.at/entry.php?id=10828" "Mozilla/5.0 (Windows NT 10.0; Win64; x64; rv:132.0) Gecko/20100101 Firefox/132.0"
178.115.42.220 - - [22/Nov/2024:11:30:57 +0100] "GET /entry.php?id=10830&&object=10344811&account=&mode=documentdebitor HTTP/1.1" 200 3133 "http://hausegger.activities.at/entry.php?id=10828" "Mozilla/5.0 (Windows NT 10.0; Win64; x64; rv:132.0) Gecko/20100101 Firefox/132.0"
156.59.198.135 - - [22/Nov/2024:11:30:59 +0100] "GET /renault.activities.at/htdocs/export/pdf/emuc_document/11890094.pdf HTTP/1.0" 404 321 "-" "Mozilla/5.0 (Linux; Android 5.0) AppleWebKit/537.36 (KHTML, like Gecko) Mobile Safari/537.36 (compatible; Bytespider; spider-feedback@bytedance.com)"
178.115.42.220 - - [22/Nov/2024:11:31:00 +0100] "GET /entry.php?id=10271&&ser=271400 HTTP/1.1" 200 987 "http://hausegger.activities.at/entry.php?id=10271&&ser=271340" "Mozilla/5.0 (Windows NT 10.0; Win64; x64; rv:132.0) Gecko/20100101 Firefox/132.0"
178.115.42.220 - - [22/Nov/2024:11:31:00 +0100] "GET /gui/javascript/form_form.js?1732271460 HTTP/1.1" 200 16206 "http://hausegger.activities.at/entry.php?id=10271&&ser=271400" "Mozilla/5.0 (Windows NT 10.0; Win64; x64; rv:132.0) Gecko/20100101 Firefox/132.0"
178.115.42.220 - - [22/Nov/2024:11:31:03 +0100] "POST /entry.php?id=10889 HTTP/1.1" 200 1581 "http://hausegger.activities.at/entry.php?id=10889&document_id=10344811&" "Mozilla/5.0 (Windows NT 10.0; Win64; x64; rv:132.0) Gecko/20100101 Firefox/132.0"
178.115.42.220 - - [22/Nov/2024:11:31:03 +0100] "GET /gui/javascript/form_form.js?1732271463 HTTP/1.1" 200 16206 "http://hausegger.activities.at/entry.php?id=10889" "Mozilla/5.0 (Windows NT 10.0; Win64; x64; rv:132.0) Gecko/20100101 Firefox/132.0"
178.115.42.220 - - [22/Nov/2024:11:31:03 +0100] "GET /entry.php?id=10877&mode=loadSearchArticle&obj=article_1&tag=debit&refobject=10344811&value=18015329%20&ser=1732266217698 HTTP/1.1" 200 20 "http://hausegger.activities.at/entry.php?id=10830&&object=10344811&account=&mode=documentdebitor" "Mozilla/5.0 (Windows NT 10.0; Win64; x64; rv:132.0) Gecko/20100101 Firefox/132.0"
178.115.42.220 - - [22/Nov/2024:11:31:03 +0100] "GET /entry.php?id=10877&mode=loadSearchArticle&obj=article_1&tag=debit&refobject=10344811&value=18015329%20&ser=1732266217754 HTTP/1.1" 200 20 "http://hausegger.activities.at/entry.php?id=10830&&object=10344811&account=&mode=documentdebitor" "Mozilla/5.0 (Windows NT 10.0; Win64; x64; rv:132.0) Gecko/20100101 Firefox/132.0"
178.115.42.220 - - [22/Nov/2024:11:31:05 +0100] "GET /entry.php?id=10877&mode=loadSearchArticle&obj=article_1&tag=debit&refobject=10344811&value=18015329&ser=1732266219202 HTTP/1.1" 200 257 "http://hausegger.activities.at/entry.php?id=10830&&object=10344811&account=&mode=documentdebitor" "Mozilla/5.0 (Windows NT 10.0; Win64; x64; rv:132.0) Gecko/20100101 Firefox/132.0"
178.115.42.220 - - [22/Nov/2024:11:31:06 +0100] "POST /entry.php?id=10889 HTTP/1.1" 200 1902 "http://hausegger.activities.at/entry.php?id=10889" "Mozilla/5.0 (Windows NT 10.0; Win64; x64; rv:132.0) Gecko/20100101 Firefox/132.0"
178.115.42.220 - - [22/Nov/2024:11:31:06 +0100] "GET /gui/javascript/form_form.js?1732271466 HTTP/1.1" 200 16206 "http://hausegger.activities.at/entry.php?id=10889" "Mozilla/5.0 (Windows NT 10.0; Win64; x64; rv:132.0) Gecko/20100101 Firefox/132.0"
178.115.42.220 - - [22/Nov/2024:11:31:06 +0100] "POST /entry.php?id=10889 HTTP/1.1" 200 1679 "http://hausegger.activities.at/entry.php?id=10889" "Mozilla/5.0 (Windows NT 10.0; Win64; x64; rv:132.0) Gecko/20100101 Firefox/132.0"
178.115.42.220 - - [22/Nov/2024:11:31:07 +0100] "GET /gui/javascript/form_form.js?1732271467 HTTP/1.1" 200 16206 "http://hausegger.activities.at/entry.php?id=10889" "Mozilla/5.0 (Windows NT 10.0; Win64; x64; rv:132.0) Gecko/20100101 Firefox/132.0"
178.115.42.220 - - [22/Nov/2024:11:31:09 +0100] "POST /entry.php?id=10889 HTTP/1.1" 200 1828 "http://hausegger.activities.at/entry.php?id=10889" "Mozilla/5.0 (Windows NT 10.0; Win64; x64; rv:132.0) Gecko/20100101 Firefox/132.0"
178.115.42.220 - - [22/Nov/2024:11:31:09 +0100] "GET /gui/javascript/form_form.js?1732271469 HTTP/1.1" 200 16206 "http://hausegger.activities.at/entry.php?id=10889" "Mozilla/5.0 (Windows NT 10.0; Win64; x64; rv:132.0) Gecko/20100101 Firefox/132.0"
178.115.42.220 - - [22/Nov/2024:11:31:11 +0100] "GET /entry.php?id=11270&document=10344811 HTTP/1.1" 200 1974 "http://hausegger.activities.at/entry.php?id=10828" "Mozilla/5.0 (Windows NT 10.0; Win64; x64; rv:132.0) Gecko/20100101 Firefox/132.0"
178.115.42.220 - - [22/Nov/2024:11:31:11 +0100] "GET /gui/javascript/form_bu_document.js?1732271471 HTTP/1.1" 200 2675 "http://hausegger.activities.at/entry.php?id=11270&document=10344811" "Mozilla/5.0 (Windows NT 10.0; Win64; x64; rv:132.0) Gecko/20100101 Firefox/132.0"
178.115.42.220 - - [22/Nov/2024:11:31:11 +0100] "GET /gui/javascript/form_form.js?1732271471 HTTP/1.1" 200 16206 "http://hausegger.activities.at/entry.php?id=11270&document=10344811" "Mozilla/5.0 (Windows NT 10.0; Win64; x64; rv:132.0) Gecko/20100101 Firefox/132.0"
178.115.42.220 - - [22/Nov/2024:11:31:11 +0100] "GET /entry.php?id=10877&mode=observePrint HTTP/1.1" 200 55 "http://hausegger.activities.at/entry.php?id=11270&document=10344811" "Mozilla/5.0 (Windows NT 10.0; Win64; x64; rv:132.0) Gecko/20100101 Firefox/132.0"
178.115.42.220 - - [22/Nov/2024:11:31:11 +0100] "GET /entry.php?id=11241&images=false&document=10344811 HTTP/1.1" 200 2234 "http://hausegger.activities.at/entry.php?id=11270&document=10344811" "Mozilla/5.0 (Windows NT 10.0; Win64; x64; rv:132.0) Gecko/20100101 Firefox/132.0"
178.115.42.220 - - [22/Nov/2024:11:32:02 +0100] "GET /entry.php?id=10271&&ser=271460 HTTP/1.1" 200 987 "http://hausegger.activities.at/entry.php?id=10271&&ser=271400" "Mozilla/5.0 (Windows NT 10.0; Win64; x64; rv:132.0) Gecko/20100101 Firefox/132.0"
178.115.42.220 - - [22/Nov/2024:11:32:02 +0100] "GET /gui/javascript/form_form.js?1732271522 HTTP/1.1" 200 16206 "http://hausegger.activities.at/entry.php?id=10271&&ser=271460" "Mozilla/5.0 (Windows NT 10.0; Win64; x64; rv:132.0) Gecko/20100101 Firefox/132.0"
178.115.42.220 - - [22/Nov/2024:11:33:08 +0100] "GET /entry.php?id=10271&&ser=271522 HTTP/1.1" 200 987 "http://hausegger.activities.at/entry.php?id=10271&&ser=271460" "Mozilla/5.0 (Windows NT 10.0; Win64; x64; rv:132.0) Gecko/20100101 Firefox/132.0"
178.115.42.220 - - [22/Nov/2024:11:33:08 +0100] "GET /gui/javascript/form_form.js?1732271588 HTTP/1.1" 200 16206 "http://hausegger.activities.at/entry.php?id=10271&&ser=271522" "Mozilla/5.0 (Windows NT 10.0; Win64; x64; rv:132.0) Gecko/20100101 Firefox/132.0"
178.115.42.220 - - [22/Nov/2024:11:34:09 +0100] "GET /entry.php?id=10271&&ser=271588 HTTP/1.1" 200 987 "http://hausegger.activities.at/entry.php?id=10271&&ser=271522" "Mozilla/5.0 (Windows NT 10.0; Win64; x64; rv:132.0) Gecko/20100101 Firefox/132.0"
178.115.42.220 - - [22/Nov/2024:11:34:09 +0100] "GET /gui/javascript/form_form.js?1732271649 HTTP/1.1" 200 16206 "http://hausegger.activities.at/entry.php?id=10271&&ser=271588" "Mozilla/5.0 (Windows NT 10.0; Win64; x64; rv:132.0) Gecko/20100101 Firefox/132.0"
194.50.16.198 - - [22/Nov/2024:11:34:22 +0100] "GET /login.asp HTTP/1.1" 404 354 "-" "-"
156.59.198.135 - - [22/Nov/2024:11:35:00 +0100] "GET /renault.2web.at/stats/lang/awstats-ru.txt HTTP/1.0" 404 303 "-" "Mozilla/5.0 (Linux; Android 5.0) AppleWebKit/537.36 (KHTML, like Gecko) Mobile Safari/537.36 (compatible; Bytespider; spider-feedback@bytedance.com)"
178.115.42.220 - - [22/Nov/2024:11:35:09 +0100] "GET /entry.php?id=10271&&ser=271649 HTTP/1.1" 200 987 "http://hausegger.activities.at/entry.php?id=10271&&ser=271588" "Mozilla/5.0 (Windows NT 10.0; Win64; x64; rv:132.0) Gecko/20100101 Firefox/132.0"
178.115.42.220 - - [22/Nov/2024:11:35:09 +0100] "GET /gui/javascript/form_form.js?1732271709 HTTP/1.1" 200 16206 "http://hausegger.activities.at/entry.php?id=10271&&ser=271649" "Mozilla/5.0 (Windows NT 10.0; Win64; x64; rv:132.0) Gecko/20100101 Firefox/132.0"
178.115.42.220 - - [22/Nov/2024:11:36:09 +0100] "GET /entry.php?id=10271&&ser=271709 HTTP/1.1" 200 987 "http://hausegger.activities.at/entry.php?id=10271&&ser=271649" "Mozilla/5.0 (Windows NT 10.0; Win64; x64; rv:132.0) Gecko/20100101 Firefox/132.0"
178.115.42.220 - - [22/Nov/2024:11:36:10 +0100] "GET /gui/javascript/form_form.js?1732271770 HTTP/1.1" 200 16206 "http://hausegger.activities.at/entry.php?id=10271&&ser=271709" "Mozilla/5.0 (Windows NT 10.0; Win64; x64; rv:132.0) Gecko/20100101 Firefox/132.0"
178.115.42.220 - - [22/Nov/2024:11:37:10 +0100] "GET /entry.php?id=10271&&ser=271770 HTTP/1.1" 200 987 "http://hausegger.activities.at/entry.php?id=10271&&ser=271709" "Mozilla/5.0 (Windows NT 10.0; Win64; x64; rv:132.0) Gecko/20100101 Firefox/132.0"
178.115.42.220 - - [22/Nov/2024:11:37:10 +0100] "GET /gui/javascript/form_form.js?1732271830 HTTP/1.1" 200 16206 "http://hausegger.activities.at/entry.php?id=10271&&ser=271770" "Mozilla/5.0 (Windows NT 10.0; Win64; x64; rv:132.0) Gecko/20100101 Firefox/132.0"
178.115.42.220 - - [22/Nov/2024:11:37:20 +0100] "GET /entry.php?id=10831 HTTP/1.1" 200 8824 "http://hausegger.activities.at/entry.php?id=10270&__app__=10006038" "Mozilla/5.0 (Windows NT 10.0; Win64; x64; rv:132.0) Gecko/20100101 Firefox/132.0"
178.115.42.220 - - [22/Nov/2024:11:37:20 +0100] "GET /gui/javascript/form_form.js?1732271840 HTTP/1.1" 200 16206 "http://hausegger.activities.at/entry.php?id=10831" "Mozilla/5.0 (Windows NT 10.0; Win64; x64; rv:132.0) Gecko/20100101 Firefox/132.0"
178.115.42.220 - - [22/Nov/2024:11:37:20 +0100] "GET /entry.php?id=10889&document_id=& HTTP/1.1" 200 1509 "http://hausegger.activities.at/entry.php?id=10831" "Mozilla/5.0 (Windows NT 10.0; Win64; x64; rv:132.0) Gecko/20100101 Firefox/132.0"
178.115.42.220 - - [22/Nov/2024:11:37:22 +0100] "GET /entry.php?id=11237&type=10668 HTTP/1.1" 200 276 "http://hausegger.activities.at/entry.php?id=10831" "Mozilla/5.0 (Windows NT 10.0; Win64; x64; rv:132.0) Gecko/20100101 Firefox/132.0"
178.115.42.220 - - [22/Nov/2024:11:37:22 +0100] "GET /entry.php?id=10676&&title=Belegsuche HTTP/1.1" 200 1392 "http://hausegger.activities.at/entry.php?id=11237&type=10668" "Mozilla/5.0 (Windows NT 10.0; Win64; x64; rv:132.0) Gecko/20100101 Firefox/132.0"
178.115.42.220 - - [22/Nov/2024:11:37:22 +0100] "GET /gui/javascript/form_form.js?1732271842 HTTP/1.1" 200 16206 "http://hausegger.activities.at/entry.php?id=10676&&title=Belegsuche" "Mozilla/5.0 (Windows NT 10.0; Win64; x64; rv:132.0) Gecko/20100101 Firefox/132.0"
178.115.42.220 - - [22/Nov/2024:11:37:22 +0100] "GET /entry.php?id=11239&mode=document&form=10668& HTTP/1.1" 200 2023 "http://hausegger.activities.at/entry.php?id=11237&type=10668" "Mozilla/5.0 (Windows NT 10.0; Win64; x64; rv:132.0) Gecko/20100101 Firefox/132.0"
178.115.42.220 - - [22/Nov/2024:11:37:22 +0100] "GET /gui/javascript/form_bu_document_workflow.js?1732271842 HTTP/1.1" 200 4900 "http://hausegger.activities.at/entry.php?id=11239&mode=document&form=10668&" "Mozilla/5.0 (Windows NT 10.0; Win64; x64; rv:132.0) Gecko/20100101 Firefox/132.0"
