194.50.16.198 - - [25/Nov/2024:01:02:23 +0100] "GET /login.asp HTTP/1.1" 404 354 "-" "-"
80.82.77.202 - - [25/Nov/2024:01:02:57 +0100] "\x16\x03\x02\x01o\x01" 400 383 "-" "-"
156.59.198.135 - - [25/Nov/2024:01:03:49 +0100] "GET /renault.activities.at/htdocs/binaries/10015819.pdf HTTP/1.0" 404 311 "-" "Mozilla/5.0 (Linux; Android 5.0) AppleWebKit/537.36 (KHTML, like Gecko) Mobile Safari/537.36 (compatible; Bytespider; spider-feedback@bytedance.com)"
156.59.198.136 - - [25/Nov/2024:01:15:50 +0100] "GET /renault.activities.at/htdocs/pinEdit/editor/config/toolbar%20quick%20mode.txt HTTP/1.0" 404 325 "-" "Mozilla/5.0 (Linux; Android 5.0) AppleWebKit/537.36 (KHTML, like Gecko) Mobile Safari/537.36 (compatible; Bytespider; spider-feedback@bytedance.com)"
156.59.198.136 - - [25/Nov/2024:01:19:50 +0100] "GET /ed.activities.at/etc/redirects/redirects.xls HTTP/1.0" 404 302 "-" "Mozilla/5.0 (Linux; Android 5.0) AppleWebKit/537.36 (KHTML, like Gecko) Mobile Safari/537.36 (compatible; Bytespider; spider-feedback@bytedance.com)"
156.59.198.135 - - [25/Nov/2024:01:23:50 +0100] "GET /renault.activities.at/htdocs/binaries/10665041.pdf HTTP/1.0" 404 311 "-" "Mozilla/5.0 (Linux; Android 5.0) AppleWebKit/537.36 (KHTML, like Gecko) Mobile Safari/537.36 (compatible; Bytespider; spider-feedback@bytedance.com)"
156.59.198.136 - - [25/Nov/2024:01:27:50 +0100] "GET /renault.activities.at/htdocs/binaries/10122735.pdf HTTP/1.0" 404 312 "-" "Mozilla/5.0 (Linux; Android 5.0) AppleWebKit/537.36 (KHTML, like Gecko) Mobile Safari/537.36 (compatible; Bytespider; spider-feedback@bytedance.com)"
178.215.236.240 - - [25/Nov/2024:01:33:29 +0100] "GET /_profiler/phpinfo HTTP/1.1" 404 289 "-" "Mozilla/5.0 (Linux; Android 8.0.0; HTC U Ultra) AppleWebKit/537.36 (KHTML, like Gecko) Chrome/76.0.3809.89 Mobile Safari/537.36"
185.191.126.248 - - [25/Nov/2024:01:41:35 +0100] "GET / HTTP/1.1" 200 423 "-" "-"
159.203.75.53 - - [25/Nov/2024:01:42:47 +0100] "\x16\x03\x01" 400 383 "-" "-"
159.203.75.53 - - [25/Nov/2024:01:42:47 +0100] "\x16\x03\x01" 400 383 "-" "-"
159.203.75.53 - - [25/Nov/2024:01:42:47 +0100] "GET / HTTP/1.1" 200 274 "-" "Mozilla/5.0 (Windows NT 10.0; Win64; x64) AppleWebKit/537.36 (KHTML, like Gecko) Chrome/108.0.0.0 Safari/537.36"
159.203.75.53 - - [25/Nov/2024:01:42:47 +0100] "GET /form.html HTTP/1.1" 404 283 "-" "curl/8.1.2"
159.203.75.53 - - [25/Nov/2024:01:42:47 +0100] "GET /upl.php HTTP/1.1" 404 282 "-" "Mozilla/5.0"
159.203.75.53 - - [25/Nov/2024:01:42:48 +0100] "GET /t4 HTTP/1.1" 404 278 "-" "Mozilla/5.0"
159.203.75.53 - - [25/Nov/2024:01:42:48 +0100] "GET /geoip/ HTTP/1.1" 404 281 "-" "Mozilla/5.0 (Windows NT 10.0; Win64; x64) AppleWebKit/537.36 (KHTML, like Gecko) Chrome/108.0.0.0 Safari/537.36"
159.203.75.53 - - [25/Nov/2024:01:42:48 +0100] "GET /favicon.ico HTTP/1.1" 404 284 "-" "Mozilla/5.0 (Windows NT 10.0; Win64; x64) AppleWebKit/537.36 (KHTML, like Gecko) Chrome/108.0.0.0 Safari/537.36"
159.203.75.53 - - [25/Nov/2024:01:42:48 +0100] "GET /1.php HTTP/1.1" 404 280 "-" "Mozilla/5.0 (Windows NT 10.0; Win64; x64) AppleWebKit/537.36 (KHTML, like Gecko) Chrome/108.0.0.0 Safari/537.36"
159.203.75.53 - - [25/Nov/2024:01:42:49 +0100] "GET /systembc/password.php HTTP/1.1" 404 291 "-" "Mozilla/5.0 (Windows NT 10.0; Win64; x64) AppleWebKit/537.36 (KHTML, like Gecko) Chrome/108.0.0.0 Safari/537.36"
159.203.75.53 - - [25/Nov/2024:01:42:49 +0100] "GET /password.php HTTP/1.1" 404 285 "-" "Mozilla/5.0 (Windows NT 10.0; Win64; x64) AppleWebKit/537.36 (KHTML, like Gecko) Chrome/108.0.0.0 Safari/537.36"
156.59.198.136 - - [25/Nov/2024:01:45:05 +0100] "GET /renault.activities.at/htdocs/binaries/10167920.pdf HTTP/1.0" 404 311 "-" "Mozilla/5.0 (Linux; Android 5.0) AppleWebKit/537.36 (KHTML, like Gecko) Mobile Safari/537.36 (compatible; Bytespider; spider-feedback@bytedance.com)"
46.19.138.234 - - [25/Nov/2024:02:04:58 +0100] "GET / HTTP/1.1" 200 274 "-" "Mozilla/5.0 (Windows NT 10.0; Win64; x64) AppleWebKit/537.36 (KHTML, like Gecko) Chrome/90.0.4430.85 Safari/537.36 Edg/90.0.818.46"
80.82.77.202 - - [25/Nov/2024:02:21:31 +0100] "GET / HTTP/1.0" 200 423 "-" "Links (2.1pre15; Linux 2.4.26 i686; 158x61)"
51.158.205.47 - - [25/Nov/2024:02:23:20 +0100] "GET / HTTP/1.0" 200 423 "-" "masscan/1.3 (https://github.com/robertdavidgraham/masscan)"
18.175.118.64 - - [25/Nov/2024:02:28:28 +0100] "\x16\x03\x01" 400 383 "-" "-"
212.104.135.9 - - [25/Nov/2024:02:31:00 +0100] "GET /.git/config HTTP/1.1" 404 299 "-" "Mozilla/5.0 (Macintosh; Intel Mac OS X 10_14_3) AppleWebKit/537.36 (KHTML, like Gecko) Chrome/75.0.3770.100 Safari/537.36"
212.104.135.9 - - [25/Nov/2024:02:32:52 +0100] "GET /.git/config HTTP/1.1" 404 299 "-" "Mozilla/5.0 (X11; Linux x86_64) AppleWebKit/537.36 (KHTML, like Gecko) Chrome/65.0.3325.181 Safari/537.36"
18.175.118.64 - - [25/Nov/2024:02:34:09 +0100] "\x16\x03\x01" 400 383 "-" "-"
18.175.118.64 - - [25/Nov/2024:02:37:07 +0100] "GET /favicon.ico HTTP/1.1" 404 284 "-" "'Mozilla/5.0 (compatible; GenomeCrawlerd/1.0; +https://www.nokia.com/networks/ip-networks/deepfield/genome/)'"
18.175.118.64 - - [25/Nov/2024:02:39:19 +0100] "\x16\x03\x01" 400 383 "-" "-"
194.50.16.198 - - [25/Nov/2024:02:42:44 +0100] "POST /apply.cgi HTTP/1.1" 404 284 "http://212.69.160.11:80/apply.cgi" "Mozilla/5.0 (Windows NT 10.0; Win64; x64) AppleWebKit/537.36 (KHTML, like Gecko) Chrome/129.0.6668.71 Safari/537.36"
195.178.110.57 - - [25/Nov/2024:02:44:16 +0100] "GET /.git/config HTTP/1.1" 404 285 "-" "Mozilla/5.0 (Linux; Android 9; ONEPLUS 6) AppleWebKit/537.36 (KHTML, like Gecko) Chrome/76.0.3809.89 Mobile Safari/537.36"
18.175.118.64 - - [25/Nov/2024:02:46:08 +0100] "\x16\x03\x01" 400 383 "-" "-"
195.178.110.57 - - [25/Nov/2024:02:46:26 +0100] "GET /.git/config HTTP/1.1" 404 285 "-" "Mozilla/5.0 (Linux; Android 9; Pixel 2 XL) AppleWebKit/537.36 (KHTML, like Gecko) Chrome/76.0.3809.89 Mobile Safari/537.36"
190.193.117.128 - - [25/Nov/2024:02:47:29 +0100] "GET / HTTP/1.0" 200 423 "-" "-"
190.193.117.128 - - [25/Nov/2024:02:48:25 +0100] "GET / HTTP/1.0" 200 423 "-" "-"
18.175.118.64 - - [25/Nov/2024:02:49:07 +0100] "GET /admin/index.html HTTP/1.1" 404 287 "-" "'Mozilla/5.0 (compatible; GenomeCrawlerd/1.0; +https://www.nokia.com/networks/ip-networks/deepfield/genome/)'"
18.175.118.64 - - [25/Nov/2024:02:52:41 +0100] "\x16\x03\x01" 400 383 "-" "-"
156.59.198.136 - - [25/Nov/2024:02:53:07 +0100] "GET /renault.activities.at/htdocs/pinEdit/editor/dialogs/list_square.png HTTP/1.0" 404 320 "-" "Mozilla/5.0 (Linux; Android 5.0) AppleWebKit/537.36 (KHTML, like Gecko) Mobile Safari/537.36 (compatible; Bytespider; spider-feedback@bytedance.com)"
18.175.118.64 - - [25/Nov/2024:02:55:58 +0100] "GET /index.html HTTP/1.1" 404 283 "-" "'Mozilla/5.0 (compatible; GenomeCrawlerd/1.0; +https://www.nokia.com/networks/ip-networks/deepfield/genome/)'"
156.59.198.135 - - [25/Nov/2024:02:57:07 +0100] "GET /renault.2web.at/htdocs/binaries/10126848.doc HTTP/1.0" 404 307 "-" "Mozilla/5.0 (Linux; Android 5.0) AppleWebKit/537.36 (KHTML, like Gecko) Mobile Safari/537.36 (compatible; Bytespider; spider-feedback@bytedance.com)"
95.214.55.43 - - [25/Nov/2024:02:59:03 +0100] "GET / HTTP/1.1" 200 274 "-" "Mozilla/5.0 (Windows NT 10.0; Win64; x64) AppleWebKit/537.36 (KHTML, like Gecko) Chrome/90.0.4430.85 Safari/537.36 Edg/90.0.818.46"
18.175.118.64 - - [25/Nov/2024:02:59:41 +0100] "\x16\x03\x01" 400 383 "-" "-"
156.59.198.136 - - [25/Nov/2024:03:01:07 +0100] "GET /renault.activities.at/htdocs/binaries/10231946.doc HTTP/1.0" 404 311 "-" "Mozilla/5.0 (Linux; Android 5.0) AppleWebKit/537.36 (KHTML, like Gecko) Mobile Safari/537.36 (compatible; Bytespider; spider-feedback@bytedance.com)"
104.40.75.97 - - [25/Nov/2024:03:01:53 +0100] "GET / HTTP/1.1" 200 274 "-" "Mozilla/5.0 zgrab/0.x"
141.98.7.248 - - [25/Nov/2024:03:02:02 +0100] "CONNECT 1.1.1.1:443 HTTP/1.1" 200 423 "-" "Mozilla/5.0 (Windows NT 10.0; Win64; x64) AppleWebKit/537.36 (KHTML, like Gecko) Chrome/124.0.0.0 Safari/537.36"
141.98.7.248 - - [25/Nov/2024:03:02:03 +0100] "CONNECT 1.1.1.1:443 HTTP/1.1" 200 423 "-" "Mozilla/5.0 (Windows NT 10.0; Win64; x64) AppleWebKit/537.36 (KHTML, like Gecko) Chrome/124.0.0.0 Safari/537.36"
141.98.7.248 - - [25/Nov/2024:03:02:04 +0100] "CONNECT 1.1.1.1:443 HTTP/1.1" 200 423 "-" "Mozilla/5.0 (Windows NT 10.0; Win64; x64) AppleWebKit/537.36 (KHTML, like Gecko) Chrome/124.0.0.0 Safari/537.36"
95.62.110.244 - - [25/Nov/2024:03:02:27 +0100] "GET / HTTP/1.0" 200 423 "-" "-"
18.175.118.64 - - [25/Nov/2024:03:02:40 +0100] "GET /+CSCOE+/logon.html HTTP/1.1" 404 290 "-" "'Mozilla/5.0 (compatible; GenomeCrawlerd/1.0; +https://www.nokia.com/networks/ip-networks/deepfield/genome/)'"
18.175.118.64 - - [25/Nov/2024:03:05:19 +0100] "\x16\x03\x01" 400 383 "-" "-"
18.175.118.64 - - [25/Nov/2024:03:08:38 +0100] "GET /cgi-bin/login.cgi HTTP/1.1" 404 289 "-" "'Mozilla/5.0 (compatible; GenomeCrawlerd/1.0; +https://www.nokia.com/networks/ip-networks/deepfield/genome/)'"
156.59.198.135 - - [25/Nov/2024:03:09:57 +0100] "GET /ed-test.2web.at/stats/lang/awstats-th.txt HTTP/1.0" 404 302 "-" "Mozilla/5.0 (Linux; Android 5.0) AppleWebKit/537.36 (KHTML, like Gecko) Mobile Safari/537.36 (compatible; Bytespider; spider-feedback@bytedance.com)"
93.174.93.12 - - [25/Nov/2024:03:10:52 +0100] "GET / HTTP/1.0" 200 423 "-" "Mozilla/5.0 (X11; Linux x86_64) AppleWebKit/537.36 (KHTML, like Gecko) Chrome/66.0.3359.181 Safari/537.36"
156.59.198.135 - - [25/Nov/2024:03:13:57 +0100] "GET /renault.activities.at/htdocs/export/xml/data/orders/202107090803_RenOrder.xml HTTP/1.0" 404 329 "-" "Mozilla/5.0 (Linux; Android 5.0) AppleWebKit/537.36 (KHTML, like Gecko) Mobile Safari/537.36 (compatible; Bytespider; spider-feedback@bytedance.com)"
18.175.118.64 - - [25/Nov/2024:03:14:42 +0100] "GET /logon.htm HTTP/1.1" 404 283 "-" "'Mozilla/5.0 (compatible; GenomeCrawlerd/1.0; +https://www.nokia.com/networks/ip-networks/deepfield/genome/)'"
18.175.118.64 - - [25/Nov/2024:03:17:20 +0100] "\x16\x03\x01" 400 383 "-" "-"
156.59.198.135 - - [25/Nov/2024:03:19:28 +0100] "GET /renault.2web.at/htdocs/binaries/renault-/rs-155-fr.doc HTTP/1.0" 404 310 "-" "Mozilla/5.0 (Linux; Android 5.0) AppleWebKit/537.36 (KHTML, like Gecko) Mobile Safari/537.36 (compatible; Bytespider; spider-feedback@bytedance.com)"
18.175.118.64 - - [25/Nov/2024:03:20:21 +0100] "GET /login.jsp HTTP/1.1" 404 284 "-" "'Mozilla/5.0 (compatible; GenomeCrawlerd/1.0; +https://www.nokia.com/networks/ip-networks/deepfield/genome/)'"
18.175.118.64 - - [25/Nov/2024:03:23:15 +0100] "\x16\x03\x01" 400 383 "-" "-"
18.175.118.64 - - [25/Nov/2024:03:26:36 +0100] "GET /doc/index.html HTTP/1.1" 404 286 "-" "'Mozilla/5.0 (compatible; GenomeCrawlerd/1.0; +https://www.nokia.com/networks/ip-networks/deepfield/genome/)'"
18.175.118.64 - - [25/Nov/2024:03:30:08 +0100] "\x16\x03\x01" 400 383 "-" "-"
18.175.118.64 - - [25/Nov/2024:03:33:08 +0100] "GET / HTTP/1.1" 200 274 "-" "'Mozilla/5.0 (compatible; GenomeCrawlerd/1.0; +https://www.nokia.com/networks/ip-networks/deepfield/genome/)'"
156.59.198.136 - - [25/Nov/2024:03:42:54 +0100] "GET /renault.activities.at/htdocs/activities/framework/KoolControls/KoolImageView/styles/hay/hay.xml HTTP/1.0" 404 335 "-" "Mozilla/5.0 (Linux; Android 5.0) AppleWebKit/537.36 (KHTML, like Gecko) Mobile Safari/537.36 (compatible; Bytespider; spider-feedback@bytedance.com)"
5.8.11.202 - - [25/Nov/2024:03:56:47 +0100] "\x16\x03\x02\x01o\x01" 400 383 "-" "-"
156.59.198.136 - - [25/Nov/2024:03:58:07 +0100] "GET /renault.2web.at/htdocs/binaries/renault-/rs-129-fr.doc HTTP/1.0" 404 310 "-" "Mozilla/5.0 (Linux; Android 5.0) AppleWebKit/537.36 (KHTML, like Gecko) Mobile Safari/537.36 (compatible; Bytespider; spider-feedback@bytedance.com)"
219.139.136.2 - - [25/Nov/2024:04:07:51 +0100] "GET / HTTP/1.1" 200 274 "-" "Mozilla/5.0 (Macintosh; Intel Mac OS X 10_15_4) AppleWebKit/537.36 (KHTML, like Gecko) Chrome/83.0.4103.97 Safari/537.36"
219.139.136.2 - - [25/Nov/2024:04:07:51 +0100] "GET /layout.php HTTP/1.1" 200 816 "http://212.69.160.11/" "Mozilla/5.0 (X11; Linux x86_64) AppleWebKit/537.36 (KHTML, like Gecko) HeadlessChrome/114.0.5735.0 Safari/537.36"
219.139.136.2 - - [25/Nov/2024:04:07:52 +0100] "GET /gui/javascript/form_form.js HTTP/1.1" 200 16206 "http://212.69.160.11/layout.php" "Mozilla/5.0 (X11; Linux x86_64) AppleWebKit/537.36 (KHTML, like Gecko) HeadlessChrome/114.0.5735.0 Safari/537.36"
219.139.136.2 - - [25/Nov/2024:04:07:53 +0100] "GET /entry.php?id=10270 HTTP/1.1" 200 908 "http://212.69.160.11/layout.php" "Mozilla/5.0 (X11; Linux x86_64) AppleWebKit/537.36 (KHTML, like Gecko) HeadlessChrome/114.0.5735.0 Safari/537.36"
219.139.136.2 - - [25/Nov/2024:04:07:53 +0100] "GET /entry.php?id=10273 HTTP/1.1" 200 1902 "http://212.69.160.11/layout.php" "Mozilla/5.0 (X11; Linux x86_64) AppleWebKit/537.36 (KHTML, like Gecko) HeadlessChrome/114.0.5735.0 Safari/537.36"
219.139.136.2 - - [25/Nov/2024:04:07:53 +0100] "GET /entry.php?id=10272 HTTP/1.1" 200 1159 "http://212.69.160.11/layout.php" "Mozilla/5.0 (X11; Linux x86_64) AppleWebKit/537.36 (KHTML, like Gecko) HeadlessChrome/114.0.5735.0 Safari/537.36"
219.139.136.2 - - [25/Nov/2024:04:07:53 +0100] "GET /entry.php?id=11412 HTTP/1.1" 200 1759 "http://212.69.160.11/layout.php" "Mozilla/5.0 (X11; Linux x86_64) AppleWebKit/537.36 (KHTML, like Gecko) HeadlessChrome/114.0.5735.0 Safari/537.36"
219.139.136.2 - - [25/Nov/2024:04:07:53 +0100] "GET /gui/javascript/jquery/css/gui-themes/custom.min.css HTTP/1.1" 200 5618 "http://212.69.160.11/entry.php?id=10270" "Mozilla/5.0 (X11; Linux x86_64) AppleWebKit/537.36 (KHTML, like Gecko) HeadlessChrome/114.0.5735.0 Safari/537.36"
219.139.136.2 - - [25/Nov/2024:04:07:53 +0100] "GET /gui/javascript/jquery/css/gui-themes/ui.spinner.css HTTP/1.1" 200 350 "http://212.69.160.11/entry.php?id=10270" "Mozilla/5.0 (X11; Linux x86_64) AppleWebKit/537.36 (KHTML, like Gecko) HeadlessChrome/114.0.5735.0 Safari/537.36"
219.139.136.2 - - [25/Nov/2024:04:07:53 +0100] "GET /gui/javascript/jquery/css/gui-themes/jquery.tooltip.css HTTP/1.1" 200 246 "http://212.69.160.11/entry.php?id=10270" "Mozilla/5.0 (X11; Linux x86_64) AppleWebKit/537.36 (KHTML, like Gecko) HeadlessChrome/114.0.5735.0 Safari/537.36"
219.139.136.2 - - [25/Nov/2024:04:07:53 +0100] "GET /gui/styles/tmplDefault.css HTTP/1.1" 200 2135 "http://212.69.160.11/entry.php?id=10272" "Mozilla/5.0 (X11; Linux x86_64) AppleWebKit/537.36 (KHTML, like Gecko) HeadlessChrome/114.0.5735.0 Safari/537.36"
219.139.136.2 - - [25/Nov/2024:04:07:53 +0100] "GET /framework/webfx/style/toolbar/cb2.css HTTP/1.1" 200 793 "http://212.69.160.11/entry.php?id=10273" "Mozilla/5.0 (X11; Linux x86_64) AppleWebKit/537.36 (KHTML, like Gecko) HeadlessChrome/114.0.5735.0 Safari/537.36"
219.139.136.2 - - [25/Nov/2024:04:07:53 +0100] "GET /gui/javascript/form_form.js?1732504073 HTTP/1.1" 200 16206 "http://212.69.160.11/entry.php?id=10270" "Mozilla/5.0 (X11; Linux x86_64) AppleWebKit/537.36 (KHTML, like Gecko) HeadlessChrome/114.0.5735.0 Safari/537.36"
219.139.136.2 - - [25/Nov/2024:04:07:54 +0100] "GET /gui/javascript/jquery/jquery-tooltip/jquery.tooltip.min.js HTTP/1.1" 200 1982 "http://212.69.160.11/entry.php?id=10270" "Mozilla/5.0 (X11; Linux x86_64) AppleWebKit/537.36 (KHTML, like Gecko) HeadlessChrome/114.0.5735.0 Safari/537.36"
219.139.136.2 - - [25/Nov/2024:04:07:54 +0100] "GET /framework/webfx/javascript/toolbar/ieemu.js HTTP/1.1" 200 2366 "http://212.69.160.11/entry.php?id=10273" "Mozilla/5.0 (X11; Linux x86_64) AppleWebKit/537.36 (KHTML, like Gecko) HeadlessChrome/114.0.5735.0 Safari/537.36"
219.139.136.2 - - [25/Nov/2024:04:07:54 +0100] "GET /framework/webfx/javascript/toolbar/cb2.js HTTP/1.1" 200 1686 "http://212.69.160.11/entry.php?id=10273" "Mozilla/5.0 (X11; Linux x86_64) AppleWebKit/537.36 (KHTML, like Gecko) HeadlessChrome/114.0.5735.0 Safari/537.36"
219.139.136.2 - - [25/Nov/2024:04:07:54 +0100] "GET /gui/javascript/jquery/js/jquery-1.8.2.js HTTP/1.1" 200 35391 "http://212.69.160.11/entry.php?id=10270" "Mozilla/5.0 (X11; Linux x86_64) AppleWebKit/537.36 (KHTML, like Gecko) HeadlessChrome/114.0.5735.0 Safari/537.36"
219.139.136.2 - - [25/Nov/2024:04:07:54 +0100] "GET /framework/webfx/javascript/statusbar/statusBar.js HTTP/1.1" 200 649 "http://212.69.160.11/entry.php?id=10272" "Mozilla/5.0 (X11; Linux x86_64) AppleWebKit/537.36 (KHTML, like Gecko) HeadlessChrome/114.0.5735.0 Safari/537.36"
219.139.136.2 - - [25/Nov/2024:04:07:54 +0100] "GET /gui/javascript/jquery/js/jquery-ui-1.9.0.custom.min.js HTTP/1.1" 200 51286 "http://212.69.160.11/entry.php?id=10270" "Mozilla/5.0 (X11; Linux x86_64) AppleWebKit/537.36 (KHTML, like Gecko) HeadlessChrome/114.0.5735.0 Safari/537.36"
156.59.198.135 - - [25/Nov/2024:04:10:07 +0100] "GET /ed-test.2web.at/stats/lang/awstats-tr.txt HTTP/1.0" 404 302 "-" "Mozilla/5.0 (Linux; Android 5.0) AppleWebKit/537.36 (KHTML, like Gecko) Mobile Safari/537.36 (compatible; Bytespider; spider-feedback@bytedance.com)"
156.59.198.136 - - [25/Nov/2024:04:14:08 +0100] "GET /renault.activities.at/htdocs/import/werbung.csv HTTP/1.0" 404 309 "-" "Mozilla/5.0 (Linux; Android 5.0) AppleWebKit/537.36 (KHTML, like Gecko) Mobile Safari/537.36 (compatible; Bytespider; spider-feedback@bytedance.com)"
179.43.191.98 - - [25/Nov/2024:04:23:45 +0100] "GET / HTTP/1.1" 200 423 "-" "-"
34.220.183.46 - - [25/Nov/2024:04:32:51 +0100] "GET / HTTP/1.1" 200 274 "-" "Mozilla/5.0 (Macintosh; Intel Mac OS X 10_11_5) AppleWebKit/537.36 (KHTML, like Gecko) Chrome/50.0.2661.102 Safari/537.36"
125.229.4.85 - - [25/Nov/2024:04:38:37 +0100] "GET / HTTP/1.0" 200 423 "-" "Mozilla/5.0 (Linux; U; Android 4.0.3; ko-kr; LG-L160L Build/IML74K) AppleWebkit/534.30 (KHTML, like Gecko) Version/4.0 Mobile Safari/534.30"
194.38.20.13 - - [25/Nov/2024:04:41:17 +0100] "GET /admin/jQuery-File-Upload/server/php/index.php?file=tf2rghf.jpg HTTP/1.1" 404 397 "-" "ALittle Client"
194.38.20.13 - - [25/Nov/2024:04:41:22 +0100] "GET /admin/jQuery-File-Upload/server/php/index.php?file=tf2rghf.jpg HTTP/1.1" 404 410 "-" "ALittle Client"
156.59.198.136 - - [25/Nov/2024:04:42:53 +0100] "GET /ed-test.2web.at/stats/lang/awstats-bg.txt HTTP/1.0" 404 303 "-" "Mozilla/5.0 (Linux; Android 5.0) AppleWebKit/537.36 (KHTML, like Gecko) Mobile Safari/537.36 (compatible; Bytespider; spider-feedback@bytedance.com)"
156.59.198.136 - - [25/Nov/2024:04:46:53 +0100] "GET /renault.activities.at/htdocs/binaries/10008563.pdf HTTP/1.0" 404 311 "-" "Mozilla/5.0 (Linux; Android 5.0) AppleWebKit/537.36 (KHTML, like Gecko) Mobile Safari/537.36 (compatible; Bytespider; spider-feedback@bytedance.com)"
156.59.198.135 - - [25/Nov/2024:04:50:54 +0100] "GET /ed-test.2web.at/stats/lang/awstats-gr.txt HTTP/1.0" 404 303 "-" "Mozilla/5.0 (Linux; Android 5.0) AppleWebKit/537.36 (KHTML, like Gecko) Mobile Safari/537.36 (compatible; Bytespider; spider-feedback@bytedance.com)"
156.59.198.136 - - [25/Nov/2024:04:54:54 +0100] "GET /renault.activities.at/htdocs/binaries/10311644.doc HTTP/1.0" 404 311 "-" "Mozilla/5.0 (Linux; Android 5.0) AppleWebKit/537.36 (KHTML, like Gecko) Mobile Safari/537.36 (compatible; Bytespider; spider-feedback@bytedance.com)"
156.59.198.135 - - [25/Nov/2024:04:58:55 +0100] "GET /renault.activities.at/htdocs/export/xml/data/orders/202003021503_RenOrder.xml HTTP/1.0" 404 329 "-" "Mozilla/5.0 (Linux; Android 5.0) AppleWebKit/537.36 (KHTML, like Gecko) Mobile Safari/537.36 (compatible; Bytespider; spider-feedback@bytedance.com)"
156.59.198.135 - - [25/Nov/2024:05:02:55 +0100] "GET /renault.activities.at/htdocs/export/xml/data/orders/202006271003_RenOrder.xml HTTP/1.0" 404 330 "-" "Mozilla/5.0 (Linux; Android 5.0) AppleWebKit/537.36 (KHTML, like Gecko) Mobile Safari/537.36 (compatible; Bytespider; spider-feedback@bytedance.com)"
2.187.19.100 - - [25/Nov/2024:05:13:17 +0100] "GET / HTTP/1.1" 200 423 "-" "Mozilla/5.0 (Windows NT 10.0; WOW64) AppleWebKit/537.36 (KHTML, like Gecko) Chrome/52.0.2743.116 Safari/537.36"
47.128.17.30 - - [25/Nov/2024:05:30:54 +0100] "GET /robots.txt HTTP/1.1" 404 284 "-" "Mozilla/5.0 (Linux; Android 5.0) AppleWebKit/537.36 (KHTML, like Gecko) Mobile Safari/537.36 (compatible; Bytespider; spider-feedback@bytedance.com)"
156.59.198.136 - - [25/Nov/2024:05:34:54 +0100] "GET /renault.activities.at/htdocs/binaries/10006727.doc HTTP/1.0" 404 311 "-" "Mozilla/5.0 (Linux; Android 5.0) AppleWebKit/537.36 (KHTML, like Gecko) Mobile Safari/537.36 (compatible; Bytespider; spider-feedback@bytedance.com)"
47.128.61.179 - - [25/Nov/2024:05:38:54 +0100] "GET /robots.txt HTTP/1.1" 404 284 "-" "Mozilla/5.0 (Linux; Android 5.0) AppleWebKit/537.36 (KHTML, like Gecko) Mobile Safari/537.36 (compatible; Bytespider; spider-feedback@bytedance.com)"
109.194.243.115 - - [25/Nov/2024:05:40:37 +0100] "GET / HTTP/1.0" 200 423 "-" "Mozilla/5.0 (Windows NT 10.0; Win64; x64) AppleWebKit/537.36 (KHTML, like Gecko) Chrome/118.0.0.0 Safari/537.36"
156.59.198.135 - - [25/Nov/2024:05:46:54 +0100] "GET /renault.activities.at/htdocs/binaries/10069848.pdf HTTP/1.0" 404 311 "-" "Mozilla/5.0 (Linux; Android 5.0) AppleWebKit/537.36 (KHTML, like Gecko) Mobile Safari/537.36 (compatible; Bytespider; spider-feedback@bytedance.com)"
47.128.22.255 - - [25/Nov/2024:05:50:55 +0100] "GET /robots.txt HTTP/1.1" 404 284 "-" "Mozilla/5.0 (Linux; Android 5.0) AppleWebKit/537.36 (KHTML, like Gecko) Mobile Safari/537.36 (compatible; Bytespider; spider-feedback@bytedance.com)"
47.128.126.109 - - [25/Nov/2024:05:54:57 +0100] "GET /robots.txt HTTP/1.1" 404 284 "-" "Mozilla/5.0 (Linux; Android 5.0) AppleWebKit/537.36 (KHTML, like Gecko) Mobile Safari/537.36 (compatible; Bytespider; spider-feedback@bytedance.com)"
156.59.198.135 - - [25/Nov/2024:05:59:28 +0100] "GET /renault.activities.at/htdocs/binaries/10188912.pdf HTTP/1.0" 404 311 "-" "Mozilla/5.0 (Linux; Android 5.0) AppleWebKit/537.36 (KHTML, like Gecko) Mobile Safari/537.36 (compatible; Bytespider; spider-feedback@bytedance.com)"
156.59.198.136 - - [25/Nov/2024:06:03:28 +0100] "GET /ed-test.2web.at/stats/lang/awstats-he.txt HTTP/1.0" 404 302 "-" "Mozilla/5.0 (Linux; Android 5.0) AppleWebKit/537.36 (KHTML, like Gecko) Mobile Safari/537.36 (compatible; Bytespider; spider-feedback@bytedance.com)"
80.82.77.33 - - [25/Nov/2024:06:05:51 +0100] "GET / HTTP/1.1" 200 423 "-" "Mozilla/5.0 (Windows NT 6.1) AppleWebKit/537.36 (KHTML, like Gecko) Chrome/41.0.2228.0 Safari/537.36"
80.82.77.33 - - [25/Nov/2024:06:05:51 +0100] "GET /robots.txt HTTP/1.1" 404 355 "-" "-"
80.82.77.33 - - [25/Nov/2024:06:05:51 +0100] "GET /sitemap.xml HTTP/1.1" 404 356 "-" "-"
80.82.77.33 - - [25/Nov/2024:06:05:51 +0100] "GET /.well-known/security.txt HTTP/1.1" 404 369 "-" "-"
80.82.77.33 - - [25/Nov/2024:06:05:51 +0100] "GET /activities.ico HTTP/1.1" 200 1406 "-" "Mozilla/5.0 (Windows NT 10.0; Win64; x64) AppleWebKit/537.36 (KHTML, like Gecko) Chrome/102.0.5005.63 Safari/537.36"
156.59.198.135 - - [25/Nov/2024:06:07:29 +0100] "GET /renault.activities.at/htdocs/ewp/ew_includes/popups/ew_images/upload.gif HTTP/1.0" 404 324 "-" "Mozilla/5.0 (Linux; Android 5.0) AppleWebKit/537.36 (KHTML, like Gecko) Mobile Safari/537.36 (compatible; Bytespider; spider-feedback@bytedance.com)"
156.59.198.135 - - [25/Nov/2024:06:23:31 +0100] "GET /ed-test.2web.at/stats/lang/awstats-cz.txt HTTP/1.0" 404 303 "-" "Mozilla/5.0 (Linux; Android 5.0) AppleWebKit/537.36 (KHTML, like Gecko) Mobile Safari/537.36 (compatible; Bytespider; spider-feedback@bytedance.com)"
156.59.198.136 - - [25/Nov/2024:06:27:31 +0100] "GET /ed-test.2web.at/stats/lang/awstats-dk.txt HTTP/1.0" 404 303 "-" "Mozilla/5.0 (Linux; Android 5.0) AppleWebKit/537.36 (KHTML, like Gecko) Mobile Safari/537.36 (compatible; Bytespider; spider-feedback@bytedance.com)"
156.59.198.135 - - [25/Nov/2024:06:31:31 +0100] "GET /renault.activities.at/htdocs/activities/framework/KoolControls/KoolImageView/styles/silver/silver.xml HTTP/1.0" 404 337 "-" "Mozilla/5.0 (Linux; Android 5.0) AppleWebKit/537.36 (KHTML, like Gecko) Mobile Safari/537.36 (compatible; Bytespider; spider-feedback@bytedance.com)"
95.214.55.79 - - [25/Nov/2024:06:39:11 +0100] "GET / HTTP/1.1" 200 274 "-" "Mozilla/5.0 (Windows NT 10.0; Win64; x64) AppleWebKit/537.36 (KHTML, like Gecko) Chrome/90.0.4430.85 Safari/537.36 Edg/90.0.818.46"
156.59.198.135 - - [25/Nov/2024:06:42:18 +0100] "GET /renault.activities.at/htdocs/binaries/10019519.pdf HTTP/1.0" 404 310 "-" "Mozilla/5.0 (Linux; Android 5.0) AppleWebKit/537.36 (KHTML, like Gecko) Mobile Safari/537.36 (compatible; Bytespider; spider-feedback@bytedance.com)"
154.212.141.157 - - [25/Nov/2024:06:43:58 +0100] "GET / HTTP/1.1" 200 423 "-" "-"
156.59.198.136 - - [25/Nov/2024:06:50:59 +0100] "GET /renault.activities.at/htdocs/activities/framework/KoolControls/KoolImageView/styles/outlook/outlook.xml HTTP/1.0" 404 339 "-" "Mozilla/5.0 (Linux; Android 5.0) AppleWebKit/537.36 (KHTML, like Gecko) Mobile Safari/537.36 (compatible; Bytespider; spider-feedback@bytedance.com)"
156.59.198.136 - - [25/Nov/2024:06:55:40 +0100] "GET /ed-test.2web.at/stats/lang/awstats-cy.txt HTTP/1.0" 404 303 "-" "Mozilla/5.0 (Linux; Android 5.0) AppleWebKit/537.36 (KHTML, like Gecko) Mobile Safari/537.36 (compatible; Bytespider; spider-feedback@bytedance.com)"
64.62.156.87 - - [25/Nov/2024:06:56:39 +0100] "\x16\x03\x01" 400 383 "-" "-"
179.43.191.98 - - [25/Nov/2024:07:13:35 +0100] "GET / HTTP/1.1" 200 423 "-" "-"
72.144.49.82 - - [25/Nov/2024:07:16:55 +0100] "HEAD /.env HTTP/1.1" 404 - "-" "Mozilla/5.0 (Windows NT 10.0; WOW64) AppleWebKit/537.36 (KHTML, like Gecko) Chrome/117.0.0.0 Safari/537.36"
156.59.198.136 - - [25/Nov/2024:07:29:15 +0100] "GET /renault.activities.at/htdocs/export/xml/data/orders/202101191503_RenOrder.xml HTTP/1.0" 404 328 "-" "Mozilla/5.0 (Linux; Android 5.0) AppleWebKit/537.36 (KHTML, like Gecko) Mobile Safari/537.36 (compatible; Bytespider; spider-feedback@bytedance.com)"
147.185.132.99 - - [25/Nov/2024:07:30:09 +0100] "\x16\x03\x01" 400 383 "-" "-"
147.185.132.99 - - [25/Nov/2024:07:30:09 +0100] "\x16\x03\x01" 400 383 "-" "-"
156.59.198.135 - - [25/Nov/2024:07:40:13 +0100] "GET /renault.activities.at/htdocs/binaries/10267576.pdf HTTP/1.0" 404 312 "-" "Mozilla/5.0 (Linux; Android 5.0) AppleWebKit/537.36 (KHTML, like Gecko) Mobile Safari/537.36 (compatible; Bytespider; spider-feedback@bytedance.com)"
156.59.198.136 - - [25/Nov/2024:07:44:13 +0100] "GET /ed-test.2web.at/stats/lang/awstats-nb.txt HTTP/1.0" 404 302 "-" "Mozilla/5.0 (Linux; Android 5.0) AppleWebKit/537.36 (KHTML, like Gecko) Mobile Safari/537.36 (compatible; Bytespider; spider-feedback@bytedance.com)"
80.66.76.121 - - [25/Nov/2024:07:53:11 +0100] "\x03" 400 383 "-" "-"
185.242.226.10 - - [25/Nov/2024:07:56:33 +0100] "GET /activities.ico HTTP/1.1" 200 1406 "-" "python-requests/2.26.0"
185.242.226.10 - - [25/Nov/2024:07:56:33 +0100] "GET / HTTP/1.1" 200 274 "-" "python-requests/2.26.0"
185.242.226.10 - - [25/Nov/2024:07:58:32 +0100] "GET /activities.ico HTTP/1.1" 200 1406 "-" "python-requests/2.26.0"
185.242.226.10 - - [25/Nov/2024:07:58:32 +0100] "GET / HTTP/1.1" 200 274 "-" "python-requests/2.26.0"
136.144.19.246 - - [25/Nov/2024:08:01:04 +0100] "GET /.aws/credentials HTTP/1.1" 404 287 "-" "Mozilla/5.0 (Macintosh; Intel Mac OS X 10_15_7) AppleWebKit/605.1.15 (KHTML, like Gecko) Version/14.0.1 Safari/605.1.15"
136.144.19.18 - - [25/Nov/2024:08:01:04 +0100] "GET /admin/.env HTTP/1.1" 404 284 "-" "Mozilla/5.0 (Macintosh; Intel Mac OS X 10_15_7) AppleWebKit/605.1.15 (KHTML, like Gecko) Version/14.0.1 Safari/605.1.15"
156.59.198.135 - - [25/Nov/2024:08:04:14 +0100] "GET /renault.activities.at/htdocs/binaries/10073812.pdf HTTP/1.0" 404 312 "-" "Mozilla/5.0 (Linux; Android 5.0) AppleWebKit/537.36 (KHTML, like Gecko) Mobile Safari/537.36 (compatible; Bytespider; spider-feedback@bytedance.com)"
185.130.44.88 - - [25/Nov/2024:08:05:04 +0100] "GET /phpversion.php HTTP/1.1" 404 293 "-" "Mozilla/5.0 (Macintosh; Intel Mac OS X 10_15_7) AppleWebKit/605.1.15 (KHTML, like Gecko) Version/17.4.1 Safari/605.2.17"
185.130.44.88 - - [25/Nov/2024:08:05:07 +0100] "GET /config/.env HTTP/1.1" 404 292 "-" "Mozilla/5.0 (SS; Linux x86_64; rv:128.0) Gecko/20100101 Firefox/128.0"
185.130.44.88 - - [25/Nov/2024:08:05:07 +0100] "GET /admin/.env HTTP/1.1" 404 290 "-" "Mozilla/5.0 (Ubuntu; Linux i686) AppleWebKit/537.36 (KHTML, like Gecko) Chrome/118.0.0.0 Safari/537.36"
185.130.44.88 - - [25/Nov/2024:08:05:08 +0100] "GET /time.php HTTP/1.1" 404 289 "-" "Mozilla/5.0 (Fedora; Linux x86_64; rv:121.0) Gecko/20100101 Firefox/121.0"
185.130.44.88 - - [25/Nov/2024:08:05:08 +0100] "GET /.env HTTP/1.1" 404 286 "-" "Mozilla/5.0 (CentOS; Linux x86_64; rv:120.0) Gecko/20100101 Firefox/120.0"
185.130.44.88 - - [25/Nov/2024:08:05:09 +0100] "GET /test.php HTTP/1.1" 200 20 "-" "Mozilla/5.0 (X11; Linux x86_64) AppleWebKit/537.36 (KHTML, like Gecko) Chrome/83.0.4103.7 Safari/537.36"
185.130.44.88 - - [25/Nov/2024:08:05:10 +0100] "GET /hidden/.env HTTP/1.1" 404 291 "-" "Mozilla/5.0 (Macintosh; Intel Mac OS X 10_15_7) AppleWebKit/605.1.15 (KHTML, like Gecko) Version/17.3.1 Safari/605.1.15"
185.130.44.88 - - [25/Nov/2024:08:05:10 +0100] "GET /pinfo.php HTTP/1.1" 404 290 "-" "Mozilla/5.0 (X11; Linux x86_64) AppleWebKit/537.36 (KHTML, like Gecko) Chrome/114.0.0.0 Safari/537.36"
185.130.44.88 - - [25/Nov/2024:08:05:10 +0100] "GET /info.php HTTP/1.1" 404 290 "-" "Mozilla/5.0 (Windows NT 10.0; rv:125.0) Gecko/20100101 Firefox/125.0"
185.130.44.88 - - [25/Nov/2024:08:05:11 +0100] "GET /php.php HTTP/1.1" 404 288 "-" "Mozilla/5.0 (Fedora; Linux i686; rv:123.0) Gecko/20100101 Firefox/123.0"
185.130.44.88 - - [25/Nov/2024:08:05:12 +0100] "GET /?phpinfo=1 HTTP/1.1" 200 274 "-" "Mozilla/5.0 (Windows NT 6.3; Win64; x64; rv:83.0) Gecko/20100101 Firefox/83.0"
156.59.198.136 - - [25/Nov/2024:08:08:15 +0100] "GET /renault.2web.at/htdocs/binaries/10197031.doc HTTP/1.0" 404 307 "-" "Mozilla/5.0 (Linux; Android 5.0) AppleWebKit/537.36 (KHTML, like Gecko) Mobile Safari/537.36 (compatible; Bytespider; spider-feedback@bytedance.com)"
46.174.191.31 - - [25/Nov/2024:08:10:43 +0100] "GET / HTTP/1.0" 200 423 "-" "Mozilla/5.0 (Windows NT 6.1; WOW64; Trident/7.0; AS; rv:11.0) like Gecko"
156.59.198.136 - - [25/Nov/2024:08:12:15 +0100] "GET /ed-test.2web.at/stats/lang/awstats-hu.txt HTTP/1.0" 404 302 "-" "Mozilla/5.0 (Linux; Android 5.0) AppleWebKit/537.36 (KHTML, like Gecko) Mobile Safari/537.36 (compatible; Bytespider; spider-feedback@bytedance.com)"
156.59.198.135 - - [25/Nov/2024:08:16:15 +0100] "GET /renault.activities.at/htdocs/pinEdit/editor/config/security.xml HTTP/1.0" 404 319 "-" "Mozilla/5.0 (Linux; Android 5.0) AppleWebKit/537.36 (KHTML, like Gecko) Mobile Safari/537.36 (compatible; Bytespider; spider-feedback@bytedance.com)"
156.59.198.136 - - [25/Nov/2024:08:20:16 +0100] "GET /renault.activities.at/htdocs/pinEdit/editor/help/userhelp-Dateien/image115.jpg HTTP/1.0" 404 327 "-" "Mozilla/5.0 (Linux; Android 5.0) AppleWebKit/537.36 (KHTML, like Gecko) Mobile Safari/537.36 (compatible; Bytespider; spider-feedback@bytedance.com)"
179.43.191.98 - - [25/Nov/2024:08:23:10 +0100] "GET / HTTP/1.1" 200 423 "-" "-"
156.59.198.136 - - [25/Nov/2024:08:24:16 +0100] "GET /renault.activities.at/htdocs/binaries/10277440.pdf HTTP/1.0" 404 311 "-" "Mozilla/5.0 (Linux; Android 5.0) AppleWebKit/537.36 (KHTML, like Gecko) Mobile Safari/537.36 (compatible; Bytespider; spider-feedback@bytedance.com)"
178.115.42.220 - - [25/Nov/2024:08:32:52 +0100] "GET /layout.php HTTP/1.1" 200 815 "-" "Mozilla/5.0 (Windows NT 10.0; Win64; x64; rv:132.0) Gecko/20100101 Firefox/132.0"
178.115.42.220 - - [25/Nov/2024:08:32:52 +0100] "GET /gui/javascript/form_form.js HTTP/1.1" 200 16206 "http://hausegger.activities.at/layout.php" "Mozilla/5.0 (Windows NT 10.0; Win64; x64; rv:132.0) Gecko/20100101 Firefox/132.0"
178.115.42.220 - - [25/Nov/2024:08:32:52 +0100] "GET /entry.php?id=10273 HTTP/1.1" 200 1902 "http://hausegger.activities.at/layout.php" "Mozilla/5.0 (Windows NT 10.0; Win64; x64; rv:132.0) Gecko/20100101 Firefox/132.0"
178.115.42.220 - - [25/Nov/2024:08:32:52 +0100] "GET /entry.php?id=11412 HTTP/1.1" 200 1760 "http://hausegger.activities.at/layout.php" "Mozilla/5.0 (Windows NT 10.0; Win64; x64; rv:132.0) Gecko/20100101 Firefox/132.0"
178.115.42.220 - - [25/Nov/2024:08:32:52 +0100] "GET /entry.php?id=10270 HTTP/1.1" 200 908 "http://hausegger.activities.at/layout.php" "Mozilla/5.0 (Windows NT 10.0; Win64; x64; rv:132.0) Gecko/20100101 Firefox/132.0"
178.115.42.220 - - [25/Nov/2024:08:32:52 +0100] "GET /entry.php?id=10272 HTTP/1.1" 200 1159 "http://hausegger.activities.at/layout.php" "Mozilla/5.0 (Windows NT 10.0; Win64; x64; rv:132.0) Gecko/20100101 Firefox/132.0"
178.115.42.220 - - [25/Nov/2024:08:32:52 +0100] "GET /gui/javascript/jquery/css/gui-themes/jquery.tooltip.css HTTP/1.1" 200 246 "http://hausegger.activities.at/entry.php?id=10273" "Mozilla/5.0 (Windows NT 10.0; Win64; x64; rv:132.0) Gecko/20100101 Firefox/132.0"
178.115.42.220 - - [25/Nov/2024:08:32:52 +0100] "GET /gui/javascript/jquery/css/gui-themes/ui.spinner.css HTTP/1.1" 200 350 "http://hausegger.activities.at/entry.php?id=10273" "Mozilla/5.0 (Windows NT 10.0; Win64; x64; rv:132.0) Gecko/20100101 Firefox/132.0"
178.115.42.220 - - [25/Nov/2024:08:32:52 +0100] "GET /gui/javascript/jquery/css/gui-themes/custom.min.css HTTP/1.1" 200 5618 "http://hausegger.activities.at/entry.php?id=10273" "Mozilla/5.0 (Windows NT 10.0; Win64; x64; rv:132.0) Gecko/20100101 Firefox/132.0"
178.115.42.220 - - [25/Nov/2024:08:32:52 +0100] "GET /gui/javascript/form_form.js?1732519972 HTTP/1.1" 200 16206 "http://hausegger.activities.at/entry.php?id=10273" "Mozilla/5.0 (Windows NT 10.0; Win64; x64; rv:132.0) Gecko/20100101 Firefox/132.0"
178.115.42.220 - - [25/Nov/2024:08:32:52 +0100] "GET /gui/styles/tmplDefault.css HTTP/1.1" 200 2135 "http://hausegger.activities.at/entry.php?id=11412" "Mozilla/5.0 (Windows NT 10.0; Win64; x64; rv:132.0) Gecko/20100101 Firefox/132.0"
178.115.42.220 - - [25/Nov/2024:08:32:52 +0100] "GET /gui/javascript/form_form.js?1732519972 HTTP/1.1" 200 16206 "http://hausegger.activities.at/entry.php?id=10270" "Mozilla/5.0 (Windows NT 10.0; Win64; x64; rv:132.0) Gecko/20100101 Firefox/132.0"
178.115.42.220 - - [25/Nov/2024:08:32:52 +0100] "GET /gui/javascript/form_form.js?1732519972 HTTP/1.1" 200 16206 "http://hausegger.activities.at/entry.php?id=11412" "Mozilla/5.0 (Windows NT 10.0; Win64; x64; rv:132.0) Gecko/20100101 Firefox/132.0"
178.115.42.220 - - [25/Nov/2024:08:32:52 +0100] "GET /gui/javascript/form_form.js?1732519972 HTTP/1.1" 200 16206 "http://hausegger.activities.at/entry.php?id=10272" "Mozilla/5.0 (Windows NT 10.0; Win64; x64; rv:132.0) Gecko/20100101 Firefox/132.0"
178.115.42.220 - - [25/Nov/2024:08:32:52 +0100] "GET /entry.php?id=10287 HTTP/1.1" 200 2420 "http://hausegger.activities.at/entry.php?id=11412" "Mozilla/5.0 (Windows NT 10.0; Win64; x64; rv:132.0) Gecko/20100101 Firefox/132.0"
178.115.42.220 - - [25/Nov/2024:08:32:53 +0100] "GET /gui/images/emptybar.gif HTTP/1.1" 200 89 "http://hausegger.activities.at/entry.php?id=10272" "Mozilla/5.0 (Windows NT 10.0; Win64; x64; rv:132.0) Gecko/20100101 Firefox/132.0"
178.115.42.220 - - [25/Nov/2024:08:32:53 +0100] "GET /entry.php?id=10271& HTTP/1.1" 200 934 "http://hausegger.activities.at/entry.php?id=10272" "Mozilla/5.0 (Windows NT 10.0; Win64; x64; rv:132.0) Gecko/20100101 Firefox/132.0"
178.115.42.220 - - [25/Nov/2024:08:32:53 +0100] "GET /gui/javascript/form_form.js?1732519973 HTTP/1.1" 200 16206 "http://hausegger.activities.at/entry.php?id=10287" "Mozilla/5.0 (Windows NT 10.0; Win64; x64; rv:132.0) Gecko/20100101 Firefox/132.0"
178.115.42.220 - - [25/Nov/2024:08:32:53 +0100] "GET /entry.php?id=10270& HTTP/1.1" 200 908 "http://hausegger.activities.at/entry.php?id=10287" "Mozilla/5.0 (Windows NT 10.0; Win64; x64; rv:132.0) Gecko/20100101 Firefox/132.0"
178.115.42.220 - - [25/Nov/2024:08:32:53 +0100] "GET /entry.php?id=10273& HTTP/1.1" 200 1902 "http://hausegger.activities.at/entry.php?id=10287" "Mozilla/5.0 (Windows NT 10.0; Win64; x64; rv:132.0) Gecko/20100101 Firefox/132.0"
178.115.42.220 - - [25/Nov/2024:08:32:57 +0100] "POST /entry.php?id=10287& HTTP/1.1" 200 1967 "http://hausegger.activities.at/entry.php?id=10287" "Mozilla/5.0 (Windows NT 10.0; Win64; x64; rv:132.0) Gecko/20100101 Firefox/132.0"
178.115.42.220 - - [25/Nov/2024:08:34:01 +0100] "GET /gui/javascript/form_form.js?1732520041 HTTP/1.1" 200 16206 "http://hausegger.activities.at/entry.php?id=10287&" "Mozilla/5.0 (Windows NT 10.0; Win64; x64; rv:132.0) Gecko/20100101 Firefox/132.0"
178.115.42.220 - - [25/Nov/2024:08:34:01 +0100] "GET /entry.php?id=10273& HTTP/1.1" 200 2011 "http://hausegger.activities.at/entry.php?id=10287&" "Mozilla/5.0 (Windows NT 10.0; Win64; x64; rv:132.0) Gecko/20100101 Firefox/132.0"
178.115.42.220 - - [25/Nov/2024:08:34:01 +0100] "GET /framework/webfx/style/toolbar/images/cbback.gif HTTP/1.1" 404 318 "http://hausegger.activities.at/framework/webfx/style/toolbar/cb2.css" "Mozilla/5.0 (Windows NT 10.0; Win64; x64; rv:132.0) Gecko/20100101 Firefox/132.0"
178.115.42.220 - - [25/Nov/2024:08:34:01 +0100] "GET /entry.php?id=10270&__app__=10006038 HTTP/1.1" 200 2230 "http://hausegger.activities.at/entry.php?id=10273&" "Mozilla/5.0 (Windows NT 10.0; Win64; x64; rv:132.0) Gecko/20100101 Firefox/132.0"
178.115.42.220 - - [25/Nov/2024:08:34:01 +0100] "GET /entry.php?id=10271& HTTP/1.1" 200 986 "http://hausegger.activities.at/entry.php?id=10272" "Mozilla/5.0 (Windows NT 10.0; Win64; x64; rv:132.0) Gecko/20100101 Firefox/132.0"
178.115.42.220 - - [25/Nov/2024:08:34:01 +0100] "GET /undefined HTTP/1.1" 404 289 "http://hausegger.activities.at/entry.php?id=10270&__app__=10006038" "Mozilla/5.0 (Windows NT 10.0; Win64; x64; rv:132.0) Gecko/20100101 Firefox/132.0"
178.115.42.220 - - [25/Nov/2024:08:34:16 +0100] "GET /entry.php?id=10828 HTTP/1.1" 200 9141 "http://hausegger.activities.at/entry.php?id=10270&__app__=10006038" "Mozilla/5.0 (Windows NT 10.0; Win64; x64; rv:132.0) Gecko/20100101 Firefox/132.0"
178.115.42.220 - - [25/Nov/2024:08:34:17 +0100] "GET /gui/javascript/form_form.js?1732520057 HTTP/1.1" 200 16206 "http://hausegger.activities.at/entry.php?id=10828" "Mozilla/5.0 (Windows NT 10.0; Win64; x64; rv:132.0) Gecko/20100101 Firefox/132.0"
178.115.42.220 - - [25/Nov/2024:08:34:17 +0100] "GET /entry.php?id=10889&document_id=& HTTP/1.1" 200 1508 "http://hausegger.activities.at/entry.php?id=10828" "Mozilla/5.0 (Windows NT 10.0; Win64; x64; rv:132.0) Gecko/20100101 Firefox/132.0"
178.115.42.220 - - [25/Nov/2024:08:34:19 +0100] "POST /entry.php?id=10828 HTTP/1.1" 200 9330 "http://hausegger.activities.at/entry.php?id=10828" "Mozilla/5.0 (Windows NT 10.0; Win64; x64; rv:132.0) Gecko/20100101 Firefox/132.0"
178.115.42.220 - - [25/Nov/2024:08:34:19 +0100] "GET /gui/javascript/form_form.js?1732520059 HTTP/1.1" 200 16206 "http://hausegger.activities.at/entry.php?id=10828" "Mozilla/5.0 (Windows NT 10.0; Win64; x64; rv:132.0) Gecko/20100101 Firefox/132.0"
178.115.42.220 - - [25/Nov/2024:08:34:19 +0100] "GET /entry.php?id=10889&document_id=& HTTP/1.1" 200 1508 "http://hausegger.activities.at/entry.php?id=10828" "Mozilla/5.0 (Windows NT 10.0; Win64; x64; rv:132.0) Gecko/20100101 Firefox/132.0"
178.115.42.220 - - [25/Nov/2024:08:34:27 +0100] "GET /entry.php?id=10877&mode=loadSearchCustomer&obj=number&tag=debitor&value=F&ser=1732514813983 HTTP/1.1" 200 325 "http://hausegger.activities.at/entry.php?id=10828" "Mozilla/5.0 (Windows NT 10.0; Win64; x64; rv:132.0) Gecko/20100101 Firefox/132.0"
178.115.42.220 - - [25/Nov/2024:08:34:27 +0100] "GET /entry.php?id=10877&mode=loadSearchCustomer&obj=number&tag=debitor&value=F.&ser=1732514814200 HTTP/1.1" 200 175 "http://hausegger.activities.at/entry.php?id=10828" "Mozilla/5.0 (Windows NT 10.0; Win64; x64; rv:132.0) Gecko/20100101 Firefox/132.0"
178.115.42.220 - - [25/Nov/2024:08:34:30 +0100] "POST /entry.php?id=10889 HTTP/1.1" 200 1758 "http://hausegger.activities.at/entry.php?id=10889&document_id=&" "Mozilla/5.0 (Windows NT 10.0; Win64; x64; rv:132.0) Gecko/20100101 Firefox/132.0"
178.115.42.220 - - [25/Nov/2024:08:34:31 +0100] "GET /gui/javascript/form_form.js?1732520070 HTTP/1.1" 200 16206 "http://hausegger.activities.at/entry.php?id=10889" "Mozilla/5.0 (Windows NT 10.0; Win64; x64; rv:132.0) Gecko/20100101 Firefox/132.0"
178.115.42.220 - - [25/Nov/2024:08:34:45 +0100] "POST /entry.php?id=10828 HTTP/1.1" 200 8732 "http://hausegger.activities.at/entry.php?id=10828" "Mozilla/5.0 (Windows NT 10.0; Win64; x64; rv:132.0) Gecko/20100101 Firefox/132.0"
178.115.42.220 - - [25/Nov/2024:08:34:45 +0100] "GET /gui/javascript/form_form.js?1732520085 HTTP/1.1" 200 16206 "http://hausegger.activities.at/entry.php?id=10828" "Mozilla/5.0 (Windows NT 10.0; Win64; x64; rv:132.0) Gecko/20100101 Firefox/132.0"
178.115.42.220 - - [25/Nov/2024:08:34:45 +0100] "GET /entry.php?id=10889&document_id=10344852& HTTP/1.1" 200 1508 "http://hausegger.activities.at/entry.php?id=10828" "Mozilla/5.0 (Windows NT 10.0; Win64; x64; rv:132.0) Gecko/20100101 Firefox/132.0"
178.115.42.220 - - [25/Nov/2024:08:34:46 +0100] "GET /gui/javascript/form_form.js?1732520086 HTTP/1.1" 200 16206 "http://hausegger.activities.at/entry.php?id=10889&document_id=10344852&" "Mozilla/5.0 (Windows NT 10.0; Win64; x64; rv:132.0) Gecko/20100101 Firefox/132.0"
178.115.42.220 - - [25/Nov/2024:08:34:48 +0100] "POST /entry.php?id=10828 HTTP/1.1" 200 4991 "http://hausegger.activities.at/entry.php?id=10828" "Mozilla/5.0 (Windows NT 10.0; Win64; x64; rv:132.0) Gecko/20100101 Firefox/132.0"
178.115.42.220 - - [25/Nov/2024:08:34:48 +0100] "GET /gui/javascript/form_form.js?1732520088 HTTP/1.1" 200 16206 "http://hausegger.activities.at/entry.php?id=10828" "Mozilla/5.0 (Windows NT 10.0; Win64; x64; rv:132.0) Gecko/20100101 Firefox/132.0"
178.115.42.220 - - [25/Nov/2024:08:34:48 +0100] "GET /entry.php?id=10889&document_id=10344852& HTTP/1.1" 200 1508 "http://hausegger.activities.at/entry.php?id=10828" "Mozilla/5.0 (Windows NT 10.0; Win64; x64; rv:132.0) Gecko/20100101 Firefox/132.0"
178.115.42.220 - - [25/Nov/2024:08:34:54 +0100] "POST /entry.php?id=10828 HTTP/1.1" 200 5017 "http://hausegger.activities.at/entry.php?id=10828" "Mozilla/5.0 (Windows NT 10.0; Win64; x64; rv:132.0) Gecko/20100101 Firefox/132.0"
178.115.42.220 - - [25/Nov/2024:08:34:54 +0100] "GET /gui/javascript/form_form.js?1732520094 HTTP/1.1" 200 16206 "http://hausegger.activities.at/entry.php?id=10828" "Mozilla/5.0 (Windows NT 10.0; Win64; x64; rv:132.0) Gecko/20100101 Firefox/132.0"
178.115.42.220 - - [25/Nov/2024:08:34:54 +0100] "GET /entry.php?id=10889&document_id=10344852& HTTP/1.1" 200 1509 "http://hausegger.activities.at/entry.php?id=10828" "Mozilla/5.0 (Windows NT 10.0; Win64; x64; rv:132.0) Gecko/20100101 Firefox/132.0"
178.115.42.220 - - [25/Nov/2024:08:34:56 +0100] "POST /entry.php?id=10828 HTTP/1.1" 200 4791 "http://hausegger.activities.at/entry.php?id=10828" "Mozilla/5.0 (Windows NT 10.0; Win64; x64; rv:132.0) Gecko/20100101 Firefox/132.0"
178.115.42.220 - - [25/Nov/2024:08:34:56 +0100] "GET /gui/javascript/form_form.js?1732520096 HTTP/1.1" 200 16206 "http://hausegger.activities.at/entry.php?id=10828" "Mozilla/5.0 (Windows NT 10.0; Win64; x64; rv:132.0) Gecko/20100101 Firefox/132.0"
178.115.42.220 - - [25/Nov/2024:08:34:56 +0100] "GET /entry.php?id=10830&&object=10344852&account=&mode=documentdebitor HTTP/1.1" 200 3130 "http://hausegger.activities.at/entry.php?id=10828" "Mozilla/5.0 (Windows NT 10.0; Win64; x64; rv:132.0) Gecko/20100101 Firefox/132.0"
178.115.42.220 - - [25/Nov/2024:08:34:56 +0100] "GET /entry.php?id=10889&document_id=10344852& HTTP/1.1" 200 1508 "http://hausegger.activities.at/entry.php?id=10828" "Mozilla/5.0 (Windows NT 10.0; Win64; x64; rv:132.0) Gecko/20100101 Firefox/132.0"
178.115.42.220 - - [25/Nov/2024:08:34:57 +0100] "POST /entry.php?id=10889 HTTP/1.1" 200 1581 "http://hausegger.activities.at/entry.php?id=10889&document_id=10344852&" "Mozilla/5.0 (Windows NT 10.0; Win64; x64; rv:132.0) Gecko/20100101 Firefox/132.0"
178.115.42.220 - - [25/Nov/2024:08:34:58 +0100] "GET /gui/javascript/form_form.js?1732520097 HTTP/1.1" 200 16206 "http://hausegger.activities.at/entry.php?id=10889" "Mozilla/5.0 (Windows NT 10.0; Win64; x64; rv:132.0) Gecko/20100101 Firefox/132.0"
178.115.42.220 - - [25/Nov/2024:08:35:02 +0100] "GET /entry.php?id=10271&&ser=520041 HTTP/1.1" 200 986 "http://hausegger.activities.at/entry.php?id=10271&" "Mozilla/5.0 (Windows NT 10.0; Win64; x64; rv:132.0) Gecko/20100101 Firefox/132.0"
178.115.42.220 - - [25/Nov/2024:08:35:02 +0100] "GET /gui/javascript/form_form.js?1732520102 HTTP/1.1" 200 16206 "http://hausegger.activities.at/entry.php?id=10271&&ser=520041" "Mozilla/5.0 (Windows NT 10.0; Win64; x64; rv:132.0) Gecko/20100101 Firefox/132.0"
178.115.42.220 - - [25/Nov/2024:08:35:16 +0100] "GET /entry.php?id=10877&mode=loadSearchArticle&obj=article_1&tag=debit&refobject=10344852&value=1&ser=1732514862975 HTTP/1.1" 200 38345 "http://hausegger.activities.at/entry.php?id=10830&&object=10344852&account=&mode=documentdebitor" "Mozilla/5.0 (Windows NT 10.0; Win64; x64; rv:132.0) Gecko/20100101 Firefox/132.0"
178.115.42.220 - - [25/Nov/2024:08:35:16 +0100] "GET /entry.php?id=10877&mode=loadSearchArticle&obj=article_1&tag=debit&refobject=10344852&value=16&ser=1732514863208 HTTP/1.1" 200 4217 "http://hausegger.activities.at/entry.php?id=10830&&object=10344852&account=&mode=documentdebitor" "Mozilla/5.0 (Windows NT 10.0; Win64; x64; rv:132.0) Gecko/20100101 Firefox/132.0"
178.115.42.220 - - [25/Nov/2024:08:35:16 +0100] "GET /entry.php?id=10877&mode=loadSearchArticle&obj=article_1&tag=debit&refobject=10344852&value=160&ser=1732514863311 HTTP/1.1" 200 1861 "http://hausegger.activities.at/entry.php?id=10830&&object=10344852&account=&mode=documentdebitor" "Mozilla/5.0 (Windows NT 10.0; Win64; x64; rv:132.0) Gecko/20100101 Firefox/132.0"
178.115.42.220 - - [25/Nov/2024:08:35:16 +0100] "GET /entry.php?id=10877&mode=loadSearchArticle&obj=article_1&tag=debit&refobject=10344852&value=1601&ser=1732514863535 HTTP/1.1" 200 1400 "http://hausegger.activities.at/entry.php?id=10830&&object=10344852&account=&mode=documentdebitor" "Mozilla/5.0 (Windows NT 10.0; Win64; x64; rv:132.0) Gecko/20100101 Firefox/132.0"
178.115.42.220 - - [25/Nov/2024:08:35:18 +0100] "GET /entry.php?id=10877&mode=loadSearchArticle&obj=article_1&tag=debit&refobject=10344852&value=16016&ser=1732514864688 HTTP/1.1" 200 1288 "http://hausegger.activities.at/entry.php?id=10830&&object=10344852&account=&mode=documentdebitor" "Mozilla/5.0 (Windows NT 10.0; Win64; x64; rv:132.0) Gecko/20100101 Firefox/132.0"
178.115.42.220 - - [25/Nov/2024:08:35:18 +0100] "GET /entry.php?id=10877&mode=loadSearchArticle&obj=article_1&tag=debit&refobject=10344852&value=160160&ser=1732514864823 HTTP/1.1" 200 1288 "http://hausegger.activities.at/entry.php?id=10830&&object=10344852&account=&mode=documentdebitor" "Mozilla/5.0 (Windows NT 10.0; Win64; x64; rv:132.0) Gecko/20100101 Firefox/132.0"
178.115.42.220 - - [25/Nov/2024:08:35:20 +0100] "GET /entry.php?id=10877&mode=loadSearchArticle&obj=article_1&tag=debit&refobject=10344852&value=1601601&ser=1732514867551 HTTP/1.1" 200 795 "http://hausegger.activities.at/entry.php?id=10830&&object=10344852&account=&mode=documentdebitor" "Mozilla/5.0 (Windows NT 10.0; Win64; x64; rv:132.0) Gecko/20100101 Firefox/132.0"
178.115.42.220 - - [25/Nov/2024:08:35:21 +0100] "GET /entry.php?id=10877&mode=loadSearchArticle&obj=article_1&tag=debit&refobject=10344852&value=16016013&ser=1732514867728 HTTP/1.1" 200 417 "http://hausegger.activities.at/entry.php?id=10830&&object=10344852&account=&mode=documentdebitor" "Mozilla/5.0 (Windows NT 10.0; Win64; x64; rv:132.0) Gecko/20100101 Firefox/132.0"
178.115.42.220 - - [25/Nov/2024:08:35:21 +0100] "GET /entry.php?id=10877&mode=loadSearchArticle&obj=article_1&tag=debit&refobject=10344852&value=160160139&ser=1732514867927 HTTP/1.1" 200 262 "http://hausegger.activities.at/entry.php?id=10830&&object=10344852&account=&mode=documentdebitor" "Mozilla/5.0 (Windows NT 10.0; Win64; x64; rv:132.0) Gecko/20100101 Firefox/132.0"
178.115.42.220 - - [25/Nov/2024:08:35:23 +0100] "POST /entry.php?id=10889 HTTP/1.1" 200 1909 "http://hausegger.activities.at/entry.php?id=10889" "Mozilla/5.0 (Windows NT 10.0; Win64; x64; rv:132.0) Gecko/20100101 Firefox/132.0"
178.115.42.220 - - [25/Nov/2024:08:35:23 +0100] "GET /gui/javascript/form_form.js?1732520123 HTTP/1.1" 200 16206 "http://hausegger.activities.at/entry.php?id=10889" "Mozilla/5.0 (Windows NT 10.0; Win64; x64; rv:132.0) Gecko/20100101 Firefox/132.0"
178.115.42.220 - - [25/Nov/2024:08:35:23 +0100] "POST /entry.php?id=10889 HTTP/1.1" 200 1679 "http://hausegger.activities.at/entry.php?id=10889" "Mozilla/5.0 (Windows NT 10.0; Win64; x64; rv:132.0) Gecko/20100101 Firefox/132.0"
178.115.42.220 - - [25/Nov/2024:08:35:24 +0100] "GET /gui/javascript/form_form.js?1732520124 HTTP/1.1" 200 16206 "http://hausegger.activities.at/entry.php?id=10889" "Mozilla/5.0 (Windows NT 10.0; Win64; x64; rv:132.0) Gecko/20100101 Firefox/132.0"
178.115.42.220 - - [25/Nov/2024:08:35:29 +0100] "GET /entry.php?id=11270&document=10344852 HTTP/1.1" 200 1974 "http://hausegger.activities.at/entry.php?id=10828" "Mozilla/5.0 (Windows NT 10.0; Win64; x64; rv:132.0) Gecko/20100101 Firefox/132.0"
178.115.42.220 - - [25/Nov/2024:08:35:29 +0100] "GET /gui/javascript/form_bu_document.js?1732520129 HTTP/1.1" 200 2675 "http://hausegger.activities.at/entry.php?id=11270&document=10344852" "Mozilla/5.0 (Windows NT 10.0; Win64; x64; rv:132.0) Gecko/20100101 Firefox/132.0"
178.115.42.220 - - [25/Nov/2024:08:35:29 +0100] "GET /gui/javascript/form_form.js?1732520129 HTTP/1.1" 200 16206 "http://hausegger.activities.at/entry.php?id=11270&document=10344852" "Mozilla/5.0 (Windows NT 10.0; Win64; x64; rv:132.0) Gecko/20100101 Firefox/132.0"
178.115.42.220 - - [25/Nov/2024:08:35:29 +0100] "GET /entry.php?id=11241&images=false&document=10344852 HTTP/1.1" 200 2220 "http://hausegger.activities.at/entry.php?id=11270&document=10344852" "Mozilla/5.0 (Windows NT 10.0; Win64; x64; rv:132.0) Gecko/20100101 Firefox/132.0"
