178.115.42.220 - - [26/Nov/2024:17:12:44 +0100] "POST /entry.php?id=10889 HTTP/1.1" 200 1937 "http://hausegger.activities.at/entry.php?id=10889" "Mozilla/5.0 (Windows NT 10.0; Win64; x64; rv:132.0) Gecko/20100101 Firefox/132.0"
178.115.42.220 - - [26/Nov/2024:17:12:44 +0100] "GET /gui/javascript/form_form.js?1732637564 HTTP/1.1" 200 16206 "http://hausegger.activities.at/entry.php?id=10889" "Mozilla/5.0 (Windows NT 10.0; Win64; x64; rv:132.0) Gecko/20100101 Firefox/132.0"
178.115.42.220 - - [26/Nov/2024:17:12:44 +0100] "POST /entry.php?id=10889 HTTP/1.1" 200 1724 "http://hausegger.activities.at/entry.php?id=10889" "Mozilla/5.0 (Windows NT 10.0; Win64; x64; rv:132.0) Gecko/20100101 Firefox/132.0"
178.115.42.220 - - [26/Nov/2024:17:12:45 +0100] "GET /gui/javascript/form_form.js?1732637565 HTTP/1.1" 200 16206 "http://hausegger.activities.at/entry.php?id=10889" "Mozilla/5.0 (Windows NT 10.0; Win64; x64; rv:132.0) Gecko/20100101 Firefox/132.0"
178.115.42.220 - - [26/Nov/2024:17:12:46 +0100] "POST /entry.php?id=10889 HTTP/1.1" 200 1831 "http://hausegger.activities.at/entry.php?id=10889" "Mozilla/5.0 (Windows NT 10.0; Win64; x64; rv:132.0) Gecko/20100101 Firefox/132.0"
178.115.42.220 - - [26/Nov/2024:17:12:46 +0100] "GET /gui/javascript/form_form.js?1732637566 HTTP/1.1" 200 16206 "http://hausegger.activities.at/entry.php?id=10889" "Mozilla/5.0 (Windows NT 10.0; Win64; x64; rv:132.0) Gecko/20100101 Firefox/132.0"
178.115.42.220 - - [26/Nov/2024:17:13:04 +0100] "POST /entry.php?id=10889 HTTP/1.1" 200 1831 "http://hausegger.activities.at/entry.php?id=10889" "Mozilla/5.0 (Windows NT 10.0; Win64; x64; rv:132.0) Gecko/20100101 Firefox/132.0"
178.115.42.220 - - [26/Nov/2024:17:13:05 +0100] "GET /gui/javascript/form_form.js?1732637585 HTTP/1.1" 200 16206 "http://hausegger.activities.at/entry.php?id=10889" "Mozilla/5.0 (Windows NT 10.0; Win64; x64; rv:132.0) Gecko/20100101 Firefox/132.0"
178.115.42.220 - - [26/Nov/2024:17:13:30 +0100] "GET /entry.php?id=10271&&ser=637550 HTTP/1.1" 200 987 "http://hausegger.activities.at/entry.php?id=10271&&ser=637490" "Mozilla/5.0 (Windows NT 10.0; Win64; x64; rv:132.0) Gecko/20100101 Firefox/132.0"
178.115.42.220 - - [26/Nov/2024:17:13:30 +0100] "GET /gui/javascript/form_form.js?1732637610 HTTP/1.1" 200 16206 "http://hausegger.activities.at/entry.php?id=10271&&ser=637550" "Mozilla/5.0 (Windows NT 10.0; Win64; x64; rv:132.0) Gecko/20100101 Firefox/132.0"
178.115.42.220 - - [26/Nov/2024:17:14:30 +0100] "GET /entry.php?id=10271&&ser=637610 HTTP/1.1" 200 987 "http://hausegger.activities.at/entry.php?id=10271&&ser=637550" "Mozilla/5.0 (Windows NT 10.0; Win64; x64; rv:132.0) Gecko/20100101 Firefox/132.0"
178.115.42.220 - - [26/Nov/2024:17:14:31 +0100] "GET /gui/javascript/form_form.js?1732637670 HTTP/1.1" 200 16206 "http://hausegger.activities.at/entry.php?id=10271&&ser=637610" "Mozilla/5.0 (Windows NT 10.0; Win64; x64; rv:132.0) Gecko/20100101 Firefox/132.0"
178.115.42.220 - - [26/Nov/2024:17:15:31 +0100] "GET /entry.php?id=10271&&ser=637670 HTTP/1.1" 200 987 "http://hausegger.activities.at/entry.php?id=10271&&ser=637610" "Mozilla/5.0 (Windows NT 10.0; Win64; x64; rv:132.0) Gecko/20100101 Firefox/132.0"
178.115.42.220 - - [26/Nov/2024:17:15:31 +0100] "GET /gui/javascript/form_form.js?1732637731 HTTP/1.1" 200 16206 "http://hausegger.activities.at/entry.php?id=10271&&ser=637670" "Mozilla/5.0 (Windows NT 10.0; Win64; x64; rv:132.0) Gecko/20100101 Firefox/132.0"
178.115.42.220 - - [26/Nov/2024:17:16:31 +0100] "GET /entry.php?id=10271&&ser=637731 HTTP/1.1" 200 987 "http://hausegger.activities.at/entry.php?id=10271&&ser=637670" "Mozilla/5.0 (Windows NT 10.0; Win64; x64; rv:132.0) Gecko/20100101 Firefox/132.0"
178.115.42.220 - - [26/Nov/2024:17:16:31 +0100] "GET /gui/javascript/form_form.js?1732637791 HTTP/1.1" 200 16206 "http://hausegger.activities.at/entry.php?id=10271&&ser=637731" "Mozilla/5.0 (Windows NT 10.0; Win64; x64; rv:132.0) Gecko/20100101 Firefox/132.0"
178.115.42.220 - - [26/Nov/2024:17:17:31 +0100] "GET /entry.php?id=10271&&ser=637791 HTTP/1.1" 200 987 "http://hausegger.activities.at/entry.php?id=10271&&ser=637731" "Mozilla/5.0 (Windows NT 10.0; Win64; x64; rv:132.0) Gecko/20100101 Firefox/132.0"
178.115.42.220 - - [26/Nov/2024:17:17:31 +0100] "GET /gui/javascript/form_form.js?1732637851 HTTP/1.1" 200 16206 "http://hausegger.activities.at/entry.php?id=10271&&ser=637791" "Mozilla/5.0 (Windows NT 10.0; Win64; x64; rv:132.0) Gecko/20100101 Firefox/132.0"
178.115.42.220 - - [26/Nov/2024:17:18:31 +0100] "GET /entry.php?id=10271&&ser=637851 HTTP/1.1" 200 987 "http://hausegger.activities.at/entry.php?id=10271&&ser=637791" "Mozilla/5.0 (Windows NT 10.0; Win64; x64; rv:132.0) Gecko/20100101 Firefox/132.0"
178.115.42.220 - - [26/Nov/2024:17:18:32 +0100] "GET /gui/javascript/form_form.js?1732637912 HTTP/1.1" 200 16206 "http://hausegger.activities.at/entry.php?id=10271&&ser=637851" "Mozilla/5.0 (Windows NT 10.0; Win64; x64; rv:132.0) Gecko/20100101 Firefox/132.0"
178.115.42.220 - - [26/Nov/2024:17:19:32 +0100] "GET /entry.php?id=10271&&ser=637912 HTTP/1.1" 200 987 "http://hausegger.activities.at/entry.php?id=10271&&ser=637851" "Mozilla/5.0 (Windows NT 10.0; Win64; x64; rv:132.0) Gecko/20100101 Firefox/132.0"
178.115.42.220 - - [26/Nov/2024:17:19:32 +0100] "GET /gui/javascript/form_form.js?1732637972 HTTP/1.1" 200 16206 "http://hausegger.activities.at/entry.php?id=10271&&ser=637912" "Mozilla/5.0 (Windows NT 10.0; Win64; x64; rv:132.0) Gecko/20100101 Firefox/132.0"
178.115.42.220 - - [26/Nov/2024:17:20:32 +0100] "GET /entry.php?id=10271&&ser=637972 HTTP/1.1" 200 987 "http://hausegger.activities.at/entry.php?id=10271&&ser=637912" "Mozilla/5.0 (Windows NT 10.0; Win64; x64; rv:132.0) Gecko/20100101 Firefox/132.0"
178.115.42.220 - - [26/Nov/2024:17:20:32 +0100] "GET /gui/javascript/form_form.js?1732638032 HTTP/1.1" 200 16206 "http://hausegger.activities.at/entry.php?id=10271&&ser=637972" "Mozilla/5.0 (Windows NT 10.0; Win64; x64; rv:132.0) Gecko/20100101 Firefox/132.0"
178.115.42.220 - - [26/Nov/2024:17:21:32 +0100] "GET /entry.php?id=10271&&ser=638032 HTTP/1.1" 200 987 "http://hausegger.activities.at/entry.php?id=10271&&ser=637972" "Mozilla/5.0 (Windows NT 10.0; Win64; x64; rv:132.0) Gecko/20100101 Firefox/132.0"
178.115.42.220 - - [26/Nov/2024:17:21:33 +0100] "GET /gui/javascript/form_form.js?1732638092 HTTP/1.1" 200 16206 "http://hausegger.activities.at/entry.php?id=10271&&ser=638032" "Mozilla/5.0 (Windows NT 10.0; Win64; x64; rv:132.0) Gecko/20100101 Firefox/132.0"
178.115.42.220 - - [26/Nov/2024:17:22:33 +0100] "GET /entry.php?id=10271&&ser=638092 HTTP/1.1" 200 987 "http://hausegger.activities.at/entry.php?id=10271&&ser=638032" "Mozilla/5.0 (Windows NT 10.0; Win64; x64; rv:132.0) Gecko/20100101 Firefox/132.0"
178.115.42.220 - - [26/Nov/2024:17:22:33 +0100] "GET /gui/javascript/form_form.js?1732638153 HTTP/1.1" 200 16206 "http://hausegger.activities.at/entry.php?id=10271&&ser=638092" "Mozilla/5.0 (Windows NT 10.0; Win64; x64; rv:132.0) Gecko/20100101 Firefox/132.0"
178.115.42.220 - - [26/Nov/2024:17:23:33 +0100] "GET /entry.php?id=10271&&ser=638153 HTTP/1.1" 200 987 "http://hausegger.activities.at/entry.php?id=10271&&ser=638092" "Mozilla/5.0 (Windows NT 10.0; Win64; x64; rv:132.0) Gecko/20100101 Firefox/132.0"
178.115.42.220 - - [26/Nov/2024:17:23:33 +0100] "GET /gui/javascript/form_form.js?1732638213 HTTP/1.1" 200 16206 "http://hausegger.activities.at/entry.php?id=10271&&ser=638153" "Mozilla/5.0 (Windows NT 10.0; Win64; x64; rv:132.0) Gecko/20100101 Firefox/132.0"
178.115.42.220 - - [26/Nov/2024:17:24:33 +0100] "GET /entry.php?id=10271&&ser=638213 HTTP/1.1" 200 987 "http://hausegger.activities.at/entry.php?id=10271&&ser=638153" "Mozilla/5.0 (Windows NT 10.0; Win64; x64; rv:132.0) Gecko/20100101 Firefox/132.0"
178.115.42.220 - - [26/Nov/2024:17:24:33 +0100] "GET /gui/javascript/form_form.js?1732638273 HTTP/1.1" 200 16206 "http://hausegger.activities.at/entry.php?id=10271&&ser=638213" "Mozilla/5.0 (Windows NT 10.0; Win64; x64; rv:132.0) Gecko/20100101 Firefox/132.0"
178.115.42.220 - - [26/Nov/2024:17:25:34 +0100] "GET /entry.php?id=10271&&ser=638273 HTTP/1.1" 200 987 "http://hausegger.activities.at/entry.php?id=10271&&ser=638213" "Mozilla/5.0 (Windows NT 10.0; Win64; x64; rv:132.0) Gecko/20100101 Firefox/132.0"
178.115.42.220 - - [26/Nov/2024:17:25:34 +0100] "GET /gui/javascript/form_form.js?1732638334 HTTP/1.1" 200 16206 "http://hausegger.activities.at/entry.php?id=10271&&ser=638273" "Mozilla/5.0 (Windows NT 10.0; Win64; x64; rv:132.0) Gecko/20100101 Firefox/132.0"
178.115.42.220 - - [26/Nov/2024:17:26:34 +0100] "GET /entry.php?id=10271&&ser=638334 HTTP/1.1" 200 987 "http://hausegger.activities.at/entry.php?id=10271&&ser=638273" "Mozilla/5.0 (Windows NT 10.0; Win64; x64; rv:132.0) Gecko/20100101 Firefox/132.0"
178.115.42.220 - - [26/Nov/2024:17:26:34 +0100] "GET /gui/javascript/form_form.js?1732638394 HTTP/1.1" 200 16206 "http://hausegger.activities.at/entry.php?id=10271&&ser=638334" "Mozilla/5.0 (Windows NT 10.0; Win64; x64; rv:132.0) Gecko/20100101 Firefox/132.0"
178.115.42.220 - - [26/Nov/2024:17:27:08 +0100] "POST /entry.php?id=10889 HTTP/1.1" 200 1817 "http://hausegger.activities.at/entry.php?id=10889" "Mozilla/5.0 (Windows NT 10.0; Win64; x64; rv:132.0) Gecko/20100101 Firefox/132.0"
178.115.42.220 - - [26/Nov/2024:17:27:08 +0100] "GET /gui/javascript/form_form.js?1732638428 HTTP/1.1" 200 16206 "http://hausegger.activities.at/entry.php?id=10889" "Mozilla/5.0 (Windows NT 10.0; Win64; x64; rv:132.0) Gecko/20100101 Firefox/132.0"
178.115.42.220 - - [26/Nov/2024:17:27:13 +0100] "POST /entry.php?id=10889 HTTP/1.1" 200 1931 "http://hausegger.activities.at/entry.php?id=10889" "Mozilla/5.0 (Windows NT 10.0; Win64; x64; rv:132.0) Gecko/20100101 Firefox/132.0"
178.115.42.220 - - [26/Nov/2024:17:27:13 +0100] "GET /gui/javascript/form_form.js?1732638433 HTTP/1.1" 200 16206 "http://hausegger.activities.at/entry.php?id=10889" "Mozilla/5.0 (Windows NT 10.0; Win64; x64; rv:132.0) Gecko/20100101 Firefox/132.0"
178.115.42.220 - - [26/Nov/2024:17:27:16 +0100] "POST /entry.php?id=10889 HTTP/1.1" 200 1724 "http://hausegger.activities.at/entry.php?id=10889" "Mozilla/5.0 (Windows NT 10.0; Win64; x64; rv:132.0) Gecko/20100101 Firefox/132.0"
178.115.42.220 - - [26/Nov/2024:17:27:16 +0100] "GET /gui/javascript/form_form.js?1732638436 HTTP/1.1" 200 16206 "http://hausegger.activities.at/entry.php?id=10889" "Mozilla/5.0 (Windows NT 10.0; Win64; x64; rv:132.0) Gecko/20100101 Firefox/132.0"
178.115.42.220 - - [26/Nov/2024:17:27:22 +0100] "POST /entry.php?id=10889 HTTP/1.1" 200 1827 "http://hausegger.activities.at/entry.php?id=10889" "Mozilla/5.0 (Windows NT 10.0; Win64; x64; rv:132.0) Gecko/20100101 Firefox/132.0"
178.115.42.220 - - [26/Nov/2024:17:27:22 +0100] "GET /gui/javascript/form_form.js?1732638442 HTTP/1.1" 200 16206 "http://hausegger.activities.at/entry.php?id=10889" "Mozilla/5.0 (Windows NT 10.0; Win64; x64; rv:132.0) Gecko/20100101 Firefox/132.0"
178.115.42.220 - - [26/Nov/2024:17:27:23 +0100] "POST /entry.php?id=10889 HTTP/1.1" 200 1722 "http://hausegger.activities.at/entry.php?id=10889" "Mozilla/5.0 (Windows NT 10.0; Win64; x64; rv:132.0) Gecko/20100101 Firefox/132.0"
178.115.42.220 - - [26/Nov/2024:17:27:23 +0100] "GET /gui/javascript/form_form.js?1732638443 HTTP/1.1" 200 16206 "http://hausegger.activities.at/entry.php?id=10889" "Mozilla/5.0 (Windows NT 10.0; Win64; x64; rv:132.0) Gecko/20100101 Firefox/132.0"
109.194.243.115 - - [26/Nov/2024:17:27:27 +0100] "GET / HTTP/1.0" 200 423 "-" "Mozilla/5.0 (Windows NT 10.0; Win64; x64) AppleWebKit/537.36 (KHTML, like Gecko) Chrome/118.0.0.0 Safari/537.36"
178.115.42.220 - - [26/Nov/2024:17:27:28 +0100] "POST /entry.php?id=10889 HTTP/1.1" 200 1831 "http://hausegger.activities.at/entry.php?id=10889" "Mozilla/5.0 (Windows NT 10.0; Win64; x64; rv:132.0) Gecko/20100101 Firefox/132.0"
178.115.42.220 - - [26/Nov/2024:17:27:28 +0100] "GET /gui/javascript/form_form.js?1732638448 HTTP/1.1" 200 16206 "http://hausegger.activities.at/entry.php?id=10889" "Mozilla/5.0 (Windows NT 10.0; Win64; x64; rv:132.0) Gecko/20100101 Firefox/132.0"
178.115.42.220 - - [26/Nov/2024:17:27:31 +0100] "GET /entry.php?id=11270&document=10344959 HTTP/1.1" 200 1975 "http://hausegger.activities.at/entry.php?id=10828" "Mozilla/5.0 (Windows NT 10.0; Win64; x64; rv:132.0) Gecko/20100101 Firefox/132.0"
178.115.42.220 - - [26/Nov/2024:17:27:32 +0100] "GET /gui/javascript/form_bu_document.js?1732638451 HTTP/1.1" 200 2675 "http://hausegger.activities.at/entry.php?id=11270&document=10344959" "Mozilla/5.0 (Windows NT 10.0; Win64; x64; rv:132.0) Gecko/20100101 Firefox/132.0"
178.115.42.220 - - [26/Nov/2024:17:27:32 +0100] "GET /gui/javascript/form_form.js?1732638451 HTTP/1.1" 200 16206 "http://hausegger.activities.at/entry.php?id=11270&document=10344959" "Mozilla/5.0 (Windows NT 10.0; Win64; x64; rv:132.0) Gecko/20100101 Firefox/132.0"
178.115.42.220 - - [26/Nov/2024:17:27:32 +0100] "GET /entry.php?id=10877&mode=observePrint HTTP/1.1" 200 55 "http://hausegger.activities.at/entry.php?id=11270&document=10344959" "Mozilla/5.0 (Windows NT 10.0; Win64; x64; rv:132.0) Gecko/20100101 Firefox/132.0"
178.115.42.220 - - [26/Nov/2024:17:27:32 +0100] "GET /entry.php?id=11241&images=false&document=10344959 HTTP/1.1" 200 2310 "http://hausegger.activities.at/entry.php?id=11270&document=10344959" "Mozilla/5.0 (Windows NT 10.0; Win64; x64; rv:132.0) Gecko/20100101 Firefox/132.0"
178.115.42.220 - - [26/Nov/2024:17:27:32 +0100] "GET /binaries/10222042.jpg HTTP/1.1" 200 13888 "http://hausegger.activities.at/entry.php?id=11241&images=false&document=10344959" "Mozilla/5.0 (Windows NT 10.0; Win64; x64; rv:132.0) Gecko/20100101 Firefox/132.0"
178.115.42.220 - - [26/Nov/2024:17:27:34 +0100] "GET /entry.php?id=10271&&ser=638394 HTTP/1.1" 200 987 "http://hausegger.activities.at/entry.php?id=10271&&ser=638334" "Mozilla/5.0 (Windows NT 10.0; Win64; x64; rv:132.0) Gecko/20100101 Firefox/132.0"
178.115.42.220 - - [26/Nov/2024:17:27:34 +0100] "GET /gui/javascript/form_form.js?1732638454 HTTP/1.1" 200 16206 "http://hausegger.activities.at/entry.php?id=10271&&ser=638394" "Mozilla/5.0 (Windows NT 10.0; Win64; x64; rv:132.0) Gecko/20100101 Firefox/132.0"
178.115.42.220 - - [26/Nov/2024:17:27:45 +0100] "GET /entry.php?id=10828 HTTP/1.1" 200 9146 "http://hausegger.activities.at/entry.php?id=10270&__app__=10006038" "Mozilla/5.0 (Windows NT 10.0; Win64; x64; rv:132.0) Gecko/20100101 Firefox/132.0"
178.115.42.220 - - [26/Nov/2024:17:27:45 +0100] "GET /gui/javascript/form_form.js?1732638465 HTTP/1.1" 200 16206 "http://hausegger.activities.at/entry.php?id=10828" "Mozilla/5.0 (Windows NT 10.0; Win64; x64; rv:132.0) Gecko/20100101 Firefox/132.0"
178.115.42.220 - - [26/Nov/2024:17:27:45 +0100] "GET /entry.php?id=10889&document_id=& HTTP/1.1" 200 1510 "http://hausegger.activities.at/entry.php?id=10828" "Mozilla/5.0 (Windows NT 10.0; Win64; x64; rv:132.0) Gecko/20100101 Firefox/132.0"
156.59.198.136 - - [26/Nov/2024:17:28:00 +0100] "GET /renault.activities.at/htdocs/pinEdit/editor/help/userhelp-Dateien/image097.jpg HTTP/1.0" 404 328 "-" "Mozilla/5.0 (Linux; Android 5.0) AppleWebKit/537.36 (KHTML, like Gecko) Mobile Safari/537.36 (compatible; Bytespider; spider-feedback@bytedance.com)"
178.115.42.220 - - [26/Nov/2024:17:28:34 +0100] "GET /entry.php?id=10271&&ser=638454 HTTP/1.1" 200 987 "http://hausegger.activities.at/entry.php?id=10271&&ser=638394" "Mozilla/5.0 (Windows NT 10.0; Win64; x64; rv:132.0) Gecko/20100101 Firefox/132.0"
178.115.42.220 - - [26/Nov/2024:17:28:34 +0100] "GET /gui/javascript/form_form.js?1732638514 HTTP/1.1" 200 16206 "http://hausegger.activities.at/entry.php?id=10271&&ser=638454" "Mozilla/5.0 (Windows NT 10.0; Win64; x64; rv:132.0) Gecko/20100101 Firefox/132.0"
178.115.42.220 - - [26/Nov/2024:17:29:35 +0100] "GET /entry.php?id=10271&&ser=638514 HTTP/1.1" 200 987 "http://hausegger.activities.at/entry.php?id=10271&&ser=638454" "Mozilla/5.0 (Windows NT 10.0; Win64; x64; rv:132.0) Gecko/20100101 Firefox/132.0"
178.115.42.220 - - [26/Nov/2024:17:29:35 +0100] "GET /gui/javascript/form_form.js?1732638575 HTTP/1.1" 200 16206 "http://hausegger.activities.at/entry.php?id=10271&&ser=638514" "Mozilla/5.0 (Windows NT 10.0; Win64; x64; rv:132.0) Gecko/20100101 Firefox/132.0"
178.115.42.220 - - [26/Nov/2024:17:30:35 +0100] "GET /entry.php?id=10271&&ser=638575 HTTP/1.1" 200 987 "http://hausegger.activities.at/entry.php?id=10271&&ser=638514" "Mozilla/5.0 (Windows NT 10.0; Win64; x64; rv:132.0) Gecko/20100101 Firefox/132.0"
178.115.42.220 - - [26/Nov/2024:17:30:35 +0100] "GET /gui/javascript/form_form.js?1732638635 HTTP/1.1" 200 16206 "http://hausegger.activities.at/entry.php?id=10271&&ser=638575" "Mozilla/5.0 (Windows NT 10.0; Win64; x64; rv:132.0) Gecko/20100101 Firefox/132.0"
178.115.42.220 - - [26/Nov/2024:17:31:35 +0100] "GET /entry.php?id=10271&&ser=638635 HTTP/1.1" 200 987 "http://hausegger.activities.at/entry.php?id=10271&&ser=638575" "Mozilla/5.0 (Windows NT 10.0; Win64; x64; rv:132.0) Gecko/20100101 Firefox/132.0"
178.115.42.220 - - [26/Nov/2024:17:31:35 +0100] "GET /gui/javascript/form_form.js?1732638695 HTTP/1.1" 200 16206 "http://hausegger.activities.at/entry.php?id=10271&&ser=638635" "Mozilla/5.0 (Windows NT 10.0; Win64; x64; rv:132.0) Gecko/20100101 Firefox/132.0"
47.128.35.95 - - [26/Nov/2024:17:32:03 +0100] "GET /robots.txt HTTP/1.1" 404 284 "-" "Mozilla/5.0 (Linux; Android 5.0) AppleWebKit/537.36 (KHTML, like Gecko) Mobile Safari/537.36 (compatible; Bytespider; spider-feedback@bytedance.com)"
178.115.42.220 - - [26/Nov/2024:17:32:36 +0100] "GET /entry.php?id=10271&&ser=638695 HTTP/1.1" 200 987 "http://hausegger.activities.at/entry.php?id=10271&&ser=638635" "Mozilla/5.0 (Windows NT 10.0; Win64; x64; rv:132.0) Gecko/20100101 Firefox/132.0"
178.115.42.220 - - [26/Nov/2024:17:32:36 +0100] "GET /gui/javascript/form_form.js?1732638756 HTTP/1.1" 200 16206 "http://hausegger.activities.at/entry.php?id=10271&&ser=638695" "Mozilla/5.0 (Windows NT 10.0; Win64; x64; rv:132.0) Gecko/20100101 Firefox/132.0"
178.115.42.220 - - [26/Nov/2024:17:33:36 +0100] "GET /entry.php?id=10271&&ser=638756 HTTP/1.1" 200 986 "http://hausegger.activities.at/entry.php?id=10271&&ser=638695" "Mozilla/5.0 (Windows NT 10.0; Win64; x64; rv:132.0) Gecko/20100101 Firefox/132.0"
178.115.42.220 - - [26/Nov/2024:17:33:36 +0100] "GET /gui/javascript/form_form.js?1732638816 HTTP/1.1" 200 16206 "http://hausegger.activities.at/entry.php?id=10271&&ser=638756" "Mozilla/5.0 (Windows NT 10.0; Win64; x64; rv:132.0) Gecko/20100101 Firefox/132.0"
178.115.42.220 - - [26/Nov/2024:17:34:36 +0100] "GET /entry.php?id=10271&&ser=638816 HTTP/1.1" 200 987 "http://hausegger.activities.at/entry.php?id=10271&&ser=638756" "Mozilla/5.0 (Windows NT 10.0; Win64; x64; rv:132.0) Gecko/20100101 Firefox/132.0"
178.115.42.220 - - [26/Nov/2024:17:34:36 +0100] "GET /gui/javascript/form_form.js?1732638876 HTTP/1.1" 200 16206 "http://hausegger.activities.at/entry.php?id=10271&&ser=638816" "Mozilla/5.0 (Windows NT 10.0; Win64; x64; rv:132.0) Gecko/20100101 Firefox/132.0"
178.115.42.220 - - [26/Nov/2024:17:35:36 +0100] "GET /entry.php?id=10271&&ser=638876 HTTP/1.1" 200 987 "http://hausegger.activities.at/entry.php?id=10271&&ser=638816" "Mozilla/5.0 (Windows NT 10.0; Win64; x64; rv:132.0) Gecko/20100101 Firefox/132.0"
178.115.42.220 - - [26/Nov/2024:17:35:36 +0100] "GET /gui/javascript/form_form.js?1732638936 HTTP/1.1" 200 16206 "http://hausegger.activities.at/entry.php?id=10271&&ser=638876" "Mozilla/5.0 (Windows NT 10.0; Win64; x64; rv:132.0) Gecko/20100101 Firefox/132.0"
47.128.43.71 - - [26/Nov/2024:17:36:01 +0100] "GET /robots.txt HTTP/1.1" 404 284 "-" "Mozilla/5.0 (Linux; Android 5.0) AppleWebKit/537.36 (KHTML, like Gecko) Mobile Safari/537.36 (compatible; Bytespider; spider-feedback@bytedance.com)"
178.115.42.220 - - [26/Nov/2024:17:36:37 +0100] "GET /entry.php?id=10271&&ser=638936 HTTP/1.1" 200 987 "http://hausegger.activities.at/entry.php?id=10271&&ser=638876" "Mozilla/5.0 (Windows NT 10.0; Win64; x64; rv:132.0) Gecko/20100101 Firefox/132.0"
178.115.42.220 - - [26/Nov/2024:17:36:37 +0100] "GET /gui/javascript/form_form.js?1732638997 HTTP/1.1" 200 16206 "http://hausegger.activities.at/entry.php?id=10271&&ser=638936" "Mozilla/5.0 (Windows NT 10.0; Win64; x64; rv:132.0) Gecko/20100101 Firefox/132.0"
178.115.42.220 - - [26/Nov/2024:17:37:37 +0100] "GET /entry.php?id=10271&&ser=638997 HTTP/1.1" 200 987 "http://hausegger.activities.at/entry.php?id=10271&&ser=638936" "Mozilla/5.0 (Windows NT 10.0; Win64; x64; rv:132.0) Gecko/20100101 Firefox/132.0"
178.115.42.220 - - [26/Nov/2024:17:37:37 +0100] "GET /gui/javascript/form_form.js?1732639057 HTTP/1.1" 200 16206 "http://hausegger.activities.at/entry.php?id=10271&&ser=638997" "Mozilla/5.0 (Windows NT 10.0; Win64; x64; rv:132.0) Gecko/20100101 Firefox/132.0"
178.115.42.220 - - [26/Nov/2024:17:38:37 +0100] "GET /entry.php?id=10271&&ser=639057 HTTP/1.1" 200 987 "http://hausegger.activities.at/entry.php?id=10271&&ser=638997" "Mozilla/5.0 (Windows NT 10.0; Win64; x64; rv:132.0) Gecko/20100101 Firefox/132.0"
178.115.42.220 - - [26/Nov/2024:17:38:37 +0100] "GET /gui/javascript/form_form.js?1732639117 HTTP/1.1" 200 16206 "http://hausegger.activities.at/entry.php?id=10271&&ser=639057" "Mozilla/5.0 (Windows NT 10.0; Win64; x64; rv:132.0) Gecko/20100101 Firefox/132.0"
178.115.42.220 - - [26/Nov/2024:17:39:38 +0100] "GET /entry.php?id=10271&&ser=639117 HTTP/1.1" 200 987 "http://hausegger.activities.at/entry.php?id=10271&&ser=639057" "Mozilla/5.0 (Windows NT 10.0; Win64; x64; rv:132.0) Gecko/20100101 Firefox/132.0"
178.115.42.220 - - [26/Nov/2024:17:39:38 +0100] "GET /gui/javascript/form_form.js?1732639178 HTTP/1.1" 200 16206 "http://hausegger.activities.at/entry.php?id=10271&&ser=639117" "Mozilla/5.0 (Windows NT 10.0; Win64; x64; rv:132.0) Gecko/20100101 Firefox/132.0"
178.115.42.220 - - [26/Nov/2024:17:40:38 +0100] "GET /entry.php?id=10271&&ser=639178 HTTP/1.1" 200 987 "http://hausegger.activities.at/entry.php?id=10271&&ser=639117" "Mozilla/5.0 (Windows NT 10.0; Win64; x64; rv:132.0) Gecko/20100101 Firefox/132.0"
178.115.42.220 - - [26/Nov/2024:17:40:39 +0100] "GET /gui/javascript/form_form.js?1732639239 HTTP/1.1" 200 16206 "http://hausegger.activities.at/entry.php?id=10271&&ser=639178" "Mozilla/5.0 (Windows NT 10.0; Win64; x64; rv:132.0) Gecko/20100101 Firefox/132.0"
47.128.117.111 - - [26/Nov/2024:17:41:22 +0100] "GET /robots.txt HTTP/1.1" 404 284 "-" "Mozilla/5.0 (Linux; Android 5.0) AppleWebKit/537.36 (KHTML, like Gecko) Mobile Safari/537.36 (compatible; Bytespider; spider-feedback@bytedance.com)"
178.115.42.220 - - [26/Nov/2024:17:41:39 +0100] "GET /entry.php?id=10271&&ser=639239 HTTP/1.1" 200 987 "http://hausegger.activities.at/entry.php?id=10271&&ser=639178" "Mozilla/5.0 (Windows NT 10.0; Win64; x64; rv:132.0) Gecko/20100101 Firefox/132.0"
178.115.42.220 - - [26/Nov/2024:17:41:39 +0100] "GET /gui/javascript/form_form.js?1732639299 HTTP/1.1" 200 16206 "http://hausegger.activities.at/entry.php?id=10271&&ser=639239" "Mozilla/5.0 (Windows NT 10.0; Win64; x64; rv:132.0) Gecko/20100101 Firefox/132.0"
178.115.42.220 - - [26/Nov/2024:17:42:39 +0100] "GET /entry.php?id=10271&&ser=639299 HTTP/1.1" 200 987 "http://hausegger.activities.at/entry.php?id=10271&&ser=639239" "Mozilla/5.0 (Windows NT 10.0; Win64; x64; rv:132.0) Gecko/20100101 Firefox/132.0"
178.115.42.220 - - [26/Nov/2024:17:42:39 +0100] "GET /gui/javascript/form_form.js?1732639359 HTTP/1.1" 200 16206 "http://hausegger.activities.at/entry.php?id=10271&&ser=639299" "Mozilla/5.0 (Windows NT 10.0; Win64; x64; rv:132.0) Gecko/20100101 Firefox/132.0"
178.115.42.220 - - [26/Nov/2024:17:43:39 +0100] "GET /entry.php?id=10271&&ser=639359 HTTP/1.1" 200 987 "http://hausegger.activities.at/entry.php?id=10271&&ser=639299" "Mozilla/5.0 (Windows NT 10.0; Win64; x64; rv:132.0) Gecko/20100101 Firefox/132.0"
178.115.42.220 - - [26/Nov/2024:17:43:39 +0100] "GET /gui/javascript/form_form.js?1732639419 HTTP/1.1" 200 16206 "http://hausegger.activities.at/entry.php?id=10271&&ser=639359" "Mozilla/5.0 (Windows NT 10.0; Win64; x64; rv:132.0) Gecko/20100101 Firefox/132.0"
178.115.42.220 - - [26/Nov/2024:17:44:40 +0100] "GET /entry.php?id=10271&&ser=639419 HTTP/1.1" 200 987 "http://hausegger.activities.at/entry.php?id=10271&&ser=639359" "Mozilla/5.0 (Windows NT 10.0; Win64; x64; rv:132.0) Gecko/20100101 Firefox/132.0"
178.115.42.220 - - [26/Nov/2024:17:44:40 +0100] "GET /gui/javascript/form_form.js?1732639480 HTTP/1.1" 200 16206 "http://hausegger.activities.at/entry.php?id=10271&&ser=639419" "Mozilla/5.0 (Windows NT 10.0; Win64; x64; rv:132.0) Gecko/20100101 Firefox/132.0"
109.194.243.115 - - [26/Nov/2024:17:45:21 +0100] "GET / HTTP/1.0" 200 423 "http://triadian.castlegem.co.uk/" "Mozilla/5.0 (Windows NT 10.0; Win64; x64) AppleWebKit/537.36 (KHTML, like Gecko) Chrome/103.0.5060.114 Safari/537.36"
178.115.42.220 - - [26/Nov/2024:17:45:40 +0100] "GET /entry.php?id=10271&&ser=639480 HTTP/1.1" 200 987 "http://hausegger.activities.at/entry.php?id=10271&&ser=639419" "Mozilla/5.0 (Windows NT 10.0; Win64; x64; rv:132.0) Gecko/20100101 Firefox/132.0"
178.115.42.220 - - [26/Nov/2024:17:45:40 +0100] "GET /gui/javascript/form_form.js?1732639540 HTTP/1.1" 200 16206 "http://hausegger.activities.at/entry.php?id=10271&&ser=639480" "Mozilla/5.0 (Windows NT 10.0; Win64; x64; rv:132.0) Gecko/20100101 Firefox/132.0"
178.115.42.220 - - [26/Nov/2024:17:46:40 +0100] "GET /entry.php?id=10271&&ser=639540 HTTP/1.1" 200 987 "http://hausegger.activities.at/entry.php?id=10271&&ser=639480" "Mozilla/5.0 (Windows NT 10.0; Win64; x64; rv:132.0) Gecko/20100101 Firefox/132.0"
178.115.42.220 - - [26/Nov/2024:17:46:40 +0100] "GET /gui/javascript/form_form.js?1732639600 HTTP/1.1" 200 16206 "http://hausegger.activities.at/entry.php?id=10271&&ser=639540" "Mozilla/5.0 (Windows NT 10.0; Win64; x64; rv:132.0) Gecko/20100101 Firefox/132.0"
178.115.42.220 - - [26/Nov/2024:17:47:40 +0100] "GET /entry.php?id=10271&&ser=639600 HTTP/1.1" 200 987 "http://hausegger.activities.at/entry.php?id=10271&&ser=639540" "Mozilla/5.0 (Windows NT 10.0; Win64; x64; rv:132.0) Gecko/20100101 Firefox/132.0"
178.115.42.220 - - [26/Nov/2024:17:47:41 +0100] "GET /gui/javascript/form_form.js?1732639661 HTTP/1.1" 200 16206 "http://hausegger.activities.at/entry.php?id=10271&&ser=639600" "Mozilla/5.0 (Windows NT 10.0; Win64; x64; rv:132.0) Gecko/20100101 Firefox/132.0"
178.115.42.220 - - [26/Nov/2024:17:48:41 +0100] "GET /entry.php?id=10271&&ser=639661 HTTP/1.1" 200 987 "http://hausegger.activities.at/entry.php?id=10271&&ser=639600" "Mozilla/5.0 (Windows NT 10.0; Win64; x64; rv:132.0) Gecko/20100101 Firefox/132.0"
178.115.42.220 - - [26/Nov/2024:17:48:41 +0100] "GET /gui/javascript/form_form.js?1732639721 HTTP/1.1" 200 16206 "http://hausegger.activities.at/entry.php?id=10271&&ser=639661" "Mozilla/5.0 (Windows NT 10.0; Win64; x64; rv:132.0) Gecko/20100101 Firefox/132.0"
178.115.42.220 - - [26/Nov/2024:17:49:41 +0100] "GET /entry.php?id=10271&&ser=639721 HTTP/1.1" 200 987 "http://hausegger.activities.at/entry.php?id=10271&&ser=639661" "Mozilla/5.0 (Windows NT 10.0; Win64; x64; rv:132.0) Gecko/20100101 Firefox/132.0"
178.115.42.220 - - [26/Nov/2024:17:49:41 +0100] "GET /gui/javascript/form_form.js?1732639781 HTTP/1.1" 200 16206 "http://hausegger.activities.at/entry.php?id=10271&&ser=639721" "Mozilla/5.0 (Windows NT 10.0; Win64; x64; rv:132.0) Gecko/20100101 Firefox/132.0"
178.115.42.220 - - [26/Nov/2024:17:50:41 +0100] "GET /entry.php?id=10271&&ser=639781 HTTP/1.1" 200 987 "http://hausegger.activities.at/entry.php?id=10271&&ser=639721" "Mozilla/5.0 (Windows NT 10.0; Win64; x64; rv:132.0) Gecko/20100101 Firefox/132.0"
178.115.42.220 - - [26/Nov/2024:17:50:42 +0100] "GET /gui/javascript/form_form.js?1732639842 HTTP/1.1" 200 16206 "http://hausegger.activities.at/entry.php?id=10271&&ser=639781" "Mozilla/5.0 (Windows NT 10.0; Win64; x64; rv:132.0) Gecko/20100101 Firefox/132.0"
178.115.42.220 - - [26/Nov/2024:17:51:42 +0100] "GET /entry.php?id=10271&&ser=639842 HTTP/1.1" 200 987 "http://hausegger.activities.at/entry.php?id=10271&&ser=639781" "Mozilla/5.0 (Windows NT 10.0; Win64; x64; rv:132.0) Gecko/20100101 Firefox/132.0"
178.115.42.220 - - [26/Nov/2024:17:51:42 +0100] "GET /gui/javascript/form_form.js?1732639902 HTTP/1.1" 200 16206 "http://hausegger.activities.at/entry.php?id=10271&&ser=639842" "Mozilla/5.0 (Windows NT 10.0; Win64; x64; rv:132.0) Gecko/20100101 Firefox/132.0"
178.115.42.220 - - [26/Nov/2024:17:52:42 +0100] "GET /entry.php?id=10271&&ser=639902 HTTP/1.1" 200 987 "http://hausegger.activities.at/entry.php?id=10271&&ser=639842" "Mozilla/5.0 (Windows NT 10.0; Win64; x64; rv:132.0) Gecko/20100101 Firefox/132.0"
178.115.42.220 - - [26/Nov/2024:17:52:42 +0100] "GET /gui/javascript/form_form.js?1732639962 HTTP/1.1" 200 16206 "http://hausegger.activities.at/entry.php?id=10271&&ser=639902" "Mozilla/5.0 (Windows NT 10.0; Win64; x64; rv:132.0) Gecko/20100101 Firefox/132.0"
178.115.42.220 - - [26/Nov/2024:17:53:32 +0100] "GET /entry.php?id=10287&login=1 HTTP/1.1" 200 1879 "http://hausegger.activities.at/entry.php?id=10273&" "Mozilla/5.0 (Windows NT 10.0; Win64; x64; rv:132.0) Gecko/20100101 Firefox/132.0"
178.115.42.220 - - [26/Nov/2024:17:53:32 +0100] "GET /gui/javascript/form_form.js?1732640012 HTTP/1.1" 200 16206 "http://hausegger.activities.at/entry.php?id=10287&login=1" "Mozilla/5.0 (Windows NT 10.0; Win64; x64; rv:132.0) Gecko/20100101 Firefox/132.0"
178.115.42.220 - - [26/Nov/2024:17:53:33 +0100] "POST /entry.php?id=10287& HTTP/1.1" 200 2433 "http://hausegger.activities.at/entry.php?id=10287&login=1" "Mozilla/5.0 (Windows NT 10.0; Win64; x64; rv:132.0) Gecko/20100101 Firefox/132.0"
178.115.42.220 - - [26/Nov/2024:17:53:33 +0100] "GET /gui/javascript/form_form.js?1732640013 HTTP/1.1" 200 16206 "http://hausegger.activities.at/entry.php?id=10287&" "Mozilla/5.0 (Windows NT 10.0; Win64; x64; rv:132.0) Gecko/20100101 Firefox/132.0"
178.115.42.220 - - [26/Nov/2024:17:53:34 +0100] "GET /entry.php?id=10273&logout=true& HTTP/1.1" 200 1912 "http://hausegger.activities.at/entry.php?id=10287&" "Mozilla/5.0 (Windows NT 10.0; Win64; x64; rv:132.0) Gecko/20100101 Firefox/132.0"
178.115.42.220 - - [26/Nov/2024:17:53:34 +0100] "GET /entry.php?id=10270& HTTP/1.1" 200 909 "http://hausegger.activities.at/entry.php?id=10287&" "Mozilla/5.0 (Windows NT 10.0; Win64; x64; rv:132.0) Gecko/20100101 Firefox/132.0"
178.115.42.220 - - [26/Nov/2024:17:53:34 +0100] "GET /gui/javascript/form_form.js?1732640014 HTTP/1.1" 200 16206 "http://hausegger.activities.at/entry.php?id=10270&" "Mozilla/5.0 (Windows NT 10.0; Win64; x64; rv:132.0) Gecko/20100101 Firefox/132.0"
178.115.42.220 - - [26/Nov/2024:17:53:34 +0100] "GET /gui/javascript/form_form.js?1732640014 HTTP/1.1" 200 16206 "http://hausegger.activities.at/entry.php?id=10273&logout=true&" "Mozilla/5.0 (Windows NT 10.0; Win64; x64; rv:132.0) Gecko/20100101 Firefox/132.0"
203.55.131.4 - - [26/Nov/2024:18:01:06 +0100] "\x16\x03\x01" 400 383 "-" "-"
47.128.126.80 - - [26/Nov/2024:18:01:24 +0100] "GET /robots.txt HTTP/1.1" 404 284 "-" "Mozilla/5.0 (Linux; Android 5.0) AppleWebKit/537.36 (KHTML, like Gecko) Mobile Safari/537.36 (compatible; Bytespider; spider-feedback@bytedance.com)"
92.255.57.58 - - [26/Nov/2024:18:06:01 +0100] "GET /?XDEBUG_SESSION_START=phpstorm HTTP/1.1" 200 274 "-" "Mozilla/5.0 (Windows NT 10.0; Win64; x64) AppleWebKit/537.36 (KHTML, like Gecko) Chrome/78.0.3904.108 Safari/537.36"
156.59.198.136 - - [26/Nov/2024:18:09:24 +0100] "GET /ed-test.2web.at/stats/lang/awstats-al.txt HTTP/1.0" 404 302 "-" "Mozilla/5.0 (Linux; Android 5.0) AppleWebKit/537.36 (KHTML, like Gecko) Mobile Safari/537.36 (compatible; Bytespider; spider-feedback@bytedance.com)"
203.55.131.4 - - [26/Nov/2024:18:16:56 +0100] "GET / HTTP/1.1" 200 274 "-" "Mozilla/5.0 (Windows NT 10.0; Win64; x64) AppleWebKit/537.36 (KHTML, like Gecko) Chrome/102.0.0.0 Safari/537.36"
203.55.131.4 - - [26/Nov/2024:18:19:23 +0100] "GET /activities.ico HTTP/1.1" 200 1406 "-" "Mozilla/5.0 (Windows NT 10.0; Win64; x64) AppleWebKit/537.36 (KHTML, like Gecko) Chrome/102.0.0.0 Safari/537.36"
95.214.55.79 - - [26/Nov/2024:18:22:16 +0100] "GET / HTTP/1.1" 200 274 "-" "Mozilla/5.0 (Windows NT 10.0; Win64; x64) AppleWebKit/537.36 (KHTML, like Gecko) Chrome/90.0.4430.85 Safari/537.36 Edg/90.0.818.46"
46.19.138.234 - - [26/Nov/2024:18:39:54 +0100] "GET / HTTP/1.1" 200 274 "-" "Mozilla/5.0 (Windows NT 10.0; Win64; x64) AppleWebKit/537.36 (KHTML, like Gecko) Chrome/90.0.4430.85 Safari/537.36 Edg/90.0.818.46"
92.255.57.58 - - [26/Nov/2024:18:42:15 +0100] "GET /actuator/gateway/routes HTTP/1.1" 404 293 "-" "Mozilla/5.0 (Windows NT 10.0; Win64; x64) AppleWebKit/537.36 (KHTML, like Gecko) Chrome/78.0.3904.108 Safari/537.36"
156.59.198.135 - - [26/Nov/2024:18:50:07 +0100] "GET /renault.activities.at/htdocs/binaries/10171423_1.pdf HTTP/1.0" 404 313 "-" "Mozilla/5.0 (Linux; Android 5.0) AppleWebKit/537.36 (KHTML, like Gecko) Mobile Safari/537.36 (compatible; Bytespider; spider-feedback@bytedance.com)"
156.59.198.135 - - [26/Nov/2024:18:54:07 +0100] "GET /ed-test.activities.at/stats/lang/awstats-cn.txt HTTP/1.0" 404 306 "-" "Mozilla/5.0 (Linux; Android 5.0) AppleWebKit/537.36 (KHTML, like Gecko) Mobile Safari/537.36 (compatible; Bytespider; spider-feedback@bytedance.com)"
156.59.198.136 - - [26/Nov/2024:18:58:07 +0100] "GET /renault.activities.at/htdocs/export/xml/data/orders/202109241403_RenOrder.xml HTTP/1.0" 404 329 "-" "Mozilla/5.0 (Linux; Android 5.0) AppleWebKit/537.36 (KHTML, like Gecko) Mobile Safari/537.36 (compatible; Bytespider; spider-feedback@bytedance.com)"
156.59.198.136 - - [26/Nov/2024:19:02:07 +0100] "GET /renault.activities.at/htdocs/binaries/10130681.pdf HTTP/1.0" 404 311 "-" "Mozilla/5.0 (Linux; Android 5.0) AppleWebKit/537.36 (KHTML, like Gecko) Mobile Safari/537.36 (compatible; Bytespider; spider-feedback@bytedance.com)"
156.59.198.135 - - [26/Nov/2024:19:06:07 +0100] "GET /renault.2web.at/htdocs/binaries/10661192.pdf HTTP/1.0" 404 307 "-" "Mozilla/5.0 (Linux; Android 5.0) AppleWebKit/537.36 (KHTML, like Gecko) Mobile Safari/537.36 (compatible; Bytespider; spider-feedback@bytedance.com)"
156.59.198.136 - - [26/Nov/2024:19:10:08 +0100] "GET /renault.activities.at/htdocs/binaries/10122841.pdf HTTP/1.0" 404 311 "-" "Mozilla/5.0 (Linux; Android 5.0) AppleWebKit/537.36 (KHTML, like Gecko) Mobile Safari/537.36 (compatible; Bytespider; spider-feedback@bytedance.com)"
194.28.112.158 - - [26/Nov/2024:19:21:21 +0100] "\x03" 400 383 "-" "-"
194.28.112.158 - - [26/Nov/2024:19:21:21 +0100] "\x03" 400 383 "-" "-"
194.28.112.158 - - [26/Nov/2024:19:21:21 +0100] "\x03" 400 383 "-" "-"
179.43.163.250 - - [26/Nov/2024:19:28:08 +0100] "\x16\x03\x01" 400 383 "-" "-"
179.43.163.250 - - [26/Nov/2024:19:28:08 +0100] "GET / HTTP/1.1" 400 383 "-" "-"
179.43.163.250 - - [26/Nov/2024:19:28:09 +0100] "GET / HTTP/1.1" 200 423 "-" "l9tcpid/v1.1.0"
179.43.163.250 - - [26/Nov/2024:19:28:09 +0100] "GET /.env HTTP/1.1" 404 280 "-" "l9explore/1.2.2"
179.43.163.250 - - [26/Nov/2024:19:28:09 +0100] "GET /app/.git/config HTTP/1.1" 404 288 "-" "l9explore/1.2.2"
179.43.163.250 - - [26/Nov/2024:19:28:09 +0100] "GET /.env_sample HTTP/1.1" 404 285 "-" "l9explore/1.2.2"
179.43.163.250 - - [26/Nov/2024:19:28:09 +0100] "GET /data/.git/config HTTP/1.1" 404 288 "-" "l9explore/1.2.2"
179.43.163.250 - - [26/Nov/2024:19:28:09 +0100] "GET /.env.staging.local HTTP/1.1" 404 290 "-" "l9explore/1.2.2"
156.59.198.136 - - [26/Nov/2024:19:30:09 +0100] "GET /renault.activities.at/htdocs/binaries/10117642.pdf HTTP/1.0" 404 311 "-" "Mozilla/5.0 (Linux; Android 5.0) AppleWebKit/537.36 (KHTML, like Gecko) Mobile Safari/537.36 (compatible; Bytespider; spider-feedback@bytedance.com)"
156.59.198.136 - - [26/Nov/2024:19:34:49 +0100] "GET /renault.activities.at/htdocs/pinEdit/editor/help/userhelp-Dateien/image004.jpg HTTP/1.0" 404 327 "-" "Mozilla/5.0 (Linux; Android 5.0) AppleWebKit/537.36 (KHTML, like Gecko) Mobile Safari/537.36 (compatible; Bytespider; spider-feedback@bytedance.com)"
92.255.57.58 - - [26/Nov/2024:19:36:31 +0100] "\x16\x03\x01\x05\xa8\x01" 400 383 "-" "-"
156.59.198.136 - - [26/Nov/2024:19:41:55 +0100] "GET /renault.2web.at/htdocs/binaries/10688680.pdf HTTP/1.0" 404 308 "-" "Mozilla/5.0 (Linux; Android 5.0) AppleWebKit/537.36 (KHTML, like Gecko) Mobile Safari/537.36 (compatible; Bytespider; spider-feedback@bytedance.com)"
156.59.198.136 - - [26/Nov/2024:19:45:55 +0100] "GET /ed-test.activities.at/stats/lang/awstats-th.txt HTTP/1.0" 404 306 "-" "Mozilla/5.0 (Linux; Android 5.0) AppleWebKit/537.36 (KHTML, like Gecko) Mobile Safari/537.36 (compatible; Bytespider; spider-feedback@bytedance.com)"
59.126.243.77 - - [26/Nov/2024:19:46:53 +0100] "GET / HTTP/1.0" 200 423 "-" "Mozilla/5.0 (Linux; U; Android 4.0.3; ko-kr; LG-L160L Build/IML74K) AppleWebkit/534.30 (KHTML, like Gecko) Version/4.0 Mobile Safari/534.30"
156.59.198.135 - - [26/Nov/2024:19:49:55 +0100] "GET /renault.activities.at/htdocs/export/xml/data/orders/202104151503_RenOrder.xml HTTP/1.0" 404 329 "-" "Mozilla/5.0 (Linux; Android 5.0) AppleWebKit/537.36 (KHTML, like Gecko) Mobile Safari/537.36 (compatible; Bytespider; spider-feedback@bytedance.com)"
221.15.189.203 - - [26/Nov/2024:20:36:44 +0100] "POST /GponForm/diag_Form?images/ HTTP/1.1" 404 286 "-" "Hello, World"
156.59.198.135 - - [26/Nov/2024:20:40:38 +0100] "GET /renault.activities.at/htdocs/export/xml/data/orders/202108281103_RenOrder.xml HTTP/1.0" 404 329 "-" "Mozilla/5.0 (Linux; Android 5.0) AppleWebKit/537.36 (KHTML, like Gecko) Mobile Safari/537.36 (compatible; Bytespider; spider-feedback@bytedance.com)"
156.59.198.135 - - [26/Nov/2024:20:44:39 +0100] "GET /renault.2web.at/htdocs/binaries/10269838.pdf HTTP/1.0" 404 308 "-" "Mozilla/5.0 (Linux; Android 5.0) AppleWebKit/537.36 (KHTML, like Gecko) Mobile Safari/537.36 (compatible; Bytespider; spider-feedback@bytedance.com)"
95.214.53.205 - - [26/Nov/2024:20:47:26 +0100] "GET / HTTP/1.1" 200 274 "-" "Mozilla/5.0 (Windows NT 10.0; Win64; x64) AppleWebKit/537.36 (KHTML, like Gecko) Chrome/90.0.4430.85 Safari/537.36 Edg/90.0.818.46"
45.156.129.56 - - [26/Nov/2024:20:56:09 +0100] "GET / HTTP/1.1" 200 274 "-" "Mozilla/5.0 (Windows NT 10.0; Win64; x64) AppleWebKit/537.36 (KHTML, like Gecko) Chrome/60.0.3112.113 Safari/537.36"
156.59.198.136 - - [26/Nov/2024:21:08:41 +0100] "GET /renault.activities.at/htdocs/binaries/10047536.pdf HTTP/1.0" 404 312 "-" "Mozilla/5.0 (Linux; Android 5.0) AppleWebKit/537.36 (KHTML, like Gecko) Mobile Safari/537.36 (compatible; Bytespider; spider-feedback@bytedance.com)"
109.194.243.115 - - [26/Nov/2024:21:08:50 +0100] "GET / HTTP/1.0" 200 423 "http://triadian.castlegem.co.uk/" "Mozilla/5.0 (Windows NT 6.1) AppleWebKit/537.36 (KHTML, like Gecko) Chrome/103.0.5060.114 Safari/537.36"
194.50.16.198 - - [26/Nov/2024:21:16:31 +0100] "GET /login.asp HTTP/1.1" 404 354 "-" "-"
109.194.243.115 - - [26/Nov/2024:21:17:58 +0100] "GET / HTTP/1.0" 200 423 "http://food-and-drink.vienna-lodgings.at/" "Mozilla/5.0 (Windows NT 6.1; Win64; x64) AppleWebKit/537.36 (KHTML, like Gecko) Chrome/103.0.5060.114 Safari/537.36"
109.194.243.115 - - [26/Nov/2024:21:18:43 +0100] "GET / HTTP/1.0" 200 423 "-" "Mozilla/5.0 (Windows NT 10.0; Win64; x64) AppleWebKit/537.36 (KHTML, like Gecko) Chrome/118.0.0.0 Safari/537.36"
186.96.212.190 - - [26/Nov/2024:21:36:26 +0100] "GET / HTTP/1.0" 200 423 "-" "Mozilla/5.0 (Linux; U; Android 4.0.3; ko-kr; LG-L160L Build/IML74K) AppleWebkit/534.30 (KHTML, like Gecko) Version/4.0 Mobile Safari/534.30"
193.177.162.138 - - [26/Nov/2024:21:38:36 +0100] "GET / HTTP/1.1" 200 423 "-" "-"
59.126.12.104 - - [26/Nov/2024:21:40:15 +0100] "GET / HTTP/1.0" 200 423 "-" "Mozilla/5.0 (Linux; U; Android 4.0.3; ko-kr; LG-L160L Build/IML74K) AppleWebkit/534.30 (KHTML, like Gecko) Version/4.0 Mobile Safari/534.30"
154.213.192.4 - - [26/Nov/2024:21:51:23 +0100] "POST /boaform/admin/formLogin HTTP/1.1" 404 293 "http://212.69.160.11:80/admin/login.asp" "Mozilla/5.0 (X11; Ubuntu; Linux x86_64; rv:71.0) Gecko/20100101 Firefox/71.0"
156.59.198.136 - - [26/Nov/2024:21:52:37 +0100] "GET /ed-test.activities.at/stats/lang/awstats-si.txt HTTP/1.0" 404 306 "-" "Mozilla/5.0 (Linux; Android 5.0) AppleWebKit/537.36 (KHTML, like Gecko) Mobile Safari/537.36 (compatible; Bytespider; spider-feedback@bytedance.com)"
179.43.133.122 - - [26/Nov/2024:21:53:43 +0100] "GET / HTTP/1.1" 200 274 "-" "Mozilla/5.0 (Windows NT 10.0; Win64; x64) AppleWebKit/537.36 (KHTML, like Gecko) Chrome/90.0.4430.85 Safari/537.36 Edg/90.0.818.46"
156.59.198.136 - - [26/Nov/2024:21:56:37 +0100] "GET /renault.2web.at/htdocs/binaries/10009028.pdf HTTP/1.0" 404 307 "-" "Mozilla/5.0 (Linux; Android 5.0) AppleWebKit/537.36 (KHTML, like Gecko) Mobile Safari/537.36 (compatible; Bytespider; spider-feedback@bytedance.com)"
156.59.198.135 - - [26/Nov/2024:22:00:37 +0100] "GET /ed-test.activities.at/stats/lang/awstats-nn.txt HTTP/1.0" 404 306 "-" "Mozilla/5.0 (Linux; Android 5.0) AppleWebKit/537.36 (KHTML, like Gecko) Mobile Safari/537.36 (compatible; Bytespider; spider-feedback@bytedance.com)"
156.59.198.136 - - [26/Nov/2024:22:04:38 +0100] "GET /ed-test.activities.at/stats/lang/awstats-sr.txt HTTP/1.0" 404 306 "-" "Mozilla/5.0 (Linux; Android 5.0) AppleWebKit/537.36 (KHTML, like Gecko) Mobile Safari/537.36 (compatible; Bytespider; spider-feedback@bytedance.com)"
78.153.140.223 - - [26/Nov/2024:22:05:23 +0100] "GET /.env HTTP/1.1" 404 349 "-" "Opera/9.80 (X11; Linux i686; U; nb) Presto/2.2.15 Version/10.00"
78.153.140.223 - - [26/Nov/2024:22:05:23 +0100] "\x16\x03\x01" 400 383 "-" "-"
185.191.126.248 - - [26/Nov/2024:22:06:44 +0100] "GET / HTTP/1.1" 200 423 "-" "-"
95.214.55.43 - - [26/Nov/2024:22:08:24 +0100] "GET / HTTP/1.1" 200 274 "-" "Mozilla/5.0 (Windows NT 10.0; Win64; x64) AppleWebKit/537.36 (KHTML, like Gecko) Chrome/90.0.4430.85 Safari/537.36 Edg/90.0.818.46"
156.59.198.136 - - [26/Nov/2024:22:08:38 +0100] "GET /renault.2web.at/htdocs/binaries/10485654.pdf HTTP/1.0" 404 308 "-" "Mozilla/5.0 (Linux; Android 5.0) AppleWebKit/537.36 (KHTML, like Gecko) Mobile Safari/537.36 (compatible; Bytespider; spider-feedback@bytedance.com)"
156.59.198.135 - - [26/Nov/2024:22:12:38 +0100] "GET /renault.activities.at/htdocs/export/xml/data/orders/202010011203_RenOrder.xml HTTP/1.0" 404 328 "-" "Mozilla/5.0 (Linux; Android 5.0) AppleWebKit/537.36 (KHTML, like Gecko) Mobile Safari/537.36 (compatible; Bytespider; spider-feedback@bytedance.com)"
156.59.198.135 - - [26/Nov/2024:22:16:38 +0100] "GET /renault.2web.at/htdocs/binaries/10015817.pdf HTTP/1.0" 404 308 "-" "Mozilla/5.0 (Linux; Android 5.0) AppleWebKit/537.36 (KHTML, like Gecko) Mobile Safari/537.36 (compatible; Bytespider; spider-feedback@bytedance.com)"
156.59.198.135 - - [26/Nov/2024:22:20:38 +0100] "GET /ed-test.activities.at/stats/lang/awstats-al.txt HTTP/1.0" 404 306 "-" "Mozilla/5.0 (Linux; Android 5.0) AppleWebKit/537.36 (KHTML, like Gecko) Mobile Safari/537.36 (compatible; Bytespider; spider-feedback@bytedance.com)"
156.59.198.135 - - [26/Nov/2024:22:24:39 +0100] "GET /ed-test.activities.at/stats/lang/awstats-pl.txt HTTP/1.0" 404 306 "-" "Mozilla/5.0 (Linux; Android 5.0) AppleWebKit/537.36 (KHTML, like Gecko) Mobile Safari/537.36 (compatible; Bytespider; spider-feedback@bytedance.com)"
193.177.162.138 - - [26/Nov/2024:22:26:16 +0100] "GET / HTTP/1.1" 200 423 "-" "-"
156.59.198.135 - - [26/Nov/2024:22:28:39 +0100] "GET /renault.activities.at/htdocs/dompdf-master/www/test/images/png/gray16a.png HTTP/1.0" 404 327 "-" "Mozilla/5.0 (Linux; Android 5.0) AppleWebKit/537.36 (KHTML, like Gecko) Mobile Safari/537.36 (compatible; Bytespider; spider-feedback@bytedance.com)"
59.126.235.175 - - [26/Nov/2024:22:29:11 +0100] "GET / HTTP/1.0" 200 423 "-" "Mozilla/5.0 (Linux; U; Android 4.0.3; ko-kr; LG-L160L Build/IML74K) AppleWebkit/534.30 (KHTML, like Gecko) Version/4.0 Mobile Safari/534.30"
154.213.187.20 - - [26/Nov/2024:22:31:31 +0100] "POST /boaform/admin/formLogin HTTP/1.1" 404 293 "http://212.69.160.11:80/admin/login.asp" "Mozilla/5.0 (X11; Ubuntu; Linux x86_64; rv:71.0) Gecko/20100101 Firefox/71.0"
194.50.16.198 - - [26/Nov/2024:23:02:15 +0100] "POST /boaform/admin/formLogin HTTP/1.1" 404 293 "http://212.69.160.11:80/admin/login.asp" "Mozilla/5.0 (X11; Ubuntu; Linux x86_64; rv:71.0) Gecko/20100101 Firefox/71.0"
156.59.198.135 - - [26/Nov/2024:23:10:18 +0100] "GET /renault.2web.at/htdocs/binaries/10089015.pdf HTTP/1.0" 404 307 "-" "Mozilla/5.0 (Linux; Android 5.0) AppleWebKit/537.36 (KHTML, like Gecko) Mobile Safari/537.36 (compatible; Bytespider; spider-feedback@bytedance.com)"
45.156.128.45 - - [26/Nov/2024:23:11:38 +0100] "GET / HTTP/1.1" 200 274 "-" "Mozilla/5.0 (Windows NT 10.0; Win64; x64) AppleWebKit/537.36 (KHTML, like Gecko) Chrome/60.0.3112.113 Safari/537.36"
156.59.198.135 - - [26/Nov/2024:23:14:18 +0100] "GET /ed-test.activities.at/stats/lang/awstats-cy.txt HTTP/1.0" 404 306 "-" "Mozilla/5.0 (Linux; Android 5.0) AppleWebKit/537.36 (KHTML, like Gecko) Mobile Safari/537.36 (compatible; Bytespider; spider-feedback@bytedance.com)"
156.59.198.135 - - [26/Nov/2024:23:18:18 +0100] "GET /renault.2web.at/htdocs/binaries/renault-/stellwaende03280x150finalpdf.pdf HTTP/1.0" 404 324 "-" "Mozilla/5.0 (Linux; Android 5.0) AppleWebKit/537.36 (KHTML, like Gecko) Mobile Safari/537.36 (compatible; Bytespider; spider-feedback@bytedance.com)"
156.59.198.136 - - [26/Nov/2024:23:26:18 +0100] "GET /renault.activities.at/htdocs/pinEdit/editor/help/userhelp-Dateien/image153.gif HTTP/1.0" 404 327 "-" "Mozilla/5.0 (Linux; Android 5.0) AppleWebKit/537.36 (KHTML, like Gecko) Mobile Safari/537.36 (compatible; Bytespider; spider-feedback@bytedance.com)"
154.213.184.43 - - [26/Nov/2024:23:28:03 +0100] "GET / HTTP/1.1" 200 423 "-" "-"
57.151.70.205 - - [26/Nov/2024:23:42:07 +0100] "GET /druid/index.html HTTP/1.1" 404 287 "-" "Mozilla/5.0 zgrab/0.x"
156.59.198.136 - - [26/Nov/2024:23:47:34 +0100] "GET /renault.activities.at/htdocs/export/xml/data/orders/202002211003_RenOrder.xml HTTP/1.0" 404 328 "-" "Mozilla/5.0 (Linux; Android 5.0) AppleWebKit/537.36 (KHTML, like Gecko) Mobile Safari/537.36 (compatible; Bytespider; spider-feedback@bytedance.com)"
193.177.162.138 - - [26/Nov/2024:23:53:03 +0100] "GET / HTTP/1.1" 200 423 "-" "-"
109.194.243.115 - - [26/Nov/2024:23:58:36 +0100] "GET / HTTP/1.0" 200 423 "-" "Mozilla/5.0 (Windows NT 10.0; Win64; x64) AppleWebKit/537.36 (KHTML, like Gecko) Chrome/118.0.0.0 Safari/537.36"
156.59.198.135 - - [27/Nov/2024:00:04:47 +0100] "GET /ed-test.activities.at/stats/lang/awstats-ru.txt HTTP/1.0" 404 306 "-" "Mozilla/5.0 (Linux; Android 5.0) AppleWebKit/537.36 (KHTML, like Gecko) Mobile Safari/537.36 (compatible; Bytespider; spider-feedback@bytedance.com)"
156.59.198.135 - - [27/Nov/2024:00:08:47 +0100] "GET /renault.activities.at/htdocs/export/xml/data/orders/201911151603_RenOrder.xml HTTP/1.0" 404 329 "-" "Mozilla/5.0 (Linux; Android 5.0) AppleWebKit/537.36 (KHTML, like Gecko) Mobile Safari/537.36 (compatible; Bytespider; spider-feedback@bytedance.com)"
193.177.162.138 - - [27/Nov/2024:00:10:28 +0100] "-" 408 - "-" "-"
204.48.17.50 - - [27/Nov/2024:00:13:24 +0100] "POST /php-cgi/php-cgi.exe?%add+allow_url_include%3d1+%add+auto_prepend_file%3dphp://input HTTP/1.1" 404 287 "-" "Opera/8.94.(X11; Linux x86_64; hy-AM) Presto/2.9.166 Version/10.00"
156.59.198.136 - - [27/Nov/2024:00:15:17 +0100] "GET /renault.activities.at/htdocs/binaries/renault-/rs-1342018-fr.pdf HTTP/1.0" 404 317 "-" "Mozilla/5.0 (Linux; Android 5.0) AppleWebKit/537.36 (KHTML, like Gecko) Mobile Safari/537.36 (compatible; Bytespider; spider-feedback@bytedance.com)"
156.59.198.135 - - [27/Nov/2024:00:19:17 +0100] "GET /ed-test.activities.at/stats/lang/awstats-et.txt HTTP/1.0" 404 306 "-" "Mozilla/5.0 (Linux; Android 5.0) AppleWebKit/537.36 (KHTML, like Gecko) Mobile Safari/537.36 (compatible; Bytespider; spider-feedback@bytedance.com)"
80.82.77.202 - - [27/Nov/2024:00:44:58 +0100] "GET / HTTP/1.0" 200 423 "-" "Mozilla/5.0 (Linux; Android 9; Nokia 7.1) AppleWebKit/537.36 (KHTML, like Gecko) Chrome/72.0.3626.121 Mobile Safari/537.36"
156.59.198.135 - - [27/Nov/2024:00:47:36 +0100] "GET /renault.2web.at/htdocs/binaries/10451228.pdf HTTP/1.0" 404 308 "-" "Mozilla/5.0 (Linux; Android 5.0) AppleWebKit/537.36 (KHTML, like Gecko) Mobile Safari/537.36 (compatible; Bytespider; spider-feedback@bytedance.com)"
156.59.198.135 - - [27/Nov/2024:00:53:29 +0100] "GET /renault.activities.at/htdocs/export/xml/data/orders/202003311803_RenOrder.xml HTTP/1.0" 404 329 "-" "Mozilla/5.0 (Linux; Android 5.0) AppleWebKit/537.36 (KHTML, like Gecko) Mobile Safari/537.36 (compatible; Bytespider; spider-feedback@bytedance.com)"