156.59.198.135 - - [26/Nov/2024:01:00:39 +0100] "GET /ed-test.2web.at/stats/lang/awstats-ko.txt HTTP/1.0" 404 303 "-" "Mozilla/5.0 (Linux; Android 5.0) AppleWebKit/537.36 (KHTML, like Gecko) Mobile Safari/537.36 (compatible; Bytespider; spider-feedback@bytedance.com)"
156.59.198.136 - - [26/Nov/2024:01:04:39 +0100] "GET /renault.activities.at/htdocs/export/xml/data/orders/202110151003_RenOrder.xml HTTP/1.0" 404 328 "-" "Mozilla/5.0 (Linux; Android 5.0) AppleWebKit/537.36 (KHTML, like Gecko) Mobile Safari/537.36 (compatible; Bytespider; spider-feedback@bytedance.com)"
156.59.198.135 - - [26/Nov/2024:01:08:39 +0100] "GET /renault.activities.at/htdocs/export/xml/data/orders/202010081203_RenOrder.xml HTTP/1.0" 404 328 "-" "Mozilla/5.0 (Linux; Android 5.0) AppleWebKit/537.36 (KHTML, like Gecko) Mobile Safari/537.36 (compatible; Bytespider; spider-feedback@bytedance.com)"
46.174.191.28 - - [26/Nov/2024:01:26:41 +0100] "GET / HTTP/1.0" 200 423 "-" "Mozilla/5.0 (Windows NT 6.1; WOW64; Trident/7.0; AS; rv:11.0) like Gecko"
95.214.55.43 - - [26/Nov/2024:01:29:59 +0100] "GET / HTTP/1.1" 200 274 "-" "Mozilla/5.0 (Windows NT 10.0; Win64; x64) AppleWebKit/537.36 (KHTML, like Gecko) Chrome/90.0.4430.85 Safari/537.36 Edg/90.0.818.46"
154.213.192.4 - - [26/Nov/2024:01:36:48 +0100] "POST /boaform/admin/formLogin HTTP/1.1" 404 293 "http://212.69.160.11:80/admin/login.asp" "Mozilla/5.0 (X11; Ubuntu; Linux x86_64; rv:71.0) Gecko/20100101 Firefox/71.0"
156.59.198.136 - - [26/Nov/2024:01:41:16 +0100] "GET /renault.activities.at/htdocs/export/xml/data/orders/202002241303_RenOrder.xml HTTP/1.0" 404 329 "-" "Mozilla/5.0 (Linux; Android 5.0) AppleWebKit/537.36 (KHTML, like Gecko) Mobile Safari/537.36 (compatible; Bytespider; spider-feedback@bytedance.com)"
156.59.198.136 - - [26/Nov/2024:01:45:16 +0100] "GET /renault.2web.at/htdocs/binaries/10069856.pdf HTTP/1.0" 404 308 "-" "Mozilla/5.0 (Linux; Android 5.0) AppleWebKit/537.36 (KHTML, like Gecko) Mobile Safari/537.36 (compatible; Bytespider; spider-feedback@bytedance.com)"
156.59.198.136 - - [26/Nov/2024:02:09:19 +0100] "GET /renault.activities.at/htdocs/export/xml/data/orders/202008141303_RenOrder.xml HTTP/1.0" 404 329 "-" "Mozilla/5.0 (Linux; Android 5.0) AppleWebKit/537.36 (KHTML, like Gecko) Mobile Safari/537.36 (compatible; Bytespider; spider-feedback@bytedance.com)"
156.59.198.136 - - [26/Nov/2024:02:13:19 +0100] "GET /renault.activities.at/htdocs/binaries/10225293.pdf HTTP/1.0" 404 311 "-" "Mozilla/5.0 (Linux; Android 5.0) AppleWebKit/537.36 (KHTML, like Gecko) Mobile Safari/537.36 (compatible; Bytespider; spider-feedback@bytedance.com)"
5.8.11.202 - - [26/Nov/2024:02:17:17 +0100] "GET / HTTP/1.0" 200 423 "-" "Mozilla/5.0 (Windows NT 10.0; WOW64) AppleWebKit/537.36 (KHTML, like Gecko) Chrome/66.0.3359.181 Safari/537.36"
156.59.198.135 - - [26/Nov/2024:02:17:20 +0100] "GET /renault.activities.at/htdocs/export/xml/data/orders/202111151403_RenOrder.xml HTTP/1.0" 404 328 "-" "Mozilla/5.0 (Linux; Android 5.0) AppleWebKit/537.36 (KHTML, like Gecko) Mobile Safari/537.36 (compatible; Bytespider; spider-feedback@bytedance.com)"
66.220.149.14 - - [26/Nov/2024:02:20:57 +0100] "GET /robots.txt HTTP/1.1" 404 292 "-" "facebookexternalhit/1.1 (+http://www.facebook.com/externalhit_uatext.php)"
87.120.127.198 - - [26/Nov/2024:02:32:25 +0100] "GET /.env HTTP/1.1" 404 280 "-" "Mozilla/5.0 (Macintosh; Intel Mac OS X 10_12_2) AppleWebKit/537.36 (KHTML, like Gecko) Chrome/75.0.3770.142 Safari/537.36"
141.98.11.48 - - [26/Nov/2024:02:43:24 +0100] "GET /cgi-bin/luci/;stok=/locale HTTP/1.1" 404 371 "-" "Hello"
194.50.16.198 - - [26/Nov/2024:02:46:15 +0100] "GET /login.asp HTTP/1.1" 404 354 "-" "-"
156.59.198.135 - - [26/Nov/2024:02:57:42 +0100] "GET /renault.activities.at/htdocs/export/xml/data/orders/202012031503_RenOrder.xml HTTP/1.0" 404 329 "-" "Mozilla/5.0 (Linux; Android 5.0) AppleWebKit/537.36 (KHTML, like Gecko) Mobile Safari/537.36 (compatible; Bytespider; spider-feedback@bytedance.com)"
156.59.198.135 - - [26/Nov/2024:03:01:43 +0100] "GET /renault.activities.at/htdocs/export/xml/data/orders/201910251103_RenOrder.xml HTTP/1.0" 404 328 "-" "Mozilla/5.0 (Linux; Android 5.0) AppleWebKit/537.36 (KHTML, like Gecko) Mobile Safari/537.36 (compatible; Bytespider; spider-feedback@bytedance.com)"
156.59.198.135 - - [26/Nov/2024:03:06:25 +0100] "GET /renault.activities.at/htdocs/pinEdit/editor/dialogs/list_disc.png HTTP/1.0" 404 320 "-" "Mozilla/5.0 (Linux; Android 5.0) AppleWebKit/537.36 (KHTML, like Gecko) Mobile Safari/537.36 (compatible; Bytespider; spider-feedback@bytedance.com)"
147.185.132.52 - - [26/Nov/2024:03:10:01 +0100] "GET / HTTP/1.1" 200 423 "-" "Expanse, a Palo Alto Networks company, searches across the global IPv4 space multiple times per day to identify customers' presences on the Internet. If you would like to be excluded from our scans, please send IP addresses/domains to: scaninfo@paloaltonetworks.com"
79.1.166.124 - - [26/Nov/2024:03:16:23 +0100] "GET / HTTP/1.0" 200 423 "-" "-"
165.154.40.244 - - [26/Nov/2024:03:16:33 +0100] "GET / HTTP/1.1" 200 423 "-" "curl/7.29.0"
165.154.40.244 - - [26/Nov/2024:03:16:34 +0100] "\x16\x03\x01" 400 383 "-" "-"
165.154.40.244 - - [26/Nov/2024:03:16:35 +0100] "t3 12.1.2" 400 383 "-" "-"
118.194.250.232 - - [26/Nov/2024:03:16:47 +0100] "GET / HTTP/1.1" 200 274 "-" "Mozilla/5.0 (Macintosh; Intel Mac OS X 9_0) AppleWebKit/552.41 (KHTML, like Gecko) Chrome/103.0.614 Safari/537.36"
118.194.250.232 - - [26/Nov/2024:03:16:47 +0100] "GET /activities.ico HTTP/1.1" 200 1406 "-" "Go-http-client/1.1"
118.194.250.232 - - [26/Nov/2024:03:16:48 +0100] "GET /robots.txt HTTP/1.1" 404 284 "-" "Go-http-client/1.1"
118.194.250.232 - - [26/Nov/2024:03:16:48 +0100] "GET /sitemap.xml HTTP/1.1" 404 285 "-" "Go-http-client/1.1"
156.59.198.136 - - [26/Nov/2024:03:38:56 +0100] "GET /ed-test.activities.at/stats/lang/awstats-pt.txt HTTP/1.0" 404 306 "-" "Mozilla/5.0 (Linux; Android 5.0) AppleWebKit/537.36 (KHTML, like Gecko) Mobile Safari/537.36 (compatible; Bytespider; spider-feedback@bytedance.com)"
156.59.198.135 - - [26/Nov/2024:03:42:56 +0100] "GET /ed-test.activities.at/stats/lang/awstats-cz.txt HTTP/1.0" 404 307 "-" "Mozilla/5.0 (Linux; Android 5.0) AppleWebKit/537.36 (KHTML, like Gecko) Mobile Safari/537.36 (compatible; Bytespider; spider-feedback@bytedance.com)"
57.129.64.10 - - [26/Nov/2024:03:46:32 +0100] "GET / HTTP/1.1" 200 274 "-" "Mozilla/5.0 (compatible; ModatScanner/1.0; +https://modat.io/)"
156.59.198.136 - - [26/Nov/2024:03:46:56 +0100] "GET /ed-test.2web.at/stats/lang/awstats-en.txt HTTP/1.0" 404 302 "-" "Mozilla/5.0 (Linux; Android 5.0) AppleWebKit/537.36 (KHTML, like Gecko) Mobile Safari/537.36 (compatible; Bytespider; spider-feedback@bytedance.com)"
46.19.138.234 - - [26/Nov/2024:03:55:38 +0100] "GET / HTTP/1.1" 200 274 "-" "Mozilla/5.0 (Windows NT 10.0; Win64; x64) AppleWebKit/537.36 (KHTML, like Gecko) Chrome/90.0.4430.85 Safari/537.36 Edg/90.0.818.46"
194.50.16.198 - - [26/Nov/2024:04:23:52 +0100] "POST /boaform/admin/formLogin HTTP/1.1" 404 293 "http://212.69.160.11:80/admin/login.asp" "Mozilla/5.0 (X11; Ubuntu; Linux x86_64; rv:71.0) Gecko/20100101 Firefox/71.0"
195.178.110.57 - - [26/Nov/2024:04:30:09 +0100] "GET /.env HTTP/1.1" 404 280 "-" "Mozilla/5.0 (Macintosh; Intel Mac OS X 10_10_5) AppleWebKit/600.8.9 (KHTML, like Gecko) Version/8.0.8 Safari/600.8.9"
141.98.11.48 - - [26/Nov/2024:04:38:49 +0100] "GET /cgi-bin/luci/;stok=/locale HTTP/1.1" 404 371 "-" "Hello"
156.59.198.136 - - [26/Nov/2024:04:40:09 +0100] "GET /renault.activities.at/htdocs/binaries/10243625.pdf HTTP/1.0" 404 311 "-" "Mozilla/5.0 (Linux; Android 5.0) AppleWebKit/537.36 (KHTML, like Gecko) Mobile Safari/537.36 (compatible; Bytespider; spider-feedback@bytedance.com)"
156.59.198.135 - - [26/Nov/2024:04:44:09 +0100] "GET /renault.activities.at/htdocs/export/xml/data/orders/202107161703_RenOrder.xml HTTP/1.0" 404 329 "-" "Mozilla/5.0 (Linux; Android 5.0) AppleWebKit/537.36 (KHTML, like Gecko) Mobile Safari/537.36 (compatible; Bytespider; spider-feedback@bytedance.com)"
81.161.238.40 - - [26/Nov/2024:04:47:32 +0100] "GET /.env HTTP/1.1" 404 280 "-" "Mozilla/5.0 (iPad; CPU OS 12_4 like Mac OS X) AppleWebKit/605.1.15 (KHTML, like Gecko) Mobile/15E148 Flipboard/4.2.48"
81.161.238.40 - - [26/Nov/2024:04:47:41 +0100] "GET /.env HTTP/1.1" 404 280 "-" "Mozilla/5.0 (Macintosh; Intel Mac OS X 10_13_5) AppleWebKit/537.36 (KHTML, like Gecko) Chrome/76.0.3809.100 Safari/537.36"
156.59.198.135 - - [26/Nov/2024:04:48:09 +0100] "GET /ed-test.activities.at/stats/lang/awstats-lt.txt HTTP/1.0" 404 306 "-" "Mozilla/5.0 (Linux; Android 5.0) AppleWebKit/537.36 (KHTML, like Gecko) Mobile Safari/537.36 (compatible; Bytespider; spider-feedback@bytedance.com)"
156.59.198.136 - - [26/Nov/2024:04:56:10 +0100] "GET /ed-test.activities.at/stats/lang/awstats-id.txt HTTP/1.0" 404 306 "-" "Mozilla/5.0 (Linux; Android 5.0) AppleWebKit/537.36 (KHTML, like Gecko) Mobile Safari/537.36 (compatible; Bytespider; spider-feedback@bytedance.com)"
95.214.53.202 - - [26/Nov/2024:05:06:49 +0100] "GET / HTTP/1.1" 200 423 "-" "-"
35.187.27.99 - - [26/Nov/2024:05:09:38 +0100] "GET / HTTP/1.1" 200 274 "-" "python-requests/2.32.3"
141.98.11.48 - - [26/Nov/2024:05:12:37 +0100] "GET /cgi-bin/luci/;stok=/locale HTTP/1.1" 404 371 "-" "Hello"
156.59.198.135 - - [26/Nov/2024:05:19:42 +0100] "GET /renault.activities.at/htdocs/binaries/10204335.pdf HTTP/1.0" 404 311 "-" "Mozilla/5.0 (Linux; Android 5.0) AppleWebKit/537.36 (KHTML, like Gecko) Mobile Safari/537.36 (compatible; Bytespider; spider-feedback@bytedance.com)"
156.59.198.136 - - [26/Nov/2024:05:23:42 +0100] "GET /renault.activities.at/htdocs/binaries/10228523.pdf HTTP/1.0" 404 311 "-" "Mozilla/5.0 (Linux; Android 5.0) AppleWebKit/537.36 (KHTML, like Gecko) Mobile Safari/537.36 (compatible; Bytespider; spider-feedback@bytedance.com)"
47.128.123.146 - - [26/Nov/2024:05:27:44 +0100] "GET /robots.txt HTTP/1.1" 404 284 "-" "Mozilla/5.0 (Linux; Android 5.0) AppleWebKit/537.36 (KHTML, like Gecko) Mobile Safari/537.36 (compatible; Bytespider; spider-feedback@bytedance.com)"
205.210.31.57 - - [26/Nov/2024:05:33:03 +0100] "GET / HTTP/1.1" 200 274 "-" "Expanse, a Palo Alto Networks company, searches across the global IPv4 space multiple times per day to identify customers' presences on the Internet. If you would like to be excluded from our scans, please send IP addresses/domains to: scaninfo@paloaltonetworks.com"
47.128.17.33 - - [26/Nov/2024:05:39:45 +0100] "GET /robots.txt HTTP/1.1" 404 284 "-" "Mozilla/5.0 (Linux; Android 5.0) AppleWebKit/537.36 (KHTML, like Gecko) Mobile Safari/537.36 (compatible; Bytespider; spider-feedback@bytedance.com)"
154.213.187.20 - - [26/Nov/2024:05:50:03 +0100] "POST /boaform/admin/formLogin HTTP/1.1" 404 293 "http://212.69.160.11:80/admin/login.asp" "Mozilla/5.0 (X11; Ubuntu; Linux x86_64; rv:71.0) Gecko/20100101 Firefox/71.0"
156.59.198.135 - - [26/Nov/2024:05:51:47 +0100] "GET /renault.activities.at/htdocs/binaries/10047528.pdf HTTP/1.0" 404 311 "-" "Mozilla/5.0 (Linux; Android 5.0) AppleWebKit/537.36 (KHTML, like Gecko) Mobile Safari/537.36 (compatible; Bytespider; spider-feedback@bytedance.com)"
109.194.243.115 - - [26/Nov/2024:05:57:06 +0100] "GET / HTTP/1.0" 200 423 "-" "Mozilla/5.0 (Windows NT 10.0; Win64; x64) AppleWebKit/537.36 (KHTML, like Gecko) Chrome/118.0.0.0 Safari/537.36"
156.59.198.136 - - [26/Nov/2024:06:06:29 +0100] "GET /ed-test.2web.at/stats/lang/awstats-sk.txt HTTP/1.0" 404 303 "-" "Mozilla/5.0 (Linux; Android 5.0) AppleWebKit/537.36 (KHTML, like Gecko) Mobile Safari/537.36 (compatible; Bytespider; spider-feedback@bytedance.com)"
156.59.198.135 - - [26/Nov/2024:06:10:30 +0100] "GET /ed-test.2web.at/stats/lang/awstats-br.txt HTTP/1.0" 404 302 "-" "Mozilla/5.0 (Linux; Android 5.0) AppleWebKit/537.36 (KHTML, like Gecko) Mobile Safari/537.36 (compatible; Bytespider; spider-feedback@bytedance.com)"
114.35.40.76 - - [26/Nov/2024:06:13:11 +0100] "GET / HTTP/1.0" 200 423 "-" "Mozilla/5.0 (Linux; U; Android 4.0.3; ko-kr; LG-L160L Build/IML74K) AppleWebkit/534.30 (KHTML, like Gecko) Version/4.0 Mobile Safari/534.30"
199.45.154.126 - - [26/Nov/2024:06:15:13 +0100] "GET / HTTP/1.1" 200 423 "-" "-"
199.45.154.126 - - [26/Nov/2024:06:15:18 +0100] "GET / HTTP/1.1" 200 274 "-" "Mozilla/5.0 (compatible; CensysInspect/1.1; +https://about.censys.io/)"
199.45.154.126 - - [26/Nov/2024:06:15:19 +0100] "GET /activities.ico HTTP/1.1" 200 1406 "-" "Mozilla/5.0 (compatible; CensysInspect/1.1; +https://about.censys.io/)"
199.45.154.126 - - [26/Nov/2024:06:15:20 +0100] "GET /favicon.ico HTTP/1.1" 404 284 "-" "Mozilla/5.0 (compatible; CensysInspect/1.1; +https://about.censys.io/)"
199.45.154.126 - - [26/Nov/2024:06:15:22 +0100] "PRI * HTTP/2.0" 400 383 "-" "-"
156.59.198.135 - - [26/Nov/2024:06:21:19 +0100] "GET /renault.activities.at/htdocs/export/xml/data/orders/202007201703_RenOrder.xml HTTP/1.0" 404 329 "-" "Mozilla/5.0 (Linux; Android 5.0) AppleWebKit/537.36 (KHTML, like Gecko) Mobile Safari/537.36 (compatible; Bytespider; spider-feedback@bytedance.com)"
185.242.226.10 - - [26/Nov/2024:06:25:13 +0100] "GET / HTTP/1.1" 200 274 "-" "Mozilla/5.0 (Windows NT 10.0; Win64; x64) AppleWebKit/537.36 (KHTML, like Gecko) Chrome/88.0.4324.190 Safari/537.36"
156.59.198.135 - - [26/Nov/2024:06:25:20 +0100] "GET /ed-test.2web.at/stats/lang/awstats-ca.txt HTTP/1.0" 404 302 "-" "Mozilla/5.0 (Linux; Android 5.0) AppleWebKit/537.36 (KHTML, like Gecko) Mobile Safari/537.36 (compatible; Bytespider; spider-feedback@bytedance.com)"
152.42.136.45 - - [26/Nov/2024:06:26:32 +0100] "GET / HTTP/1.1" 200 423 "-" "Mozilla/5.0 (Windows NT 10.0; Win64; x64; rv:109.0) Gecko/20100101 Firefox/118.0"
156.59.198.135 - - [26/Nov/2024:06:29:19 +0100] "GET /renault.2web.at/htdocs/binaries/10009029.pdf HTTP/1.0" 404 307 "-" "Mozilla/5.0 (Linux; Android 5.0) AppleWebKit/537.36 (KHTML, like Gecko) Mobile Safari/537.36 (compatible; Bytespider; spider-feedback@bytedance.com)"
156.59.198.136 - - [26/Nov/2024:06:33:20 +0100] "GET /ed-test.2web.at/stats/lang/awstats-ar.txt HTTP/1.0" 404 302 "-" "Mozilla/5.0 (Linux; Android 5.0) AppleWebKit/537.36 (KHTML, like Gecko) Mobile Safari/537.36 (compatible; Bytespider; spider-feedback@bytedance.com)"
156.59.198.136 - - [26/Nov/2024:06:37:20 +0100] "GET /ed-test.2web.at/stats/lang/awstats-nl.txt HTTP/1.0" 404 302 "-" "Mozilla/5.0 (Linux; Android 5.0) AppleWebKit/537.36 (KHTML, like Gecko) Mobile Safari/537.36 (compatible; Bytespider; spider-feedback@bytedance.com)"
185.191.126.248 - - [26/Nov/2024:06:40:26 +0100] "GET / HTTP/1.1" 200 423 "-" "-"
156.59.198.136 - - [26/Nov/2024:06:41:20 +0100] "GET /renault.activities.at/htdocs/export/xml/data/orders/202107081103_RenOrder.xml HTTP/1.0" 404 329 "-" "Mozilla/5.0 (Linux; Android 5.0) AppleWebKit/537.36 (KHTML, like Gecko) Mobile Safari/537.36 (compatible; Bytespider; spider-feedback@bytedance.com)"
87.120.115.119 - - [26/Nov/2024:06:54:34 +0100] "GET /.git/config HTTP/1.1" 404 285 "-" "Mozilla/5.0 (Macintosh; Intel Mac OS X 10_14_4) AppleWebKit/537.36 (KHTML, like Gecko) Chrome/76.0.3809.87 Safari/537.36"
18.130.68.15 - - [26/Nov/2024:07:05:44 +0100] "\xed\xd5\x144\xc9]\xc7\x14`\x10\x04\xb0\x8e" 400 383 "-" "-"
95.214.55.43 - - [26/Nov/2024:07:25:11 +0100] "GET / HTTP/1.1" 200 274 "-" "Mozilla/5.0 (Windows NT 10.0; Win64; x64) AppleWebKit/537.36 (KHTML, like Gecko) Chrome/90.0.4430.85 Safari/537.36 Edg/90.0.818.46"
194.50.16.198 - - [26/Nov/2024:07:26:20 +0100] "GET / HTTP/1.1" 200 423 "-" "Linux Gnu (cow)"
173.252.83.12 - - [26/Nov/2024:07:32:18 +0100] "GET /cron.php?cron_type=tidy_warnings&%3Bsid=88769a54b096d915e34ac466b10d2992 HTTP/1.1" 404 364 "-" "meta-externalagent/1.1 (+https://developers.facebook.com/docs/sharing/webmasters/crawler)"
156.59.198.135 - - [26/Nov/2024:07:37:57 +0100] "GET /ed-test.2web.at/stats/lang/awstats-se.txt HTTP/1.0" 404 302 "-" "Mozilla/5.0 (Linux; Android 5.0) AppleWebKit/537.36 (KHTML, like Gecko) Mobile Safari/537.36 (compatible; Bytespider; spider-feedback@bytedance.com)"
156.59.198.135 - - [26/Nov/2024:07:41:58 +0100] "GET /ed-test.activities.at/stats/lang/awstats-gl.txt HTTP/1.0" 404 306 "-" "Mozilla/5.0 (Linux; Android 5.0) AppleWebKit/537.36 (KHTML, like Gecko) Mobile Safari/537.36 (compatible; Bytespider; spider-feedback@bytedance.com)"
156.59.198.135 - - [26/Nov/2024:07:45:58 +0100] "GET /renault.activities.at/htdocs/binaries/10017492.pdf HTTP/1.0" 404 311 "-" "Mozilla/5.0 (Linux; Android 5.0) AppleWebKit/537.36 (KHTML, like Gecko) Mobile Safari/537.36 (compatible; Bytespider; spider-feedback@bytedance.com)"
156.59.198.136 - - [26/Nov/2024:07:49:58 +0100] "GET /renault.activities.at/htdocs/export/xml/data/orders/202111241503_RenOrder.xml HTTP/1.0" 404 329 "-" "Mozilla/5.0 (Linux; Android 5.0) AppleWebKit/537.36 (KHTML, like Gecko) Mobile Safari/537.36 (compatible; Bytespider; spider-feedback@bytedance.com)"
156.59.198.136 - - [26/Nov/2024:07:57:59 +0100] "GET /ed-test.2web.at/stats/lang/awstats-ba.txt HTTP/1.0" 404 302 "-" "Mozilla/5.0 (Linux; Android 5.0) AppleWebKit/537.36 (KHTML, like Gecko) Mobile Safari/537.36 (compatible; Bytespider; spider-feedback@bytedance.com)"
156.59.198.135 - - [26/Nov/2024:08:01:59 +0100] "GET /renault.activities.at/htdocs/export/xml/data/orders/201911221103_RenOrder.xml HTTP/1.0" 404 328 "-" "Mozilla/5.0 (Linux; Android 5.0) AppleWebKit/537.36 (KHTML, like Gecko) Mobile Safari/537.36 (compatible; Bytespider; spider-feedback@bytedance.com)"
195.178.110.57 - - [26/Nov/2024:08:08:48 +0100] "GET /.env HTTP/1.1" 404 280 "-" "LG-GC900/V10a Obigo/WAP2.0 Profile/MIDP-2.1 Configuration/CLDC-1.1"
195.178.110.57 - - [26/Nov/2024:08:09:49 +0100] "GET /.env HTTP/1.1" 404 280 "-" "Mozilla/5.0 (X11; OpenBSD amd64; rv:30.0) Gecko/20100101 Firefox/30.0"
95.214.53.202 - - [26/Nov/2024:08:09:58 +0100] "GET / HTTP/1.1" 200 423 "-" "-"
156.59.198.135 - - [26/Nov/2024:08:18:00 +0100] "GET /renault.activities.at/htdocs/export/xml/data/orders/202105071303_RenOrder.xml HTTP/1.0" 404 330 "-" "Mozilla/5.0 (Linux; Android 5.0) AppleWebKit/537.36 (KHTML, like Gecko) Mobile Safari/537.36 (compatible; Bytespider; spider-feedback@bytedance.com)"
194.50.16.198 - - [26/Nov/2024:08:21:07 +0100] "GET /cgi-bin/index.cgi HTTP/1.1" 404 362 "-" "-"
185.191.126.248 - - [26/Nov/2024:08:21:44 +0100] "GET / HTTP/1.1" 200 423 "-" "-"
141.98.11.48 - - [26/Nov/2024:08:27:42 +0100] "GET /cgi-bin/luci/;stok=/locale HTTP/1.1" 404 371 "-" "Hello"
109.194.243.115 - - [26/Nov/2024:08:33:31 +0100] "GET / HTTP/1.0" 200 423 "-" "Mozilla/5.0 (Windows NT 10.0; Win64; x64) AppleWebKit/537.36 (KHTML, like Gecko) Chrome/118.0.0.0 Safari/537.36"
34.79.160.230 - - [26/Nov/2024:08:37:52 +0100] "GET / HTTP/1.1" 200 274 "-" "python-requests/2.32.3"
156.59.198.135 - - [26/Nov/2024:08:47:45 +0100] "GET /renault.activities.at/htdocs/export/xml/data/orders/202103151303_RenOrder.xml HTTP/1.0" 404 329 "-" "Mozilla/5.0 (Linux; Android 5.0) AppleWebKit/537.36 (KHTML, like Gecko) Mobile Safari/537.36 (compatible; Bytespider; spider-feedback@bytedance.com)"
156.59.198.135 - - [26/Nov/2024:08:51:46 +0100] "GET /renault.activities.at/htdocs/export/xml/data/orders/202005111703_RenOrder.xml HTTP/1.0" 404 329 "-" "Mozilla/5.0 (Linux; Android 5.0) AppleWebKit/537.36 (KHTML, like Gecko) Mobile Safari/537.36 (compatible; Bytespider; spider-feedback@bytedance.com)"
156.59.198.136 - - [26/Nov/2024:08:55:45 +0100] "GET /renault.activities.at/htdocs/export/xml/data/orders/202010151303_RenOrder.xml HTTP/1.0" 404 328 "-" "Mozilla/5.0 (Linux; Android 5.0) AppleWebKit/537.36 (KHTML, like Gecko) Mobile Safari/537.36 (compatible; Bytespider; spider-feedback@bytedance.com)"
92.249.48.208 - - [26/Nov/2024:09:05:45 +0100] "GET / HTTP/1.1" 400 383 "-" "curl/7.68.0"
141.98.11.48 - - [26/Nov/2024:09:23:31 +0100] "GET /cgi-bin/luci/;stok=/locale HTTP/1.1" 404 371 "-" "Hello"
51.8.220.45 - - [26/Nov/2024:09:24:27 +0100] "GET / HTTP/1.1" 200 274 "-" "Mozilla/5.0 zgrab/0.x"
109.194.243.115 - - [26/Nov/2024:09:25:41 +0100] "GET / HTTP/1.0" 200 423 "http://coffeenostra.castlegem.co.uk/" "Mozilla/5.0 (Windows NT 10.0; Win64; x64) AppleWebKit/537.36 (KHTML, like Gecko) Chrome/103.0.5060.134 Safari/537.36"
35.203.211.117 - - [26/Nov/2024:09:29:57 +0100] "GET / HTTP/1.1" 200 274 "-" "Expanse, a Palo Alto Networks company, searches across the global IPv4 space multiple times per day to identify customers' presences on the Internet. If you would like to be excluded from our scans, please send IP addresses/domains to: scaninfo@paloaltonetworks.com"
95.214.55.79 - - [26/Nov/2024:09:35:44 +0100] "GET / HTTP/1.1" 200 274 "-" "Mozilla/5.0 (Windows NT 10.0; Win64; x64) AppleWebKit/537.36 (KHTML, like Gecko) Chrome/90.0.4430.85 Safari/537.36 Edg/90.0.818.46"
156.59.198.136 - - [26/Nov/2024:09:41:06 +0100] "GET /renault.activities.at/htdocs/export/xml/data/orders/202109081403_RenOrder.xml HTTP/1.0" 404 329 "-" "Mozilla/5.0 (Linux; Android 5.0) AppleWebKit/537.36 (KHTML, like Gecko) Mobile Safari/537.36 (compatible; Bytespider; spider-feedback@bytedance.com)"
156.59.198.135 - - [26/Nov/2024:09:45:07 +0100] "GET /renault.activities.at/htdocs/ewp/ew_includes/popups/ew_images/toolbar/document_background.gif HTTP/1.0" 404 338 "-" "Mozilla/5.0 (Linux; Android 5.0) AppleWebKit/537.36 (KHTML, like Gecko) Mobile Safari/537.36 (compatible; Bytespider; spider-feedback@bytedance.com)"
94.102.49.190 - - [26/Nov/2024:09:48:33 +0100] "GET / HTTP/1.1" 200 423 "-" "Mozilla/5.0 (Windows NT 6.1) AppleWebKit/537.36 (KHTML, like Gecko) Chrome/41.0.2228.0 Safari/537.36"
94.102.49.190 - - [26/Nov/2024:09:48:33 +0100] "GET /robots.txt HTTP/1.1" 404 355 "-" "-"
94.102.49.190 - - [26/Nov/2024:09:48:34 +0100] "GET /sitemap.xml HTTP/1.1" 404 356 "-" "-"
94.102.49.190 - - [26/Nov/2024:09:48:35 +0100] "GET /.well-known/security.txt HTTP/1.1" 404 369 "-" "-"
94.102.49.190 - - [26/Nov/2024:09:48:43 +0100] "GET /activities.ico HTTP/1.1" 200 1406 "-" "Mozilla/5.0 (Windows NT 10.0; Win64; x64) AppleWebKit/537.36 (KHTML, like Gecko) Chrome/102.0.5005.63 Safari/537.36"
156.59.198.136 - - [26/Nov/2024:09:50:47 +0100] "GET /renault.activities.at/htdocs/binaries/10135517.pdf HTTP/1.0" 404 312 "-" "Mozilla/5.0 (Linux; Android 5.0) AppleWebKit/537.36 (KHTML, like Gecko) Mobile Safari/537.36 (compatible; Bytespider; spider-feedback@bytedance.com)"
194.50.16.198 - - [26/Nov/2024:10:15:48 +0100] "GET /cgi-bin/index.html HTTP/1.1" 404 363 "-" "-"
195.178.110.57 - - [26/Nov/2024:10:16:35 +0100] "GET /.git/config HTTP/1.1" 404 285 "-" "Mozilla/4.0 (compatible; MSIE 7.0; Windows NT 6.0; Trident/4.0)"
156.59.198.136 - - [26/Nov/2024:10:17:55 +0100] "GET /renault.2web.at/htdocs/binaries/10442911.pdf HTTP/1.0" 404 307 "-" "Mozilla/5.0 (Linux; Android 5.0) AppleWebKit/537.36 (KHTML, like Gecko) Mobile Safari/537.36 (compatible; Bytespider; spider-feedback@bytedance.com)"
178.115.42.220 - - [26/Nov/2024:10:21:34 +0100] "GET /layout.php HTTP/1.1" 200 815 "-" "Mozilla/5.0 (Windows NT 10.0; Win64; x64; rv:132.0) Gecko/20100101 Firefox/132.0"
178.115.42.220 - - [26/Nov/2024:10:21:34 +0100] "GET /gui/javascript/form_form.js HTTP/1.1" 200 16206 "http://hausegger.activities.at/layout.php" "Mozilla/5.0 (Windows NT 10.0; Win64; x64; rv:132.0) Gecko/20100101 Firefox/132.0"
178.115.42.220 - - [26/Nov/2024:10:21:34 +0100] "GET /activities.ico HTTP/1.1" 200 1406 "http://hausegger.activities.at/layout.php" "Mozilla/5.0 (Windows NT 10.0; Win64; x64; rv:132.0) Gecko/20100101 Firefox/132.0"
178.115.42.220 - - [26/Nov/2024:10:21:34 +0100] "GET /entry.php?id=10270 HTTP/1.1" 200 909 "http://hausegger.activities.at/layout.php" "Mozilla/5.0 (Windows NT 10.0; Win64; x64; rv:132.0) Gecko/20100101 Firefox/132.0"
178.115.42.220 - - [26/Nov/2024:10:21:34 +0100] "GET /entry.php?id=10273 HTTP/1.1" 200 1902 "http://hausegger.activities.at/layout.php" "Mozilla/5.0 (Windows NT 10.0; Win64; x64; rv:132.0) Gecko/20100101 Firefox/132.0"
178.115.42.220 - - [26/Nov/2024:10:21:34 +0100] "GET /entry.php?id=10272 HTTP/1.1" 200 1159 "http://hausegger.activities.at/layout.php" "Mozilla/5.0 (Windows NT 10.0; Win64; x64; rv:132.0) Gecko/20100101 Firefox/132.0"
178.115.42.220 - - [26/Nov/2024:10:21:34 +0100] "GET /gui/javascript/jquery/css/gui-themes/jquery.tooltip.css HTTP/1.1" 200 246 "http://hausegger.activities.at/entry.php?id=10270" "Mozilla/5.0 (Windows NT 10.0; Win64; x64; rv:132.0) Gecko/20100101 Firefox/132.0"
178.115.42.220 - - [26/Nov/2024:10:21:34 +0100] "GET /gui/javascript/jquery/jquery-tooltip/jquery.tooltip.min.js HTTP/1.1" 200 1982 "http://hausegger.activities.at/entry.php?id=10270" "Mozilla/5.0 (Windows NT 10.0; Win64; x64; rv:132.0) Gecko/20100101 Firefox/132.0"
178.115.42.220 - - [26/Nov/2024:10:21:34 +0100] "GET /entry.php?id=11412 HTTP/1.1" 200 1759 "http://hausegger.activities.at/layout.php" "Mozilla/5.0 (Windows NT 10.0; Win64; x64; rv:132.0) Gecko/20100101 Firefox/132.0"
178.115.42.220 - - [26/Nov/2024:10:21:34 +0100] "GET /gui/javascript/jquery/css/gui-themes/custom.min.css HTTP/1.1" 200 5618 "http://hausegger.activities.at/entry.php?id=10270" "Mozilla/5.0 (Windows NT 10.0; Win64; x64; rv:132.0) Gecko/20100101 Firefox/132.0"
178.115.42.220 - - [26/Nov/2024:10:21:34 +0100] "GET /gui/javascript/jquery/css/gui-themes/ui.spinner.css HTTP/1.1" 200 350 "http://hausegger.activities.at/entry.php?id=10270" "Mozilla/5.0 (Windows NT 10.0; Win64; x64; rv:132.0) Gecko/20100101 Firefox/132.0"
178.115.42.220 - - [26/Nov/2024:10:21:34 +0100] "GET /gui/javascript/jquery/js/jquery-ui-1.9.0.custom.min.js HTTP/1.1" 200 51286 "http://hausegger.activities.at/entry.php?id=10270" "Mozilla/5.0 (Windows NT 10.0; Win64; x64; rv:132.0) Gecko/20100101 Firefox/132.0"
178.115.42.220 - - [26/Nov/2024:10:21:34 +0100] "GET /gui/javascript/jquery/js/jquery-1.8.2.js HTTP/1.1" 200 35391 "http://hausegger.activities.at/entry.php?id=10270" "Mozilla/5.0 (Windows NT 10.0; Win64; x64; rv:132.0) Gecko/20100101 Firefox/132.0"
178.115.42.220 - - [26/Nov/2024:10:21:34 +0100] "GET /framework/webfx/style/toolbar/cb2.css HTTP/1.1" 200 793 "http://hausegger.activities.at/entry.php?id=10273" "Mozilla/5.0 (Windows NT 10.0; Win64; x64; rv:132.0) Gecko/20100101 Firefox/132.0"
178.115.42.220 - - [26/Nov/2024:10:21:34 +0100] "GET /framework/webfx/javascript/toolbar/ieemu.js HTTP/1.1" 200 2366 "http://hausegger.activities.at/entry.php?id=10273" "Mozilla/5.0 (Windows NT 10.0; Win64; x64; rv:132.0) Gecko/20100101 Firefox/132.0"
178.115.42.220 - - [26/Nov/2024:10:21:34 +0100] "GET /gui/javascript/form_form.js?1732612894 HTTP/1.1" 200 16206 "http://hausegger.activities.at/entry.php?id=10270" "Mozilla/5.0 (Windows NT 10.0; Win64; x64; rv:132.0) Gecko/20100101 Firefox/132.0"
178.115.42.220 - - [26/Nov/2024:10:21:34 +0100] "GET /framework/webfx/javascript/toolbar/cb2.js HTTP/1.1" 200 1686 "http://hausegger.activities.at/entry.php?id=10273" "Mozilla/5.0 (Windows NT 10.0; Win64; x64; rv:132.0) Gecko/20100101 Firefox/132.0"
178.115.42.220 - - [26/Nov/2024:10:21:34 +0100] "GET /gui/styles/tmplDefault.css HTTP/1.1" 200 2135 "http://hausegger.activities.at/entry.php?id=10272" "Mozilla/5.0 (Windows NT 10.0; Win64; x64; rv:132.0) Gecko/20100101 Firefox/132.0"
178.115.42.220 - - [26/Nov/2024:10:21:34 +0100] "GET /framework/webfx/javascript/statusbar/statusBar.js HTTP/1.1" 200 649 "http://hausegger.activities.at/entry.php?id=10272" "Mozilla/5.0 (Windows NT 10.0; Win64; x64; rv:132.0) Gecko/20100101 Firefox/132.0"
178.115.42.220 - - [26/Nov/2024:10:21:34 +0100] "GET /gui/images/icons/Logo_activites_RGB.gif HTTP/1.1" 200 1336 "http://hausegger.activities.at/entry.php?id=10273" "Mozilla/5.0 (Windows NT 10.0; Win64; x64; rv:132.0) Gecko/20100101 Firefox/132.0"
178.115.42.220 - - [26/Nov/2024:10:21:34 +0100] "GET /gui/images/icons/cancel.gif HTTP/1.1" 200 125 "http://hausegger.activities.at/entry.php?id=11412" "Mozilla/5.0 (Windows NT 10.0; Win64; x64; rv:132.0) Gecko/20100101 Firefox/132.0"
178.115.42.220 - - [26/Nov/2024:10:21:34 +0100] "GET /gui/images/emptybar.gif HTTP/1.1" 200 89 "http://hausegger.activities.at/entry.php?id=10272" "Mozilla/5.0 (Windows NT 10.0; Win64; x64; rv:132.0) Gecko/20100101 Firefox/132.0"
178.115.42.220 - - [26/Nov/2024:10:21:34 +0100] "GET /entry.php?id=10271& HTTP/1.1" 200 934 "http://hausegger.activities.at/entry.php?id=10272" "Mozilla/5.0 (Windows NT 10.0; Win64; x64; rv:132.0) Gecko/20100101 Firefox/132.0"
178.115.42.220 - - [26/Nov/2024:10:21:34 +0100] "GET /entry.php?id=10287 HTTP/1.1" 200 2386 "http://hausegger.activities.at/entry.php?id=11412" "Mozilla/5.0 (Windows NT 10.0; Win64; x64; rv:132.0) Gecko/20100101 Firefox/132.0"
178.115.42.220 - - [26/Nov/2024:10:21:35 +0100] "GET /gui/javascript/form_form.js?1732612895 HTTP/1.1" 200 16206 "http://hausegger.activities.at/entry.php?id=10287" "Mozilla/5.0 (Windows NT 10.0; Win64; x64; rv:132.0) Gecko/20100101 Firefox/132.0"
178.115.42.220 - - [26/Nov/2024:10:21:35 +0100] "GET /entry.php?id=10270& HTTP/1.1" 200 909 "http://hausegger.activities.at/entry.php?id=10287" "Mozilla/5.0 (Windows NT 10.0; Win64; x64; rv:132.0) Gecko/20100101 Firefox/132.0"
178.115.42.220 - - [26/Nov/2024:10:21:35 +0100] "GET /entry.php?id=10273& HTTP/1.1" 200 1903 "http://hausegger.activities.at/entry.php?id=10287" "Mozilla/5.0 (Windows NT 10.0; Win64; x64; rv:132.0) Gecko/20100101 Firefox/132.0"
178.115.42.220 - - [26/Nov/2024:10:21:39 +0100] "GET /gui/images/progressbar.gif HTTP/1.1" 200 2157 "http://hausegger.activities.at/entry.php?id=10272" "Mozilla/5.0 (Windows NT 10.0; Win64; x64; rv:132.0) Gecko/20100101 Firefox/132.0"
156.59.198.136 - - [26/Nov/2024:10:21:55 +0100] "GET /renault.activities.at/htdocs/export/xml/data/orders/201910291203_RenOrder.xml HTTP/1.0" 404 329 "-" "Mozilla/5.0 (Linux; Android 5.0) AppleWebKit/537.36 (KHTML, like Gecko) Mobile Safari/537.36 (compatible; Bytespider; spider-feedback@bytedance.com)"
141.98.11.48 - - [26/Nov/2024:10:22:32 +0100] "GET /cgi-bin/luci/;stok=/locale HTTP/1.1" 404 371 "-" "Hello"
178.115.42.220 - - [26/Nov/2024:10:21:39 +0100] "POST /entry.php?id=10287& HTTP/1.1" 200 1968 "http://hausegger.activities.at/entry.php?id=10287" "Mozilla/5.0 (Windows NT 10.0; Win64; x64; rv:132.0) Gecko/20100101 Firefox/132.0"
178.115.42.220 - - [26/Nov/2024:10:22:42 +0100] "GET /gui/javascript/form_form.js?1732612962 HTTP/1.1" 200 16206 "http://hausegger.activities.at/entry.php?id=10287&" "Mozilla/5.0 (Windows NT 10.0; Win64; x64; rv:132.0) Gecko/20100101 Firefox/132.0"
178.115.42.220 - - [26/Nov/2024:10:22:43 +0100] "GET /entry.php?id=10273& HTTP/1.1" 200 2012 "http://hausegger.activities.at/entry.php?id=10287&" "Mozilla/5.0 (Windows NT 10.0; Win64; x64; rv:132.0) Gecko/20100101 Firefox/132.0"
178.115.42.220 - - [26/Nov/2024:10:22:43 +0100] "GET /gui/javascript/form_form.js?1732612963 HTTP/1.1" 200 16206 "http://hausegger.activities.at/entry.php?id=10273&" "Mozilla/5.0 (Windows NT 10.0; Win64; x64; rv:132.0) Gecko/20100101 Firefox/132.0"
178.115.42.220 - - [26/Nov/2024:10:22:43 +0100] "GET /entry.php?id=10271& HTTP/1.1" 200 987 "http://hausegger.activities.at/entry.php?id=10272" "Mozilla/5.0 (Windows NT 10.0; Win64; x64; rv:132.0) Gecko/20100101 Firefox/132.0"
178.115.42.220 - - [26/Nov/2024:10:22:43 +0100] "GET /entry.php?id=10270&__app__=10006038 HTTP/1.1" 200 2231 "http://hausegger.activities.at/entry.php?id=10273&" "Mozilla/5.0 (Windows NT 10.0; Win64; x64; rv:132.0) Gecko/20100101 Firefox/132.0"
178.115.42.220 - - [26/Nov/2024:10:22:43 +0100] "GET /framework/webfx/javascript/navigation/crossbrowser.js HTTP/1.1" 200 1842 "http://hausegger.activities.at/entry.php?id=10270&__app__=10006038" "Mozilla/5.0 (Windows NT 10.0; Win64; x64; rv:132.0) Gecko/20100101 Firefox/132.0"
178.115.42.220 - - [26/Nov/2024:10:22:43 +0100] "GET /framework/webfx/javascript/navigation/outlook.js HTTP/1.1" 200 6351 "http://hausegger.activities.at/entry.php?id=10270&__app__=10006038" "Mozilla/5.0 (Windows NT 10.0; Win64; x64; rv:132.0) Gecko/20100101 Firefox/132.0"
178.115.42.220 - - [26/Nov/2024:10:22:43 +0100] "GET /gui/images/icons/pers_einstellungen.gif HTTP/1.1" 200 1461 "http://hausegger.activities.at/entry.php?id=10270&__app__=10006038" "Mozilla/5.0 (Windows NT 10.0; Win64; x64; rv:132.0) Gecko/20100101 Firefox/132.0"
178.115.42.220 - - [26/Nov/2024:10:22:43 +0100] "GET /gui/images/icons/lagerstandorte.gif HTTP/1.1" 200 2079 "http://hausegger.activities.at/entry.php?id=10270&__app__=10006038" "Mozilla/5.0 (Windows NT 10.0; Win64; x64; rv:132.0) Gecko/20100101 Firefox/132.0"
178.115.42.220 - - [26/Nov/2024:10:22:43 +0100] "GET /gui/images/icons/i_resourcenverwaltung.gif HTTP/1.1" 200 2102 "http://hausegger.activities.at/entry.php?id=10270&__app__=10006038" "Mozilla/5.0 (Windows NT 10.0; Win64; x64; rv:132.0) Gecko/20100101 Firefox/132.0"
178.115.42.220 - - [26/Nov/2024:10:22:43 +0100] "GET /gui/images/icons/default_item.gif HTTP/1.1" 200 1091 "http://hausegger.activities.at/entry.php?id=10270&__app__=10006038" "Mozilla/5.0 (Windows NT 10.0; Win64; x64; rv:132.0) Gecko/20100101 Firefox/132.0"
178.115.42.220 - - [26/Nov/2024:10:22:43 +0100] "GET /gui/images/icons/lager.gif HTTP/1.1" 200 1503 "http://hausegger.activities.at/entry.php?id=10270&__app__=10006038" "Mozilla/5.0 (Windows NT 10.0; Win64; x64; rv:132.0) Gecko/20100101 Firefox/132.0"
178.115.42.220 - - [26/Nov/2024:10:22:43 +0100] "GET /gui/images/icons/i_lagertransaktion.gif HTTP/1.1" 200 2008 "http://hausegger.activities.at/entry.php?id=10270&__app__=10006038" "Mozilla/5.0 (Windows NT 10.0; Win64; x64; rv:132.0) Gecko/20100101 Firefox/132.0"
178.115.42.220 - - [26/Nov/2024:10:22:43 +0100] "GET /gui/images/icons/grundlagen.gif HTTP/1.1" 200 563 "http://hausegger.activities.at/entry.php?id=10270&__app__=10006038" "Mozilla/5.0 (Windows NT 10.0; Win64; x64; rv:132.0) Gecko/20100101 Firefox/132.0"
178.115.42.220 - - [26/Nov/2024:10:22:43 +0100] "GET /gui/images/icons/i_artikel.gif HTTP/1.1" 200 1765 "http://hausegger.activities.at/entry.php?id=10270&__app__=10006038" "Mozilla/5.0 (Windows NT 10.0; Win64; x64; rv:132.0) Gecko/20100101 Firefox/132.0"
178.115.42.220 - - [26/Nov/2024:10:22:43 +0100] "GET /gui/images/icons/i_artikelgruppen.gif HTTP/1.1" 200 1538 "http://hausegger.activities.at/entry.php?id=10270&__app__=10006038" "Mozilla/5.0 (Windows NT 10.0; Win64; x64; rv:132.0) Gecko/20100101 Firefox/132.0"
178.115.42.220 - - [26/Nov/2024:10:22:43 +0100] "GET /gui/images/icons/rechnungswesen_einstellungen.gif HTTP/1.1" 200 2068 "http://hausegger.activities.at/entry.php?id=10270&__app__=10006038" "Mozilla/5.0 (Windows NT 10.0; Win64; x64; rv:132.0) Gecko/20100101 Firefox/132.0"
178.115.42.220 - - [26/Nov/2024:10:22:43 +0100] "GET /gui/images/icons/i_einzelbestellung.gif HTTP/1.1" 200 1756 "http://hausegger.activities.at/entry.php?id=10270&__app__=10006038" "Mozilla/5.0 (Windows NT 10.0; Win64; x64; rv:132.0) Gecko/20100101 Firefox/132.0"
178.115.42.220 - - [26/Nov/2024:10:22:43 +0100] "GET /gui/images/icons/i_aktionen.gif HTTP/1.1" 200 1920 "http://hausegger.activities.at/entry.php?id=10270&__app__=10006038" "Mozilla/5.0 (Windows NT 10.0; Win64; x64; rv:132.0) Gecko/20100101 Firefox/132.0"
178.115.42.220 - - [26/Nov/2024:10:22:43 +0100] "GET /gui/images/icons/person.png HTTP/1.1" 200 25192 "http://hausegger.activities.at/entry.php?id=10270&__app__=10006038" "Mozilla/5.0 (Windows NT 10.0; Win64; x64; rv:132.0) Gecko/20100101 Firefox/132.0"
178.115.42.220 - - [26/Nov/2024:10:22:43 +0100] "GET /gui/images/icons/menumanagement.gif HTTP/1.1" 200 204 "http://hausegger.activities.at/entry.php?id=10270&__app__=10006038" "Mozilla/5.0 (Windows NT 10.0; Win64; x64; rv:132.0) Gecko/20100101 Firefox/132.0"
178.115.42.220 - - [26/Nov/2024:10:22:43 +0100] "GET /gui/images/icons/verwaltung_automarken.gif HTTP/1.1" 200 2163 "http://hausegger.activities.at/entry.php?id=10270&__app__=10006038" "Mozilla/5.0 (Windows NT 10.0; Win64; x64; rv:132.0) Gecko/20100101 Firefox/132.0"
178.115.42.220 - - [26/Nov/2024:10:22:43 +0100] "GET /gui/images/icons/i_aktionstypen.gif HTTP/1.1" 200 1983 "http://hausegger.activities.at/entry.php?id=10270&__app__=10006038" "Mozilla/5.0 (Windows NT 10.0; Win64; x64; rv:132.0) Gecko/20100101 Firefox/132.0"
178.115.42.220 - - [26/Nov/2024:10:22:43 +0100] "GET /gui/images/icons/artikelbearbeitung_verfassung.gif HTTP/1.1" 200 1719 "http://hausegger.activities.at/entry.php?id=10270&__app__=10006038" "Mozilla/5.0 (Windows NT 10.0; Win64; x64; rv:132.0) Gecko/20100101 Firefox/132.0"
178.115.42.220 - - [26/Nov/2024:10:22:43 +0100] "GET /undefined HTTP/1.1" 404 289 "http://hausegger.activities.at/entry.php?id=10270&__app__=10006038" "Mozilla/5.0 (Windows NT 10.0; Win64; x64; rv:132.0) Gecko/20100101 Firefox/132.0"
178.115.42.220 - - [26/Nov/2024:10:22:43 +0100] "GET /framework/icons/navigation/arrowup.gif HTTP/1.1" 200 407 "http://hausegger.activities.at/entry.php?id=10270&__app__=10006038" "Mozilla/5.0 (Windows NT 10.0; Win64; x64; rv:132.0) Gecko/20100101 Firefox/132.0"
178.115.42.220 - - [26/Nov/2024:10:22:43 +0100] "GET /framework/icons/navigation/arrowdown.gif HTTP/1.1" 200 424 "http://hausegger.activities.at/entry.php?id=10270&__app__=10006038" "Mozilla/5.0 (Windows NT 10.0; Win64; x64; rv:132.0) Gecko/20100101 Firefox/132.0"
178.115.42.220 - - [26/Nov/2024:10:22:43 +0100] "GET /framework/webfx/style/toolbar/images/cbback.gif HTTP/1.1" 404 318 "http://hausegger.activities.at/framework/webfx/style/toolbar/cb2.css" "Mozilla/5.0 (Windows NT 10.0; Win64; x64; rv:132.0) Gecko/20100101 Firefox/132.0"
178.115.42.220 - - [26/Nov/2024:10:23:43 +0100] "GET /entry.php?id=10271&&ser=612963 HTTP/1.1" 200 987 "http://hausegger.activities.at/entry.php?id=10271&" "Mozilla/5.0 (Windows NT 10.0; Win64; x64; rv:132.0) Gecko/20100101 Firefox/132.0"
178.115.42.220 - - [26/Nov/2024:10:23:43 +0100] "GET /gui/javascript/form_form.js?1732613023 HTTP/1.1" 200 16206 "http://hausegger.activities.at/entry.php?id=10271&&ser=612963" "Mozilla/5.0 (Windows NT 10.0; Win64; x64; rv:132.0) Gecko/20100101 Firefox/132.0"
178.115.42.220 - - [26/Nov/2024:10:24:43 +0100] "GET /entry.php?id=10271&&ser=613023 HTTP/1.1" 200 987 "http://hausegger.activities.at/entry.php?id=10271&&ser=612963" "Mozilla/5.0 (Windows NT 10.0; Win64; x64; rv:132.0) Gecko/20100101 Firefox/132.0"
178.115.42.220 - - [26/Nov/2024:10:24:43 +0100] "GET /gui/javascript/form_form.js?1732613083 HTTP/1.1" 200 16206 "http://hausegger.activities.at/entry.php?id=10271&&ser=613023" "Mozilla/5.0 (Windows NT 10.0; Win64; x64; rv:132.0) Gecko/20100101 Firefox/132.0"
65.49.1.14 - - [26/Nov/2024:10:24:56 +0100] "\x16\x03\x01" 400 383 "-" "-"
45.156.129.98 - - [26/Nov/2024:10:25:07 +0100] "GET / HTTP/1.1" 200 274 "-" "Mozilla/5.0 (Windows NT 10.0; WOW64) AppleWebKit/537.36 (KHTML, like Gecko) Chrome/66.0.3359.117 Safari/537.36"
178.115.42.220 - - [26/Nov/2024:10:25:44 +0100] "GET /entry.php?id=10271&&ser=613083 HTTP/1.1" 200 987 "http://hausegger.activities.at/entry.php?id=10271&&ser=613023" "Mozilla/5.0 (Windows NT 10.0; Win64; x64; rv:132.0) Gecko/20100101 Firefox/132.0"
178.115.42.220 - - [26/Nov/2024:10:25:44 +0100] "GET /gui/javascript/form_form.js?1732613144 HTTP/1.1" 200 16206 "http://hausegger.activities.at/entry.php?id=10271&&ser=613083" "Mozilla/5.0 (Windows NT 10.0; Win64; x64; rv:132.0) Gecko/20100101 Firefox/132.0"
156.59.198.136 - - [26/Nov/2024:10:25:55 +0100] "GET /renault.activities.at/htdocs/binaries/10117645.pdf HTTP/1.0" 404 311 "-" "Mozilla/5.0 (Linux; Android 5.0) AppleWebKit/537.36 (KHTML, like Gecko) Mobile Safari/537.36 (compatible; Bytespider; spider-feedback@bytedance.com)"
178.115.42.220 - - [26/Nov/2024:10:26:44 +0100] "GET /entry.php?id=10271&&ser=613144 HTTP/1.1" 200 987 "http://hausegger.activities.at/entry.php?id=10271&&ser=613083" "Mozilla/5.0 (Windows NT 10.0; Win64; x64; rv:132.0) Gecko/20100101 Firefox/132.0"
178.115.42.220 - - [26/Nov/2024:10:26:44 +0100] "GET /gui/javascript/form_form.js?1732613204 HTTP/1.1" 200 16206 "http://hausegger.activities.at/entry.php?id=10271&&ser=613144" "Mozilla/5.0 (Windows NT 10.0; Win64; x64; rv:132.0) Gecko/20100101 Firefox/132.0"
178.115.42.220 - - [26/Nov/2024:10:27:10 +0100] "GET /layout.php HTTP/1.1" 200 815 "-" "Mozilla/5.0 (Windows NT 10.0; Win64; x64; rv:132.0) Gecko/20100101 Firefox/132.0"
178.115.42.220 - - [26/Nov/2024:10:27:10 +0100] "GET /entry.php?id=11412 HTTP/1.1" 200 1759 "http://hausegger.activities.at/layout.php" "Mozilla/5.0 (Windows NT 10.0; Win64; x64; rv:132.0) Gecko/20100101 Firefox/132.0"
178.115.42.220 - - [26/Nov/2024:10:27:10 +0100] "GET /entry.php?id=10273 HTTP/1.1" 200 1901 "http://hausegger.activities.at/layout.php" "Mozilla/5.0 (Windows NT 10.0; Win64; x64; rv:132.0) Gecko/20100101 Firefox/132.0"
178.115.42.220 - - [26/Nov/2024:10:27:10 +0100] "GET /entry.php?id=10272 HTTP/1.1" 200 1159 "http://hausegger.activities.at/layout.php" "Mozilla/5.0 (Windows NT 10.0; Win64; x64; rv:132.0) Gecko/20100101 Firefox/132.0"
178.115.42.220 - - [26/Nov/2024:10:27:10 +0100] "GET /entry.php?id=10270 HTTP/1.1" 200 908 "http://hausegger.activities.at/layout.php" "Mozilla/5.0 (Windows NT 10.0; Win64; x64; rv:132.0) Gecko/20100101 Firefox/132.0"
178.115.42.220 - - [26/Nov/2024:10:27:10 +0100] "GET /gui/javascript/jquery/css/gui-themes/custom.min.css HTTP/1.1" 200 5618 "http://hausegger.activities.at/entry.php?id=11412" "Mozilla/5.0 (Windows NT 10.0; Win64; x64; rv:132.0) Gecko/20100101 Firefox/132.0"
178.115.42.220 - - [26/Nov/2024:10:27:10 +0100] "GET /gui/javascript/jquery/css/gui-themes/ui.spinner.css HTTP/1.1" 200 350 "http://hausegger.activities.at/entry.php?id=11412" "Mozilla/5.0 (Windows NT 10.0; Win64; x64; rv:132.0) Gecko/20100101 Firefox/132.0"
178.115.42.220 - - [26/Nov/2024:10:27:10 +0100] "GET /gui/javascript/form_form.js?1732613230 HTTP/1.1" 200 16206 "http://hausegger.activities.at/entry.php?id=11412" "Mozilla/5.0 (Windows NT 10.0; Win64; x64; rv:132.0) Gecko/20100101 Firefox/132.0"
178.115.42.220 - - [26/Nov/2024:10:27:10 +0100] "GET /entry.php?id=10287 HTTP/1.1" 200 2418 "http://hausegger.activities.at/entry.php?id=11412" "Mozilla/5.0 (Windows NT 10.0; Win64; x64; rv:132.0) Gecko/20100101 Firefox/132.0"
178.115.42.220 - - [26/Nov/2024:10:27:10 +0100] "GET /entry.php?id=10271& HTTP/1.1" 200 934 "http://hausegger.activities.at/entry.php?id=10272" "Mozilla/5.0 (Windows NT 10.0; Win64; x64; rv:132.0) Gecko/20100101 Firefox/132.0"
178.115.42.220 - - [26/Nov/2024:10:27:11 +0100] "GET /entry.php?id=10273& HTTP/1.1" 200 1901 "http://hausegger.activities.at/entry.php?id=10287" "Mozilla/5.0 (Windows NT 10.0; Win64; x64; rv:132.0) Gecko/20100101 Firefox/132.0"
178.115.42.220 - - [26/Nov/2024:10:27:11 +0100] "GET /entry.php?id=10270& HTTP/1.1" 200 908 "http://hausegger.activities.at/entry.php?id=10287" "Mozilla/5.0 (Windows NT 10.0; Win64; x64; rv:132.0) Gecko/20100101 Firefox/132.0"
178.115.42.220 - - [26/Nov/2024:10:27:11 +0100] "GET /gui/javascript/form_form.js?1732613231 HTTP/1.1" 200 16206 "http://hausegger.activities.at/entry.php?id=10273&" "Mozilla/5.0 (Windows NT 10.0; Win64; x64; rv:132.0) Gecko/20100101 Firefox/132.0"
178.115.42.220 - - [26/Nov/2024:10:27:11 +0100] "GET /gui/javascript/form_form.js?1732613231 HTTP/1.1" 200 16206 "http://hausegger.activities.at/entry.php?id=10270&" "Mozilla/5.0 (Windows NT 10.0; Win64; x64; rv:132.0) Gecko/20100101 Firefox/132.0"
178.115.42.220 - - [26/Nov/2024:10:27:12 +0100] "POST /entry.php?id=10287& HTTP/1.1" 200 1969 "http://hausegger.activities.at/entry.php?id=10287" "Mozilla/5.0 (Windows NT 10.0; Win64; x64; rv:132.0) Gecko/20100101 Firefox/132.0"
178.115.42.220 - - [26/Nov/2024:10:28:16 +0100] "GET /gui/javascript/form_form.js?1732613295 HTTP/1.1" 200 16206 "http://hausegger.activities.at/entry.php?id=10287&" "Mozilla/5.0 (Windows NT 10.0; Win64; x64; rv:132.0) Gecko/20100101 Firefox/132.0"
178.115.42.220 - - [26/Nov/2024:10:28:16 +0100] "GET /entry.php?id=10273& HTTP/1.1" 200 2013 "http://hausegger.activities.at/entry.php?id=10287&" "Mozilla/5.0 (Windows NT 10.0; Win64; x64; rv:132.0) Gecko/20100101 Firefox/132.0"
178.115.42.220 - - [26/Nov/2024:10:28:16 +0100] "GET /gui/javascript/form_form.js?1732613296 HTTP/1.1" 200 16206 "http://hausegger.activities.at/entry.php?id=10273&" "Mozilla/5.0 (Windows NT 10.0; Win64; x64; rv:132.0) Gecko/20100101 Firefox/132.0"
178.115.42.220 - - [26/Nov/2024:10:28:16 +0100] "GET /framework/webfx/style/toolbar/images/cbback.gif HTTP/1.1" 404 318 "http://hausegger.activities.at/framework/webfx/style/toolbar/cb2.css" "Mozilla/5.0 (Windows NT 10.0; Win64; x64; rv:132.0) Gecko/20100101 Firefox/132.0"
178.115.42.220 - - [26/Nov/2024:10:28:16 +0100] "GET /entry.php?id=10270&__app__=10006038 HTTP/1.1" 200 2231 "http://hausegger.activities.at/entry.php?id=10273&" "Mozilla/5.0 (Windows NT 10.0; Win64; x64; rv:132.0) Gecko/20100101 Firefox/132.0"
178.115.42.220 - - [26/Nov/2024:10:28:16 +0100] "GET /entry.php?id=10271& HTTP/1.1" 200 987 "http://hausegger.activities.at/entry.php?id=10272" "Mozilla/5.0 (Windows NT 10.0; Win64; x64; rv:132.0) Gecko/20100101 Firefox/132.0"
178.115.42.220 - - [26/Nov/2024:10:28:16 +0100] "GET /framework/webfx/javascript/navigation/crossbrowser.js HTTP/1.1" 200 1842 "http://hausegger.activities.at/entry.php?id=10270&__app__=10006038" "Mozilla/5.0 (Windows NT 10.0; Win64; x64; rv:132.0) Gecko/20100101 Firefox/132.0"
178.115.42.220 - - [26/Nov/2024:10:28:16 +0100] "GET /framework/webfx/javascript/navigation/outlook.js HTTP/1.1" 200 6351 "http://hausegger.activities.at/entry.php?id=10270&__app__=10006038" "Mozilla/5.0 (Windows NT 10.0; Win64; x64; rv:132.0) Gecko/20100101 Firefox/132.0"
178.115.42.220 - - [26/Nov/2024:10:28:16 +0100] "GET /undefined HTTP/1.1" 404 289 "http://hausegger.activities.at/entry.php?id=10270&__app__=10006038" "Mozilla/5.0 (Windows NT 10.0; Win64; x64; rv:132.0) Gecko/20100101 Firefox/132.0"
178.115.42.220 - - [26/Nov/2024:10:29:16 +0100] "GET /entry.php?id=10271&&ser=613296 HTTP/1.1" 200 987 "http://hausegger.activities.at/entry.php?id=10271&" "Mozilla/5.0 (Windows NT 10.0; Win64; x64; rv:132.0) Gecko/20100101 Firefox/132.0"
178.115.42.220 - - [26/Nov/2024:10:29:16 +0100] "GET /gui/javascript/form_form.js?1732613356 HTTP/1.1" 200 16206 "http://hausegger.activities.at/entry.php?id=10271&&ser=613296" "Mozilla/5.0 (Windows NT 10.0; Win64; x64; rv:132.0) Gecko/20100101 Firefox/132.0"
156.59.198.135 - - [26/Nov/2024:10:29:55 +0100] "GET /ed-test.2web.at/stats/lang/awstats-fr.txt HTTP/1.0" 404 303 "-" "Mozilla/5.0 (Linux; Android 5.0) AppleWebKit/537.36 (KHTML, like Gecko) Mobile Safari/537.36 (compatible; Bytespider; spider-feedback@bytedance.com)"
178.115.42.220 - - [26/Nov/2024:10:30:16 +0100] "GET /entry.php?id=10271&&ser=613356 HTTP/1.1" 200 987 "http://hausegger.activities.at/entry.php?id=10271&&ser=613296" "Mozilla/5.0 (Windows NT 10.0; Win64; x64; rv:132.0) Gecko/20100101 Firefox/132.0"
178.115.42.220 - - [26/Nov/2024:10:30:17 +0100] "GET /gui/javascript/form_form.js?1732613417 HTTP/1.1" 200 16206 "http://hausegger.activities.at/entry.php?id=10271&&ser=613356" "Mozilla/5.0 (Windows NT 10.0; Win64; x64; rv:132.0) Gecko/20100101 Firefox/132.0"
178.115.42.220 - - [26/Nov/2024:10:31:17 +0100] "GET /entry.php?id=10271&&ser=613417 HTTP/1.1" 200 987 "http://hausegger.activities.at/entry.php?id=10271&&ser=613356" "Mozilla/5.0 (Windows NT 10.0; Win64; x64; rv:132.0) Gecko/20100101 Firefox/132.0"
178.115.42.220 - - [26/Nov/2024:10:31:17 +0100] "GET /gui/javascript/form_form.js?1732613477 HTTP/1.1" 200 16206 "http://hausegger.activities.at/entry.php?id=10271&&ser=613417" "Mozilla/5.0 (Windows NT 10.0; Win64; x64; rv:132.0) Gecko/20100101 Firefox/132.0"
178.115.42.220 - - [26/Nov/2024:10:32:18 +0100] "GET /entry.php?id=10271&&ser=613477 HTTP/1.1" 200 987 "http://hausegger.activities.at/entry.php?id=10271&&ser=613417" "Mozilla/5.0 (Windows NT 10.0; Win64; x64; rv:132.0) Gecko/20100101 Firefox/132.0"
178.115.42.220 - - [26/Nov/2024:10:32:18 +0100] "GET /gui/javascript/form_form.js?1732613538 HTTP/1.1" 200 16206 "http://hausegger.activities.at/entry.php?id=10271&&ser=613477" "Mozilla/5.0 (Windows NT 10.0; Win64; x64; rv:132.0) Gecko/20100101 Firefox/132.0"
178.115.42.220 - - [26/Nov/2024:10:33:18 +0100] "GET /entry.php?id=10271&&ser=613538 HTTP/1.1" 200 987 "http://hausegger.activities.at/entry.php?id=10271&&ser=613477" "Mozilla/5.0 (Windows NT 10.0; Win64; x64; rv:132.0) Gecko/20100101 Firefox/132.0"
178.115.42.220 - - [26/Nov/2024:10:33:19 +0100] "GET /gui/javascript/form_form.js?1732613598 HTTP/1.1" 200 16206 "http://hausegger.activities.at/entry.php?id=10271&&ser=613538" "Mozilla/5.0 (Windows NT 10.0; Win64; x64; rv:132.0) Gecko/20100101 Firefox/132.0"
178.115.42.220 - - [26/Nov/2024:10:34:19 +0100] "GET /entry.php?id=10271&&ser=613598 HTTP/1.1" 200 987 "http://hausegger.activities.at/entry.php?id=10271&&ser=613538" "Mozilla/5.0 (Windows NT 10.0; Win64; x64; rv:132.0) Gecko/20100101 Firefox/132.0"
178.115.42.220 - - [26/Nov/2024:10:34:19 +0100] "GET /gui/javascript/form_form.js?1732613659 HTTP/1.1" 200 16206 "http://hausegger.activities.at/entry.php?id=10271&&ser=613598" "Mozilla/5.0 (Windows NT 10.0; Win64; x64; rv:132.0) Gecko/20100101 Firefox/132.0"
178.115.42.220 - - [26/Nov/2024:10:35:19 +0100] "GET /entry.php?id=10271&&ser=613659 HTTP/1.1" 200 987 "http://hausegger.activities.at/entry.php?id=10271&&ser=613598" "Mozilla/5.0 (Windows NT 10.0; Win64; x64; rv:132.0) Gecko/20100101 Firefox/132.0"
178.115.42.220 - - [26/Nov/2024:10:35:19 +0100] "GET /gui/javascript/form_form.js?1732613719 HTTP/1.1" 200 16206 "http://hausegger.activities.at/entry.php?id=10271&&ser=613659" "Mozilla/5.0 (Windows NT 10.0; Win64; x64; rv:132.0) Gecko/20100101 Firefox/132.0"
178.115.42.220 - - [26/Nov/2024:10:36:19 +0100] "GET /entry.php?id=10271&&ser=613719 HTTP/1.1" 200 989 "http://hausegger.activities.at/entry.php?id=10271&&ser=613659" "Mozilla/5.0 (Windows NT 10.0; Win64; x64; rv:132.0) Gecko/20100101 Firefox/132.0"
178.115.42.220 - - [26/Nov/2024:10:36:20 +0100] "GET /gui/javascript/form_form.js?1732613780 HTTP/1.1" 200 16206 "http://hausegger.activities.at/entry.php?id=10271&&ser=613719" "Mozilla/5.0 (Windows NT 10.0; Win64; x64; rv:132.0) Gecko/20100101 Firefox/132.0"
