178.115.42.220 - - [28/Nov/2024:09:02:28 +0100] "GET /entry.php?id=10271&&ser=780887 HTTP/1.1" 200 987 "http://hausegger.activities.at/entry.php?id=10271&&ser=780826" "Mozilla/5.0 (Windows NT 10.0; Win64; x64) AppleWebKit/537.36 (KHTML, like Gecko) Chrome/131.0.0.0 Safari/537.36"
178.115.42.220 - - [28/Nov/2024:09:02:28 +0100] "GET /gui/javascript/form_form.js?1732780948 HTTP/1.1" 200 16206 "http://hausegger.activities.at/entry.php?id=10271&&ser=780887" "Mozilla/5.0 (Windows NT 10.0; Win64; x64) AppleWebKit/537.36 (KHTML, like Gecko) Chrome/131.0.0.0 Safari/537.36"
156.59.198.136 - - [28/Nov/2024:09:03:07 +0100] "GET /docs/ecommlogistics/belege/RE2016.PDF HTTP/1.0" 404 303 "-" "Mozilla/5.0 (Linux; Android 5.0) AppleWebKit/537.36 (KHTML, like Gecko) Mobile Safari/537.36 (compatible; Bytespider; spider-feedback@bytedance.com)"
178.115.42.220 - - [28/Nov/2024:09:03:29 +0100] "GET /entry.php?id=10271&&ser=780948 HTTP/1.1" 200 986 "http://hausegger.activities.at/entry.php?id=10271&&ser=780887" "Mozilla/5.0 (Windows NT 10.0; Win64; x64) AppleWebKit/537.36 (KHTML, like Gecko) Chrome/131.0.0.0 Safari/537.36"
178.115.42.220 - - [28/Nov/2024:09:03:29 +0100] "GET /gui/javascript/form_form.js?1732781009 HTTP/1.1" 200 16206 "http://hausegger.activities.at/entry.php?id=10271&&ser=780948" "Mozilla/5.0 (Windows NT 10.0; Win64; x64) AppleWebKit/537.36 (KHTML, like Gecko) Chrome/131.0.0.0 Safari/537.36"
178.115.42.220 - - [28/Nov/2024:09:04:30 +0100] "GET /entry.php?id=10271&&ser=781009 HTTP/1.1" 200 987 "http://hausegger.activities.at/entry.php?id=10271&&ser=780948" "Mozilla/5.0 (Windows NT 10.0; Win64; x64) AppleWebKit/537.36 (KHTML, like Gecko) Chrome/131.0.0.0 Safari/537.36"
178.115.42.220 - - [28/Nov/2024:09:04:30 +0100] "GET /gui/javascript/form_form.js?1732781070 HTTP/1.1" 200 16206 "http://hausegger.activities.at/entry.php?id=10271&&ser=781009" "Mozilla/5.0 (Windows NT 10.0; Win64; x64) AppleWebKit/537.36 (KHTML, like Gecko) Chrome/131.0.0.0 Safari/537.36"
178.115.42.220 - - [28/Nov/2024:09:05:31 +0100] "GET /entry.php?id=10271&&ser=781070 HTTP/1.1" 200 986 "http://hausegger.activities.at/entry.php?id=10271&&ser=781009" "Mozilla/5.0 (Windows NT 10.0; Win64; x64) AppleWebKit/537.36 (KHTML, like Gecko) Chrome/131.0.0.0 Safari/537.36"
178.115.42.220 - - [28/Nov/2024:09:05:32 +0100] "GET /gui/javascript/form_form.js?1732781131 HTTP/1.1" 200 16206 "http://hausegger.activities.at/entry.php?id=10271&&ser=781070" "Mozilla/5.0 (Windows NT 10.0; Win64; x64) AppleWebKit/537.36 (KHTML, like Gecko) Chrome/131.0.0.0 Safari/537.36"
178.115.42.220 - - [28/Nov/2024:09:06:32 +0100] "GET /entry.php?id=10271&&ser=781131 HTTP/1.1" 200 987 "http://hausegger.activities.at/entry.php?id=10271&&ser=781070" "Mozilla/5.0 (Windows NT 10.0; Win64; x64) AppleWebKit/537.36 (KHTML, like Gecko) Chrome/131.0.0.0 Safari/537.36"
178.115.42.220 - - [28/Nov/2024:09:06:32 +0100] "GET /gui/javascript/form_form.js?1732781192 HTTP/1.1" 200 16206 "http://hausegger.activities.at/entry.php?id=10271&&ser=781131" "Mozilla/5.0 (Windows NT 10.0; Win64; x64) AppleWebKit/537.36 (KHTML, like Gecko) Chrome/131.0.0.0 Safari/537.36"
156.59.198.136 - - [28/Nov/2024:09:07:07 +0100] "GET /renault.activities.at/htdocs/pinEdit/editor/help/userhelp-Dateien/image148.gif HTTP/1.0" 404 327 "-" "Mozilla/5.0 (Linux; Android 5.0) AppleWebKit/537.36 (KHTML, like Gecko) Mobile Safari/537.36 (compatible; Bytespider; spider-feedback@bytedance.com)"
178.115.42.220 - - [28/Nov/2024:09:07:33 +0100] "GET /entry.php?id=10271&&ser=781192 HTTP/1.1" 200 987 "http://hausegger.activities.at/entry.php?id=10271&&ser=781131" "Mozilla/5.0 (Windows NT 10.0; Win64; x64) AppleWebKit/537.36 (KHTML, like Gecko) Chrome/131.0.0.0 Safari/537.36"
178.115.42.220 - - [28/Nov/2024:09:07:33 +0100] "GET /gui/javascript/form_form.js?1732781253 HTTP/1.1" 200 16206 "http://hausegger.activities.at/entry.php?id=10271&&ser=781192" "Mozilla/5.0 (Windows NT 10.0; Win64; x64) AppleWebKit/537.36 (KHTML, like Gecko) Chrome/131.0.0.0 Safari/537.36"
178.115.42.220 - - [28/Nov/2024:09:08:34 +0100] "GET /entry.php?id=10271&&ser=781253 HTTP/1.1" 200 987 "http://hausegger.activities.at/entry.php?id=10271&&ser=781192" "Mozilla/5.0 (Windows NT 10.0; Win64; x64) AppleWebKit/537.36 (KHTML, like Gecko) Chrome/131.0.0.0 Safari/537.36"
178.115.42.220 - - [28/Nov/2024:09:08:34 +0100] "GET /gui/javascript/form_form.js?1732781314 HTTP/1.1" 200 16206 "http://hausegger.activities.at/entry.php?id=10271&&ser=781253" "Mozilla/5.0 (Windows NT 10.0; Win64; x64) AppleWebKit/537.36 (KHTML, like Gecko) Chrome/131.0.0.0 Safari/537.36"
141.98.11.35 - - [28/Nov/2024:09:09:34 +0100] "GET / HTTP/1.1" 200 423 "-" "-"
178.115.42.220 - - [28/Nov/2024:09:09:35 +0100] "GET /entry.php?id=10271&&ser=781314 HTTP/1.1" 200 986 "http://hausegger.activities.at/entry.php?id=10271&&ser=781253" "Mozilla/5.0 (Windows NT 10.0; Win64; x64) AppleWebKit/537.36 (KHTML, like Gecko) Chrome/131.0.0.0 Safari/537.36"
178.115.42.220 - - [28/Nov/2024:09:09:35 +0100] "GET /gui/javascript/form_form.js?1732781375 HTTP/1.1" 200 16206 "http://hausegger.activities.at/entry.php?id=10271&&ser=781314" "Mozilla/5.0 (Windows NT 10.0; Win64; x64) AppleWebKit/537.36 (KHTML, like Gecko) Chrome/131.0.0.0 Safari/537.36"
178.115.42.220 - - [28/Nov/2024:09:10:36 +0100] "GET /entry.php?id=10271&&ser=781375 HTTP/1.1" 200 987 "http://hausegger.activities.at/entry.php?id=10271&&ser=781314" "Mozilla/5.0 (Windows NT 10.0; Win64; x64) AppleWebKit/537.36 (KHTML, like Gecko) Chrome/131.0.0.0 Safari/537.36"
178.115.42.220 - - [28/Nov/2024:09:10:36 +0100] "GET /gui/javascript/form_form.js?1732781436 HTTP/1.1" 200 16206 "http://hausegger.activities.at/entry.php?id=10271&&ser=781375" "Mozilla/5.0 (Windows NT 10.0; Win64; x64) AppleWebKit/537.36 (KHTML, like Gecko) Chrome/131.0.0.0 Safari/537.36"
156.59.198.136 - - [28/Nov/2024:09:11:07 +0100] "GET /renault.activities.at/htdocs/export/xml/data/orders/202001131203_RenOrder.xml HTTP/1.0" 404 329 "-" "Mozilla/5.0 (Linux; Android 5.0) AppleWebKit/537.36 (KHTML, like Gecko) Mobile Safari/537.36 (compatible; Bytespider; spider-feedback@bytedance.com)"
5.8.11.202 - - [28/Nov/2024:09:11:31 +0100] "GET / HTTP/1.0" 200 423 "-" "Mozilla/5.0 (Windows NT 6.1; Win64; x64) AppleWebKit/537.36 (KHTML, like Gecko) Chrome/75.0.3770.100 Safari/537.36 OPR/62.0.3331.99"
178.115.42.220 - - [28/Nov/2024:09:11:37 +0100] "GET /entry.php?id=10271&&ser=781436 HTTP/1.1" 200 987 "http://hausegger.activities.at/entry.php?id=10271&&ser=781375" "Mozilla/5.0 (Windows NT 10.0; Win64; x64) AppleWebKit/537.36 (KHTML, like Gecko) Chrome/131.0.0.0 Safari/537.36"
178.115.42.220 - - [28/Nov/2024:09:11:37 +0100] "GET /gui/javascript/form_form.js?1732781497 HTTP/1.1" 200 16206 "http://hausegger.activities.at/entry.php?id=10271&&ser=781436" "Mozilla/5.0 (Windows NT 10.0; Win64; x64) AppleWebKit/537.36 (KHTML, like Gecko) Chrome/131.0.0.0 Safari/537.36"
80.75.212.9 - - [28/Nov/2024:09:11:50 +0100] "CONNECT api.ip.pn:443 HTTP/1.1" 200 423 "-" "Mozilla/5.0"
178.115.42.220 - - [28/Nov/2024:09:12:38 +0100] "GET /entry.php?id=10271&&ser=781497 HTTP/1.1" 200 987 "http://hausegger.activities.at/entry.php?id=10271&&ser=781436" "Mozilla/5.0 (Windows NT 10.0; Win64; x64) AppleWebKit/537.36 (KHTML, like Gecko) Chrome/131.0.0.0 Safari/537.36"
178.115.42.220 - - [28/Nov/2024:09:12:38 +0100] "GET /gui/javascript/form_form.js?1732781558 HTTP/1.1" 200 16206 "http://hausegger.activities.at/entry.php?id=10271&&ser=781497" "Mozilla/5.0 (Windows NT 10.0; Win64; x64) AppleWebKit/537.36 (KHTML, like Gecko) Chrome/131.0.0.0 Safari/537.36"
178.115.42.220 - - [28/Nov/2024:09:13:39 +0100] "GET /entry.php?id=10271&&ser=781558 HTTP/1.1" 200 987 "http://hausegger.activities.at/entry.php?id=10271&&ser=781497" "Mozilla/5.0 (Windows NT 10.0; Win64; x64) AppleWebKit/537.36 (KHTML, like Gecko) Chrome/131.0.0.0 Safari/537.36"
178.115.42.220 - - [28/Nov/2024:09:13:39 +0100] "GET /gui/javascript/form_form.js?1732781619 HTTP/1.1" 200 16206 "http://hausegger.activities.at/entry.php?id=10271&&ser=781558" "Mozilla/5.0 (Windows NT 10.0; Win64; x64) AppleWebKit/537.36 (KHTML, like Gecko) Chrome/131.0.0.0 Safari/537.36"
178.115.42.220 - - [28/Nov/2024:09:14:40 +0100] "GET /entry.php?id=10271&&ser=781619 HTTP/1.1" 200 987 "http://hausegger.activities.at/entry.php?id=10271&&ser=781558" "Mozilla/5.0 (Windows NT 10.0; Win64; x64) AppleWebKit/537.36 (KHTML, like Gecko) Chrome/131.0.0.0 Safari/537.36"
178.115.42.220 - - [28/Nov/2024:09:14:40 +0100] "GET /gui/javascript/form_form.js?1732781680 HTTP/1.1" 200 16206 "http://hausegger.activities.at/entry.php?id=10271&&ser=781619" "Mozilla/5.0 (Windows NT 10.0; Win64; x64) AppleWebKit/537.36 (KHTML, like Gecko) Chrome/131.0.0.0 Safari/537.36"
178.115.42.220 - - [28/Nov/2024:09:15:41 +0100] "GET /entry.php?id=10271&&ser=781680 HTTP/1.1" 200 987 "http://hausegger.activities.at/entry.php?id=10271&&ser=781619" "Mozilla/5.0 (Windows NT 10.0; Win64; x64) AppleWebKit/537.36 (KHTML, like Gecko) Chrome/131.0.0.0 Safari/537.36"
178.115.42.220 - - [28/Nov/2024:09:15:41 +0100] "GET /gui/javascript/form_form.js?1732781741 HTTP/1.1" 200 16206 "http://hausegger.activities.at/entry.php?id=10271&&ser=781680" "Mozilla/5.0 (Windows NT 10.0; Win64; x64) AppleWebKit/537.36 (KHTML, like Gecko) Chrome/131.0.0.0 Safari/537.36"
178.115.42.220 - - [28/Nov/2024:09:16:42 +0100] "GET /entry.php?id=10271&&ser=781741 HTTP/1.1" 200 987 "http://hausegger.activities.at/entry.php?id=10271&&ser=781680" "Mozilla/5.0 (Windows NT 10.0; Win64; x64) AppleWebKit/537.36 (KHTML, like Gecko) Chrome/131.0.0.0 Safari/537.36"
178.115.42.220 - - [28/Nov/2024:09:16:42 +0100] "GET /gui/javascript/form_form.js?1732781802 HTTP/1.1" 200 16206 "http://hausegger.activities.at/entry.php?id=10271&&ser=781741" "Mozilla/5.0 (Windows NT 10.0; Win64; x64) AppleWebKit/537.36 (KHTML, like Gecko) Chrome/131.0.0.0 Safari/537.36"
178.115.42.220 - - [28/Nov/2024:09:17:43 +0100] "GET /entry.php?id=10271&&ser=781802 HTTP/1.1" 200 987 "http://hausegger.activities.at/entry.php?id=10271&&ser=781741" "Mozilla/5.0 (Windows NT 10.0; Win64; x64) AppleWebKit/537.36 (KHTML, like Gecko) Chrome/131.0.0.0 Safari/537.36"
178.115.42.220 - - [28/Nov/2024:09:17:44 +0100] "GET /gui/javascript/form_form.js?1732781863 HTTP/1.1" 200 16206 "http://hausegger.activities.at/entry.php?id=10271&&ser=781802" "Mozilla/5.0 (Windows NT 10.0; Win64; x64) AppleWebKit/537.36 (KHTML, like Gecko) Chrome/131.0.0.0 Safari/537.36"
156.59.198.135 - - [28/Nov/2024:09:18:11 +0100] "GET /docs/contadino/2018/RECHNUNG/RE18-00013.pdf HTTP/1.0" 404 309 "-" "Mozilla/5.0 (Linux; Android 5.0) AppleWebKit/537.36 (KHTML, like Gecko) Mobile Safari/537.36 (compatible; Bytespider; spider-feedback@bytedance.com)"
178.115.42.220 - - [28/Nov/2024:09:18:44 +0100] "GET /entry.php?id=10271&&ser=781863 HTTP/1.1" 200 986 "http://hausegger.activities.at/entry.php?id=10271&&ser=781802" "Mozilla/5.0 (Windows NT 10.0; Win64; x64) AppleWebKit/537.36 (KHTML, like Gecko) Chrome/131.0.0.0 Safari/537.36"
178.115.42.220 - - [28/Nov/2024:09:18:44 +0100] "GET /gui/javascript/form_form.js?1732781924 HTTP/1.1" 200 16206 "http://hausegger.activities.at/entry.php?id=10271&&ser=781863" "Mozilla/5.0 (Windows NT 10.0; Win64; x64) AppleWebKit/537.36 (KHTML, like Gecko) Chrome/131.0.0.0 Safari/537.36"
178.115.42.220 - - [28/Nov/2024:09:19:45 +0100] "GET /entry.php?id=10271&&ser=781924 HTTP/1.1" 200 986 "http://hausegger.activities.at/entry.php?id=10271&&ser=781863" "Mozilla/5.0 (Windows NT 10.0; Win64; x64) AppleWebKit/537.36 (KHTML, like Gecko) Chrome/131.0.0.0 Safari/537.36"
178.115.42.220 - - [28/Nov/2024:09:19:45 +0100] "GET /gui/javascript/form_form.js?1732781985 HTTP/1.1" 200 16206 "http://hausegger.activities.at/entry.php?id=10271&&ser=781924" "Mozilla/5.0 (Windows NT 10.0; Win64; x64) AppleWebKit/537.36 (KHTML, like Gecko) Chrome/131.0.0.0 Safari/537.36"
178.115.42.220 - - [28/Nov/2024:09:20:46 +0100] "GET /entry.php?id=10271&&ser=781985 HTTP/1.1" 200 987 "http://hausegger.activities.at/entry.php?id=10271&&ser=781924" "Mozilla/5.0 (Windows NT 10.0; Win64; x64) AppleWebKit/537.36 (KHTML, like Gecko) Chrome/131.0.0.0 Safari/537.36"
178.115.42.220 - - [28/Nov/2024:09:20:46 +0100] "GET /gui/javascript/form_form.js?1732782046 HTTP/1.1" 200 16206 "http://hausegger.activities.at/entry.php?id=10271&&ser=781985" "Mozilla/5.0 (Windows NT 10.0; Win64; x64) AppleWebKit/537.36 (KHTML, like Gecko) Chrome/131.0.0.0 Safari/537.36"
178.115.42.220 - - [28/Nov/2024:09:21:47 +0100] "GET /entry.php?id=10271&&ser=782046 HTTP/1.1" 200 987 "http://hausegger.activities.at/entry.php?id=10271&&ser=781985" "Mozilla/5.0 (Windows NT 10.0; Win64; x64) AppleWebKit/537.36 (KHTML, like Gecko) Chrome/131.0.0.0 Safari/537.36"
178.115.42.220 - - [28/Nov/2024:09:21:47 +0100] "GET /gui/javascript/form_form.js?1732782107 HTTP/1.1" 200 16206 "http://hausegger.activities.at/entry.php?id=10271&&ser=782046" "Mozilla/5.0 (Windows NT 10.0; Win64; x64) AppleWebKit/537.36 (KHTML, like Gecko) Chrome/131.0.0.0 Safari/537.36"
178.115.42.220 - - [28/Nov/2024:09:22:48 +0100] "GET /entry.php?id=10271&&ser=782107 HTTP/1.1" 200 987 "http://hausegger.activities.at/entry.php?id=10271&&ser=782046" "Mozilla/5.0 (Windows NT 10.0; Win64; x64) AppleWebKit/537.36 (KHTML, like Gecko) Chrome/131.0.0.0 Safari/537.36"
178.115.42.220 - - [28/Nov/2024:09:22:48 +0100] "GET /gui/javascript/form_form.js?1732782168 HTTP/1.1" 200 16206 "http://hausegger.activities.at/entry.php?id=10271&&ser=782107" "Mozilla/5.0 (Windows NT 10.0; Win64; x64) AppleWebKit/537.36 (KHTML, like Gecko) Chrome/131.0.0.0 Safari/537.36"
178.115.42.220 - - [28/Nov/2024:09:23:49 +0100] "GET /entry.php?id=10271&&ser=782168 HTTP/1.1" 200 987 "http://hausegger.activities.at/entry.php?id=10271&&ser=782107" "Mozilla/5.0 (Windows NT 10.0; Win64; x64) AppleWebKit/537.36 (KHTML, like Gecko) Chrome/131.0.0.0 Safari/537.36"
178.115.42.220 - - [28/Nov/2024:09:23:50 +0100] "GET /gui/javascript/form_form.js?1732782229 HTTP/1.1" 200 16206 "http://hausegger.activities.at/entry.php?id=10271&&ser=782168" "Mozilla/5.0 (Windows NT 10.0; Win64; x64) AppleWebKit/537.36 (KHTML, like Gecko) Chrome/131.0.0.0 Safari/537.36"
178.115.42.220 - - [28/Nov/2024:09:24:50 +0100] "GET /entry.php?id=10271&&ser=782229 HTTP/1.1" 200 987 "http://hausegger.activities.at/entry.php?id=10271&&ser=782168" "Mozilla/5.0 (Windows NT 10.0; Win64; x64) AppleWebKit/537.36 (KHTML, like Gecko) Chrome/131.0.0.0 Safari/537.36"
178.115.42.220 - - [28/Nov/2024:09:24:50 +0100] "GET /gui/javascript/form_form.js?1732782290 HTTP/1.1" 200 16206 "http://hausegger.activities.at/entry.php?id=10271&&ser=782229" "Mozilla/5.0 (Windows NT 10.0; Win64; x64) AppleWebKit/537.36 (KHTML, like Gecko) Chrome/131.0.0.0 Safari/537.36"
178.115.42.220 - - [28/Nov/2024:09:25:51 +0100] "GET /entry.php?id=10271&&ser=782290 HTTP/1.1" 200 985 "http://hausegger.activities.at/entry.php?id=10271&&ser=782229" "Mozilla/5.0 (Windows NT 10.0; Win64; x64) AppleWebKit/537.36 (KHTML, like Gecko) Chrome/131.0.0.0 Safari/537.36"
178.115.42.220 - - [28/Nov/2024:09:25:51 +0100] "GET /gui/javascript/form_form.js?1732782351 HTTP/1.1" 200 16206 "http://hausegger.activities.at/entry.php?id=10271&&ser=782290" "Mozilla/5.0 (Windows NT 10.0; Win64; x64) AppleWebKit/537.36 (KHTML, like Gecko) Chrome/131.0.0.0 Safari/537.36"
141.98.11.48 - - [28/Nov/2024:09:25:58 +0100] "GET /cgi-bin/luci/;stok=/locale HTTP/1.1" 404 371 "-" "Hello"
178.115.42.220 - - [28/Nov/2024:09:26:52 +0100] "GET /entry.php?id=10271&&ser=782351 HTTP/1.1" 200 987 "http://hausegger.activities.at/entry.php?id=10271&&ser=782290" "Mozilla/5.0 (Windows NT 10.0; Win64; x64) AppleWebKit/537.36 (KHTML, like Gecko) Chrome/131.0.0.0 Safari/537.36"
178.115.42.220 - - [28/Nov/2024:09:26:52 +0100] "GET /gui/javascript/form_form.js?1732782412 HTTP/1.1" 200 16206 "http://hausegger.activities.at/entry.php?id=10271&&ser=782351" "Mozilla/5.0 (Windows NT 10.0; Win64; x64) AppleWebKit/537.36 (KHTML, like Gecko) Chrome/131.0.0.0 Safari/537.36"
178.115.42.220 - - [28/Nov/2024:09:27:53 +0100] "GET /entry.php?id=10271&&ser=782412 HTTP/1.1" 200 986 "http://hausegger.activities.at/entry.php?id=10271&&ser=782351" "Mozilla/5.0 (Windows NT 10.0; Win64; x64) AppleWebKit/537.36 (KHTML, like Gecko) Chrome/131.0.0.0 Safari/537.36"
178.115.42.220 - - [28/Nov/2024:09:27:53 +0100] "GET /gui/javascript/form_form.js?1732782473 HTTP/1.1" 200 16206 "http://hausegger.activities.at/entry.php?id=10271&&ser=782412" "Mozilla/5.0 (Windows NT 10.0; Win64; x64) AppleWebKit/537.36 (KHTML, like Gecko) Chrome/131.0.0.0 Safari/537.36"
178.115.42.220 - - [28/Nov/2024:09:28:54 +0100] "GET /entry.php?id=10271&&ser=782473 HTTP/1.1" 200 987 "http://hausegger.activities.at/entry.php?id=10271&&ser=782412" "Mozilla/5.0 (Windows NT 10.0; Win64; x64) AppleWebKit/537.36 (KHTML, like Gecko) Chrome/131.0.0.0 Safari/537.36"
178.115.42.220 - - [28/Nov/2024:09:28:54 +0100] "GET /gui/javascript/form_form.js?1732782534 HTTP/1.1" 200 16206 "http://hausegger.activities.at/entry.php?id=10271&&ser=782473" "Mozilla/5.0 (Windows NT 10.0; Win64; x64) AppleWebKit/537.36 (KHTML, like Gecko) Chrome/131.0.0.0 Safari/537.36"
178.115.42.220 - - [28/Nov/2024:09:29:55 +0100] "GET /entry.php?id=10271&&ser=782534 HTTP/1.1" 200 987 "http://hausegger.activities.at/entry.php?id=10271&&ser=782473" "Mozilla/5.0 (Windows NT 10.0; Win64; x64) AppleWebKit/537.36 (KHTML, like Gecko) Chrome/131.0.0.0 Safari/537.36"
178.115.42.220 - - [28/Nov/2024:09:29:56 +0100] "GET /gui/javascript/form_form.js?1732782595 HTTP/1.1" 200 16206 "http://hausegger.activities.at/entry.php?id=10271&&ser=782534" "Mozilla/5.0 (Windows NT 10.0; Win64; x64) AppleWebKit/537.36 (KHTML, like Gecko) Chrome/131.0.0.0 Safari/537.36"
178.115.42.220 - - [28/Nov/2024:09:30:56 +0100] "GET /entry.php?id=10271&&ser=782595 HTTP/1.1" 200 987 "http://hausegger.activities.at/entry.php?id=10271&&ser=782534" "Mozilla/5.0 (Windows NT 10.0; Win64; x64) AppleWebKit/537.36 (KHTML, like Gecko) Chrome/131.0.0.0 Safari/537.36"
178.115.42.220 - - [28/Nov/2024:09:30:56 +0100] "GET /gui/javascript/form_form.js?1732782656 HTTP/1.1" 200 16206 "http://hausegger.activities.at/entry.php?id=10271&&ser=782595" "Mozilla/5.0 (Windows NT 10.0; Win64; x64) AppleWebKit/537.36 (KHTML, like Gecko) Chrome/131.0.0.0 Safari/537.36"
5.8.11.202 - - [28/Nov/2024:09:31:50 +0100] "\x16\x03\x02\x01o\x01" 400 383 "-" "-"
178.115.42.220 - - [28/Nov/2024:09:31:57 +0100] "GET /entry.php?id=10271&&ser=782656 HTTP/1.1" 200 987 "http://hausegger.activities.at/entry.php?id=10271&&ser=782595" "Mozilla/5.0 (Windows NT 10.0; Win64; x64) AppleWebKit/537.36 (KHTML, like Gecko) Chrome/131.0.0.0 Safari/537.36"
178.115.42.220 - - [28/Nov/2024:09:31:57 +0100] "GET /gui/javascript/form_form.js?1732782717 HTTP/1.1" 200 16206 "http://hausegger.activities.at/entry.php?id=10271&&ser=782656" "Mozilla/5.0 (Windows NT 10.0; Win64; x64) AppleWebKit/537.36 (KHTML, like Gecko) Chrome/131.0.0.0 Safari/537.36"
178.115.42.220 - - [28/Nov/2024:09:32:58 +0100] "GET /entry.php?id=10271&&ser=782717 HTTP/1.1" 200 987 "http://hausegger.activities.at/entry.php?id=10271&&ser=782656" "Mozilla/5.0 (Windows NT 10.0; Win64; x64) AppleWebKit/537.36 (KHTML, like Gecko) Chrome/131.0.0.0 Safari/537.36"
178.115.42.220 - - [28/Nov/2024:09:32:58 +0100] "GET /gui/javascript/form_form.js?1732782778 HTTP/1.1" 200 16206 "http://hausegger.activities.at/entry.php?id=10271&&ser=782717" "Mozilla/5.0 (Windows NT 10.0; Win64; x64) AppleWebKit/537.36 (KHTML, like Gecko) Chrome/131.0.0.0 Safari/537.36"
178.115.42.220 - - [28/Nov/2024:09:33:59 +0100] "GET /entry.php?id=10271&&ser=782778 HTTP/1.1" 200 987 "http://hausegger.activities.at/entry.php?id=10271&&ser=782717" "Mozilla/5.0 (Windows NT 10.0; Win64; x64) AppleWebKit/537.36 (KHTML, like Gecko) Chrome/131.0.0.0 Safari/537.36"
178.115.42.220 - - [28/Nov/2024:09:33:59 +0100] "GET /gui/javascript/form_form.js?1732782839 HTTP/1.1" 200 16206 "http://hausegger.activities.at/entry.php?id=10271&&ser=782778" "Mozilla/5.0 (Windows NT 10.0; Win64; x64) AppleWebKit/537.36 (KHTML, like Gecko) Chrome/131.0.0.0 Safari/537.36"
178.115.42.220 - - [28/Nov/2024:09:35:00 +0100] "GET /entry.php?id=10271&&ser=782839 HTTP/1.1" 200 987 "http://hausegger.activities.at/entry.php?id=10271&&ser=782778" "Mozilla/5.0 (Windows NT 10.0; Win64; x64) AppleWebKit/537.36 (KHTML, like Gecko) Chrome/131.0.0.0 Safari/537.36"
178.115.42.220 - - [28/Nov/2024:09:35:00 +0100] "GET /gui/javascript/form_form.js?1732782900 HTTP/1.1" 200 16206 "http://hausegger.activities.at/entry.php?id=10271&&ser=782839" "Mozilla/5.0 (Windows NT 10.0; Win64; x64) AppleWebKit/537.36 (KHTML, like Gecko) Chrome/131.0.0.0 Safari/537.36"
178.115.42.220 - - [28/Nov/2024:09:36:01 +0100] "GET /entry.php?id=10271&&ser=782900 HTTP/1.1" 200 987 "http://hausegger.activities.at/entry.php?id=10271&&ser=782839" "Mozilla/5.0 (Windows NT 10.0; Win64; x64) AppleWebKit/537.36 (KHTML, like Gecko) Chrome/131.0.0.0 Safari/537.36"
178.115.42.220 - - [28/Nov/2024:09:36:02 +0100] "GET /gui/javascript/form_form.js?1732782961 HTTP/1.1" 200 16206 "http://hausegger.activities.at/entry.php?id=10271&&ser=782900" "Mozilla/5.0 (Windows NT 10.0; Win64; x64) AppleWebKit/537.36 (KHTML, like Gecko) Chrome/131.0.0.0 Safari/537.36"
178.115.42.220 - - [28/Nov/2024:09:37:02 +0100] "GET /entry.php?id=10271&&ser=782961 HTTP/1.1" 200 987 "http://hausegger.activities.at/entry.php?id=10271&&ser=782900" "Mozilla/5.0 (Windows NT 10.0; Win64; x64) AppleWebKit/537.36 (KHTML, like Gecko) Chrome/131.0.0.0 Safari/537.36"
178.115.42.220 - - [28/Nov/2024:09:37:02 +0100] "GET /gui/javascript/form_form.js?1732783022 HTTP/1.1" 200 16206 "http://hausegger.activities.at/entry.php?id=10271&&ser=782961" "Mozilla/5.0 (Windows NT 10.0; Win64; x64) AppleWebKit/537.36 (KHTML, like Gecko) Chrome/131.0.0.0 Safari/537.36"
178.115.42.220 - - [28/Nov/2024:09:38:03 +0100] "GET /entry.php?id=10271&&ser=783022 HTTP/1.1" 200 987 "http://hausegger.activities.at/entry.php?id=10271&&ser=782961" "Mozilla/5.0 (Windows NT 10.0; Win64; x64) AppleWebKit/537.36 (KHTML, like Gecko) Chrome/131.0.0.0 Safari/537.36"
178.115.42.220 - - [28/Nov/2024:09:38:04 +0100] "GET /gui/javascript/form_form.js?1732783083 HTTP/1.1" 200 16206 "http://hausegger.activities.at/entry.php?id=10271&&ser=783022" "Mozilla/5.0 (Windows NT 10.0; Win64; x64) AppleWebKit/537.36 (KHTML, like Gecko) Chrome/131.0.0.0 Safari/537.36"
178.115.42.220 - - [28/Nov/2024:09:39:04 +0100] "GET /entry.php?id=10271&&ser=783083 HTTP/1.1" 200 987 "http://hausegger.activities.at/entry.php?id=10271&&ser=783022" "Mozilla/5.0 (Windows NT 10.0; Win64; x64) AppleWebKit/537.36 (KHTML, like Gecko) Chrome/131.0.0.0 Safari/537.36"
178.115.42.220 - - [28/Nov/2024:09:39:04 +0100] "GET /gui/javascript/form_form.js?1732783144 HTTP/1.1" 200 16206 "http://hausegger.activities.at/entry.php?id=10271&&ser=783083" "Mozilla/5.0 (Windows NT 10.0; Win64; x64) AppleWebKit/537.36 (KHTML, like Gecko) Chrome/131.0.0.0 Safari/537.36"
178.115.42.220 - - [28/Nov/2024:09:40:05 +0100] "GET /entry.php?id=10271&&ser=783144 HTTP/1.1" 200 987 "http://hausegger.activities.at/entry.php?id=10271&&ser=783083" "Mozilla/5.0 (Windows NT 10.0; Win64; x64) AppleWebKit/537.36 (KHTML, like Gecko) Chrome/131.0.0.0 Safari/537.36"
178.115.42.220 - - [28/Nov/2024:09:40:06 +0100] "GET /gui/javascript/form_form.js?1732783205 HTTP/1.1" 200 16206 "http://hausegger.activities.at/entry.php?id=10271&&ser=783144" "Mozilla/5.0 (Windows NT 10.0; Win64; x64) AppleWebKit/537.36 (KHTML, like Gecko) Chrome/131.0.0.0 Safari/537.36"
178.115.42.220 - - [28/Nov/2024:09:41:06 +0100] "GET /entry.php?id=10271&&ser=783205 HTTP/1.1" 200 987 "http://hausegger.activities.at/entry.php?id=10271&&ser=783144" "Mozilla/5.0 (Windows NT 10.0; Win64; x64) AppleWebKit/537.36 (KHTML, like Gecko) Chrome/131.0.0.0 Safari/537.36"
178.115.42.220 - - [28/Nov/2024:09:41:07 +0100] "GET /gui/javascript/form_form.js?1732783266 HTTP/1.1" 200 16206 "http://hausegger.activities.at/entry.php?id=10271&&ser=783205" "Mozilla/5.0 (Windows NT 10.0; Win64; x64) AppleWebKit/537.36 (KHTML, like Gecko) Chrome/131.0.0.0 Safari/537.36"
178.115.42.220 - - [28/Nov/2024:09:42:07 +0100] "GET /entry.php?id=10271&&ser=783266 HTTP/1.1" 200 986 "http://hausegger.activities.at/entry.php?id=10271&&ser=783205" "Mozilla/5.0 (Windows NT 10.0; Win64; x64) AppleWebKit/537.36 (KHTML, like Gecko) Chrome/131.0.0.0 Safari/537.36"
178.115.42.220 - - [28/Nov/2024:09:42:08 +0100] "GET /gui/javascript/form_form.js?1732783327 HTTP/1.1" 200 16206 "http://hausegger.activities.at/entry.php?id=10271&&ser=783266" "Mozilla/5.0 (Windows NT 10.0; Win64; x64) AppleWebKit/537.36 (KHTML, like Gecko) Chrome/131.0.0.0 Safari/537.36"
178.115.42.220 - - [28/Nov/2024:09:43:08 +0100] "GET /entry.php?id=10271&&ser=783327 HTTP/1.1" 200 987 "http://hausegger.activities.at/entry.php?id=10271&&ser=783266" "Mozilla/5.0 (Windows NT 10.0; Win64; x64) AppleWebKit/537.36 (KHTML, like Gecko) Chrome/131.0.0.0 Safari/537.36"
178.115.42.220 - - [28/Nov/2024:09:43:09 +0100] "GET /gui/javascript/form_form.js?1732783388 HTTP/1.1" 200 16206 "http://hausegger.activities.at/entry.php?id=10271&&ser=783327" "Mozilla/5.0 (Windows NT 10.0; Win64; x64) AppleWebKit/537.36 (KHTML, like Gecko) Chrome/131.0.0.0 Safari/537.36"
178.115.42.220 - - [28/Nov/2024:09:44:09 +0100] "GET /entry.php?id=10271&&ser=783388 HTTP/1.1" 200 987 "http://hausegger.activities.at/entry.php?id=10271&&ser=783327" "Mozilla/5.0 (Windows NT 10.0; Win64; x64) AppleWebKit/537.36 (KHTML, like Gecko) Chrome/131.0.0.0 Safari/537.36"
178.115.42.220 - - [28/Nov/2024:09:44:09 +0100] "GET /gui/javascript/form_form.js?1732783449 HTTP/1.1" 200 16206 "http://hausegger.activities.at/entry.php?id=10271&&ser=783388" "Mozilla/5.0 (Windows NT 10.0; Win64; x64) AppleWebKit/537.36 (KHTML, like Gecko) Chrome/131.0.0.0 Safari/537.36"
178.115.42.220 - - [28/Nov/2024:09:45:10 +0100] "GET /entry.php?id=10271&&ser=783449 HTTP/1.1" 200 987 "http://hausegger.activities.at/entry.php?id=10271&&ser=783388" "Mozilla/5.0 (Windows NT 10.0; Win64; x64) AppleWebKit/537.36 (KHTML, like Gecko) Chrome/131.0.0.0 Safari/537.36"
178.115.42.220 - - [28/Nov/2024:09:45:11 +0100] "GET /gui/javascript/form_form.js?1732783510 HTTP/1.1" 200 16206 "http://hausegger.activities.at/entry.php?id=10271&&ser=783449" "Mozilla/5.0 (Windows NT 10.0; Win64; x64) AppleWebKit/537.36 (KHTML, like Gecko) Chrome/131.0.0.0 Safari/537.36"
178.115.42.220 - - [28/Nov/2024:09:46:11 +0100] "GET /entry.php?id=10271&&ser=783510 HTTP/1.1" 200 987 "http://hausegger.activities.at/entry.php?id=10271&&ser=783449" "Mozilla/5.0 (Windows NT 10.0; Win64; x64) AppleWebKit/537.36 (KHTML, like Gecko) Chrome/131.0.0.0 Safari/537.36"
178.115.42.220 - - [28/Nov/2024:09:46:12 +0100] "GET /gui/javascript/form_form.js?1732783571 HTTP/1.1" 200 16206 "http://hausegger.activities.at/entry.php?id=10271&&ser=783510" "Mozilla/5.0 (Windows NT 10.0; Win64; x64) AppleWebKit/537.36 (KHTML, like Gecko) Chrome/131.0.0.0 Safari/537.36"
178.115.42.220 - - [28/Nov/2024:09:47:12 +0100] "GET /entry.php?id=10271&&ser=783571 HTTP/1.1" 200 987 "http://hausegger.activities.at/entry.php?id=10271&&ser=783510" "Mozilla/5.0 (Windows NT 10.0; Win64; x64) AppleWebKit/537.36 (KHTML, like Gecko) Chrome/131.0.0.0 Safari/537.36"
178.115.42.220 - - [28/Nov/2024:09:47:13 +0100] "GET /gui/javascript/form_form.js?1732783632 HTTP/1.1" 200 16206 "http://hausegger.activities.at/entry.php?id=10271&&ser=783571" "Mozilla/5.0 (Windows NT 10.0; Win64; x64) AppleWebKit/537.36 (KHTML, like Gecko) Chrome/131.0.0.0 Safari/537.36"
178.115.42.220 - - [28/Nov/2024:09:48:13 +0100] "GET /entry.php?id=10271&&ser=783632 HTTP/1.1" 200 987 "http://hausegger.activities.at/entry.php?id=10271&&ser=783571" "Mozilla/5.0 (Windows NT 10.0; Win64; x64) AppleWebKit/537.36 (KHTML, like Gecko) Chrome/131.0.0.0 Safari/537.36"
178.115.42.220 - - [28/Nov/2024:09:48:14 +0100] "GET /gui/javascript/form_form.js?1732783693 HTTP/1.1" 200 16206 "http://hausegger.activities.at/entry.php?id=10271&&ser=783632" "Mozilla/5.0 (Windows NT 10.0; Win64; x64) AppleWebKit/537.36 (KHTML, like Gecko) Chrome/131.0.0.0 Safari/537.36"
178.115.42.220 - - [28/Nov/2024:09:49:14 +0100] "GET /entry.php?id=10271&&ser=783693 HTTP/1.1" 200 987 "http://hausegger.activities.at/entry.php?id=10271&&ser=783632" "Mozilla/5.0 (Windows NT 10.0; Win64; x64) AppleWebKit/537.36 (KHTML, like Gecko) Chrome/131.0.0.0 Safari/537.36"
178.115.42.220 - - [28/Nov/2024:09:49:15 +0100] "GET /gui/javascript/form_form.js?1732783754 HTTP/1.1" 200 16206 "http://hausegger.activities.at/entry.php?id=10271&&ser=783693" "Mozilla/5.0 (Windows NT 10.0; Win64; x64) AppleWebKit/537.36 (KHTML, like Gecko) Chrome/131.0.0.0 Safari/537.36"
178.115.42.220 - - [28/Nov/2024:09:50:15 +0100] "GET /entry.php?id=10271&&ser=783754 HTTP/1.1" 200 987 "http://hausegger.activities.at/entry.php?id=10271&&ser=783693" "Mozilla/5.0 (Windows NT 10.0; Win64; x64) AppleWebKit/537.36 (KHTML, like Gecko) Chrome/131.0.0.0 Safari/537.36"
178.115.42.220 - - [28/Nov/2024:09:50:16 +0100] "GET /gui/javascript/form_form.js?1732783815 HTTP/1.1" 200 16206 "http://hausegger.activities.at/entry.php?id=10271&&ser=783754" "Mozilla/5.0 (Windows NT 10.0; Win64; x64) AppleWebKit/537.36 (KHTML, like Gecko) Chrome/131.0.0.0 Safari/537.36"
178.115.42.220 - - [28/Nov/2024:09:51:16 +0100] "GET /entry.php?id=10271&&ser=783815 HTTP/1.1" 200 987 "http://hausegger.activities.at/entry.php?id=10271&&ser=783754" "Mozilla/5.0 (Windows NT 10.0; Win64; x64) AppleWebKit/537.36 (KHTML, like Gecko) Chrome/131.0.0.0 Safari/537.36"
178.115.42.220 - - [28/Nov/2024:09:51:17 +0100] "GET /gui/javascript/form_form.js?1732783876 HTTP/1.1" 200 16206 "http://hausegger.activities.at/entry.php?id=10271&&ser=783815" "Mozilla/5.0 (Windows NT 10.0; Win64; x64) AppleWebKit/537.36 (KHTML, like Gecko) Chrome/131.0.0.0 Safari/537.36"
185.191.126.248 - - [28/Nov/2024:09:51:53 +0100] "GET / HTTP/1.1" 200 423 "-" "-"
178.115.42.220 - - [28/Nov/2024:09:52:17 +0100] "GET /entry.php?id=10271&&ser=783876 HTTP/1.1" 200 987 "http://hausegger.activities.at/entry.php?id=10271&&ser=783815" "Mozilla/5.0 (Windows NT 10.0; Win64; x64) AppleWebKit/537.36 (KHTML, like Gecko) Chrome/131.0.0.0 Safari/537.36"
178.115.42.220 - - [28/Nov/2024:09:52:18 +0100] "GET /gui/javascript/form_form.js?1732783937 HTTP/1.1" 200 16206 "http://hausegger.activities.at/entry.php?id=10271&&ser=783876" "Mozilla/5.0 (Windows NT 10.0; Win64; x64) AppleWebKit/537.36 (KHTML, like Gecko) Chrome/131.0.0.0 Safari/537.36"
178.115.42.220 - - [28/Nov/2024:09:53:18 +0100] "GET /entry.php?id=10271&&ser=783937 HTTP/1.1" 200 987 "http://hausegger.activities.at/entry.php?id=10271&&ser=783876" "Mozilla/5.0 (Windows NT 10.0; Win64; x64) AppleWebKit/537.36 (KHTML, like Gecko) Chrome/131.0.0.0 Safari/537.36"
178.115.42.220 - - [28/Nov/2024:09:53:19 +0100] "GET /gui/javascript/form_form.js?1732783998 HTTP/1.1" 200 16206 "http://hausegger.activities.at/entry.php?id=10271&&ser=783937" "Mozilla/5.0 (Windows NT 10.0; Win64; x64) AppleWebKit/537.36 (KHTML, like Gecko) Chrome/131.0.0.0 Safari/537.36"
178.115.42.220 - - [28/Nov/2024:09:54:19 +0100] "GET /entry.php?id=10271&&ser=783998 HTTP/1.1" 200 987 "http://hausegger.activities.at/entry.php?id=10271&&ser=783937" "Mozilla/5.0 (Windows NT 10.0; Win64; x64) AppleWebKit/537.36 (KHTML, like Gecko) Chrome/131.0.0.0 Safari/537.36"
178.115.42.220 - - [28/Nov/2024:09:54:20 +0100] "GET /gui/javascript/form_form.js?1732784059 HTTP/1.1" 200 16206 "http://hausegger.activities.at/entry.php?id=10271&&ser=783998" "Mozilla/5.0 (Windows NT 10.0; Win64; x64) AppleWebKit/537.36 (KHTML, like Gecko) Chrome/131.0.0.0 Safari/537.36"
194.50.16.198 - - [28/Nov/2024:09:54:21 +0100] "GET /login.asp HTTP/1.1" 404 354 "-" "-"
178.115.42.220 - - [28/Nov/2024:09:55:20 +0100] "GET /entry.php?id=10271&&ser=784059 HTTP/1.1" 200 987 "http://hausegger.activities.at/entry.php?id=10271&&ser=783998" "Mozilla/5.0 (Windows NT 10.0; Win64; x64) AppleWebKit/537.36 (KHTML, like Gecko) Chrome/131.0.0.0 Safari/537.36"
178.115.42.220 - - [28/Nov/2024:09:55:21 +0100] "GET /gui/javascript/form_form.js?1732784120 HTTP/1.1" 200 16206 "http://hausegger.activities.at/entry.php?id=10271&&ser=784059" "Mozilla/5.0 (Windows NT 10.0; Win64; x64) AppleWebKit/537.36 (KHTML, like Gecko) Chrome/131.0.0.0 Safari/537.36"
178.115.42.220 - - [28/Nov/2024:09:56:21 +0100] "GET /entry.php?id=10271&&ser=784120 HTTP/1.1" 200 986 "http://hausegger.activities.at/entry.php?id=10271&&ser=784059" "Mozilla/5.0 (Windows NT 10.0; Win64; x64) AppleWebKit/537.36 (KHTML, like Gecko) Chrome/131.0.0.0 Safari/537.36"
178.115.42.220 - - [28/Nov/2024:09:56:22 +0100] "GET /gui/javascript/form_form.js?1732784181 HTTP/1.1" 200 16206 "http://hausegger.activities.at/entry.php?id=10271&&ser=784120" "Mozilla/5.0 (Windows NT 10.0; Win64; x64) AppleWebKit/537.36 (KHTML, like Gecko) Chrome/131.0.0.0 Safari/537.36"
1.231.222.20 - - [28/Nov/2024:09:57:09 +0100] "GET / HTTP/1.0" 200 423 "-" "Mozilla/5.0 (Linux; U; Android 4.0.3; ko-kr; LG-L160L Build/IML74K) AppleWebkit/534.30 (KHTML, like Gecko) Version/4.0 Mobile Safari/534.30"
178.115.42.220 - - [28/Nov/2024:09:57:22 +0100] "GET /entry.php?id=10271&&ser=784181 HTTP/1.1" 200 987 "http://hausegger.activities.at/entry.php?id=10271&&ser=784120" "Mozilla/5.0 (Windows NT 10.0; Win64; x64) AppleWebKit/537.36 (KHTML, like Gecko) Chrome/131.0.0.0 Safari/537.36"
178.115.42.220 - - [28/Nov/2024:09:57:23 +0100] "GET /gui/javascript/form_form.js?1732784242 HTTP/1.1" 200 16206 "http://hausegger.activities.at/entry.php?id=10271&&ser=784181" "Mozilla/5.0 (Windows NT 10.0; Win64; x64) AppleWebKit/537.36 (KHTML, like Gecko) Chrome/131.0.0.0 Safari/537.36"
178.115.42.220 - - [28/Nov/2024:09:58:23 +0100] "GET /entry.php?id=10271&&ser=784242 HTTP/1.1" 200 987 "http://hausegger.activities.at/entry.php?id=10271&&ser=784181" "Mozilla/5.0 (Windows NT 10.0; Win64; x64) AppleWebKit/537.36 (KHTML, like Gecko) Chrome/131.0.0.0 Safari/537.36"
178.115.42.220 - - [28/Nov/2024:09:58:24 +0100] "GET /gui/javascript/form_form.js?1732784303 HTTP/1.1" 200 16206 "http://hausegger.activities.at/entry.php?id=10271&&ser=784242" "Mozilla/5.0 (Windows NT 10.0; Win64; x64) AppleWebKit/537.36 (KHTML, like Gecko) Chrome/131.0.0.0 Safari/537.36"
178.115.42.220 - - [28/Nov/2024:09:59:24 +0100] "GET /entry.php?id=10271&&ser=784303 HTTP/1.1" 200 987 "http://hausegger.activities.at/entry.php?id=10271&&ser=784242" "Mozilla/5.0 (Windows NT 10.0; Win64; x64) AppleWebKit/537.36 (KHTML, like Gecko) Chrome/131.0.0.0 Safari/537.36"
178.115.42.220 - - [28/Nov/2024:09:59:25 +0100] "GET /gui/javascript/form_form.js?1732784364 HTTP/1.1" 200 16206 "http://hausegger.activities.at/entry.php?id=10271&&ser=784303" "Mozilla/5.0 (Windows NT 10.0; Win64; x64) AppleWebKit/537.36 (KHTML, like Gecko) Chrome/131.0.0.0 Safari/537.36"
178.115.42.220 - - [28/Nov/2024:10:00:25 +0100] "GET /entry.php?id=10271&&ser=784364 HTTP/1.1" 200 987 "http://hausegger.activities.at/entry.php?id=10271&&ser=784303" "Mozilla/5.0 (Windows NT 10.0; Win64; x64) AppleWebKit/537.36 (KHTML, like Gecko) Chrome/131.0.0.0 Safari/537.36"
178.115.42.220 - - [28/Nov/2024:10:00:26 +0100] "GET /gui/javascript/form_form.js?1732784425 HTTP/1.1" 200 16206 "http://hausegger.activities.at/entry.php?id=10271&&ser=784364" "Mozilla/5.0 (Windows NT 10.0; Win64; x64) AppleWebKit/537.36 (KHTML, like Gecko) Chrome/131.0.0.0 Safari/537.36"
178.115.42.220 - - [28/Nov/2024:10:01:26 +0100] "GET /entry.php?id=10271&&ser=784425 HTTP/1.1" 200 987 "http://hausegger.activities.at/entry.php?id=10271&&ser=784364" "Mozilla/5.0 (Windows NT 10.0; Win64; x64) AppleWebKit/537.36 (KHTML, like Gecko) Chrome/131.0.0.0 Safari/537.36"
178.115.42.220 - - [28/Nov/2024:10:01:27 +0100] "GET /gui/javascript/form_form.js?1732784486 HTTP/1.1" 200 16206 "http://hausegger.activities.at/entry.php?id=10271&&ser=784425" "Mozilla/5.0 (Windows NT 10.0; Win64; x64) AppleWebKit/537.36 (KHTML, like Gecko) Chrome/131.0.0.0 Safari/537.36"
178.115.42.220 - - [28/Nov/2024:10:02:27 +0100] "GET /entry.php?id=10271&&ser=784486 HTTP/1.1" 200 987 "http://hausegger.activities.at/entry.php?id=10271&&ser=784425" "Mozilla/5.0 (Windows NT 10.0; Win64; x64) AppleWebKit/537.36 (KHTML, like Gecko) Chrome/131.0.0.0 Safari/537.36"
178.115.42.220 - - [28/Nov/2024:10:02:28 +0100] "GET /gui/javascript/form_form.js?1732784547 HTTP/1.1" 200 16206 "http://hausegger.activities.at/entry.php?id=10271&&ser=784486" "Mozilla/5.0 (Windows NT 10.0; Win64; x64) AppleWebKit/537.36 (KHTML, like Gecko) Chrome/131.0.0.0 Safari/537.36"
178.115.42.220 - - [28/Nov/2024:10:03:28 +0100] "GET /entry.php?id=10271&&ser=784547 HTTP/1.1" 200 987 "http://hausegger.activities.at/entry.php?id=10271&&ser=784486" "Mozilla/5.0 (Windows NT 10.0; Win64; x64) AppleWebKit/537.36 (KHTML, like Gecko) Chrome/131.0.0.0 Safari/537.36"
178.115.42.220 - - [28/Nov/2024:10:03:29 +0100] "GET /gui/javascript/form_form.js?1732784608 HTTP/1.1" 200 16206 "http://hausegger.activities.at/entry.php?id=10271&&ser=784547" "Mozilla/5.0 (Windows NT 10.0; Win64; x64) AppleWebKit/537.36 (KHTML, like Gecko) Chrome/131.0.0.0 Safari/537.36"
178.115.42.220 - - [28/Nov/2024:10:04:29 +0100] "GET /entry.php?id=10271&&ser=784608 HTTP/1.1" 200 987 "http://hausegger.activities.at/entry.php?id=10271&&ser=784547" "Mozilla/5.0 (Windows NT 10.0; Win64; x64) AppleWebKit/537.36 (KHTML, like Gecko) Chrome/131.0.0.0 Safari/537.36"
178.115.42.220 - - [28/Nov/2024:10:04:30 +0100] "GET /gui/javascript/form_form.js?1732784669 HTTP/1.1" 200 16206 "http://hausegger.activities.at/entry.php?id=10271&&ser=784608" "Mozilla/5.0 (Windows NT 10.0; Win64; x64) AppleWebKit/537.36 (KHTML, like Gecko) Chrome/131.0.0.0 Safari/537.36"
141.98.11.35 - - [28/Nov/2024:10:04:42 +0100] "GET / HTTP/1.1" 200 423 "-" "-"
178.115.42.220 - - [28/Nov/2024:10:05:30 +0100] "GET /entry.php?id=10271&&ser=784669 HTTP/1.1" 200 986 "http://hausegger.activities.at/entry.php?id=10271&&ser=784608" "Mozilla/5.0 (Windows NT 10.0; Win64; x64) AppleWebKit/537.36 (KHTML, like Gecko) Chrome/131.0.0.0 Safari/537.36"
178.115.42.220 - - [28/Nov/2024:10:05:31 +0100] "GET /gui/javascript/form_form.js?1732784730 HTTP/1.1" 200 16206 "http://hausegger.activities.at/entry.php?id=10271&&ser=784669" "Mozilla/5.0 (Windows NT 10.0; Win64; x64) AppleWebKit/537.36 (KHTML, like Gecko) Chrome/131.0.0.0 Safari/537.36"
178.115.42.220 - - [28/Nov/2024:10:06:31 +0100] "GET /entry.php?id=10271&&ser=784730 HTTP/1.1" 200 987 "http://hausegger.activities.at/entry.php?id=10271&&ser=784669" "Mozilla/5.0 (Windows NT 10.0; Win64; x64) AppleWebKit/537.36 (KHTML, like Gecko) Chrome/131.0.0.0 Safari/537.36"
178.115.42.220 - - [28/Nov/2024:10:06:32 +0100] "GET /gui/javascript/form_form.js?1732784792 HTTP/1.1" 200 16206 "http://hausegger.activities.at/entry.php?id=10271&&ser=784730" "Mozilla/5.0 (Windows NT 10.0; Win64; x64) AppleWebKit/537.36 (KHTML, like Gecko) Chrome/131.0.0.0 Safari/537.36"
178.115.42.220 - - [28/Nov/2024:10:07:32 +0100] "GET /entry.php?id=10271&&ser=784792 HTTP/1.1" 200 987 "http://hausegger.activities.at/entry.php?id=10271&&ser=784730" "Mozilla/5.0 (Windows NT 10.0; Win64; x64) AppleWebKit/537.36 (KHTML, like Gecko) Chrome/131.0.0.0 Safari/537.36"
178.115.42.220 - - [28/Nov/2024:10:07:33 +0100] "GET /gui/javascript/form_form.js?1732784852 HTTP/1.1" 200 16206 "http://hausegger.activities.at/entry.php?id=10271&&ser=784792" "Mozilla/5.0 (Windows NT 10.0; Win64; x64) AppleWebKit/537.36 (KHTML, like Gecko) Chrome/131.0.0.0 Safari/537.36"
178.115.42.220 - - [28/Nov/2024:10:08:33 +0100] "GET /entry.php?id=10271&&ser=784852 HTTP/1.1" 200 987 "http://hausegger.activities.at/entry.php?id=10271&&ser=784792" "Mozilla/5.0 (Windows NT 10.0; Win64; x64) AppleWebKit/537.36 (KHTML, like Gecko) Chrome/131.0.0.0 Safari/537.36"
178.115.42.220 - - [28/Nov/2024:10:08:34 +0100] "GET /gui/javascript/form_form.js?1732784913 HTTP/1.1" 200 16206 "http://hausegger.activities.at/entry.php?id=10271&&ser=784852" "Mozilla/5.0 (Windows NT 10.0; Win64; x64) AppleWebKit/537.36 (KHTML, like Gecko) Chrome/131.0.0.0 Safari/537.36"
178.115.42.220 - - [28/Nov/2024:10:09:34 +0100] "GET /entry.php?id=10271&&ser=784913 HTTP/1.1" 200 987 "http://hausegger.activities.at/entry.php?id=10271&&ser=784852" "Mozilla/5.0 (Windows NT 10.0; Win64; x64) AppleWebKit/537.36 (KHTML, like Gecko) Chrome/131.0.0.0 Safari/537.36"
178.115.42.220 - - [28/Nov/2024:10:09:35 +0100] "GET /gui/javascript/form_form.js?1732784974 HTTP/1.1" 200 16206 "http://hausegger.activities.at/entry.php?id=10271&&ser=784913" "Mozilla/5.0 (Windows NT 10.0; Win64; x64) AppleWebKit/537.36 (KHTML, like Gecko) Chrome/131.0.0.0 Safari/537.36"
220.135.152.48 - - [28/Nov/2024:10:09:48 +0100] "GET / HTTP/1.0" 200 423 "-" "Mozilla/5.0 (Linux; U; Android 4.0.3; ko-kr; LG-L160L Build/IML74K) AppleWebkit/534.30 (KHTML, like Gecko) Version/4.0 Mobile Safari/534.30"
178.115.42.220 - - [28/Nov/2024:10:10:35 +0100] "GET /entry.php?id=10271&&ser=784974 HTTP/1.1" 200 987 "http://hausegger.activities.at/entry.php?id=10271&&ser=784913" "Mozilla/5.0 (Windows NT 10.0; Win64; x64) AppleWebKit/537.36 (KHTML, like Gecko) Chrome/131.0.0.0 Safari/537.36"
178.115.42.220 - - [28/Nov/2024:10:10:36 +0100] "GET /gui/javascript/form_form.js?1732785035 HTTP/1.1" 200 16206 "http://hausegger.activities.at/entry.php?id=10271&&ser=784974" "Mozilla/5.0 (Windows NT 10.0; Win64; x64) AppleWebKit/537.36 (KHTML, like Gecko) Chrome/131.0.0.0 Safari/537.36"
178.115.42.220 - - [28/Nov/2024:10:11:36 +0100] "GET /entry.php?id=10271&&ser=785035 HTTP/1.1" 200 987 "http://hausegger.activities.at/entry.php?id=10271&&ser=784974" "Mozilla/5.0 (Windows NT 10.0; Win64; x64) AppleWebKit/537.36 (KHTML, like Gecko) Chrome/131.0.0.0 Safari/537.36"
178.115.42.220 - - [28/Nov/2024:10:11:37 +0100] "GET /gui/javascript/form_form.js?1732785096 HTTP/1.1" 200 16206 "http://hausegger.activities.at/entry.php?id=10271&&ser=785035" "Mozilla/5.0 (Windows NT 10.0; Win64; x64) AppleWebKit/537.36 (KHTML, like Gecko) Chrome/131.0.0.0 Safari/537.36"
178.115.42.220 - - [28/Nov/2024:10:12:37 +0100] "GET /entry.php?id=10271&&ser=785096 HTTP/1.1" 200 987 "http://hausegger.activities.at/entry.php?id=10271&&ser=785035" "Mozilla/5.0 (Windows NT 10.0; Win64; x64) AppleWebKit/537.36 (KHTML, like Gecko) Chrome/131.0.0.0 Safari/537.36"
178.115.42.220 - - [28/Nov/2024:10:12:38 +0100] "GET /gui/javascript/form_form.js?1732785158 HTTP/1.1" 200 16206 "http://hausegger.activities.at/entry.php?id=10271&&ser=785096" "Mozilla/5.0 (Windows NT 10.0; Win64; x64) AppleWebKit/537.36 (KHTML, like Gecko) Chrome/131.0.0.0 Safari/537.36"
178.115.42.220 - - [28/Nov/2024:10:13:38 +0100] "GET /entry.php?id=10271&&ser=785158 HTTP/1.1" 200 987 "http://hausegger.activities.at/entry.php?id=10271&&ser=785096" "Mozilla/5.0 (Windows NT 10.0; Win64; x64) AppleWebKit/537.36 (KHTML, like Gecko) Chrome/131.0.0.0 Safari/537.36"
178.115.42.220 - - [28/Nov/2024:10:13:39 +0100] "GET /gui/javascript/form_form.js?1732785218 HTTP/1.1" 200 16206 "http://hausegger.activities.at/entry.php?id=10271&&ser=785158" "Mozilla/5.0 (Windows NT 10.0; Win64; x64) AppleWebKit/537.36 (KHTML, like Gecko) Chrome/131.0.0.0 Safari/537.36"
178.115.42.220 - - [28/Nov/2024:10:14:39 +0100] "GET /entry.php?id=10271&&ser=785218 HTTP/1.1" 200 987 "http://hausegger.activities.at/entry.php?id=10271&&ser=785158" "Mozilla/5.0 (Windows NT 10.0; Win64; x64) AppleWebKit/537.36 (KHTML, like Gecko) Chrome/131.0.0.0 Safari/537.36"
178.115.42.220 - - [28/Nov/2024:10:14:40 +0100] "GET /gui/javascript/form_form.js?1732785279 HTTP/1.1" 200 16206 "http://hausegger.activities.at/entry.php?id=10271&&ser=785218" "Mozilla/5.0 (Windows NT 10.0; Win64; x64) AppleWebKit/537.36 (KHTML, like Gecko) Chrome/131.0.0.0 Safari/537.36"
156.59.198.136 - - [28/Nov/2024:10:15:27 +0100] "GET /renault.2web.at/stats/lang/awstats-pl.txt HTTP/1.0" 404 303 "-" "Mozilla/5.0 (Linux; Android 5.0) AppleWebKit/537.36 (KHTML, like Gecko) Mobile Safari/537.36 (compatible; Bytespider; spider-feedback@bytedance.com)"
178.115.42.220 - - [28/Nov/2024:10:15:40 +0100] "GET /entry.php?id=10271&&ser=785279 HTTP/1.1" 200 987 "http://hausegger.activities.at/entry.php?id=10271&&ser=785218" "Mozilla/5.0 (Windows NT 10.0; Win64; x64) AppleWebKit/537.36 (KHTML, like Gecko) Chrome/131.0.0.0 Safari/537.36"
178.115.42.220 - - [28/Nov/2024:10:15:41 +0100] "GET /gui/javascript/form_form.js?1732785340 HTTP/1.1" 200 16206 "http://hausegger.activities.at/entry.php?id=10271&&ser=785279" "Mozilla/5.0 (Windows NT 10.0; Win64; x64) AppleWebKit/537.36 (KHTML, like Gecko) Chrome/131.0.0.0 Safari/537.36"
178.115.42.220 - - [28/Nov/2024:10:16:41 +0100] "GET /entry.php?id=10271&&ser=785340 HTTP/1.1" 200 987 "http://hausegger.activities.at/entry.php?id=10271&&ser=785279" "Mozilla/5.0 (Windows NT 10.0; Win64; x64) AppleWebKit/537.36 (KHTML, like Gecko) Chrome/131.0.0.0 Safari/537.36"
178.115.42.220 - - [28/Nov/2024:10:16:42 +0100] "GET /gui/javascript/form_form.js?1732785401 HTTP/1.1" 200 16206 "http://hausegger.activities.at/entry.php?id=10271&&ser=785340" "Mozilla/5.0 (Windows NT 10.0; Win64; x64) AppleWebKit/537.36 (KHTML, like Gecko) Chrome/131.0.0.0 Safari/537.36"
178.115.42.220 - - [28/Nov/2024:10:17:42 +0100] "GET /entry.php?id=10271&&ser=785401 HTTP/1.1" 200 987 "http://hausegger.activities.at/entry.php?id=10271&&ser=785340" "Mozilla/5.0 (Windows NT 10.0; Win64; x64) AppleWebKit/537.36 (KHTML, like Gecko) Chrome/131.0.0.0 Safari/537.36"
178.115.42.220 - - [28/Nov/2024:10:17:43 +0100] "GET /gui/javascript/form_form.js?1732785462 HTTP/1.1" 200 16206 "http://hausegger.activities.at/entry.php?id=10271&&ser=785401" "Mozilla/5.0 (Windows NT 10.0; Win64; x64) AppleWebKit/537.36 (KHTML, like Gecko) Chrome/131.0.0.0 Safari/537.36"
178.115.42.220 - - [28/Nov/2024:10:18:43 +0100] "GET /entry.php?id=10271&&ser=785462 HTTP/1.1" 200 987 "http://hausegger.activities.at/entry.php?id=10271&&ser=785401" "Mozilla/5.0 (Windows NT 10.0; Win64; x64) AppleWebKit/537.36 (KHTML, like Gecko) Chrome/131.0.0.0 Safari/537.36"
178.115.42.220 - - [28/Nov/2024:10:18:44 +0100] "GET /gui/javascript/form_form.js?1732785524 HTTP/1.1" 200 16206 "http://hausegger.activities.at/entry.php?id=10271&&ser=785462" "Mozilla/5.0 (Windows NT 10.0; Win64; x64) AppleWebKit/537.36 (KHTML, like Gecko) Chrome/131.0.0.0 Safari/537.36"
156.59.198.136 - - [28/Nov/2024:10:19:27 +0100] "GET /docs/contadino/2018/RECHNUNG/RE18-00009.pdf HTTP/1.0" 404 308 "-" "Mozilla/5.0 (Linux; Android 5.0) AppleWebKit/537.36 (KHTML, like Gecko) Mobile Safari/537.36 (compatible; Bytespider; spider-feedback@bytedance.com)"
178.115.42.220 - - [28/Nov/2024:10:19:44 +0100] "GET /entry.php?id=10271&&ser=785524 HTTP/1.1" 200 987 "http://hausegger.activities.at/entry.php?id=10271&&ser=785462" "Mozilla/5.0 (Windows NT 10.0; Win64; x64) AppleWebKit/537.36 (KHTML, like Gecko) Chrome/131.0.0.0 Safari/537.36"
178.115.42.220 - - [28/Nov/2024:10:19:45 +0100] "GET /gui/javascript/form_form.js?1732785584 HTTP/1.1" 200 16206 "http://hausegger.activities.at/entry.php?id=10271&&ser=785524" "Mozilla/5.0 (Windows NT 10.0; Win64; x64) AppleWebKit/537.36 (KHTML, like Gecko) Chrome/131.0.0.0 Safari/537.36"
178.115.42.220 - - [28/Nov/2024:10:20:45 +0100] "GET /entry.php?id=10271&&ser=785584 HTTP/1.1" 200 987 "http://hausegger.activities.at/entry.php?id=10271&&ser=785524" "Mozilla/5.0 (Windows NT 10.0; Win64; x64) AppleWebKit/537.36 (KHTML, like Gecko) Chrome/131.0.0.0 Safari/537.36"
178.115.42.220 - - [28/Nov/2024:10:20:46 +0100] "GET /gui/javascript/form_form.js?1732785645 HTTP/1.1" 200 16206 "http://hausegger.activities.at/entry.php?id=10271&&ser=785584" "Mozilla/5.0 (Windows NT 10.0; Win64; x64) AppleWebKit/537.36 (KHTML, like Gecko) Chrome/131.0.0.0 Safari/537.36"
178.115.42.220 - - [28/Nov/2024:10:21:46 +0100] "GET /entry.php?id=10271&&ser=785645 HTTP/1.1" 200 987 "http://hausegger.activities.at/entry.php?id=10271&&ser=785584" "Mozilla/5.0 (Windows NT 10.0; Win64; x64) AppleWebKit/537.36 (KHTML, like Gecko) Chrome/131.0.0.0 Safari/537.36"
178.115.42.220 - - [28/Nov/2024:10:21:47 +0100] "GET /gui/javascript/form_form.js?1732785706 HTTP/1.1" 200 16206 "http://hausegger.activities.at/entry.php?id=10271&&ser=785645" "Mozilla/5.0 (Windows NT 10.0; Win64; x64) AppleWebKit/537.36 (KHTML, like Gecko) Chrome/131.0.0.0 Safari/537.36"
178.115.42.220 - - [28/Nov/2024:10:22:47 +0100] "GET /entry.php?id=10271&&ser=785706 HTTP/1.1" 200 989 "http://hausegger.activities.at/entry.php?id=10271&&ser=785645" "Mozilla/5.0 (Windows NT 10.0; Win64; x64) AppleWebKit/537.36 (KHTML, like Gecko) Chrome/131.0.0.0 Safari/537.36"
178.115.42.220 - - [28/Nov/2024:10:22:48 +0100] "GET /gui/javascript/form_form.js?1732785768 HTTP/1.1" 200 16206 "http://hausegger.activities.at/entry.php?id=10271&&ser=785706" "Mozilla/5.0 (Windows NT 10.0; Win64; x64) AppleWebKit/537.36 (KHTML, like Gecko) Chrome/131.0.0.0 Safari/537.36"
178.115.42.220 - - [28/Nov/2024:10:23:48 +0100] "GET /entry.php?id=10271&&ser=785767 HTTP/1.1" 200 987 "http://hausegger.activities.at/entry.php?id=10271&&ser=785706" "Mozilla/5.0 (Windows NT 10.0; Win64; x64) AppleWebKit/537.36 (KHTML, like Gecko) Chrome/131.0.0.0 Safari/537.36"
178.115.42.220 - - [28/Nov/2024:10:23:49 +0100] "GET /gui/javascript/form_form.js?1732785828 HTTP/1.1" 200 16206 "http://hausegger.activities.at/entry.php?id=10271&&ser=785767" "Mozilla/5.0 (Windows NT 10.0; Win64; x64) AppleWebKit/537.36 (KHTML, like Gecko) Chrome/131.0.0.0 Safari/537.36"
178.115.42.220 - - [28/Nov/2024:10:24:49 +0100] "GET /entry.php?id=10271&&ser=785828 HTTP/1.1" 200 987 "http://hausegger.activities.at/entry.php?id=10271&&ser=785767" "Mozilla/5.0 (Windows NT 10.0; Win64; x64) AppleWebKit/537.36 (KHTML, like Gecko) Chrome/131.0.0.0 Safari/537.36"
178.115.42.220 - - [28/Nov/2024:10:24:50 +0100] "GET /gui/javascript/form_form.js?1732785890 HTTP/1.1" 200 16206 "http://hausegger.activities.at/entry.php?id=10271&&ser=785828" "Mozilla/5.0 (Windows NT 10.0; Win64; x64) AppleWebKit/537.36 (KHTML, like Gecko) Chrome/131.0.0.0 Safari/537.36"
