156.59.198.136 - - [04/Dec/2024:01:00:04 +0100] "GET /renault.activities.at/htdocs/export/xml/data/orders/202106281203_RenOrder.xml HTTP/1.0" 404 329 "-" "Mozilla/5.0 (Linux; Android 5.0) AppleWebKit/537.36 (KHTML, like Gecko) Mobile Safari/537.36 (compatible; Bytespider; spider-feedback@bytedance.com)"
80.82.77.202 - - [04/Dec/2024:01:00:32 +0100] "\x16\x03\x02\x01o\x01" 400 383 "-" "-"
46.19.138.234 - - [04/Dec/2024:01:05:29 +0100] "GET / HTTP/1.1" 200 274 "-" "Mozilla/5.0 (Windows NT 10.0; Win64; x64) AppleWebKit/537.36 (KHTML, like Gecko) Chrome/90.0.4430.85 Safari/537.36 Edg/90.0.818.46"
194.50.16.198 - - [04/Dec/2024:01:07:41 +0100] "GET /cgi-bin/index.html HTTP/1.1" 404 363 "-" "-"
93.174.93.12 - - [04/Dec/2024:01:08:38 +0100] "GET / HTTP/1.0" 200 423 "-" "Mozilla/5.0 (Macintosh; Intel Mac OS X 10_14_5) AppleWebKit/537.36 (KHTML, like Gecko) Chrome/73.0.3683.103 Safari/537.36"
87.120.252.207 - - [04/Dec/2024:01:21:25 +0100] "GET /index.php HTTP/1.0" 200 423 "http://triadian.castlegem.co.uk/index.php" "Mozilla/5.0 (Windows NT 10.0.0; Win64; x64; ) AppleWebKit/537.36 (KHTML, like Gecko) Chrome/124.0.6367.63 Chrome/124.0.6367.63 Not-A.Brand/99 Safari/537.36"
23.129.64.171 - - [04/Dec/2024:01:31:27 +0100] "GET /wp-json/wp/v2/posts HTTP/1.1" 404 384 "food-and-drink.vienna-lodgings.at/wp-json/wp/v2/posts" "Mozilla/5.0 (X11; Linux x86_64; rv:39.0) Gecko/20100101 Firefox/39.0"
169.197.120.114 - - [04/Dec/2024:01:40:34 +0100] "CONNECT www.baidu.com:443 HTTP/1.1" 200 423 "-" "Go-http-client/1.1"
156.59.198.136 - - [04/Dec/2024:01:47:34 +0100] "GET /renault.2web.at/stats/lang/awstats-hu.txt HTTP/1.0" 404 303 "-" "Mozilla/5.0 (Linux; Android 5.0) AppleWebKit/537.36 (KHTML, like Gecko) Mobile Safari/537.36 (compatible; Bytespider; spider-feedback@bytedance.com)"
5.8.11.202 - - [04/Dec/2024:01:48:54 +0100] "GET / HTTP/1.0" 200 423 "-" "Mozilla/5.0 (Windows NT 10.0) AppleWebKit/537.36 (KHTML, like Gecko) Chrome/76.0.3809.100 Safari/537.36"
156.59.198.136 - - [04/Dec/2024:01:51:33 +0100] "GET /renault.activities.at/htdocs/export/xml/data/orders/202110271403_RenOrder.xml HTTP/1.0" 404 329 "-" "Mozilla/5.0 (Linux; Android 5.0) AppleWebKit/537.36 (KHTML, like Gecko) Mobile Safari/537.36 (compatible; Bytespider; spider-feedback@bytedance.com)"
86.136.158.20 - - [04/Dec/2024:01:55:36 +0100] "GET / HTTP/1.0" 200 423 "-" "Mozilla/5.0 (Linux; U; Android 4.0.3; ko-kr; LG-L160L Build/IML74K) AppleWebkit/534.30 (KHTML, like Gecko) Version/4.0 Mobile Safari/534.30"
198.235.24.173 - - [04/Dec/2024:01:55:44 +0100] "GET / HTTP/1.0" 200 423 "-" "Expanse, a Palo Alto Networks company, searches across the global IPv4 space multiple times per day to identify customers' presences on the Internet. If you would like to be excluded from our scans, please send IP addresses/domains to: scaninfo@paloaltonetworks.com"
141.98.11.35 - - [04/Dec/2024:02:03:47 +0100] "GET / HTTP/1.1" 200 423 "-" "-"
95.214.55.79 - - [04/Dec/2024:02:12:28 +0100] "GET / HTTP/1.1" 200 274 "-" "Mozilla/5.0 (Windows NT 10.0; Win64; x64) AppleWebKit/537.36 (KHTML, like Gecko) Chrome/90.0.4430.85 Safari/537.36 Edg/90.0.818.46"
156.59.198.136 - - [04/Dec/2024:02:15:35 +0100] "GET /renault.activities.at/htdocs/export/xml/data/orders/202111181203_RenOrder.xml HTTP/1.0" 404 328 "-" "Mozilla/5.0 (Linux; Android 5.0) AppleWebKit/537.36 (KHTML, like Gecko) Mobile Safari/537.36 (compatible; Bytespider; spider-feedback@bytedance.com)"
156.59.198.135 - - [04/Dec/2024:02:19:35 +0100] "GET /renault.2web.at/stats/lang/awstats-ko.txt HTTP/1.0" 404 304 "-" "Mozilla/5.0 (Linux; Android 5.0) AppleWebKit/537.36 (KHTML, like Gecko) Mobile Safari/537.36 (compatible; Bytespider; spider-feedback@bytedance.com)"
184.105.247.254 - - [04/Dec/2024:02:29:59 +0100] "GET / HTTP/1.1" 200 274 "-" "Mozilla/5.0 (X11; Ubuntu; Linux x86_64; rv:109.0) Gecko/20100101 Firefox/109.0"
184.105.247.254 - - [04/Dec/2024:02:33:05 +0100] "GET /favicon.ico HTTP/1.1" 404 284 "-" "Mozilla/5.0 (X11; Linux x86_64) AppleWebKit/537.36 (KHTML, like Gecko) Chrome/110.0.0.0 Safari/537.36"
45.148.121.115 - - [04/Dec/2024:02:33:09 +0100] "CONNECT google.com:443 HTTP/1.1" 200 423 "-" "Go-http-client/1.1"
184.105.247.254 - - [04/Dec/2024:02:33:51 +0100] "GET /geoserver/web/ HTTP/1.1" 404 284 "-" "Mozilla/5.0 (X11; Ubuntu; Linux x86_64; rv:109.0) Gecko/20100101 Firefox/109.0"
179.43.163.250 - - [04/Dec/2024:02:37:45 +0100] "\x16\x03\x01" 400 383 "-" "-"
179.43.163.250 - - [04/Dec/2024:02:37:46 +0100] "GET / HTTP/1.1" 400 383 "-" "-"
179.43.163.250 - - [04/Dec/2024:02:37:46 +0100] "GET / HTTP/1.1" 200 423 "-" "l9tcpid/v1.1.0"
179.43.163.250 - - [04/Dec/2024:02:37:46 +0100] "GET /data/.git/config HTTP/1.1" 404 288 "-" "l9explore/1.2.2"
179.43.163.250 - - [04/Dec/2024:02:37:46 +0100] "GET /files/.git/config HTTP/1.1" 404 289 "-" "l9explore/1.2.2"
179.43.163.250 - - [04/Dec/2024:02:37:47 +0100] "GET /.env.bak HTTP/1.1" 404 283 "-" "l9explore/1.2.2"
179.43.163.250 - - [04/Dec/2024:02:37:47 +0100] "GET /.env.staging.local HTTP/1.1" 404 290 "-" "l9explore/1.2.2"
179.43.163.250 - - [04/Dec/2024:02:37:47 +0100] "GET /cms/.git/config HTTP/1.1" 404 288 "-" "l9explore/1.2.2"
173.252.83.20 - - [04/Dec/2024:02:53:49 +0100] "GET /robots.txt HTTP/1.1" 404 366 "-" "facebookexternalhit/1.1 (+http://www.facebook.com/externalhit_uatext.php)"
173.252.83.15 - - [04/Dec/2024:02:54:53 +0100] "GET /cron.php?cron_type=tidy_cache&%3Bsid=5bc9406e00f29b6e539eb6132a701088 HTTP/1.1" 404 364 "-" "meta-externalagent/1.1 (+https://developers.facebook.com/docs/sharing/webmasters/crawler)"
156.59.198.136 - - [04/Dec/2024:03:03:57 +0100] "GET /renault.activities.at/htdocs/export/xml/data/orders/202103120803_RenOrder.xml HTTP/1.0" 404 328 "-" "Mozilla/5.0 (Linux; Android 5.0) AppleWebKit/537.36 (KHTML, like Gecko) Mobile Safari/537.36 (compatible; Bytespider; spider-feedback@bytedance.com)"
156.59.198.136 - - [04/Dec/2024:03:07:57 +0100] "GET /renault.activities.at/htdocs/export/xml/data/orders/202006170903_RenOrder.xml HTTP/1.0" 404 329 "-" "Mozilla/5.0 (Linux; Android 5.0) AppleWebKit/537.36 (KHTML, like Gecko) Mobile Safari/537.36 (compatible; Bytespider; spider-feedback@bytedance.com)"
156.59.198.135 - - [04/Dec/2024:03:11:57 +0100] "GET /renault.2web.at/stats/lang/awstats-bg.txt HTTP/1.0" 404 303 "-" "Mozilla/5.0 (Linux; Android 5.0) AppleWebKit/537.36 (KHTML, like Gecko) Mobile Safari/537.36 (compatible; Bytespider; spider-feedback@bytedance.com)"
51.120.3.91 - - [04/Dec/2024:03:12:52 +0100] "GET /.env HTTP/1.1" 404 280 "-" "Mozilla/5.0 (X11; Linux x86_64) AppleWebKit/537.36 (KHTML, like Gecko) Chrome/81.0.4044.129 Safari/537.36"
51.120.3.91 - - [04/Dec/2024:03:12:53 +0100] "POST / HTTP/1.1" 200 274 "-" "Mozilla/5.0 (X11; Linux x86_64) AppleWebKit/537.36 (KHTML, like Gecko) Chrome/81.0.4044.129 Safari/537.36"
156.59.198.136 - - [04/Dec/2024:03:15:58 +0100] "GET /renault.2web.at/stats/lang/awstats-lv.txt HTTP/1.0" 404 303 "-" "Mozilla/5.0 (Linux; Android 5.0) AppleWebKit/537.36 (KHTML, like Gecko) Mobile Safari/537.36 (compatible; Bytespider; spider-feedback@bytedance.com)"
156.59.198.136 - - [04/Dec/2024:03:19:58 +0100] "GET /renault.2web.at/stats/lang/awstats-cn.txt HTTP/1.0" 404 303 "-" "Mozilla/5.0 (Linux; Android 5.0) AppleWebKit/537.36 (KHTML, like Gecko) Mobile Safari/537.36 (compatible; Bytespider; spider-feedback@bytedance.com)"
109.194.243.115 - - [04/Dec/2024:03:40:48 +0100] "GET / HTTP/1.0" 200 423 "-" "Mozilla/5.0 (Windows NT 6.3; Win64; x64) AppleWebKit/537.36 (KHTML, like Gecko) Chrome/75.0.3770.100 Safari/537.36"
194.38.23.16 - - [04/Dec/2024:03:42:20 +0100] "GET /wp-content/plugins/pica-photo-gallery/css/style.css HTTP/1.1" 404 416 "-" "ALittle Client"
194.38.23.16 - - [04/Dec/2024:03:42:20 +0100] "GET /wp-content/plugins/pica-photo-gallery/css/style.css HTTP/1.1" 404 403 "-" "ALittle Client"
156.59.198.135 - - [04/Dec/2024:03:44:19 +0100] "GET /renault.activities.at/htdocs/export/xml/data/orders/201909130803_RenOrder.xml HTTP/1.0" 404 329 "-" "Mozilla/5.0 (Linux; Android 5.0) AppleWebKit/537.36 (KHTML, like Gecko) Mobile Safari/537.36 (compatible; Bytespider; spider-feedback@bytedance.com)"
88.214.25.65 - - [04/Dec/2024:03:46:00 +0100] "\x03" 400 383 "-" "-"
5.8.11.202 - - [04/Dec/2024:03:48:09 +0100] "\x16\x03\x02\x01o\x01" 400 383 "-" "-"
194.38.20.13 - - [04/Dec/2024:04:03:50 +0100] "GET /assets/global/plugins/plupload/examples/upload.php HTTP/1.1" 404 415 "-" "ALittle Client"
194.38.20.13 - - [04/Dec/2024:04:04:13 +0100] "GET /assets/global/plugins/plupload/examples/upload.php HTTP/1.1" 404 402 "-" "ALittle Client"
156.59.198.135 - - [04/Dec/2024:04:07:25 +0100] "GET /ed-test.activities.at/stats/lang/awstats-ro.txt HTTP/1.0" 404 306 "-" "Mozilla/5.0 (Linux; Android 5.0) AppleWebKit/537.36 (KHTML, like Gecko) Mobile Safari/537.36 (compatible; Bytespider; spider-feedback@bytedance.com)"
156.59.198.135 - - [04/Dec/2024:04:13:55 +0100] "GET /renault.2web.at/stats/lang/awstats-sk.txt HTTP/1.0" 404 303 "-" "Mozilla/5.0 (Linux; Android 5.0) AppleWebKit/537.36 (KHTML, like Gecko) Mobile Safari/537.36 (compatible; Bytespider; spider-feedback@bytedance.com)"
156.59.198.136 - - [04/Dec/2024:04:17:54 +0100] "GET /renault.2web.at/stats/lang/awstats-ro.txt HTTP/1.0" 404 303 "-" "Mozilla/5.0 (Linux; Android 5.0) AppleWebKit/537.36 (KHTML, like Gecko) Mobile Safari/537.36 (compatible; Bytespider; spider-feedback@bytedance.com)"
194.50.16.198 - - [04/Dec/2024:04:18:28 +0100] "GET /login.asp HTTP/1.1" 404 354 "-" "-"
156.59.198.135 - - [04/Dec/2024:04:37:57 +0100] "GET /renault.activities.at/htdocs/pinEdit/editor/dialogs/list_disc.png HTTP/1.0" 404 320 "-" "Mozilla/5.0 (Linux; Android 5.0) AppleWebKit/537.36 (KHTML, like Gecko) Mobile Safari/537.36 (compatible; Bytespider; spider-feedback@bytedance.com)"
141.98.11.35 - - [04/Dec/2024:04:43:57 +0100] "GET / HTTP/1.1" 200 423 "-" "-"
156.59.198.135 - - [04/Dec/2024:05:03:58 +0100] "GET /docs/contadino/ANGEBOT/AG17-000005.pdf HTTP/1.0" 404 305 "-" "Mozilla/5.0 (Linux; Android 5.0) AppleWebKit/537.36 (KHTML, like Gecko) Mobile Safari/537.36 (compatible; Bytespider; spider-feedback@bytedance.com)"
156.59.198.135 - - [04/Dec/2024:05:07:58 +0100] "GET /renault.2web.at/stats/lang/awstats-ba.txt HTTP/1.0" 404 303 "-" "Mozilla/5.0 (Linux; Android 5.0) AppleWebKit/537.36 (KHTML, like Gecko) Mobile Safari/537.36 (compatible; Bytespider; spider-feedback@bytedance.com)"
147.185.133.34 - - [04/Dec/2024:05:09:33 +0100] "GET / HTTP/1.1" 200 274 "-" "Expanse, a Palo Alto Networks company, searches across the global IPv4 space multiple times per day to identify customers' presences on the Internet. If you would like to be excluded from our scans, please send IP addresses/domains to: scaninfo@paloaltonetworks.com"
57.129.59.152 - - [04/Dec/2024:05:13:22 +0100] "GET /index.php HTTP/1.0" 200 423 "http://triadian.castlegem.co.uk/index.php" "Mozilla/5.0 (Windows NT 10.0.0; Win64; x64; ) AppleWebKit/537.36 (KHTML, like Gecko) Chrome/124.0.6367.91 Chrome/124.0.6367.91 Not-A.Brand/99 Safari/537.36"
156.59.198.135 - - [04/Dec/2024:05:21:14 +0100] "GET /docs/contadino/2018/RECHNUNG/RE18-00006.pdf HTTP/1.0" 404 308 "-" "Mozilla/5.0 (Linux; Android 5.0) AppleWebKit/537.36 (KHTML, like Gecko) Mobile Safari/537.36 (compatible; Bytespider; spider-feedback@bytedance.com)"
198.235.24.199 - - [04/Dec/2024:05:28:24 +0100] "GET / HTTP/1.1" 200 274 "-" "Expanse, a Palo Alto Networks company, searches across the global IPv4 space multiple times per day to identify customers' presences on the Internet. If you would like to be excluded from our scans, please send IP addresses/domains to: scaninfo@paloaltonetworks.com"
172.169.4.201 - - [04/Dec/2024:05:43:51 +0100] "GET /actuator/health HTTP/1.1" 404 287 "-" "Mozilla/5.0 zgrab/0.x"
156.59.198.135 - - [04/Dec/2024:05:45:18 +0100] "GET /renault.2web.at/stats/lang/awstats-de.txt HTTP/1.0" 404 303 "-" "Mozilla/5.0 (Linux; Android 5.0) AppleWebKit/537.36 (KHTML, like Gecko) Mobile Safari/537.36 (compatible; Bytespider; spider-feedback@bytedance.com)"
5.79.212.230 - - [04/Dec/2024:05:54:50 +0100] "GET / HTTP/1.0" 200 423 "http://212.69.160.11/" "Mozilla/5.0 (Windows NT 6.3; Win64; x64) AppleWebKit/537.36 (KHTML, like Gecko) Chrome/103.0.5060.66 Safari/537.36"
156.59.198.135 - - [04/Dec/2024:06:16:06 +0100] "GET /renault.2web.at/stats/lang/awstats-se.txt HTTP/1.0" 404 303 "-" "Mozilla/5.0 (Linux; Android 5.0) AppleWebKit/537.36 (KHTML, like Gecko) Mobile Safari/537.36 (compatible; Bytespider; spider-feedback@bytedance.com)"
194.50.16.198 - - [04/Dec/2024:06:16:11 +0100] "POST /apply.cgi HTTP/1.1" 404 284 "http://212.69.160.11:80/apply.cgi" "Mozilla/5.0 (Windows NT 10.0; Win64; x64) AppleWebKit/537.36 (KHTML, like Gecko) Chrome/129.0.6668.71 Safari/537.36"
95.214.55.43 - - [04/Dec/2024:06:16:13 +0100] "GET / HTTP/1.1" 200 274 "-" "Mozilla/5.0 (Windows NT 10.0; Win64; x64) AppleWebKit/537.36 (KHTML, like Gecko) Chrome/90.0.4430.85 Safari/537.36 Edg/90.0.818.46"
156.59.198.135 - - [04/Dec/2024:06:20:05 +0100] "GET /docs/contadino/2018/RECHNUNG/RE18-00016.pdf HTTP/1.0" 404 308 "-" "Mozilla/5.0 (Linux; Android 5.0) AppleWebKit/537.36 (KHTML, like Gecko) Mobile Safari/537.36 (compatible; Bytespider; spider-feedback@bytedance.com)"
199.45.154.137 - - [04/Dec/2024:06:30:47 +0100] "GET / HTTP/1.1" 200 423 "-" "-"
199.45.154.137 - - [04/Dec/2024:06:30:52 +0100] "GET / HTTP/1.1" 200 274 "-" "Mozilla/5.0 (compatible; CensysInspect/1.1; +https://about.censys.io/)"
199.45.154.137 - - [04/Dec/2024:06:30:53 +0100] "GET /activities.ico HTTP/1.1" 200 1406 "-" "Mozilla/5.0 (compatible; CensysInspect/1.1; +https://about.censys.io/)"
199.45.154.137 - - [04/Dec/2024:06:30:54 +0100] "GET /favicon.ico HTTP/1.1" 404 284 "-" "Mozilla/5.0 (compatible; CensysInspect/1.1; +https://about.censys.io/)"
199.45.154.137 - - [04/Dec/2024:06:30:55 +0100] "PRI * HTTP/2.0" 400 383 "-" "-"
141.98.11.35 - - [04/Dec/2024:06:35:15 +0100] "GET / HTTP/1.1" 200 423 "-" "-"
156.59.198.135 - - [04/Dec/2024:06:37:23 +0100] "GET /renault.2web.at/stats/lang/awstats-nb.txt HTTP/1.0" 404 303 "-" "Mozilla/5.0 (Linux; Android 5.0) AppleWebKit/537.36 (KHTML, like Gecko) Mobile Safari/537.36 (compatible; Bytespider; spider-feedback@bytedance.com)"
156.59.198.136 - - [04/Dec/2024:06:57:24 +0100] "GET /renault.2web.at/stats/lang/awstats-eu.txt HTTP/1.0" 404 303 "-" "Mozilla/5.0 (Linux; Android 5.0) AppleWebKit/537.36 (KHTML, like Gecko) Mobile Safari/537.36 (compatible; Bytespider; spider-feedback@bytedance.com)"
156.59.198.135 - - [04/Dec/2024:07:01:24 +0100] "GET /renault.activities.at/htdocs/export/xml/data/orders/202102121203_RenOrder.xml HTTP/1.0" 404 326 "-" "Mozilla/5.0 (Linux; Android 5.0) AppleWebKit/537.36 (KHTML, like Gecko) Mobile Safari/537.36 (compatible; Bytespider; spider-feedback@bytedance.com)"
87.120.115.34 - - [04/Dec/2024:07:03:35 +0100] "GET /_profiler/phpinfo HTTP/1.1" 404 289 "-" "Mozilla/5.0 (Windows NT 10.0; Win64; x64) AppleWebKit/537.36 (KHTML, like Gecko) Chrome/78.0.3880.4 Safari/537.36"
156.59.198.135 - - [04/Dec/2024:07:07:37 +0100] "GET /renault.2web.at/stats/lang/awstats-tr.txt HTTP/1.0" 404 303 "-" "Mozilla/5.0 (Linux; Android 5.0) AppleWebKit/537.36 (KHTML, like Gecko) Mobile Safari/537.36 (compatible; Bytespider; spider-feedback@bytedance.com)"
154.213.184.43 - - [04/Dec/2024:07:30:15 +0100] "GET / HTTP/1.1" 200 423 "-" "-"
147.185.132.64 - - [04/Dec/2024:07:34:33 +0100] "\x16\x03\x01" 400 383 "-" "-"
147.185.132.64 - - [04/Dec/2024:07:34:33 +0100] "\x16\x03\x01" 400 383 "-" "-"
47.128.60.43 - - [04/Dec/2024:07:42:03 +0100] "GET /robots.txt HTTP/1.1" 404 284 "-" "Mozilla/5.0 (Linux; Android 5.0) AppleWebKit/537.36 (KHTML, like Gecko) Mobile Safari/537.36 (compatible; Bytespider; spider-feedback@bytedance.com)"
156.59.198.135 - - [04/Dec/2024:07:46:03 +0100] "GET /renault.activities.at/htdocs/export/xml/data/orders/202105041703_RenOrder.xml HTTP/1.0" 404 329 "-" "Mozilla/5.0 (Linux; Android 5.0) AppleWebKit/537.36 (KHTML, like Gecko) Mobile Safari/537.36 (compatible; Bytespider; spider-feedback@bytedance.com)"
47.128.42.168 - - [04/Dec/2024:07:50:03 +0100] "GET /robots.txt HTTP/1.1" 404 284 "-" "Mozilla/5.0 (Linux; Android 5.0) AppleWebKit/537.36 (KHTML, like Gecko) Mobile Safari/537.36 (compatible; Bytespider; spider-feedback@bytedance.com)"
47.128.45.154 - - [04/Dec/2024:07:54:03 +0100] "GET /robots.txt HTTP/1.1" 404 284 "-" "Mozilla/5.0 (Linux; Android 5.0) AppleWebKit/537.36 (KHTML, like Gecko) Mobile Safari/537.36 (compatible; Bytespider; spider-feedback@bytedance.com)"
179.43.133.122 - - [04/Dec/2024:07:55:36 +0100] "GET / HTTP/1.1" 200 274 "-" "Mozilla/5.0 (Windows NT 10.0; Win64; x64) AppleWebKit/537.36 (KHTML, like Gecko) Chrome/90.0.4430.85 Safari/537.36 Edg/90.0.818.46"
47.128.21.161 - - [04/Dec/2024:07:58:03 +0100] "GET /robots.txt HTTP/1.1" 404 284 "-" "Mozilla/5.0 (Linux; Android 5.0) AppleWebKit/537.36 (KHTML, like Gecko) Mobile Safari/537.36 (compatible; Bytespider; spider-feedback@bytedance.com)"
65.49.1.37 - - [04/Dec/2024:08:08:05 +0100] "\x16\x03\x01" 400 383 "-" "-"
46.19.138.234 - - [04/Dec/2024:08:13:12 +0100] "GET / HTTP/1.1" 200 274 "-" "Mozilla/5.0 (Windows NT 10.0; Win64; x64) AppleWebKit/537.36 (KHTML, like Gecko) Chrome/90.0.4430.85 Safari/537.36 Edg/90.0.818.46"
156.59.198.136 - - [04/Dec/2024:08:24:09 +0100] "GET /renault.2web.at/stats/lang/awstats-gl.txt HTTP/1.0" 404 303 "-" "Mozilla/5.0 (Linux; Android 5.0) AppleWebKit/537.36 (KHTML, like Gecko) Mobile Safari/537.36 (compatible; Bytespider; spider-feedback@bytedance.com)"
156.59.198.136 - - [04/Dec/2024:08:28:09 +0100] "GET /renault.2web.at/stats/lang/awstats-pt.txt HTTP/1.0" 404 303 "-" "Mozilla/5.0 (Linux; Android 5.0) AppleWebKit/537.36 (KHTML, like Gecko) Mobile Safari/537.36 (compatible; Bytespider; spider-feedback@bytedance.com)"
14.187.148.103 - - [04/Dec/2024:08:33:23 +0100] "POST /cgi-bin/.%2e/.%2e/.%2e/.%2e/.%2e/.%2e/.%2e/.%2e/.%2e/.%2e/bin/sh HTTP/1.1" 400 373 "-" "Custom-AsyncHttpClient"
156.59.198.135 - - [04/Dec/2024:08:45:03 +0100] "GET /docs/contadino/2017/RE17-000010.pdf HTTP/1.0" 404 302 "-" "Mozilla/5.0 (Linux; Android 5.0) AppleWebKit/537.36 (KHTML, like Gecko) Mobile Safari/537.36 (compatible; Bytespider; spider-feedback@bytedance.com)"
156.59.198.135 - - [04/Dec/2024:08:52:55 +0100] "GET /docs/contadino/2018/AUFTRAG/AB18-00006.pdf HTTP/1.0" 404 307 "-" "Mozilla/5.0 (Linux; Android 5.0) AppleWebKit/537.36 (KHTML, like Gecko) Mobile Safari/537.36 (compatible; Bytespider; spider-feedback@bytedance.com)"
141.98.11.35 - - [04/Dec/2024:08:55:16 +0100] "GET / HTTP/1.1" 200 423 "-" "-"
156.59.198.135 - - [04/Dec/2024:09:00:29 +0100] "GET /renault.activities.at/htdocs/export/xml/data/orders/202007291803_RenOrder.xml HTTP/1.0" 404 329 "-" "Mozilla/5.0 (Linux; Android 5.0) AppleWebKit/537.36 (KHTML, like Gecko) Mobile Safari/537.36 (compatible; Bytespider; spider-feedback@bytedance.com)"
185.191.126.248 - - [04/Dec/2024:09:01:45 +0100] "GET / HTTP/1.1" 200 423 "-" "-"
195.178.110.57 - - [04/Dec/2024:09:16:34 +0100] "GET /.env HTTP/1.1" 404 280 "-" "Mozilla/5.0 (Linux; Android 9; moto g(6)) AppleWebKit/537.36 (KHTML, like Gecko) Chrome/76.0.3809.89 Mobile Safari/537.36"
5.8.11.202 - - [04/Dec/2024:09:16:46 +0100] "GET / HTTP/1.0" 200 423 "-" "Mozilla/5.0 (iPhone; CPU iPhone OS 12_0 like Mac OS X) AppleWebKit/604.1.34 (KHTML, like Gecko) CriOS/67.0.3396.69 Mobile/16A366 Safari/604.1"
156.59.198.136 - - [04/Dec/2024:09:28:05 +0100] "GET /renault.2web.at/stats/lang/awstats-hr.txt HTTP/1.0" 404 303 "-" "Mozilla/5.0 (Linux; Android 5.0) AppleWebKit/537.36 (KHTML, like Gecko) Mobile Safari/537.36 (compatible; Bytespider; spider-feedback@bytedance.com)"
95.214.55.79 - - [04/Dec/2024:09:37:15 +0100] "GET / HTTP/1.1" 200 274 "-" "Mozilla/5.0 (Windows NT 10.0; Win64; x64) AppleWebKit/537.36 (KHTML, like Gecko) Chrome/90.0.4430.85 Safari/537.36 Edg/90.0.818.46"
109.194.243.115 - - [04/Dec/2024:09:43:30 +0100] "GET / HTTP/1.0" 200 423 "-" "Mozilla/5.0 (Windows NT 6.3; Win64; x64) AppleWebKit/537.36 (KHTML, like Gecko) Chrome/75.0.3770.100 Safari/537.36"
156.59.198.136 - - [04/Dec/2024:09:52:07 +0100] "GET /docs/contadino/2017/GS17-000002.pdf HTTP/1.0" 404 301 "-" "Mozilla/5.0 (Linux; Android 5.0) AppleWebKit/537.36 (KHTML, like Gecko) Mobile Safari/537.36 (compatible; Bytespider; spider-feedback@bytedance.com)"
156.59.198.136 - - [04/Dec/2024:09:56:07 +0100] "GET /renault.activities.at/htdocs/export/xml/data/orders/202102091603_RenOrder.xml HTTP/1.0" 404 329 "-" "Mozilla/5.0 (Linux; Android 5.0) AppleWebKit/537.36 (KHTML, like Gecko) Mobile Safari/537.36 (compatible; Bytespider; spider-feedback@bytedance.com)"
156.59.198.136 - - [04/Dec/2024:10:00:08 +0100] "GET /ed-test.activities.at/stats/lang/awstats-hr.txt HTTP/1.0" 404 306 "-" "Mozilla/5.0 (Linux; Android 5.0) AppleWebKit/537.36 (KHTML, like Gecko) Mobile Safari/537.36 (compatible; Bytespider; spider-feedback@bytedance.com)"
185.191.126.248 - - [04/Dec/2024:10:02:34 +0100] "GET / HTTP/1.1" 200 423 "-" "-"
185.242.226.10 - - [04/Dec/2024:10:05:46 +0100] "GET /activities.ico HTTP/1.1" 200 1406 "-" "python-requests/2.26.0"
185.242.226.10 - - [04/Dec/2024:10:05:46 +0100] "GET / HTTP/1.1" 200 274 "-" "python-requests/2.26.0"
156.59.198.136 - - [04/Dec/2024:10:08:07 +0100] "GET /renault.2web.at/stats/lang/awstats-cy.txt HTTP/1.0" 404 303 "-" "Mozilla/5.0 (Linux; Android 5.0) AppleWebKit/537.36 (KHTML, like Gecko) Mobile Safari/537.36 (compatible; Bytespider; spider-feedback@bytedance.com)"
156.59.198.135 - - [04/Dec/2024:10:12:14 +0100] "GET /renault.activities.at/htdocs/export/xml/data/orders/202001141503_RenOrder.xml HTTP/1.0" 404 329 "-" "Mozilla/5.0 (Linux; Android 5.0) AppleWebKit/537.36 (KHTML, like Gecko) Mobile Safari/537.36 (compatible; Bytespider; spider-feedback@bytedance.com)"
185.191.126.248 - - [04/Dec/2024:10:39:54 +0100] "GET / HTTP/1.1" 200 423 "-" "-"
156.59.198.136 - - [04/Dec/2024:10:44:09 +0100] "GET /renault.activities.at/htdocs/export/xml/data/orders/202007071503_RenOrder.xml HTTP/1.0" 404 329 "-" "Mozilla/5.0 (Linux; Android 5.0) AppleWebKit/537.36 (KHTML, like Gecko) Mobile Safari/537.36 (compatible; Bytespider; spider-feedback@bytedance.com)"
156.59.198.136 - - [04/Dec/2024:10:51:55 +0100] "GET /renault.2web.at/stats/lang/awstats-nl.txt HTTP/1.0" 404 303 "-" "Mozilla/5.0 (Linux; Android 5.0) AppleWebKit/537.36 (KHTML, like Gecko) Mobile Safari/537.36 (compatible; Bytespider; spider-feedback@bytedance.com)"
178.115.42.220 - - [04/Dec/2024:10:52:49 +0100] "GET /layout.php HTTP/1.1" 200 815 "-" "Mozilla/5.0 (Windows NT 10.0; Win64; x64; rv:132.0) Gecko/20100101 Firefox/132.0"
178.115.42.220 - - [04/Dec/2024:10:52:50 +0100] "GET /activities.ico HTTP/1.1" 200 1406 "http://hausegger.activities.at/layout.php" "Mozilla/5.0 (Windows NT 10.0; Win64; x64; rv:132.0) Gecko/20100101 Firefox/132.0"
178.115.42.220 - - [04/Dec/2024:10:52:49 +0100] "GET /entry.php?id=10273 HTTP/1.1" 200 1902 "http://hausegger.activities.at/layout.php" "Mozilla/5.0 (Windows NT 10.0; Win64; x64; rv:132.0) Gecko/20100101 Firefox/132.0"
178.115.42.220 - - [04/Dec/2024:10:52:50 +0100] "GET /entry.php?id=10272 HTTP/1.1" 200 1159 "http://hausegger.activities.at/layout.php" "Mozilla/5.0 (Windows NT 10.0; Win64; x64; rv:132.0) Gecko/20100101 Firefox/132.0"
178.115.42.220 - - [04/Dec/2024:10:52:50 +0100] "GET /entry.php?id=11412 HTTP/1.1" 200 1759 "http://hausegger.activities.at/layout.php" "Mozilla/5.0 (Windows NT 10.0; Win64; x64; rv:132.0) Gecko/20100101 Firefox/132.0"
178.115.42.220 - - [04/Dec/2024:10:52:50 +0100] "GET /entry.php?id=10270 HTTP/1.1" 200 908 "http://hausegger.activities.at/layout.php" "Mozilla/5.0 (Windows NT 10.0; Win64; x64; rv:132.0) Gecko/20100101 Firefox/132.0"
178.115.42.220 - - [04/Dec/2024:10:52:50 +0100] "GET /framework/webfx/javascript/statusbar/statusBar.js HTTP/1.1" 304 - "http://hausegger.activities.at/entry.php?id=10272" "Mozilla/5.0 (Windows NT 10.0; Win64; x64; rv:132.0) Gecko/20100101 Firefox/132.0"
178.115.42.220 - - [04/Dec/2024:10:52:50 +0100] "GET /gui/javascript/form_form.js?1733305970 HTTP/1.1" 200 16206 "http://hausegger.activities.at/entry.php?id=10273" "Mozilla/5.0 (Windows NT 10.0; Win64; x64; rv:132.0) Gecko/20100101 Firefox/132.0"
178.115.42.220 - - [04/Dec/2024:10:52:50 +0100] "GET /gui/javascript/form_form.js?1733305970 HTTP/1.1" 200 16206 "http://hausegger.activities.at/entry.php?id=10272" "Mozilla/5.0 (Windows NT 10.0; Win64; x64; rv:132.0) Gecko/20100101 Firefox/132.0"
178.115.42.220 - - [04/Dec/2024:10:52:50 +0100] "GET /gui/javascript/form_form.js?1733305970 HTTP/1.1" 200 16206 "http://hausegger.activities.at/entry.php?id=11412" "Mozilla/5.0 (Windows NT 10.0; Win64; x64; rv:132.0) Gecko/20100101 Firefox/132.0"
178.115.42.220 - - [04/Dec/2024:10:52:50 +0100] "GET /gui/javascript/form_form.js?1733305970 HTTP/1.1" 200 16206 "http://hausegger.activities.at/entry.php?id=10270" "Mozilla/5.0 (Windows NT 10.0; Win64; x64; rv:132.0) Gecko/20100101 Firefox/132.0"
178.115.42.220 - - [04/Dec/2024:10:52:50 +0100] "GET /gui/images/icons/cancel.gif HTTP/1.1" 200 125 "http://hausegger.activities.at/entry.php?id=11412" "Mozilla/5.0 (Windows NT 10.0; Win64; x64; rv:132.0) Gecko/20100101 Firefox/132.0"
178.115.42.220 - - [04/Dec/2024:10:52:50 +0100] "GET /gui/images/emptybar.gif HTTP/1.1" 200 89 "http://hausegger.activities.at/entry.php?id=10272" "Mozilla/5.0 (Windows NT 10.0; Win64; x64; rv:132.0) Gecko/20100101 Firefox/132.0"
178.115.42.220 - - [04/Dec/2024:10:52:50 +0100] "GET /entry.php?id=10271& HTTP/1.1" 200 935 "http://hausegger.activities.at/entry.php?id=10272" "Mozilla/5.0 (Windows NT 10.0; Win64; x64; rv:132.0) Gecko/20100101 Firefox/132.0"
178.115.42.220 - - [04/Dec/2024:10:52:50 +0100] "GET /entry.php?id=10287 HTTP/1.1" 200 2419 "http://hausegger.activities.at/entry.php?id=11412" "Mozilla/5.0 (Windows NT 10.0; Win64; x64; rv:132.0) Gecko/20100101 Firefox/132.0"
178.115.42.220 - - [04/Dec/2024:10:52:50 +0100] "GET /entry.php?id=10273& HTTP/1.1" 200 1902 "http://hausegger.activities.at/entry.php?id=10287" "Mozilla/5.0 (Windows NT 10.0; Win64; x64; rv:132.0) Gecko/20100101 Firefox/132.0"
178.115.42.220 - - [04/Dec/2024:10:52:50 +0100] "GET /entry.php?id=10270& HTTP/1.1" 200 908 "http://hausegger.activities.at/entry.php?id=10287" "Mozilla/5.0 (Windows NT 10.0; Win64; x64; rv:132.0) Gecko/20100101 Firefox/132.0"
178.115.42.220 - - [04/Dec/2024:10:52:53 +0100] "POST /entry.php?id=10287& HTTP/1.1" 200 1968 "http://hausegger.activities.at/entry.php?id=10287" "Mozilla/5.0 (Windows NT 10.0; Win64; x64; rv:132.0) Gecko/20100101 Firefox/132.0"
178.115.42.220 - - [04/Dec/2024:10:53:56 +0100] "GET /gui/javascript/form_form.js?1733306036 HTTP/1.1" 200 16206 "http://hausegger.activities.at/entry.php?id=10287&" "Mozilla/5.0 (Windows NT 10.0; Win64; x64; rv:132.0) Gecko/20100101 Firefox/132.0"
178.115.42.220 - - [04/Dec/2024:10:53:56 +0100] "GET /entry.php?id=10271& HTTP/1.1" 200 989 "http://hausegger.activities.at/entry.php?id=10272" "Mozilla/5.0 (Windows NT 10.0; Win64; x64; rv:132.0) Gecko/20100101 Firefox/132.0"
178.115.42.220 - - [04/Dec/2024:10:53:56 +0100] "GET /entry.php?id=10273& HTTP/1.1" 200 2012 "http://hausegger.activities.at/entry.php?id=10287&" "Mozilla/5.0 (Windows NT 10.0; Win64; x64; rv:132.0) Gecko/20100101 Firefox/132.0"
178.115.42.220 - - [04/Dec/2024:10:53:57 +0100] "GET /gui/javascript/form_form.js?1733306037 HTTP/1.1" 200 16206 "http://hausegger.activities.at/entry.php?id=10271&" "Mozilla/5.0 (Windows NT 10.0; Win64; x64; rv:132.0) Gecko/20100101 Firefox/132.0"
178.115.42.220 - - [04/Dec/2024:10:53:57 +0100] "GET /entry.php?id=10270&__app__=10006038 HTTP/1.1" 200 2230 "http://hausegger.activities.at/entry.php?id=10273&" "Mozilla/5.0 (Windows NT 10.0; Win64; x64; rv:132.0) Gecko/20100101 Firefox/132.0"
178.115.42.220 - - [04/Dec/2024:10:53:57 +0100] "GET /framework/webfx/javascript/navigation/crossbrowser.js HTTP/1.1" 304 - "http://hausegger.activities.at/entry.php?id=10270&__app__=10006038" "Mozilla/5.0 (Windows NT 10.0; Win64; x64; rv:132.0) Gecko/20100101 Firefox/132.0"
178.115.42.220 - - [04/Dec/2024:10:53:57 +0100] "GET /framework/webfx/javascript/navigation/outlook.js HTTP/1.1" 304 - "http://hausegger.activities.at/entry.php?id=10270&__app__=10006038" "Mozilla/5.0 (Windows NT 10.0; Win64; x64; rv:132.0) Gecko/20100101 Firefox/132.0"
178.115.42.220 - - [04/Dec/2024:10:53:57 +0100] "GET /gui/images/icons/default_item.gif HTTP/1.1" 304 - "http://hausegger.activities.at/entry.php?id=10270&__app__=10006038" "Mozilla/5.0 (Windows NT 10.0; Win64; x64; rv:132.0) Gecko/20100101 Firefox/132.0"
178.115.42.220 - - [04/Dec/2024:10:53:57 +0100] "GET /gui/images/icons/i_resourcenverwaltung.gif HTTP/1.1" 304 - "http://hausegger.activities.at/entry.php?id=10270&__app__=10006038" "Mozilla/5.0 (Windows NT 10.0; Win64; x64; rv:132.0) Gecko/20100101 Firefox/132.0"
178.115.42.220 - - [04/Dec/2024:10:53:57 +0100] "GET /gui/images/icons/lagerstandorte.gif HTTP/1.1" 304 - "http://hausegger.activities.at/entry.php?id=10270&__app__=10006038" "Mozilla/5.0 (Windows NT 10.0; Win64; x64; rv:132.0) Gecko/20100101 Firefox/132.0"
178.115.42.220 - - [04/Dec/2024:10:53:57 +0100] "GET /gui/images/icons/pers_einstellungen.gif HTTP/1.1" 304 - "http://hausegger.activities.at/entry.php?id=10270&__app__=10006038" "Mozilla/5.0 (Windows NT 10.0; Win64; x64; rv:132.0) Gecko/20100101 Firefox/132.0"
178.115.42.220 - - [04/Dec/2024:10:53:57 +0100] "GET /gui/images/icons/i_lagertransaktion.gif HTTP/1.1" 304 - "http://hausegger.activities.at/entry.php?id=10270&__app__=10006038" "Mozilla/5.0 (Windows NT 10.0; Win64; x64; rv:132.0) Gecko/20100101 Firefox/132.0"
178.115.42.220 - - [04/Dec/2024:10:53:57 +0100] "GET /gui/images/icons/lager.gif HTTP/1.1" 304 - "http://hausegger.activities.at/entry.php?id=10270&__app__=10006038" "Mozilla/5.0 (Windows NT 10.0; Win64; x64; rv:132.0) Gecko/20100101 Firefox/132.0"
178.115.42.220 - - [04/Dec/2024:10:53:57 +0100] "GET /gui/images/icons/i_artikelgruppen.gif HTTP/1.1" 304 - "http://hausegger.activities.at/entry.php?id=10270&__app__=10006038" "Mozilla/5.0 (Windows NT 10.0; Win64; x64; rv:132.0) Gecko/20100101 Firefox/132.0"
178.115.42.220 - - [04/Dec/2024:10:53:57 +0100] "GET /gui/images/icons/grundlagen.gif HTTP/1.1" 304 - "http://hausegger.activities.at/entry.php?id=10270&__app__=10006038" "Mozilla/5.0 (Windows NT 10.0; Win64; x64; rv:132.0) Gecko/20100101 Firefox/132.0"
178.115.42.220 - - [04/Dec/2024:10:53:57 +0100] "GET /gui/images/icons/rechnungswesen_einstellungen.gif HTTP/1.1" 304 - "http://hausegger.activities.at/entry.php?id=10270&__app__=10006038" "Mozilla/5.0 (Windows NT 10.0; Win64; x64; rv:132.0) Gecko/20100101 Firefox/132.0"
178.115.42.220 - - [04/Dec/2024:10:53:57 +0100] "GET /gui/images/icons/i_artikel.gif HTTP/1.1" 304 - "http://hausegger.activities.at/entry.php?id=10270&__app__=10006038" "Mozilla/5.0 (Windows NT 10.0; Win64; x64; rv:132.0) Gecko/20100101 Firefox/132.0"
178.115.42.220 - - [04/Dec/2024:10:53:57 +0100] "GET /gui/images/icons/i_einzelbestellung.gif HTTP/1.1" 304 - "http://hausegger.activities.at/entry.php?id=10270&__app__=10006038" "Mozilla/5.0 (Windows NT 10.0; Win64; x64; rv:132.0) Gecko/20100101 Firefox/132.0"
178.115.42.220 - - [04/Dec/2024:10:53:57 +0100] "GET /gui/images/icons/person.png HTTP/1.1" 304 - "http://hausegger.activities.at/entry.php?id=10270&__app__=10006038" "Mozilla/5.0 (Windows NT 10.0; Win64; x64; rv:132.0) Gecko/20100101 Firefox/132.0"
178.115.42.220 - - [04/Dec/2024:10:53:57 +0100] "GET /gui/images/icons/i_aktionen.gif HTTP/1.1" 304 - "http://hausegger.activities.at/entry.php?id=10270&__app__=10006038" "Mozilla/5.0 (Windows NT 10.0; Win64; x64; rv:132.0) Gecko/20100101 Firefox/132.0"
178.115.42.220 - - [04/Dec/2024:10:53:57 +0100] "GET /gui/images/icons/i_aktionstypen.gif HTTP/1.1" 304 - "http://hausegger.activities.at/entry.php?id=10270&__app__=10006038" "Mozilla/5.0 (Windows NT 10.0; Win64; x64; rv:132.0) Gecko/20100101 Firefox/132.0"
178.115.42.220 - - [04/Dec/2024:10:53:57 +0100] "GET /gui/images/icons/menumanagement.gif HTTP/1.1" 304 - "http://hausegger.activities.at/entry.php?id=10270&__app__=10006038" "Mozilla/5.0 (Windows NT 10.0; Win64; x64; rv:132.0) Gecko/20100101 Firefox/132.0"
178.115.42.220 - - [04/Dec/2024:10:53:57 +0100] "GET /gui/images/icons/verwaltung_automarken.gif HTTP/1.1" 304 - "http://hausegger.activities.at/entry.php?id=10270&__app__=10006038" "Mozilla/5.0 (Windows NT 10.0; Win64; x64; rv:132.0) Gecko/20100101 Firefox/132.0"
178.115.42.220 - - [04/Dec/2024:10:53:57 +0100] "GET /gui/images/icons/artikelbearbeitung_verfassung.gif HTTP/1.1" 304 - "http://hausegger.activities.at/entry.php?id=10270&__app__=10006038" "Mozilla/5.0 (Windows NT 10.0; Win64; x64; rv:132.0) Gecko/20100101 Firefox/132.0"
178.115.42.220 - - [04/Dec/2024:10:53:57 +0100] "GET /framework/icons/navigation/arrowup.gif HTTP/1.1" 304 - "http://hausegger.activities.at/entry.php?id=10270&__app__=10006038" "Mozilla/5.0 (Windows NT 10.0; Win64; x64; rv:132.0) Gecko/20100101 Firefox/132.0"
178.115.42.220 - - [04/Dec/2024:10:53:57 +0100] "GET /framework/icons/navigation/arrowdown.gif HTTP/1.1" 304 - "http://hausegger.activities.at/entry.php?id=10270&__app__=10006038" "Mozilla/5.0 (Windows NT 10.0; Win64; x64; rv:132.0) Gecko/20100101 Firefox/132.0"
178.115.42.220 - - [04/Dec/2024:10:53:57 +0100] "GET /undefined HTTP/1.1" 404 289 "http://hausegger.activities.at/entry.php?id=10270&__app__=10006038" "Mozilla/5.0 (Windows NT 10.0; Win64; x64; rv:132.0) Gecko/20100101 Firefox/132.0"
178.115.42.220 - - [04/Dec/2024:10:53:57 +0100] "GET /framework/webfx/style/toolbar/images/cbback.gif HTTP/1.1" 404 318 "http://hausegger.activities.at/framework/webfx/style/toolbar/cb2.css" "Mozilla/5.0 (Windows NT 10.0; Win64; x64; rv:132.0) Gecko/20100101 Firefox/132.0"
178.115.42.220 - - [04/Dec/2024:10:54:57 +0100] "GET /entry.php?id=10271&&ser=306036 HTTP/1.1" 200 987 "http://hausegger.activities.at/entry.php?id=10271&" "Mozilla/5.0 (Windows NT 10.0; Win64; x64; rv:132.0) Gecko/20100101 Firefox/132.0"
178.115.42.220 - - [04/Dec/2024:10:54:57 +0100] "GET /gui/javascript/form_form.js?1733306097 HTTP/1.1" 200 16206 "http://hausegger.activities.at/entry.php?id=10271&&ser=306036" "Mozilla/5.0 (Windows NT 10.0; Win64; x64; rv:132.0) Gecko/20100101 Firefox/132.0"
178.115.42.220 - - [04/Dec/2024:10:55:57 +0100] "GET /entry.php?id=10271&&ser=306097 HTTP/1.1" 200 987 "http://hausegger.activities.at/entry.php?id=10271&&ser=306036" "Mozilla/5.0 (Windows NT 10.0; Win64; x64; rv:132.0) Gecko/20100101 Firefox/132.0"
178.115.42.220 - - [04/Dec/2024:10:55:57 +0100] "GET /gui/javascript/form_form.js?1733306157 HTTP/1.1" 200 16206 "http://hausegger.activities.at/entry.php?id=10271&&ser=306097" "Mozilla/5.0 (Windows NT 10.0; Win64; x64; rv:132.0) Gecko/20100101 Firefox/132.0"
93.174.93.12 - - [04/Dec/2024:10:56:47 +0100] "\x16\x03\x02\x01o\x01" 400 383 "-" "-"
178.115.42.220 - - [04/Dec/2024:10:56:57 +0100] "GET /entry.php?id=10271&&ser=306157 HTTP/1.1" 200 986 "http://hausegger.activities.at/entry.php?id=10271&&ser=306097" "Mozilla/5.0 (Windows NT 10.0; Win64; x64; rv:132.0) Gecko/20100101 Firefox/132.0"
178.115.42.220 - - [04/Dec/2024:10:56:58 +0100] "GET /gui/javascript/form_form.js?1733306218 HTTP/1.1" 200 16206 "http://hausegger.activities.at/entry.php?id=10271&&ser=306157" "Mozilla/5.0 (Windows NT 10.0; Win64; x64; rv:132.0) Gecko/20100101 Firefox/132.0"
178.115.42.220 - - [04/Dec/2024:10:57:58 +0100] "GET /entry.php?id=10271&&ser=306218 HTTP/1.1" 200 987 "http://hausegger.activities.at/entry.php?id=10271&&ser=306157" "Mozilla/5.0 (Windows NT 10.0; Win64; x64; rv:132.0) Gecko/20100101 Firefox/132.0"
178.115.42.220 - - [04/Dec/2024:10:57:58 +0100] "GET /gui/javascript/form_form.js?1733306278 HTTP/1.1" 200 16206 "http://hausegger.activities.at/entry.php?id=10271&&ser=306218" "Mozilla/5.0 (Windows NT 10.0; Win64; x64; rv:132.0) Gecko/20100101 Firefox/132.0"
79.53.176.126 - - [04/Dec/2024:10:58:14 +0100] "GET / HTTP/1.0" 200 423 "-" "Mozilla/5.0 (Linux; U; Android 4.0.3; ko-kr; LG-L160L Build/IML74K) AppleWebkit/534.30 (KHTML, like Gecko) Version/4.0 Mobile Safari/534.30"
156.59.198.136 - - [04/Dec/2024:10:58:31 +0100] "GET /docs/contadino/2018/RECHNUNG/RE18-00011.pdf HTTP/1.0" 404 308 "-" "Mozilla/5.0 (Linux; Android 5.0) AppleWebKit/537.36 (KHTML, like Gecko) Mobile Safari/537.36 (compatible; Bytespider; spider-feedback@bytedance.com)"
178.115.42.220 - - [04/Dec/2024:10:58:58 +0100] "GET /entry.php?id=10271&&ser=306278 HTTP/1.1" 200 987 "http://hausegger.activities.at/entry.php?id=10271&&ser=306218" "Mozilla/5.0 (Windows NT 10.0; Win64; x64; rv:132.0) Gecko/20100101 Firefox/132.0"
178.115.42.220 - - [04/Dec/2024:10:58:58 +0100] "GET /gui/javascript/form_form.js?1733306338 HTTP/1.1" 200 16206 "http://hausegger.activities.at/entry.php?id=10271&&ser=306278" "Mozilla/5.0 (Windows NT 10.0; Win64; x64; rv:132.0) Gecko/20100101 Firefox/132.0"
178.115.42.220 - - [04/Dec/2024:10:59:58 +0100] "GET /entry.php?id=10271&&ser=306338 HTTP/1.1" 200 987 "http://hausegger.activities.at/entry.php?id=10271&&ser=306278" "Mozilla/5.0 (Windows NT 10.0; Win64; x64; rv:132.0) Gecko/20100101 Firefox/132.0"
178.115.42.220 - - [04/Dec/2024:10:59:58 +0100] "GET /gui/javascript/form_form.js?1733306398 HTTP/1.1" 200 16206 "http://hausegger.activities.at/entry.php?id=10271&&ser=306338" "Mozilla/5.0 (Windows NT 10.0; Win64; x64; rv:132.0) Gecko/20100101 Firefox/132.0"
178.115.42.220 - - [04/Dec/2024:11:00:59 +0100] "GET /entry.php?id=10271&&ser=306398 HTTP/1.1" 200 987 "http://hausegger.activities.at/entry.php?id=10271&&ser=306338" "Mozilla/5.0 (Windows NT 10.0; Win64; x64; rv:132.0) Gecko/20100101 Firefox/132.0"
178.115.42.220 - - [04/Dec/2024:11:00:59 +0100] "GET /gui/javascript/form_form.js?1733306459 HTTP/1.1" 200 16206 "http://hausegger.activities.at/entry.php?id=10271&&ser=306398" "Mozilla/5.0 (Windows NT 10.0; Win64; x64; rv:132.0) Gecko/20100101 Firefox/132.0"
66.240.223.202 - - [04/Dec/2024:11:01:43 +0100] "GET / HTTP/1.1" 200 274 "-" "Mozilla/5.0 zgrab/0.x"
178.115.42.220 - - [04/Dec/2024:11:01:59 +0100] "GET /entry.php?id=10271&&ser=306459 HTTP/1.1" 200 986 "http://hausegger.activities.at/entry.php?id=10271&&ser=306398" "Mozilla/5.0 (Windows NT 10.0; Win64; x64; rv:132.0) Gecko/20100101 Firefox/132.0"
178.115.42.220 - - [04/Dec/2024:11:01:59 +0100] "GET /gui/javascript/form_form.js?1733306519 HTTP/1.1" 200 16206 "http://hausegger.activities.at/entry.php?id=10271&&ser=306459" "Mozilla/5.0 (Windows NT 10.0; Win64; x64; rv:132.0) Gecko/20100101 Firefox/132.0"
156.59.198.136 - - [04/Dec/2024:11:02:32 +0100] "GET /docs/contadino/2017/GS17-000003.pdf HTTP/1.0" 404 302 "-" "Mozilla/5.0 (Linux; Android 5.0) AppleWebKit/537.36 (KHTML, like Gecko) Mobile Safari/537.36 (compatible; Bytespider; spider-feedback@bytedance.com)"
178.115.42.220 - - [04/Dec/2024:11:02:59 +0100] "GET /entry.php?id=10271&&ser=306519 HTTP/1.1" 200 985 "http://hausegger.activities.at/entry.php?id=10271&&ser=306459" "Mozilla/5.0 (Windows NT 10.0; Win64; x64; rv:132.0) Gecko/20100101 Firefox/132.0"
178.115.42.220 - - [04/Dec/2024:11:02:59 +0100] "GET /gui/javascript/form_form.js?1733306579 HTTP/1.1" 200 16206 "http://hausegger.activities.at/entry.php?id=10271&&ser=306519" "Mozilla/5.0 (Windows NT 10.0; Win64; x64; rv:132.0) Gecko/20100101 Firefox/132.0"
178.115.42.220 - - [04/Dec/2024:11:03:59 +0100] "GET /entry.php?id=10271&&ser=306579 HTTP/1.1" 200 987 "http://hausegger.activities.at/entry.php?id=10271&&ser=306519" "Mozilla/5.0 (Windows NT 10.0; Win64; x64; rv:132.0) Gecko/20100101 Firefox/132.0"
178.115.42.220 - - [04/Dec/2024:11:04:00 +0100] "GET /gui/javascript/form_form.js?1733306640 HTTP/1.1" 200 16206 "http://hausegger.activities.at/entry.php?id=10271&&ser=306579" "Mozilla/5.0 (Windows NT 10.0; Win64; x64; rv:132.0) Gecko/20100101 Firefox/132.0"
178.115.42.220 - - [04/Dec/2024:11:05:00 +0100] "GET /entry.php?id=10271&&ser=306640 HTTP/1.1" 200 987 "http://hausegger.activities.at/entry.php?id=10271&&ser=306579" "Mozilla/5.0 (Windows NT 10.0; Win64; x64; rv:132.0) Gecko/20100101 Firefox/132.0"
178.115.42.220 - - [04/Dec/2024:11:05:00 +0100] "GET /gui/javascript/form_form.js?1733306700 HTTP/1.1" 200 16206 "http://hausegger.activities.at/entry.php?id=10271&&ser=306640" "Mozilla/5.0 (Windows NT 10.0; Win64; x64; rv:132.0) Gecko/20100101 Firefox/132.0"
178.115.42.220 - - [04/Dec/2024:11:06:00 +0100] "GET /entry.php?id=10271&&ser=306700 HTTP/1.1" 200 987 "http://hausegger.activities.at/entry.php?id=10271&&ser=306640" "Mozilla/5.0 (Windows NT 10.0; Win64; x64; rv:132.0) Gecko/20100101 Firefox/132.0"
178.115.42.220 - - [04/Dec/2024:11:06:00 +0100] "GET /gui/javascript/form_form.js?1733306760 HTTP/1.1" 200 16206 "http://hausegger.activities.at/entry.php?id=10271&&ser=306700" "Mozilla/5.0 (Windows NT 10.0; Win64; x64; rv:132.0) Gecko/20100101 Firefox/132.0"
178.115.42.220 - - [04/Dec/2024:11:07:00 +0100] "GET /entry.php?id=10271&&ser=306760 HTTP/1.1" 200 987 "http://hausegger.activities.at/entry.php?id=10271&&ser=306700" "Mozilla/5.0 (Windows NT 10.0; Win64; x64; rv:132.0) Gecko/20100101 Firefox/132.0"
178.115.42.220 - - [04/Dec/2024:11:07:01 +0100] "GET /gui/javascript/form_form.js?1733306820 HTTP/1.1" 200 16206 "http://hausegger.activities.at/entry.php?id=10271&&ser=306760" "Mozilla/5.0 (Windows NT 10.0; Win64; x64; rv:132.0) Gecko/20100101 Firefox/132.0"
179.43.133.122 - - [04/Dec/2024:11:07:46 +0100] "GET / HTTP/1.1" 200 274 "-" "Mozilla/5.0 (Windows NT 10.0; Win64; x64) AppleWebKit/537.36 (KHTML, like Gecko) Chrome/90.0.4430.85 Safari/537.36 Edg/90.0.818.46"
178.115.42.220 - - [04/Dec/2024:11:08:01 +0100] "GET /entry.php?id=10271&&ser=306820 HTTP/1.1" 200 986 "http://hausegger.activities.at/entry.php?id=10271&&ser=306760" "Mozilla/5.0 (Windows NT 10.0; Win64; x64; rv:132.0) Gecko/20100101 Firefox/132.0"
178.115.42.220 - - [04/Dec/2024:11:08:01 +0100] "GET /gui/javascript/form_form.js?1733306881 HTTP/1.1" 200 16206 "http://hausegger.activities.at/entry.php?id=10271&&ser=306820" "Mozilla/5.0 (Windows NT 10.0; Win64; x64; rv:132.0) Gecko/20100101 Firefox/132.0"
178.115.42.220 - - [04/Dec/2024:11:09:01 +0100] "GET /entry.php?id=10271&&ser=306881 HTTP/1.1" 200 986 "http://hausegger.activities.at/entry.php?id=10271&&ser=306820" "Mozilla/5.0 (Windows NT 10.0; Win64; x64; rv:132.0) Gecko/20100101 Firefox/132.0"
178.115.42.220 - - [04/Dec/2024:11:09:01 +0100] "GET /gui/javascript/form_form.js?1733306941 HTTP/1.1" 200 16206 "http://hausegger.activities.at/entry.php?id=10271&&ser=306881" "Mozilla/5.0 (Windows NT 10.0; Win64; x64; rv:132.0) Gecko/20100101 Firefox/132.0"
178.115.42.220 - - [04/Dec/2024:11:10:01 +0100] "GET /entry.php?id=10271&&ser=306941 HTTP/1.1" 200 987 "http://hausegger.activities.at/entry.php?id=10271&&ser=306881" "Mozilla/5.0 (Windows NT 10.0; Win64; x64; rv:132.0) Gecko/20100101 Firefox/132.0"
178.115.42.220 - - [04/Dec/2024:11:10:01 +0100] "GET /gui/javascript/form_form.js?1733307001 HTTP/1.1" 200 16206 "http://hausegger.activities.at/entry.php?id=10271&&ser=306941" "Mozilla/5.0 (Windows NT 10.0; Win64; x64; rv:132.0) Gecko/20100101 Firefox/132.0"
178.115.42.220 - - [04/Dec/2024:11:11:02 +0100] "GET /entry.php?id=10271&&ser=307001 HTTP/1.1" 200 987 "http://hausegger.activities.at/entry.php?id=10271&&ser=306941" "Mozilla/5.0 (Windows NT 10.0; Win64; x64; rv:132.0) Gecko/20100101 Firefox/132.0"
178.115.42.220 - - [04/Dec/2024:11:11:02 +0100] "GET /gui/javascript/form_form.js?1733307062 HTTP/1.1" 200 16206 "http://hausegger.activities.at/entry.php?id=10271&&ser=307001" "Mozilla/5.0 (Windows NT 10.0; Win64; x64; rv:132.0) Gecko/20100101 Firefox/132.0"
178.115.42.220 - - [04/Dec/2024:11:11:34 +0100] "GET /entry.php?id=10828 HTTP/1.1" 200 9141 "http://hausegger.activities.at/entry.php?id=10270&__app__=10006038" "Mozilla/5.0 (Windows NT 10.0; Win64; x64; rv:132.0) Gecko/20100101 Firefox/132.0"
178.115.42.220 - - [04/Dec/2024:11:11:35 +0100] "GET /gui/javascript/form_form.js?1733307095 HTTP/1.1" 200 16206 "http://hausegger.activities.at/entry.php?id=10828" "Mozilla/5.0 (Windows NT 10.0; Win64; x64; rv:132.0) Gecko/20100101 Firefox/132.0"
178.115.42.220 - - [04/Dec/2024:11:11:35 +0100] "GET /entry.php?id=10889&document_id=& HTTP/1.1" 200 1508 "http://hausegger.activities.at/entry.php?id=10828" "Mozilla/5.0 (Windows NT 10.0; Win64; x64; rv:132.0) Gecko/20100101 Firefox/132.0"
178.115.42.220 - - [04/Dec/2024:11:12:05 +0100] "GET /entry.php?id=10271&&ser=307062 HTTP/1.1" 200 987 "http://hausegger.activities.at/entry.php?id=10271&&ser=307001" "Mozilla/5.0 (Windows NT 10.0; Win64; x64; rv:132.0) Gecko/20100101 Firefox/132.0"
178.115.42.220 - - [04/Dec/2024:11:12:05 +0100] "GET /gui/javascript/form_form.js?1733307125 HTTP/1.1" 200 16206 "http://hausegger.activities.at/entry.php?id=10271&&ser=307062" "Mozilla/5.0 (Windows NT 10.0; Win64; x64; rv:132.0) Gecko/20100101 Firefox/132.0"
178.115.42.220 - - [04/Dec/2024:11:13:05 +0100] "GET /entry.php?id=10271&&ser=307125 HTTP/1.1" 200 988 "http://hausegger.activities.at/entry.php?id=10271&&ser=307062" "Mozilla/5.0 (Windows NT 10.0; Win64; x64; rv:132.0) Gecko/20100101 Firefox/132.0"
178.115.42.220 - - [04/Dec/2024:11:13:05 +0100] "GET /gui/javascript/form_form.js?1733307185 HTTP/1.1" 200 16206 "http://hausegger.activities.at/entry.php?id=10271&&ser=307125" "Mozilla/5.0 (Windows NT 10.0; Win64; x64; rv:132.0) Gecko/20100101 Firefox/132.0"
178.115.42.220 - - [04/Dec/2024:11:14:05 +0100] "GET /entry.php?id=10271&&ser=307185 HTTP/1.1" 200 987 "http://hausegger.activities.at/entry.php?id=10271&&ser=307125" "Mozilla/5.0 (Windows NT 10.0; Win64; x64; rv:132.0) Gecko/20100101 Firefox/132.0"
178.115.42.220 - - [04/Dec/2024:11:14:06 +0100] "GET /gui/javascript/form_form.js?1733307245 HTTP/1.1" 200 16206 "http://hausegger.activities.at/entry.php?id=10271&&ser=307185" "Mozilla/5.0 (Windows NT 10.0; Win64; x64; rv:132.0) Gecko/20100101 Firefox/132.0"
87.120.115.119 - - [04/Dec/2024:11:14:21 +0100] "GET /_profiler/phpinfo HTTP/1.1" 404 289 "-" "Mozilla/5.0 (Linux; Android 9; Redmi Note 5) AppleWebKit/537.36 (KHTML, like Gecko) Chrome/76.0.3809.89 Mobile Safari/537.36"
178.115.42.220 - - [04/Dec/2024:11:15:06 +0100] "GET /entry.php?id=10271&&ser=307245 HTTP/1.1" 200 987 "http://hausegger.activities.at/entry.php?id=10271&&ser=307185" "Mozilla/5.0 (Windows NT 10.0; Win64; x64; rv:132.0) Gecko/20100101 Firefox/132.0"
178.115.42.220 - - [04/Dec/2024:11:15:06 +0100] "GET /gui/javascript/form_form.js?1733307306 HTTP/1.1" 200 16206 "http://hausegger.activities.at/entry.php?id=10271&&ser=307245" "Mozilla/5.0 (Windows NT 10.0; Win64; x64; rv:132.0) Gecko/20100101 Firefox/132.0"
178.115.42.220 - - [04/Dec/2024:11:16:06 +0100] "GET /entry.php?id=10271&&ser=307306 HTTP/1.1" 200 988 "http://hausegger.activities.at/entry.php?id=10271&&ser=307245" "Mozilla/5.0 (Windows NT 10.0; Win64; x64; rv:132.0) Gecko/20100101 Firefox/132.0"
178.115.42.220 - - [04/Dec/2024:11:16:06 +0100] "GET /gui/javascript/form_form.js?1733307366 HTTP/1.1" 200 16206 "http://hausegger.activities.at/entry.php?id=10271&&ser=307306" "Mozilla/5.0 (Windows NT 10.0; Win64; x64; rv:132.0) Gecko/20100101 Firefox/132.0"
178.115.42.220 - - [04/Dec/2024:11:17:06 +0100] "GET /entry.php?id=10271&&ser=307366 HTTP/1.1" 200 987 "http://hausegger.activities.at/entry.php?id=10271&&ser=307306" "Mozilla/5.0 (Windows NT 10.0; Win64; x64; rv:132.0) Gecko/20100101 Firefox/132.0"
178.115.42.220 - - [04/Dec/2024:11:17:06 +0100] "GET /gui/javascript/form_form.js?1733307426 HTTP/1.1" 200 16206 "http://hausegger.activities.at/entry.php?id=10271&&ser=307366" "Mozilla/5.0 (Windows NT 10.0; Win64; x64; rv:132.0) Gecko/20100101 Firefox/132.0"
178.115.42.220 - - [04/Dec/2024:11:18:07 +0100] "GET /entry.php?id=10271&&ser=307426 HTTP/1.1" 200 988 "http://hausegger.activities.at/entry.php?id=10271&&ser=307366" "Mozilla/5.0 (Windows NT 10.0; Win64; x64; rv:132.0) Gecko/20100101 Firefox/132.0"
178.115.42.220 - - [04/Dec/2024:11:18:07 +0100] "GET /gui/javascript/form_form.js?1733307487 HTTP/1.1" 200 16206 "http://hausegger.activities.at/entry.php?id=10271&&ser=307426" "Mozilla/5.0 (Windows NT 10.0; Win64; x64; rv:132.0) Gecko/20100101 Firefox/132.0"
178.115.42.220 - - [04/Dec/2024:11:19:07 +0100] "GET /entry.php?id=10271&&ser=307487 HTTP/1.1" 200 988 "http://hausegger.activities.at/entry.php?id=10271&&ser=307426" "Mozilla/5.0 (Windows NT 10.0; Win64; x64; rv:132.0) Gecko/20100101 Firefox/132.0"
178.115.42.220 - - [04/Dec/2024:11:19:07 +0100] "GET /gui/javascript/form_form.js?1733307547 HTTP/1.1" 200 16206 "http://hausegger.activities.at/entry.php?id=10271&&ser=307487" "Mozilla/5.0 (Windows NT 10.0; Win64; x64; rv:132.0) Gecko/20100101 Firefox/132.0"
178.115.42.220 - - [04/Dec/2024:11:20:08 +0100] "GET /entry.php?id=10271&&ser=307547 HTTP/1.1" 200 988 "http://hausegger.activities.at/entry.php?id=10271&&ser=307487" "Mozilla/5.0 (Windows NT 10.0; Win64; x64; rv:132.0) Gecko/20100101 Firefox/132.0"
178.115.42.220 - - [04/Dec/2024:11:20:08 +0100] "GET /gui/javascript/form_form.js?1733307608 HTTP/1.1" 200 16206 "http://hausegger.activities.at/entry.php?id=10271&&ser=307547" "Mozilla/5.0 (Windows NT 10.0; Win64; x64; rv:132.0) Gecko/20100101 Firefox/132.0"
178.115.42.220 - - [04/Dec/2024:11:21:08 +0100] "GET /entry.php?id=10271&&ser=307608 HTTP/1.1" 200 988 "http://hausegger.activities.at/entry.php?id=10271&&ser=307547" "Mozilla/5.0 (Windows NT 10.0; Win64; x64; rv:132.0) Gecko/20100101 Firefox/132.0"
178.115.42.220 - - [04/Dec/2024:11:21:08 +0100] "GET /gui/javascript/form_form.js?1733307668 HTTP/1.1" 200 16206 "http://hausegger.activities.at/entry.php?id=10271&&ser=307608" "Mozilla/5.0 (Windows NT 10.0; Win64; x64; rv:132.0) Gecko/20100101 Firefox/132.0"
178.115.42.220 - - [04/Dec/2024:11:22:09 +0100] "GET /entry.php?id=10271&&ser=307668 HTTP/1.1" 200 987 "http://hausegger.activities.at/entry.php?id=10271&&ser=307608" "Mozilla/5.0 (Windows NT 10.0; Win64; x64; rv:132.0) Gecko/20100101 Firefox/132.0"
