178.115.42.220 - - [04/Dec/2024:18:43:11 +0100] "GET /gui/javascript/form_form.js?1733334190 HTTP/1.1" 200 16206 "http://hausegger.activities.at/entry.php?id=10831" "Mozilla/5.0 (Windows NT 10.0; Win64; x64; rv:132.0) Gecko/20100101 Firefox/132.0"
178.115.42.220 - - [04/Dec/2024:18:43:11 +0100] "GET /entry.php?id=10889&document_id=& HTTP/1.1" 200 1507 "http://hausegger.activities.at/entry.php?id=10831" "Mozilla/5.0 (Windows NT 10.0; Win64; x64; rv:132.0) Gecko/20100101 Firefox/132.0"
178.115.42.220 - - [04/Dec/2024:18:43:11 +0100] "GET /gui/javascript/form_form.js?1733334191 HTTP/1.1" 200 16206 "http://hausegger.activities.at/entry.php?id=10889&document_id=&" "Mozilla/5.0 (Windows NT 10.0; Win64; x64; rv:132.0) Gecko/20100101 Firefox/132.0"
178.115.42.220 - - [04/Dec/2024:18:43:12 +0100] "GET /entry.php?id=11237&type=10668 HTTP/1.1" 200 276 "http://hausegger.activities.at/entry.php?id=10831" "Mozilla/5.0 (Windows NT 10.0; Win64; x64; rv:132.0) Gecko/20100101 Firefox/132.0"
178.115.42.220 - - [04/Dec/2024:18:43:13 +0100] "GET /entry.php?id=10676&&title=Belegsuche HTTP/1.1" 200 1390 "http://hausegger.activities.at/entry.php?id=11237&type=10668" "Mozilla/5.0 (Windows NT 10.0; Win64; x64; rv:132.0) Gecko/20100101 Firefox/132.0"
178.115.42.220 - - [04/Dec/2024:18:43:13 +0100] "GET /gui/javascript/form_form.js?1733334193 HTTP/1.1" 200 16206 "http://hausegger.activities.at/entry.php?id=10676&&title=Belegsuche" "Mozilla/5.0 (Windows NT 10.0; Win64; x64; rv:132.0) Gecko/20100101 Firefox/132.0"
178.115.42.220 - - [04/Dec/2024:18:43:13 +0100] "GET /entry.php?id=11239&mode=document&form=10668& HTTP/1.1" 200 2021 "http://hausegger.activities.at/entry.php?id=11237&type=10668" "Mozilla/5.0 (Windows NT 10.0; Win64; x64; rv:132.0) Gecko/20100101 Firefox/132.0"
178.115.42.220 - - [04/Dec/2024:18:43:13 +0100] "GET /gui/javascript/form_bu_document_workflow.js?1733334193 HTTP/1.1" 200 4900 "http://hausegger.activities.at/entry.php?id=11239&mode=document&form=10668&" "Mozilla/5.0 (Windows NT 10.0; Win64; x64; rv:132.0) Gecko/20100101 Firefox/132.0"
178.115.42.220 - - [04/Dec/2024:18:43:13 +0100] "GET /entry.php?id=11240&mode=document&form=10668& HTTP/1.1" 200 2672 "http://hausegger.activities.at/entry.php?id=11237&type=10668" "Mozilla/5.0 (Windows NT 10.0; Win64; x64; rv:132.0) Gecko/20100101 Firefox/132.0"
178.115.42.220 - - [04/Dec/2024:18:43:13 +0100] "GET /entry.php?id=11238&mode=document&form=10668& HTTP/1.1" 200 3239 "http://hausegger.activities.at/entry.php?id=11237&type=10668" "Mozilla/5.0 (Windows NT 10.0; Win64; x64; rv:132.0) Gecko/20100101 Firefox/132.0"
178.115.42.220 - - [04/Dec/2024:18:43:13 +0100] "GET /entry.php?id=10776&form=11066&name=list& HTTP/1.1" 200 1515 "http://hausegger.activities.at/entry.php?id=11240&mode=document&form=10668&" "Mozilla/5.0 (Windows NT 10.0; Win64; x64; rv:132.0) Gecko/20100101 Firefox/132.0"
178.115.42.220 - - [04/Dec/2024:18:43:13 +0100] "GET /entry.php?id=10778&form=11066&name=list& HTTP/1.1" 200 2588 "http://hausegger.activities.at/entry.php?id=11240&mode=document&form=10668&" "Mozilla/5.0 (Windows NT 10.0; Win64; x64; rv:132.0) Gecko/20100101 Firefox/132.0"
178.115.42.220 - - [04/Dec/2024:18:43:13 +0100] "GET /framework/icons/sortUp.gif HTTP/1.1" 200 53 "http://hausegger.activities.at/entry.php?id=10776&form=11066&name=list&" "Mozilla/5.0 (Windows NT 10.0; Win64; x64; rv:132.0) Gecko/20100101 Firefox/132.0"
178.115.42.220 - - [04/Dec/2024:18:43:14 +0100] "POST /entry.php?id=11240 HTTP/1.1" 200 2672 "http://hausegger.activities.at/entry.php?id=11240&mode=document&form=10668&" "Mozilla/5.0 (Windows NT 10.0; Win64; x64; rv:132.0) Gecko/20100101 Firefox/132.0"
178.115.42.220 - - [04/Dec/2024:18:43:14 +0100] "GET /gui/javascript/form_bu_document_workflow.js?1733334194 HTTP/1.1" 200 4900 "http://hausegger.activities.at/entry.php?id=11240" "Mozilla/5.0 (Windows NT 10.0; Win64; x64; rv:132.0) Gecko/20100101 Firefox/132.0"
178.115.42.220 - - [04/Dec/2024:18:43:14 +0100] "GET /gui/javascript/form_form.js?1733334194 HTTP/1.1" 200 16206 "http://hausegger.activities.at/entry.php?id=11240" "Mozilla/5.0 (Windows NT 10.0; Win64; x64; rv:132.0) Gecko/20100101 Firefox/132.0"
178.115.42.220 - - [04/Dec/2024:18:43:14 +0100] "GET /entry.php?id=10776&form=11066&name=list& HTTP/1.1" 200 1515 "http://hausegger.activities.at/entry.php?id=11240" "Mozilla/5.0 (Windows NT 10.0; Win64; x64; rv:132.0) Gecko/20100101 Firefox/132.0"
178.115.42.220 - - [04/Dec/2024:18:43:14 +0100] "GET /entry.php?id=10778&form=11066&name=list& HTTP/1.1" 200 2574 "http://hausegger.activities.at/entry.php?id=11240" "Mozilla/5.0 (Windows NT 10.0; Win64; x64; rv:132.0) Gecko/20100101 Firefox/132.0"
178.115.42.220 - - [04/Dec/2024:18:43:16 +0100] "GET /entry.php?id=10828 HTTP/1.1" 200 9143 "http://hausegger.activities.at/entry.php?id=10270&__app__=10006038" "Mozilla/5.0 (Windows NT 10.0; Win64; x64; rv:132.0) Gecko/20100101 Firefox/132.0"
178.115.42.220 - - [04/Dec/2024:18:43:16 +0100] "GET /gui/javascript/form_form.js?1733334196 HTTP/1.1" 200 16206 "http://hausegger.activities.at/entry.php?id=10828" "Mozilla/5.0 (Windows NT 10.0; Win64; x64; rv:132.0) Gecko/20100101 Firefox/132.0"
178.115.42.220 - - [04/Dec/2024:18:43:17 +0100] "GET /entry.php?id=10889&document_id=& HTTP/1.1" 200 1508 "http://hausegger.activities.at/entry.php?id=10828" "Mozilla/5.0 (Windows NT 10.0; Win64; x64; rv:132.0) Gecko/20100101 Firefox/132.0"
178.115.42.220 - - [04/Dec/2024:18:43:17 +0100] "GET /gui/javascript/form_form.js?1733334197 HTTP/1.1" 200 16206 "http://hausegger.activities.at/entry.php?id=10889&document_id=&" "Mozilla/5.0 (Windows NT 10.0; Win64; x64; rv:132.0) Gecko/20100101 Firefox/132.0"
178.115.42.220 - - [04/Dec/2024:18:43:31 +0100] "GET /entry.php?id=10271&&ser=334151 HTTP/1.1" 200 985 "http://hausegger.activities.at/entry.php?id=10271&&ser=334091" "Mozilla/5.0 (Windows NT 10.0; Win64; x64; rv:132.0) Gecko/20100101 Firefox/132.0"
178.115.42.220 - - [04/Dec/2024:18:43:31 +0100] "GET /gui/javascript/form_form.js?1733334211 HTTP/1.1" 200 16206 "http://hausegger.activities.at/entry.php?id=10271&&ser=334151" "Mozilla/5.0 (Windows NT 10.0; Win64; x64; rv:132.0) Gecko/20100101 Firefox/132.0"
178.115.42.220 - - [04/Dec/2024:18:43:52 +0100] "GET /entry.php?id=10287&login=1 HTTP/1.1" 200 1877 "http://hausegger.activities.at/entry.php?id=10273&" "Mozilla/5.0 (Windows NT 10.0; Win64; x64; rv:132.0) Gecko/20100101 Firefox/132.0"
178.115.42.220 - - [04/Dec/2024:18:43:52 +0100] "GET /gui/javascript/form_form.js?1733334232 HTTP/1.1" 200 16206 "http://hausegger.activities.at/entry.php?id=10287&login=1" "Mozilla/5.0 (Windows NT 10.0; Win64; x64; rv:132.0) Gecko/20100101 Firefox/132.0"
178.115.42.220 - - [04/Dec/2024:18:43:53 +0100] "POST /entry.php?id=10287& HTTP/1.1" 200 2432 "http://hausegger.activities.at/entry.php?id=10287&login=1" "Mozilla/5.0 (Windows NT 10.0; Win64; x64; rv:132.0) Gecko/20100101 Firefox/132.0"
178.115.42.220 - - [04/Dec/2024:18:43:53 +0100] "GET /gui/javascript/form_form.js?1733334233 HTTP/1.1" 200 16206 "http://hausegger.activities.at/entry.php?id=10287&" "Mozilla/5.0 (Windows NT 10.0; Win64; x64; rv:132.0) Gecko/20100101 Firefox/132.0"
178.115.42.220 - - [04/Dec/2024:18:43:53 +0100] "GET /entry.php?id=10270& HTTP/1.1" 200 907 "http://hausegger.activities.at/entry.php?id=10287&" "Mozilla/5.0 (Windows NT 10.0; Win64; x64; rv:132.0) Gecko/20100101 Firefox/132.0"
178.115.42.220 - - [04/Dec/2024:18:43:53 +0100] "GET /entry.php?id=10273&logout=true& HTTP/1.1" 200 1911 "http://hausegger.activities.at/entry.php?id=10287&" "Mozilla/5.0 (Windows NT 10.0; Win64; x64; rv:132.0) Gecko/20100101 Firefox/132.0"
35.216.185.223 - - [04/Dec/2024:18:49:35 +0100] "\x16\x03\x01" 400 383 "-" "-"
35.216.185.223 - - [04/Dec/2024:18:49:36 +0100] "GET / HTTP/1.1" 400 383 "-" "-"
35.216.185.223 - - [04/Dec/2024:18:49:36 +0100] "GET / HTTP/1.1" 200 423 "-" "abuse.xmco.fr"
35.216.185.223 - - [04/Dec/2024:18:49:36 +0100] "GET /server-status HTTP/1.1" 403 286 "-" "Mozilla/5.0 (Macintosh; Intel Mac OS X 10.15; rv:103.0) Gecko/20100101 Firefox/103.0 abuse.xmco.fr"
35.216.185.223 - - [04/Dec/2024:18:49:36 +0100] "GET /config.json HTTP/1.1" 404 285 "-" "Mozilla/5.0 (Macintosh; Intel Mac OS X 10.15; rv:103.0) Gecko/20100101 Firefox/103.0 abuse.xmco.fr"
35.216.185.223 - - [04/Dec/2024:18:49:36 +0100] "GET /.env HTTP/1.1" 404 280 "-" "Mozilla/5.0 (Macintosh; Intel Mac OS X 10.15; rv:103.0) Gecko/20100101 Firefox/103.0 abuse.xmco.fr"
35.216.185.223 - - [04/Dec/2024:18:49:36 +0100] "GET /telescope/requests HTTP/1.1" 404 286 "-" "Mozilla/5.0 (Macintosh; Intel Mac OS X 10.15; rv:103.0) Gecko/20100101 Firefox/103.0 abuse.xmco.fr"
35.216.185.223 - - [04/Dec/2024:18:49:36 +0100] "GET /info.php HTTP/1.1" 404 283 "-" "Mozilla/5.0 (Macintosh; Intel Mac OS X 10.15; rv:103.0) Gecko/20100101 Firefox/103.0 abuse.xmco.fr"
35.216.185.223 - - [04/Dec/2024:18:49:36 +0100] "GET /.git/config HTTP/1.1" 404 285 "-" "Mozilla/5.0 (Macintosh; Intel Mac OS X 10.15; rv:103.0) Gecko/20100101 Firefox/103.0 abuse.xmco.fr"
156.59.198.135 - - [04/Dec/2024:18:53:27 +0100] "GET /renault.activities.at/htdocs/pinEdit/editor/help/userhelp-Dateien/image089.jpg HTTP/1.0" 404 328 "-" "Mozilla/5.0 (Linux; Android 5.0) AppleWebKit/537.36 (KHTML, like Gecko) Mobile Safari/537.36 (compatible; Bytespider; spider-feedback@bytedance.com)"
81.161.238.40 - - [04/Dec/2024:18:57:19 +0100] "GET /.env HTTP/1.1" 404 280 "-" "Mozilla/5.0 (Linux; Android 9; Pixel 2) AppleWebKit/537.36 (KHTML, like Gecko) Chrome/76.0.3809.111 Mobile Safari/537.36"
95.214.55.79 - - [04/Dec/2024:18:59:00 +0100] "GET / HTTP/1.1" 200 274 "-" "Mozilla/5.0 (Windows NT 10.0; Win64; x64) AppleWebKit/537.36 (KHTML, like Gecko) Chrome/90.0.4430.85 Safari/537.36 Edg/90.0.818.46"
81.161.238.40 - - [04/Dec/2024:19:02:09 +0100] "GET /.env HTTP/1.1" 404 280 "-" "Mozilla/5.0 (Windows NT 10.0; WOW64) AppleWebKit/537.36 (KHTML, like Gecko) Chrome/55.0.2883.87 Safari/537.36"
95.214.55.43 - - [04/Dec/2024:19:08:08 +0100] "GET / HTTP/1.1" 200 274 "-" "Mozilla/5.0 (Windows NT 10.0; Win64; x64) AppleWebKit/537.36 (KHTML, like Gecko) Chrome/90.0.4430.85 Safari/537.36 Edg/90.0.818.46"
156.59.198.136 - - [04/Dec/2024:19:10:48 +0100] "GET /renault.2web.at/stats/lang/awstats-id.txt HTTP/1.0" 404 303 "-" "Mozilla/5.0 (Linux; Android 5.0) AppleWebKit/537.36 (KHTML, like Gecko) Mobile Safari/537.36 (compatible; Bytespider; spider-feedback@bytedance.com)"
156.59.198.136 - - [04/Dec/2024:19:14:48 +0100] "GET /docs/contadino/ANGEBOT/AG17-000003.pdf HTTP/1.0" 404 305 "-" "Mozilla/5.0 (Linux; Android 5.0) AppleWebKit/537.36 (KHTML, like Gecko) Mobile Safari/537.36 (compatible; Bytespider; spider-feedback@bytedance.com)"
178.72.81.173 - - [04/Dec/2024:19:21:14 +0100] "GET /boaform/admin/formLogin?username=ec8&psd=ec8 HTTP/1.0" 404 378 "-" "-"
156.59.198.136 - - [04/Dec/2024:19:31:33 +0100] "GET /renault.activities.at/htdocs/pinEdit/editor/help/userhelp-Dateien/image045.gif HTTP/1.0" 404 327 "-" "Mozilla/5.0 (Linux; Android 5.0) AppleWebKit/537.36 (KHTML, like Gecko) Mobile Safari/537.36 (compatible; Bytespider; spider-feedback@bytedance.com)"
156.59.198.136 - - [04/Dec/2024:19:39:17 +0100] "GET /renault.2web.at/stats/lang/awstats-si.txt HTTP/1.0" 404 303 "-" "Mozilla/5.0 (Linux; Android 5.0) AppleWebKit/537.36 (KHTML, like Gecko) Mobile Safari/537.36 (compatible; Bytespider; spider-feedback@bytedance.com)"
47.128.116.238 - - [04/Dec/2024:19:44:01 +0100] "GET /robots.txt HTTP/1.1" 404 284 "-" "Mozilla/5.0 (Linux; Android 5.0) AppleWebKit/537.36 (KHTML, like Gecko) Mobile Safari/537.36 (compatible; Bytespider; spider-feedback@bytedance.com)"
95.214.53.205 - - [04/Dec/2024:19:44:43 +0100] "GET / HTTP/1.1" 200 274 "-" "Mozilla/5.0 (Windows NT 10.0; Win64; x64) AppleWebKit/537.36 (KHTML, like Gecko) Chrome/90.0.4430.85 Safari/537.36 Edg/90.0.818.46"
156.59.198.135 - - [04/Dec/2024:19:48:01 +0100] "GET /docs/contadino/2017/RE17-000025.pdf HTTP/1.0" 404 302 "-" "Mozilla/5.0 (Linux; Android 5.0) AppleWebKit/537.36 (KHTML, like Gecko) Mobile Safari/537.36 (compatible; Bytespider; spider-feedback@bytedance.com)"
156.59.198.136 - - [04/Dec/2024:19:52:02 +0100] "GET /renault.2web.at/stats/lang/awstats-sr.txt HTTP/1.0" 404 303 "-" "Mozilla/5.0 (Linux; Android 5.0) AppleWebKit/537.36 (KHTML, like Gecko) Mobile Safari/537.36 (compatible; Bytespider; spider-feedback@bytedance.com)"
103.15.254.130 - - [04/Dec/2024:19:54:44 +0100] "GET /boaform/admin/formLogin?username=admin&psd=admin HTTP/1.0" 404 378 "-" "-"
47.128.112.42 - - [04/Dec/2024:19:56:05 +0100] "GET /robots.txt HTTP/1.1" 404 284 "-" "Mozilla/5.0 (Linux; Android 5.0) AppleWebKit/537.36 (KHTML, like Gecko) Mobile Safari/537.36 (compatible; Bytespider; spider-feedback@bytedance.com)"
194.50.16.198 - - [04/Dec/2024:19:59:21 +0100] "GET /cgi-bin/index.html HTTP/1.1" 404 363 "-" "-"
47.128.39.166 - - [04/Dec/2024:20:00:04 +0100] "GET /robots.txt HTTP/1.1" 404 284 "-" "Mozilla/5.0 (Linux; Android 5.0) AppleWebKit/537.36 (KHTML, like Gecko) Mobile Safari/537.36 (compatible; Bytespider; spider-feedback@bytedance.com)"
167.94.146.59 - - [04/Dec/2024:20:14:57 +0100] "GET / HTTP/1.1" 200 423 "-" "-"
167.94.146.59 - - [04/Dec/2024:20:15:00 +0100] "GET / HTTP/1.1" 200 274 "-" "Mozilla/5.0 (compatible; CensysInspect/1.1; +https://about.censys.io/)"
167.94.146.59 - - [04/Dec/2024:20:15:01 +0100] "GET /activities.ico HTTP/1.1" 200 1406 "-" "Mozilla/5.0 (compatible; CensysInspect/1.1; +https://about.censys.io/)"
167.94.146.59 - - [04/Dec/2024:20:15:01 +0100] "GET /favicon.ico HTTP/1.1" 404 284 "-" "Mozilla/5.0 (compatible; CensysInspect/1.1; +https://about.censys.io/)"
167.94.146.59 - - [04/Dec/2024:20:15:01 +0100] "PRI * HTTP/2.0" 400 383 "-" "-"
47.128.97.169 - - [04/Dec/2024:20:20:06 +0100] "GET /robots.txt HTTP/1.1" 404 284 "-" "Mozilla/5.0 (Linux; Android 5.0) AppleWebKit/537.36 (KHTML, like Gecko) Mobile Safari/537.36 (compatible; Bytespider; spider-feedback@bytedance.com)"
172.200.128.55 - - [04/Dec/2024:20:28:55 +0100] "GET /.env HTTP/1.1" 404 294 "-" "Mozilla/5.0 (Macintosh; Intel Mac OS X 10_10_1) AppleWebKit/537.36 (KHTML, like Gecko) Chrome/39.0.2171.95 Safari/537.36"
172.200.128.55 - - [04/Dec/2024:20:28:56 +0100] "GET /sendgrid.env HTTP/1.1" 404 299 "-" "Mozilla/5.0 (Macintosh; Intel Mac OS X 10_10_1) AppleWebKit/537.36 (KHTML, like Gecko) Chrome/39.0.2171.95 Safari/537.36"
172.200.128.55 - - [04/Dec/2024:20:28:56 +0100] "GET /core/.env HTTP/1.1" 404 297 "-" "Mozilla/5.0 (Macintosh; Intel Mac OS X 10_10_1) AppleWebKit/537.36 (KHTML, like Gecko) Chrome/39.0.2171.95 Safari/537.36"
172.200.128.55 - - [04/Dec/2024:20:28:56 +0100] "GET /vendor/.env HTTP/1.1" 404 298 "-" "Mozilla/5.0 (Macintosh; Intel Mac OS X 10_10_1) AppleWebKit/537.36 (KHTML, like Gecko) Chrome/39.0.2171.95 Safari/537.36"
172.200.128.55 - - [04/Dec/2024:20:28:56 +0100] "GET /assets/.env HTTP/1.1" 404 298 "-" "Mozilla/5.0 (Macintosh; Intel Mac OS X 10_10_1) AppleWebKit/537.36 (KHTML, like Gecko) Chrome/39.0.2171.95 Safari/537.36"
172.200.128.55 - - [04/Dec/2024:20:28:56 +0100] "GET /storage/.env HTTP/1.1" 404 299 "-" "Mozilla/5.0 (Macintosh; Intel Mac OS X 10_10_1) AppleWebKit/537.36 (KHTML, like Gecko) Chrome/39.0.2171.95 Safari/537.36"
172.200.128.55 - - [04/Dec/2024:20:28:57 +0100] "GET /public/.env HTTP/1.1" 404 299 "-" "Mozilla/5.0 (Macintosh; Intel Mac OS X 10_10_1) AppleWebKit/537.36 (KHTML, like Gecko) Chrome/39.0.2171.95 Safari/537.36"
172.200.128.55 - - [04/Dec/2024:20:28:57 +0100] "GET /app/.env HTTP/1.1" 404 296 "-" "Mozilla/5.0 (Macintosh; Intel Mac OS X 10_10_1) AppleWebKit/537.36 (KHTML, like Gecko) Chrome/39.0.2171.95 Safari/537.36"
172.200.128.55 - - [04/Dec/2024:20:28:57 +0100] "GET /admin/.env HTTP/1.1" 404 298 "-" "Mozilla/5.0 (Macintosh; Intel Mac OS X 10_10_1) AppleWebKit/537.36 (KHTML, like Gecko) Chrome/39.0.2171.95 Safari/537.36"
172.200.128.55 - - [04/Dec/2024:20:28:57 +0100] "GET /laravel/.env HTTP/1.1" 404 299 "-" "Mozilla/5.0 (Macintosh; Intel Mac OS X 10_10_1) AppleWebKit/537.36 (KHTML, like Gecko) Chrome/39.0.2171.95 Safari/537.36"
172.200.128.55 - - [04/Dec/2024:20:28:57 +0100] "POST / HTTP/1.1" 200 274 "-" "Mozilla/5.0 (Macintosh; Intel Mac OS X 10_10_1) AppleWebKit/537.36 (KHTML, like Gecko) Chrome/39.0.2171.95 Safari/537.36"
172.200.128.55 - - [04/Dec/2024:20:28:58 +0100] "GET /vendor/phpunit/phpunit/src/Util/PHP/eval-stdin.php HTTP/1.1" 404 319 "-" "Mozilla/5.0 (Macintosh; Intel Mac OS X 10_10_1) AppleWebKit/537.36 (KHTML, like Gecko) Chrome/39.0.2171.95 Safari/537.36"
57.152.56.107 - - [04/Dec/2024:20:44:15 +0100] "GET /hudson HTTP/1.1" 404 280 "-" "Mozilla/5.0 zgrab/0.x"
185.191.126.248 - - [04/Dec/2024:20:47:23 +0100] "GET / HTTP/1.1" 200 423 "-" "-"
141.98.11.35 - - [04/Dec/2024:21:01:47 +0100] "GET / HTTP/1.1" 200 423 "-" "-"
156.59.198.136 - - [04/Dec/2024:21:05:18 +0100] "GET /renault.activities.at/htdocs/export/xml/data/orders/201912091203_RenOrder.xml HTTP/1.0" 404 327 "-" "Mozilla/5.0 (Linux; Android 5.0) AppleWebKit/537.36 (KHTML, like Gecko) Mobile Safari/537.36 (compatible; Bytespider; spider-feedback@bytedance.com)"
185.208.156.160 - - [04/Dec/2024:21:07:18 +0100] "\x16\x03\x01" 400 383 "-" "-"
185.208.156.160 - - [04/Dec/2024:21:07:18 +0100] "GET / HTTP/1.1" 200 274 "-" "Mozilla/5.0 (Macintosh; Intel Mac OS X 10.6; rv:9.0) Gecko/20100101 Firefox/9.0"
156.59.198.136 - - [04/Dec/2024:21:13:16 +0100] "GET /renault.2web.at/stats/lang/awstats-it.txt HTTP/1.0" 404 303 "-" "Mozilla/5.0 (Linux; Android 5.0) AppleWebKit/537.36 (KHTML, like Gecko) Mobile Safari/537.36 (compatible; Bytespider; spider-feedback@bytedance.com)"
93.174.93.12 - - [04/Dec/2024:21:24:52 +0100] "\x16\x03\x02\x01o\x01" 400 383 "-" "-"
156.59.198.135 - - [04/Dec/2024:21:29:17 +0100] "GET /docs/ecommlogistics/belege/RE2015.PDF HTTP/1.0" 404 303 "-" "Mozilla/5.0 (Linux; Android 5.0) AppleWebKit/537.36 (KHTML, like Gecko) Mobile Safari/537.36 (compatible; Bytespider; spider-feedback@bytedance.com)"
179.43.133.122 - - [04/Dec/2024:21:32:19 +0100] "GET / HTTP/1.1" 200 274 "-" "Mozilla/5.0 (Windows NT 10.0; Win64; x64) AppleWebKit/537.36 (KHTML, like Gecko) Chrome/90.0.4430.85 Safari/537.36 Edg/90.0.818.46"
185.242.226.10 - - [04/Dec/2024:21:40:16 +0100] "GET / HTTP/1.1" 200 274 "-" "Mozilla/5.0 (Windows NT 10.0; Win64; x64) AppleWebKit/537.36 (KHTML, like Gecko) Chrome/88.0.4324.190 Safari/537.36"
95.214.53.205 - - [04/Dec/2024:21:49:10 +0100] "GET / HTTP/1.1" 200 274 "-" "Mozilla/5.0 (Windows NT 10.0; Win64; x64) AppleWebKit/537.36 (KHTML, like Gecko) Chrome/90.0.4430.85 Safari/537.36 Edg/90.0.818.46"
156.59.198.135 - - [04/Dec/2024:21:49:19 +0100] "GET /renault.activities.at/htdocs/export/xml/data/orders/202012171703_RenOrder.xml HTTP/1.0" 404 329 "-" "Mozilla/5.0 (Linux; Android 5.0) AppleWebKit/537.36 (KHTML, like Gecko) Mobile Safari/537.36 (compatible; Bytespider; spider-feedback@bytedance.com)"
156.59.198.136 - - [04/Dec/2024:21:53:19 +0100] "GET /docs/contadino/2017/RE17-000024.pdf HTTP/1.0" 404 302 "-" "Mozilla/5.0 (Linux; Android 5.0) AppleWebKit/537.36 (KHTML, like Gecko) Mobile Safari/537.36 (compatible; Bytespider; spider-feedback@bytedance.com)"
156.59.198.135 - - [04/Dec/2024:21:57:20 +0100] "GET /renault.2web.at/stats/lang/awstats-gr.txt HTTP/1.0" 404 303 "-" "Mozilla/5.0 (Linux; Android 5.0) AppleWebKit/537.36 (KHTML, like Gecko) Mobile Safari/537.36 (compatible; Bytespider; spider-feedback@bytedance.com)"
156.59.198.136 - - [04/Dec/2024:22:01:20 +0100] "GET /renault.2web.at/stats/lang/awstats-nn.txt HTTP/1.0" 404 303 "-" "Mozilla/5.0 (Linux; Android 5.0) AppleWebKit/537.36 (KHTML, like Gecko) Mobile Safari/537.36 (compatible; Bytespider; spider-feedback@bytedance.com)"
169.197.125.14 - - [04/Dec/2024:22:04:19 +0100] "CONNECT www.baidu.com:443 HTTP/1.1" 200 423 "-" "Go-http-client/1.1"
156.59.198.135 - - [04/Dec/2024:22:05:20 +0100] "GET /renault.2web.at/stats/lang/awstats-en.txt HTTP/1.0" 404 303 "-" "Mozilla/5.0 (Linux; Android 5.0) AppleWebKit/537.36 (KHTML, like Gecko) Mobile Safari/537.36 (compatible; Bytespider; spider-feedback@bytedance.com)"
46.19.138.234 - - [04/Dec/2024:22:10:10 +0100] "GET / HTTP/1.1" 200 274 "-" "Mozilla/5.0 (Windows NT 10.0; Win64; x64) AppleWebKit/537.36 (KHTML, like Gecko) Chrome/90.0.4430.85 Safari/537.36 Edg/90.0.818.46"
59.126.115.226 - - [04/Dec/2024:22:16:34 +0100] "GET / HTTP/1.0" 200 423 "-" "Mozilla/5.0 (Linux; U; Android 4.0.3; ko-kr; LG-L160L Build/IML74K) AppleWebkit/534.30 (KHTML, like Gecko) Version/4.0 Mobile Safari/534.30"
156.59.198.135 - - [04/Dec/2024:22:20:45 +0100] "GET /renault.activities.at/htdocs/export/xml/data/orders/202106251003_RenOrder.xml HTTP/1.0" 404 329 "-" "Mozilla/5.0 (Linux; Android 5.0) AppleWebKit/537.36 (KHTML, like Gecko) Mobile Safari/537.36 (compatible; Bytespider; spider-feedback@bytedance.com)"
194.50.16.198 - - [04/Dec/2024:22:26:43 +0100] "GET /login.asp HTTP/1.1" 404 354 "-" "-"
156.59.198.136 - - [04/Dec/2024:22:44:23 +0100] "GET /renault.2web.at/stats/lang/awstats-tw.txt HTTP/1.0" 404 303 "-" "Mozilla/5.0 (Linux; Android 5.0) AppleWebKit/537.36 (KHTML, like Gecko) Mobile Safari/537.36 (compatible; Bytespider; spider-feedback@bytedance.com)"
156.59.198.136 - - [04/Dec/2024:22:48:23 +0100] "GET /renault.activities.at/htdocs/export/xml/data/orders/202010071403_RenOrder.xml HTTP/1.0" 404 329 "-" "Mozilla/5.0 (Linux; Android 5.0) AppleWebKit/537.36 (KHTML, like Gecko) Mobile Safari/537.36 (compatible; Bytespider; spider-feedback@bytedance.com)"
156.59.198.135 - - [04/Dec/2024:22:52:24 +0100] "GET /renault.activities.at/htdocs/pinEdit/editor/help/userhelp-Dateien/image016.jpg HTTP/1.0" 404 327 "-" "Mozilla/5.0 (Linux; Android 5.0) AppleWebKit/537.36 (KHTML, like Gecko) Mobile Safari/537.36 (compatible; Bytespider; spider-feedback@bytedance.com)"
92.255.57.58 - - [04/Dec/2024:23:00:59 +0100] "GET /?XDEBUG_SESSION_START=phpstorm HTTP/1.1" 200 274 "-" "Mozilla/5.0 (Windows NT 10.0; Win64; x64) AppleWebKit/537.36 (KHTML, like Gecko) Chrome/78.0.3904.108 Safari/537.36"
141.98.11.35 - - [04/Dec/2024:23:06:31 +0100] "GET / HTTP/1.1" 200 423 "-" "-"
194.165.16.76 - - [04/Dec/2024:23:16:26 +0100] "\x03" 400 383 "-" "-"
87.120.252.207 - - [04/Dec/2024:23:22:19 +0100] "GET /index.php HTTP/1.0" 200 423 "http://triadian.castlegem.co.uk/index.php" "Mozilla/5.0 (Windows NT 10.0; Win64; x64) AppleWebKit/537.36 (KHTML, like Gecko) Chrome/124.0.6367.92 Safari/537.36"
146.70.242.162 - - [04/Dec/2024:23:31:18 +0100] "GET /index.php HTTP/1.0" 200 423 "http://triadian.castlegem.co.uk/index.php" "Mozilla/5.0 (Windows NT 10.0.0; Win64; x64; ) AppleWebKit/537.36 (KHTML, like Gecko) Chrome/124.0.6367.119 Chrome/124.0.6367.119 Not-A.Brand/99 Safari/537.36"
156.59.198.136 - - [04/Dec/2024:23:52:08 +0100] "GET /renault.activities.at/htdocs/export/xml/data/orders/202006251603_RenOrder.xml HTTP/1.0" 404 329 "-" "Mozilla/5.0 (Linux; Android 5.0) AppleWebKit/537.36 (KHTML, like Gecko) Mobile Safari/537.36 (compatible; Bytespider; spider-feedback@bytedance.com)"
13.83.43.8 - - [04/Dec/2024:23:57:32 +0100] "GET /portal/redlion HTTP/1.1" 404 286 "-" "Mozilla/5.0 zgrab/0.x"
156.59.198.136 - - [05/Dec/2024:00:04:09 +0100] "GET /ed.activities.at/stats/lang/awstats-br.txt HTTP/1.0" 404 304 "-" "Mozilla/5.0 (Linux; Android 5.0) AppleWebKit/537.36 (KHTML, like Gecko) Mobile Safari/537.36 (compatible; Bytespider; spider-feedback@bytedance.com)"
80.82.77.202 - - [05/Dec/2024:00:08:08 +0100] "GET / HTTP/1.0" 200 423 "-" "Mozilla/5.0 (Windows NT 6.1; Win64; x64) AppleWebKit/537.36 (KHTML, like Gecko) Chrome/60.0.3112.90 Safari/537.36"
156.59.198.136 - - [05/Dec/2024:00:08:09 +0100] "GET /docs/contadino/2017/RE17-000026.pdf HTTP/1.0" 404 302 "-" "Mozilla/5.0 (Linux; Android 5.0) AppleWebKit/537.36 (KHTML, like Gecko) Mobile Safari/537.36 (compatible; Bytespider; spider-feedback@bytedance.com)"
156.59.198.135 - - [05/Dec/2024:00:12:09 +0100] "GET /docs/contadino/2017/RE17-000029.pdf HTTP/1.0" 404 302 "-" "Mozilla/5.0 (Linux; Android 5.0) AppleWebKit/537.36 (KHTML, like Gecko) Mobile Safari/537.36 (compatible; Bytespider; spider-feedback@bytedance.com)"
156.59.198.135 - - [05/Dec/2024:00:16:09 +0100] "GET /renault.activities.at/htdocs/export/xml/data/orders/202108040803_RenOrder.xml HTTP/1.0" 404 328 "-" "Mozilla/5.0 (Linux; Android 5.0) AppleWebKit/537.36 (KHTML, like Gecko) Mobile Safari/537.36 (compatible; Bytespider; spider-feedback@bytedance.com)"
92.255.57.58 - - [05/Dec/2024:00:20:52 +0100] "GET /actuator/gateway/routes HTTP/1.1" 404 293 "-" "Mozilla/5.0 (Windows NT 10.0; Win64; x64) AppleWebKit/537.36 (KHTML, like Gecko) Chrome/78.0.3904.108 Safari/537.36"
141.98.11.35 - - [05/Dec/2024:00:37:57 +0100] "GET / HTTP/1.1" 200 423 "-" "-"
194.50.16.198 - - [05/Dec/2024:00:47:07 +0100] "POST /apply.cgi HTTP/1.1" 404 284 "http://212.69.160.11:80/apply.cgi" "Mozilla/5.0 (Windows NT 10.0; Win64; x64) AppleWebKit/537.36 (KHTML, like Gecko) Chrome/129.0.6668.71 Safari/537.36"
156.59.198.135 - - [05/Dec/2024:00:49:49 +0100] "GET /renault.activities.at/htdocs/export/xml/data/orders/202010131803_RenOrder.xml HTTP/1.0" 404 328 "-" "Mozilla/5.0 (Linux; Android 5.0) AppleWebKit/537.36 (KHTML, like Gecko) Mobile Safari/537.36 (compatible; Bytespider; spider-feedback@bytedance.com)"