178.115.42.220 - - [05/Dec/2024:10:19:47 +0100] "GET /entry.php?id=10271&&ser=390327 HTTP/1.1" 200 987 "http://hausegger.activities.at/entry.php?id=10271&&ser=390267" "Mozilla/5.0 (Windows NT 10.0; Win64; x64; rv:133.0) Gecko/20100101 Firefox/133.0"
178.115.42.220 - - [05/Dec/2024:10:19:47 +0100] "GET /gui/javascript/form_form.js?1733390387 HTTP/1.1" 200 16206 "http://hausegger.activities.at/entry.php?id=10271&&ser=390327" "Mozilla/5.0 (Windows NT 10.0; Win64; x64; rv:133.0) Gecko/20100101 Firefox/133.0"
178.115.42.220 - - [05/Dec/2024:10:20:47 +0100] "GET /entry.php?id=10271&&ser=390387 HTTP/1.1" 200 987 "http://hausegger.activities.at/entry.php?id=10271&&ser=390327" "Mozilla/5.0 (Windows NT 10.0; Win64; x64; rv:133.0) Gecko/20100101 Firefox/133.0"
178.115.42.220 - - [05/Dec/2024:10:20:48 +0100] "GET /gui/javascript/form_form.js?1733390448 HTTP/1.1" 200 16206 "http://hausegger.activities.at/entry.php?id=10271&&ser=390387" "Mozilla/5.0 (Windows NT 10.0; Win64; x64; rv:133.0) Gecko/20100101 Firefox/133.0"
178.115.42.220 - - [05/Dec/2024:10:21:48 +0100] "GET /entry.php?id=10271&&ser=390448 HTTP/1.1" 200 987 "http://hausegger.activities.at/entry.php?id=10271&&ser=390387" "Mozilla/5.0 (Windows NT 10.0; Win64; x64; rv:133.0) Gecko/20100101 Firefox/133.0"
178.115.42.220 - - [05/Dec/2024:10:21:48 +0100] "GET /gui/javascript/form_form.js?1733390508 HTTP/1.1" 200 16206 "http://hausegger.activities.at/entry.php?id=10271&&ser=390448" "Mozilla/5.0 (Windows NT 10.0; Win64; x64; rv:133.0) Gecko/20100101 Firefox/133.0"
91.244.73.176 - - [05/Dec/2024:10:22:07 +0100] "GET / HTTP/1.1" 200 423 "-" "Mozilla/5.0 (Macintosh; Intel Mac OS X 10_11_6) AppleWebKit/601.7.7 (KHTML, like Gecko) Version/9.1.2 Safari/601.7.7"
178.115.42.220 - - [05/Dec/2024:10:22:48 +0100] "GET /entry.php?id=10271&&ser=390508 HTTP/1.1" 200 987 "http://hausegger.activities.at/entry.php?id=10271&&ser=390448" "Mozilla/5.0 (Windows NT 10.0; Win64; x64; rv:133.0) Gecko/20100101 Firefox/133.0"
178.115.42.220 - - [05/Dec/2024:10:22:48 +0100] "GET /gui/javascript/form_form.js?1733390568 HTTP/1.1" 200 16206 "http://hausegger.activities.at/entry.php?id=10271&&ser=390508" "Mozilla/5.0 (Windows NT 10.0; Win64; x64; rv:133.0) Gecko/20100101 Firefox/133.0"
156.59.198.136 - - [05/Dec/2024:10:23:36 +0100] "GET /renault.activities.at/htdocs/ewp/ew_includes/popups/ew_images/swap.gif HTTP/1.0" 404 323 "-" "Mozilla/5.0 (Linux; Android 5.0) AppleWebKit/537.36 (KHTML, like Gecko) Mobile Safari/537.36 (compatible; Bytespider; spider-feedback@bytedance.com)"
178.115.42.220 - - [05/Dec/2024:10:23:48 +0100] "GET /entry.php?id=10271&&ser=390568 HTTP/1.1" 200 987 "http://hausegger.activities.at/entry.php?id=10271&&ser=390508" "Mozilla/5.0 (Windows NT 10.0; Win64; x64; rv:133.0) Gecko/20100101 Firefox/133.0"
178.115.42.220 - - [05/Dec/2024:10:23:49 +0100] "GET /gui/javascript/form_form.js?1733390628 HTTP/1.1" 200 16206 "http://hausegger.activities.at/entry.php?id=10271&&ser=390568" "Mozilla/5.0 (Windows NT 10.0; Win64; x64; rv:133.0) Gecko/20100101 Firefox/133.0"
178.115.42.220 - - [05/Dec/2024:10:24:49 +0100] "GET /entry.php?id=10271&&ser=390628 HTTP/1.1" 200 987 "http://hausegger.activities.at/entry.php?id=10271&&ser=390568" "Mozilla/5.0 (Windows NT 10.0; Win64; x64; rv:133.0) Gecko/20100101 Firefox/133.0"
178.115.42.220 - - [05/Dec/2024:10:24:49 +0100] "GET /gui/javascript/form_form.js?1733390689 HTTP/1.1" 200 16206 "http://hausegger.activities.at/entry.php?id=10271&&ser=390628" "Mozilla/5.0 (Windows NT 10.0; Win64; x64; rv:133.0) Gecko/20100101 Firefox/133.0"
178.115.42.220 - - [05/Dec/2024:10:25:49 +0100] "GET /entry.php?id=10271&&ser=390689 HTTP/1.1" 200 987 "http://hausegger.activities.at/entry.php?id=10271&&ser=390628" "Mozilla/5.0 (Windows NT 10.0; Win64; x64; rv:133.0) Gecko/20100101 Firefox/133.0"
178.115.42.220 - - [05/Dec/2024:10:25:49 +0100] "GET /gui/javascript/form_form.js?1733390749 HTTP/1.1" 200 16206 "http://hausegger.activities.at/entry.php?id=10271&&ser=390689" "Mozilla/5.0 (Windows NT 10.0; Win64; x64; rv:133.0) Gecko/20100101 Firefox/133.0"
178.115.42.220 - - [05/Dec/2024:10:26:49 +0100] "GET /entry.php?id=10271&&ser=390749 HTTP/1.1" 200 986 "http://hausegger.activities.at/entry.php?id=10271&&ser=390689" "Mozilla/5.0 (Windows NT 10.0; Win64; x64; rv:133.0) Gecko/20100101 Firefox/133.0"
178.115.42.220 - - [05/Dec/2024:10:26:50 +0100] "GET /gui/javascript/form_form.js?1733390810 HTTP/1.1" 200 16206 "http://hausegger.activities.at/entry.php?id=10271&&ser=390749" "Mozilla/5.0 (Windows NT 10.0; Win64; x64; rv:133.0) Gecko/20100101 Firefox/133.0"
156.59.198.135 - - [05/Dec/2024:10:27:37 +0100] "GET /renault.activities.at/htdocs/pinEdit/editor/help/userhelp-Dateien/image156.gif HTTP/1.0" 404 327 "-" "Mozilla/5.0 (Linux; Android 5.0) AppleWebKit/537.36 (KHTML, like Gecko) Mobile Safari/537.36 (compatible; Bytespider; spider-feedback@bytedance.com)"
178.115.42.220 - - [05/Dec/2024:10:27:50 +0100] "GET /entry.php?id=10271&&ser=390810 HTTP/1.1" 200 987 "http://hausegger.activities.at/entry.php?id=10271&&ser=390749" "Mozilla/5.0 (Windows NT 10.0; Win64; x64; rv:133.0) Gecko/20100101 Firefox/133.0"
178.115.42.220 - - [05/Dec/2024:10:27:50 +0100] "GET /gui/javascript/form_form.js?1733390870 HTTP/1.1" 200 16206 "http://hausegger.activities.at/entry.php?id=10271&&ser=390810" "Mozilla/5.0 (Windows NT 10.0; Win64; x64; rv:133.0) Gecko/20100101 Firefox/133.0"
178.115.42.220 - - [05/Dec/2024:10:28:50 +0100] "GET /entry.php?id=10271&&ser=390870 HTTP/1.1" 200 987 "http://hausegger.activities.at/entry.php?id=10271&&ser=390810" "Mozilla/5.0 (Windows NT 10.0; Win64; x64; rv:133.0) Gecko/20100101 Firefox/133.0"
178.115.42.220 - - [05/Dec/2024:10:28:50 +0100] "GET /gui/javascript/form_form.js?1733390930 HTTP/1.1" 200 16206 "http://hausegger.activities.at/entry.php?id=10271&&ser=390870" "Mozilla/5.0 (Windows NT 10.0; Win64; x64; rv:133.0) Gecko/20100101 Firefox/133.0"
178.115.42.220 - - [05/Dec/2024:10:29:50 +0100] "GET /entry.php?id=10271&&ser=390930 HTTP/1.1" 200 987 "http://hausegger.activities.at/entry.php?id=10271&&ser=390870" "Mozilla/5.0 (Windows NT 10.0; Win64; x64; rv:133.0) Gecko/20100101 Firefox/133.0"
178.115.42.220 - - [05/Dec/2024:10:29:51 +0100] "GET /gui/javascript/form_form.js?1733390990 HTTP/1.1" 200 16206 "http://hausegger.activities.at/entry.php?id=10271&&ser=390930" "Mozilla/5.0 (Windows NT 10.0; Win64; x64; rv:133.0) Gecko/20100101 Firefox/133.0"
192.142.10.230 - - [05/Dec/2024:10:30:13 +0100] "GET /.git/config HTTP/1.1" 404 285 "-" "Mozilla/5.0 (Windows NT 10.0; Win64; x64) AppleWebKit/537.36 (KHTML, like Gecko) Chrome/68.0.3440.75 Safari/537.36"
178.115.42.220 - - [05/Dec/2024:10:30:51 +0100] "GET /entry.php?id=10271&&ser=390990 HTTP/1.1" 200 987 "http://hausegger.activities.at/entry.php?id=10271&&ser=390930" "Mozilla/5.0 (Windows NT 10.0; Win64; x64; rv:133.0) Gecko/20100101 Firefox/133.0"
178.115.42.220 - - [05/Dec/2024:10:30:51 +0100] "GET /gui/javascript/form_form.js?1733391051 HTTP/1.1" 200 16206 "http://hausegger.activities.at/entry.php?id=10271&&ser=390990" "Mozilla/5.0 (Windows NT 10.0; Win64; x64; rv:133.0) Gecko/20100101 Firefox/133.0"
156.59.198.136 - - [05/Dec/2024:10:31:39 +0100] "GET /renault.activities.at/htdocs/pinEdit/editor/help/userhelp-Dateien/image075.jpg HTTP/1.0" 404 328 "-" "Mozilla/5.0 (Linux; Android 5.0) AppleWebKit/537.36 (KHTML, like Gecko) Mobile Safari/537.36 (compatible; Bytespider; spider-feedback@bytedance.com)"
178.115.42.220 - - [05/Dec/2024:10:31:51 +0100] "GET /entry.php?id=10271&&ser=391051 HTTP/1.1" 200 987 "http://hausegger.activities.at/entry.php?id=10271&&ser=390990" "Mozilla/5.0 (Windows NT 10.0; Win64; x64; rv:133.0) Gecko/20100101 Firefox/133.0"
178.115.42.220 - - [05/Dec/2024:10:31:51 +0100] "GET /gui/javascript/form_form.js?1733391111 HTTP/1.1" 200 16206 "http://hausegger.activities.at/entry.php?id=10271&&ser=391051" "Mozilla/5.0 (Windows NT 10.0; Win64; x64; rv:133.0) Gecko/20100101 Firefox/133.0"
141.98.11.155 - - [05/Dec/2024:10:32:24 +0100] "GET / HTTP/1.1" 200 423 "-" "-"
178.115.42.220 - - [05/Dec/2024:10:32:51 +0100] "GET /entry.php?id=10271&&ser=391111 HTTP/1.1" 200 987 "http://hausegger.activities.at/entry.php?id=10271&&ser=391051" "Mozilla/5.0 (Windows NT 10.0; Win64; x64; rv:133.0) Gecko/20100101 Firefox/133.0"
178.115.42.220 - - [05/Dec/2024:10:32:51 +0100] "GET /gui/javascript/form_form.js?1733391171 HTTP/1.1" 200 16206 "http://hausegger.activities.at/entry.php?id=10271&&ser=391111" "Mozilla/5.0 (Windows NT 10.0; Win64; x64; rv:133.0) Gecko/20100101 Firefox/133.0"
178.115.42.220 - - [05/Dec/2024:10:33:52 +0100] "GET /entry.php?id=10271&&ser=391171 HTTP/1.1" 200 987 "http://hausegger.activities.at/entry.php?id=10271&&ser=391111" "Mozilla/5.0 (Windows NT 10.0; Win64; x64; rv:133.0) Gecko/20100101 Firefox/133.0"
178.115.42.220 - - [05/Dec/2024:10:33:52 +0100] "GET /gui/javascript/form_form.js?1733391232 HTTP/1.1" 200 16206 "http://hausegger.activities.at/entry.php?id=10271&&ser=391171" "Mozilla/5.0 (Windows NT 10.0; Win64; x64; rv:133.0) Gecko/20100101 Firefox/133.0"
178.115.42.220 - - [05/Dec/2024:10:34:52 +0100] "GET /entry.php?id=10271&&ser=391232 HTTP/1.1" 200 987 "http://hausegger.activities.at/entry.php?id=10271&&ser=391171" "Mozilla/5.0 (Windows NT 10.0; Win64; x64; rv:133.0) Gecko/20100101 Firefox/133.0"
178.115.42.220 - - [05/Dec/2024:10:34:52 +0100] "GET /gui/javascript/form_form.js?1733391292 HTTP/1.1" 200 16206 "http://hausegger.activities.at/entry.php?id=10271&&ser=391232" "Mozilla/5.0 (Windows NT 10.0; Win64; x64; rv:133.0) Gecko/20100101 Firefox/133.0"
178.115.42.220 - - [05/Dec/2024:10:35:52 +0100] "GET /entry.php?id=10271&&ser=391292 HTTP/1.1" 200 987 "http://hausegger.activities.at/entry.php?id=10271&&ser=391232" "Mozilla/5.0 (Windows NT 10.0; Win64; x64; rv:133.0) Gecko/20100101 Firefox/133.0"
178.115.42.220 - - [05/Dec/2024:10:35:52 +0100] "GET /gui/javascript/form_form.js?1733391352 HTTP/1.1" 200 16206 "http://hausegger.activities.at/entry.php?id=10271&&ser=391292" "Mozilla/5.0 (Windows NT 10.0; Win64; x64; rv:133.0) Gecko/20100101 Firefox/133.0"
178.115.42.220 - - [05/Dec/2024:10:36:52 +0100] "GET /entry.php?id=10271&&ser=391352 HTTP/1.1" 200 987 "http://hausegger.activities.at/entry.php?id=10271&&ser=391292" "Mozilla/5.0 (Windows NT 10.0; Win64; x64; rv:133.0) Gecko/20100101 Firefox/133.0"
178.115.42.220 - - [05/Dec/2024:10:36:53 +0100] "GET /gui/javascript/form_form.js?1733391412 HTTP/1.1" 200 16206 "http://hausegger.activities.at/entry.php?id=10271&&ser=391352" "Mozilla/5.0 (Windows NT 10.0; Win64; x64; rv:133.0) Gecko/20100101 Firefox/133.0"
178.115.42.220 - - [05/Dec/2024:10:37:53 +0100] "GET /entry.php?id=10271&&ser=391412 HTTP/1.1" 200 987 "http://hausegger.activities.at/entry.php?id=10271&&ser=391352" "Mozilla/5.0 (Windows NT 10.0; Win64; x64; rv:133.0) Gecko/20100101 Firefox/133.0"
178.115.42.220 - - [05/Dec/2024:10:37:53 +0100] "GET /gui/javascript/form_form.js?1733391473 HTTP/1.1" 200 16206 "http://hausegger.activities.at/entry.php?id=10271&&ser=391412" "Mozilla/5.0 (Windows NT 10.0; Win64; x64; rv:133.0) Gecko/20100101 Firefox/133.0"
178.115.42.220 - - [05/Dec/2024:10:38:53 +0100] "GET /entry.php?id=10271&&ser=391473 HTTP/1.1" 200 988 "http://hausegger.activities.at/entry.php?id=10271&&ser=391412" "Mozilla/5.0 (Windows NT 10.0; Win64; x64; rv:133.0) Gecko/20100101 Firefox/133.0"
178.115.42.220 - - [05/Dec/2024:10:38:53 +0100] "GET /gui/javascript/form_form.js?1733391533 HTTP/1.1" 200 16206 "http://hausegger.activities.at/entry.php?id=10271&&ser=391473" "Mozilla/5.0 (Windows NT 10.0; Win64; x64; rv:133.0) Gecko/20100101 Firefox/133.0"
178.115.42.220 - - [05/Dec/2024:10:39:53 +0100] "GET /entry.php?id=10271&&ser=391533 HTTP/1.1" 200 988 "http://hausegger.activities.at/entry.php?id=10271&&ser=391473" "Mozilla/5.0 (Windows NT 10.0; Win64; x64; rv:133.0) Gecko/20100101 Firefox/133.0"
178.115.42.220 - - [05/Dec/2024:10:39:53 +0100] "GET /gui/javascript/form_form.js?1733391593 HTTP/1.1" 200 16206 "http://hausegger.activities.at/entry.php?id=10271&&ser=391533" "Mozilla/5.0 (Windows NT 10.0; Win64; x64; rv:133.0) Gecko/20100101 Firefox/133.0"
178.115.42.220 - - [05/Dec/2024:10:40:54 +0100] "GET /entry.php?id=10271&&ser=391593 HTTP/1.1" 200 988 "http://hausegger.activities.at/entry.php?id=10271&&ser=391533" "Mozilla/5.0 (Windows NT 10.0; Win64; x64; rv:133.0) Gecko/20100101 Firefox/133.0"
178.115.42.220 - - [05/Dec/2024:10:40:54 +0100] "GET /gui/javascript/form_form.js?1733391654 HTTP/1.1" 200 16206 "http://hausegger.activities.at/entry.php?id=10271&&ser=391593" "Mozilla/5.0 (Windows NT 10.0; Win64; x64; rv:133.0) Gecko/20100101 Firefox/133.0"
178.115.42.220 - - [05/Dec/2024:10:41:54 +0100] "GET /entry.php?id=10271&&ser=391654 HTTP/1.1" 200 988 "http://hausegger.activities.at/entry.php?id=10271&&ser=391593" "Mozilla/5.0 (Windows NT 10.0; Win64; x64; rv:133.0) Gecko/20100101 Firefox/133.0"
178.115.42.220 - - [05/Dec/2024:10:41:54 +0100] "GET /gui/javascript/form_form.js?1733391714 HTTP/1.1" 200 16206 "http://hausegger.activities.at/entry.php?id=10271&&ser=391654" "Mozilla/5.0 (Windows NT 10.0; Win64; x64; rv:133.0) Gecko/20100101 Firefox/133.0"
178.115.42.220 - - [05/Dec/2024:10:42:54 +0100] "GET /entry.php?id=10271&&ser=391714 HTTP/1.1" 200 988 "http://hausegger.activities.at/entry.php?id=10271&&ser=391654" "Mozilla/5.0 (Windows NT 10.0; Win64; x64; rv:133.0) Gecko/20100101 Firefox/133.0"
178.115.42.220 - - [05/Dec/2024:10:42:54 +0100] "GET /gui/javascript/form_form.js?1733391774 HTTP/1.1" 200 16206 "http://hausegger.activities.at/entry.php?id=10271&&ser=391714" "Mozilla/5.0 (Windows NT 10.0; Win64; x64; rv:133.0) Gecko/20100101 Firefox/133.0"
178.115.42.220 - - [05/Dec/2024:10:43:54 +0100] "GET /entry.php?id=10271&&ser=391774 HTTP/1.1" 200 988 "http://hausegger.activities.at/entry.php?id=10271&&ser=391714" "Mozilla/5.0 (Windows NT 10.0; Win64; x64; rv:133.0) Gecko/20100101 Firefox/133.0"
178.115.42.220 - - [05/Dec/2024:10:43:55 +0100] "GET /gui/javascript/form_form.js?1733391835 HTTP/1.1" 200 16206 "http://hausegger.activities.at/entry.php?id=10271&&ser=391774" "Mozilla/5.0 (Windows NT 10.0; Win64; x64; rv:133.0) Gecko/20100101 Firefox/133.0"
178.115.42.220 - - [05/Dec/2024:10:44:55 +0100] "GET /entry.php?id=10271&&ser=391835 HTTP/1.1" 200 988 "http://hausegger.activities.at/entry.php?id=10271&&ser=391774" "Mozilla/5.0 (Windows NT 10.0; Win64; x64; rv:133.0) Gecko/20100101 Firefox/133.0"
178.115.42.220 - - [05/Dec/2024:10:44:55 +0100] "GET /gui/javascript/form_form.js?1733391895 HTTP/1.1" 200 16206 "http://hausegger.activities.at/entry.php?id=10271&&ser=391835" "Mozilla/5.0 (Windows NT 10.0; Win64; x64; rv:133.0) Gecko/20100101 Firefox/133.0"
178.115.42.220 - - [05/Dec/2024:10:45:55 +0100] "GET /entry.php?id=10271&&ser=391895 HTTP/1.1" 200 988 "http://hausegger.activities.at/entry.php?id=10271&&ser=391835" "Mozilla/5.0 (Windows NT 10.0; Win64; x64; rv:133.0) Gecko/20100101 Firefox/133.0"
178.115.42.220 - - [05/Dec/2024:10:45:55 +0100] "GET /gui/javascript/form_form.js?1733391955 HTTP/1.1" 200 16206 "http://hausegger.activities.at/entry.php?id=10271&&ser=391895" "Mozilla/5.0 (Windows NT 10.0; Win64; x64; rv:133.0) Gecko/20100101 Firefox/133.0"
156.59.198.135 - - [05/Dec/2024:10:45:57 +0100] "GET /docs/contadino/2017/RE17-000019.pdf HTTP/1.0" 404 302 "-" "Mozilla/5.0 (Linux; Android 5.0) AppleWebKit/537.36 (KHTML, like Gecko) Mobile Safari/537.36 (compatible; Bytespider; spider-feedback@bytedance.com)"
178.115.42.220 - - [05/Dec/2024:10:46:55 +0100] "GET /entry.php?id=10271&&ser=391955 HTTP/1.1" 200 987 "http://hausegger.activities.at/entry.php?id=10271&&ser=391895" "Mozilla/5.0 (Windows NT 10.0; Win64; x64; rv:133.0) Gecko/20100101 Firefox/133.0"
178.115.42.220 - - [05/Dec/2024:10:46:55 +0100] "GET /gui/javascript/form_form.js?1733392015 HTTP/1.1" 200 16206 "http://hausegger.activities.at/entry.php?id=10271&&ser=391955" "Mozilla/5.0 (Windows NT 10.0; Win64; x64; rv:133.0) Gecko/20100101 Firefox/133.0"
178.115.42.220 - - [05/Dec/2024:10:47:56 +0100] "GET /entry.php?id=10271&&ser=392015 HTTP/1.1" 200 987 "http://hausegger.activities.at/entry.php?id=10271&&ser=391955" "Mozilla/5.0 (Windows NT 10.0; Win64; x64; rv:133.0) Gecko/20100101 Firefox/133.0"
178.115.42.220 - - [05/Dec/2024:10:47:56 +0100] "GET /gui/javascript/form_form.js?1733392076 HTTP/1.1" 200 16206 "http://hausegger.activities.at/entry.php?id=10271&&ser=392015" "Mozilla/5.0 (Windows NT 10.0; Win64; x64; rv:133.0) Gecko/20100101 Firefox/133.0"
93.174.93.12 - - [05/Dec/2024:10:48:07 +0100] "GET / HTTP/1.0" 200 423 "-" "Mozilla/5.0 (Windows NT 6.1; Win64; x64) AppleWebKit/537.36 (KHTML, like Gecko) Chrome/72.0.3626.121 Safari/537.36"
178.115.42.220 - - [05/Dec/2024:10:48:56 +0100] "GET /entry.php?id=10271&&ser=392076 HTTP/1.1" 200 987 "http://hausegger.activities.at/entry.php?id=10271&&ser=392015" "Mozilla/5.0 (Windows NT 10.0; Win64; x64; rv:133.0) Gecko/20100101 Firefox/133.0"
178.115.42.220 - - [05/Dec/2024:10:48:56 +0100] "GET /gui/javascript/form_form.js?1733392136 HTTP/1.1" 200 16206 "http://hausegger.activities.at/entry.php?id=10271&&ser=392076" "Mozilla/5.0 (Windows NT 10.0; Win64; x64; rv:133.0) Gecko/20100101 Firefox/133.0"
178.115.42.220 - - [05/Dec/2024:10:49:56 +0100] "GET /entry.php?id=10271&&ser=392136 HTTP/1.1" 200 987 "http://hausegger.activities.at/entry.php?id=10271&&ser=392076" "Mozilla/5.0 (Windows NT 10.0; Win64; x64; rv:133.0) Gecko/20100101 Firefox/133.0"
178.115.42.220 - - [05/Dec/2024:10:49:56 +0100] "GET /gui/javascript/form_form.js?1733392196 HTTP/1.1" 200 16206 "http://hausegger.activities.at/entry.php?id=10271&&ser=392136" "Mozilla/5.0 (Windows NT 10.0; Win64; x64; rv:133.0) Gecko/20100101 Firefox/133.0"
156.59.198.136 - - [05/Dec/2024:10:49:58 +0100] "GET /docs/contadino/2017/RE17-000028.pdf HTTP/1.0" 404 302 "-" "Mozilla/5.0 (Linux; Android 5.0) AppleWebKit/537.36 (KHTML, like Gecko) Mobile Safari/537.36 (compatible; Bytespider; spider-feedback@bytedance.com)"
178.115.42.220 - - [05/Dec/2024:10:50:57 +0100] "GET /entry.php?id=10271&&ser=392196 HTTP/1.1" 200 987 "http://hausegger.activities.at/entry.php?id=10271&&ser=392136" "Mozilla/5.0 (Windows NT 10.0; Win64; x64; rv:133.0) Gecko/20100101 Firefox/133.0"
178.115.42.220 - - [05/Dec/2024:10:50:57 +0100] "GET /gui/javascript/form_form.js?1733392257 HTTP/1.1" 200 16206 "http://hausegger.activities.at/entry.php?id=10271&&ser=392196" "Mozilla/5.0 (Windows NT 10.0; Win64; x64; rv:133.0) Gecko/20100101 Firefox/133.0"
178.115.42.220 - - [05/Dec/2024:10:51:57 +0100] "GET /entry.php?id=10271&&ser=392257 HTTP/1.1" 200 987 "http://hausegger.activities.at/entry.php?id=10271&&ser=392196" "Mozilla/5.0 (Windows NT 10.0; Win64; x64; rv:133.0) Gecko/20100101 Firefox/133.0"
178.115.42.220 - - [05/Dec/2024:10:51:57 +0100] "GET /gui/javascript/form_form.js?1733392317 HTTP/1.1" 200 16206 "http://hausegger.activities.at/entry.php?id=10271&&ser=392257" "Mozilla/5.0 (Windows NT 10.0; Win64; x64; rv:133.0) Gecko/20100101 Firefox/133.0"
178.115.42.220 - - [05/Dec/2024:10:52:57 +0100] "GET /entry.php?id=10271&&ser=392317 HTTP/1.1" 200 987 "http://hausegger.activities.at/entry.php?id=10271&&ser=392257" "Mozilla/5.0 (Windows NT 10.0; Win64; x64; rv:133.0) Gecko/20100101 Firefox/133.0"
178.115.42.220 - - [05/Dec/2024:10:52:57 +0100] "GET /gui/javascript/form_form.js?1733392377 HTTP/1.1" 200 16206 "http://hausegger.activities.at/entry.php?id=10271&&ser=392317" "Mozilla/5.0 (Windows NT 10.0; Win64; x64; rv:133.0) Gecko/20100101 Firefox/133.0"
178.115.42.220 - - [05/Dec/2024:10:53:57 +0100] "GET /entry.php?id=10271&&ser=392377 HTTP/1.1" 200 989 "http://hausegger.activities.at/entry.php?id=10271&&ser=392317" "Mozilla/5.0 (Windows NT 10.0; Win64; x64; rv:133.0) Gecko/20100101 Firefox/133.0"
178.115.42.220 - - [05/Dec/2024:10:53:58 +0100] "GET /gui/javascript/form_form.js?1733392438 HTTP/1.1" 200 16206 "http://hausegger.activities.at/entry.php?id=10271&&ser=392377" "Mozilla/5.0 (Windows NT 10.0; Win64; x64; rv:133.0) Gecko/20100101 Firefox/133.0"
156.59.198.136 - - [05/Dec/2024:10:53:58 +0100] "GET /renault.activities.at/htdocs/export/xml/data/orders/202012231703_RenOrder.xml HTTP/1.0" 404 329 "-" "Mozilla/5.0 (Linux; Android 5.0) AppleWebKit/537.36 (KHTML, like Gecko) Mobile Safari/537.36 (compatible; Bytespider; spider-feedback@bytedance.com)"
178.115.42.220 - - [05/Dec/2024:10:54:58 +0100] "GET /entry.php?id=10271&&ser=392437 HTTP/1.1" 200 987 "http://hausegger.activities.at/entry.php?id=10271&&ser=392377" "Mozilla/5.0 (Windows NT 10.0; Win64; x64; rv:133.0) Gecko/20100101 Firefox/133.0"
178.115.42.220 - - [05/Dec/2024:10:54:58 +0100] "GET /gui/javascript/form_form.js?1733392498 HTTP/1.1" 200 16206 "http://hausegger.activities.at/entry.php?id=10271&&ser=392437" "Mozilla/5.0 (Windows NT 10.0; Win64; x64; rv:133.0) Gecko/20100101 Firefox/133.0"
178.115.42.220 - - [05/Dec/2024:10:55:58 +0100] "GET /entry.php?id=10271&&ser=392498 HTTP/1.1" 200 987 "http://hausegger.activities.at/entry.php?id=10271&&ser=392437" "Mozilla/5.0 (Windows NT 10.0; Win64; x64; rv:133.0) Gecko/20100101 Firefox/133.0"
178.115.42.220 - - [05/Dec/2024:10:55:58 +0100] "GET /gui/javascript/form_form.js?1733392558 HTTP/1.1" 200 16206 "http://hausegger.activities.at/entry.php?id=10271&&ser=392498" "Mozilla/5.0 (Windows NT 10.0; Win64; x64; rv:133.0) Gecko/20100101 Firefox/133.0"
178.115.42.220 - - [05/Dec/2024:10:56:58 +0100] "GET /entry.php?id=10271&&ser=392558 HTTP/1.1" 200 987 "http://hausegger.activities.at/entry.php?id=10271&&ser=392498" "Mozilla/5.0 (Windows NT 10.0; Win64; x64; rv:133.0) Gecko/20100101 Firefox/133.0"
178.115.42.220 - - [05/Dec/2024:10:56:58 +0100] "GET /gui/javascript/form_form.js?1733392618 HTTP/1.1" 200 16206 "http://hausegger.activities.at/entry.php?id=10271&&ser=392558" "Mozilla/5.0 (Windows NT 10.0; Win64; x64; rv:133.0) Gecko/20100101 Firefox/133.0"
178.115.42.220 - - [05/Dec/2024:10:57:59 +0100] "GET /entry.php?id=10271&&ser=392618 HTTP/1.1" 200 987 "http://hausegger.activities.at/entry.php?id=10271&&ser=392558" "Mozilla/5.0 (Windows NT 10.0; Win64; x64; rv:133.0) Gecko/20100101 Firefox/133.0"
178.115.42.220 - - [05/Dec/2024:10:57:59 +0100] "GET /gui/javascript/form_form.js?1733392679 HTTP/1.1" 200 16206 "http://hausegger.activities.at/entry.php?id=10271&&ser=392618" "Mozilla/5.0 (Windows NT 10.0; Win64; x64; rv:133.0) Gecko/20100101 Firefox/133.0"
178.115.42.220 - - [05/Dec/2024:10:58:59 +0100] "GET /entry.php?id=10271&&ser=392679 HTTP/1.1" 200 987 "http://hausegger.activities.at/entry.php?id=10271&&ser=392618" "Mozilla/5.0 (Windows NT 10.0; Win64; x64; rv:133.0) Gecko/20100101 Firefox/133.0"
178.115.42.220 - - [05/Dec/2024:10:58:59 +0100] "GET /gui/javascript/form_form.js?1733392739 HTTP/1.1" 200 16206 "http://hausegger.activities.at/entry.php?id=10271&&ser=392679" "Mozilla/5.0 (Windows NT 10.0; Win64; x64; rv:133.0) Gecko/20100101 Firefox/133.0"
156.59.198.135 - - [05/Dec/2024:10:59:19 +0100] "GET /renault.activities.at/htdocs/export/xml/data/orders/202102151003_RenOrder.xml HTTP/1.0" 404 328 "-" "Mozilla/5.0 (Linux; Android 5.0) AppleWebKit/537.36 (KHTML, like Gecko) Mobile Safari/537.36 (compatible; Bytespider; spider-feedback@bytedance.com)"
178.115.42.220 - - [05/Dec/2024:10:59:59 +0100] "GET /entry.php?id=10271&&ser=392739 HTTP/1.1" 200 987 "http://hausegger.activities.at/entry.php?id=10271&&ser=392679" "Mozilla/5.0 (Windows NT 10.0; Win64; x64; rv:133.0) Gecko/20100101 Firefox/133.0"
178.115.42.220 - - [05/Dec/2024:10:59:59 +0100] "GET /gui/javascript/form_form.js?1733392799 HTTP/1.1" 200 16206 "http://hausegger.activities.at/entry.php?id=10271&&ser=392739" "Mozilla/5.0 (Windows NT 10.0; Win64; x64; rv:133.0) Gecko/20100101 Firefox/133.0"
178.115.42.220 - - [05/Dec/2024:11:00:59 +0100] "GET /entry.php?id=10271&&ser=392799 HTTP/1.1" 200 987 "http://hausegger.activities.at/entry.php?id=10271&&ser=392739" "Mozilla/5.0 (Windows NT 10.0; Win64; x64; rv:133.0) Gecko/20100101 Firefox/133.0"
178.115.42.220 - - [05/Dec/2024:11:01:00 +0100] "GET /gui/javascript/form_form.js?1733392860 HTTP/1.1" 200 16206 "http://hausegger.activities.at/entry.php?id=10271&&ser=392799" "Mozilla/5.0 (Windows NT 10.0; Win64; x64; rv:133.0) Gecko/20100101 Firefox/133.0"
178.115.42.220 - - [05/Dec/2024:11:02:00 +0100] "GET /entry.php?id=10271&&ser=392860 HTTP/1.1" 200 987 "http://hausegger.activities.at/entry.php?id=10271&&ser=392799" "Mozilla/5.0 (Windows NT 10.0; Win64; x64; rv:133.0) Gecko/20100101 Firefox/133.0"
178.115.42.220 - - [05/Dec/2024:11:02:00 +0100] "GET /gui/javascript/form_form.js?1733392920 HTTP/1.1" 200 16206 "http://hausegger.activities.at/entry.php?id=10271&&ser=392860" "Mozilla/5.0 (Windows NT 10.0; Win64; x64; rv:133.0) Gecko/20100101 Firefox/133.0"
178.115.42.220 - - [05/Dec/2024:11:03:00 +0100] "GET /entry.php?id=10271&&ser=392920 HTTP/1.1" 200 987 "http://hausegger.activities.at/entry.php?id=10271&&ser=392860" "Mozilla/5.0 (Windows NT 10.0; Win64; x64; rv:133.0) Gecko/20100101 Firefox/133.0"
178.115.42.220 - - [05/Dec/2024:11:03:00 +0100] "GET /gui/javascript/form_form.js?1733392980 HTTP/1.1" 200 16206 "http://hausegger.activities.at/entry.php?id=10271&&ser=392920" "Mozilla/5.0 (Windows NT 10.0; Win64; x64; rv:133.0) Gecko/20100101 Firefox/133.0"
178.115.42.220 - - [05/Dec/2024:11:04:00 +0100] "GET /entry.php?id=10271&&ser=392980 HTTP/1.1" 200 988 "http://hausegger.activities.at/entry.php?id=10271&&ser=392920" "Mozilla/5.0 (Windows NT 10.0; Win64; x64; rv:133.0) Gecko/20100101 Firefox/133.0"
178.115.42.220 - - [05/Dec/2024:11:04:00 +0100] "GET /gui/javascript/form_form.js?1733393040 HTTP/1.1" 200 16206 "http://hausegger.activities.at/entry.php?id=10271&&ser=392980" "Mozilla/5.0 (Windows NT 10.0; Win64; x64; rv:133.0) Gecko/20100101 Firefox/133.0"
178.115.42.220 - - [05/Dec/2024:11:05:01 +0100] "GET /entry.php?id=10271&&ser=393040 HTTP/1.1" 200 987 "http://hausegger.activities.at/entry.php?id=10271&&ser=392980" "Mozilla/5.0 (Windows NT 10.0; Win64; x64; rv:133.0) Gecko/20100101 Firefox/133.0"
178.115.42.220 - - [05/Dec/2024:11:05:01 +0100] "GET /gui/javascript/form_form.js?1733393101 HTTP/1.1" 200 16206 "http://hausegger.activities.at/entry.php?id=10271&&ser=393040" "Mozilla/5.0 (Windows NT 10.0; Win64; x64; rv:133.0) Gecko/20100101 Firefox/133.0"
178.115.42.220 - - [05/Dec/2024:11:06:01 +0100] "GET /entry.php?id=10271&&ser=393101 HTTP/1.1" 200 987 "http://hausegger.activities.at/entry.php?id=10271&&ser=393040" "Mozilla/5.0 (Windows NT 10.0; Win64; x64; rv:133.0) Gecko/20100101 Firefox/133.0"
178.115.42.220 - - [05/Dec/2024:11:06:01 +0100] "GET /gui/javascript/form_form.js?1733393161 HTTP/1.1" 200 16206 "http://hausegger.activities.at/entry.php?id=10271&&ser=393101" "Mozilla/5.0 (Windows NT 10.0; Win64; x64; rv:133.0) Gecko/20100101 Firefox/133.0"
178.115.42.220 - - [05/Dec/2024:11:07:01 +0100] "GET /entry.php?id=10271&&ser=393161 HTTP/1.1" 200 987 "http://hausegger.activities.at/entry.php?id=10271&&ser=393101" "Mozilla/5.0 (Windows NT 10.0; Win64; x64; rv:133.0) Gecko/20100101 Firefox/133.0"
178.115.42.220 - - [05/Dec/2024:11:07:01 +0100] "GET /gui/javascript/form_form.js?1733393221 HTTP/1.1" 200 16206 "http://hausegger.activities.at/entry.php?id=10271&&ser=393161" "Mozilla/5.0 (Windows NT 10.0; Win64; x64; rv:133.0) Gecko/20100101 Firefox/133.0"
156.59.198.136 - - [05/Dec/2024:11:07:20 +0100] "GET /renault.activities.at/htdocs/export/xml/data/orders/202108091403_RenOrder.xml HTTP/1.0" 404 329 "-" "Mozilla/5.0 (Linux; Android 5.0) AppleWebKit/537.36 (KHTML, like Gecko) Mobile Safari/537.36 (compatible; Bytespider; spider-feedback@bytedance.com)"
178.115.42.220 - - [05/Dec/2024:11:08:01 +0100] "GET /entry.php?id=10271&&ser=393221 HTTP/1.1" 200 987 "http://hausegger.activities.at/entry.php?id=10271&&ser=393161" "Mozilla/5.0 (Windows NT 10.0; Win64; x64; rv:133.0) Gecko/20100101 Firefox/133.0"
178.115.42.220 - - [05/Dec/2024:11:08:02 +0100] "GET /gui/javascript/form_form.js?1733393282 HTTP/1.1" 200 16206 "http://hausegger.activities.at/entry.php?id=10271&&ser=393221" "Mozilla/5.0 (Windows NT 10.0; Win64; x64; rv:133.0) Gecko/20100101 Firefox/133.0"
178.115.42.220 - - [05/Dec/2024:11:09:02 +0100] "GET /entry.php?id=10271&&ser=393282 HTTP/1.1" 200 987 "http://hausegger.activities.at/entry.php?id=10271&&ser=393221" "Mozilla/5.0 (Windows NT 10.0; Win64; x64; rv:133.0) Gecko/20100101 Firefox/133.0"
178.115.42.220 - - [05/Dec/2024:11:09:02 +0100] "GET /gui/javascript/form_form.js?1733393342 HTTP/1.1" 200 16206 "http://hausegger.activities.at/entry.php?id=10271&&ser=393282" "Mozilla/5.0 (Windows NT 10.0; Win64; x64; rv:133.0) Gecko/20100101 Firefox/133.0"
178.115.42.220 - - [05/Dec/2024:11:10:02 +0100] "GET /entry.php?id=10271&&ser=393342 HTTP/1.1" 200 987 "http://hausegger.activities.at/entry.php?id=10271&&ser=393282" "Mozilla/5.0 (Windows NT 10.0; Win64; x64; rv:133.0) Gecko/20100101 Firefox/133.0"
178.115.42.220 - - [05/Dec/2024:11:10:02 +0100] "GET /gui/javascript/form_form.js?1733393402 HTTP/1.1" 200 16206 "http://hausegger.activities.at/entry.php?id=10271&&ser=393342" "Mozilla/5.0 (Windows NT 10.0; Win64; x64; rv:133.0) Gecko/20100101 Firefox/133.0"
178.115.42.220 - - [05/Dec/2024:11:11:03 +0100] "GET /entry.php?id=10271&&ser=393402 HTTP/1.1" 200 988 "http://hausegger.activities.at/entry.php?id=10271&&ser=393342" "Mozilla/5.0 (Windows NT 10.0; Win64; x64; rv:133.0) Gecko/20100101 Firefox/133.0"
178.115.42.220 - - [05/Dec/2024:11:11:03 +0100] "GET /gui/javascript/form_form.js?1733393463 HTTP/1.1" 200 16206 "http://hausegger.activities.at/entry.php?id=10271&&ser=393402" "Mozilla/5.0 (Windows NT 10.0; Win64; x64; rv:133.0) Gecko/20100101 Firefox/133.0"
156.59.198.136 - - [05/Dec/2024:11:11:21 +0100] "GET /docs/contadino/2017/RE17-000022.pdf HTTP/1.0" 404 302 "-" "Mozilla/5.0 (Linux; Android 5.0) AppleWebKit/537.36 (KHTML, like Gecko) Mobile Safari/537.36 (compatible; Bytespider; spider-feedback@bytedance.com)"
178.115.42.220 - - [05/Dec/2024:11:12:03 +0100] "GET /entry.php?id=10271&&ser=393463 HTTP/1.1" 200 987 "http://hausegger.activities.at/entry.php?id=10271&&ser=393402" "Mozilla/5.0 (Windows NT 10.0; Win64; x64; rv:133.0) Gecko/20100101 Firefox/133.0"
178.115.42.220 - - [05/Dec/2024:11:12:03 +0100] "GET /gui/javascript/form_form.js?1733393523 HTTP/1.1" 200 16206 "http://hausegger.activities.at/entry.php?id=10271&&ser=393463" "Mozilla/5.0 (Windows NT 10.0; Win64; x64; rv:133.0) Gecko/20100101 Firefox/133.0"
178.115.42.220 - - [05/Dec/2024:11:13:03 +0100] "GET /entry.php?id=10271&&ser=393523 HTTP/1.1" 200 988 "http://hausegger.activities.at/entry.php?id=10271&&ser=393463" "Mozilla/5.0 (Windows NT 10.0; Win64; x64; rv:133.0) Gecko/20100101 Firefox/133.0"
178.115.42.220 - - [05/Dec/2024:11:13:03 +0100] "GET /gui/javascript/form_form.js?1733393583 HTTP/1.1" 200 16206 "http://hausegger.activities.at/entry.php?id=10271&&ser=393523" "Mozilla/5.0 (Windows NT 10.0; Win64; x64; rv:133.0) Gecko/20100101 Firefox/133.0"
178.115.42.220 - - [05/Dec/2024:11:14:03 +0100] "GET /entry.php?id=10271&&ser=393583 HTTP/1.1" 200 988 "http://hausegger.activities.at/entry.php?id=10271&&ser=393523" "Mozilla/5.0 (Windows NT 10.0; Win64; x64; rv:133.0) Gecko/20100101 Firefox/133.0"
178.115.42.220 - - [05/Dec/2024:11:14:04 +0100] "GET /gui/javascript/form_form.js?1733393644 HTTP/1.1" 200 16206 "http://hausegger.activities.at/entry.php?id=10271&&ser=393583" "Mozilla/5.0 (Windows NT 10.0; Win64; x64; rv:133.0) Gecko/20100101 Firefox/133.0"
178.115.42.220 - - [05/Dec/2024:11:15:04 +0100] "GET /entry.php?id=10271&&ser=393644 HTTP/1.1" 200 988 "http://hausegger.activities.at/entry.php?id=10271&&ser=393583" "Mozilla/5.0 (Windows NT 10.0; Win64; x64; rv:133.0) Gecko/20100101 Firefox/133.0"
178.115.42.220 - - [05/Dec/2024:11:15:04 +0100] "GET /gui/javascript/form_form.js?1733393704 HTTP/1.1" 200 16206 "http://hausegger.activities.at/entry.php?id=10271&&ser=393644" "Mozilla/5.0 (Windows NT 10.0; Win64; x64; rv:133.0) Gecko/20100101 Firefox/133.0"
156.59.198.136 - - [05/Dec/2024:11:15:21 +0100] "GET /ed.activities.at/stats/lang/awstats-tw.txt HTTP/1.0" 404 304 "-" "Mozilla/5.0 (Linux; Android 5.0) AppleWebKit/537.36 (KHTML, like Gecko) Mobile Safari/537.36 (compatible; Bytespider; spider-feedback@bytedance.com)"
178.115.42.220 - - [05/Dec/2024:11:16:04 +0100] "GET /entry.php?id=10271&&ser=393704 HTTP/1.1" 200 988 "http://hausegger.activities.at/entry.php?id=10271&&ser=393644" "Mozilla/5.0 (Windows NT 10.0; Win64; x64; rv:133.0) Gecko/20100101 Firefox/133.0"
178.115.42.220 - - [05/Dec/2024:11:16:04 +0100] "GET /gui/javascript/form_form.js?1733393764 HTTP/1.1" 200 16206 "http://hausegger.activities.at/entry.php?id=10271&&ser=393704" "Mozilla/5.0 (Windows NT 10.0; Win64; x64; rv:133.0) Gecko/20100101 Firefox/133.0"
178.115.42.220 - - [05/Dec/2024:11:17:04 +0100] "GET /entry.php?id=10271&&ser=393764 HTTP/1.1" 200 987 "http://hausegger.activities.at/entry.php?id=10271&&ser=393704" "Mozilla/5.0 (Windows NT 10.0; Win64; x64; rv:133.0) Gecko/20100101 Firefox/133.0"
178.115.42.220 - - [05/Dec/2024:11:17:04 +0100] "GET /gui/javascript/form_form.js?1733393824 HTTP/1.1" 200 16206 "http://hausegger.activities.at/entry.php?id=10271&&ser=393764" "Mozilla/5.0 (Windows NT 10.0; Win64; x64; rv:133.0) Gecko/20100101 Firefox/133.0"
178.115.42.220 - - [05/Dec/2024:11:18:05 +0100] "GET /entry.php?id=10271&&ser=393824 HTTP/1.1" 200 988 "http://hausegger.activities.at/entry.php?id=10271&&ser=393764" "Mozilla/5.0 (Windows NT 10.0; Win64; x64; rv:133.0) Gecko/20100101 Firefox/133.0"
178.115.42.220 - - [05/Dec/2024:11:18:05 +0100] "GET /gui/javascript/form_form.js?1733393885 HTTP/1.1" 200 16206 "http://hausegger.activities.at/entry.php?id=10271&&ser=393824" "Mozilla/5.0 (Windows NT 10.0; Win64; x64; rv:133.0) Gecko/20100101 Firefox/133.0"
178.115.42.220 - - [05/Dec/2024:11:19:05 +0100] "GET /entry.php?id=10271&&ser=393885 HTTP/1.1" 200 988 "http://hausegger.activities.at/entry.php?id=10271&&ser=393824" "Mozilla/5.0 (Windows NT 10.0; Win64; x64; rv:133.0) Gecko/20100101 Firefox/133.0"
178.115.42.220 - - [05/Dec/2024:11:19:05 +0100] "GET /gui/javascript/form_form.js?1733393945 HTTP/1.1" 200 16206 "http://hausegger.activities.at/entry.php?id=10271&&ser=393885" "Mozilla/5.0 (Windows NT 10.0; Win64; x64; rv:133.0) Gecko/20100101 Firefox/133.0"
156.59.198.135 - - [05/Dec/2024:11:19:20 +0100] "GET /ed.activities.at/stats/lang/awstats-fr.txt HTTP/1.0" 404 304 "-" "Mozilla/5.0 (Linux; Android 5.0) AppleWebKit/537.36 (KHTML, like Gecko) Mobile Safari/537.36 (compatible; Bytespider; spider-feedback@bytedance.com)"
178.115.42.220 - - [05/Dec/2024:11:20:05 +0100] "GET /entry.php?id=10271&&ser=393945 HTTP/1.1" 200 987 "http://hausegger.activities.at/entry.php?id=10271&&ser=393885" "Mozilla/5.0 (Windows NT 10.0; Win64; x64; rv:133.0) Gecko/20100101 Firefox/133.0"
178.115.42.220 - - [05/Dec/2024:11:20:05 +0100] "GET /gui/javascript/form_form.js?1733394005 HTTP/1.1" 200 16206 "http://hausegger.activities.at/entry.php?id=10271&&ser=393945" "Mozilla/5.0 (Windows NT 10.0; Win64; x64; rv:133.0) Gecko/20100101 Firefox/133.0"
178.115.42.220 - - [05/Dec/2024:11:21:05 +0100] "GET /entry.php?id=10271&&ser=394005 HTTP/1.1" 200 988 "http://hausegger.activities.at/entry.php?id=10271&&ser=393945" "Mozilla/5.0 (Windows NT 10.0; Win64; x64; rv:133.0) Gecko/20100101 Firefox/133.0"
178.115.42.220 - - [05/Dec/2024:11:21:06 +0100] "GET /gui/javascript/form_form.js?1733394066 HTTP/1.1" 200 16206 "http://hausegger.activities.at/entry.php?id=10271&&ser=394005" "Mozilla/5.0 (Windows NT 10.0; Win64; x64; rv:133.0) Gecko/20100101 Firefox/133.0"
178.115.42.220 - - [05/Dec/2024:11:22:06 +0100] "GET /entry.php?id=10271&&ser=394066 HTTP/1.1" 200 987 "http://hausegger.activities.at/entry.php?id=10271&&ser=394005" "Mozilla/5.0 (Windows NT 10.0; Win64; x64; rv:133.0) Gecko/20100101 Firefox/133.0"
178.115.42.220 - - [05/Dec/2024:11:22:06 +0100] "GET /gui/javascript/form_form.js?1733394126 HTTP/1.1" 200 16206 "http://hausegger.activities.at/entry.php?id=10271&&ser=394066" "Mozilla/5.0 (Windows NT 10.0; Win64; x64; rv:133.0) Gecko/20100101 Firefox/133.0"
178.115.42.220 - - [05/Dec/2024:11:23:06 +0100] "GET /entry.php?id=10271&&ser=394126 HTTP/1.1" 200 988 "http://hausegger.activities.at/entry.php?id=10271&&ser=394066" "Mozilla/5.0 (Windows NT 10.0; Win64; x64; rv:133.0) Gecko/20100101 Firefox/133.0"
178.115.42.220 - - [05/Dec/2024:11:23:06 +0100] "GET /gui/javascript/form_form.js?1733394186 HTTP/1.1" 200 16206 "http://hausegger.activities.at/entry.php?id=10271&&ser=394126" "Mozilla/5.0 (Windows NT 10.0; Win64; x64; rv:133.0) Gecko/20100101 Firefox/133.0"
178.115.42.220 - - [05/Dec/2024:11:24:06 +0100] "GET /entry.php?id=10271&&ser=394186 HTTP/1.1" 200 987 "http://hausegger.activities.at/entry.php?id=10271&&ser=394126" "Mozilla/5.0 (Windows NT 10.0; Win64; x64; rv:133.0) Gecko/20100101 Firefox/133.0"
178.115.42.220 - - [05/Dec/2024:11:24:06 +0100] "GET /gui/javascript/form_form.js?1733394246 HTTP/1.1" 200 16206 "http://hausegger.activities.at/entry.php?id=10271&&ser=394186" "Mozilla/5.0 (Windows NT 10.0; Win64; x64; rv:133.0) Gecko/20100101 Firefox/133.0"
95.214.53.205 - - [05/Dec/2024:11:24:44 +0100] "GET / HTTP/1.1" 200 423 "-" "-"
178.115.42.220 - - [05/Dec/2024:11:25:07 +0100] "GET /entry.php?id=10271&&ser=394246 HTTP/1.1" 200 988 "http://hausegger.activities.at/entry.php?id=10271&&ser=394186" "Mozilla/5.0 (Windows NT 10.0; Win64; x64; rv:133.0) Gecko/20100101 Firefox/133.0"
178.115.42.220 - - [05/Dec/2024:11:25:07 +0100] "GET /gui/javascript/form_form.js?1733394307 HTTP/1.1" 200 16206 "http://hausegger.activities.at/entry.php?id=10271&&ser=394246" "Mozilla/5.0 (Windows NT 10.0; Win64; x64; rv:133.0) Gecko/20100101 Firefox/133.0"
178.115.42.220 - - [05/Dec/2024:11:26:07 +0100] "GET /entry.php?id=10271&&ser=394307 HTTP/1.1" 200 988 "http://hausegger.activities.at/entry.php?id=10271&&ser=394246" "Mozilla/5.0 (Windows NT 10.0; Win64; x64; rv:133.0) Gecko/20100101 Firefox/133.0"
178.115.42.220 - - [05/Dec/2024:11:26:07 +0100] "GET /gui/javascript/form_form.js?1733394367 HTTP/1.1" 200 16206 "http://hausegger.activities.at/entry.php?id=10271&&ser=394307" "Mozilla/5.0 (Windows NT 10.0; Win64; x64; rv:133.0) Gecko/20100101 Firefox/133.0"
178.115.42.220 - - [05/Dec/2024:11:27:07 +0100] "GET /entry.php?id=10271&&ser=394367 HTTP/1.1" 200 987 "http://hausegger.activities.at/entry.php?id=10271&&ser=394307" "Mozilla/5.0 (Windows NT 10.0; Win64; x64; rv:133.0) Gecko/20100101 Firefox/133.0"
178.115.42.220 - - [05/Dec/2024:11:27:07 +0100] "GET /gui/javascript/form_form.js?1733394427 HTTP/1.1" 200 16206 "http://hausegger.activities.at/entry.php?id=10271&&ser=394367" "Mozilla/5.0 (Windows NT 10.0; Win64; x64; rv:133.0) Gecko/20100101 Firefox/133.0"
81.161.238.40 - - [05/Dec/2024:11:27:16 +0100] "GET /.env HTTP/1.1" 404 280 "-" "Mozilla/5.0 (Windows NT 6.1) AppleWebKit/537.36 (KHTML, like Gecko) Chrome/75.0.3770.142 Safari/537.36 OPR/62.0.3331.116"
179.43.133.122 - - [05/Dec/2024:11:27:40 +0100] "GET / HTTP/1.1" 200 274 "-" "Mozilla/5.0 (Windows NT 10.0; Win64; x64) AppleWebKit/537.36 (KHTML, like Gecko) Chrome/90.0.4430.85 Safari/537.36 Edg/90.0.818.46"
178.115.42.220 - - [05/Dec/2024:11:28:07 +0100] "GET /entry.php?id=10271&&ser=394427 HTTP/1.1" 200 988 "http://hausegger.activities.at/entry.php?id=10271&&ser=394367" "Mozilla/5.0 (Windows NT 10.0; Win64; x64; rv:133.0) Gecko/20100101 Firefox/133.0"
178.115.42.220 - - [05/Dec/2024:11:28:08 +0100] "GET /gui/javascript/form_form.js?1733394487 HTTP/1.1" 200 16206 "http://hausegger.activities.at/entry.php?id=10271&&ser=394427" "Mozilla/5.0 (Windows NT 10.0; Win64; x64; rv:133.0) Gecko/20100101 Firefox/133.0"
178.115.42.220 - - [05/Dec/2024:11:29:08 +0100] "GET /entry.php?id=10271&&ser=394487 HTTP/1.1" 200 988 "http://hausegger.activities.at/entry.php?id=10271&&ser=394427" "Mozilla/5.0 (Windows NT 10.0; Win64; x64; rv:133.0) Gecko/20100101 Firefox/133.0"
178.115.42.220 - - [05/Dec/2024:11:29:08 +0100] "GET /gui/javascript/form_form.js?1733394548 HTTP/1.1" 200 16206 "http://hausegger.activities.at/entry.php?id=10271&&ser=394487" "Mozilla/5.0 (Windows NT 10.0; Win64; x64; rv:133.0) Gecko/20100101 Firefox/133.0"
205.210.31.34 - - [05/Dec/2024:11:29:48 +0100] "GET / HTTP/1.0" 200 423 "-" "Expanse, a Palo Alto Networks company, searches across the global IPv4 space multiple times per day to identify customers' presences on the Internet. If you would like to be excluded from our scans, please send IP addresses/domains to: scaninfo@paloaltonetworks.com"
178.115.42.220 - - [05/Dec/2024:11:30:08 +0100] "GET /entry.php?id=10271&&ser=394548 HTTP/1.1" 200 988 "http://hausegger.activities.at/entry.php?id=10271&&ser=394487" "Mozilla/5.0 (Windows NT 10.0; Win64; x64; rv:133.0) Gecko/20100101 Firefox/133.0"
178.115.42.220 - - [05/Dec/2024:11:30:08 +0100] "GET /gui/javascript/form_form.js?1733394608 HTTP/1.1" 200 16206 "http://hausegger.activities.at/entry.php?id=10271&&ser=394548" "Mozilla/5.0 (Windows NT 10.0; Win64; x64; rv:133.0) Gecko/20100101 Firefox/133.0"
178.115.42.220 - - [05/Dec/2024:11:31:08 +0100] "GET /entry.php?id=10271&&ser=394608 HTTP/1.1" 200 988 "http://hausegger.activities.at/entry.php?id=10271&&ser=394548" "Mozilla/5.0 (Windows NT 10.0; Win64; x64; rv:133.0) Gecko/20100101 Firefox/133.0"
178.115.42.220 - - [05/Dec/2024:11:31:08 +0100] "GET /gui/javascript/form_form.js?1733394668 HTTP/1.1" 200 16206 "http://hausegger.activities.at/entry.php?id=10271&&ser=394608" "Mozilla/5.0 (Windows NT 10.0; Win64; x64; rv:133.0) Gecko/20100101 Firefox/133.0"
178.115.42.220 - - [05/Dec/2024:11:32:09 +0100] "GET /entry.php?id=10271&&ser=394668 HTTP/1.1" 200 987 "http://hausegger.activities.at/entry.php?id=10271&&ser=394608" "Mozilla/5.0 (Windows NT 10.0; Win64; x64; rv:133.0) Gecko/20100101 Firefox/133.0"
178.115.42.220 - - [05/Dec/2024:11:32:09 +0100] "GET /gui/javascript/form_form.js?1733394729 HTTP/1.1" 200 16206 "http://hausegger.activities.at/entry.php?id=10271&&ser=394668" "Mozilla/5.0 (Windows NT 10.0; Win64; x64; rv:133.0) Gecko/20100101 Firefox/133.0"
178.115.42.220 - - [05/Dec/2024:11:33:09 +0100] "GET /entry.php?id=10271&&ser=394729 HTTP/1.1" 200 988 "http://hausegger.activities.at/entry.php?id=10271&&ser=394668" "Mozilla/5.0 (Windows NT 10.0; Win64; x64; rv:133.0) Gecko/20100101 Firefox/133.0"
178.115.42.220 - - [05/Dec/2024:11:33:09 +0100] "GET /gui/javascript/form_form.js?1733394789 HTTP/1.1" 200 16206 "http://hausegger.activities.at/entry.php?id=10271&&ser=394729" "Mozilla/5.0 (Windows NT 10.0; Win64; x64; rv:133.0) Gecko/20100101 Firefox/133.0"
178.115.42.220 - - [05/Dec/2024:11:34:09 +0100] "GET /entry.php?id=10271&&ser=394789 HTTP/1.1" 200 988 "http://hausegger.activities.at/entry.php?id=10271&&ser=394729" "Mozilla/5.0 (Windows NT 10.0; Win64; x64; rv:133.0) Gecko/20100101 Firefox/133.0"
178.115.42.220 - - [05/Dec/2024:11:34:09 +0100] "GET /gui/javascript/form_form.js?1733394849 HTTP/1.1" 200 16206 "http://hausegger.activities.at/entry.php?id=10271&&ser=394789" "Mozilla/5.0 (Windows NT 10.0; Win64; x64; rv:133.0) Gecko/20100101 Firefox/133.0"
178.115.42.220 - - [05/Dec/2024:11:35:09 +0100] "GET /entry.php?id=10271&&ser=394849 HTTP/1.1" 200 988 "http://hausegger.activities.at/entry.php?id=10271&&ser=394789" "Mozilla/5.0 (Windows NT 10.0; Win64; x64; rv:133.0) Gecko/20100101 Firefox/133.0"
178.115.42.220 - - [05/Dec/2024:11:35:09 +0100] "GET /gui/javascript/form_form.js?1733394909 HTTP/1.1" 200 16206 "http://hausegger.activities.at/entry.php?id=10271&&ser=394849" "Mozilla/5.0 (Windows NT 10.0; Win64; x64; rv:133.0) Gecko/20100101 Firefox/133.0"
178.115.42.220 - - [05/Dec/2024:11:36:10 +0100] "GET /entry.php?id=10271&&ser=394909 HTTP/1.1" 200 988 "http://hausegger.activities.at/entry.php?id=10271&&ser=394849" "Mozilla/5.0 (Windows NT 10.0; Win64; x64; rv:133.0) Gecko/20100101 Firefox/133.0"
178.115.42.220 - - [05/Dec/2024:11:36:10 +0100] "GET /gui/javascript/form_form.js?1733394970 HTTP/1.1" 200 16206 "http://hausegger.activities.at/entry.php?id=10271&&ser=394909" "Mozilla/5.0 (Windows NT 10.0; Win64; x64; rv:133.0) Gecko/20100101 Firefox/133.0"
178.115.42.220 - - [05/Dec/2024:11:37:10 +0100] "GET /entry.php?id=10271&&ser=394970 HTTP/1.1" 200 988 "http://hausegger.activities.at/entry.php?id=10271&&ser=394909" "Mozilla/5.0 (Windows NT 10.0; Win64; x64; rv:133.0) Gecko/20100101 Firefox/133.0"
178.115.42.220 - - [05/Dec/2024:11:37:10 +0100] "GET /gui/javascript/form_form.js?1733395030 HTTP/1.1" 200 16206 "http://hausegger.activities.at/entry.php?id=10271&&ser=394970" "Mozilla/5.0 (Windows NT 10.0; Win64; x64; rv:133.0) Gecko/20100101 Firefox/133.0"
178.115.42.220 - - [05/Dec/2024:11:38:10 +0100] "GET /entry.php?id=10271&&ser=395030 HTTP/1.1" 200 988 "http://hausegger.activities.at/entry.php?id=10271&&ser=394970" "Mozilla/5.0 (Windows NT 10.0; Win64; x64; rv:133.0) Gecko/20100101 Firefox/133.0"
178.115.42.220 - - [05/Dec/2024:11:38:10 +0100] "GET /gui/javascript/form_form.js?1733395090 HTTP/1.1" 200 16206 "http://hausegger.activities.at/entry.php?id=10271&&ser=395030" "Mozilla/5.0 (Windows NT 10.0; Win64; x64; rv:133.0) Gecko/20100101 Firefox/133.0"
178.115.42.220 - - [05/Dec/2024:11:39:11 +0100] "GET /entry.php?id=10271&&ser=395090 HTTP/1.1" 200 987 "http://hausegger.activities.at/entry.php?id=10271&&ser=395030" "Mozilla/5.0 (Windows NT 10.0; Win64; x64; rv:133.0) Gecko/20100101 Firefox/133.0"
178.115.42.220 - - [05/Dec/2024:11:39:11 +0100] "GET /gui/javascript/form_form.js?1733395151 HTTP/1.1" 200 16206 "http://hausegger.activities.at/entry.php?id=10271&&ser=395090" "Mozilla/5.0 (Windows NT 10.0; Win64; x64; rv:133.0) Gecko/20100101 Firefox/133.0"
178.115.42.220 - - [05/Dec/2024:11:40:11 +0100] "GET /entry.php?id=10271&&ser=395151 HTTP/1.1" 200 987 "http://hausegger.activities.at/entry.php?id=10271&&ser=395090" "Mozilla/5.0 (Windows NT 10.0; Win64; x64; rv:133.0) Gecko/20100101 Firefox/133.0"
178.115.42.220 - - [05/Dec/2024:11:40:11 +0100] "GET /gui/javascript/form_form.js?1733395211 HTTP/1.1" 200 16206 "http://hausegger.activities.at/entry.php?id=10271&&ser=395151" "Mozilla/5.0 (Windows NT 10.0; Win64; x64; rv:133.0) Gecko/20100101 Firefox/133.0"
81.161.238.40 - - [05/Dec/2024:11:40:21 +0100] "GET /.env HTTP/1.1" 404 280 "-" "Mozilla/5.0 (Macintosh; Intel Mac OS X 10.6; rv:2.0.1) Gecko/20100101 Firefox/4.0.1 Camino/2.2.1"
194.50.16.198 - - [05/Dec/2024:11:40:49 +0100] "GET / HTTP/1.1" 200 423 "-" "Linux Gnu (cow)"
178.115.42.220 - - [05/Dec/2024:11:41:11 +0100] "GET /entry.php?id=10271&&ser=395211 HTTP/1.1" 200 987 "http://hausegger.activities.at/entry.php?id=10271&&ser=395151" "Mozilla/5.0 (Windows NT 10.0; Win64; x64; rv:133.0) Gecko/20100101 Firefox/133.0"
178.115.42.220 - - [05/Dec/2024:11:41:11 +0100] "GET /gui/javascript/form_form.js?1733395271 HTTP/1.1" 200 16206 "http://hausegger.activities.at/entry.php?id=10271&&ser=395211" "Mozilla/5.0 (Windows NT 10.0; Win64; x64; rv:133.0) Gecko/20100101 Firefox/133.0"
178.115.42.220 - - [05/Dec/2024:11:42:11 +0100] "GET /entry.php?id=10271&&ser=395271 HTTP/1.1" 200 989 "http://hausegger.activities.at/entry.php?id=10271&&ser=395211" "Mozilla/5.0 (Windows NT 10.0; Win64; x64; rv:133.0) Gecko/20100101 Firefox/133.0"
178.115.42.220 - - [05/Dec/2024:11:42:12 +0100] "GET /gui/javascript/form_form.js?1733395332 HTTP/1.1" 200 16206 "http://hausegger.activities.at/entry.php?id=10271&&ser=395271" "Mozilla/5.0 (Windows NT 10.0; Win64; x64; rv:133.0) Gecko/20100101 Firefox/133.0"
178.115.42.220 - - [05/Dec/2024:11:43:12 +0100] "GET /entry.php?id=10271&&ser=395331 HTTP/1.1" 200 987 "http://hausegger.activities.at/entry.php?id=10271&&ser=395271" "Mozilla/5.0 (Windows NT 10.0; Win64; x64; rv:133.0) Gecko/20100101 Firefox/133.0"
178.115.42.220 - - [05/Dec/2024:11:43:12 +0100] "GET /gui/javascript/form_form.js?1733395392 HTTP/1.1" 200 16206 "http://hausegger.activities.at/entry.php?id=10271&&ser=395331" "Mozilla/5.0 (Windows NT 10.0; Win64; x64; rv:133.0) Gecko/20100101 Firefox/133.0"
178.115.42.220 - - [05/Dec/2024:11:44:12 +0100] "GET /entry.php?id=10271&&ser=395392 HTTP/1.1" 200 987 "http://hausegger.activities.at/entry.php?id=10271&&ser=395331" "Mozilla/5.0 (Windows NT 10.0; Win64; x64; rv:133.0) Gecko/20100101 Firefox/133.0"
178.115.42.220 - - [05/Dec/2024:11:44:12 +0100] "GET /gui/javascript/form_form.js?1733395452 HTTP/1.1" 200 16206 "http://hausegger.activities.at/entry.php?id=10271&&ser=395392" "Mozilla/5.0 (Windows NT 10.0; Win64; x64; rv:133.0) Gecko/20100101 Firefox/133.0"
178.115.42.220 - - [05/Dec/2024:11:45:12 +0100] "GET /entry.php?id=10271&&ser=395452 HTTP/1.1" 200 987 "http://hausegger.activities.at/entry.php?id=10271&&ser=395392" "Mozilla/5.0 (Windows NT 10.0; Win64; x64; rv:133.0) Gecko/20100101 Firefox/133.0"
178.115.42.220 - - [05/Dec/2024:11:45:12 +0100] "GET /gui/javascript/form_form.js?1733395512 HTTP/1.1" 200 16206 "http://hausegger.activities.at/entry.php?id=10271&&ser=395452" "Mozilla/5.0 (Windows NT 10.0; Win64; x64; rv:133.0) Gecko/20100101 Firefox/133.0"
178.115.42.220 - - [05/Dec/2024:11:46:13 +0100] "GET /entry.php?id=10271&&ser=395512 HTTP/1.1" 200 988 "http://hausegger.activities.at/entry.php?id=10271&&ser=395452" "Mozilla/5.0 (Windows NT 10.0; Win64; x64; rv:133.0) Gecko/20100101 Firefox/133.0"
178.115.42.220 - - [05/Dec/2024:11:46:13 +0100] "GET /gui/javascript/form_form.js?1733395573 HTTP/1.1" 200 16206 "http://hausegger.activities.at/entry.php?id=10271&&ser=395512" "Mozilla/5.0 (Windows NT 10.0; Win64; x64; rv:133.0) Gecko/20100101 Firefox/133.0"
178.115.42.220 - - [05/Dec/2024:11:47:13 +0100] "GET /entry.php?id=10271&&ser=395573 HTTP/1.1" 200 988 "http://hausegger.activities.at/entry.php?id=10271&&ser=395512" "Mozilla/5.0 (Windows NT 10.0; Win64; x64; rv:133.0) Gecko/20100101 Firefox/133.0"
178.115.42.220 - - [05/Dec/2024:11:47:13 +0100] "GET /gui/javascript/form_form.js?1733395633 HTTP/1.1" 200 16206 "http://hausegger.activities.at/entry.php?id=10271&&ser=395573" "Mozilla/5.0 (Windows NT 10.0; Win64; x64; rv:133.0) Gecko/20100101 Firefox/133.0"
