178.165.191.42 - - [06/Dec/2024:12:31:25 +0100] "GET /gui/javascript/form_form.js?1733484685 HTTP/1.1" 200 16206 "http://hausegger.activities.at/entry.php?id=10271&&ser=484624" "Mozilla/5.0 (Windows NT 10.0; Win64; x64) AppleWebKit/537.36 (KHTML, like Gecko) Chrome/131.0.0.0 Safari/537.36"
178.165.191.42 - - [06/Dec/2024:12:31:29 +0100] "GET /entry.php?id=10271&&ser=484629 HTTP/1.1" 200 987 "http://hausegger.activities.at/entry.php?id=10271&&ser=484568" "Mozilla/5.0 (Windows NT 10.0; Win64; x64; rv:133.0) Gecko/20100101 Firefox/133.0"
178.165.191.42 - - [06/Dec/2024:12:31:29 +0100] "GET /gui/javascript/form_form.js?1733484689 HTTP/1.1" 200 16206 "http://hausegger.activities.at/entry.php?id=10271&&ser=484629" "Mozilla/5.0 (Windows NT 10.0; Win64; x64; rv:133.0) Gecko/20100101 Firefox/133.0"
178.165.191.42 - - [06/Dec/2024:12:32:26 +0100] "GET /entry.php?id=10271&&ser=484685 HTTP/1.1" 200 988 "http://hausegger.activities.at/entry.php?id=10271&&ser=484624" "Mozilla/5.0 (Windows NT 10.0; Win64; x64) AppleWebKit/537.36 (KHTML, like Gecko) Chrome/131.0.0.0 Safari/537.36"
178.165.191.42 - - [06/Dec/2024:12:32:26 +0100] "GET /gui/javascript/form_form.js?1733484746 HTTP/1.1" 200 16206 "http://hausegger.activities.at/entry.php?id=10271&&ser=484685" "Mozilla/5.0 (Windows NT 10.0; Win64; x64) AppleWebKit/537.36 (KHTML, like Gecko) Chrome/131.0.0.0 Safari/537.36"
178.165.191.42 - - [06/Dec/2024:12:32:29 +0100] "GET /entry.php?id=10271&&ser=484689 HTTP/1.1" 200 988 "http://hausegger.activities.at/entry.php?id=10271&&ser=484629" "Mozilla/5.0 (Windows NT 10.0; Win64; x64; rv:133.0) Gecko/20100101 Firefox/133.0"
178.165.191.42 - - [06/Dec/2024:12:32:29 +0100] "GET /gui/javascript/form_form.js?1733484749 HTTP/1.1" 200 16206 "http://hausegger.activities.at/entry.php?id=10271&&ser=484689" "Mozilla/5.0 (Windows NT 10.0; Win64; x64; rv:133.0) Gecko/20100101 Firefox/133.0"
179.43.133.122 - - [06/Dec/2024:12:33:24 +0100] "GET / HTTP/1.1" 200 274 "-" "Mozilla/5.0 (Windows NT 10.0; Win64; x64) AppleWebKit/537.36 (KHTML, like Gecko) Chrome/90.0.4430.85 Safari/537.36 Edg/90.0.818.46"
178.165.191.42 - - [06/Dec/2024:12:33:27 +0100] "GET /entry.php?id=10271&&ser=484746 HTTP/1.1" 200 987 "http://hausegger.activities.at/entry.php?id=10271&&ser=484685" "Mozilla/5.0 (Windows NT 10.0; Win64; x64) AppleWebKit/537.36 (KHTML, like Gecko) Chrome/131.0.0.0 Safari/537.36"
178.165.191.42 - - [06/Dec/2024:12:33:27 +0100] "GET /gui/javascript/form_form.js?1733484807 HTTP/1.1" 200 16206 "http://hausegger.activities.at/entry.php?id=10271&&ser=484746" "Mozilla/5.0 (Windows NT 10.0; Win64; x64) AppleWebKit/537.36 (KHTML, like Gecko) Chrome/131.0.0.0 Safari/537.36"
178.165.191.42 - - [06/Dec/2024:12:33:29 +0100] "GET /entry.php?id=10271&&ser=484749 HTTP/1.1" 200 987 "http://hausegger.activities.at/entry.php?id=10271&&ser=484689" "Mozilla/5.0 (Windows NT 10.0; Win64; x64; rv:133.0) Gecko/20100101 Firefox/133.0"
178.165.191.42 - - [06/Dec/2024:12:33:29 +0100] "GET /gui/javascript/form_form.js?1733484809 HTTP/1.1" 200 16206 "http://hausegger.activities.at/entry.php?id=10271&&ser=484749" "Mozilla/5.0 (Windows NT 10.0; Win64; x64; rv:133.0) Gecko/20100101 Firefox/133.0"
178.165.191.42 - - [06/Dec/2024:12:34:28 +0100] "GET /entry.php?id=10271&&ser=484807 HTTP/1.1" 200 987 "http://hausegger.activities.at/entry.php?id=10271&&ser=484746" "Mozilla/5.0 (Windows NT 10.0; Win64; x64) AppleWebKit/537.36 (KHTML, like Gecko) Chrome/131.0.0.0 Safari/537.36"
178.165.191.42 - - [06/Dec/2024:12:34:28 +0100] "GET /gui/javascript/form_form.js?1733484868 HTTP/1.1" 200 16206 "http://hausegger.activities.at/entry.php?id=10271&&ser=484807" "Mozilla/5.0 (Windows NT 10.0; Win64; x64) AppleWebKit/537.36 (KHTML, like Gecko) Chrome/131.0.0.0 Safari/537.36"
178.165.191.42 - - [06/Dec/2024:12:34:30 +0100] "GET /entry.php?id=10271&&ser=484809 HTTP/1.1" 200 987 "http://hausegger.activities.at/entry.php?id=10271&&ser=484749" "Mozilla/5.0 (Windows NT 10.0; Win64; x64; rv:133.0) Gecko/20100101 Firefox/133.0"
178.165.191.42 - - [06/Dec/2024:12:34:30 +0100] "GET /gui/javascript/form_form.js?1733484870 HTTP/1.1" 200 16206 "http://hausegger.activities.at/entry.php?id=10271&&ser=484809" "Mozilla/5.0 (Windows NT 10.0; Win64; x64; rv:133.0) Gecko/20100101 Firefox/133.0"
178.165.191.42 - - [06/Dec/2024:12:35:29 +0100] "GET /entry.php?id=10271&&ser=484868 HTTP/1.1" 200 987 "http://hausegger.activities.at/entry.php?id=10271&&ser=484807" "Mozilla/5.0 (Windows NT 10.0; Win64; x64) AppleWebKit/537.36 (KHTML, like Gecko) Chrome/131.0.0.0 Safari/537.36"
178.165.191.42 - - [06/Dec/2024:12:35:29 +0100] "GET /gui/javascript/form_form.js?1733484929 HTTP/1.1" 200 16206 "http://hausegger.activities.at/entry.php?id=10271&&ser=484868" "Mozilla/5.0 (Windows NT 10.0; Win64; x64) AppleWebKit/537.36 (KHTML, like Gecko) Chrome/131.0.0.0 Safari/537.36"
178.165.191.42 - - [06/Dec/2024:12:35:30 +0100] "GET /entry.php?id=10271&&ser=484870 HTTP/1.1" 200 988 "http://hausegger.activities.at/entry.php?id=10271&&ser=484809" "Mozilla/5.0 (Windows NT 10.0; Win64; x64; rv:133.0) Gecko/20100101 Firefox/133.0"
178.165.191.42 - - [06/Dec/2024:12:35:30 +0100] "GET /gui/javascript/form_form.js?1733484930 HTTP/1.1" 200 16206 "http://hausegger.activities.at/entry.php?id=10271&&ser=484870" "Mozilla/5.0 (Windows NT 10.0; Win64; x64; rv:133.0) Gecko/20100101 Firefox/133.0"
178.165.191.42 - - [06/Dec/2024:12:36:30 +0100] "GET /entry.php?id=10271&&ser=484929 HTTP/1.1" 200 987 "http://hausegger.activities.at/entry.php?id=10271&&ser=484868" "Mozilla/5.0 (Windows NT 10.0; Win64; x64) AppleWebKit/537.36 (KHTML, like Gecko) Chrome/131.0.0.0 Safari/537.36"
178.165.191.42 - - [06/Dec/2024:12:36:30 +0100] "GET /gui/javascript/form_form.js?1733484990 HTTP/1.1" 200 16206 "http://hausegger.activities.at/entry.php?id=10271&&ser=484929" "Mozilla/5.0 (Windows NT 10.0; Win64; x64) AppleWebKit/537.36 (KHTML, like Gecko) Chrome/131.0.0.0 Safari/537.36"
178.165.191.42 - - [06/Dec/2024:12:36:30 +0100] "GET /entry.php?id=10271&&ser=484930 HTTP/1.1" 200 987 "http://hausegger.activities.at/entry.php?id=10271&&ser=484870" "Mozilla/5.0 (Windows NT 10.0; Win64; x64; rv:133.0) Gecko/20100101 Firefox/133.0"
178.165.191.42 - - [06/Dec/2024:12:36:30 +0100] "GET /gui/javascript/form_form.js?1733484990 HTTP/1.1" 200 16206 "http://hausegger.activities.at/entry.php?id=10271&&ser=484930" "Mozilla/5.0 (Windows NT 10.0; Win64; x64; rv:133.0) Gecko/20100101 Firefox/133.0"
178.165.191.42 - - [06/Dec/2024:12:37:31 +0100] "GET /entry.php?id=10271&&ser=484990 HTTP/1.1" 200 987 "http://hausegger.activities.at/entry.php?id=10271&&ser=484930" "Mozilla/5.0 (Windows NT 10.0; Win64; x64; rv:133.0) Gecko/20100101 Firefox/133.0"
178.165.191.42 - - [06/Dec/2024:12:37:31 +0100] "GET /gui/javascript/form_form.js?1733485051 HTTP/1.1" 200 16206 "http://hausegger.activities.at/entry.php?id=10271&&ser=484990" "Mozilla/5.0 (Windows NT 10.0; Win64; x64; rv:133.0) Gecko/20100101 Firefox/133.0"
178.165.191.42 - - [06/Dec/2024:12:37:31 +0100] "GET /entry.php?id=10271&&ser=484990 HTTP/1.1" 200 987 "http://hausegger.activities.at/entry.php?id=10271&&ser=484929" "Mozilla/5.0 (Windows NT 10.0; Win64; x64) AppleWebKit/537.36 (KHTML, like Gecko) Chrome/131.0.0.0 Safari/537.36"
178.165.191.42 - - [06/Dec/2024:12:37:31 +0100] "GET /gui/javascript/form_form.js?1733485051 HTTP/1.1" 200 16206 "http://hausegger.activities.at/entry.php?id=10271&&ser=484990" "Mozilla/5.0 (Windows NT 10.0; Win64; x64) AppleWebKit/537.36 (KHTML, like Gecko) Chrome/131.0.0.0 Safari/537.36"
178.165.191.42 - - [06/Dec/2024:12:38:31 +0100] "GET /entry.php?id=10271&&ser=485051 HTTP/1.1" 200 986 "http://hausegger.activities.at/entry.php?id=10271&&ser=484990" "Mozilla/5.0 (Windows NT 10.0; Win64; x64; rv:133.0) Gecko/20100101 Firefox/133.0"
178.165.191.42 - - [06/Dec/2024:12:38:31 +0100] "GET /gui/javascript/form_form.js?1733485111 HTTP/1.1" 200 16206 "http://hausegger.activities.at/entry.php?id=10271&&ser=485051" "Mozilla/5.0 (Windows NT 10.0; Win64; x64; rv:133.0) Gecko/20100101 Firefox/133.0"
178.165.191.42 - - [06/Dec/2024:12:38:32 +0100] "GET /entry.php?id=10271&&ser=485051 HTTP/1.1" 200 987 "http://hausegger.activities.at/entry.php?id=10271&&ser=484990" "Mozilla/5.0 (Windows NT 10.0; Win64; x64) AppleWebKit/537.36 (KHTML, like Gecko) Chrome/131.0.0.0 Safari/537.36"
178.165.191.42 - - [06/Dec/2024:12:38:32 +0100] "GET /gui/javascript/form_form.js?1733485112 HTTP/1.1" 200 16206 "http://hausegger.activities.at/entry.php?id=10271&&ser=485051" "Mozilla/5.0 (Windows NT 10.0; Win64; x64) AppleWebKit/537.36 (KHTML, like Gecko) Chrome/131.0.0.0 Safari/537.36"
148.153.158.114 - - [06/Dec/2024:12:39:25 +0100] "POST /cgi-bin/.%2e/.%2e/.%2e/.%2e/.%2e/.%2e/.%2e/.%2e/.%2e/.%2e/bin/sh HTTP/1.1" 400 373 "-" "Custom-AsyncHttpClient"
148.153.158.114 - - [06/Dec/2024:12:39:26 +0100] "POST /cgi-bin/%%32%65%%32%65/%%32%65%%32%65/%%32%65%%32%65/%%32%65%%32%65/%%32%65%%32%65/%%32%65%%32%65/%%32%65%%32%65/bin/sh HTTP/1.1" 400 373 "-" "Custom-AsyncHttpClient"
178.165.191.42 - - [06/Dec/2024:12:39:31 +0100] "GET /entry.php?id=10271&&ser=485111 HTTP/1.1" 200 987 "http://hausegger.activities.at/entry.php?id=10271&&ser=485051" "Mozilla/5.0 (Windows NT 10.0; Win64; x64; rv:133.0) Gecko/20100101 Firefox/133.0"
178.165.191.42 - - [06/Dec/2024:12:39:31 +0100] "GET /gui/javascript/form_form.js?1733485171 HTTP/1.1" 200 16206 "http://hausegger.activities.at/entry.php?id=10271&&ser=485111" "Mozilla/5.0 (Windows NT 10.0; Win64; x64; rv:133.0) Gecko/20100101 Firefox/133.0"
178.165.191.42 - - [06/Dec/2024:12:39:33 +0100] "GET /entry.php?id=10271&&ser=485112 HTTP/1.1" 200 986 "http://hausegger.activities.at/entry.php?id=10271&&ser=485051" "Mozilla/5.0 (Windows NT 10.0; Win64; x64) AppleWebKit/537.36 (KHTML, like Gecko) Chrome/131.0.0.0 Safari/537.36"
178.165.191.42 - - [06/Dec/2024:12:39:33 +0100] "GET /gui/javascript/form_form.js?1733485173 HTTP/1.1" 200 16206 "http://hausegger.activities.at/entry.php?id=10271&&ser=485112" "Mozilla/5.0 (Windows NT 10.0; Win64; x64) AppleWebKit/537.36 (KHTML, like Gecko) Chrome/131.0.0.0 Safari/537.36"
148.153.158.114 - - [06/Dec/2024:12:39:59 +0100] "POST /hello.world?%ADd+allow_url_include%3d1+%ADd+auto_prepend_file%3dphp://input HTTP/1.1" 404 356 "-" "Custom-AsyncHttpClient"
148.153.158.114 - - [06/Dec/2024:12:40:00 +0100] "GET /vendor/phpunit/phpunit/src/Util/PHP/eval-stdin.php HTTP/1.1" 404 395 "-" "Custom-AsyncHttpClient"
178.165.191.42 - - [06/Dec/2024:12:40:31 +0100] "GET /entry.php?id=10271&&ser=485171 HTTP/1.1" 200 987 "http://hausegger.activities.at/entry.php?id=10271&&ser=485111" "Mozilla/5.0 (Windows NT 10.0; Win64; x64; rv:133.0) Gecko/20100101 Firefox/133.0"
178.165.191.42 - - [06/Dec/2024:12:40:32 +0100] "GET /gui/javascript/form_form.js?1733485232 HTTP/1.1" 200 16206 "http://hausegger.activities.at/entry.php?id=10271&&ser=485171" "Mozilla/5.0 (Windows NT 10.0; Win64; x64; rv:133.0) Gecko/20100101 Firefox/133.0"
178.165.191.42 - - [06/Dec/2024:12:40:34 +0100] "GET /entry.php?id=10271&&ser=485173 HTTP/1.1" 200 987 "http://hausegger.activities.at/entry.php?id=10271&&ser=485112" "Mozilla/5.0 (Windows NT 10.0; Win64; x64) AppleWebKit/537.36 (KHTML, like Gecko) Chrome/131.0.0.0 Safari/537.36"
178.165.191.42 - - [06/Dec/2024:12:40:34 +0100] "GET /gui/javascript/form_form.js?1733485234 HTTP/1.1" 200 16206 "http://hausegger.activities.at/entry.php?id=10271&&ser=485173" "Mozilla/5.0 (Windows NT 10.0; Win64; x64) AppleWebKit/537.36 (KHTML, like Gecko) Chrome/131.0.0.0 Safari/537.36"
178.165.191.42 - - [06/Dec/2024:12:41:32 +0100] "GET /entry.php?id=10271&&ser=485232 HTTP/1.1" 200 987 "http://hausegger.activities.at/entry.php?id=10271&&ser=485171" "Mozilla/5.0 (Windows NT 10.0; Win64; x64; rv:133.0) Gecko/20100101 Firefox/133.0"
178.165.191.42 - - [06/Dec/2024:12:41:32 +0100] "GET /gui/javascript/form_form.js?1733485292 HTTP/1.1" 200 16206 "http://hausegger.activities.at/entry.php?id=10271&&ser=485232" "Mozilla/5.0 (Windows NT 10.0; Win64; x64; rv:133.0) Gecko/20100101 Firefox/133.0"
178.165.191.42 - - [06/Dec/2024:12:41:35 +0100] "GET /entry.php?id=10271&&ser=485234 HTTP/1.1" 200 987 "http://hausegger.activities.at/entry.php?id=10271&&ser=485173" "Mozilla/5.0 (Windows NT 10.0; Win64; x64) AppleWebKit/537.36 (KHTML, like Gecko) Chrome/131.0.0.0 Safari/537.36"
178.165.191.42 - - [06/Dec/2024:12:41:35 +0100] "GET /gui/javascript/form_form.js?1733485295 HTTP/1.1" 200 16206 "http://hausegger.activities.at/entry.php?id=10271&&ser=485234" "Mozilla/5.0 (Windows NT 10.0; Win64; x64) AppleWebKit/537.36 (KHTML, like Gecko) Chrome/131.0.0.0 Safari/537.36"
178.165.191.42 - - [06/Dec/2024:12:42:32 +0100] "GET /entry.php?id=10271&&ser=485292 HTTP/1.1" 200 987 "http://hausegger.activities.at/entry.php?id=10271&&ser=485232" "Mozilla/5.0 (Windows NT 10.0; Win64; x64; rv:133.0) Gecko/20100101 Firefox/133.0"
178.165.191.42 - - [06/Dec/2024:12:42:32 +0100] "GET /gui/javascript/form_form.js?1733485352 HTTP/1.1" 200 16206 "http://hausegger.activities.at/entry.php?id=10271&&ser=485292" "Mozilla/5.0 (Windows NT 10.0; Win64; x64; rv:133.0) Gecko/20100101 Firefox/133.0"
178.165.191.42 - - [06/Dec/2024:12:42:36 +0100] "GET /entry.php?id=10271&&ser=485295 HTTP/1.1" 200 988 "http://hausegger.activities.at/entry.php?id=10271&&ser=485234" "Mozilla/5.0 (Windows NT 10.0; Win64; x64) AppleWebKit/537.36 (KHTML, like Gecko) Chrome/131.0.0.0 Safari/537.36"
178.165.191.42 - - [06/Dec/2024:12:42:36 +0100] "GET /gui/javascript/form_form.js?1733485356 HTTP/1.1" 200 16206 "http://hausegger.activities.at/entry.php?id=10271&&ser=485295" "Mozilla/5.0 (Windows NT 10.0; Win64; x64) AppleWebKit/537.36 (KHTML, like Gecko) Chrome/131.0.0.0 Safari/537.36"
178.165.191.42 - - [06/Dec/2024:12:43:32 +0100] "GET /entry.php?id=10271&&ser=485352 HTTP/1.1" 200 987 "http://hausegger.activities.at/entry.php?id=10271&&ser=485292" "Mozilla/5.0 (Windows NT 10.0; Win64; x64; rv:133.0) Gecko/20100101 Firefox/133.0"
178.165.191.42 - - [06/Dec/2024:12:43:33 +0100] "GET /gui/javascript/form_form.js?1733485412 HTTP/1.1" 200 16206 "http://hausegger.activities.at/entry.php?id=10271&&ser=485352" "Mozilla/5.0 (Windows NT 10.0; Win64; x64; rv:133.0) Gecko/20100101 Firefox/133.0"
178.165.191.42 - - [06/Dec/2024:12:43:37 +0100] "GET /entry.php?id=10271&&ser=485356 HTTP/1.1" 200 987 "http://hausegger.activities.at/entry.php?id=10271&&ser=485295" "Mozilla/5.0 (Windows NT 10.0; Win64; x64) AppleWebKit/537.36 (KHTML, like Gecko) Chrome/131.0.0.0 Safari/537.36"
178.165.191.42 - - [06/Dec/2024:12:43:37 +0100] "GET /gui/javascript/form_form.js?1733485417 HTTP/1.1" 200 16206 "http://hausegger.activities.at/entry.php?id=10271&&ser=485356" "Mozilla/5.0 (Windows NT 10.0; Win64; x64) AppleWebKit/537.36 (KHTML, like Gecko) Chrome/131.0.0.0 Safari/537.36"
178.165.191.42 - - [06/Dec/2024:12:44:33 +0100] "GET /entry.php?id=10271&&ser=485412 HTTP/1.1" 200 986 "http://hausegger.activities.at/entry.php?id=10271&&ser=485352" "Mozilla/5.0 (Windows NT 10.0; Win64; x64; rv:133.0) Gecko/20100101 Firefox/133.0"
178.165.191.42 - - [06/Dec/2024:12:44:33 +0100] "GET /gui/javascript/form_form.js?1733485473 HTTP/1.1" 200 16206 "http://hausegger.activities.at/entry.php?id=10271&&ser=485412" "Mozilla/5.0 (Windows NT 10.0; Win64; x64; rv:133.0) Gecko/20100101 Firefox/133.0"
178.165.191.42 - - [06/Dec/2024:12:44:38 +0100] "GET /entry.php?id=10271&&ser=485417 HTTP/1.1" 200 987 "http://hausegger.activities.at/entry.php?id=10271&&ser=485356" "Mozilla/5.0 (Windows NT 10.0; Win64; x64) AppleWebKit/537.36 (KHTML, like Gecko) Chrome/131.0.0.0 Safari/537.36"
178.165.191.42 - - [06/Dec/2024:12:44:38 +0100] "GET /gui/javascript/form_form.js?1733485478 HTTP/1.1" 200 16206 "http://hausegger.activities.at/entry.php?id=10271&&ser=485417" "Mozilla/5.0 (Windows NT 10.0; Win64; x64) AppleWebKit/537.36 (KHTML, like Gecko) Chrome/131.0.0.0 Safari/537.36"
178.165.191.42 - - [06/Dec/2024:12:45:33 +0100] "GET /entry.php?id=10271&&ser=485473 HTTP/1.1" 200 988 "http://hausegger.activities.at/entry.php?id=10271&&ser=485412" "Mozilla/5.0 (Windows NT 10.0; Win64; x64; rv:133.0) Gecko/20100101 Firefox/133.0"
178.165.191.42 - - [06/Dec/2024:12:45:33 +0100] "GET /gui/javascript/form_form.js?1733485533 HTTP/1.1" 200 16206 "http://hausegger.activities.at/entry.php?id=10271&&ser=485473" "Mozilla/5.0 (Windows NT 10.0; Win64; x64; rv:133.0) Gecko/20100101 Firefox/133.0"
178.165.191.42 - - [06/Dec/2024:12:45:39 +0100] "GET /entry.php?id=10271&&ser=485478 HTTP/1.1" 200 988 "http://hausegger.activities.at/entry.php?id=10271&&ser=485417" "Mozilla/5.0 (Windows NT 10.0; Win64; x64) AppleWebKit/537.36 (KHTML, like Gecko) Chrome/131.0.0.0 Safari/537.36"
178.165.191.42 - - [06/Dec/2024:12:45:39 +0100] "GET /gui/javascript/form_form.js?1733485539 HTTP/1.1" 200 16206 "http://hausegger.activities.at/entry.php?id=10271&&ser=485478" "Mozilla/5.0 (Windows NT 10.0; Win64; x64) AppleWebKit/537.36 (KHTML, like Gecko) Chrome/131.0.0.0 Safari/537.36"
178.165.191.42 - - [06/Dec/2024:12:46:33 +0100] "GET /entry.php?id=10271&&ser=485533 HTTP/1.1" 200 988 "http://hausegger.activities.at/entry.php?id=10271&&ser=485473" "Mozilla/5.0 (Windows NT 10.0; Win64; x64; rv:133.0) Gecko/20100101 Firefox/133.0"
178.165.191.42 - - [06/Dec/2024:12:46:33 +0100] "GET /gui/javascript/form_form.js?1733485593 HTTP/1.1" 200 16206 "http://hausegger.activities.at/entry.php?id=10271&&ser=485533" "Mozilla/5.0 (Windows NT 10.0; Win64; x64; rv:133.0) Gecko/20100101 Firefox/133.0"
178.165.191.42 - - [06/Dec/2024:12:46:40 +0100] "GET /entry.php?id=10271&&ser=485539 HTTP/1.1" 200 987 "http://hausegger.activities.at/entry.php?id=10271&&ser=485478" "Mozilla/5.0 (Windows NT 10.0; Win64; x64) AppleWebKit/537.36 (KHTML, like Gecko) Chrome/131.0.0.0 Safari/537.36"
178.165.191.42 - - [06/Dec/2024:12:46:40 +0100] "GET /gui/javascript/form_form.js?1733485600 HTTP/1.1" 200 16206 "http://hausegger.activities.at/entry.php?id=10271&&ser=485539" "Mozilla/5.0 (Windows NT 10.0; Win64; x64) AppleWebKit/537.36 (KHTML, like Gecko) Chrome/131.0.0.0 Safari/537.36"
178.165.191.42 - - [06/Dec/2024:12:47:34 +0100] "GET /entry.php?id=10271&&ser=485593 HTTP/1.1" 200 987 "http://hausegger.activities.at/entry.php?id=10271&&ser=485533" "Mozilla/5.0 (Windows NT 10.0; Win64; x64; rv:133.0) Gecko/20100101 Firefox/133.0"
178.165.191.42 - - [06/Dec/2024:12:47:34 +0100] "GET /gui/javascript/form_form.js?1733485654 HTTP/1.1" 200 16206 "http://hausegger.activities.at/entry.php?id=10271&&ser=485593" "Mozilla/5.0 (Windows NT 10.0; Win64; x64; rv:133.0) Gecko/20100101 Firefox/133.0"
178.165.191.42 - - [06/Dec/2024:12:47:41 +0100] "GET /entry.php?id=10271&&ser=485600 HTTP/1.1" 200 987 "http://hausegger.activities.at/entry.php?id=10271&&ser=485539" "Mozilla/5.0 (Windows NT 10.0; Win64; x64) AppleWebKit/537.36 (KHTML, like Gecko) Chrome/131.0.0.0 Safari/537.36"
178.165.191.42 - - [06/Dec/2024:12:47:41 +0100] "GET /gui/javascript/form_form.js?1733485661 HTTP/1.1" 200 16206 "http://hausegger.activities.at/entry.php?id=10271&&ser=485600" "Mozilla/5.0 (Windows NT 10.0; Win64; x64) AppleWebKit/537.36 (KHTML, like Gecko) Chrome/131.0.0.0 Safari/537.36"
178.165.191.42 - - [06/Dec/2024:12:48:34 +0100] "GET /entry.php?id=10271&&ser=485654 HTTP/1.1" 200 987 "http://hausegger.activities.at/entry.php?id=10271&&ser=485593" "Mozilla/5.0 (Windows NT 10.0; Win64; x64; rv:133.0) Gecko/20100101 Firefox/133.0"
178.165.191.42 - - [06/Dec/2024:12:48:34 +0100] "GET /gui/javascript/form_form.js?1733485714 HTTP/1.1" 200 16206 "http://hausegger.activities.at/entry.php?id=10271&&ser=485654" "Mozilla/5.0 (Windows NT 10.0; Win64; x64; rv:133.0) Gecko/20100101 Firefox/133.0"
178.165.191.42 - - [06/Dec/2024:12:48:42 +0100] "GET /entry.php?id=10271&&ser=485661 HTTP/1.1" 200 987 "http://hausegger.activities.at/entry.php?id=10271&&ser=485600" "Mozilla/5.0 (Windows NT 10.0; Win64; x64) AppleWebKit/537.36 (KHTML, like Gecko) Chrome/131.0.0.0 Safari/537.36"
178.165.191.42 - - [06/Dec/2024:12:48:42 +0100] "GET /gui/javascript/form_form.js?1733485722 HTTP/1.1" 200 16206 "http://hausegger.activities.at/entry.php?id=10271&&ser=485661" "Mozilla/5.0 (Windows NT 10.0; Win64; x64) AppleWebKit/537.36 (KHTML, like Gecko) Chrome/131.0.0.0 Safari/537.36"
178.165.191.42 - - [06/Dec/2024:12:49:34 +0100] "GET /entry.php?id=10271&&ser=485714 HTTP/1.1" 200 987 "http://hausegger.activities.at/entry.php?id=10271&&ser=485654" "Mozilla/5.0 (Windows NT 10.0; Win64; x64; rv:133.0) Gecko/20100101 Firefox/133.0"
178.165.191.42 - - [06/Dec/2024:12:49:34 +0100] "GET /gui/javascript/form_form.js?1733485774 HTTP/1.1" 200 16206 "http://hausegger.activities.at/entry.php?id=10271&&ser=485714" "Mozilla/5.0 (Windows NT 10.0; Win64; x64; rv:133.0) Gecko/20100101 Firefox/133.0"
178.165.191.42 - - [06/Dec/2024:12:49:43 +0100] "GET /entry.php?id=10271&&ser=485722 HTTP/1.1" 200 988 "http://hausegger.activities.at/entry.php?id=10271&&ser=485661" "Mozilla/5.0 (Windows NT 10.0; Win64; x64) AppleWebKit/537.36 (KHTML, like Gecko) Chrome/131.0.0.0 Safari/537.36"
178.165.191.42 - - [06/Dec/2024:12:49:43 +0100] "GET /gui/javascript/form_form.js?1733485783 HTTP/1.1" 200 16206 "http://hausegger.activities.at/entry.php?id=10271&&ser=485722" "Mozilla/5.0 (Windows NT 10.0; Win64; x64) AppleWebKit/537.36 (KHTML, like Gecko) Chrome/131.0.0.0 Safari/537.36"
156.59.198.136 - - [06/Dec/2024:12:49:46 +0100] "GET /renault.activities.at/htdocs/binaries/10004867.pdf HTTP/1.0" 404 311 "-" "Mozilla/5.0 (Linux; Android 5.0) AppleWebKit/537.36 (KHTML, like Gecko) Mobile Safari/537.36 (compatible; Bytespider; spider-feedback@bytedance.com)"
178.165.191.42 - - [06/Dec/2024:12:50:34 +0100] "GET /entry.php?id=10271&&ser=485774 HTTP/1.1" 200 988 "http://hausegger.activities.at/entry.php?id=10271&&ser=485714" "Mozilla/5.0 (Windows NT 10.0; Win64; x64; rv:133.0) Gecko/20100101 Firefox/133.0"
178.165.191.42 - - [06/Dec/2024:12:50:35 +0100] "GET /gui/javascript/form_form.js?1733485835 HTTP/1.1" 200 16206 "http://hausegger.activities.at/entry.php?id=10271&&ser=485774" "Mozilla/5.0 (Windows NT 10.0; Win64; x64; rv:133.0) Gecko/20100101 Firefox/133.0"
178.165.191.42 - - [06/Dec/2024:12:50:44 +0100] "GET /entry.php?id=10271&&ser=485783 HTTP/1.1" 200 988 "http://hausegger.activities.at/entry.php?id=10271&&ser=485722" "Mozilla/5.0 (Windows NT 10.0; Win64; x64) AppleWebKit/537.36 (KHTML, like Gecko) Chrome/131.0.0.0 Safari/537.36"
178.165.191.42 - - [06/Dec/2024:12:50:44 +0100] "GET /gui/javascript/form_form.js?1733485844 HTTP/1.1" 200 16206 "http://hausegger.activities.at/entry.php?id=10271&&ser=485783" "Mozilla/5.0 (Windows NT 10.0; Win64; x64) AppleWebKit/537.36 (KHTML, like Gecko) Chrome/131.0.0.0 Safari/537.36"
178.165.191.42 - - [06/Dec/2024:12:51:35 +0100] "GET /entry.php?id=10271&&ser=485835 HTTP/1.1" 200 987 "http://hausegger.activities.at/entry.php?id=10271&&ser=485774" "Mozilla/5.0 (Windows NT 10.0; Win64; x64; rv:133.0) Gecko/20100101 Firefox/133.0"
178.165.191.42 - - [06/Dec/2024:12:51:35 +0100] "GET /gui/javascript/form_form.js?1733485895 HTTP/1.1" 200 16206 "http://hausegger.activities.at/entry.php?id=10271&&ser=485835" "Mozilla/5.0 (Windows NT 10.0; Win64; x64; rv:133.0) Gecko/20100101 Firefox/133.0"
178.165.191.42 - - [06/Dec/2024:12:51:45 +0100] "GET /entry.php?id=10271&&ser=485844 HTTP/1.1" 200 987 "http://hausegger.activities.at/entry.php?id=10271&&ser=485783" "Mozilla/5.0 (Windows NT 10.0; Win64; x64) AppleWebKit/537.36 (KHTML, like Gecko) Chrome/131.0.0.0 Safari/537.36"
178.165.191.42 - - [06/Dec/2024:12:51:45 +0100] "GET /gui/javascript/form_form.js?1733485905 HTTP/1.1" 200 16206 "http://hausegger.activities.at/entry.php?id=10271&&ser=485844" "Mozilla/5.0 (Windows NT 10.0; Win64; x64) AppleWebKit/537.36 (KHTML, like Gecko) Chrome/131.0.0.0 Safari/537.36"
178.165.191.42 - - [06/Dec/2024:12:52:35 +0100] "GET /entry.php?id=10271&&ser=485895 HTTP/1.1" 200 987 "http://hausegger.activities.at/entry.php?id=10271&&ser=485835" "Mozilla/5.0 (Windows NT 10.0; Win64; x64; rv:133.0) Gecko/20100101 Firefox/133.0"
178.165.191.42 - - [06/Dec/2024:12:52:35 +0100] "GET /gui/javascript/form_form.js?1733485955 HTTP/1.1" 200 16206 "http://hausegger.activities.at/entry.php?id=10271&&ser=485895" "Mozilla/5.0 (Windows NT 10.0; Win64; x64; rv:133.0) Gecko/20100101 Firefox/133.0"
178.165.191.42 - - [06/Dec/2024:12:52:46 +0100] "GET /entry.php?id=10271&&ser=485905 HTTP/1.1" 200 987 "http://hausegger.activities.at/entry.php?id=10271&&ser=485844" "Mozilla/5.0 (Windows NT 10.0; Win64; x64) AppleWebKit/537.36 (KHTML, like Gecko) Chrome/131.0.0.0 Safari/537.36"
178.165.191.42 - - [06/Dec/2024:12:52:46 +0100] "GET /gui/javascript/form_form.js?1733485966 HTTP/1.1" 200 16206 "http://hausegger.activities.at/entry.php?id=10271&&ser=485905" "Mozilla/5.0 (Windows NT 10.0; Win64; x64) AppleWebKit/537.36 (KHTML, like Gecko) Chrome/131.0.0.0 Safari/537.36"
178.165.191.42 - - [06/Dec/2024:12:53:35 +0100] "GET /entry.php?id=10271&&ser=485955 HTTP/1.1" 200 987 "http://hausegger.activities.at/entry.php?id=10271&&ser=485895" "Mozilla/5.0 (Windows NT 10.0; Win64; x64; rv:133.0) Gecko/20100101 Firefox/133.0"
178.165.191.42 - - [06/Dec/2024:12:53:36 +0100] "GET /gui/javascript/form_form.js?1733486015 HTTP/1.1" 200 16206 "http://hausegger.activities.at/entry.php?id=10271&&ser=485955" "Mozilla/5.0 (Windows NT 10.0; Win64; x64; rv:133.0) Gecko/20100101 Firefox/133.0"
156.59.198.136 - - [06/Dec/2024:12:53:46 +0100] "GET /renault.activities.at/htdocs/export/xml/data/orders/202105110903_RenOrder.xml HTTP/1.0" 404 328 "-" "Mozilla/5.0 (Linux; Android 5.0) AppleWebKit/537.36 (KHTML, like Gecko) Mobile Safari/537.36 (compatible; Bytespider; spider-feedback@bytedance.com)"
178.165.191.42 - - [06/Dec/2024:12:53:47 +0100] "GET /entry.php?id=10271&&ser=485966 HTTP/1.1" 200 986 "http://hausegger.activities.at/entry.php?id=10271&&ser=485905" "Mozilla/5.0 (Windows NT 10.0; Win64; x64) AppleWebKit/537.36 (KHTML, like Gecko) Chrome/131.0.0.0 Safari/537.36"
178.165.191.42 - - [06/Dec/2024:12:53:47 +0100] "GET /gui/javascript/form_form.js?1733486027 HTTP/1.1" 200 16206 "http://hausegger.activities.at/entry.php?id=10271&&ser=485966" "Mozilla/5.0 (Windows NT 10.0; Win64; x64) AppleWebKit/537.36 (KHTML, like Gecko) Chrome/131.0.0.0 Safari/537.36"
139.99.9.160 - - [06/Dec/2024:12:54:16 +0100] "GET / HTTP/1.1" 200 423 "-" "Mozilla/5.0 (X11; Ubuntu; Linux x86_64; rv:130.0) Gecko/20100101 Firefox/130.0"
178.165.191.42 - - [06/Dec/2024:12:54:36 +0100] "GET /entry.php?id=10271&&ser=486015 HTTP/1.1" 200 987 "http://hausegger.activities.at/entry.php?id=10271&&ser=485955" "Mozilla/5.0 (Windows NT 10.0; Win64; x64; rv:133.0) Gecko/20100101 Firefox/133.0"
178.165.191.42 - - [06/Dec/2024:12:54:36 +0100] "GET /gui/javascript/form_form.js?1733486076 HTTP/1.1" 200 16206 "http://hausegger.activities.at/entry.php?id=10271&&ser=486015" "Mozilla/5.0 (Windows NT 10.0; Win64; x64; rv:133.0) Gecko/20100101 Firefox/133.0"
178.165.191.42 - - [06/Dec/2024:12:54:48 +0100] "GET /entry.php?id=10271&&ser=486027 HTTP/1.1" 200 987 "http://hausegger.activities.at/entry.php?id=10271&&ser=485966" "Mozilla/5.0 (Windows NT 10.0; Win64; x64) AppleWebKit/537.36 (KHTML, like Gecko) Chrome/131.0.0.0 Safari/537.36"
178.165.191.42 - - [06/Dec/2024:12:54:48 +0100] "GET /gui/javascript/form_form.js?1733486088 HTTP/1.1" 200 16206 "http://hausegger.activities.at/entry.php?id=10271&&ser=486027" "Mozilla/5.0 (Windows NT 10.0; Win64; x64) AppleWebKit/537.36 (KHTML, like Gecko) Chrome/131.0.0.0 Safari/537.36"
178.165.191.42 - - [06/Dec/2024:12:55:36 +0100] "GET /entry.php?id=10271&&ser=486076 HTTP/1.1" 200 988 "http://hausegger.activities.at/entry.php?id=10271&&ser=486015" "Mozilla/5.0 (Windows NT 10.0; Win64; x64; rv:133.0) Gecko/20100101 Firefox/133.0"
178.165.191.42 - - [06/Dec/2024:12:55:36 +0100] "GET /gui/javascript/form_form.js?1733486136 HTTP/1.1" 200 16206 "http://hausegger.activities.at/entry.php?id=10271&&ser=486076" "Mozilla/5.0 (Windows NT 10.0; Win64; x64; rv:133.0) Gecko/20100101 Firefox/133.0"
178.165.191.42 - - [06/Dec/2024:12:55:49 +0100] "GET /entry.php?id=10271&&ser=486088 HTTP/1.1" 200 987 "http://hausegger.activities.at/entry.php?id=10271&&ser=486027" "Mozilla/5.0 (Windows NT 10.0; Win64; x64) AppleWebKit/537.36 (KHTML, like Gecko) Chrome/131.0.0.0 Safari/537.36"
178.165.191.42 - - [06/Dec/2024:12:55:49 +0100] "GET /gui/javascript/form_form.js?1733486149 HTTP/1.1" 200 16206 "http://hausegger.activities.at/entry.php?id=10271&&ser=486088" "Mozilla/5.0 (Windows NT 10.0; Win64; x64) AppleWebKit/537.36 (KHTML, like Gecko) Chrome/131.0.0.0 Safari/537.36"
91.238.181.21 - - [06/Dec/2024:12:56:04 +0100] "\x03" 400 383 "-" "-"
95.214.55.43 - - [06/Dec/2024:12:56:26 +0100] "GET / HTTP/1.1" 200 274 "-" "Mozilla/5.0 (Windows NT 10.0; Win64; x64) AppleWebKit/537.36 (KHTML, like Gecko) Chrome/90.0.4430.85 Safari/537.36 Edg/90.0.818.46"
178.165.191.42 - - [06/Dec/2024:12:56:36 +0100] "GET /entry.php?id=10271&&ser=486136 HTTP/1.1" 200 987 "http://hausegger.activities.at/entry.php?id=10271&&ser=486076" "Mozilla/5.0 (Windows NT 10.0; Win64; x64; rv:133.0) Gecko/20100101 Firefox/133.0"
178.165.191.42 - - [06/Dec/2024:12:56:36 +0100] "GET /gui/javascript/form_form.js?1733486196 HTTP/1.1" 200 16206 "http://hausegger.activities.at/entry.php?id=10271&&ser=486136" "Mozilla/5.0 (Windows NT 10.0; Win64; x64; rv:133.0) Gecko/20100101 Firefox/133.0"
178.165.191.42 - - [06/Dec/2024:12:56:50 +0100] "GET /entry.php?id=10271&&ser=486149 HTTP/1.1" 200 987 "http://hausegger.activities.at/entry.php?id=10271&&ser=486088" "Mozilla/5.0 (Windows NT 10.0; Win64; x64) AppleWebKit/537.36 (KHTML, like Gecko) Chrome/131.0.0.0 Safari/537.36"
178.165.191.42 - - [06/Dec/2024:12:56:50 +0100] "GET /gui/javascript/form_form.js?1733486210 HTTP/1.1" 200 16206 "http://hausegger.activities.at/entry.php?id=10271&&ser=486149" "Mozilla/5.0 (Windows NT 10.0; Win64; x64) AppleWebKit/537.36 (KHTML, like Gecko) Chrome/131.0.0.0 Safari/537.36"
178.165.191.42 - - [06/Dec/2024:12:57:37 +0100] "GET /entry.php?id=10271&&ser=486196 HTTP/1.1" 200 987 "http://hausegger.activities.at/entry.php?id=10271&&ser=486136" "Mozilla/5.0 (Windows NT 10.0; Win64; x64; rv:133.0) Gecko/20100101 Firefox/133.0"
178.165.191.42 - - [06/Dec/2024:12:57:37 +0100] "GET /gui/javascript/form_form.js?1733486257 HTTP/1.1" 200 16206 "http://hausegger.activities.at/entry.php?id=10271&&ser=486196" "Mozilla/5.0 (Windows NT 10.0; Win64; x64; rv:133.0) Gecko/20100101 Firefox/133.0"
156.59.198.136 - - [06/Dec/2024:12:57:47 +0100] "GET /renault.activities.at/htdocs/export/xml/data/orders/202106121103_RenOrder.xml HTTP/1.0" 404 328 "-" "Mozilla/5.0 (Linux; Android 5.0) AppleWebKit/537.36 (KHTML, like Gecko) Mobile Safari/537.36 (compatible; Bytespider; spider-feedback@bytedance.com)"
178.165.191.42 - - [06/Dec/2024:12:57:51 +0100] "GET /entry.php?id=10271&&ser=486210 HTTP/1.1" 200 987 "http://hausegger.activities.at/entry.php?id=10271&&ser=486149" "Mozilla/5.0 (Windows NT 10.0; Win64; x64) AppleWebKit/537.36 (KHTML, like Gecko) Chrome/131.0.0.0 Safari/537.36"
178.165.191.42 - - [06/Dec/2024:12:57:51 +0100] "GET /gui/javascript/form_form.js?1733486271 HTTP/1.1" 200 16206 "http://hausegger.activities.at/entry.php?id=10271&&ser=486210" "Mozilla/5.0 (Windows NT 10.0; Win64; x64) AppleWebKit/537.36 (KHTML, like Gecko) Chrome/131.0.0.0 Safari/537.36"
178.165.191.42 - - [06/Dec/2024:12:58:37 +0100] "GET /entry.php?id=10271&&ser=486257 HTTP/1.1" 200 988 "http://hausegger.activities.at/entry.php?id=10271&&ser=486196" "Mozilla/5.0 (Windows NT 10.0; Win64; x64; rv:133.0) Gecko/20100101 Firefox/133.0"
178.165.191.42 - - [06/Dec/2024:12:58:37 +0100] "GET /gui/javascript/form_form.js?1733486317 HTTP/1.1" 200 16206 "http://hausegger.activities.at/entry.php?id=10271&&ser=486257" "Mozilla/5.0 (Windows NT 10.0; Win64; x64; rv:133.0) Gecko/20100101 Firefox/133.0"
178.165.191.42 - - [06/Dec/2024:12:58:52 +0100] "GET /entry.php?id=10271&&ser=486271 HTTP/1.1" 200 987 "http://hausegger.activities.at/entry.php?id=10271&&ser=486210" "Mozilla/5.0 (Windows NT 10.0; Win64; x64) AppleWebKit/537.36 (KHTML, like Gecko) Chrome/131.0.0.0 Safari/537.36"
178.165.191.42 - - [06/Dec/2024:12:58:52 +0100] "GET /gui/javascript/form_form.js?1733486332 HTTP/1.1" 200 16206 "http://hausegger.activities.at/entry.php?id=10271&&ser=486271" "Mozilla/5.0 (Windows NT 10.0; Win64; x64) AppleWebKit/537.36 (KHTML, like Gecko) Chrome/131.0.0.0 Safari/537.36"
178.165.191.42 - - [06/Dec/2024:12:59:37 +0100] "GET /entry.php?id=10271&&ser=486317 HTTP/1.1" 200 988 "http://hausegger.activities.at/entry.php?id=10271&&ser=486257" "Mozilla/5.0 (Windows NT 10.0; Win64; x64; rv:133.0) Gecko/20100101 Firefox/133.0"
178.165.191.42 - - [06/Dec/2024:12:59:37 +0100] "GET /gui/javascript/form_form.js?1733486377 HTTP/1.1" 200 16206 "http://hausegger.activities.at/entry.php?id=10271&&ser=486317" "Mozilla/5.0 (Windows NT 10.0; Win64; x64; rv:133.0) Gecko/20100101 Firefox/133.0"
178.165.191.42 - - [06/Dec/2024:12:59:53 +0100] "GET /entry.php?id=10271&&ser=486332 HTTP/1.1" 200 988 "http://hausegger.activities.at/entry.php?id=10271&&ser=486271" "Mozilla/5.0 (Windows NT 10.0; Win64; x64) AppleWebKit/537.36 (KHTML, like Gecko) Chrome/131.0.0.0 Safari/537.36"
178.165.191.42 - - [06/Dec/2024:12:59:53 +0100] "GET /gui/javascript/form_form.js?1733486393 HTTP/1.1" 200 16206 "http://hausegger.activities.at/entry.php?id=10271&&ser=486332" "Mozilla/5.0 (Windows NT 10.0; Win64; x64) AppleWebKit/537.36 (KHTML, like Gecko) Chrome/131.0.0.0 Safari/537.36"
178.165.191.42 - - [06/Dec/2024:13:00:37 +0100] "GET /entry.php?id=10271&&ser=486377 HTTP/1.1" 200 988 "http://hausegger.activities.at/entry.php?id=10271&&ser=486317" "Mozilla/5.0 (Windows NT 10.0; Win64; x64; rv:133.0) Gecko/20100101 Firefox/133.0"
178.165.191.42 - - [06/Dec/2024:13:00:38 +0100] "GET /gui/javascript/form_form.js?1733486438 HTTP/1.1" 200 16206 "http://hausegger.activities.at/entry.php?id=10271&&ser=486377" "Mozilla/5.0 (Windows NT 10.0; Win64; x64; rv:133.0) Gecko/20100101 Firefox/133.0"
178.165.191.42 - - [06/Dec/2024:13:00:54 +0100] "GET /entry.php?id=10271&&ser=486393 HTTP/1.1" 200 988 "http://hausegger.activities.at/entry.php?id=10271&&ser=486332" "Mozilla/5.0 (Windows NT 10.0; Win64; x64) AppleWebKit/537.36 (KHTML, like Gecko) Chrome/131.0.0.0 Safari/537.36"
178.165.191.42 - - [06/Dec/2024:13:00:54 +0100] "GET /gui/javascript/form_form.js?1733486454 HTTP/1.1" 200 16206 "http://hausegger.activities.at/entry.php?id=10271&&ser=486393" "Mozilla/5.0 (Windows NT 10.0; Win64; x64) AppleWebKit/537.36 (KHTML, like Gecko) Chrome/131.0.0.0 Safari/537.36"
178.165.191.42 - - [06/Dec/2024:13:01:38 +0100] "GET /entry.php?id=10271&&ser=486438 HTTP/1.1" 200 987 "http://hausegger.activities.at/entry.php?id=10271&&ser=486377" "Mozilla/5.0 (Windows NT 10.0; Win64; x64; rv:133.0) Gecko/20100101 Firefox/133.0"
178.165.191.42 - - [06/Dec/2024:13:01:38 +0100] "GET /gui/javascript/form_form.js?1733486498 HTTP/1.1" 200 16206 "http://hausegger.activities.at/entry.php?id=10271&&ser=486438" "Mozilla/5.0 (Windows NT 10.0; Win64; x64; rv:133.0) Gecko/20100101 Firefox/133.0"
156.59.198.135 - - [06/Dec/2024:13:01:47 +0100] "GET /ed.activities.at/stats/lang/awstats-cn.txt HTTP/1.0" 404 304 "-" "Mozilla/5.0 (Linux; Android 5.0) AppleWebKit/537.36 (KHTML, like Gecko) Mobile Safari/537.36 (compatible; Bytespider; spider-feedback@bytedance.com)"
178.165.191.42 - - [06/Dec/2024:13:01:55 +0100] "GET /entry.php?id=10271&&ser=486454 HTTP/1.1" 200 987 "http://hausegger.activities.at/entry.php?id=10271&&ser=486393" "Mozilla/5.0 (Windows NT 10.0; Win64; x64) AppleWebKit/537.36 (KHTML, like Gecko) Chrome/131.0.0.0 Safari/537.36"
178.165.191.42 - - [06/Dec/2024:13:01:55 +0100] "GET /gui/javascript/form_form.js?1733486515 HTTP/1.1" 200 16206 "http://hausegger.activities.at/entry.php?id=10271&&ser=486454" "Mozilla/5.0 (Windows NT 10.0; Win64; x64) AppleWebKit/537.36 (KHTML, like Gecko) Chrome/131.0.0.0 Safari/537.36"
178.165.191.42 - - [06/Dec/2024:13:02:38 +0100] "GET /entry.php?id=10271&&ser=486498 HTTP/1.1" 200 987 "http://hausegger.activities.at/entry.php?id=10271&&ser=486438" "Mozilla/5.0 (Windows NT 10.0; Win64; x64; rv:133.0) Gecko/20100101 Firefox/133.0"
178.165.191.42 - - [06/Dec/2024:13:02:38 +0100] "GET /gui/javascript/form_form.js?1733486558 HTTP/1.1" 200 16206 "http://hausegger.activities.at/entry.php?id=10271&&ser=486498" "Mozilla/5.0 (Windows NT 10.0; Win64; x64; rv:133.0) Gecko/20100101 Firefox/133.0"
178.165.191.42 - - [06/Dec/2024:13:02:56 +0100] "GET /entry.php?id=10271&&ser=486515 HTTP/1.1" 200 987 "http://hausegger.activities.at/entry.php?id=10271&&ser=486454" "Mozilla/5.0 (Windows NT 10.0; Win64; x64) AppleWebKit/537.36 (KHTML, like Gecko) Chrome/131.0.0.0 Safari/537.36"
178.165.191.42 - - [06/Dec/2024:13:02:56 +0100] "GET /gui/javascript/form_form.js?1733486576 HTTP/1.1" 200 16206 "http://hausegger.activities.at/entry.php?id=10271&&ser=486515" "Mozilla/5.0 (Windows NT 10.0; Win64; x64) AppleWebKit/537.36 (KHTML, like Gecko) Chrome/131.0.0.0 Safari/537.36"
178.165.191.42 - - [06/Dec/2024:13:03:38 +0100] "GET /entry.php?id=10271&&ser=486558 HTTP/1.1" 200 987 "http://hausegger.activities.at/entry.php?id=10271&&ser=486498" "Mozilla/5.0 (Windows NT 10.0; Win64; x64; rv:133.0) Gecko/20100101 Firefox/133.0"
178.165.191.42 - - [06/Dec/2024:13:03:38 +0100] "GET /gui/javascript/form_form.js?1733486618 HTTP/1.1" 200 16206 "http://hausegger.activities.at/entry.php?id=10271&&ser=486558" "Mozilla/5.0 (Windows NT 10.0; Win64; x64; rv:133.0) Gecko/20100101 Firefox/133.0"
178.165.191.42 - - [06/Dec/2024:13:03:57 +0100] "GET /entry.php?id=10271&&ser=486576 HTTP/1.1" 200 988 "http://hausegger.activities.at/entry.php?id=10271&&ser=486515" "Mozilla/5.0 (Windows NT 10.0; Win64; x64) AppleWebKit/537.36 (KHTML, like Gecko) Chrome/131.0.0.0 Safari/537.36"
178.165.191.42 - - [06/Dec/2024:13:03:57 +0100] "GET /gui/javascript/form_form.js?1733486637 HTTP/1.1" 200 16206 "http://hausegger.activities.at/entry.php?id=10271&&ser=486576" "Mozilla/5.0 (Windows NT 10.0; Win64; x64) AppleWebKit/537.36 (KHTML, like Gecko) Chrome/131.0.0.0 Safari/537.36"
178.165.191.42 - - [06/Dec/2024:13:04:39 +0100] "GET /entry.php?id=10271&&ser=486618 HTTP/1.1" 200 987 "http://hausegger.activities.at/entry.php?id=10271&&ser=486558" "Mozilla/5.0 (Windows NT 10.0; Win64; x64; rv:133.0) Gecko/20100101 Firefox/133.0"
178.165.191.42 - - [06/Dec/2024:13:04:39 +0100] "GET /gui/javascript/form_form.js?1733486679 HTTP/1.1" 200 16206 "http://hausegger.activities.at/entry.php?id=10271&&ser=486618" "Mozilla/5.0 (Windows NT 10.0; Win64; x64; rv:133.0) Gecko/20100101 Firefox/133.0"
178.165.191.42 - - [06/Dec/2024:13:04:58 +0100] "GET /entry.php?id=10271&&ser=486637 HTTP/1.1" 200 986 "http://hausegger.activities.at/entry.php?id=10271&&ser=486576" "Mozilla/5.0 (Windows NT 10.0; Win64; x64) AppleWebKit/537.36 (KHTML, like Gecko) Chrome/131.0.0.0 Safari/537.36"
178.165.191.42 - - [06/Dec/2024:13:04:58 +0100] "GET /gui/javascript/form_form.js?1733486698 HTTP/1.1" 200 16206 "http://hausegger.activities.at/entry.php?id=10271&&ser=486637" "Mozilla/5.0 (Windows NT 10.0; Win64; x64) AppleWebKit/537.36 (KHTML, like Gecko) Chrome/131.0.0.0 Safari/537.36"
178.165.191.42 - - [06/Dec/2024:13:05:39 +0100] "GET /entry.php?id=10271&&ser=486679 HTTP/1.1" 200 988 "http://hausegger.activities.at/entry.php?id=10271&&ser=486618" "Mozilla/5.0 (Windows NT 10.0; Win64; x64; rv:133.0) Gecko/20100101 Firefox/133.0"
178.165.191.42 - - [06/Dec/2024:13:05:39 +0100] "GET /gui/javascript/form_form.js?1733486739 HTTP/1.1" 200 16206 "http://hausegger.activities.at/entry.php?id=10271&&ser=486679" "Mozilla/5.0 (Windows NT 10.0; Win64; x64; rv:133.0) Gecko/20100101 Firefox/133.0"
156.59.198.135 - - [06/Dec/2024:13:05:47 +0100] "GET /renault.activities.at/htdocs/binaries/10623060.pdf HTTP/1.0" 404 311 "-" "Mozilla/5.0 (Linux; Android 5.0) AppleWebKit/537.36 (KHTML, like Gecko) Mobile Safari/537.36 (compatible; Bytespider; spider-feedback@bytedance.com)"
178.165.191.42 - - [06/Dec/2024:13:05:59 +0100] "GET /entry.php?id=10271&&ser=486698 HTTP/1.1" 200 987 "http://hausegger.activities.at/entry.php?id=10271&&ser=486637" "Mozilla/5.0 (Windows NT 10.0; Win64; x64) AppleWebKit/537.36 (KHTML, like Gecko) Chrome/131.0.0.0 Safari/537.36"
178.165.191.42 - - [06/Dec/2024:13:05:59 +0100] "GET /gui/javascript/form_form.js?1733486759 HTTP/1.1" 200 16206 "http://hausegger.activities.at/entry.php?id=10271&&ser=486698" "Mozilla/5.0 (Windows NT 10.0; Win64; x64) AppleWebKit/537.36 (KHTML, like Gecko) Chrome/131.0.0.0 Safari/537.36"
178.165.191.42 - - [06/Dec/2024:13:06:39 +0100] "GET /entry.php?id=10271&&ser=486739 HTTP/1.1" 200 987 "http://hausegger.activities.at/entry.php?id=10271&&ser=486679" "Mozilla/5.0 (Windows NT 10.0; Win64; x64; rv:133.0) Gecko/20100101 Firefox/133.0"
178.165.191.42 - - [06/Dec/2024:13:06:39 +0100] "GET /gui/javascript/form_form.js?1733486799 HTTP/1.1" 200 16206 "http://hausegger.activities.at/entry.php?id=10271&&ser=486739" "Mozilla/5.0 (Windows NT 10.0; Win64; x64; rv:133.0) Gecko/20100101 Firefox/133.0"
178.165.191.42 - - [06/Dec/2024:13:07:00 +0100] "GET /entry.php?id=10271&&ser=486759 HTTP/1.1" 200 987 "http://hausegger.activities.at/entry.php?id=10271&&ser=486698" "Mozilla/5.0 (Windows NT 10.0; Win64; x64) AppleWebKit/537.36 (KHTML, like Gecko) Chrome/131.0.0.0 Safari/537.36"
178.165.191.42 - - [06/Dec/2024:13:07:00 +0100] "GET /gui/javascript/form_form.js?1733486820 HTTP/1.1" 200 16206 "http://hausegger.activities.at/entry.php?id=10271&&ser=486759" "Mozilla/5.0 (Windows NT 10.0; Win64; x64) AppleWebKit/537.36 (KHTML, like Gecko) Chrome/131.0.0.0 Safari/537.36"
178.165.191.42 - - [06/Dec/2024:13:07:40 +0100] "GET /entry.php?id=10271&&ser=486799 HTTP/1.1" 200 987 "http://hausegger.activities.at/entry.php?id=10271&&ser=486739" "Mozilla/5.0 (Windows NT 10.0; Win64; x64; rv:133.0) Gecko/20100101 Firefox/133.0"
178.165.191.42 - - [06/Dec/2024:13:07:40 +0100] "GET /gui/javascript/form_form.js?1733486860 HTTP/1.1" 200 16206 "http://hausegger.activities.at/entry.php?id=10271&&ser=486799" "Mozilla/5.0 (Windows NT 10.0; Win64; x64; rv:133.0) Gecko/20100101 Firefox/133.0"
178.165.191.42 - - [06/Dec/2024:13:08:01 +0100] "GET /entry.php?id=10271&&ser=486820 HTTP/1.1" 200 986 "http://hausegger.activities.at/entry.php?id=10271&&ser=486759" "Mozilla/5.0 (Windows NT 10.0; Win64; x64) AppleWebKit/537.36 (KHTML, like Gecko) Chrome/131.0.0.0 Safari/537.36"
178.165.191.42 - - [06/Dec/2024:13:08:01 +0100] "GET /gui/javascript/form_form.js?1733486881 HTTP/1.1" 200 16206 "http://hausegger.activities.at/entry.php?id=10271&&ser=486820" "Mozilla/5.0 (Windows NT 10.0; Win64; x64) AppleWebKit/537.36 (KHTML, like Gecko) Chrome/131.0.0.0 Safari/537.36"
178.165.191.42 - - [06/Dec/2024:13:08:40 +0100] "GET /entry.php?id=10271&&ser=486860 HTTP/1.1" 200 987 "http://hausegger.activities.at/entry.php?id=10271&&ser=486799" "Mozilla/5.0 (Windows NT 10.0; Win64; x64; rv:133.0) Gecko/20100101 Firefox/133.0"
178.165.191.42 - - [06/Dec/2024:13:08:40 +0100] "GET /gui/javascript/form_form.js?1733486920 HTTP/1.1" 200 16206 "http://hausegger.activities.at/entry.php?id=10271&&ser=486860" "Mozilla/5.0 (Windows NT 10.0; Win64; x64; rv:133.0) Gecko/20100101 Firefox/133.0"
141.98.11.155 - - [06/Dec/2024:13:08:47 +0100] "GET / HTTP/1.1" 200 423 "-" "-"
178.165.191.42 - - [06/Dec/2024:13:09:02 +0100] "GET /entry.php?id=10271&&ser=486881 HTTP/1.1" 200 987 "http://hausegger.activities.at/entry.php?id=10271&&ser=486820" "Mozilla/5.0 (Windows NT 10.0; Win64; x64) AppleWebKit/537.36 (KHTML, like Gecko) Chrome/131.0.0.0 Safari/537.36"
178.165.191.42 - - [06/Dec/2024:13:09:02 +0100] "GET /gui/javascript/form_form.js?1733486942 HTTP/1.1" 200 16206 "http://hausegger.activities.at/entry.php?id=10271&&ser=486881" "Mozilla/5.0 (Windows NT 10.0; Win64; x64) AppleWebKit/537.36 (KHTML, like Gecko) Chrome/131.0.0.0 Safari/537.36"
178.165.191.42 - - [06/Dec/2024:13:09:40 +0100] "GET /entry.php?id=10271&&ser=486920 HTTP/1.1" 200 986 "http://hausegger.activities.at/entry.php?id=10271&&ser=486860" "Mozilla/5.0 (Windows NT 10.0; Win64; x64; rv:133.0) Gecko/20100101 Firefox/133.0"
178.165.191.42 - - [06/Dec/2024:13:09:40 +0100] "GET /gui/javascript/form_form.js?1733486980 HTTP/1.1" 200 16206 "http://hausegger.activities.at/entry.php?id=10271&&ser=486920" "Mozilla/5.0 (Windows NT 10.0; Win64; x64; rv:133.0) Gecko/20100101 Firefox/133.0"
156.59.198.136 - - [06/Dec/2024:13:09:48 +0100] "GET /docs/contadino/2015/AG15-00017.pdf HTTP/1.0" 404 302 "-" "Mozilla/5.0 (Linux; Android 5.0) AppleWebKit/537.36 (KHTML, like Gecko) Mobile Safari/537.36 (compatible; Bytespider; spider-feedback@bytedance.com)"
178.165.191.42 - - [06/Dec/2024:13:10:03 +0100] "GET /entry.php?id=10271&&ser=486942 HTTP/1.1" 200 987 "http://hausegger.activities.at/entry.php?id=10271&&ser=486881" "Mozilla/5.0 (Windows NT 10.0; Win64; x64) AppleWebKit/537.36 (KHTML, like Gecko) Chrome/131.0.0.0 Safari/537.36"
178.165.191.42 - - [06/Dec/2024:13:10:03 +0100] "GET /gui/javascript/form_form.js?1733487003 HTTP/1.1" 200 16206 "http://hausegger.activities.at/entry.php?id=10271&&ser=486942" "Mozilla/5.0 (Windows NT 10.0; Win64; x64) AppleWebKit/537.36 (KHTML, like Gecko) Chrome/131.0.0.0 Safari/537.36"
178.165.191.42 - - [06/Dec/2024:13:10:41 +0100] "GET /entry.php?id=10271&&ser=486980 HTTP/1.1" 200 987 "http://hausegger.activities.at/entry.php?id=10271&&ser=486920" "Mozilla/5.0 (Windows NT 10.0; Win64; x64; rv:133.0) Gecko/20100101 Firefox/133.0"
178.165.191.42 - - [06/Dec/2024:13:10:41 +0100] "GET /gui/javascript/form_form.js?1733487041 HTTP/1.1" 200 16206 "http://hausegger.activities.at/entry.php?id=10271&&ser=486980" "Mozilla/5.0 (Windows NT 10.0; Win64; x64; rv:133.0) Gecko/20100101 Firefox/133.0"
178.165.191.42 - - [06/Dec/2024:13:11:04 +0100] "GET /entry.php?id=10271&&ser=487003 HTTP/1.1" 200 987 "http://hausegger.activities.at/entry.php?id=10271&&ser=486942" "Mozilla/5.0 (Windows NT 10.0; Win64; x64) AppleWebKit/537.36 (KHTML, like Gecko) Chrome/131.0.0.0 Safari/537.36"
178.165.191.42 - - [06/Dec/2024:13:11:04 +0100] "GET /gui/javascript/form_form.js?1733487064 HTTP/1.1" 200 16206 "http://hausegger.activities.at/entry.php?id=10271&&ser=487003" "Mozilla/5.0 (Windows NT 10.0; Win64; x64) AppleWebKit/537.36 (KHTML, like Gecko) Chrome/131.0.0.0 Safari/537.36"
178.165.191.42 - - [06/Dec/2024:13:11:41 +0100] "GET /entry.php?id=10271&&ser=487041 HTTP/1.1" 200 986 "http://hausegger.activities.at/entry.php?id=10271&&ser=486980" "Mozilla/5.0 (Windows NT 10.0; Win64; x64; rv:133.0) Gecko/20100101 Firefox/133.0"
178.165.191.42 - - [06/Dec/2024:13:11:41 +0100] "GET /gui/javascript/form_form.js?1733487101 HTTP/1.1" 200 16206 "http://hausegger.activities.at/entry.php?id=10271&&ser=487041" "Mozilla/5.0 (Windows NT 10.0; Win64; x64; rv:133.0) Gecko/20100101 Firefox/133.0"
178.165.191.42 - - [06/Dec/2024:13:12:05 +0100] "GET /entry.php?id=10271&&ser=487064 HTTP/1.1" 200 987 "http://hausegger.activities.at/entry.php?id=10271&&ser=487003" "Mozilla/5.0 (Windows NT 10.0; Win64; x64) AppleWebKit/537.36 (KHTML, like Gecko) Chrome/131.0.0.0 Safari/537.36"
178.165.191.42 - - [06/Dec/2024:13:12:05 +0100] "GET /gui/javascript/form_form.js?1733487125 HTTP/1.1" 200 16206 "http://hausegger.activities.at/entry.php?id=10271&&ser=487064" "Mozilla/5.0 (Windows NT 10.0; Win64; x64) AppleWebKit/537.36 (KHTML, like Gecko) Chrome/131.0.0.0 Safari/537.36"
178.165.191.42 - - [06/Dec/2024:13:12:41 +0100] "GET /entry.php?id=10271&&ser=487101 HTTP/1.1" 200 987 "http://hausegger.activities.at/entry.php?id=10271&&ser=487041" "Mozilla/5.0 (Windows NT 10.0; Win64; x64; rv:133.0) Gecko/20100101 Firefox/133.0"
178.165.191.42 - - [06/Dec/2024:13:12:41 +0100] "GET /gui/javascript/form_form.js?1733487161 HTTP/1.1" 200 16206 "http://hausegger.activities.at/entry.php?id=10271&&ser=487101" "Mozilla/5.0 (Windows NT 10.0; Win64; x64; rv:133.0) Gecko/20100101 Firefox/133.0"
178.165.191.42 - - [06/Dec/2024:13:13:06 +0100] "GET /entry.php?id=10271&&ser=487125 HTTP/1.1" 200 987 "http://hausegger.activities.at/entry.php?id=10271&&ser=487064" "Mozilla/5.0 (Windows NT 10.0; Win64; x64) AppleWebKit/537.36 (KHTML, like Gecko) Chrome/131.0.0.0 Safari/537.36"
178.165.191.42 - - [06/Dec/2024:13:13:06 +0100] "GET /gui/javascript/form_form.js?1733487186 HTTP/1.1" 200 16206 "http://hausegger.activities.at/entry.php?id=10271&&ser=487125" "Mozilla/5.0 (Windows NT 10.0; Win64; x64) AppleWebKit/537.36 (KHTML, like Gecko) Chrome/131.0.0.0 Safari/537.36"
178.165.191.42 - - [06/Dec/2024:13:13:41 +0100] "GET /entry.php?id=10271&&ser=487161 HTTP/1.1" 200 987 "http://hausegger.activities.at/entry.php?id=10271&&ser=487101" "Mozilla/5.0 (Windows NT 10.0; Win64; x64; rv:133.0) Gecko/20100101 Firefox/133.0"
178.165.191.42 - - [06/Dec/2024:13:13:42 +0100] "GET /gui/javascript/form_form.js?1733487221 HTTP/1.1" 200 16206 "http://hausegger.activities.at/entry.php?id=10271&&ser=487161" "Mozilla/5.0 (Windows NT 10.0; Win64; x64; rv:133.0) Gecko/20100101 Firefox/133.0"
156.59.198.136 - - [06/Dec/2024:13:13:48 +0100] "GET /renault.activities.at/htdocs/export/xml/data/orders/202012141603_RenOrder.xml HTTP/1.0" 404 329 "-" "Mozilla/5.0 (Linux; Android 5.0) AppleWebKit/537.36 (KHTML, like Gecko) Mobile Safari/537.36 (compatible; Bytespider; spider-feedback@bytedance.com)"
178.165.191.42 - - [06/Dec/2024:13:14:07 +0100] "GET /entry.php?id=10271&&ser=487186 HTTP/1.1" 200 987 "http://hausegger.activities.at/entry.php?id=10271&&ser=487125" "Mozilla/5.0 (Windows NT 10.0; Win64; x64) AppleWebKit/537.36 (KHTML, like Gecko) Chrome/131.0.0.0 Safari/537.36"
178.165.191.42 - - [06/Dec/2024:13:14:07 +0100] "GET /gui/javascript/form_form.js?1733487247 HTTP/1.1" 200 16206 "http://hausegger.activities.at/entry.php?id=10271&&ser=487186" "Mozilla/5.0 (Windows NT 10.0; Win64; x64) AppleWebKit/537.36 (KHTML, like Gecko) Chrome/131.0.0.0 Safari/537.36"
178.165.191.42 - - [06/Dec/2024:13:14:42 +0100] "GET /entry.php?id=10271&&ser=487221 HTTP/1.1" 200 987 "http://hausegger.activities.at/entry.php?id=10271&&ser=487161" "Mozilla/5.0 (Windows NT 10.0; Win64; x64; rv:133.0) Gecko/20100101 Firefox/133.0"
