178.165.191.42 - - [06/Dec/2024:19:09:06 +0100] "GET /entry.php?id=10271&&ser=508486 HTTP/1.1" 200 987 "http://hausegger.activities.at/entry.php?id=10271&&ser=508424" "Mozilla/5.0 (Windows NT 10.0; Win64; x64) AppleWebKit/537.36 (KHTML, like Gecko) Chrome/131.0.0.0 Safari/537.36"
178.165.191.42 - - [06/Dec/2024:19:09:07 +0100] "GET /gui/javascript/form_form.js?1733508546 HTTP/1.1" 200 16206 "http://hausegger.activities.at/entry.php?id=10271&&ser=508486" "Mozilla/5.0 (Windows NT 10.0; Win64; x64) AppleWebKit/537.36 (KHTML, like Gecko) Chrome/131.0.0.0 Safari/537.36"
178.165.191.42 - - [06/Dec/2024:19:10:07 +0100] "GET /entry.php?id=10271&&ser=508546 HTTP/1.1" 200 987 "http://hausegger.activities.at/entry.php?id=10271&&ser=508486" "Mozilla/5.0 (Windows NT 10.0; Win64; x64) AppleWebKit/537.36 (KHTML, like Gecko) Chrome/131.0.0.0 Safari/537.36"
178.165.191.42 - - [06/Dec/2024:19:10:08 +0100] "GET /gui/javascript/form_form.js?1733508607 HTTP/1.1" 200 16206 "http://hausegger.activities.at/entry.php?id=10271&&ser=508546" "Mozilla/5.0 (Windows NT 10.0; Win64; x64) AppleWebKit/537.36 (KHTML, like Gecko) Chrome/131.0.0.0 Safari/537.36"
178.165.191.42 - - [06/Dec/2024:19:11:08 +0100] "GET /entry.php?id=10271&&ser=508607 HTTP/1.1" 200 987 "http://hausegger.activities.at/entry.php?id=10271&&ser=508546" "Mozilla/5.0 (Windows NT 10.0; Win64; x64) AppleWebKit/537.36 (KHTML, like Gecko) Chrome/131.0.0.0 Safari/537.36"
178.165.191.42 - - [06/Dec/2024:19:11:09 +0100] "GET /gui/javascript/form_form.js?1733508668 HTTP/1.1" 200 16206 "http://hausegger.activities.at/entry.php?id=10271&&ser=508607" "Mozilla/5.0 (Windows NT 10.0; Win64; x64) AppleWebKit/537.36 (KHTML, like Gecko) Chrome/131.0.0.0 Safari/537.36"
178.165.191.42 - - [06/Dec/2024:19:12:09 +0100] "GET /entry.php?id=10271&&ser=508668 HTTP/1.1" 200 987 "http://hausegger.activities.at/entry.php?id=10271&&ser=508607" "Mozilla/5.0 (Windows NT 10.0; Win64; x64) AppleWebKit/537.36 (KHTML, like Gecko) Chrome/131.0.0.0 Safari/537.36"
178.165.191.42 - - [06/Dec/2024:19:12:10 +0100] "GET /gui/javascript/form_form.js?1733508729 HTTP/1.1" 200 16206 "http://hausegger.activities.at/entry.php?id=10271&&ser=508668" "Mozilla/5.0 (Windows NT 10.0; Win64; x64) AppleWebKit/537.36 (KHTML, like Gecko) Chrome/131.0.0.0 Safari/537.36"
156.59.198.135 - - [06/Dec/2024:19:12:55 +0100] "GET /renault.activities.at/htdocs/binaries/10661192.pdf HTTP/1.0" 404 311 "-" "Mozilla/5.0 (Linux; Android 5.0) AppleWebKit/537.36 (KHTML, like Gecko) Mobile Safari/537.36 (compatible; Bytespider; spider-feedback@bytedance.com)"
178.165.191.42 - - [06/Dec/2024:19:13:10 +0100] "GET /entry.php?id=10271&&ser=508729 HTTP/1.1" 200 987 "http://hausegger.activities.at/entry.php?id=10271&&ser=508668" "Mozilla/5.0 (Windows NT 10.0; Win64; x64) AppleWebKit/537.36 (KHTML, like Gecko) Chrome/131.0.0.0 Safari/537.36"
178.165.191.42 - - [06/Dec/2024:19:13:11 +0100] "GET /gui/javascript/form_form.js?1733508790 HTTP/1.1" 200 16206 "http://hausegger.activities.at/entry.php?id=10271&&ser=508729" "Mozilla/5.0 (Windows NT 10.0; Win64; x64) AppleWebKit/537.36 (KHTML, like Gecko) Chrome/131.0.0.0 Safari/537.36"
178.165.191.42 - - [06/Dec/2024:19:14:11 +0100] "GET /entry.php?id=10271&&ser=508790 HTTP/1.1" 200 987 "http://hausegger.activities.at/entry.php?id=10271&&ser=508729" "Mozilla/5.0 (Windows NT 10.0; Win64; x64) AppleWebKit/537.36 (KHTML, like Gecko) Chrome/131.0.0.0 Safari/537.36"
178.165.191.42 - - [06/Dec/2024:19:14:12 +0100] "GET /gui/javascript/form_form.js?1733508852 HTTP/1.1" 200 16206 "http://hausegger.activities.at/entry.php?id=10271&&ser=508790" "Mozilla/5.0 (Windows NT 10.0; Win64; x64) AppleWebKit/537.36 (KHTML, like Gecko) Chrome/131.0.0.0 Safari/537.36"
178.165.191.42 - - [06/Dec/2024:19:15:12 +0100] "GET /entry.php?id=10271&&ser=508852 HTTP/1.1" 200 987 "http://hausegger.activities.at/entry.php?id=10271&&ser=508790" "Mozilla/5.0 (Windows NT 10.0; Win64; x64) AppleWebKit/537.36 (KHTML, like Gecko) Chrome/131.0.0.0 Safari/537.36"
178.165.191.42 - - [06/Dec/2024:19:15:13 +0100] "GET /gui/javascript/form_form.js?1733508912 HTTP/1.1" 200 16206 "http://hausegger.activities.at/entry.php?id=10271&&ser=508852" "Mozilla/5.0 (Windows NT 10.0; Win64; x64) AppleWebKit/537.36 (KHTML, like Gecko) Chrome/131.0.0.0 Safari/537.36"
178.165.191.42 - - [06/Dec/2024:19:16:13 +0100] "GET /entry.php?id=10271&&ser=508912 HTTP/1.1" 200 988 "http://hausegger.activities.at/entry.php?id=10271&&ser=508852" "Mozilla/5.0 (Windows NT 10.0; Win64; x64) AppleWebKit/537.36 (KHTML, like Gecko) Chrome/131.0.0.0 Safari/537.36"
178.165.191.42 - - [06/Dec/2024:19:16:14 +0100] "GET /gui/javascript/form_form.js?1733508973 HTTP/1.1" 200 16206 "http://hausegger.activities.at/entry.php?id=10271&&ser=508912" "Mozilla/5.0 (Windows NT 10.0; Win64; x64) AppleWebKit/537.36 (KHTML, like Gecko) Chrome/131.0.0.0 Safari/537.36"
47.89.154.16 - - [06/Dec/2024:19:16:20 +0100] "GET / HTTP/1.1" 200 274 "-" "Mozilla/5.0 zgrab/0.x"
156.59.198.136 - - [06/Dec/2024:19:16:55 +0100] "GET /hausegger.activities.at/stats/lang/awstats-ua.txt HTTP/1.0" 404 308 "-" "Mozilla/5.0 (Linux; Android 5.0) AppleWebKit/537.36 (KHTML, like Gecko) Mobile Safari/537.36 (compatible; Bytespider; spider-feedback@bytedance.com)"
178.165.191.42 - - [06/Dec/2024:19:17:14 +0100] "GET /entry.php?id=10271&&ser=508973 HTTP/1.1" 200 988 "http://hausegger.activities.at/entry.php?id=10271&&ser=508912" "Mozilla/5.0 (Windows NT 10.0; Win64; x64) AppleWebKit/537.36 (KHTML, like Gecko) Chrome/131.0.0.0 Safari/537.36"
178.165.191.42 - - [06/Dec/2024:19:17:15 +0100] "GET /gui/javascript/form_form.js?1733509034 HTTP/1.1" 200 16206 "http://hausegger.activities.at/entry.php?id=10271&&ser=508973" "Mozilla/5.0 (Windows NT 10.0; Win64; x64) AppleWebKit/537.36 (KHTML, like Gecko) Chrome/131.0.0.0 Safari/537.36"
178.165.191.42 - - [06/Dec/2024:19:18:15 +0100] "GET /entry.php?id=10271&&ser=509034 HTTP/1.1" 200 987 "http://hausegger.activities.at/entry.php?id=10271&&ser=508973" "Mozilla/5.0 (Windows NT 10.0; Win64; x64) AppleWebKit/537.36 (KHTML, like Gecko) Chrome/131.0.0.0 Safari/537.36"
178.165.191.42 - - [06/Dec/2024:19:18:16 +0100] "GET /gui/javascript/form_form.js?1733509095 HTTP/1.1" 200 16206 "http://hausegger.activities.at/entry.php?id=10271&&ser=509034" "Mozilla/5.0 (Windows NT 10.0; Win64; x64) AppleWebKit/537.36 (KHTML, like Gecko) Chrome/131.0.0.0 Safari/537.36"
178.165.191.42 - - [06/Dec/2024:19:19:16 +0100] "GET /entry.php?id=10271&&ser=509095 HTTP/1.1" 200 987 "http://hausegger.activities.at/entry.php?id=10271&&ser=509034" "Mozilla/5.0 (Windows NT 10.0; Win64; x64) AppleWebKit/537.36 (KHTML, like Gecko) Chrome/131.0.0.0 Safari/537.36"
178.165.191.42 - - [06/Dec/2024:19:19:17 +0100] "GET /gui/javascript/form_form.js?1733509156 HTTP/1.1" 200 16206 "http://hausegger.activities.at/entry.php?id=10271&&ser=509095" "Mozilla/5.0 (Windows NT 10.0; Win64; x64) AppleWebKit/537.36 (KHTML, like Gecko) Chrome/131.0.0.0 Safari/537.36"
178.165.191.42 - - [06/Dec/2024:19:20:17 +0100] "GET /entry.php?id=10271&&ser=509156 HTTP/1.1" 200 987 "http://hausegger.activities.at/entry.php?id=10271&&ser=509095" "Mozilla/5.0 (Windows NT 10.0; Win64; x64) AppleWebKit/537.36 (KHTML, like Gecko) Chrome/131.0.0.0 Safari/537.36"
178.165.191.42 - - [06/Dec/2024:19:20:18 +0100] "GET /gui/javascript/form_form.js?1733509218 HTTP/1.1" 200 16206 "http://hausegger.activities.at/entry.php?id=10271&&ser=509156" "Mozilla/5.0 (Windows NT 10.0; Win64; x64) AppleWebKit/537.36 (KHTML, like Gecko) Chrome/131.0.0.0 Safari/537.36"
156.59.198.135 - - [06/Dec/2024:19:20:56 +0100] "GET /renault.activities.at/htdocs/export/xml/data/orders/201912171603_RenOrder.xml HTTP/1.0" 404 330 "-" "Mozilla/5.0 (Linux; Android 5.0) AppleWebKit/537.36 (KHTML, like Gecko) Mobile Safari/537.36 (compatible; Bytespider; spider-feedback@bytedance.com)"
178.165.191.42 - - [06/Dec/2024:19:21:18 +0100] "GET /entry.php?id=10271&&ser=509218 HTTP/1.1" 200 989 "http://hausegger.activities.at/entry.php?id=10271&&ser=509156" "Mozilla/5.0 (Windows NT 10.0; Win64; x64) AppleWebKit/537.36 (KHTML, like Gecko) Chrome/131.0.0.0 Safari/537.36"
178.165.191.42 - - [06/Dec/2024:19:21:19 +0100] "GET /gui/javascript/form_form.js?1733509279 HTTP/1.1" 200 16206 "http://hausegger.activities.at/entry.php?id=10271&&ser=509218" "Mozilla/5.0 (Windows NT 10.0; Win64; x64) AppleWebKit/537.36 (KHTML, like Gecko) Chrome/131.0.0.0 Safari/537.36"
178.165.191.42 - - [06/Dec/2024:19:22:20 +0100] "GET /entry.php?id=10271&&ser=509278 HTTP/1.1" 200 988 "http://hausegger.activities.at/entry.php?id=10271&&ser=509218" "Mozilla/5.0 (Windows NT 10.0; Win64; x64) AppleWebKit/537.36 (KHTML, like Gecko) Chrome/131.0.0.0 Safari/537.36"
178.165.191.42 - - [06/Dec/2024:19:22:20 +0100] "GET /gui/javascript/form_form.js?1733509340 HTTP/1.1" 200 16206 "http://hausegger.activities.at/entry.php?id=10271&&ser=509278" "Mozilla/5.0 (Windows NT 10.0; Win64; x64) AppleWebKit/537.36 (KHTML, like Gecko) Chrome/131.0.0.0 Safari/537.36"
178.165.191.42 - - [06/Dec/2024:19:23:21 +0100] "GET /entry.php?id=10271&&ser=509340 HTTP/1.1" 200 987 "http://hausegger.activities.at/entry.php?id=10271&&ser=509278" "Mozilla/5.0 (Windows NT 10.0; Win64; x64) AppleWebKit/537.36 (KHTML, like Gecko) Chrome/131.0.0.0 Safari/537.36"
178.165.191.42 - - [06/Dec/2024:19:23:22 +0100] "GET /gui/javascript/form_form.js?1733509401 HTTP/1.1" 200 16206 "http://hausegger.activities.at/entry.php?id=10271&&ser=509340" "Mozilla/5.0 (Windows NT 10.0; Win64; x64) AppleWebKit/537.36 (KHTML, like Gecko) Chrome/131.0.0.0 Safari/537.36"
178.165.191.42 - - [06/Dec/2024:19:24:22 +0100] "GET /entry.php?id=10271&&ser=509401 HTTP/1.1" 200 987 "http://hausegger.activities.at/entry.php?id=10271&&ser=509340" "Mozilla/5.0 (Windows NT 10.0; Win64; x64) AppleWebKit/537.36 (KHTML, like Gecko) Chrome/131.0.0.0 Safari/537.36"
178.165.191.42 - - [06/Dec/2024:19:24:23 +0100] "GET /gui/javascript/form_form.js?1733509462 HTTP/1.1" 200 16206 "http://hausegger.activities.at/entry.php?id=10271&&ser=509401" "Mozilla/5.0 (Windows NT 10.0; Win64; x64) AppleWebKit/537.36 (KHTML, like Gecko) Chrome/131.0.0.0 Safari/537.36"
178.165.191.42 - - [06/Dec/2024:19:24:28 +0100] "GET /entry.php?id=10287&login=1 HTTP/1.1" 200 1877 "http://hausegger.activities.at/entry.php?id=10273&" "Mozilla/5.0 (Windows NT 10.0; Win64; x64) AppleWebKit/537.36 (KHTML, like Gecko) Chrome/131.0.0.0 Safari/537.36"
178.165.191.42 - - [06/Dec/2024:19:24:28 +0100] "GET /gui/javascript/form_form.js?1733509468 HTTP/1.1" 200 16206 "http://hausegger.activities.at/entry.php?id=10287&login=1" "Mozilla/5.0 (Windows NT 10.0; Win64; x64) AppleWebKit/537.36 (KHTML, like Gecko) Chrome/131.0.0.0 Safari/537.36"
156.59.198.136 - - [06/Dec/2024:19:24:56 +0100] "GET /ed.activities.at/stats/lang/awstats-it.txt HTTP/1.0" 404 303 "-" "Mozilla/5.0 (Linux; Android 5.0) AppleWebKit/537.36 (KHTML, like Gecko) Mobile Safari/537.36 (compatible; Bytespider; spider-feedback@bytedance.com)"
178.165.191.42 - - [06/Dec/2024:19:25:23 +0100] "GET /entry.php?id=10271&&ser=509462 HTTP/1.1" 200 987 "http://hausegger.activities.at/entry.php?id=10271&&ser=509401" "Mozilla/5.0 (Windows NT 10.0; Win64; x64) AppleWebKit/537.36 (KHTML, like Gecko) Chrome/131.0.0.0 Safari/537.36"
178.165.191.42 - - [06/Dec/2024:19:25:23 +0100] "GET /gui/javascript/form_form.js?1733509523 HTTP/1.1" 200 16206 "http://hausegger.activities.at/entry.php?id=10271&&ser=509462" "Mozilla/5.0 (Windows NT 10.0; Win64; x64) AppleWebKit/537.36 (KHTML, like Gecko) Chrome/131.0.0.0 Safari/537.36"
178.165.191.42 - - [06/Dec/2024:19:26:23 +0100] "GET /entry.php?id=10271&&ser=509523 HTTP/1.1" 200 988 "http://hausegger.activities.at/entry.php?id=10271&&ser=509462" "Mozilla/5.0 (Windows NT 10.0; Win64; x64) AppleWebKit/537.36 (KHTML, like Gecko) Chrome/131.0.0.0 Safari/537.36"
178.165.191.42 - - [06/Dec/2024:19:26:23 +0100] "GET /gui/javascript/form_form.js?1733509583 HTTP/1.1" 200 16206 "http://hausegger.activities.at/entry.php?id=10271&&ser=509523" "Mozilla/5.0 (Windows NT 10.0; Win64; x64) AppleWebKit/537.36 (KHTML, like Gecko) Chrome/131.0.0.0 Safari/537.36"
178.165.191.42 - - [06/Dec/2024:19:27:23 +0100] "GET /entry.php?id=10271&&ser=509583 HTTP/1.1" 200 988 "http://hausegger.activities.at/entry.php?id=10271&&ser=509523" "Mozilla/5.0 (Windows NT 10.0; Win64; x64) AppleWebKit/537.36 (KHTML, like Gecko) Chrome/131.0.0.0 Safari/537.36"
178.165.191.42 - - [06/Dec/2024:19:27:23 +0100] "GET /gui/javascript/form_form.js?1733509643 HTTP/1.1" 200 16206 "http://hausegger.activities.at/entry.php?id=10271&&ser=509583" "Mozilla/5.0 (Windows NT 10.0; Win64; x64) AppleWebKit/537.36 (KHTML, like Gecko) Chrome/131.0.0.0 Safari/537.36"
178.165.191.42 - - [06/Dec/2024:19:28:24 +0100] "GET /entry.php?id=10271&&ser=509643 HTTP/1.1" 200 987 "http://hausegger.activities.at/entry.php?id=10271&&ser=509583" "Mozilla/5.0 (Windows NT 10.0; Win64; x64) AppleWebKit/537.36 (KHTML, like Gecko) Chrome/131.0.0.0 Safari/537.36"
178.165.191.42 - - [06/Dec/2024:19:28:24 +0100] "GET /gui/javascript/form_form.js?1733509704 HTTP/1.1" 200 16206 "http://hausegger.activities.at/entry.php?id=10271&&ser=509643" "Mozilla/5.0 (Windows NT 10.0; Win64; x64) AppleWebKit/537.36 (KHTML, like Gecko) Chrome/131.0.0.0 Safari/537.36"
156.59.198.135 - - [06/Dec/2024:19:28:56 +0100] "GET /renault.activities.at/htdocs/binaries/10009028.pdf HTTP/1.0" 404 311 "-" "Mozilla/5.0 (Linux; Android 5.0) AppleWebKit/537.36 (KHTML, like Gecko) Mobile Safari/537.36 (compatible; Bytespider; spider-feedback@bytedance.com)"
178.165.191.42 - - [06/Dec/2024:19:29:10 +0100] "POST /entry.php?id=10287& HTTP/1.1" 200 2433 "http://hausegger.activities.at/entry.php?id=10287&login=1" "Mozilla/5.0 (Windows NT 10.0; Win64; x64) AppleWebKit/537.36 (KHTML, like Gecko) Chrome/131.0.0.0 Safari/537.36"
178.165.191.42 - - [06/Dec/2024:19:29:11 +0100] "GET /gui/javascript/form_form.js?1733509751 HTTP/1.1" 200 16206 "http://hausegger.activities.at/entry.php?id=10287&" "Mozilla/5.0 (Windows NT 10.0; Win64; x64) AppleWebKit/537.36 (KHTML, like Gecko) Chrome/131.0.0.0 Safari/537.36"
178.165.191.42 - - [06/Dec/2024:19:29:11 +0100] "GET /entry.php?id=10273&logout=true& HTTP/1.1" 200 1912 "http://hausegger.activities.at/entry.php?id=10287&" "Mozilla/5.0 (Windows NT 10.0; Win64; x64) AppleWebKit/537.36 (KHTML, like Gecko) Chrome/131.0.0.0 Safari/537.36"
178.165.191.42 - - [06/Dec/2024:19:29:11 +0100] "GET /entry.php?id=10270& HTTP/1.1" 200 909 "http://hausegger.activities.at/entry.php?id=10287&" "Mozilla/5.0 (Windows NT 10.0; Win64; x64) AppleWebKit/537.36 (KHTML, like Gecko) Chrome/131.0.0.0 Safari/537.36"
95.214.55.43 - - [06/Dec/2024:19:45:49 +0100] "GET / HTTP/1.1" 200 274 "-" "Mozilla/5.0 (Windows NT 10.0; Win64; x64) AppleWebKit/537.36 (KHTML, like Gecko) Chrome/90.0.4430.85 Safari/537.36 Edg/90.0.818.46"
141.98.11.35 - - [06/Dec/2024:19:49:41 +0100] "GET / HTTP/1.1" 200 423 "-" "-"
156.59.198.135 - - [06/Dec/2024:19:58:41 +0100] "GET /ed-test.2web.at/etc/redirects/redirects.xls HTTP/1.0" 404 301 "-" "Mozilla/5.0 (Linux; Android 5.0) AppleWebKit/537.36 (KHTML, like Gecko) Mobile Safari/537.36 (compatible; Bytespider; spider-feedback@bytedance.com)"
167.99.209.245 - - [06/Dec/2024:19:59:09 +0100] "GET /_profiler/phpinfo HTTP/1.1" 404 289 "-" "Mozilla/5.0 (X11; Linux x86_64) AppleWebKit/537.36 (KHTML, like Gecko) Chrome/81.0.4044.129 Safari/537.36"
167.99.209.245 - - [06/Dec/2024:19:59:09 +0100] "GET /?pp=env HTTP/1.1" 200 274 "-" "Mozilla/5.0 (Windows NT 10.0; Win64; x64) AppleWebKit/537.36 (KHTML, like Gecko) Chrome/94.0.4606.81 Safari/537.36"
167.99.209.245 - - [06/Dec/2024:19:59:09 +0100] "GET /frontend_dev.php/$ HTTP/1.1" 404 290 "-" "Mozilla/5.0 (Windows NT 10.0; Win64; x64) AppleWebKit/537.36 (KHTML, like Gecko) Chrome/94.0.4606.81 Safari/537.36"
167.99.209.245 - - [06/Dec/2024:19:59:09 +0100] "GET /.env HTTP/1.1" 404 280 "-" "Mozilla/5.0 (X11; Linux x86_64) AppleWebKit/537.36 (KHTML, like Gecko) Chrome/81.0.4044.129 Safari/537.36"
167.99.209.245 - - [06/Dec/2024:19:59:09 +0100] "PUT / HTTP/1.1" 200 274 "-" "Mozilla/5.0 (X11; Linux x86_64) AppleWebKit/537.36 (KHTML, like Gecko) Chrome/81.0.4044.129 Safari/537.36"
49.213.135.117 - - [06/Dec/2024:19:59:42 +0100] "GET / HTTP/1.0" 200 423 "-" "Mozilla/5.0 (Linux; U; Android 4.0.3; ko-kr; LG-L160L Build/IML74K) AppleWebkit/534.30 (KHTML, like Gecko) Version/4.0 Mobile Safari/534.30"
47.128.61.164 - - [06/Dec/2024:20:02:42 +0100] "GET /robots.txt HTTP/1.1" 404 284 "-" "Mozilla/5.0 (Linux; Android 5.0) AppleWebKit/537.36 (KHTML, like Gecko) Mobile Safari/537.36 (compatible; Bytespider; spider-feedback@bytedance.com)"
185.191.126.248 - - [06/Dec/2024:20:04:11 +0100] "GET / HTTP/1.1" 200 423 "-" "-"
95.214.53.205 - - [06/Dec/2024:20:05:53 +0100] "GET / HTTP/1.1" 200 423 "-" "-"
156.59.198.135 - - [06/Dec/2024:20:06:41 +0100] "GET /renault.activities.at/htdocs/export/xml/data/orders/202105221003_RenOrder.xml HTTP/1.0" 404 328 "-" "Mozilla/5.0 (Linux; Android 5.0) AppleWebKit/537.36 (KHTML, like Gecko) Mobile Safari/537.36 (compatible; Bytespider; spider-feedback@bytedance.com)"
194.50.16.198 - - [06/Dec/2024:20:08:01 +0100] "GET /login.asp HTTP/1.1" 404 354 "-" "-"
47.128.111.125 - - [06/Dec/2024:20:10:42 +0100] "GET /robots.txt HTTP/1.1" 404 284 "-" "Mozilla/5.0 (Linux; Android 5.0) AppleWebKit/537.36 (KHTML, like Gecko) Mobile Safari/537.36 (compatible; Bytespider; spider-feedback@bytedance.com)"
156.59.198.135 - - [06/Dec/2024:20:14:41 +0100] "GET /ed-test.2web.at/stats/lang/awstats-lv.txt HTTP/1.0" 404 303 "-" "Mozilla/5.0 (Linux; Android 5.0) AppleWebKit/537.36 (KHTML, like Gecko) Mobile Safari/537.36 (compatible; Bytespider; spider-feedback@bytedance.com)"
47.128.99.127 - - [06/Dec/2024:20:18:43 +0100] "GET /robots.txt HTTP/1.1" 404 284 "-" "Mozilla/5.0 (Linux; Android 5.0) AppleWebKit/537.36 (KHTML, like Gecko) Mobile Safari/537.36 (compatible; Bytespider; spider-feedback@bytedance.com)"
80.82.77.202 - - [06/Dec/2024:20:20:49 +0100] "GET / HTTP/1.0" 200 423 "-" "Mozilla/5.0 (Windows NT 6.1; WOW64) AppleWebKit/537.36 (KHTML, like Gecko) Chrome/75.0.3770.143 YaBrowser/19.7.2.455 Yowser/2.5 Safari/537.36"
47.128.33.241 - - [06/Dec/2024:20:22:41 +0100] "GET /robots.txt HTTP/1.1" 404 284 "-" "Mozilla/5.0 (Linux; Android 5.0) AppleWebKit/537.36 (KHTML, like Gecko) Mobile Safari/537.36 (compatible; Bytespider; spider-feedback@bytedance.com)"
87.120.113.77 - - [06/Dec/2024:20:33:13 +0100] "GET /.env HTTP/1.1" 404 280 "-" "Mozilla/5.0 (Windows NT 10.0; WOW64) AppleWebKit/537.36 (KHTML, like Gecko) Chrome/57.0.2987.98 Safari/537.36 LBBROWSER"
185.224.128.43 - - [06/Dec/2024:20:46:35 +0100] "GET /app/.git/config HTTP/1.1" 404 295 "-" "Mozilla/5.0 (Macintosh; Intel Mac OS X 10_15_7) AppleWebKit/605.1.15 (KHTML, like Gecko) Version/17.4 Safari/605.6.20"
185.224.128.43 - - [06/Dec/2024:20:46:39 +0100] "GET /prod/.git/config HTTP/1.1" 404 295 "-" "Mozilla/5.0 (Kubuntu; Linux x86_64) AppleWebKit/537.36 (KHTML, like Gecko) Chrome/124.0.0.0 Safari/537.36"
185.224.128.43 - - [06/Dec/2024:20:46:40 +0100] "GET /git/.git/config HTTP/1.1" 404 294 "-" "Mozilla/5.0 (Macintosh; Intel Mac OS X 10_15_7) AppleWebKit/605.1.15 (KHTML, like Gecko) Version/17.4.1 Safari/605.8.24"
156.59.198.136 - - [06/Dec/2024:20:53:50 +0100] "GET /renault.activities.at/htdocs/pinEdit/editor/help/userhelp-Dateien/image135.jpg HTTP/1.0" 404 328 "-" "Mozilla/5.0 (Linux; Android 5.0) AppleWebKit/537.36 (KHTML, like Gecko) Mobile Safari/537.36 (compatible; Bytespider; spider-feedback@bytedance.com)"
156.59.198.135 - - [06/Dec/2024:21:01:40 +0100] "GET /renault.activities.at/htdocs/binaries/10451228.pdf HTTP/1.0" 404 311 "-" "Mozilla/5.0 (Linux; Android 5.0) AppleWebKit/537.36 (KHTML, like Gecko) Mobile Safari/537.36 (compatible; Bytespider; spider-feedback@bytedance.com)"
156.59.198.135 - - [06/Dec/2024:21:05:40 +0100] "GET /renault.activities.at/htdocs/activities/framework/webfx/javascript/flot/FAQ.md HTTP/1.0" 404 327 "-" "Mozilla/5.0 (Linux; Android 5.0) AppleWebKit/537.36 (KHTML, like Gecko) Mobile Safari/537.36 (compatible; Bytespider; spider-feedback@bytedance.com)"
156.59.198.136 - - [06/Dec/2024:21:09:41 +0100] "GET /renault.activities.at/htdocs/binaries/10688680.pdf HTTP/1.0" 404 311 "-" "Mozilla/5.0 (Linux; Android 5.0) AppleWebKit/537.36 (KHTML, like Gecko) Mobile Safari/537.36 (compatible; Bytespider; spider-feedback@bytedance.com)"
185.224.128.43 - - [06/Dec/2024:21:10:47 +0100] "GET /app/.git/config HTTP/1.1" 404 294 "-" "Mozilla/5.0 (Windows NT 10.0; Win64; x64; rv:123.0) Gecko/20100101 Firefox/123.0"
185.224.128.43 - - [06/Dec/2024:21:10:47 +0100] "GET /prod/.git/config HTTP/1.1" 404 294 "-" "Mozilla/5.0 (Macintosh; Intel Mac OS X 10_15_7) AppleWebKit/605.1.15 (KHTML, like Gecko) Version/17.0 Safari/605.1.41"
185.224.128.43 - - [06/Dec/2024:21:10:47 +0100] "GET /git/.git/config HTTP/1.1" 404 293 "-" "Mozilla/5.0 (Macintosh; Intel Mac OS X 10_15_1) AppleWebKit/537.36 (KHTML, like Gecko) Chrome/78.0.3904.108 Safari/537.36"
194.50.16.198 - - [06/Dec/2024:21:16:06 +0100] "POST /boaform/admin/formLogin HTTP/1.1" 404 293 "http://212.69.160.11:80/admin/login.asp" "Mozilla/5.0 (X11; Ubuntu; Linux x86_64; rv:71.0) Gecko/20100101 Firefox/71.0"
185.224.128.43 - - [06/Dec/2024:21:25:04 +0100] "GET /phpinfo.php HTTP/1.1" 200 10282 "-" "Mozilla/5.0 (Knoppix; Linux i686; rv:124.0) Gecko/20100101 Firefox/124.0"
185.224.128.43 - - [06/Dec/2024:21:25:07 +0100] "GET /phpinfo.php HTTP/1.1" 200 10345 "-" "Mozilla/5.0 (Windows NT 10.0; Win64; x64) AppleWebKit/537.36 (KHTML, like Gecko) Chrome/96.0.4664.93 Safari/537.36"
156.59.198.136 - - [06/Dec/2024:21:25:07 +0100] "GET /renault.activities.at/htdocs/binaries/10485654.pdf HTTP/1.0" 404 311 "-" "Mozilla/5.0 (Linux; Android 5.0) AppleWebKit/537.36 (KHTML, like Gecko) Mobile Safari/537.36 (compatible; Bytespider; spider-feedback@bytedance.com)"
185.224.128.43 - - [06/Dec/2024:21:27:06 +0100] "GET /phpinfo.php HTTP/1.1" 200 10265 "-" "Mozilla/5.0 (X11; Linux i686; rv:127.0) Gecko/20100101 Firefox/127.0"
95.214.55.79 - - [06/Dec/2024:21:27:14 +0100] "GET / HTTP/1.1" 200 274 "-" "Mozilla/5.0 (Windows NT 10.0; Win64; x64) AppleWebKit/537.36 (KHTML, like Gecko) Chrome/90.0.4430.85 Safari/537.36 Edg/90.0.818.46"
185.224.128.43 - - [06/Dec/2024:21:29:45 +0100] "GET /phpinfo.php HTTP/1.1" 200 10269 "-" "Mozilla/5.0 (Debian; Linux i686; rv:128.0) Gecko/20100101 Firefox/128.0"
185.224.128.43 - - [06/Dec/2024:21:29:47 +0100] "GET /phpinfo.php HTTP/1.1" 200 10338 "-" "Mozilla/5.0 (Macintosh; Intel Mac OS X 10_15_7) AppleWebKit/605.1.15 (KHTML, like Gecko) Version/17.2.1 Safari/605.1.1"
185.224.128.43 - - [06/Dec/2024:21:31:08 +0100] "GET /phpinfo.php HTTP/1.1" 200 10353 "-" "Mozilla/5.0 (Macintosh; Intel Mac OS X 10_15_1) AppleWebKit/537.36 (KHTML, like Gecko) Chrome/78.0.3904.108 Safari/537.36"
185.224.128.43 - - [06/Dec/2024:21:32:25 +0100] "GET /phpinfo.php HTTP/1.1" 200 10341 "-" "Mozilla/5.0 (Macintosh; Intel Mac OS X 10_15_7) AppleWebKit/605.1.15 (KHTML, like Gecko) Version/16.5.1 Safari/605.1.15"
95.214.53.205 - - [06/Dec/2024:21:37:26 +0100] "GET / HTTP/1.1" 200 423 "-" "-"
185.191.126.248 - - [06/Dec/2024:21:49:25 +0100] "GET / HTTP/1.1" 200 423 "-" "-"
125.229.133.2 - - [06/Dec/2024:22:12:46 +0100] "GET / HTTP/1.0" 200 423 "-" "Mozilla/5.0 (Linux; U; Android 4.0.3; ko-kr; LG-L160L Build/IML74K) AppleWebkit/534.30 (KHTML, like Gecko) Version/4.0 Mobile Safari/534.30"
156.59.198.136 - - [06/Dec/2024:22:16:52 +0100] "GET /renault.activities.at/htdocs/pinEdit/editor/config/security.xml HTTP/1.0" 404 319 "-" "Mozilla/5.0 (Linux; Android 5.0) AppleWebKit/537.36 (KHTML, like Gecko) Mobile Safari/537.36 (compatible; Bytespider; spider-feedback@bytedance.com)"
185.147.124.168 - - [06/Dec/2024:22:17:11 +0100] "GET /.env HTTP/1.1" 404 280 "-" "Mozilla/5.0 zgrab/0.x"
156.59.198.135 - - [06/Dec/2024:22:20:52 +0100] "GET /renault.activities.at/htdocs/activities/framework/KoolControls/KoolImageView/styles/dark/dark.xml HTTP/1.0" 404 335 "-" "Mozilla/5.0 (Linux; Android 5.0) AppleWebKit/537.36 (KHTML, like Gecko) Mobile Safari/537.36 (compatible; Bytespider; spider-feedback@bytedance.com)"
156.59.198.136 - - [06/Dec/2024:22:24:52 +0100] "GET /renault.activities.at/htdocs/binaries/10044340.pdf HTTP/1.0" 404 311 "-" "Mozilla/5.0 (Linux; Android 5.0) AppleWebKit/537.36 (KHTML, like Gecko) Mobile Safari/537.36 (compatible; Bytespider; spider-feedback@bytedance.com)"
156.59.198.136 - - [06/Dec/2024:22:42:02 +0100] "GET /ed-test.2web.at/stats/lang/awstats-th.txt HTTP/1.0" 404 302 "-" "Mozilla/5.0 (Linux; Android 5.0) AppleWebKit/537.36 (KHTML, like Gecko) Mobile Safari/537.36 (compatible; Bytespider; spider-feedback@bytedance.com)"
156.59.198.136 - - [06/Dec/2024:22:46:02 +0100] "GET /renault.2web.at/htdocs/binaries/10006727.doc HTTP/1.0" 404 307 "-" "Mozilla/5.0 (Linux; Android 5.0) AppleWebKit/537.36 (KHTML, like Gecko) Mobile Safari/537.36 (compatible; Bytespider; spider-feedback@bytedance.com)"
87.120.115.119 - - [06/Dec/2024:22:46:46 +0100] "GET /_profiler/phpinfo HTTP/1.1" 404 289 "-" "Mozilla/5.0 (Linux; Android 8.0.0; LLD-L31) AppleWebKit/537.36 (KHTML, like Gecko) Chrome/73.0.3683.90 Mobile Safari/537.36"
45.156.128.37 - - [06/Dec/2024:23:00:20 +0100] "GET / HTTP/1.1" 200 274 "-" "Mozilla/5.0 (Windows NT 10.0; Win64; x64) AppleWebKit/537.36 (KHTML, like Gecko) Chrome/60.0.3112.113 Safari/537.36"
156.59.198.136 - - [06/Dec/2024:23:02:04 +0100] "GET /renault.activities.at/htdocs/binaries/10267576.pdf HTTP/1.0" 404 312 "-" "Mozilla/5.0 (Linux; Android 5.0) AppleWebKit/537.36 (KHTML, like Gecko) Mobile Safari/537.36 (compatible; Bytespider; spider-feedback@bytedance.com)"
198.235.24.225 - - [06/Dec/2024:23:15:16 +0100] "GET / HTTP/1.1" 200 274 "-" "Expanse, a Palo Alto Networks company, searches across the global IPv4 space multiple times per day to identify customers' presences on the Internet. If you would like to be excluded from our scans, please send IP addresses/domains to: scaninfo@paloaltonetworks.com"
194.50.16.198 - - [06/Dec/2024:23:32:10 +0100] "GET / HTTP/1.1" 200 423 "-" "Linux Gnu (cow)"
46.19.138.234 - - [06/Dec/2024:23:48:32 +0100] "GET / HTTP/1.1" 200 274 "-" "Mozilla/5.0 (Windows NT 10.0; Win64; x64) AppleWebKit/537.36 (KHTML, like Gecko) Chrome/90.0.4430.85 Safari/537.36 Edg/90.0.818.46"
156.59.198.136 - - [06/Dec/2024:23:50:28 +0100] "GET /renault.activities.at/htdocs/export/xml/data/orders/202001081503_RenOrder.xml HTTP/1.0" 404 329 "-" "Mozilla/5.0 (Linux; Android 5.0) AppleWebKit/537.36 (KHTML, like Gecko) Mobile Safari/537.36 (compatible; Bytespider; spider-feedback@bytedance.com)"
156.59.198.135 - - [06/Dec/2024:23:54:28 +0100] "GET /renault.activities.at/htdocs/binaries/10089015.pdf HTTP/1.0" 404 311 "-" "Mozilla/5.0 (Linux; Android 5.0) AppleWebKit/537.36 (KHTML, like Gecko) Mobile Safari/537.36 (compatible; Bytespider; spider-feedback@bytedance.com)"
141.98.11.155 - - [06/Dec/2024:23:56:17 +0100] "GET / HTTP/1.1" 200 423 "-" "-"
156.59.198.136 - - [06/Dec/2024:23:58:28 +0100] "GET /renault.2web.at/htdocs/export/xml/data/exportArticles_20231019095110.xml HTTP/1.0" 404 325 "-" "Mozilla/5.0 (Linux; Android 5.0) AppleWebKit/537.36 (KHTML, like Gecko) Mobile Safari/537.36 (compatible; Bytespider; spider-feedback@bytedance.com)"
156.59.198.135 - - [07/Dec/2024:00:02:28 +0100] "GET /renault.activities.at/htdocs/binaries/10015819.pdf HTTP/1.0" 404 311 "-" "Mozilla/5.0 (Linux; Android 5.0) AppleWebKit/537.36 (KHTML, like Gecko) Mobile Safari/537.36 (compatible; Bytespider; spider-feedback@bytedance.com)"
156.59.198.136 - - [07/Dec/2024:00:18:30 +0100] "GET /ed-test.2web.at/stats/lang/awstats-cz.txt HTTP/1.0" 404 303 "-" "Mozilla/5.0 (Linux; Android 5.0) AppleWebKit/537.36 (KHTML, like Gecko) Mobile Safari/537.36 (compatible; Bytespider; spider-feedback@bytedance.com)"
156.59.198.135 - - [07/Dec/2024:00:22:30 +0100] "GET /renault.activities.at/htdocs/export/xml/data/orders/201909031103_RenOrder.xml HTTP/1.0" 404 328 "-" "Mozilla/5.0 (Linux; Android 5.0) AppleWebKit/537.36 (KHTML, like Gecko) Mobile Safari/537.36 (compatible; Bytespider; spider-feedback@bytedance.com)"
156.59.198.136 - - [07/Dec/2024:00:26:30 +0100] "GET /renault.activities.at/htdocs/activities/framework/webfx/javascript/tinymce/langs/readme.md HTTP/1.0" 404 334 "-" "Mozilla/5.0 (Linux; Android 5.0) AppleWebKit/537.36 (KHTML, like Gecko) Mobile Safari/537.36 (compatible; Bytespider; spider-feedback@bytedance.com)"
156.59.198.136 - - [07/Dec/2024:00:30:30 +0100] "GET /renault.activities.at/htdocs/binaries/10122735.pdf HTTP/1.0" 404 312 "-" "Mozilla/5.0 (Linux; Android 5.0) AppleWebKit/537.36 (KHTML, like Gecko) Mobile Safari/537.36 (compatible; Bytespider; spider-feedback@bytedance.com)"
92.255.57.58 - - [07/Dec/2024:00:31:40 +0100] "GET /?XDEBUG_SESSION_START=phpstorm HTTP/1.1" 200 274 "-" "Mozilla/5.0 (Windows NT 10.0; Win64; x64) AppleWebKit/537.36 (KHTML, like Gecko) Chrome/78.0.3904.108 Safari/537.36"
140.238.190.35 - - [07/Dec/2024:00:35:56 +0100] "POST /cgi-bin/.%2e/.%2e/.%2e/.%2e/.%2e/.%2e/.%2e/.%2e/.%2e/.%2e/bin/sh HTTP/1.1" 400 373 "-" "Custom-AsyncHttpClient"
140.238.190.35 - - [07/Dec/2024:00:35:58 +0100] "POST /cgi-bin/%%32%65%%32%65/%%32%65%%32%65/%%32%65%%32%65/%%32%65%%32%65/%%32%65%%32%65/%%32%65%%32%65/%%32%65%%32%65/bin/sh HTTP/1.1" 400 373 "-" "Custom-AsyncHttpClient"
140.238.190.35 - - [07/Dec/2024:00:36:00 +0100] "POST /hello.world?%ADd+allow_url_include%3d1+%ADd+auto_prepend_file%3dphp://input HTTP/1.1" 404 356 "-" "Custom-AsyncHttpClient"
140.238.190.35 - - [07/Dec/2024:00:36:05 +0100] "GET /vendor/phpunit/phpunit/src/Util/PHP/eval-stdin.php HTTP/1.1" 404 395 "-" "Custom-AsyncHttpClient"
140.238.190.35 - - [07/Dec/2024:00:36:07 +0100] "GET /vendor/phpunit/phpunit/Util/PHP/eval-stdin.php HTTP/1.1" 404 391 "-" "Custom-AsyncHttpClient"
140.238.190.35 - - [07/Dec/2024:00:36:09 +0100] "GET /vendor/phpunit/src/Util/PHP/eval-stdin.php HTTP/1.1" 404 387 "-" "Custom-AsyncHttpClient"
140.238.190.35 - - [07/Dec/2024:00:36:11 +0100] "GET /vendor/phpunit/Util/PHP/eval-stdin.php HTTP/1.1" 404 383 "-" "Custom-AsyncHttpClient"
140.238.190.35 - - [07/Dec/2024:00:36:14 +0100] "GET /vendor/phpunit/phpunit/LICENSE/eval-stdin.php HTTP/1.1" 404 390 "-" "Custom-AsyncHttpClient"
140.238.190.35 - - [07/Dec/2024:00:36:19 +0100] "GET /vendor/vendor/phpunit/phpunit/src/Util/PHP/eval-stdin.php HTTP/1.1" 404 402 "-" "Custom-AsyncHttpClient"
140.238.190.35 - - [07/Dec/2024:00:36:22 +0100] "GET /phpunit/phpunit/src/Util/PHP/eval-stdin.php HTTP/1.1" 404 388 "-" "Custom-AsyncHttpClient"
140.238.190.35 - - [07/Dec/2024:00:36:24 +0100] "GET /phpunit/phpunit/Util/PHP/eval-stdin.php HTTP/1.1" 404 384 "-" "Custom-AsyncHttpClient"
140.238.190.35 - - [07/Dec/2024:00:36:26 +0100] "GET /phpunit/src/Util/PHP/eval-stdin.php HTTP/1.1" 404 380 "-" "Custom-AsyncHttpClient"
140.238.190.35 - - [07/Dec/2024:00:36:28 +0100] "GET /phpunit/Util/PHP/eval-stdin.php HTTP/1.1" 404 376 "-" "Custom-AsyncHttpClient"
140.238.190.35 - - [07/Dec/2024:00:36:31 +0100] "GET /lib/phpunit/phpunit/src/Util/PHP/eval-stdin.php HTTP/1.1" 404 392 "-" "Custom-AsyncHttpClient"
140.238.190.35 - - [07/Dec/2024:00:36:36 +0100] "GET /lib/phpunit/phpunit/Util/PHP/eval-stdin.php HTTP/1.1" 404 388 "-" "Custom-AsyncHttpClient"
140.238.190.35 - - [07/Dec/2024:00:36:40 +0100] "GET /lib/phpunit/src/Util/PHP/eval-stdin.php HTTP/1.1" 404 384 "-" "Custom-AsyncHttpClient"
140.238.190.35 - - [07/Dec/2024:00:36:49 +0100] "GET /lib/phpunit/Util/PHP/eval-stdin.php HTTP/1.1" 404 380 "-" "Custom-AsyncHttpClient"
156.59.198.136 - - [07/Dec/2024:00:36:50 +0100] "GET /ed-test.2web.at/stats/lang/awstats-si.txt HTTP/1.0" 404 302 "-" "Mozilla/5.0 (Linux; Android 5.0) AppleWebKit/537.36 (KHTML, like Gecko) Mobile Safari/537.36 (compatible; Bytespider; spider-feedback@bytedance.com)"
140.238.190.35 - - [07/Dec/2024:00:36:51 +0100] "GET /lib/vendor/phpunit/phpunit/src/Util/PHP/eval-stdin.php HTTP/1.1" 404 399 "-" "Custom-AsyncHttpClient"
140.238.190.35 - - [07/Dec/2024:00:36:54 +0100] "GET /laravel/vendor/phpunit/phpunit/src/Util/PHP/eval-stdin.php HTTP/1.1" 404 403 "-" "Custom-AsyncHttpClient"
140.238.190.35 - - [07/Dec/2024:00:37:03 +0100] "GET /www/vendor/phpunit/phpunit/src/Util/PHP/eval-stdin.php HTTP/1.1" 404 399 "-" "Custom-AsyncHttpClient"
140.238.190.35 - - [07/Dec/2024:00:37:37 +0100] "GET /ws/vendor/phpunit/phpunit/src/Util/PHP/eval-stdin.php HTTP/1.1" 404 398 "-" "Custom-AsyncHttpClient"
179.43.133.122 - - [07/Dec/2024:00:40:18 +0100] "GET / HTTP/1.1" 200 274 "-" "Mozilla/5.0 (Windows NT 10.0; Win64; x64) AppleWebKit/537.36 (KHTML, like Gecko) Chrome/90.0.4430.85 Safari/537.36 Edg/90.0.818.46"
156.59.198.136 - - [07/Dec/2024:00:40:51 +0100] "GET /renault.activities.at/htdocs/activities/framework/KoolControls/KoolImageView/styles/silver/silver.xml HTTP/1.0" 404 337 "-" "Mozilla/5.0 (Linux; Android 5.0) AppleWebKit/537.36 (KHTML, like Gecko) Mobile Safari/537.36 (compatible; Bytespider; spider-feedback@bytedance.com)"
156.59.198.136 - - [07/Dec/2024:00:59:06 +0100] "GET /renault.2web.at/htdocs/binaries/renault-/rs-74-2016winter-check-und-service-tageanmeldungdoc.doc HTTP/1.0" 404 338 "-" "Mozilla/5.0 (Linux; Android 5.0) AppleWebKit/537.36 (KHTML, like Gecko) Mobile Safari/537.36 (compatible; Bytespider; spider-feedback@bytedance.com)"