194.165.16.10 - - [21/Dec/2024:01:01:08 +0100] "\x03" 400 383 "-" "-"
145.239.154.84 - - [21/Dec/2024:01:04:55 +0100] "\x16\x03" 400 383 "-" "-"
145.239.154.84 - - [21/Dec/2024:01:04:55 +0100] "HEAD / HTTP/1.1" 200 - "-" "Mozilla/5.0 (Windows NT 10.0; Win64; x64) AppleWebKit/537.36 (KHTML, like Gecko) Chrome/94.0.4606.81 Safari/537.36"
145.239.154.84 - - [21/Dec/2024:01:04:55 +0100] "GET /webui HTTP/1.1" 404 365 "-" "Mozilla/5.0 (Windows NT 10.0; Win64; x64) AppleWebKit/537.36 (KHTML, like Gecko) Chrome/94.0.4606.81 Safari/537.36"
145.239.154.84 - - [21/Dec/2024:01:04:55 +0100] "GET / HTTP/1.1" 200 423 "-" "Mozilla/5.0 (Windows NT 10.0; Win64; x64) AppleWebKit/537.36 (KHTML, like Gecko) Chrome/94.0.4606.81 Safari/537.36"
145.239.154.84 - - [21/Dec/2024:01:04:55 +0100] "GET / HTTP/1.1" 200 423 "-" "Mozilla/5.0 (Windows NT 10.0; Win64; x64) AppleWebKit/537.36 (KHTML, like Gecko) Chrome/94.0.4606.81 Safari/537.36"
145.239.154.84 - - [21/Dec/2024:01:04:55 +0100] "GET /webui HTTP/1.1" 404 365 "-" "Mozilla/5.0 (Windows NT 10.0; Win64; x64) AppleWebKit/537.36 (KHTML, like Gecko) Chrome/94.0.4606.81 Safari/537.36"
145.239.154.84 - - [21/Dec/2024:01:04:55 +0100] "GET /user HTTP/1.1" 404 364 "-" "Mozilla/5.0 (Windows NT 10.0; Win64; x64) AppleWebKit/537.36 (KHTML, like Gecko) Chrome/94.0.4606.81 Safari/537.36"
145.239.154.84 - - [21/Dec/2024:01:04:55 +0100] "GET / HTTP/1.1" 200 423 "-" "Mozilla/5.0 (Windows NT 10.0; Win64; x64) AppleWebKit/537.36 (KHTML, like Gecko) Chrome/94.0.4606.81 Safari/537.36"
145.239.154.84 - - [21/Dec/2024:01:04:55 +0100] "GET /user HTTP/1.1" 404 364 "-" "Mozilla/5.0 (Windows NT 10.0; Win64; x64) AppleWebKit/537.36 (KHTML, like Gecko) Chrome/94.0.4606.81 Safari/537.36"
145.239.154.84 - - [21/Dec/2024:01:04:56 +0100] "GET /owa/ HTTP/1.1" 404 364 "-" "Mozilla/5.0 (Windows NT 10.0; Win64; x64) AppleWebKit/537.36 (KHTML, like Gecko) Chrome/94.0.4606.81 Safari/537.36"
145.239.154.84 - - [21/Dec/2024:01:04:56 +0100] "GET /human.aspx?arg12=infotech HTTP/1.1" 404 370 "-" "Mozilla/5.0 (Windows NT 10.0; Win64; x64) AppleWebKit/537.36 (KHTML, like Gecko) Chrome/94.0.4606.81 Safari/537.36"
145.239.154.84 - - [21/Dec/2024:01:04:56 +0100] "GET /owa/ HTTP/1.1" 404 364 "-" "Mozilla/5.0 (Windows NT 10.0; Win64; x64) AppleWebKit/537.36 (KHTML, like Gecko) Chrome/94.0.4606.81 Safari/537.36"
145.239.154.84 - - [21/Dec/2024:01:04:56 +0100] "GET /human.aspx?arg12=infotech HTTP/1.1" 404 370 "-" "Mozilla/5.0 (Windows NT 10.0; Win64; x64) AppleWebKit/537.36 (KHTML, like Gecko) Chrome/94.0.4606.81 Safari/537.36"
145.239.154.84 - - [21/Dec/2024:01:04:56 +0100] "GET /dana-cached/hc/HostCheckerInstaller.osx HTTP/1.1" 404 399 "-" "Mozilla/5.0 (Windows NT 10.0; Win64; x64) AppleWebKit/537.36 (KHTML, like Gecko) Chrome/94.0.4606.81 Safari/537.36"
145.239.154.84 - - [21/Dec/2024:01:04:56 +0100] "GET /dana-na/nc/nc_gina_ver.txt HTTP/1.1" 404 386 "-" "Mozilla/5.0 (Windows NT 10.0; Win64; x64) AppleWebKit/537.36 (KHTML, like Gecko) Chrome/94.0.4606.81 Safari/537.36"
145.239.154.84 - - [21/Dec/2024:01:04:56 +0100] "GET /+CSCOE+/logon.html HTTP/1.1" 404 378 "-" "Mozilla/5.0 (Windows NT 10.0; Win64; x64) AppleWebKit/537.36 (KHTML, like Gecko) Chrome/94.0.4606.81 Safari/537.36"
145.239.154.84 - - [21/Dec/2024:01:04:56 +0100] "GET /CFIDE/componentutils/ HTTP/1.1" 404 381 "-" "Mozilla/5.0 (Windows NT 10.0; Win64; x64) AppleWebKit/537.36 (KHTML, like Gecko) Chrome/94.0.4606.81 Safari/537.36"
145.239.154.84 - - [21/Dec/2024:01:04:56 +0100] "GET /geoserver/index.html HTTP/1.1" 404 380 "-" "Mozilla/5.0 (Windows NT 10.0; Win64; x64) AppleWebKit/537.36 (KHTML, like Gecko) Chrome/94.0.4606.81 Safari/537.36"
145.239.154.84 - - [21/Dec/2024:01:04:56 +0100] "GET /geoserver/ HTTP/1.1" 404 370 "-" "Mozilla/5.0 (Windows NT 10.0; Win64; x64) AppleWebKit/537.36 (KHTML, like Gecko) Chrome/94.0.4606.81 Safari/537.36"
145.239.154.84 - - [21/Dec/2024:01:04:56 +0100] "GET /geoserver/web/wicket/bookmarkable/org.geoserver.web.AboutGeoServerPage HTTP/1.1" 404 430 "-" "Mozilla/5.0 (Windows NT 10.0; Win64; x64) AppleWebKit/537.36 (KHTML, like Gecko) Chrome/94.0.4606.81 Safari/537.36"
145.239.154.84 - - [21/Dec/2024:01:04:56 +0100] "GET /geoserver/web/wicket/bookmarkable/org.geoserver.web.AboutGeoServerPage HTTP/1.1" 404 430 "-" "Mozilla/5.0 (Windows NT 10.0; Win64; x64) AppleWebKit/537.36 (KHTML, like Gecko) Chrome/94.0.4606.81 Safari/537.36"
145.239.154.84 - - [21/Dec/2024:01:04:56 +0100] "GET /Account/Login HTTP/1.1" 404 373 "-" "Mozilla/5.0 (Windows NT 10.0; Win64; x64) AppleWebKit/537.36 (KHTML, like Gecko) Chrome/94.0.4606.81 Safari/537.36"
145.239.154.84 - - [21/Dec/2024:01:04:56 +0100] "GET /cgi-bin/info.cgi HTTP/1.1" 404 376 "-" "Mozilla/5.0 (Windows NT 10.0; Win64; x64) AppleWebKit/537.36 (KHTML, like Gecko) Chrome/94.0.4606.81 Safari/537.36"
145.239.154.84 - - [21/Dec/2024:01:04:56 +0100] "GET /xml/info.xml HTTP/1.1" 404 372 "-" "Mozilla/5.0 (Windows NT 10.0; Win64; x64) AppleWebKit/537.36 (KHTML, like Gecko) Chrome/94.0.4606.81 Safari/537.36"
145.239.154.84 - - [21/Dec/2024:01:04:56 +0100] "GET /magento_version HTTP/1.1" 404 375 "-" "Mozilla/5.0 (Windows NT 10.0; Win64; x64) AppleWebKit/537.36 (KHTML, like Gecko) Chrome/94.0.4606.81 Safari/537.36"
145.239.154.84 - - [21/Dec/2024:01:04:56 +0100] "GET /api/v1/check-version HTTP/1.1" 404 380 "-" "Mozilla/5.0 (Windows NT 10.0; Win64; x64) AppleWebKit/537.36 (KHTML, like Gecko) Chrome/94.0.4606.81 Safari/537.36"
145.239.154.84 - - [21/Dec/2024:01:04:57 +0100] "GET /fog/management/index.php?node=client&sub=logininfo HTTP/1.1" 404 384 "-" "Mozilla/5.0 (Windows NT 10.0; Win64; x64) AppleWebKit/537.36 (KHTML, like Gecko) Chrome/94.0.4606.81 Safari/537.36"
145.239.154.84 - - [21/Dec/2024:01:04:57 +0100] "GET /helpdesk/WebObjects/Helpdesk.woa HTTP/1.1" 404 392 "-" "Mozilla/5.0 (Windows NT 10.0; Win64; x64) AppleWebKit/537.36 (KHTML, like Gecko) Chrome/94.0.4606.81 Safari/537.36"
145.239.154.84 - - [21/Dec/2024:01:04:57 +0100] "GET /cluster/list.query HTTP/1.1" 404 378 "-" "Mozilla/5.0 (Windows NT 10.0; Win64; x64) AppleWebKit/537.36 (KHTML, like Gecko) Chrome/94.0.4606.81 Safari/537.36"
145.239.154.84 - - [21/Dec/2024:01:04:57 +0100] "GET /apps/zxtm/login.cgi HTTP/1.1" 404 379 "-" "Mozilla/5.0 (Windows NT 10.0; Win64; x64) AppleWebKit/537.36 (KHTML, like Gecko) Chrome/94.0.4606.81 Safari/537.36"
145.239.154.84 - - [21/Dec/2024:01:04:57 +0100] "GET /api/server/version HTTP/1.1" 404 378 "-" "Mozilla/5.0 (Windows NT 10.0; Win64; x64) AppleWebKit/537.36 (KHTML, like Gecko) Chrome/94.0.4606.81 Safari/537.36"
145.239.154.84 - - [21/Dec/2024:01:04:57 +0100] "GET /administrator/manifests/files/joomla.xml HTTP/1.1" 404 400 "-" "Mozilla/5.0 (Windows NT 10.0; Win64; x64) AppleWebKit/537.36 (KHTML, like Gecko) Chrome/94.0.4606.81 Safari/537.36"
145.239.154.84 - - [21/Dec/2024:01:04:57 +0100] "GET /language/en-GB/en-GB.xml HTTP/1.1" 404 384 "-" "Mozilla/5.0 (Windows NT 10.0; Win64; x64) AppleWebKit/537.36 (KHTML, like Gecko) Chrome/94.0.4606.81 Safari/537.36"
145.239.154.84 - - [21/Dec/2024:01:04:57 +0100] "GET /versa/login HTTP/1.1" 404 371 "-" "Mozilla/5.0 (Windows NT 10.0; Win64; x64) AppleWebKit/537.36 (KHTML, like Gecko) Chrome/94.0.4606.81 Safari/537.36"
145.239.154.84 - - [21/Dec/2024:01:04:57 +0100] "GET /login.html HTTP/1.1" 404 370 "-" "Mozilla/5.0 (Windows NT 10.0; Win64; x64) AppleWebKit/537.36 (KHTML, like Gecko) Chrome/94.0.4606.81 Safari/537.36"
156.59.198.135 - - [21/Dec/2024:01:05:35 +0100] "GET /renault.activities.at/htdocs/export/xml/data/orders/202109281503_RenOrder.xml HTTP/1.0" 404 329 "-" "Mozilla/5.0 (Linux; Android 5.0) AppleWebKit/537.36 (KHTML, like Gecko) Mobile Safari/537.36 (compatible; Bytespider; spider-feedback@bytedance.com)"
156.59.198.135 - - [21/Dec/2024:01:09:36 +0100] "GET /renault.2web.at/htdocs/binaries/10118689.pdf HTTP/1.0" 404 307 "-" "Mozilla/5.0 (Linux; Android 5.0) AppleWebKit/537.36 (KHTML, like Gecko) Mobile Safari/537.36 (compatible; Bytespider; spider-feedback@bytedance.com)"
77.90.22.141 - - [21/Dec/2024:01:12:10 +0100] "GET / HTTP/1.1" 200 423 "-" "-"
156.59.198.136 - - [21/Dec/2024:01:13:36 +0100] "GET /renault.2web.at/htdocs/binaries/10231944.pdf HTTP/1.0" 404 308 "-" "Mozilla/5.0 (Linux; Android 5.0) AppleWebKit/537.36 (KHTML, like Gecko) Mobile Safari/537.36 (compatible; Bytespider; spider-feedback@bytedance.com)"
156.59.198.136 - - [21/Dec/2024:01:17:36 +0100] "GET /ed-test.activities.at/stats/lang/awstats-tw.txt HTTP/1.0" 404 306 "-" "Mozilla/5.0 (Linux; Android 5.0) AppleWebKit/537.36 (KHTML, like Gecko) Mobile Safari/537.36 (compatible; Bytespider; spider-feedback@bytedance.com)"
156.59.198.135 - - [21/Dec/2024:01:21:36 +0100] "GET /renault.activities.at/htdocs/export/xml/data/orders/202010201503_RenOrder.xml HTTP/1.0" 404 327 "-" "Mozilla/5.0 (Linux; Android 5.0) AppleWebKit/537.36 (KHTML, like Gecko) Mobile Safari/537.36 (compatible; Bytespider; spider-feedback@bytedance.com)"
89.217.53.239 - - [21/Dec/2024:01:23:18 +0100] "GET / HTTP/1.0" 200 423 "-" "Mozilla/5.0 (Linux; U; Android 4.0.3; ko-kr; LG-L160L Build/IML74K) AppleWebkit/534.30 (KHTML, like Gecko) Version/4.0 Mobile Safari/534.30"
156.59.198.136 - - [21/Dec/2024:01:25:37 +0100] "GET /renault.activities.at/htdocs/export/xml/data/orders/202111081503_RenOrder.xml HTTP/1.0" 404 328 "-" "Mozilla/5.0 (Linux; Android 5.0) AppleWebKit/537.36 (KHTML, like Gecko) Mobile Safari/537.36 (compatible; Bytespider; spider-feedback@bytedance.com)"
156.59.198.136 - - [21/Dec/2024:01:29:36 +0100] "GET /ed-test.activities.at/stats/lang/awstats-is.txt HTTP/1.0" 404 306 "-" "Mozilla/5.0 (Linux; Android 5.0) AppleWebKit/537.36 (KHTML, like Gecko) Mobile Safari/537.36 (compatible; Bytespider; spider-feedback@bytedance.com)"
156.59.198.135 - - [21/Dec/2024:01:33:36 +0100] "GET /renault.2web.at/htdocs/binaries/10044340.pdf HTTP/1.0" 404 308 "-" "Mozilla/5.0 (Linux; Android 5.0) AppleWebKit/537.36 (KHTML, like Gecko) Mobile Safari/537.36 (compatible; Bytespider; spider-feedback@bytedance.com)"
156.59.198.136 - - [21/Dec/2024:01:37:37 +0100] "GET /renault.2web.at/htdocs/binaries/renault-/stellwaende03280x150finalpdf.pdf HTTP/1.0" 404 324 "-" "Mozilla/5.0 (Linux; Android 5.0) AppleWebKit/537.36 (KHTML, like Gecko) Mobile Safari/537.36 (compatible; Bytespider; spider-feedback@bytedance.com)"
156.59.198.136 - - [21/Dec/2024:01:52:25 +0100] "GET /renault.2web.at/htdocs/binaries/10089015.pdf HTTP/1.0" 404 307 "-" "Mozilla/5.0 (Linux; Android 5.0) AppleWebKit/537.36 (KHTML, like Gecko) Mobile Safari/537.36 (compatible; Bytespider; spider-feedback@bytedance.com)"
156.59.198.136 - - [21/Dec/2024:01:56:24 +0100] "GET /renault.activities.at/htdocs/export/xml/data/orders/202101051003_RenOrder.xml HTTP/1.0" 404 328 "-" "Mozilla/5.0 (Linux; Android 5.0) AppleWebKit/537.36 (KHTML, like Gecko) Mobile Safari/537.36 (compatible; Bytespider; spider-feedback@bytedance.com)"
95.214.55.32 - - [21/Dec/2024:02:06:21 +0100] "GET / HTTP/1.1" 200 423 "-" "-"
156.59.198.135 - - [21/Dec/2024:02:08:26 +0100] "GET /ed-test.activities.at/stats/lang/awstats-ru.txt HTTP/1.0" 404 306 "-" "Mozilla/5.0 (Linux; Android 5.0) AppleWebKit/537.36 (KHTML, like Gecko) Mobile Safari/537.36 (compatible; Bytespider; spider-feedback@bytedance.com)"
154.213.187.122 - - [21/Dec/2024:02:11:19 +0100] "GET /login.rsp HTTP/1.1" 404 354 "-" "Hello World"
156.59.198.135 - - [21/Dec/2024:02:12:26 +0100] "GET /renault.2web.at/htdocs/binaries/10052852.pdf HTTP/1.0" 404 308 "-" "Mozilla/5.0 (Linux; Android 5.0) AppleWebKit/537.36 (KHTML, like Gecko) Mobile Safari/537.36 (compatible; Bytespider; spider-feedback@bytedance.com)"
185.191.126.213 - - [21/Dec/2024:02:31:24 +0100] "GET / HTTP/1.1" 200 423 "-" "-"
59.183.96.229 - - [21/Dec/2024:02:32:27 +0100] "GET / HTTP/1.1" 200 423 "-" "Mozilla/5.0 (Windows NT 10.0; WOW64) AppleWebKit/537.36 (KHTML, like Gecko) Chrome/51.0.2704.103 Safari/537.36"
154.213.187.122 - - [21/Dec/2024:02:42:35 +0100] "GET /login.rsp HTTP/1.1" 404 354 "-" "Hello World"
46.19.138.234 - - [21/Dec/2024:02:46:26 +0100] "GET / HTTP/1.1" 200 274 "-" "Mozilla/5.0 (Windows NT 10.0; Win64; x64) AppleWebKit/537.36 (KHTML, like Gecko) Chrome/90.0.4430.85 Safari/537.36 Edg/90.0.818.46"
79.0.91.180 - - [21/Dec/2024:02:59:45 +0100] "GET / HTTP/1.0" 200 423 "-" "-"
64.62.156.85 - - [21/Dec/2024:03:02:13 +0100] "GET / HTTP/1.1" 200 274 "-" "Mozilla/5.0 (Macintosh; Intel Mac OS X 10_15_7) AppleWebKit/605.1.15 (KHTML, like Gecko) Version/17.3 Safari/605.1.15"
156.59.198.136 - - [21/Dec/2024:03:03:08 +0100] "GET /renault.activities.at/htdocs/pinEdit/editor/help/userhelp-Dateien/image107.jpg HTTP/1.0" 404 328 "-" "Mozilla/5.0 (Linux; Android 5.0) AppleWebKit/537.36 (KHTML, like Gecko) Mobile Safari/537.36 (compatible; Bytespider; spider-feedback@bytedance.com)"
64.62.156.91 - - [21/Dec/2024:03:04:37 +0100] "GET /favicon.ico HTTP/1.1" 404 284 "-" "Mozilla/5.0 (Windows NT 10.0; Win64; x64) AppleWebKit/537.36 (KHTML, like Gecko) Chrome/109.0.0.0 Safari/537.36 OPR/95.0.0.0 (Edition Yx 05)"
64.62.156.81 - - [21/Dec/2024:03:05:14 +0100] "GET /geoserver/web/ HTTP/1.1" 404 284 "-" "Mozilla/5.0 (Macintosh; Intel Mac OS X 10_15_7) AppleWebKit/605.1.15 (KHTML, like Gecko) Version/17.3 Safari/605.1.15"
64.62.156.90 - - [21/Dec/2024:03:06:05 +0100] "GET /info.php HTTP/1.1" 404 283 "-" "Mozilla/5.0 (Macintosh; Intel Mac OS X 10_15_7) AppleWebKit/605.1.15 (KHTML, like Gecko) Version/17.3 Safari/605.1.15"
64.62.156.88 - - [21/Dec/2024:03:06:16 +0100] "GET /phpinfo.php HTTP/1.1" 200 10250 "-" "Mozilla/5.0 (Windows NT 10.0; Win64; x64) AppleWebKit/537.36 (KHTML, like Gecko) Chrome/119.0.6045.160 Safari/537.36"
64.62.156.90 - - [21/Dec/2024:03:06:18 +0100] "GET /dashboard/phpinfo.php HTTP/1.1" 404 290 "-" "Mozilla/5.0 (X11; Linux x86_64; rv:124.0) Gecko/20100101 Firefox/124.0"
156.59.198.135 - - [21/Dec/2024:03:07:08 +0100] "GET /renault.activities.at/htdocs/dompdf-master/www/test/images/vblank.gif HTTP/1.0" 404 325 "-" "Mozilla/5.0 (Linux; Android 5.0) AppleWebKit/537.36 (KHTML, like Gecko) Mobile Safari/537.36 (compatible; Bytespider; spider-feedback@bytedance.com)"
109.199.114.134 - - [21/Dec/2024:03:11:22 +0100] "GET / HTTP/1.1" 200 423 "-" "Mozilla/5.0 (Windows NT 10.0; Win64; x64) AppleWebKit/537.36 (KHTML, like Gecko) Chrome/91.0.4472.124 Safari/537.36"
156.59.198.136 - - [21/Dec/2024:03:18:33 +0100] "GET /renault.activities.at/htdocs/export/xml/data/orders/202011251403_RenOrder.xml HTTP/1.0" 404 329 "-" "Mozilla/5.0 (Linux; Android 5.0) AppleWebKit/537.36 (KHTML, like Gecko) Mobile Safari/537.36 (compatible; Bytespider; spider-feedback@bytedance.com)"
185.242.226.116 - - [21/Dec/2024:03:24:12 +0100] "GET / HTTP/1.1" 200 274 "-" "Mozilla/5.0 (Windows NT 10.0; Win64; x64) AppleWebKit/537.36 (KHTML, like Gecko) Chrome/88.0.4324.190 Safari/537.36"
167.94.138.197 - - [21/Dec/2024:03:31:06 +0100] "GET / HTTP/1.1" 200 274 "-" "Mozilla/5.0 (compatible; CensysInspect/1.1; +https://about.censys.io/)"
167.94.138.197 - - [21/Dec/2024:03:31:10 +0100] "GET /activities.ico HTTP/1.1" 200 1406 "-" "Mozilla/5.0 (compatible; CensysInspect/1.1; +https://about.censys.io/)"
167.94.138.197 - - [21/Dec/2024:03:31:12 +0100] "GET /favicon.ico HTTP/1.1" 404 284 "-" "Mozilla/5.0 (compatible; CensysInspect/1.1; +https://about.censys.io/)"
167.94.138.197 - - [21/Dec/2024:03:31:14 +0100] "PRI * HTTP/2.0" 400 383 "-" "-"
95.214.53.205 - - [21/Dec/2024:03:49:30 +0100] "GET / HTTP/1.1" 200 274 "-" "Mozilla/5.0 (Windows NT 10.0; Win64; x64) AppleWebKit/537.36 (KHTML, like Gecko) Chrome/90.0.4430.85 Safari/537.36 Edg/90.0.818.46"
156.59.198.135 - - [21/Dec/2024:03:54:14 +0100] "GET /renault.2web.at/htdocs/binaries/10462863.pdf HTTP/1.0" 404 308 "-" "Mozilla/5.0 (Linux; Android 5.0) AppleWebKit/537.36 (KHTML, like Gecko) Mobile Safari/537.36 (compatible; Bytespider; spider-feedback@bytedance.com)"
156.59.198.136 - - [21/Dec/2024:03:58:14 +0100] "GET /ed-test.activities.at/stats/lang/awstats-it.txt HTTP/1.0" 404 306 "-" "Mozilla/5.0 (Linux; Android 5.0) AppleWebKit/537.36 (KHTML, like Gecko) Mobile Safari/537.36 (compatible; Bytespider; spider-feedback@bytedance.com)"
156.59.198.135 - - [21/Dec/2024:04:02:14 +0100] "GET /renault.2web.at/htdocs/binaries/10485654.pdf HTTP/1.0" 404 308 "-" "Mozilla/5.0 (Linux; Android 5.0) AppleWebKit/537.36 (KHTML, like Gecko) Mobile Safari/537.36 (compatible; Bytespider; spider-feedback@bytedance.com)"
156.59.198.135 - - [21/Dec/2024:04:11:37 +0100] "GET /renault.activities.at/htdocs/export/xml/data/orders/202007221303_RenOrder.xml HTTP/1.0" 404 329 "-" "Mozilla/5.0 (Linux; Android 5.0) AppleWebKit/537.36 (KHTML, like Gecko) Mobile Safari/537.36 (compatible; Bytespider; spider-feedback@bytedance.com)"
156.59.198.136 - - [21/Dec/2024:04:17:11 +0100] "GET /ed-test.activities.at/stats/lang/awstats-nl.txt HTTP/1.0" 404 306 "-" "Mozilla/5.0 (Linux; Android 5.0) AppleWebKit/537.36 (KHTML, like Gecko) Mobile Safari/537.36 (compatible; Bytespider; spider-feedback@bytedance.com)"
156.59.198.136 - - [21/Dec/2024:04:21:12 +0100] "GET /ed-test.activities.at/stats/lang/awstats-tr.txt HTTP/1.0" 404 306 "-" "Mozilla/5.0 (Linux; Android 5.0) AppleWebKit/537.36 (KHTML, like Gecko) Mobile Safari/537.36 (compatible; Bytespider; spider-feedback@bytedance.com)"
154.213.187.237 - - [21/Dec/2024:04:27:35 +0100] "GET /login.rsp HTTP/1.1" 404 354 "-" "Hello World"
87.120.120.35 - - [21/Dec/2024:04:34:27 +0100] "GET //.env HTTP/1.1" 404 280 "-" "Go-http-client/1.1"
178.215.236.240 - - [21/Dec/2024:04:41:26 +0100] "GET /.git/config HTTP/1.1" 404 285 "-" "Mozilla/5.0 (Linux; Android 9; VTR-AL00 Build/HUAWEIVTR-AL00; wv) AppleWebKit/537.36 (KHTML, like Gecko) Version/4.0 Chrome/66.0.3359.126 MQQBrowser/6.2 TBS/044807 Mobile Safari/537.36 MMWEBID/6475 MicroMessenger/7.0.6.1460(0x27000634) Process/tools NetType/4G Language/zh_CN"
156.59.198.136 - - [21/Dec/2024:04:45:00 +0100] "GET /renault.activities.at/htdocs/export/xml/data/orders/202011101003_RenOrder.xml HTTP/1.0" 404 328 "-" "Mozilla/5.0 (Linux; Android 5.0) AppleWebKit/537.36 (KHTML, like Gecko) Mobile Safari/537.36 (compatible; Bytespider; spider-feedback@bytedance.com)"
93.174.93.12 - - [21/Dec/2024:04:46:01 +0100] "GET / HTTP/1.0" 200 423 "-" "Mozilla/5.0 (Windows NT 10.0; WOW64) AppleWebKit/537.36 (KHTML, like Gecko) Chrome/70.0.3538.25 Safari/537.36 Core/1.70.3722.400 QQBrowser/10.5.3763.400"
156.59.198.135 - - [21/Dec/2024:04:50:41 +0100] "GET /ed-test.activities.at/stats/lang/awstats-es.txt HTTP/1.0" 404 306 "-" "Mozilla/5.0 (Linux; Android 5.0) AppleWebKit/537.36 (KHTML, like Gecko) Mobile Safari/537.36 (compatible; Bytespider; spider-feedback@bytedance.com)"
205.210.31.133 - - [21/Dec/2024:04:54:50 +0100] "GET / HTTP/1.1" 200 423 "-" "-"
172.206.143.177 - - [21/Dec/2024:05:05:24 +0100] "GET / HTTP/1.1" 200 274 "-" "Mozilla/5.0 zgrab/0.x"
201.20.85.123 - - [21/Dec/2024:05:15:45 +0100] "GET /version HTTP/1.1" 404 352 "-" "Mozilla/5.0 (iPhone; CPU iPhone OS 17_5_1 like Mac OS X) AppleWebKit/605.1.15 (KHTML, like Gecko) Version/17.4.1 Mobile/15E148 Safari/604.1"
201.20.85.123 - - [21/Dec/2024:05:15:45 +0100] "GET /containers/json HTTP/1.1" 404 360 "-" "Mozilla/5.0 (iPhone; CPU iPhone OS 17_5_1 like Mac OS X) AppleWebKit/605.1.15 (KHTML, like Gecko) Version/17.4.1 Mobile/15E148 Safari/604.1"
201.20.85.123 - - [21/Dec/2024:05:15:46 +0100] "GET / HTTP/1.1" 200 423 "-" "Mozilla/5.0 (iPhone; CPU iPhone OS 17_5_1 like Mac OS X) AppleWebKit/605.1.15 (KHTML, like Gecko) Version/17.4.1 Mobile/15E148 Safari/604.1"
201.20.85.123 - - [21/Dec/2024:05:15:46 +0100] "GET /.env HTTP/1.1" 404 349 "-" "Mozilla/5.0 (iPhone; CPU iPhone OS 17_5_1 like Mac OS X) AppleWebKit/605.1.15 (KHTML, like Gecko) Version/17.4.1 Mobile/15E148 Safari/604.1"
201.20.85.123 - - [21/Dec/2024:05:15:47 +0100] "GET /config/aws.yml HTTP/1.1" 404 359 "-" "Mozilla/5.0 (iPhone; CPU iPhone OS 17_5_1 like Mac OS X) AppleWebKit/605.1.15 (KHTML, like Gecko) Version/17.4.1 Mobile/15E148 Safari/604.1"
201.20.85.123 - - [21/Dec/2024:05:15:47 +0100] "GET /aws.yml HTTP/1.1" 404 352 "-" "Mozilla/5.0 (iPhone; CPU iPhone OS 17_5_1 like Mac OS X) AppleWebKit/605.1.15 (KHTML, like Gecko) Version/17.4.1 Mobile/15E148 Safari/604.1"
201.20.85.123 - - [21/Dec/2024:05:15:48 +0100] "GET /.env.bak HTTP/1.1" 404 353 "-" "Mozilla/5.0 (iPhone; CPU iPhone OS 17_5_1 like Mac OS X) AppleWebKit/605.1.15 (KHTML, like Gecko) Version/17.4.1 Mobile/15E148 Safari/604.1"
201.20.85.123 - - [21/Dec/2024:05:15:48 +0100] "\x16\x03\x01" 400 383 "-" "-"
201.20.85.123 - - [21/Dec/2024:05:15:48 +0100] "\x16\x03\x01" 400 383 "-" "-"
201.20.85.123 - - [21/Dec/2024:05:15:49 +0100] "\x16\x03\x01" 400 383 "-" "-"
201.20.85.123 - - [21/Dec/2024:05:15:49 +0100] "\x16\x03\x01" 400 383 "-" "-"
201.20.85.123 - - [21/Dec/2024:05:15:50 +0100] "\x16\x03\x01" 400 383 "-" "-"
201.20.85.123 - - [21/Dec/2024:05:15:51 +0100] "\x16\x03\x01" 400 383 "-" "-"
45.79.120.183 - - [21/Dec/2024:05:24:17 +0100] "\x16\x03\x01" 400 383 "-" "-"
45.79.120.183 - - [21/Dec/2024:05:24:27 +0100] "GET / HTTP/1.1" 200 274 "-" "Mozilla/5.0 (X11; Linux x86_64) AppleWebKit/537.36 (KHTML, like Gecko) Chrome/60.0.3112.32 Safari/537.36"
45.79.120.183 - - [21/Dec/2024:05:24:49 +0100] "GET /activities.ico HTTP/1.1" 200 1406 "-" "Mozilla/5.0 (X11; Linux x86_64) AppleWebKit/537.36 (KHTML, like Gecko) Chrome/60.0.3112.32 Safari/537.36"
156.59.198.135 - - [21/Dec/2024:05:35:38 +0100] "GET /ed-test.activities.at/stats/lang/awstats-ca.txt HTTP/1.0" 404 306 "-" "Mozilla/5.0 (Linux; Android 5.0) AppleWebKit/537.36 (KHTML, like Gecko) Mobile Safari/537.36 (compatible; Bytespider; spider-feedback@bytedance.com)"
77.90.22.145 - - [21/Dec/2024:05:36:51 +0100] "GET / HTTP/1.1" 200 423 "-" "-"
156.59.198.135 - - [21/Dec/2024:05:47:02 +0100] "GET /renault.activities.at/htdocs/export/xml/data/orders/202102011403_RenOrder.xml HTTP/1.0" 404 328 "-" "Mozilla/5.0 (Linux; Android 5.0) AppleWebKit/537.36 (KHTML, like Gecko) Mobile Safari/537.36 (compatible; Bytespider; spider-feedback@bytedance.com)"
156.59.198.136 - - [21/Dec/2024:05:51:03 +0100] "GET /renault.2web.at/htdocs/binaries/10009028.pdf HTTP/1.0" 404 307 "-" "Mozilla/5.0 (Linux; Android 5.0) AppleWebKit/537.36 (KHTML, like Gecko) Mobile Safari/537.36 (compatible; Bytespider; spider-feedback@bytedance.com)"
101.47.73.76 - - [21/Dec/2024:06:00:40 +0100] "POST /cgi-bin/.%2e/.%2e/.%2e/.%2e/.%2e/.%2e/.%2e/.%2e/.%2e/.%2e/bin/sh HTTP/1.1" 400 373 "-" "Custom-AsyncHttpClient"
156.59.198.136 - - [21/Dec/2024:06:11:04 +0100] "GET /renault.activities.at/htdocs/export/xml/data/orders/202109241603_RenOrder.xml HTTP/1.0" 404 329 "-" "Mozilla/5.0 (Linux; Android 5.0) AppleWebKit/537.36 (KHTML, like Gecko) Mobile Safari/537.36 (compatible; Bytespider; spider-feedback@bytedance.com)"
74.82.47.3 - - [21/Dec/2024:06:33:17 +0100] "\x16\x03\x01" 400 383 "-" "-"
172.206.146.193 - - [21/Dec/2024:06:35:15 +0100] "MGLNDD_212.69.160.11_80" 400 383 "-" "-"
156.59.198.135 - - [21/Dec/2024:06:47:33 +0100] "GET /renault.activities.at/htdocs/export/xml/data/orders/201911251603_RenOrder.xml HTTP/1.0" 404 329 "-" "Mozilla/5.0 (Linux; Android 5.0) AppleWebKit/537.36 (KHTML, like Gecko) Mobile Safari/537.36 (compatible; Bytespider; spider-feedback@bytedance.com)"
95.214.55.79 - - [21/Dec/2024:06:48:09 +0100] "GET / HTTP/1.1" 200 274 "-" "Mozilla/5.0 (Windows NT 10.0; Win64; x64) AppleWebKit/537.36 (KHTML, like Gecko) Chrome/90.0.4430.85 Safari/537.36 Edg/90.0.818.46"
156.59.198.136 - - [21/Dec/2024:06:51:33 +0100] "GET /renault.activities.at/htdocs/export/xml/data/orders/202108061003_RenOrder.xml HTTP/1.0" 404 329 "-" "Mozilla/5.0 (Linux; Android 5.0) AppleWebKit/537.36 (KHTML, like Gecko) Mobile Safari/537.36 (compatible; Bytespider; spider-feedback@bytedance.com)"
156.59.198.136 - - [21/Dec/2024:06:55:33 +0100] "GET /renault.2web.at/htdocs/binaries/10279221.pdf HTTP/1.0" 404 308 "-" "Mozilla/5.0 (Linux; Android 5.0) AppleWebKit/537.36 (KHTML, like Gecko) Mobile Safari/537.36 (compatible; Bytespider; spider-feedback@bytedance.com)"
198.235.24.209 - - [21/Dec/2024:07:00:40 +0100] "GET / HTTP/1.0" 200 423 "-" "Expanse, a Palo Alto Networks company, searches across the global IPv4 space multiple times per day to identify customers' presences on the Internet. If you would like to be excluded from our scans, please send IP addresses/domains to: scaninfo@paloaltonetworks.com"
156.59.198.135 - - [21/Dec/2024:07:15:03 +0100] "GET /renault.activities.at/htdocs/export/xml/data/orders/202005181503_RenOrder.xml HTTP/1.0" 404 329 "-" "Mozilla/5.0 (Linux; Android 5.0) AppleWebKit/537.36 (KHTML, like Gecko) Mobile Safari/537.36 (compatible; Bytespider; spider-feedback@bytedance.com)"
80.82.77.202 - - [21/Dec/2024:07:18:57 +0100] "GET / HTTP/1.0" 200 423 "-" "Mozilla/5.0 (Macintosh; Intel Mac OS X 10_10_2) AppleWebKit/537.36 (KHTML, like Gecko) Chrome/41.0.2272.118 Safari/537.36 OPR/28.0.1750.51"
156.59.198.136 - - [21/Dec/2024:07:19:03 +0100] "GET /ed-test.activities.at/stats/lang/awstats-ua.txt HTTP/1.0" 404 306 "-" "Mozilla/5.0 (Linux; Android 5.0) AppleWebKit/537.36 (KHTML, like Gecko) Mobile Safari/537.36 (compatible; Bytespider; spider-feedback@bytedance.com)"
156.59.198.136 - - [21/Dec/2024:07:23:03 +0100] "GET /renault.activities.at/htdocs/pinEdit/editor/help/userhelp-Dateien/image081.jpg HTTP/1.0" 404 327 "-" "Mozilla/5.0 (Linux; Android 5.0) AppleWebKit/537.36 (KHTML, like Gecko) Mobile Safari/537.36 (compatible; Bytespider; spider-feedback@bytedance.com)"
156.59.198.136 - - [21/Dec/2024:07:27:04 +0100] "GET /renault.activities.at/htdocs/export/xml/data/orders/202106171403_RenOrder.xml HTTP/1.0" 404 330 "-" "Mozilla/5.0 (Linux; Android 5.0) AppleWebKit/537.36 (KHTML, like Gecko) Mobile Safari/537.36 (compatible; Bytespider; spider-feedback@bytedance.com)"
156.59.198.136 - - [21/Dec/2024:07:31:05 +0100] "GET /ed-test.activities.at/stats/lang/awstats-lv.txt HTTP/1.0" 404 306 "-" "Mozilla/5.0 (Linux; Android 5.0) AppleWebKit/537.36 (KHTML, like Gecko) Mobile Safari/537.36 (compatible; Bytespider; spider-feedback@bytedance.com)"
156.59.198.135 - - [21/Dec/2024:07:39:55 +0100] "GET /renault.2web.at/htdocs/binaries/renault-/rs-1232017-fr.pdf HTTP/1.0" 404 314 "-" "Mozilla/5.0 (Linux; Android 5.0) AppleWebKit/537.36 (KHTML, like Gecko) Mobile Safari/537.36 (compatible; Bytespider; spider-feedback@bytedance.com)"
156.59.198.136 - - [21/Dec/2024:07:43:55 +0100] "GET /renault.2web.at/htdocs/binaries/10661427.pdf HTTP/1.0" 404 308 "-" "Mozilla/5.0 (Linux; Android 5.0) AppleWebKit/537.36 (KHTML, like Gecko) Mobile Safari/537.36 (compatible; Bytespider; spider-feedback@bytedance.com)"
156.59.198.136 - - [21/Dec/2024:07:47:56 +0100] "GET /ed-test.activities.at/stats/lang/awstats-et.txt HTTP/1.0" 404 306 "-" "Mozilla/5.0 (Linux; Android 5.0) AppleWebKit/537.36 (KHTML, like Gecko) Mobile Safari/537.36 (compatible; Bytespider; spider-feedback@bytedance.com)"
77.90.22.145 - - [21/Dec/2024:07:57:13 +0100] "GET / HTTP/1.1" 200 423 "-" "-"
156.59.198.136 - - [21/Dec/2024:08:07:58 +0100] "GET /renault.activities.at/htdocs/export/xml/data/orders/201912131003_RenOrder.xml HTTP/1.0" 404 328 "-" "Mozilla/5.0 (Linux; Android 5.0) AppleWebKit/537.36 (KHTML, like Gecko) Mobile Safari/537.36 (compatible; Bytespider; spider-feedback@bytedance.com)"
156.59.198.136 - - [21/Dec/2024:08:15:58 +0100] "GET /ed-test.activities.at/stats/lang/awstats-sr.txt HTTP/1.0" 404 306 "-" "Mozilla/5.0 (Linux; Android 5.0) AppleWebKit/537.36 (KHTML, like Gecko) Mobile Safari/537.36 (compatible; Bytespider; spider-feedback@bytedance.com)"
102.212.40.120 - - [21/Dec/2024:08:16:55 +0100] "GET /boaform/admin/formLogin?username=adminisp&psd=adminisp HTTP/1.0" 404 378 "-" "-"
95.214.55.74 - - [21/Dec/2024:08:18:06 +0100] "GET /cgi-bin/luci/;stok=/locale HTTP/1.1" 404 371 "-" "-"
141.98.11.155 - - [21/Dec/2024:08:27:09 +0100] "GET / HTTP/1.1" 200 423 "-" "-"
4.151.38.55 - - [21/Dec/2024:08:34:41 +0100] "GET /ReportServer HTTP/1.1" 404 282 "-" "Mozilla/5.0 zgrab/0.x"
144.21.61.202 - - [21/Dec/2024:08:41:43 +0100] "GET / HTTP/1.1" 200 423 "-" "-"
144.21.61.202 - - [21/Dec/2024:08:41:44 +0100] "GET / HTTP/1.1" 200 423 "-" "-"
144.21.61.202 - - [21/Dec/2024:08:41:44 +0100] "GET / HTTP/1.1" 200 423 "-" "-"
144.21.61.202 - - [21/Dec/2024:08:41:44 +0100] "GET / HTTP/1.1" 200 423 "-" "-"
144.21.61.202 - - [21/Dec/2024:08:41:44 +0100] "GET / HTTP/1.1" 200 423 "-" "-"
156.59.198.135 - - [21/Dec/2024:08:55:32 +0100] "GET /ed-test.activities.at/stats/lang/awstats-hu.txt HTTP/1.0" 404 306 "-" "Mozilla/5.0 (Linux; Android 5.0) AppleWebKit/537.36 (KHTML, like Gecko) Mobile Safari/537.36 (compatible; Bytespider; spider-feedback@bytedance.com)"
46.19.138.234 - - [21/Dec/2024:08:57:59 +0100] "GET / HTTP/1.1" 200 274 "-" "Mozilla/5.0 (Windows NT 10.0; Win64; x64) AppleWebKit/537.36 (KHTML, like Gecko) Chrome/90.0.4430.85 Safari/537.36 Edg/90.0.818.46"
188.163.104.139 - - [21/Dec/2024:09:03:02 +0100] "GET / HTTP/1.1" 200 423 "-" "Mozilla/5.0 (Windows NT 10.0; WOW64) AppleWebKit/537.36 (KHTML, like Gecko) Chrome/52.0.2743.116 Safari/537.36"
156.59.198.135 - - [21/Dec/2024:09:26:29 +0100] "GET /renault.activities.at/htdocs/pinEdit/editor/dialogs/list_square.png HTTP/1.0" 404 320 "-" "Mozilla/5.0 (Linux; Android 5.0) AppleWebKit/537.36 (KHTML, like Gecko) Mobile Safari/537.36 (compatible; Bytespider; spider-feedback@bytedance.com)"
3.15.177.251 - - [21/Dec/2024:09:29:00 +0100] "GET / HTTP/1.1" 200 274 "-" "Mozilla/5.0 (Macintosh; Intel Mac OS X 10_15_7) AppleWebKit/537.36 (KHTML, like Gecko) Chrome/126.0.0.0 Safari/537.36"
156.59.198.136 - - [21/Dec/2024:09:30:29 +0100] "GET /renault.activities.at/htdocs/ewp/ew_includes/popups/ew_images/image_map.png HTTP/1.0" 404 325 "-" "Mozilla/5.0 (Linux; Android 5.0) AppleWebKit/537.36 (KHTML, like Gecko) Mobile Safari/537.36 (compatible; Bytespider; spider-feedback@bytedance.com)"
147.185.132.93 - - [21/Dec/2024:09:40:01 +0100] "\x16\x03\x01" 400 383 "-" "-"
147.185.132.93 - - [21/Dec/2024:09:40:01 +0100] "\x16\x03\x01" 400 383 "-" "-"
156.59.198.135 - - [21/Dec/2024:09:41:19 +0100] "GET /renault.activities.at/htdocs/export/xml/data/orders/202106281203_RenOrder.xml HTTP/1.0" 404 329 "-" "Mozilla/5.0 (Linux; Android 5.0) AppleWebKit/537.36 (KHTML, like Gecko) Mobile Safari/537.36 (compatible; Bytespider; spider-feedback@bytedance.com)"
95.214.55.32 - - [21/Dec/2024:09:53:37 +0100] "GET / HTTP/1.1" 200 423 "-" "-"
87.120.115.119 - - [21/Dec/2024:09:58:20 +0100] "GET /.git/config HTTP/1.1" 404 285 "-" "Mozilla/5.0 (iPhone; CPU iPhone OS 12_3_1 like Mac OS X) AppleWebKit/605.1.15 (KHTML, like Gecko) Version/12.1.1 Mobile/15E148 Safari/604.1"
156.59.198.135 - - [21/Dec/2024:10:16:12 +0100] "GET /renault.2web.at/htdocs/binaries/10004943.pdf HTTP/1.0" 404 308 "-" "Mozilla/5.0 (Linux; Android 5.0) AppleWebKit/537.36 (KHTML, like Gecko) Mobile Safari/537.36 (compatible; Bytespider; spider-feedback@bytedance.com)"
80.94.95.157 - - [21/Dec/2024:10:20:05 +0100] "\x16\x03\x01" 400 383 "-" "-"
80.94.95.157 - - [21/Dec/2024:10:20:06 +0100] "\x16\x03\x01" 400 383 "-" "-"
80.94.95.157 - - [21/Dec/2024:10:20:06 +0100] "\x16\x03\x01" 400 383 "-" "-"
80.94.95.157 - - [21/Dec/2024:10:20:07 +0100] "\x16\x03\x01" 400 383 "-" "-"
80.94.95.157 - - [21/Dec/2024:10:20:07 +0100] "\x16\x03\x01" 400 383 "-" "-"
80.94.95.157 - - [21/Dec/2024:10:20:09 +0100] "\x16\x03\x01" 400 383 "-" "-"
80.94.95.157 - - [21/Dec/2024:10:20:09 +0100] "\x16\x03\x01" 400 383 "-" "-"
80.94.95.157 - - [21/Dec/2024:10:20:10 +0100] "\x16\x03\x01" 400 383 "-" "-"
156.59.198.136 - - [21/Dec/2024:10:20:12 +0100] "GET /ed-test.activities.at/stats/lang/awstats-cy.txt HTTP/1.0" 404 306 "-" "Mozilla/5.0 (Linux; Android 5.0) AppleWebKit/537.36 (KHTML, like Gecko) Mobile Safari/537.36 (compatible; Bytespider; spider-feedback@bytedance.com)"
156.59.198.135 - - [21/Dec/2024:10:24:12 +0100] "GET /ed-test.activities.at/stats/lang/awstats-fr.txt HTTP/1.0" 404 306 "-" "Mozilla/5.0 (Linux; Android 5.0) AppleWebKit/537.36 (KHTML, like Gecko) Mobile Safari/537.36 (compatible; Bytespider; spider-feedback@bytedance.com)"
147.185.132.121 - - [21/Dec/2024:10:24:34 +0100] "GET / HTTP/1.1" 200 274 "-" "Expanse, a Palo Alto Networks company, searches across the global IPv4 space multiple times per day to identify customers' presences on the Internet. If you would like to be excluded from our scans, please send IP addresses/domains to: scaninfo@paloaltonetworks.com"
156.59.198.136 - - [21/Dec/2024:10:28:13 +0100] "GET /ed-test.activities.at/stats/lang/awstats-pl.txt HTTP/1.0" 404 306 "-" "Mozilla/5.0 (Linux; Android 5.0) AppleWebKit/537.36 (KHTML, like Gecko) Mobile Safari/537.36 (compatible; Bytespider; spider-feedback@bytedance.com)"
92.255.57.58 - - [21/Dec/2024:10:41:30 +0100] "GET /?XDEBUG_SESSION_START=phpstorm HTTP/1.1" 200 274 "-" "Mozilla/5.0 (Windows NT 10.0; Win64; x64) AppleWebKit/537.36 (KHTML, like Gecko) Chrome/78.0.3904.108 Safari/537.36"
103.156.90.212 - - [21/Dec/2024:10:46:21 +0100] "GET /.env HTTP/1.1" 404 280 "-" "Mozilla/5.0 (Linux; U; Android 4.4.2; en-US; HM NOTE 1W Build/KOT49H) AppleWebKit/534.30 (KHTML, like Gecko) Version/4.0 UCBrowser/11.0.5.850 U3/0.8.0 Mobile Safari/534.30"
103.156.90.212 - - [21/Dec/2024:10:46:22 +0100] "POST / HTTP/1.1" 200 274 "-" "Mozilla/5.0 (Linux; U; Android 4.4.2; en-US; HM NOTE 1W Build/KOT49H) AppleWebKit/534.30 (KHTML, like Gecko) Version/4.0 UCBrowser/11.0.5.850 U3/0.8.0 Mobile Safari/534.30"
156.59.198.136 - - [21/Dec/2024:10:51:53 +0100] "GET /ed-test.activities.at/stats/lang/awstats-nn.txt HTTP/1.0" 404 306 "-" "Mozilla/5.0 (Linux; Android 5.0) AppleWebKit/537.36 (KHTML, like Gecko) Mobile Safari/537.36 (compatible; Bytespider; spider-feedback@bytedance.com)"
156.59.198.136 - - [21/Dec/2024:10:57:40 +0100] "GET /renault.activities.at/htdocs/export/xml/data/orders/202011241403_RenOrder.xml HTTP/1.0" 404 328 "-" "Mozilla/5.0 (Linux; Android 5.0) AppleWebKit/537.36 (KHTML, like Gecko) Mobile Safari/537.36 (compatible; Bytespider; spider-feedback@bytedance.com)"
154.213.187.122 - - [21/Dec/2024:11:04:31 +0100] "GET /login.rsp HTTP/1.1" 404 354 "-" "Hello World"
156.59.198.136 - - [21/Dec/2024:11:18:08 +0100] "GET /renault.activities.at/htdocs/export/xml/data/orders/202103171203_RenOrder.xml HTTP/1.0" 404 329 "-" "Mozilla/5.0 (Linux; Android 5.0) AppleWebKit/537.36 (KHTML, like Gecko) Mobile Safari/537.36 (compatible; Bytespider; spider-feedback@bytedance.com)"
156.59.198.136 - - [21/Dec/2024:11:22:08 +0100] "GET /renault.2web.at/htdocs/binaries/10004867.pdf HTTP/1.0" 404 308 "-" "Mozilla/5.0 (Linux; Android 5.0) AppleWebKit/537.36 (KHTML, like Gecko) Mobile Safari/537.36 (compatible; Bytespider; spider-feedback@bytedance.com)"
141.98.11.155 - - [21/Dec/2024:11:27:49 +0100] "GET / HTTP/1.1" 200 423 "-" "-"
156.59.198.135 - - [21/Dec/2024:11:37:49 +0100] "GET /renault.2web.at/htdocs/binaries/10188912.pdf HTTP/1.0" 404 308 "-" "Mozilla/5.0 (Linux; Android 5.0) AppleWebKit/537.36 (KHTML, like Gecko) Mobile Safari/537.36 (compatible; Bytespider; spider-feedback@bytedance.com)"
156.59.198.135 - - [21/Dec/2024:11:43:13 +0100] "GET /renault.activities.at/htdocs/export/xml/data/orders/202002131403_RenOrder.xml HTTP/1.0" 404 329 "-" "Mozilla/5.0 (Linux; Android 5.0) AppleWebKit/537.36 (KHTML, like Gecko) Mobile Safari/537.36 (compatible; Bytespider; spider-feedback@bytedance.com)"
92.255.57.58 - - [21/Dec/2024:11:48:30 +0100] "GET /actuator/gateway/routes HTTP/1.1" 404 293 "-" "Mozilla/5.0 (Windows NT 10.0; Win64; x64) AppleWebKit/537.36 (KHTML, like Gecko) Chrome/78.0.3904.108 Safari/537.36"
156.59.198.136 - - [21/Dec/2024:11:55:09 +0100] "GET /renault.activities.at/htdocs/export/xml/data/orders/202109131603_RenOrder.xml HTTP/1.0" 404 329 "-" "Mozilla/5.0 (Linux; Android 5.0) AppleWebKit/537.36 (KHTML, like Gecko) Mobile Safari/537.36 (compatible; Bytespider; spider-feedback@bytedance.com)"
80.82.77.202 - - [21/Dec/2024:11:55:18 +0100] "\x16\x03\x02\x01o\x01" 400 383 "-" "-"
156.59.198.136 - - [21/Dec/2024:12:00:48 +0100] "GET /renault.2web.at/htdocs/binaries/10462869.pdf HTTP/1.0" 404 308 "-" "Mozilla/5.0 (Linux; Android 5.0) AppleWebKit/537.36 (KHTML, like Gecko) Mobile Safari/537.36 (compatible; Bytespider; spider-feedback@bytedance.com)"
95.214.55.32 - - [21/Dec/2024:12:06:18 +0100] "GET / HTTP/1.1" 200 423 "-" "-"
156.59.198.136 - - [21/Dec/2024:12:07:08 +0100] "GET /renault.2web.at/htdocs/binaries/10267576.pdf HTTP/1.0" 404 308 "-" "Mozilla/5.0 (Linux; Android 5.0) AppleWebKit/537.36 (KHTML, like Gecko) Mobile Safari/537.36 (compatible; Bytespider; spider-feedback@bytedance.com)"
47.128.58.215 - - [21/Dec/2024:12:11:09 +0100] "GET /robots.txt HTTP/1.1" 404 284 "-" "Mozilla/5.0 (Linux; Android 5.0) AppleWebKit/537.36 (KHTML, like Gecko) Mobile Safari/537.36 (compatible; Bytespider; spider-feedback@bytedance.com)"
92.255.57.58 - - [21/Dec/2024:12:16:49 +0100] "\x16\x03\x01\x05\xa8\x01" 400 383 "-" "-"
104.152.52.161 - - [21/Dec/2024:12:20:56 +0100] "GET / HTTP/1.0" 200 423 "-" "masscan/1.3 (https://github.com/robertdavidgraham/masscan)"
156.59.198.135 - - [21/Dec/2024:12:27:10 +0100] "GET /ed-test.activities.at/stats/lang/awstats-jp.txt HTTP/1.0" 404 307 "-" "Mozilla/5.0 (Linux; Android 5.0) AppleWebKit/537.36 (KHTML, like Gecko) Mobile Safari/537.36 (compatible; Bytespider; spider-feedback@bytedance.com)"
156.59.198.136 - - [21/Dec/2024:12:31:10 +0100] "GET /renault.activities.at/htdocs/export/xml/data/orders/202005131103_RenOrder.xml HTTP/1.0" 404 328 "-" "Mozilla/5.0 (Linux; Android 5.0) AppleWebKit/537.36 (KHTML, like Gecko) Mobile Safari/537.36 (compatible; Bytespider; spider-feedback@bytedance.com)"
47.128.110.217 - - [21/Dec/2024:12:43:13 +0100] "GET /robots.txt HTTP/1.1" 404 284 "-" "Mozilla/5.0 (Linux; Android 5.0) AppleWebKit/537.36 (KHTML, like Gecko) Mobile Safari/537.36 (compatible; Bytespider; spider-feedback@bytedance.com)"
156.59.198.135 - - [21/Dec/2024:12:47:11 +0100] "GET /ed-test.activities.at/stats/lang/awstats-dk.txt HTTP/1.0" 404 307 "-" "Mozilla/5.0 (Linux; Android 5.0) AppleWebKit/537.36 (KHTML, like Gecko) Mobile Safari/537.36 (compatible; Bytespider; spider-feedback@bytedance.com)"
156.59.198.136 - - [21/Dec/2024:12:51:11 +0100] "GET /renault.activities.at/htdocs/binaries/10047536.pdf HTTP/1.0" 404 312 "-" "Mozilla/5.0 (Linux; Android 5.0) AppleWebKit/537.36 (KHTML, like Gecko) Mobile Safari/537.36 (compatible; Bytespider; spider-feedback@bytedance.com)"
77.90.22.145 - - [21/Dec/2024:12:51:17 +0100] "GET / HTTP/1.1" 200 423 "-" "-"
172.212.58.155 - - [21/Dec/2024:12:54:29 +0100] "GET /actuator/health HTTP/1.1" 404 287 "-" "Mozilla/5.0 zgrab/0.x"
47.128.38.173 - - [21/Dec/2024:12:55:11 +0100] "GET /robots.txt HTTP/1.1" 404 284 "-" "Mozilla/5.0 (Linux; Android 5.0) AppleWebKit/537.36 (KHTML, like Gecko) Mobile Safari/537.36 (compatible; Bytespider; spider-feedback@bytedance.com)"
156.59.198.135 - - [21/Dec/2024:12:59:11 +0100] "GET /renault.2web.at/htdocs/binaries/10204335.pdf HTTP/1.0" 404 308 "-" "Mozilla/5.0 (Linux; Android 5.0) AppleWebKit/537.36 (KHTML, like Gecko) Mobile Safari/537.36 (compatible; Bytespider; spider-feedback@bytedance.com)"
156.59.198.136 - - [21/Dec/2024:13:03:11 +0100] "GET /ed-test.activities.at/stats/lang/awstats-si.txt HTTP/1.0" 404 306 "-" "Mozilla/5.0 (Linux; Android 5.0) AppleWebKit/537.36 (KHTML, like Gecko) Mobile Safari/537.36 (compatible; Bytespider; spider-feedback@bytedance.com)"
156.59.198.136 - - [21/Dec/2024:13:07:12 +0100] "GET /ed-test.activities.at/stats/lang/awstats-br.txt HTTP/1.0" 404 306 "-" "Mozilla/5.0 (Linux; Android 5.0) AppleWebKit/537.36 (KHTML, like Gecko) Mobile Safari/537.36 (compatible; Bytespider; spider-feedback@bytedance.com)"
167.94.138.112 - - [21/Dec/2024:13:12:06 +0100] "\x16\x03\x01" 400 383 "-" "-"
167.94.138.112 - - [21/Dec/2024:13:12:35 +0100] "GET / HTTP/1.1" 200 274 "-" "Mozilla/5.0 (compatible; CensysInspect/1.1; +https://about.censys.io/)"
167.94.138.112 - - [21/Dec/2024:13:12:37 +0100] "GET /activities.ico HTTP/1.1" 200 1406 "-" "Mozilla/5.0 (compatible; CensysInspect/1.1; +https://about.censys.io/)"
167.94.138.112 - - [21/Dec/2024:13:12:38 +0100] "GET /favicon.ico HTTP/1.1" 404 284 "-" "Mozilla/5.0 (compatible; CensysInspect/1.1; +https://about.censys.io/)"
167.94.138.112 - - [21/Dec/2024:13:12:39 +0100] "PRI * HTTP/2.0" 400 383 "-" "-"
47.128.120.78 - - [21/Dec/2024:13:27:18 +0100] "GET /robots.txt HTTP/1.1" 404 284 "-" "Mozilla/5.0 (Linux; Android 5.0) AppleWebKit/537.36 (KHTML, like Gecko) Mobile Safari/537.36 (compatible; Bytespider; spider-feedback@bytedance.com)"
156.59.198.136 - - [21/Dec/2024:13:53:57 +0100] "GET /renault.activities.at/htdocs/export/xml/data/orders/202103031703_RenOrder.xml HTTP/1.0" 404 329 "-" "Mozilla/5.0 (Linux; Android 5.0) AppleWebKit/537.36 (KHTML, like Gecko) Mobile Safari/537.36 (compatible; Bytespider; spider-feedback@bytedance.com)"
185.191.126.213 - - [21/Dec/2024:14:09:26 +0100] "GET / HTTP/1.1" 200 423 "-" "-"
156.59.198.135 - - [21/Dec/2024:14:21:46 +0100] "GET /ed-test.activities.at/stats/lang/awstats-he.txt HTTP/1.0" 404 306 "-" "Mozilla/5.0 (Linux; Android 5.0) AppleWebKit/537.36 (KHTML, like Gecko) Mobile Safari/537.36 (compatible; Bytespider; spider-feedback@bytedance.com)"
156.59.198.135 - - [21/Dec/2024:14:25:46 +0100] "GET /ed-test.activities.at/stats/lang/awstats-de.txt HTTP/1.0" 404 306 "-" "Mozilla/5.0 (Linux; Android 5.0) AppleWebKit/537.36 (KHTML, like Gecko) Mobile Safari/537.36 (compatible; Bytespider; spider-feedback@bytedance.com)"
156.59.198.135 - - [21/Dec/2024:14:41:51 +0100] "GET /renault.activities.at/htdocs/pinEdit/editor/help/userhelp-Dateien/image142.gif HTTP/1.0" 404 327 "-" "Mozilla/5.0 (Linux; Android 5.0) AppleWebKit/537.36 (KHTML, like Gecko) Mobile Safari/537.36 (compatible; Bytespider; spider-feedback@bytedance.com)"
89.217.53.239 - - [21/Dec/2024:14:44:58 +0100] "GET / HTTP/1.0" 200 423 "-" "Mozilla/5.0 (Linux; U; Android 4.0.3; ko-kr; LG-L160L Build/IML74K) AppleWebkit/534.30 (KHTML, like Gecko) Version/4.0 Mobile Safari/534.30"
154.213.187.122 - - [21/Dec/2024:14:47:21 +0100] "GET /login.rsp HTTP/1.1" 404 354 "-" "Hello World"
47.128.37.99 - - [21/Dec/2024:14:52:54 +0100] "GET /robots.txt HTTP/1.1" 404 292 "-" "Mozilla/5.0 (Linux; Android 5.0) AppleWebKit/537.36 (KHTML, like Gecko) Mobile Safari/537.36 (compatible; Bytespider; spider-feedback@bytedance.com)"
156.59.198.135 - - [21/Dec/2024:14:53:52 +0100] "GET /renault.2web.at/htdocs/binaries/10451228.pdf HTTP/1.0" 404 308 "-" "Mozilla/5.0 (Linux; Android 5.0) AppleWebKit/537.36 (KHTML, like Gecko) Mobile Safari/537.36 (compatible; Bytespider; spider-feedback@bytedance.com)"
47.128.56.94 - - [21/Dec/2024:14:56:55 +0100] "GET /robots.txt HTTP/1.1" 404 292 "-" "Mozilla/5.0 (Linux; Android 5.0) AppleWebKit/537.36 (KHTML, like Gecko) Mobile Safari/537.36 (compatible; Bytespider; spider-feedback@bytedance.com)"
156.59.198.135 - - [21/Dec/2024:14:57:52 +0100] "GET /ed-test.activities.at/stats/lang/awstats-eu.txt HTTP/1.0" 404 306 "-" "Mozilla/5.0 (Linux; Android 5.0) AppleWebKit/537.36 (KHTML, like Gecko) Mobile Safari/537.36 (compatible; Bytespider; spider-feedback@bytedance.com)"
80.66.83.49 - - [21/Dec/2024:14:58:28 +0100] "\x04\x01" 400 383 "-" "-"
80.66.83.49 - - [21/Dec/2024:14:59:08 +0100] "-" 408 - "-" "-"
80.66.83.49 - - [21/Dec/2024:14:59:28 +0100] "-" 408 - "-" "-"
80.66.83.49 - - [21/Dec/2024:14:59:28 +0100] "CONNECT hotmail-com.olc.protection.outlook.com:25 HTTP/1.1" 200 423 "-" "-"
47.128.53.75 - - [21/Dec/2024:15:00:53 +0100] "GET /robots.txt HTTP/1.1" 404 292 "-" "Mozilla/5.0 (Linux; Android 5.0) AppleWebKit/537.36 (KHTML, like Gecko) Mobile Safari/537.36 (compatible; Bytespider; spider-feedback@bytedance.com)"
156.59.198.136 - - [21/Dec/2024:15:01:52 +0100] "GET /renault.2web.at/htdocs/binaries/10122735.pdf HTTP/1.0" 404 308 "-" "Mozilla/5.0 (Linux; Android 5.0) AppleWebKit/537.36 (KHTML, like Gecko) Mobile Safari/537.36 (compatible; Bytespider; spider-feedback@bytedance.com)"
167.94.146.53 - - [21/Dec/2024:15:04:30 +0100] "GET / HTTP/1.1" 200 423 "-" "-"
167.94.146.53 - - [21/Dec/2024:15:04:34 +0100] "GET / HTTP/1.1" 200 274 "-" "Mozilla/5.0 (compatible; CensysInspect/1.1; +https://about.censys.io/)"
167.94.146.53 - - [21/Dec/2024:15:04:35 +0100] "GET /activities.ico HTTP/1.1" 200 1406 "-" "Mozilla/5.0 (compatible; CensysInspect/1.1; +https://about.censys.io/)"
167.94.146.53 - - [21/Dec/2024:15:04:35 +0100] "GET /favicon.ico HTTP/1.1" 404 284 "-" "Mozilla/5.0 (compatible; CensysInspect/1.1; +https://about.censys.io/)"
167.94.146.53 - - [21/Dec/2024:15:04:35 +0100] "PRI * HTTP/2.0" 400 383 "-" "-"
47.128.125.179 - - [21/Dec/2024:15:04:53 +0100] "GET /robots.txt HTTP/1.1" 404 292 "-" "Mozilla/5.0 (Linux; Android 5.0) AppleWebKit/537.36 (KHTML, like Gecko) Mobile Safari/537.36 (compatible; Bytespider; spider-feedback@bytedance.com)"
156.59.198.136 - - [21/Dec/2024:15:05:52 +0100] "GET /renault.activities.at/htdocs/export/xml/data/orders/202004170903_RenOrder.xml HTTP/1.0" 404 329 "-" "Mozilla/5.0 (Linux; Android 5.0) AppleWebKit/537.36 (KHTML, like Gecko) Mobile Safari/537.36 (compatible; Bytespider; spider-feedback@bytedance.com)"
95.214.55.79 - - [21/Dec/2024:15:06:01 +0100] "GET / HTTP/1.1" 200 274 "-" "Mozilla/5.0 (Windows NT 10.0; Win64; x64) AppleWebKit/537.36 (KHTML, like Gecko) Chrome/90.0.4430.85 Safari/537.36 Edg/90.0.818.46"
95.214.53.205 - - [21/Dec/2024:15:06:40 +0100] "GET / HTTP/1.1" 200 274 "-" "Mozilla/5.0 (Windows NT 10.0; Win64; x64) AppleWebKit/537.36 (KHTML, like Gecko) Chrome/90.0.4430.85 Safari/537.36 Edg/90.0.818.46"
156.59.198.136 - - [21/Dec/2024:15:09:53 +0100] "GET /ed-test.activities.at/stats/lang/awstats-al.txt HTTP/1.0" 404 306 "-" "Mozilla/5.0 (Linux; Android 5.0) AppleWebKit/537.36 (KHTML, like Gecko) Mobile Safari/537.36 (compatible; Bytespider; spider-feedback@bytedance.com)"
156.59.198.136 - - [21/Dec/2024:15:17:11 +0100] "GET /ed-test.activities.at/stats/lang/awstats-nb.txt HTTP/1.0" 404 306 "-" "Mozilla/5.0 (Linux; Android 5.0) AppleWebKit/537.36 (KHTML, like Gecko) Mobile Safari/537.36 (compatible; Bytespider; spider-feedback@bytedance.com)"
156.59.198.135 - - [21/Dec/2024:15:42:40 +0100] "GET /renault.activities.at/htdocs/export/xml/data/orders/202110191503_RenOrder.xml HTTP/1.0" 404 328 "-" "Mozilla/5.0 (Linux; Android 5.0) AppleWebKit/537.36 (KHTML, like Gecko) Mobile Safari/537.36 (compatible; Bytespider; spider-feedback@bytedance.com)"
46.19.138.234 - - [21/Dec/2024:15:49:01 +0100] "GET / HTTP/1.1" 200 274 "-" "Mozilla/5.0 (Windows NT 10.0; Win64; x64) AppleWebKit/537.36 (KHTML, like Gecko) Chrome/90.0.4430.85 Safari/537.36 Edg/90.0.818.46"
45.140.17.52 - - [21/Dec/2024:16:07:42 +0100] "\x03" 400 383 "-" "-"
156.59.198.135 - - [21/Dec/2024:16:07:49 +0100] "GET /renault.2web.at/htdocs/binaries/10269839.pdf HTTP/1.0" 404 308 "-" "Mozilla/5.0 (Linux; Android 5.0) AppleWebKit/537.36 (KHTML, like Gecko) Mobile Safari/537.36 (compatible; Bytespider; spider-feedback@bytedance.com)"
194.38.23.16 - - [21/Dec/2024:16:13:01 +0100] "GET /wp-content/plugins/formcraft/file-upload/server/php/upload.php HTTP/1.1" 404 427 "-" "ALittle Client"
194.38.23.16 - - [21/Dec/2024:16:13:02 +0100] "GET /wp-content/plugins/formcraft/file-upload/server/php/upload.php HTTP/1.1" 404 414 "-" "ALittle Client"
156.59.198.136 - - [21/Dec/2024:16:16:09 +0100] "GET /renault.activities.at/htdocs/pinEdit/editor/help/userhelp-Dateien/image148.gif HTTP/1.0" 404 327 "-" "Mozilla/5.0 (Linux; Android 5.0) AppleWebKit/537.36 (KHTML, like Gecko) Mobile Safari/537.36 (compatible; Bytespider; spider-feedback@bytedance.com)"
35.195.123.144 - - [21/Dec/2024:16:19:34 +0100] "GET / HTTP/1.1" 200 274 "-" "python-requests/2.32.3"
156.59.198.136 - - [21/Dec/2024:16:42:52 +0100] "GET /renault.activities.at/htdocs/export/xml/data/orders/202002250803_RenOrder.xml HTTP/1.0" 404 328 "-" "Mozilla/5.0 (Linux; Android 5.0) AppleWebKit/537.36 (KHTML, like Gecko) Mobile Safari/537.36 (compatible; Bytespider; spider-feedback@bytedance.com)"
156.59.198.135 - - [21/Dec/2024:16:48:48 +0100] "GET /renault.activities.at/htdocs/export/xml/data/orders/202001291803_RenOrder.xml HTTP/1.0" 404 328 "-" "Mozilla/5.0 (Linux; Android 5.0) AppleWebKit/537.36 (KHTML, like Gecko) Mobile Safari/537.36 (compatible; Bytespider; spider-feedback@bytedance.com)"
156.59.198.136 - - [21/Dec/2024:17:00:28 +0100] "GET /renault.2web.at/htdocs/binaries/10008643.pdf HTTP/1.0" 404 308 "-" "Mozilla/5.0 (Linux; Android 5.0) AppleWebKit/537.36 (KHTML, like Gecko) Mobile Safari/537.36 (compatible; Bytespider; spider-feedback@bytedance.com)"
156.59.198.136 - - [21/Dec/2024:17:04:28 +0100] "GET /renault.2web.at/htdocs/binaries/10279334.pdf HTTP/1.0" 404 309 "-" "Mozilla/5.0 (Linux; Android 5.0) AppleWebKit/537.36 (KHTML, like Gecko) Mobile Safari/537.36 (compatible; Bytespider; spider-feedback@bytedance.com)"
156.59.198.135 - - [21/Dec/2024:17:24:30 +0100] "GET /ed-test.activities.at/stats/lang/awstats-sk.txt HTTP/1.0" 404 307 "-" "Mozilla/5.0 (Linux; Android 5.0) AppleWebKit/537.36 (KHTML, like Gecko) Mobile Safari/537.36 (compatible; Bytespider; spider-feedback@bytedance.com)"
156.59.198.136 - - [21/Dec/2024:17:54:47 +0100] "GET /renault.activities.at/htdocs/binaries/renault-/stellwaende03280x150finalpdf.pdf HTTP/1.0" 404 327 "-" "Mozilla/5.0 (Linux; Android 5.0) AppleWebKit/537.36 (KHTML, like Gecko) Mobile Safari/537.36 (compatible; Bytespider; spider-feedback@bytedance.com)"
156.59.198.136 - - [21/Dec/2024:18:05:30 +0100] "GET /renault.activities.at/htdocs/export/xml/data/orders/202103011703_RenOrder.xml HTTP/1.0" 404 329 "-" "Mozilla/5.0 (Linux; Android 5.0) AppleWebKit/537.36 (KHTML, like Gecko) Mobile Safari/537.36 (compatible; Bytespider; spider-feedback@bytedance.com)"
156.59.198.135 - - [21/Dec/2024:18:11:02 +0100] "GET /renault.2web.at/htdocs/binaries/10015817.pdf HTTP/1.0" 404 308 "-" "Mozilla/5.0 (Linux; Android 5.0) AppleWebKit/537.36 (KHTML, like Gecko) Mobile Safari/537.36 (compatible; Bytespider; spider-feedback@bytedance.com)"
