178.165.191.42 - - [27/Dec/2024:18:01:38 +0100] "GET /entry.php?id=10271&&ser=318838 HTTP/1.1" 200 986 "http://hausegger.activities.at/entry.php?id=10271&&ser=318777" "Mozilla/5.0 (Windows NT 10.0; Win64; x64; rv:133.0) Gecko/20100101 Firefox/133.0"
178.165.191.42 - - [27/Dec/2024:18:01:38 +0100] "GET /gui/javascript/form_form.js?1735318898 HTTP/1.1" 200 16206 "http://hausegger.activities.at/entry.php?id=10271&&ser=318838" "Mozilla/5.0 (Windows NT 10.0; Win64; x64; rv:133.0) Gecko/20100101 Firefox/133.0"
216.218.206.67 - - [27/Dec/2024:18:01:51 +0100] "GET /favicon.ico HTTP/1.1" 404 284 "-" "Mozilla/5.0 (Windows NT 10.0; Win64; x64) AppleWebKit/537.36 (KHTML, like Gecko) Chrome/109.0.0.0 Safari/537.36 OPR/95.0.0.0"
216.218.206.67 - - [27/Dec/2024:18:02:28 +0100] "GET /geoserver/web/ HTTP/1.1" 404 284 "-" "Mozilla/5.0 (Macintosh; Intel Mac OS X 10_15_7) AppleWebKit/605.1.15 (KHTML, like Gecko) Version/17.0 Safari/605.1.15"
178.165.191.42 - - [27/Dec/2024:18:02:38 +0100] "GET /entry.php?id=10271&&ser=318898 HTTP/1.1" 200 987 "http://hausegger.activities.at/entry.php?id=10271&&ser=318838" "Mozilla/5.0 (Windows NT 10.0; Win64; x64; rv:133.0) Gecko/20100101 Firefox/133.0"
178.165.191.42 - - [27/Dec/2024:18:02:38 +0100] "GET /gui/javascript/form_form.js?1735318958 HTTP/1.1" 200 16206 "http://hausegger.activities.at/entry.php?id=10271&&ser=318898" "Mozilla/5.0 (Windows NT 10.0; Win64; x64; rv:133.0) Gecko/20100101 Firefox/133.0"
216.218.206.67 - - [27/Dec/2024:18:03:10 +0100] "GET /info.php HTTP/1.1" 404 283 "-" "Mozilla/5.0 (Macintosh; Intel Mac OS X 10_15_7) AppleWebKit/605.1.15 (KHTML, like Gecko) Version/17.0 Safari/605.1.15"
216.218.206.67 - - [27/Dec/2024:18:03:13 +0100] "GET /phpinfo.php HTTP/1.1" 200 10318 "-" "Mozilla/5.0 (Windows NT 6.1; Win64; x64; ) AppleWebKit/537.36 (KHTML, like Gecko) Chrome/122.0.6261.156 Not(A:Brand/24 YaBrowser/24.4.1.899 Yowser/2.5 Safari/537.36"
216.218.206.67 - - [27/Dec/2024:18:03:15 +0100] "GET /dashboard/phpinfo.php HTTP/1.1" 404 290 "-" "Mozilla/5.0 (Windows NT 10.0; rv:110.0) Gecko/20100101 Firefox/110.0"
178.165.191.42 - - [27/Dec/2024:18:03:39 +0100] "GET /entry.php?id=10271&&ser=318958 HTTP/1.1" 200 987 "http://hausegger.activities.at/entry.php?id=10271&&ser=318898" "Mozilla/5.0 (Windows NT 10.0; Win64; x64; rv:133.0) Gecko/20100101 Firefox/133.0"
178.165.191.42 - - [27/Dec/2024:18:03:39 +0100] "GET /gui/javascript/form_form.js?1735319019 HTTP/1.1" 200 16206 "http://hausegger.activities.at/entry.php?id=10271&&ser=318958" "Mozilla/5.0 (Windows NT 10.0; Win64; x64; rv:133.0) Gecko/20100101 Firefox/133.0"
178.165.191.42 - - [27/Dec/2024:18:04:39 +0100] "GET /entry.php?id=10271&&ser=319019 HTTP/1.1" 200 987 "http://hausegger.activities.at/entry.php?id=10271&&ser=318958" "Mozilla/5.0 (Windows NT 10.0; Win64; x64; rv:133.0) Gecko/20100101 Firefox/133.0"
178.165.191.42 - - [27/Dec/2024:18:04:39 +0100] "GET /gui/javascript/form_form.js?1735319079 HTTP/1.1" 200 16206 "http://hausegger.activities.at/entry.php?id=10271&&ser=319019" "Mozilla/5.0 (Windows NT 10.0; Win64; x64; rv:133.0) Gecko/20100101 Firefox/133.0"
178.165.191.42 - - [27/Dec/2024:18:05:39 +0100] "GET /entry.php?id=10271&&ser=319079 HTTP/1.1" 200 988 "http://hausegger.activities.at/entry.php?id=10271&&ser=319019" "Mozilla/5.0 (Windows NT 10.0; Win64; x64; rv:133.0) Gecko/20100101 Firefox/133.0"
178.165.191.42 - - [27/Dec/2024:18:05:39 +0100] "GET /gui/javascript/form_form.js?1735319139 HTTP/1.1" 200 16206 "http://hausegger.activities.at/entry.php?id=10271&&ser=319079" "Mozilla/5.0 (Windows NT 10.0; Win64; x64; rv:133.0) Gecko/20100101 Firefox/133.0"
178.165.191.42 - - [27/Dec/2024:18:06:39 +0100] "GET /entry.php?id=10271&&ser=319139 HTTP/1.1" 200 987 "http://hausegger.activities.at/entry.php?id=10271&&ser=319079" "Mozilla/5.0 (Windows NT 10.0; Win64; x64; rv:133.0) Gecko/20100101 Firefox/133.0"
178.165.191.42 - - [27/Dec/2024:18:06:40 +0100] "GET /gui/javascript/form_form.js?1735319199 HTTP/1.1" 200 16206 "http://hausegger.activities.at/entry.php?id=10271&&ser=319139" "Mozilla/5.0 (Windows NT 10.0; Win64; x64; rv:133.0) Gecko/20100101 Firefox/133.0"
178.165.191.42 - - [27/Dec/2024:18:07:40 +0100] "GET /entry.php?id=10271&&ser=319199 HTTP/1.1" 200 987 "http://hausegger.activities.at/entry.php?id=10271&&ser=319139" "Mozilla/5.0 (Windows NT 10.0; Win64; x64; rv:133.0) Gecko/20100101 Firefox/133.0"
178.165.191.42 - - [27/Dec/2024:18:07:40 +0100] "GET /gui/javascript/form_form.js?1735319260 HTTP/1.1" 200 16206 "http://hausegger.activities.at/entry.php?id=10271&&ser=319199" "Mozilla/5.0 (Windows NT 10.0; Win64; x64; rv:133.0) Gecko/20100101 Firefox/133.0"
141.98.11.155 - - [27/Dec/2024:18:08:33 +0100] "GET / HTTP/1.1" 200 423 "-" "-"
178.165.191.42 - - [27/Dec/2024:18:08:40 +0100] "GET /entry.php?id=10271&&ser=319260 HTTP/1.1" 200 987 "http://hausegger.activities.at/entry.php?id=10271&&ser=319199" "Mozilla/5.0 (Windows NT 10.0; Win64; x64; rv:133.0) Gecko/20100101 Firefox/133.0"
178.165.191.42 - - [27/Dec/2024:18:08:40 +0100] "GET /gui/javascript/form_form.js?1735319320 HTTP/1.1" 200 16206 "http://hausegger.activities.at/entry.php?id=10271&&ser=319260" "Mozilla/5.0 (Windows NT 10.0; Win64; x64; rv:133.0) Gecko/20100101 Firefox/133.0"
178.165.191.42 - - [27/Dec/2024:18:08:47 +0100] "GET /entry.php?id=10831 HTTP/1.1" 200 8821 "http://hausegger.activities.at/entry.php?id=10270&__app__=10006038" "Mozilla/5.0 (Windows NT 10.0; Win64; x64; rv:133.0) Gecko/20100101 Firefox/133.0"
178.165.191.42 - - [27/Dec/2024:18:08:47 +0100] "GET /gui/javascript/form_form.js?1735319327 HTTP/1.1" 200 16206 "http://hausegger.activities.at/entry.php?id=10831" "Mozilla/5.0 (Windows NT 10.0; Win64; x64; rv:133.0) Gecko/20100101 Firefox/133.0"
178.165.191.42 - - [27/Dec/2024:18:08:48 +0100] "GET /gui/images/icons/disabled_kalender.gif HTTP/1.1" 304 - "http://hausegger.activities.at/entry.php?id=10831" "Mozilla/5.0 (Windows NT 10.0; Win64; x64; rv:133.0) Gecko/20100101 Firefox/133.0"
178.165.191.42 - - [27/Dec/2024:18:08:48 +0100] "GET /entry.php?id=10889&document_id=& HTTP/1.1" 200 1509 "http://hausegger.activities.at/entry.php?id=10831" "Mozilla/5.0 (Windows NT 10.0; Win64; x64; rv:133.0) Gecko/20100101 Firefox/133.0"
178.165.191.42 - - [27/Dec/2024:18:08:48 +0100] "GET /gui/javascript/form_form.js?1735319328 HTTP/1.1" 200 16206 "http://hausegger.activities.at/entry.php?id=10889&document_id=&" "Mozilla/5.0 (Windows NT 10.0; Win64; x64; rv:133.0) Gecko/20100101 Firefox/133.0"
178.165.191.42 - - [27/Dec/2024:18:08:49 +0100] "GET /entry.php?id=11237&type=10668 HTTP/1.1" 200 276 "http://hausegger.activities.at/entry.php?id=10831" "Mozilla/5.0 (Windows NT 10.0; Win64; x64; rv:133.0) Gecko/20100101 Firefox/133.0"
178.165.191.42 - - [27/Dec/2024:18:08:49 +0100] "GET /entry.php?id=11239&mode=document&form=10668& HTTP/1.1" 200 2022 "http://hausegger.activities.at/entry.php?id=11237&type=10668" "Mozilla/5.0 (Windows NT 10.0; Win64; x64; rv:133.0) Gecko/20100101 Firefox/133.0"
178.165.191.42 - - [27/Dec/2024:18:08:49 +0100] "GET /entry.php?id=10676&&title=Belegsuche HTTP/1.1" 200 1391 "http://hausegger.activities.at/entry.php?id=11237&type=10668" "Mozilla/5.0 (Windows NT 10.0; Win64; x64; rv:133.0) Gecko/20100101 Firefox/133.0"
178.165.191.42 - - [27/Dec/2024:18:08:50 +0100] "GET /gui/javascript/form_bu_document_workflow.js?1735319330 HTTP/1.1" 200 4900 "http://hausegger.activities.at/entry.php?id=11239&mode=document&form=10668&" "Mozilla/5.0 (Windows NT 10.0; Win64; x64; rv:133.0) Gecko/20100101 Firefox/133.0"
178.165.191.42 - - [27/Dec/2024:18:08:50 +0100] "GET /framework/webfx/javascript/treeview/ua.js HTTP/1.1" 304 - "http://hausegger.activities.at/entry.php?id=11239&mode=document&form=10668&" "Mozilla/5.0 (Windows NT 10.0; Win64; x64; rv:133.0) Gecko/20100101 Firefox/133.0"
178.165.191.42 - - [27/Dec/2024:18:08:50 +0100] "GET /gui/javascript/form_form.js?1735319330 HTTP/1.1" 200 16206 "http://hausegger.activities.at/entry.php?id=11239&mode=document&form=10668&" "Mozilla/5.0 (Windows NT 10.0; Win64; x64; rv:133.0) Gecko/20100101 Firefox/133.0"
178.165.191.42 - - [27/Dec/2024:18:08:50 +0100] "GET /framework/webfx/javascript/treeview/ftiens4.js HTTP/1.1" 304 - "http://hausegger.activities.at/entry.php?id=11239&mode=document&form=10668&" "Mozilla/5.0 (Windows NT 10.0; Win64; x64; rv:133.0) Gecko/20100101 Firefox/133.0"
178.165.191.42 - - [27/Dec/2024:18:08:50 +0100] "GET /gui/javascript/form_form.js?1735319330 HTTP/1.1" 200 16206 "http://hausegger.activities.at/entry.php?id=10676&&title=Belegsuche" "Mozilla/5.0 (Windows NT 10.0; Win64; x64; rv:133.0) Gecko/20100101 Firefox/133.0"
178.165.191.42 - - [27/Dec/2024:18:08:49 +0100] "GET /entry.php?id=11240&mode=document&form=10668& HTTP/1.1" 200 2672 "http://hausegger.activities.at/entry.php?id=11237&type=10668" "Mozilla/5.0 (Windows NT 10.0; Win64; x64; rv:133.0) Gecko/20100101 Firefox/133.0"
178.165.191.42 - - [27/Dec/2024:18:08:50 +0100] "GET /framework/icons/treeview/ftv2node.gif HTTP/1.1" 304 - "http://hausegger.activities.at/entry.php?id=11239&mode=document&form=10668&" "Mozilla/5.0 (Windows NT 10.0; Win64; x64; rv:133.0) Gecko/20100101 Firefox/133.0"
178.165.191.42 - - [27/Dec/2024:18:08:50 +0100] "GET /framework/icons/treeview/ftv2lastnode.gif HTTP/1.1" 304 - "http://hausegger.activities.at/entry.php?id=11239&mode=document&form=10668&" "Mozilla/5.0 (Windows NT 10.0; Win64; x64; rv:133.0) Gecko/20100101 Firefox/133.0"
178.165.191.42 - - [27/Dec/2024:18:08:50 +0100] "GET /framework/icons/treeview/ftv2vertline.gif HTTP/1.1" 304 - "http://hausegger.activities.at/entry.php?id=11239&mode=document&form=10668&" "Mozilla/5.0 (Windows NT 10.0; Win64; x64; rv:133.0) Gecko/20100101 Firefox/133.0"
178.165.191.42 - - [27/Dec/2024:18:08:50 +0100] "GET /framework/icons/treeview/filter.gif HTTP/1.1" 304 - "http://hausegger.activities.at/entry.php?id=11239&mode=document&form=10668&" "Mozilla/5.0 (Windows NT 10.0; Win64; x64; rv:133.0) Gecko/20100101 Firefox/133.0"
178.165.191.42 - - [27/Dec/2024:18:08:50 +0100] "GET /framework/icons/treeview/ftv2folderopen.gif HTTP/1.1" 304 - "http://hausegger.activities.at/entry.php?id=11239&mode=document&form=10668&" "Mozilla/5.0 (Windows NT 10.0; Win64; x64; rv:133.0) Gecko/20100101 Firefox/133.0"
178.165.191.42 - - [27/Dec/2024:18:08:50 +0100] "GET /framework/icons/treeview/ftv2doc.gif HTTP/1.1" 304 - "http://hausegger.activities.at/entry.php?id=11239&mode=document&form=10668&" "Mozilla/5.0 (Windows NT 10.0; Win64; x64; rv:133.0) Gecko/20100101 Firefox/133.0"
178.165.191.42 - - [27/Dec/2024:18:08:50 +0100] "GET /framework/webfx/javascript/scrolltable/scrolltableIframe.js HTTP/1.1" 304 - "http://hausegger.activities.at/entry.php?id=11240&mode=document&form=10668&" "Mozilla/5.0 (Windows NT 10.0; Win64; x64; rv:133.0) Gecko/20100101 Firefox/133.0"
178.165.191.42 - - [27/Dec/2024:18:08:49 +0100] "GET /entry.php?id=11238&mode=document&form=10668& HTTP/1.1" 200 3240 "http://hausegger.activities.at/entry.php?id=11237&type=10668" "Mozilla/5.0 (Windows NT 10.0; Win64; x64; rv:133.0) Gecko/20100101 Firefox/133.0"
178.165.191.42 - - [27/Dec/2024:18:08:50 +0100] "GET /gui/images/icons/kalender.gif HTTP/1.1" 304 - "http://hausegger.activities.at/entry.php?id=11238&mode=document&form=10668&" "Mozilla/5.0 (Windows NT 10.0; Win64; x64; rv:133.0) Gecko/20100101 Firefox/133.0"
178.165.191.42 - - [27/Dec/2024:18:08:50 +0100] "GET /entry.php?id=10776&form=11066&name=list& HTTP/1.1" 200 1515 "http://hausegger.activities.at/entry.php?id=11240&mode=document&form=10668&" "Mozilla/5.0 (Windows NT 10.0; Win64; x64; rv:133.0) Gecko/20100101 Firefox/133.0"
178.165.191.42 - - [27/Dec/2024:18:08:50 +0100] "GET /entry.php?id=10778&form=11066&name=list& HTTP/1.1" 200 2588 "http://hausegger.activities.at/entry.php?id=11240&mode=document&form=10668&" "Mozilla/5.0 (Windows NT 10.0; Win64; x64; rv:133.0) Gecko/20100101 Firefox/133.0"
178.165.191.42 - - [27/Dec/2024:18:08:50 +0100] "GET /framework/icons/sortUp.gif HTTP/1.1" 304 - "http://hausegger.activities.at/entry.php?id=10776&form=11066&name=list&" "Mozilla/5.0 (Windows NT 10.0; Win64; x64; rv:133.0) Gecko/20100101 Firefox/133.0"
178.165.191.42 - - [27/Dec/2024:18:08:50 +0100] "POST /entry.php?id=11240 HTTP/1.1" 200 2672 "http://hausegger.activities.at/entry.php?id=11240&mode=document&form=10668&" "Mozilla/5.0 (Windows NT 10.0; Win64; x64; rv:133.0) Gecko/20100101 Firefox/133.0"
178.165.191.42 - - [27/Dec/2024:18:08:51 +0100] "GET /gui/javascript/form_bu_document_workflow.js?1735319331 HTTP/1.1" 200 4900 "http://hausegger.activities.at/entry.php?id=11240" "Mozilla/5.0 (Windows NT 10.0; Win64; x64; rv:133.0) Gecko/20100101 Firefox/133.0"
178.165.191.42 - - [27/Dec/2024:18:08:51 +0100] "GET /gui/javascript/form_form.js?1735319331 HTTP/1.1" 200 16206 "http://hausegger.activities.at/entry.php?id=11240" "Mozilla/5.0 (Windows NT 10.0; Win64; x64; rv:133.0) Gecko/20100101 Firefox/133.0"
178.165.191.42 - - [27/Dec/2024:18:08:51 +0100] "GET /entry.php?id=10776&form=11066&name=list& HTTP/1.1" 200 1515 "http://hausegger.activities.at/entry.php?id=11240" "Mozilla/5.0 (Windows NT 10.0; Win64; x64; rv:133.0) Gecko/20100101 Firefox/133.0"
178.165.191.42 - - [27/Dec/2024:18:08:51 +0100] "GET /entry.php?id=10778&form=11066&name=list& HTTP/1.1" 200 2785 "http://hausegger.activities.at/entry.php?id=11240" "Mozilla/5.0 (Windows NT 10.0; Win64; x64; rv:133.0) Gecko/20100101 Firefox/133.0"
178.165.191.42 - - [27/Dec/2024:18:09:40 +0100] "GET /entry.php?id=10271&&ser=319320 HTTP/1.1" 200 988 "http://hausegger.activities.at/entry.php?id=10271&&ser=319260" "Mozilla/5.0 (Windows NT 10.0; Win64; x64; rv:133.0) Gecko/20100101 Firefox/133.0"
178.165.191.42 - - [27/Dec/2024:18:09:40 +0100] "GET /gui/javascript/form_form.js?1735319380 HTTP/1.1" 200 16206 "http://hausegger.activities.at/entry.php?id=10271&&ser=319320" "Mozilla/5.0 (Windows NT 10.0; Win64; x64; rv:133.0) Gecko/20100101 Firefox/133.0"
178.165.191.42 - - [27/Dec/2024:18:10:40 +0100] "GET /entry.php?id=10271&&ser=319380 HTTP/1.1" 200 986 "http://hausegger.activities.at/entry.php?id=10271&&ser=319320" "Mozilla/5.0 (Windows NT 10.0; Win64; x64; rv:133.0) Gecko/20100101 Firefox/133.0"
178.165.191.42 - - [27/Dec/2024:18:10:41 +0100] "GET /gui/javascript/form_form.js?1735319441 HTTP/1.1" 200 16206 "http://hausegger.activities.at/entry.php?id=10271&&ser=319380" "Mozilla/5.0 (Windows NT 10.0; Win64; x64; rv:133.0) Gecko/20100101 Firefox/133.0"
178.165.191.42 - - [27/Dec/2024:18:11:41 +0100] "GET /entry.php?id=10271&&ser=319441 HTTP/1.1" 200 987 "http://hausegger.activities.at/entry.php?id=10271&&ser=319380" "Mozilla/5.0 (Windows NT 10.0; Win64; x64; rv:133.0) Gecko/20100101 Firefox/133.0"
178.165.191.42 - - [27/Dec/2024:18:11:41 +0100] "GET /gui/javascript/form_form.js?1735319501 HTTP/1.1" 200 16206 "http://hausegger.activities.at/entry.php?id=10271&&ser=319441" "Mozilla/5.0 (Windows NT 10.0; Win64; x64; rv:133.0) Gecko/20100101 Firefox/133.0"
178.165.191.42 - - [27/Dec/2024:18:12:41 +0100] "GET /entry.php?id=10271&&ser=319501 HTTP/1.1" 200 987 "http://hausegger.activities.at/entry.php?id=10271&&ser=319441" "Mozilla/5.0 (Windows NT 10.0; Win64; x64; rv:133.0) Gecko/20100101 Firefox/133.0"
178.165.191.42 - - [27/Dec/2024:18:12:41 +0100] "GET /gui/javascript/form_form.js?1735319561 HTTP/1.1" 200 16206 "http://hausegger.activities.at/entry.php?id=10271&&ser=319501" "Mozilla/5.0 (Windows NT 10.0; Win64; x64; rv:133.0) Gecko/20100101 Firefox/133.0"
178.165.191.42 - - [27/Dec/2024:18:13:41 +0100] "GET /entry.php?id=10271&&ser=319561 HTTP/1.1" 200 987 "http://hausegger.activities.at/entry.php?id=10271&&ser=319501" "Mozilla/5.0 (Windows NT 10.0; Win64; x64; rv:133.0) Gecko/20100101 Firefox/133.0"
178.165.191.42 - - [27/Dec/2024:18:13:41 +0100] "GET /gui/javascript/form_form.js?1735319621 HTTP/1.1" 200 16206 "http://hausegger.activities.at/entry.php?id=10271&&ser=319561" "Mozilla/5.0 (Windows NT 10.0; Win64; x64; rv:133.0) Gecko/20100101 Firefox/133.0"
178.165.191.42 - - [27/Dec/2024:18:14:42 +0100] "GET /entry.php?id=10271&&ser=319621 HTTP/1.1" 200 987 "http://hausegger.activities.at/entry.php?id=10271&&ser=319561" "Mozilla/5.0 (Windows NT 10.0; Win64; x64; rv:133.0) Gecko/20100101 Firefox/133.0"
178.165.191.42 - - [27/Dec/2024:18:14:42 +0100] "GET /gui/javascript/form_form.js?1735319682 HTTP/1.1" 200 16206 "http://hausegger.activities.at/entry.php?id=10271&&ser=319621" "Mozilla/5.0 (Windows NT 10.0; Win64; x64; rv:133.0) Gecko/20100101 Firefox/133.0"
178.165.191.42 - - [27/Dec/2024:18:15:42 +0100] "GET /entry.php?id=10271&&ser=319682 HTTP/1.1" 200 987 "http://hausegger.activities.at/entry.php?id=10271&&ser=319621" "Mozilla/5.0 (Windows NT 10.0; Win64; x64; rv:133.0) Gecko/20100101 Firefox/133.0"
178.165.191.42 - - [27/Dec/2024:18:15:42 +0100] "GET /gui/javascript/form_form.js?1735319742 HTTP/1.1" 200 16206 "http://hausegger.activities.at/entry.php?id=10271&&ser=319682" "Mozilla/5.0 (Windows NT 10.0; Win64; x64; rv:133.0) Gecko/20100101 Firefox/133.0"
178.165.191.42 - - [27/Dec/2024:18:16:42 +0100] "GET /entry.php?id=10271&&ser=319742 HTTP/1.1" 200 987 "http://hausegger.activities.at/entry.php?id=10271&&ser=319682" "Mozilla/5.0 (Windows NT 10.0; Win64; x64; rv:133.0) Gecko/20100101 Firefox/133.0"
178.165.191.42 - - [27/Dec/2024:18:16:42 +0100] "GET /gui/javascript/form_form.js?1735319802 HTTP/1.1" 200 16206 "http://hausegger.activities.at/entry.php?id=10271&&ser=319742" "Mozilla/5.0 (Windows NT 10.0; Win64; x64; rv:133.0) Gecko/20100101 Firefox/133.0"
156.59.198.136 - - [27/Dec/2024:18:16:53 +0100] "GET /renault.activities.at/htdocs/binaries/renault-/stellwaende03280x150finalpdf.pdf HTTP/1.0" 404 327 "-" "Mozilla/5.0 (Linux; Android 5.0) AppleWebKit/537.36 (KHTML, like Gecko) Mobile Safari/537.36 (compatible; Bytespider; spider-feedback@bytedance.com)"
195.3.223.55 - - [27/Dec/2024:18:16:55 +0100] "GET / HTTP/1.1" 200 423 "-" "-"
178.165.191.42 - - [27/Dec/2024:18:17:42 +0100] "GET /entry.php?id=10271&&ser=319802 HTTP/1.1" 200 987 "http://hausegger.activities.at/entry.php?id=10271&&ser=319742" "Mozilla/5.0 (Windows NT 10.0; Win64; x64; rv:133.0) Gecko/20100101 Firefox/133.0"
178.165.191.42 - - [27/Dec/2024:18:17:42 +0100] "GET /gui/javascript/form_form.js?1735319862 HTTP/1.1" 200 16206 "http://hausegger.activities.at/entry.php?id=10271&&ser=319802" "Mozilla/5.0 (Windows NT 10.0; Win64; x64; rv:133.0) Gecko/20100101 Firefox/133.0"
178.165.191.42 - - [27/Dec/2024:18:18:43 +0100] "GET /entry.php?id=10271&&ser=319862 HTTP/1.1" 200 987 "http://hausegger.activities.at/entry.php?id=10271&&ser=319802" "Mozilla/5.0 (Windows NT 10.0; Win64; x64; rv:133.0) Gecko/20100101 Firefox/133.0"
178.165.191.42 - - [27/Dec/2024:18:18:43 +0100] "GET /gui/javascript/form_form.js?1735319923 HTTP/1.1" 200 16206 "http://hausegger.activities.at/entry.php?id=10271&&ser=319862" "Mozilla/5.0 (Windows NT 10.0; Win64; x64; rv:133.0) Gecko/20100101 Firefox/133.0"
178.165.191.42 - - [27/Dec/2024:18:19:43 +0100] "GET /entry.php?id=10271&&ser=319923 HTTP/1.1" 200 988 "http://hausegger.activities.at/entry.php?id=10271&&ser=319862" "Mozilla/5.0 (Windows NT 10.0; Win64; x64; rv:133.0) Gecko/20100101 Firefox/133.0"
178.165.191.42 - - [27/Dec/2024:18:19:43 +0100] "GET /gui/javascript/form_form.js?1735319983 HTTP/1.1" 200 16206 "http://hausegger.activities.at/entry.php?id=10271&&ser=319923" "Mozilla/5.0 (Windows NT 10.0; Win64; x64; rv:133.0) Gecko/20100101 Firefox/133.0"
66.249.64.101 - - [27/Dec/2024:18:19:50 +0100] "GET /robots.txt HTTP/1.1" 404 295 "-" "Mozilla/5.0 (compatible; Googlebot/2.1; +http://www.google.com/bot.html)"
66.249.64.100 - - [27/Dec/2024:18:19:50 +0100] "GET /~ridersde/joomla/ HTTP/1.1" 404 301 "-" "Mozilla/5.0 (Linux; Android 6.0.1; Nexus 5X Build/MMB29P) AppleWebKit/537.36 (KHTML, like Gecko) Chrome/99.0.4844.84 Mobile Safari/537.36 (compatible; Googlebot/2.1; +http://www.google.com/bot.html)"
66.249.64.100 - - [27/Dec/2024:18:19:51 +0100] "GET /~ridersde/joomla/ HTTP/1.1" 404 301 "-" "Mozilla/5.0 (compatible; Googlebot/2.1; +http://www.google.com/bot.html)"
66.249.64.100 - - [27/Dec/2024:18:19:52 +0100] "GET /favicon.ico HTTP/1.1" 404 295 "-" "Googlebot-Image/1.0"
165.154.206.35 - - [27/Dec/2024:18:20:10 +0100] "GET / HTTP/1.1" 200 423 "-" "-"
178.165.191.42 - - [27/Dec/2024:18:20:43 +0100] "GET /entry.php?id=10271&&ser=319983 HTTP/1.1" 200 988 "http://hausegger.activities.at/entry.php?id=10271&&ser=319923" "Mozilla/5.0 (Windows NT 10.0; Win64; x64; rv:133.0) Gecko/20100101 Firefox/133.0"
178.165.191.42 - - [27/Dec/2024:18:20:43 +0100] "GET /gui/javascript/form_form.js?1735320043 HTTP/1.1" 200 16206 "http://hausegger.activities.at/entry.php?id=10271&&ser=319983" "Mozilla/5.0 (Windows NT 10.0; Win64; x64; rv:133.0) Gecko/20100101 Firefox/133.0"
156.59.198.135 - - [27/Dec/2024:18:20:53 +0100] "GET /renault.activities.at/htdocs/export/xml/data/orders/202011250803_RenOrder.xml HTTP/1.0" 404 328 "-" "Mozilla/5.0 (Linux; Android 5.0) AppleWebKit/537.36 (KHTML, like Gecko) Mobile Safari/537.36 (compatible; Bytespider; spider-feedback@bytedance.com)"
178.165.191.42 - - [27/Dec/2024:18:21:44 +0100] "GET /entry.php?id=10271&&ser=320043 HTTP/1.1" 200 987 "http://hausegger.activities.at/entry.php?id=10271&&ser=319983" "Mozilla/5.0 (Windows NT 10.0; Win64; x64; rv:133.0) Gecko/20100101 Firefox/133.0"
178.165.191.42 - - [27/Dec/2024:18:21:44 +0100] "GET /gui/javascript/form_form.js?1735320104 HTTP/1.1" 200 16206 "http://hausegger.activities.at/entry.php?id=10271&&ser=320043" "Mozilla/5.0 (Windows NT 10.0; Win64; x64; rv:133.0) Gecko/20100101 Firefox/133.0"
178.165.191.42 - - [27/Dec/2024:18:22:44 +0100] "GET /entry.php?id=10271&&ser=320104 HTTP/1.1" 200 987 "http://hausegger.activities.at/entry.php?id=10271&&ser=320043" "Mozilla/5.0 (Windows NT 10.0; Win64; x64; rv:133.0) Gecko/20100101 Firefox/133.0"
178.165.191.42 - - [27/Dec/2024:18:22:44 +0100] "GET /gui/javascript/form_form.js?1735320164 HTTP/1.1" 200 16206 "http://hausegger.activities.at/entry.php?id=10271&&ser=320104" "Mozilla/5.0 (Windows NT 10.0; Win64; x64; rv:133.0) Gecko/20100101 Firefox/133.0"
178.165.191.42 - - [27/Dec/2024:18:23:44 +0100] "GET /entry.php?id=10271&&ser=320164 HTTP/1.1" 200 987 "http://hausegger.activities.at/entry.php?id=10271&&ser=320104" "Mozilla/5.0 (Windows NT 10.0; Win64; x64; rv:133.0) Gecko/20100101 Firefox/133.0"
178.165.191.42 - - [27/Dec/2024:18:23:44 +0100] "GET /gui/javascript/form_form.js?1735320224 HTTP/1.1" 200 16206 "http://hausegger.activities.at/entry.php?id=10271&&ser=320164" "Mozilla/5.0 (Windows NT 10.0; Win64; x64; rv:133.0) Gecko/20100101 Firefox/133.0"
178.165.191.42 - - [27/Dec/2024:18:24:44 +0100] "GET /entry.php?id=10271&&ser=320224 HTTP/1.1" 200 987 "http://hausegger.activities.at/entry.php?id=10271&&ser=320164" "Mozilla/5.0 (Windows NT 10.0; Win64; x64; rv:133.0) Gecko/20100101 Firefox/133.0"
178.165.191.42 - - [27/Dec/2024:18:24:45 +0100] "GET /gui/javascript/form_form.js?1735320285 HTTP/1.1" 200 16206 "http://hausegger.activities.at/entry.php?id=10271&&ser=320224" "Mozilla/5.0 (Windows NT 10.0; Win64; x64; rv:133.0) Gecko/20100101 Firefox/133.0"
156.59.198.136 - - [27/Dec/2024:18:24:54 +0100] "GET /renault.2web.at/htdocs/binaries/10052852.pdf HTTP/1.0" 404 308 "-" "Mozilla/5.0 (Linux; Android 5.0) AppleWebKit/537.36 (KHTML, like Gecko) Mobile Safari/537.36 (compatible; Bytespider; spider-feedback@bytedance.com)"
178.165.191.42 - - [27/Dec/2024:18:25:45 +0100] "GET /entry.php?id=10271&&ser=320285 HTTP/1.1" 200 987 "http://hausegger.activities.at/entry.php?id=10271&&ser=320224" "Mozilla/5.0 (Windows NT 10.0; Win64; x64; rv:133.0) Gecko/20100101 Firefox/133.0"
178.165.191.42 - - [27/Dec/2024:18:25:45 +0100] "GET /gui/javascript/form_form.js?1735320345 HTTP/1.1" 200 16206 "http://hausegger.activities.at/entry.php?id=10271&&ser=320285" "Mozilla/5.0 (Windows NT 10.0; Win64; x64; rv:133.0) Gecko/20100101 Firefox/133.0"
178.165.191.42 - - [27/Dec/2024:18:26:45 +0100] "GET /entry.php?id=10271&&ser=320345 HTTP/1.1" 200 987 "http://hausegger.activities.at/entry.php?id=10271&&ser=320285" "Mozilla/5.0 (Windows NT 10.0; Win64; x64; rv:133.0) Gecko/20100101 Firefox/133.0"
178.165.191.42 - - [27/Dec/2024:18:26:45 +0100] "GET /gui/javascript/form_form.js?1735320405 HTTP/1.1" 200 16206 "http://hausegger.activities.at/entry.php?id=10271&&ser=320345" "Mozilla/5.0 (Windows NT 10.0; Win64; x64; rv:133.0) Gecko/20100101 Firefox/133.0"
178.165.191.42 - - [27/Dec/2024:18:27:47 +0100] "GET /entry.php?id=10271&&ser=320405 HTTP/1.1" 200 987 "http://hausegger.activities.at/entry.php?id=10271&&ser=320345" "Mozilla/5.0 (Windows NT 10.0; Win64; x64; rv:133.0) Gecko/20100101 Firefox/133.0"
178.165.191.42 - - [27/Dec/2024:18:27:47 +0100] "GET /gui/javascript/form_form.js?1735320467 HTTP/1.1" 200 16206 "http://hausegger.activities.at/entry.php?id=10271&&ser=320405" "Mozilla/5.0 (Windows NT 10.0; Win64; x64; rv:133.0) Gecko/20100101 Firefox/133.0"
178.165.191.42 - - [27/Dec/2024:18:28:49 +0100] "GET /entry.php?id=10271&&ser=320467 HTTP/1.1" 200 987 "http://hausegger.activities.at/entry.php?id=10271&&ser=320405" "Mozilla/5.0 (Windows NT 10.0; Win64; x64; rv:133.0) Gecko/20100101 Firefox/133.0"
178.165.191.42 - - [27/Dec/2024:18:28:49 +0100] "GET /gui/javascript/form_form.js?1735320529 HTTP/1.1" 200 16206 "http://hausegger.activities.at/entry.php?id=10271&&ser=320467" "Mozilla/5.0 (Windows NT 10.0; Win64; x64; rv:133.0) Gecko/20100101 Firefox/133.0"
156.59.198.135 - - [27/Dec/2024:18:28:53 +0100] "GET /ed-test.activities.at/stats/lang/awstats-tw.txt HTTP/1.0" 404 306 "-" "Mozilla/5.0 (Linux; Android 5.0) AppleWebKit/537.36 (KHTML, like Gecko) Mobile Safari/537.36 (compatible; Bytespider; spider-feedback@bytedance.com)"
178.165.191.42 - - [27/Dec/2024:18:29:50 +0100] "GET /entry.php?id=10271&&ser=320529 HTTP/1.1" 200 987 "http://hausegger.activities.at/entry.php?id=10271&&ser=320467" "Mozilla/5.0 (Windows NT 10.0; Win64; x64; rv:133.0) Gecko/20100101 Firefox/133.0"
178.165.191.42 - - [27/Dec/2024:18:29:50 +0100] "GET /gui/javascript/form_form.js?1735320590 HTTP/1.1" 200 16206 "http://hausegger.activities.at/entry.php?id=10271&&ser=320529" "Mozilla/5.0 (Windows NT 10.0; Win64; x64; rv:133.0) Gecko/20100101 Firefox/133.0"
178.165.191.42 - - [27/Dec/2024:18:30:50 +0100] "GET /entry.php?id=10271&&ser=320590 HTTP/1.1" 200 986 "http://hausegger.activities.at/entry.php?id=10271&&ser=320529" "Mozilla/5.0 (Windows NT 10.0; Win64; x64; rv:133.0) Gecko/20100101 Firefox/133.0"
178.165.191.42 - - [27/Dec/2024:18:30:50 +0100] "GET /gui/javascript/form_form.js?1735320650 HTTP/1.1" 200 16206 "http://hausegger.activities.at/entry.php?id=10271&&ser=320590" "Mozilla/5.0 (Windows NT 10.0; Win64; x64; rv:133.0) Gecko/20100101 Firefox/133.0"
185.191.126.213 - - [27/Dec/2024:18:31:22 +0100] "GET / HTTP/1.1" 200 423 "-" "-"
178.165.191.42 - - [27/Dec/2024:18:31:50 +0100] "GET /entry.php?id=10271&&ser=320650 HTTP/1.1" 200 987 "http://hausegger.activities.at/entry.php?id=10271&&ser=320590" "Mozilla/5.0 (Windows NT 10.0; Win64; x64; rv:133.0) Gecko/20100101 Firefox/133.0"
178.165.191.42 - - [27/Dec/2024:18:31:50 +0100] "GET /gui/javascript/form_form.js?1735320710 HTTP/1.1" 200 16206 "http://hausegger.activities.at/entry.php?id=10271&&ser=320650" "Mozilla/5.0 (Windows NT 10.0; Win64; x64; rv:133.0) Gecko/20100101 Firefox/133.0"
178.165.191.42 - - [27/Dec/2024:18:32:51 +0100] "GET /entry.php?id=10271&&ser=320710 HTTP/1.1" 200 987 "http://hausegger.activities.at/entry.php?id=10271&&ser=320650" "Mozilla/5.0 (Windows NT 10.0; Win64; x64; rv:133.0) Gecko/20100101 Firefox/133.0"
178.165.191.42 - - [27/Dec/2024:18:32:51 +0100] "GET /gui/javascript/form_form.js?1735320771 HTTP/1.1" 200 16206 "http://hausegger.activities.at/entry.php?id=10271&&ser=320710" "Mozilla/5.0 (Windows NT 10.0; Win64; x64; rv:133.0) Gecko/20100101 Firefox/133.0"
178.165.191.42 - - [27/Dec/2024:18:33:51 +0100] "GET /entry.php?id=10271&&ser=320771 HTTP/1.1" 200 987 "http://hausegger.activities.at/entry.php?id=10271&&ser=320710" "Mozilla/5.0 (Windows NT 10.0; Win64; x64; rv:133.0) Gecko/20100101 Firefox/133.0"
178.165.191.42 - - [27/Dec/2024:18:33:51 +0100] "GET /gui/javascript/form_form.js?1735320831 HTTP/1.1" 200 16206 "http://hausegger.activities.at/entry.php?id=10271&&ser=320771" "Mozilla/5.0 (Windows NT 10.0; Win64; x64; rv:133.0) Gecko/20100101 Firefox/133.0"
85.238.117.126 - - [27/Dec/2024:18:34:28 +0100] "GET / HTTP/1.1" 200 423 "-" "Mozilla/5.0 (Macintosh; Intel Mac OS X 10_11_6) AppleWebKit/601.7.7 (KHTML, like Gecko) Version/9.1.2 Safari/601.7.7"
178.165.191.42 - - [27/Dec/2024:18:34:51 +0100] "GET /entry.php?id=10271&&ser=320831 HTTP/1.1" 200 987 "http://hausegger.activities.at/entry.php?id=10271&&ser=320771" "Mozilla/5.0 (Windows NT 10.0; Win64; x64; rv:133.0) Gecko/20100101 Firefox/133.0"
178.165.191.42 - - [27/Dec/2024:18:34:51 +0100] "GET /gui/javascript/form_form.js?1735320891 HTTP/1.1" 200 16206 "http://hausegger.activities.at/entry.php?id=10271&&ser=320831" "Mozilla/5.0 (Windows NT 10.0; Win64; x64; rv:133.0) Gecko/20100101 Firefox/133.0"
178.165.191.42 - - [27/Dec/2024:18:35:51 +0100] "GET /entry.php?id=10271&&ser=320891 HTTP/1.1" 200 987 "http://hausegger.activities.at/entry.php?id=10271&&ser=320831" "Mozilla/5.0 (Windows NT 10.0; Win64; x64; rv:133.0) Gecko/20100101 Firefox/133.0"
178.165.191.42 - - [27/Dec/2024:18:35:52 +0100] "GET /gui/javascript/form_form.js?1735320952 HTTP/1.1" 200 16206 "http://hausegger.activities.at/entry.php?id=10271&&ser=320891" "Mozilla/5.0 (Windows NT 10.0; Win64; x64; rv:133.0) Gecko/20100101 Firefox/133.0"
178.165.191.42 - - [27/Dec/2024:18:36:52 +0100] "GET /entry.php?id=10271&&ser=320952 HTTP/1.1" 200 986 "http://hausegger.activities.at/entry.php?id=10271&&ser=320891" "Mozilla/5.0 (Windows NT 10.0; Win64; x64; rv:133.0) Gecko/20100101 Firefox/133.0"
178.165.191.42 - - [27/Dec/2024:18:36:52 +0100] "GET /gui/javascript/form_form.js?1735321012 HTTP/1.1" 200 16206 "http://hausegger.activities.at/entry.php?id=10271&&ser=320952" "Mozilla/5.0 (Windows NT 10.0; Win64; x64; rv:133.0) Gecko/20100101 Firefox/133.0"
178.165.191.42 - - [27/Dec/2024:18:37:52 +0100] "GET /entry.php?id=10271&&ser=321012 HTTP/1.1" 200 987 "http://hausegger.activities.at/entry.php?id=10271&&ser=320952" "Mozilla/5.0 (Windows NT 10.0; Win64; x64; rv:133.0) Gecko/20100101 Firefox/133.0"
178.165.191.42 - - [27/Dec/2024:18:37:52 +0100] "GET /gui/javascript/form_form.js?1735321072 HTTP/1.1" 200 16206 "http://hausegger.activities.at/entry.php?id=10271&&ser=321012" "Mozilla/5.0 (Windows NT 10.0; Win64; x64; rv:133.0) Gecko/20100101 Firefox/133.0"
178.165.191.42 - - [27/Dec/2024:18:38:52 +0100] "GET /entry.php?id=10271&&ser=321072 HTTP/1.1" 200 987 "http://hausegger.activities.at/entry.php?id=10271&&ser=321012" "Mozilla/5.0 (Windows NT 10.0; Win64; x64; rv:133.0) Gecko/20100101 Firefox/133.0"
178.165.191.42 - - [27/Dec/2024:18:38:52 +0100] "GET /gui/javascript/form_form.js?1735321132 HTTP/1.1" 200 16206 "http://hausegger.activities.at/entry.php?id=10271&&ser=321072" "Mozilla/5.0 (Windows NT 10.0; Win64; x64; rv:133.0) Gecko/20100101 Firefox/133.0"
178.165.191.42 - - [27/Dec/2024:18:39:53 +0100] "GET /entry.php?id=10271&&ser=321132 HTTP/1.1" 200 987 "http://hausegger.activities.at/entry.php?id=10271&&ser=321072" "Mozilla/5.0 (Windows NT 10.0; Win64; x64; rv:133.0) Gecko/20100101 Firefox/133.0"
178.165.191.42 - - [27/Dec/2024:18:39:53 +0100] "GET /gui/javascript/form_form.js?1735321193 HTTP/1.1" 200 16206 "http://hausegger.activities.at/entry.php?id=10271&&ser=321132" "Mozilla/5.0 (Windows NT 10.0; Win64; x64; rv:133.0) Gecko/20100101 Firefox/133.0"
95.214.55.185 - - [27/Dec/2024:18:40:42 +0100] "GET / HTTP/1.1" 200 423 "-" "-"
178.165.191.42 - - [27/Dec/2024:18:40:53 +0100] "GET /entry.php?id=10271&&ser=321193 HTTP/1.1" 200 987 "http://hausegger.activities.at/entry.php?id=10271&&ser=321132" "Mozilla/5.0 (Windows NT 10.0; Win64; x64; rv:133.0) Gecko/20100101 Firefox/133.0"
178.165.191.42 - - [27/Dec/2024:18:40:53 +0100] "GET /gui/javascript/form_form.js?1735321253 HTTP/1.1" 200 16206 "http://hausegger.activities.at/entry.php?id=10271&&ser=321193" "Mozilla/5.0 (Windows NT 10.0; Win64; x64; rv:133.0) Gecko/20100101 Firefox/133.0"
71.6.146.186 - - [27/Dec/2024:18:41:42 +0100] "GET / HTTP/1.1" 200 423 "-" "Mozilla/5.0 (Windows NT 6.1) AppleWebKit/537.36 (KHTML, like Gecko) Chrome/41.0.2228.0 Safari/537.36"
71.6.146.186 - - [27/Dec/2024:18:41:45 +0100] "GET /robots.txt HTTP/1.1" 404 355 "-" "-"
71.6.146.186 - - [27/Dec/2024:18:41:45 +0100] "GET /sitemap.xml HTTP/1.1" 404 356 "-" "-"
71.6.146.186 - - [27/Dec/2024:18:41:46 +0100] "GET /.well-known/security.txt HTTP/1.1" 404 369 "-" "-"
71.6.146.186 - - [27/Dec/2024:18:41:47 +0100] "GET /activities.ico HTTP/1.1" 200 1406 "-" "Mozilla/5.0 (Windows NT 10.0; Win64; x64) AppleWebKit/537.36 (KHTML, like Gecko) Chrome/102.0.5005.63 Safari/537.36"
178.165.191.42 - - [27/Dec/2024:18:41:53 +0100] "GET /entry.php?id=10271&&ser=321253 HTTP/1.1" 200 987 "http://hausegger.activities.at/entry.php?id=10271&&ser=321193" "Mozilla/5.0 (Windows NT 10.0; Win64; x64; rv:133.0) Gecko/20100101 Firefox/133.0"
178.165.191.42 - - [27/Dec/2024:18:41:53 +0100] "GET /gui/javascript/form_form.js?1735321313 HTTP/1.1" 200 16206 "http://hausegger.activities.at/entry.php?id=10271&&ser=321253" "Mozilla/5.0 (Windows NT 10.0; Win64; x64; rv:133.0) Gecko/20100101 Firefox/133.0"
178.165.191.42 - - [27/Dec/2024:18:42:54 +0100] "GET /entry.php?id=10271&&ser=321313 HTTP/1.1" 200 987 "http://hausegger.activities.at/entry.php?id=10271&&ser=321253" "Mozilla/5.0 (Windows NT 10.0; Win64; x64; rv:133.0) Gecko/20100101 Firefox/133.0"
178.165.191.42 - - [27/Dec/2024:18:42:54 +0100] "GET /gui/javascript/form_form.js?1735321374 HTTP/1.1" 200 16206 "http://hausegger.activities.at/entry.php?id=10271&&ser=321313" "Mozilla/5.0 (Windows NT 10.0; Win64; x64; rv:133.0) Gecko/20100101 Firefox/133.0"
178.165.191.42 - - [27/Dec/2024:18:43:54 +0100] "GET /entry.php?id=10271&&ser=321374 HTTP/1.1" 200 987 "http://hausegger.activities.at/entry.php?id=10271&&ser=321313" "Mozilla/5.0 (Windows NT 10.0; Win64; x64; rv:133.0) Gecko/20100101 Firefox/133.0"
178.165.191.42 - - [27/Dec/2024:18:43:54 +0100] "GET /gui/javascript/form_form.js?1735321434 HTTP/1.1" 200 16206 "http://hausegger.activities.at/entry.php?id=10271&&ser=321374" "Mozilla/5.0 (Windows NT 10.0; Win64; x64; rv:133.0) Gecko/20100101 Firefox/133.0"
178.165.191.42 - - [27/Dec/2024:18:44:54 +0100] "GET /entry.php?id=10271&&ser=321434 HTTP/1.1" 200 987 "http://hausegger.activities.at/entry.php?id=10271&&ser=321374" "Mozilla/5.0 (Windows NT 10.0; Win64; x64; rv:133.0) Gecko/20100101 Firefox/133.0"
178.165.191.42 - - [27/Dec/2024:18:44:54 +0100] "GET /gui/javascript/form_form.js?1735321494 HTTP/1.1" 200 16206 "http://hausegger.activities.at/entry.php?id=10271&&ser=321434" "Mozilla/5.0 (Windows NT 10.0; Win64; x64; rv:133.0) Gecko/20100101 Firefox/133.0"
178.165.191.42 - - [27/Dec/2024:18:45:54 +0100] "GET /entry.php?id=10271&&ser=321494 HTTP/1.1" 200 988 "http://hausegger.activities.at/entry.php?id=10271&&ser=321434" "Mozilla/5.0 (Windows NT 10.0; Win64; x64; rv:133.0) Gecko/20100101 Firefox/133.0"
178.165.191.42 - - [27/Dec/2024:18:45:55 +0100] "GET /gui/javascript/form_form.js?1735321555 HTTP/1.1" 200 16206 "http://hausegger.activities.at/entry.php?id=10271&&ser=321494" "Mozilla/5.0 (Windows NT 10.0; Win64; x64; rv:133.0) Gecko/20100101 Firefox/133.0"
178.165.191.42 - - [27/Dec/2024:18:46:55 +0100] "GET /entry.php?id=10271&&ser=321555 HTTP/1.1" 200 987 "http://hausegger.activities.at/entry.php?id=10271&&ser=321494" "Mozilla/5.0 (Windows NT 10.0; Win64; x64; rv:133.0) Gecko/20100101 Firefox/133.0"
178.165.191.42 - - [27/Dec/2024:18:46:55 +0100] "GET /gui/javascript/form_form.js?1735321615 HTTP/1.1" 200 16206 "http://hausegger.activities.at/entry.php?id=10271&&ser=321555" "Mozilla/5.0 (Windows NT 10.0; Win64; x64; rv:133.0) Gecko/20100101 Firefox/133.0"
178.165.191.42 - - [27/Dec/2024:18:47:55 +0100] "GET /entry.php?id=10271&&ser=321615 HTTP/1.1" 200 987 "http://hausegger.activities.at/entry.php?id=10271&&ser=321555" "Mozilla/5.0 (Windows NT 10.0; Win64; x64; rv:133.0) Gecko/20100101 Firefox/133.0"
178.165.191.42 - - [27/Dec/2024:18:47:55 +0100] "GET /gui/javascript/form_form.js?1735321675 HTTP/1.1" 200 16206 "http://hausegger.activities.at/entry.php?id=10271&&ser=321615" "Mozilla/5.0 (Windows NT 10.0; Win64; x64; rv:133.0) Gecko/20100101 Firefox/133.0"
156.59.198.136 - - [27/Dec/2024:18:48:33 +0100] "GET /ed-test.activities.at/stats/lang/awstats-sr.txt HTTP/1.0" 404 306 "-" "Mozilla/5.0 (Linux; Android 5.0) AppleWebKit/537.36 (KHTML, like Gecko) Mobile Safari/537.36 (compatible; Bytespider; spider-feedback@bytedance.com)"
178.165.191.42 - - [27/Dec/2024:18:48:55 +0100] "GET /entry.php?id=10271&&ser=321675 HTTP/1.1" 200 985 "http://hausegger.activities.at/entry.php?id=10271&&ser=321615" "Mozilla/5.0 (Windows NT 10.0; Win64; x64; rv:133.0) Gecko/20100101 Firefox/133.0"
178.165.191.42 - - [27/Dec/2024:18:48:55 +0100] "GET /gui/javascript/form_form.js?1735321735 HTTP/1.1" 200 16206 "http://hausegger.activities.at/entry.php?id=10271&&ser=321675" "Mozilla/5.0 (Windows NT 10.0; Win64; x64; rv:133.0) Gecko/20100101 Firefox/133.0"
178.165.191.42 - - [27/Dec/2024:18:49:56 +0100] "GET /entry.php?id=10271&&ser=321735 HTTP/1.1" 200 987 "http://hausegger.activities.at/entry.php?id=10271&&ser=321675" "Mozilla/5.0 (Windows NT 10.0; Win64; x64; rv:133.0) Gecko/20100101 Firefox/133.0"
178.165.191.42 - - [27/Dec/2024:18:49:56 +0100] "GET /gui/javascript/form_form.js?1735321796 HTTP/1.1" 200 16206 "http://hausegger.activities.at/entry.php?id=10271&&ser=321735" "Mozilla/5.0 (Windows NT 10.0; Win64; x64; rv:133.0) Gecko/20100101 Firefox/133.0"
178.165.191.42 - - [27/Dec/2024:18:50:56 +0100] "GET /entry.php?id=10271&&ser=321796 HTTP/1.1" 200 987 "http://hausegger.activities.at/entry.php?id=10271&&ser=321735" "Mozilla/5.0 (Windows NT 10.0; Win64; x64; rv:133.0) Gecko/20100101 Firefox/133.0"
178.165.191.42 - - [27/Dec/2024:18:50:56 +0100] "GET /gui/javascript/form_form.js?1735321856 HTTP/1.1" 200 16206 "http://hausegger.activities.at/entry.php?id=10271&&ser=321796" "Mozilla/5.0 (Windows NT 10.0; Win64; x64; rv:133.0) Gecko/20100101 Firefox/133.0"
178.165.191.42 - - [27/Dec/2024:18:51:56 +0100] "GET /entry.php?id=10271&&ser=321856 HTTP/1.1" 200 987 "http://hausegger.activities.at/entry.php?id=10271&&ser=321796" "Mozilla/5.0 (Windows NT 10.0; Win64; x64; rv:133.0) Gecko/20100101 Firefox/133.0"
178.165.191.42 - - [27/Dec/2024:18:51:57 +0100] "GET /gui/javascript/form_form.js?1735321916 HTTP/1.1" 200 16206 "http://hausegger.activities.at/entry.php?id=10271&&ser=321856" "Mozilla/5.0 (Windows NT 10.0; Win64; x64; rv:133.0) Gecko/20100101 Firefox/133.0"
178.165.191.42 - - [27/Dec/2024:18:52:57 +0100] "GET /entry.php?id=10271&&ser=321916 HTTP/1.1" 200 987 "http://hausegger.activities.at/entry.php?id=10271&&ser=321856" "Mozilla/5.0 (Windows NT 10.0; Win64; x64; rv:133.0) Gecko/20100101 Firefox/133.0"
178.165.191.42 - - [27/Dec/2024:18:52:57 +0100] "GET /gui/javascript/form_form.js?1735321977 HTTP/1.1" 200 16206 "http://hausegger.activities.at/entry.php?id=10271&&ser=321916" "Mozilla/5.0 (Windows NT 10.0; Win64; x64; rv:133.0) Gecko/20100101 Firefox/133.0"
178.165.191.42 - - [27/Dec/2024:18:53:58 +0100] "GET /entry.php?id=10271&&ser=321977 HTTP/1.1" 200 987 "http://hausegger.activities.at/entry.php?id=10271&&ser=321916" "Mozilla/5.0 (Windows NT 10.0; Win64; x64; rv:133.0) Gecko/20100101 Firefox/133.0"
178.165.191.42 - - [27/Dec/2024:18:53:58 +0100] "GET /gui/javascript/form_form.js?1735322038 HTTP/1.1" 200 16206 "http://hausegger.activities.at/entry.php?id=10271&&ser=321977" "Mozilla/5.0 (Windows NT 10.0; Win64; x64; rv:133.0) Gecko/20100101 Firefox/133.0"
156.59.198.135 - - [27/Dec/2024:18:54:36 +0100] "GET /renault.activities.at/htdocs/pinEdit/editor/help/userhelp-Dateien/image022.jpg HTTP/1.0" 404 328 "-" "Mozilla/5.0 (Linux; Android 5.0) AppleWebKit/537.36 (KHTML, like Gecko) Mobile Safari/537.36 (compatible; Bytespider; spider-feedback@bytedance.com)"
178.165.191.42 - - [27/Dec/2024:18:54:58 +0100] "GET /entry.php?id=10271&&ser=322038 HTTP/1.1" 200 987 "http://hausegger.activities.at/entry.php?id=10271&&ser=321977" "Mozilla/5.0 (Windows NT 10.0; Win64; x64; rv:133.0) Gecko/20100101 Firefox/133.0"
178.165.191.42 - - [27/Dec/2024:18:54:58 +0100] "GET /gui/javascript/form_form.js?1735322098 HTTP/1.1" 200 16206 "http://hausegger.activities.at/entry.php?id=10271&&ser=322038" "Mozilla/5.0 (Windows NT 10.0; Win64; x64; rv:133.0) Gecko/20100101 Firefox/133.0"
178.165.191.42 - - [27/Dec/2024:18:55:58 +0100] "GET /entry.php?id=10271&&ser=322098 HTTP/1.1" 200 987 "http://hausegger.activities.at/entry.php?id=10271&&ser=322038" "Mozilla/5.0 (Windows NT 10.0; Win64; x64; rv:133.0) Gecko/20100101 Firefox/133.0"
178.165.191.42 - - [27/Dec/2024:18:55:58 +0100] "GET /gui/javascript/form_form.js?1735322158 HTTP/1.1" 200 16206 "http://hausegger.activities.at/entry.php?id=10271&&ser=322098" "Mozilla/5.0 (Windows NT 10.0; Win64; x64; rv:133.0) Gecko/20100101 Firefox/133.0"
178.165.191.42 - - [27/Dec/2024:18:56:59 +0100] "GET /entry.php?id=10271&&ser=322158 HTTP/1.1" 200 987 "http://hausegger.activities.at/entry.php?id=10271&&ser=322098" "Mozilla/5.0 (Windows NT 10.0; Win64; x64; rv:133.0) Gecko/20100101 Firefox/133.0"
178.165.191.42 - - [27/Dec/2024:18:56:59 +0100] "GET /gui/javascript/form_form.js?1735322219 HTTP/1.1" 200 16206 "http://hausegger.activities.at/entry.php?id=10271&&ser=322158" "Mozilla/5.0 (Windows NT 10.0; Win64; x64; rv:133.0) Gecko/20100101 Firefox/133.0"
178.165.191.42 - - [27/Dec/2024:18:57:59 +0100] "GET /entry.php?id=10271&&ser=322219 HTTP/1.1" 200 987 "http://hausegger.activities.at/entry.php?id=10271&&ser=322158" "Mozilla/5.0 (Windows NT 10.0; Win64; x64; rv:133.0) Gecko/20100101 Firefox/133.0"
178.165.191.42 - - [27/Dec/2024:18:57:59 +0100] "GET /gui/javascript/form_form.js?1735322279 HTTP/1.1" 200 16206 "http://hausegger.activities.at/entry.php?id=10271&&ser=322219" "Mozilla/5.0 (Windows NT 10.0; Win64; x64; rv:133.0) Gecko/20100101 Firefox/133.0"
178.165.191.42 - - [27/Dec/2024:18:58:59 +0100] "GET /entry.php?id=10271&&ser=322279 HTTP/1.1" 200 987 "http://hausegger.activities.at/entry.php?id=10271&&ser=322219" "Mozilla/5.0 (Windows NT 10.0; Win64; x64; rv:133.0) Gecko/20100101 Firefox/133.0"
178.165.191.42 - - [27/Dec/2024:18:58:59 +0100] "GET /gui/javascript/form_form.js?1735322339 HTTP/1.1" 200 16206 "http://hausegger.activities.at/entry.php?id=10271&&ser=322279" "Mozilla/5.0 (Windows NT 10.0; Win64; x64; rv:133.0) Gecko/20100101 Firefox/133.0"
178.165.191.42 - - [27/Dec/2024:18:59:59 +0100] "GET /entry.php?id=10271&&ser=322339 HTTP/1.1" 200 987 "http://hausegger.activities.at/entry.php?id=10271&&ser=322279" "Mozilla/5.0 (Windows NT 10.0; Win64; x64; rv:133.0) Gecko/20100101 Firefox/133.0"
178.165.191.42 - - [27/Dec/2024:19:00:00 +0100] "GET /gui/javascript/form_form.js?1735322400 HTTP/1.1" 200 16206 "http://hausegger.activities.at/entry.php?id=10271&&ser=322339" "Mozilla/5.0 (Windows NT 10.0; Win64; x64; rv:133.0) Gecko/20100101 Firefox/133.0"
178.165.191.42 - - [27/Dec/2024:19:01:00 +0100] "GET /entry.php?id=10271&&ser=322400 HTTP/1.1" 200 987 "http://hausegger.activities.at/entry.php?id=10271&&ser=322339" "Mozilla/5.0 (Windows NT 10.0; Win64; x64; rv:133.0) Gecko/20100101 Firefox/133.0"
178.165.191.42 - - [27/Dec/2024:19:01:00 +0100] "GET /gui/javascript/form_form.js?1735322460 HTTP/1.1" 200 16206 "http://hausegger.activities.at/entry.php?id=10271&&ser=322400" "Mozilla/5.0 (Windows NT 10.0; Win64; x64; rv:133.0) Gecko/20100101 Firefox/133.0"
178.165.191.42 - - [27/Dec/2024:19:02:00 +0100] "GET /entry.php?id=10271&&ser=322460 HTTP/1.1" 200 987 "http://hausegger.activities.at/entry.php?id=10271&&ser=322400" "Mozilla/5.0 (Windows NT 10.0; Win64; x64; rv:133.0) Gecko/20100101 Firefox/133.0"
178.165.191.42 - - [27/Dec/2024:19:02:00 +0100] "GET /gui/javascript/form_form.js?1735322520 HTTP/1.1" 200 16206 "http://hausegger.activities.at/entry.php?id=10271&&ser=322460" "Mozilla/5.0 (Windows NT 10.0; Win64; x64; rv:133.0) Gecko/20100101 Firefox/133.0"
178.165.191.42 - - [27/Dec/2024:19:03:00 +0100] "GET /entry.php?id=10271&&ser=322520 HTTP/1.1" 200 987 "http://hausegger.activities.at/entry.php?id=10271&&ser=322460" "Mozilla/5.0 (Windows NT 10.0; Win64; x64; rv:133.0) Gecko/20100101 Firefox/133.0"
178.165.191.42 - - [27/Dec/2024:19:03:01 +0100] "GET /gui/javascript/form_form.js?1735322580 HTTP/1.1" 200 16206 "http://hausegger.activities.at/entry.php?id=10271&&ser=322520" "Mozilla/5.0 (Windows NT 10.0; Win64; x64; rv:133.0) Gecko/20100101 Firefox/133.0"
178.165.191.42 - - [27/Dec/2024:19:04:01 +0100] "GET /entry.php?id=10271&&ser=322580 HTTP/1.1" 200 987 "http://hausegger.activities.at/entry.php?id=10271&&ser=322520" "Mozilla/5.0 (Windows NT 10.0; Win64; x64; rv:133.0) Gecko/20100101 Firefox/133.0"
178.165.191.42 - - [27/Dec/2024:19:04:01 +0100] "GET /gui/javascript/form_form.js?1735322641 HTTP/1.1" 200 16206 "http://hausegger.activities.at/entry.php?id=10271&&ser=322580" "Mozilla/5.0 (Windows NT 10.0; Win64; x64; rv:133.0) Gecko/20100101 Firefox/133.0"
156.59.198.136 - - [27/Dec/2024:19:04:26 +0100] "GET /renault.activities.at/htdocs/pinEdit/editor/help/userhelp-Dateien/image002.jpg HTTP/1.0" 404 328 "-" "Mozilla/5.0 (Linux; Android 5.0) AppleWebKit/537.36 (KHTML, like Gecko) Mobile Safari/537.36 (compatible; Bytespider; spider-feedback@bytedance.com)"
178.165.191.42 - - [27/Dec/2024:19:05:01 +0100] "GET /entry.php?id=10271&&ser=322641 HTTP/1.1" 200 987 "http://hausegger.activities.at/entry.php?id=10271&&ser=322580" "Mozilla/5.0 (Windows NT 10.0; Win64; x64; rv:133.0) Gecko/20100101 Firefox/133.0"
178.165.191.42 - - [27/Dec/2024:19:05:01 +0100] "GET /gui/javascript/form_form.js?1735322701 HTTP/1.1" 200 16206 "http://hausegger.activities.at/entry.php?id=10271&&ser=322641" "Mozilla/5.0 (Windows NT 10.0; Win64; x64; rv:133.0) Gecko/20100101 Firefox/133.0"
178.165.191.42 - - [27/Dec/2024:19:06:01 +0100] "GET /entry.php?id=10271&&ser=322701 HTTP/1.1" 200 987 "http://hausegger.activities.at/entry.php?id=10271&&ser=322641" "Mozilla/5.0 (Windows NT 10.0; Win64; x64; rv:133.0) Gecko/20100101 Firefox/133.0"
178.165.191.42 - - [27/Dec/2024:19:06:01 +0100] "GET /gui/javascript/form_form.js?1735322761 HTTP/1.1" 200 16206 "http://hausegger.activities.at/entry.php?id=10271&&ser=322701" "Mozilla/5.0 (Windows NT 10.0; Win64; x64; rv:133.0) Gecko/20100101 Firefox/133.0"
178.165.191.42 - - [27/Dec/2024:19:07:02 +0100] "GET /entry.php?id=10271&&ser=322761 HTTP/1.1" 200 987 "http://hausegger.activities.at/entry.php?id=10271&&ser=322701" "Mozilla/5.0 (Windows NT 10.0; Win64; x64; rv:133.0) Gecko/20100101 Firefox/133.0"
178.165.191.42 - - [27/Dec/2024:19:07:02 +0100] "GET /gui/javascript/form_form.js?1735322822 HTTP/1.1" 200 16206 "http://hausegger.activities.at/entry.php?id=10271&&ser=322761" "Mozilla/5.0 (Windows NT 10.0; Win64; x64; rv:133.0) Gecko/20100101 Firefox/133.0"
80.82.70.133 - - [27/Dec/2024:19:08:00 +0100] "GET / HTTP/1.0" 200 423 "-" "Mozilla/5.0 (X11; Linux x86_64) AppleWebKit/537.36 (KHTML, like Gecko) Chrome/64.0.3269.3 Safari/537.36"
178.165.191.42 - - [27/Dec/2024:19:08:02 +0100] "GET /entry.php?id=10271&&ser=322822 HTTP/1.1" 200 987 "http://hausegger.activities.at/entry.php?id=10271&&ser=322761" "Mozilla/5.0 (Windows NT 10.0; Win64; x64; rv:133.0) Gecko/20100101 Firefox/133.0"
178.165.191.42 - - [27/Dec/2024:19:08:02 +0100] "GET /gui/javascript/form_form.js?1735322882 HTTP/1.1" 200 16206 "http://hausegger.activities.at/entry.php?id=10271&&ser=322822" "Mozilla/5.0 (Windows NT 10.0; Win64; x64; rv:133.0) Gecko/20100101 Firefox/133.0"
80.82.77.202 - - [27/Dec/2024:19:08:18 +0100] "\x16\x03\x01" 400 383 "-" "-"
80.82.77.202 - - [27/Dec/2024:19:08:18 +0100] "GET /aaa9 HTTP/1.1" 404 280 "-" "Mozilla/5.0 (Windows NT 10.0; Win64; x64) AppleWebKit/537.36 (KHTML, like Gecko) Chrome/70.0.3538.77 Safari/537.36"
80.82.77.202 - - [27/Dec/2024:19:08:18 +0100] "\x16\x03\x01" 400 383 "-" "-"
80.82.77.202 - - [27/Dec/2024:19:08:18 +0100] "GET /aab9 HTTP/1.1" 404 280 "-" "Mozilla/5.0 (Windows NT 10.0; Win64; x64) AppleWebKit/537.36 (KHTML, like Gecko) Chrome/70.0.3538.77 Safari/537.36"
156.59.198.136 - - [27/Dec/2024:19:08:27 +0100] "GET /renault.activities.at/htdocs/dompdf-master/www/test/images/png/gray8b_bk.png HTTP/1.0" 404 328 "-" "Mozilla/5.0 (Linux; Android 5.0) AppleWebKit/537.36 (KHTML, like Gecko) Mobile Safari/537.36 (compatible; Bytespider; spider-feedback@bytedance.com)"
178.165.191.42 - - [27/Dec/2024:19:09:02 +0100] "GET /entry.php?id=10271&&ser=322882 HTTP/1.1" 200 987 "http://hausegger.activities.at/entry.php?id=10271&&ser=322822" "Mozilla/5.0 (Windows NT 10.0; Win64; x64; rv:133.0) Gecko/20100101 Firefox/133.0"
178.165.191.42 - - [27/Dec/2024:19:09:02 +0100] "GET /gui/javascript/form_form.js?1735322942 HTTP/1.1" 200 16206 "http://hausegger.activities.at/entry.php?id=10271&&ser=322882" "Mozilla/5.0 (Windows NT 10.0; Win64; x64; rv:133.0) Gecko/20100101 Firefox/133.0"
178.165.191.42 - - [27/Dec/2024:19:10:02 +0100] "GET /entry.php?id=10271&&ser=322942 HTTP/1.1" 200 988 "http://hausegger.activities.at/entry.php?id=10271&&ser=322882" "Mozilla/5.0 (Windows NT 10.0; Win64; x64; rv:133.0) Gecko/20100101 Firefox/133.0"
178.165.191.42 - - [27/Dec/2024:19:10:03 +0100] "GET /gui/javascript/form_form.js?1735323003 HTTP/1.1" 200 16206 "http://hausegger.activities.at/entry.php?id=10271&&ser=322942" "Mozilla/5.0 (Windows NT 10.0; Win64; x64; rv:133.0) Gecko/20100101 Firefox/133.0"
178.165.191.42 - - [27/Dec/2024:19:11:03 +0100] "GET /entry.php?id=10271&&ser=323002 HTTP/1.1" 200 987 "http://hausegger.activities.at/entry.php?id=10271&&ser=322942" "Mozilla/5.0 (Windows NT 10.0; Win64; x64; rv:133.0) Gecko/20100101 Firefox/133.0"
178.165.191.42 - - [27/Dec/2024:19:11:03 +0100] "GET /gui/javascript/form_form.js?1735323063 HTTP/1.1" 200 16206 "http://hausegger.activities.at/entry.php?id=10271&&ser=323002" "Mozilla/5.0 (Windows NT 10.0; Win64; x64; rv:133.0) Gecko/20100101 Firefox/133.0"
