178.165.191.42 - - [02/Jan/2025:16:02:06 +0100] "GET /gui/javascript/form_form.js?1735830126 HTTP/1.1" 200 16206 "http://hausegger.activities.at/entry.php?id=10271&&ser=830066" "Mozilla/5.0 (Windows NT 10.0; Win64; x64; rv:133.0) Gecko/20100101 Firefox/133.0"
170.39.194.124 - - [02/Jan/2025:16:02:49 +0100] "CONNECT www.google.com:443 HTTP/1.1" 200 423 "-" "Go-http-client/1.1"
178.165.191.42 - - [02/Jan/2025:16:03:06 +0100] "GET /entry.php?id=10271&&ser=830126 HTTP/1.1" 200 986 "http://hausegger.activities.at/entry.php?id=10271&&ser=830066" "Mozilla/5.0 (Windows NT 10.0; Win64; x64; rv:133.0) Gecko/20100101 Firefox/133.0"
178.165.191.42 - - [02/Jan/2025:16:03:06 +0100] "GET /gui/javascript/form_form.js?1735830186 HTTP/1.1" 200 16206 "http://hausegger.activities.at/entry.php?id=10271&&ser=830126" "Mozilla/5.0 (Windows NT 10.0; Win64; x64; rv:133.0) Gecko/20100101 Firefox/133.0"
178.165.191.42 - - [02/Jan/2025:16:04:07 +0100] "GET /entry.php?id=10271&&ser=830186 HTTP/1.1" 200 987 "http://hausegger.activities.at/entry.php?id=10271&&ser=830126" "Mozilla/5.0 (Windows NT 10.0; Win64; x64; rv:133.0) Gecko/20100101 Firefox/133.0"
178.165.191.42 - - [02/Jan/2025:16:04:07 +0100] "GET /gui/javascript/form_form.js?1735830247 HTTP/1.1" 200 16206 "http://hausegger.activities.at/entry.php?id=10271&&ser=830186" "Mozilla/5.0 (Windows NT 10.0; Win64; x64; rv:133.0) Gecko/20100101 Firefox/133.0"
178.165.191.42 - - [02/Jan/2025:16:05:07 +0100] "GET /entry.php?id=10271&&ser=830247 HTTP/1.1" 200 987 "http://hausegger.activities.at/entry.php?id=10271&&ser=830186" "Mozilla/5.0 (Windows NT 10.0; Win64; x64; rv:133.0) Gecko/20100101 Firefox/133.0"
178.165.191.42 - - [02/Jan/2025:16:05:07 +0100] "GET /gui/javascript/form_form.js?1735830307 HTTP/1.1" 200 16206 "http://hausegger.activities.at/entry.php?id=10271&&ser=830247" "Mozilla/5.0 (Windows NT 10.0; Win64; x64; rv:133.0) Gecko/20100101 Firefox/133.0"
178.165.191.42 - - [02/Jan/2025:16:06:07 +0100] "GET /entry.php?id=10271&&ser=830307 HTTP/1.1" 200 987 "http://hausegger.activities.at/entry.php?id=10271&&ser=830247" "Mozilla/5.0 (Windows NT 10.0; Win64; x64; rv:133.0) Gecko/20100101 Firefox/133.0"
178.165.191.42 - - [02/Jan/2025:16:06:07 +0100] "GET /gui/javascript/form_form.js?1735830367 HTTP/1.1" 200 16206 "http://hausegger.activities.at/entry.php?id=10271&&ser=830307" "Mozilla/5.0 (Windows NT 10.0; Win64; x64; rv:133.0) Gecko/20100101 Firefox/133.0"
178.165.191.42 - - [02/Jan/2025:16:07:08 +0100] "GET /entry.php?id=10271&&ser=830367 HTTP/1.1" 200 987 "http://hausegger.activities.at/entry.php?id=10271&&ser=830307" "Mozilla/5.0 (Windows NT 10.0; Win64; x64; rv:133.0) Gecko/20100101 Firefox/133.0"
178.165.191.42 - - [02/Jan/2025:16:07:08 +0100] "GET /gui/javascript/form_form.js?1735830428 HTTP/1.1" 200 16206 "http://hausegger.activities.at/entry.php?id=10271&&ser=830367" "Mozilla/5.0 (Windows NT 10.0; Win64; x64; rv:133.0) Gecko/20100101 Firefox/133.0"
178.165.191.42 - - [02/Jan/2025:16:08:08 +0100] "GET /entry.php?id=10271&&ser=830428 HTTP/1.1" 200 987 "http://hausegger.activities.at/entry.php?id=10271&&ser=830367" "Mozilla/5.0 (Windows NT 10.0; Win64; x64; rv:133.0) Gecko/20100101 Firefox/133.0"
178.165.191.42 - - [02/Jan/2025:16:08:08 +0100] "GET /gui/javascript/form_form.js?1735830488 HTTP/1.1" 200 16206 "http://hausegger.activities.at/entry.php?id=10271&&ser=830428" "Mozilla/5.0 (Windows NT 10.0; Win64; x64; rv:133.0) Gecko/20100101 Firefox/133.0"
178.165.191.42 - - [02/Jan/2025:16:09:08 +0100] "GET /entry.php?id=10271&&ser=830488 HTTP/1.1" 200 988 "http://hausegger.activities.at/entry.php?id=10271&&ser=830428" "Mozilla/5.0 (Windows NT 10.0; Win64; x64; rv:133.0) Gecko/20100101 Firefox/133.0"
178.165.191.42 - - [02/Jan/2025:16:09:08 +0100] "GET /gui/javascript/form_form.js?1735830548 HTTP/1.1" 200 16206 "http://hausegger.activities.at/entry.php?id=10271&&ser=830488" "Mozilla/5.0 (Windows NT 10.0; Win64; x64; rv:133.0) Gecko/20100101 Firefox/133.0"
178.165.191.42 - - [02/Jan/2025:16:10:08 +0100] "GET /entry.php?id=10271&&ser=830548 HTTP/1.1" 200 987 "http://hausegger.activities.at/entry.php?id=10271&&ser=830488" "Mozilla/5.0 (Windows NT 10.0; Win64; x64; rv:133.0) Gecko/20100101 Firefox/133.0"
178.165.191.42 - - [02/Jan/2025:16:10:09 +0100] "GET /gui/javascript/form_form.js?1735830609 HTTP/1.1" 200 16206 "http://hausegger.activities.at/entry.php?id=10271&&ser=830548" "Mozilla/5.0 (Windows NT 10.0; Win64; x64; rv:133.0) Gecko/20100101 Firefox/133.0"
156.59.198.136 - - [02/Jan/2025:16:10:48 +0100] "GET /renault.activities.at/htdocs/editor/design/image/Office2003/preview.gif HTTP/1.0" 404 326 "-" "Mozilla/5.0 (Linux; Android 5.0) AppleWebKit/537.36 (KHTML, like Gecko) Mobile Safari/537.36 (compatible; Bytespider; spider-feedback@bytedance.com)"
178.165.191.42 - - [02/Jan/2025:16:11:09 +0100] "GET /entry.php?id=10271&&ser=830609 HTTP/1.1" 200 987 "http://hausegger.activities.at/entry.php?id=10271&&ser=830548" "Mozilla/5.0 (Windows NT 10.0; Win64; x64; rv:133.0) Gecko/20100101 Firefox/133.0"
178.165.191.42 - - [02/Jan/2025:16:11:09 +0100] "GET /gui/styles/tmplDefault.css HTTP/1.1" 200 2135 "http://hausegger.activities.at/entry.php?id=10271&&ser=830609" "Mozilla/5.0 (Windows NT 10.0; Win64; x64; rv:133.0) Gecko/20100101 Firefox/133.0"
178.165.191.42 - - [02/Jan/2025:16:11:09 +0100] "GET /gui/javascript/jquery/jquery-tooltip/jquery.tooltip.min.js HTTP/1.1" 304 - "http://hausegger.activities.at/entry.php?id=10271&&ser=830609" "Mozilla/5.0 (Windows NT 10.0; Win64; x64; rv:133.0) Gecko/20100101 Firefox/133.0"
178.165.191.42 - - [02/Jan/2025:16:11:09 +0100] "GET /gui/javascript/form_form.js?1735830669 HTTP/1.1" 200 16206 "http://hausegger.activities.at/entry.php?id=10271&&ser=830609" "Mozilla/5.0 (Windows NT 10.0; Win64; x64; rv:133.0) Gecko/20100101 Firefox/133.0"
178.165.191.42 - - [02/Jan/2025:16:12:09 +0100] "GET /entry.php?id=10271&&ser=830669 HTTP/1.1" 200 987 "http://hausegger.activities.at/entry.php?id=10271&&ser=830609" "Mozilla/5.0 (Windows NT 10.0; Win64; x64; rv:133.0) Gecko/20100101 Firefox/133.0"
178.165.191.42 - - [02/Jan/2025:16:12:09 +0100] "GET /gui/javascript/form_form.js?1735830729 HTTP/1.1" 200 16206 "http://hausegger.activities.at/entry.php?id=10271&&ser=830669" "Mozilla/5.0 (Windows NT 10.0; Win64; x64; rv:133.0) Gecko/20100101 Firefox/133.0"
178.165.191.42 - - [02/Jan/2025:16:13:09 +0100] "GET /entry.php?id=10271&&ser=830729 HTTP/1.1" 200 987 "http://hausegger.activities.at/entry.php?id=10271&&ser=830669" "Mozilla/5.0 (Windows NT 10.0; Win64; x64; rv:133.0) Gecko/20100101 Firefox/133.0"
178.165.191.42 - - [02/Jan/2025:16:13:09 +0100] "GET /gui/javascript/form_form.js?1735830789 HTTP/1.1" 200 16206 "http://hausegger.activities.at/entry.php?id=10271&&ser=830729" "Mozilla/5.0 (Windows NT 10.0; Win64; x64; rv:133.0) Gecko/20100101 Firefox/133.0"
178.165.191.42 - - [02/Jan/2025:16:14:10 +0100] "GET /entry.php?id=10271&&ser=830789 HTTP/1.1" 200 988 "http://hausegger.activities.at/entry.php?id=10271&&ser=830729" "Mozilla/5.0 (Windows NT 10.0; Win64; x64; rv:133.0) Gecko/20100101 Firefox/133.0"
178.165.191.42 - - [02/Jan/2025:16:14:10 +0100] "GET /gui/javascript/form_form.js?1735830850 HTTP/1.1" 200 16206 "http://hausegger.activities.at/entry.php?id=10271&&ser=830789" "Mozilla/5.0 (Windows NT 10.0; Win64; x64; rv:133.0) Gecko/20100101 Firefox/133.0"
156.59.198.136 - - [02/Jan/2025:16:14:49 +0100] "GET /ed-test.activities.at/stats/lang/awstats-sr.txt HTTP/1.0" 404 306 "-" "Mozilla/5.0 (Linux; Android 5.0) AppleWebKit/537.36 (KHTML, like Gecko) Mobile Safari/537.36 (compatible; Bytespider; spider-feedback@bytedance.com)"
178.165.191.42 - - [02/Jan/2025:16:15:10 +0100] "GET /entry.php?id=10271&&ser=830850 HTTP/1.1" 200 987 "http://hausegger.activities.at/entry.php?id=10271&&ser=830789" "Mozilla/5.0 (Windows NT 10.0; Win64; x64; rv:133.0) Gecko/20100101 Firefox/133.0"
178.165.191.42 - - [02/Jan/2025:16:15:10 +0100] "GET /gui/javascript/form_form.js?1735830910 HTTP/1.1" 200 16206 "http://hausegger.activities.at/entry.php?id=10271&&ser=830850" "Mozilla/5.0 (Windows NT 10.0; Win64; x64; rv:133.0) Gecko/20100101 Firefox/133.0"
178.165.191.42 - - [02/Jan/2025:16:16:10 +0100] "GET /entry.php?id=10271&&ser=830910 HTTP/1.1" 200 987 "http://hausegger.activities.at/entry.php?id=10271&&ser=830850" "Mozilla/5.0 (Windows NT 10.0; Win64; x64; rv:133.0) Gecko/20100101 Firefox/133.0"
178.165.191.42 - - [02/Jan/2025:16:16:10 +0100] "GET /gui/javascript/form_form.js?1735830970 HTTP/1.1" 200 16206 "http://hausegger.activities.at/entry.php?id=10271&&ser=830910" "Mozilla/5.0 (Windows NT 10.0; Win64; x64; rv:133.0) Gecko/20100101 Firefox/133.0"
178.165.191.42 - - [02/Jan/2025:16:17:10 +0100] "GET /entry.php?id=10271&&ser=830970 HTTP/1.1" 200 987 "http://hausegger.activities.at/entry.php?id=10271&&ser=830910" "Mozilla/5.0 (Windows NT 10.0; Win64; x64; rv:133.0) Gecko/20100101 Firefox/133.0"
178.165.191.42 - - [02/Jan/2025:16:17:11 +0100] "GET /gui/javascript/form_form.js?1735831031 HTTP/1.1" 200 16206 "http://hausegger.activities.at/entry.php?id=10271&&ser=830970" "Mozilla/5.0 (Windows NT 10.0; Win64; x64; rv:133.0) Gecko/20100101 Firefox/133.0"
178.165.191.42 - - [02/Jan/2025:16:18:11 +0100] "GET /entry.php?id=10271&&ser=831031 HTTP/1.1" 200 986 "http://hausegger.activities.at/entry.php?id=10271&&ser=830970" "Mozilla/5.0 (Windows NT 10.0; Win64; x64; rv:133.0) Gecko/20100101 Firefox/133.0"
178.165.191.42 - - [02/Jan/2025:16:18:11 +0100] "GET /gui/javascript/form_form.js?1735831091 HTTP/1.1" 200 16206 "http://hausegger.activities.at/entry.php?id=10271&&ser=831031" "Mozilla/5.0 (Windows NT 10.0; Win64; x64; rv:133.0) Gecko/20100101 Firefox/133.0"
156.59.198.135 - - [02/Jan/2025:16:18:49 +0100] "GET /renault.activities.at/htdocs/pinEdit/editor/config/toolbar%20quick%20mode.txt HTTP/1.0" 404 325 "-" "Mozilla/5.0 (Linux; Android 5.0) AppleWebKit/537.36 (KHTML, like Gecko) Mobile Safari/537.36 (compatible; Bytespider; spider-feedback@bytedance.com)"
178.165.191.42 - - [02/Jan/2025:16:19:11 +0100] "GET /entry.php?id=10271&&ser=831091 HTTP/1.1" 200 987 "http://hausegger.activities.at/entry.php?id=10271&&ser=831031" "Mozilla/5.0 (Windows NT 10.0; Win64; x64; rv:133.0) Gecko/20100101 Firefox/133.0"
178.165.191.42 - - [02/Jan/2025:16:19:11 +0100] "GET /gui/javascript/form_form.js?1735831151 HTTP/1.1" 200 16206 "http://hausegger.activities.at/entry.php?id=10271&&ser=831091" "Mozilla/5.0 (Windows NT 10.0; Win64; x64; rv:133.0) Gecko/20100101 Firefox/133.0"
178.165.191.42 - - [02/Jan/2025:16:20:11 +0100] "GET /entry.php?id=10271&&ser=831151 HTTP/1.1" 200 986 "http://hausegger.activities.at/entry.php?id=10271&&ser=831091" "Mozilla/5.0 (Windows NT 10.0; Win64; x64; rv:133.0) Gecko/20100101 Firefox/133.0"
178.165.191.42 - - [02/Jan/2025:16:20:12 +0100] "GET /gui/javascript/form_form.js?1735831211 HTTP/1.1" 200 16206 "http://hausegger.activities.at/entry.php?id=10271&&ser=831151" "Mozilla/5.0 (Windows NT 10.0; Win64; x64; rv:133.0) Gecko/20100101 Firefox/133.0"
178.165.191.42 - - [02/Jan/2025:16:21:12 +0100] "GET /entry.php?id=10271&&ser=831211 HTTP/1.1" 200 987 "http://hausegger.activities.at/entry.php?id=10271&&ser=831151" "Mozilla/5.0 (Windows NT 10.0; Win64; x64; rv:133.0) Gecko/20100101 Firefox/133.0"
178.165.191.42 - - [02/Jan/2025:16:21:12 +0100] "GET /gui/javascript/form_form.js?1735831272 HTTP/1.1" 200 16206 "http://hausegger.activities.at/entry.php?id=10271&&ser=831211" "Mozilla/5.0 (Windows NT 10.0; Win64; x64; rv:133.0) Gecko/20100101 Firefox/133.0"
178.165.191.42 - - [02/Jan/2025:16:22:12 +0100] "GET /entry.php?id=10271&&ser=831272 HTTP/1.1" 200 987 "http://hausegger.activities.at/entry.php?id=10271&&ser=831211" "Mozilla/5.0 (Windows NT 10.0; Win64; x64; rv:133.0) Gecko/20100101 Firefox/133.0"
178.165.191.42 - - [02/Jan/2025:16:22:12 +0100] "GET /gui/javascript/form_form.js?1735831332 HTTP/1.1" 200 16206 "http://hausegger.activities.at/entry.php?id=10271&&ser=831272" "Mozilla/5.0 (Windows NT 10.0; Win64; x64; rv:133.0) Gecko/20100101 Firefox/133.0"
156.59.198.136 - - [02/Jan/2025:16:22:50 +0100] "GET /renault.2web.at/htdocs/binaries/10231944.pdf HTTP/1.0" 404 308 "-" "Mozilla/5.0 (Linux; Android 5.0) AppleWebKit/537.36 (KHTML, like Gecko) Mobile Safari/537.36 (compatible; Bytespider; spider-feedback@bytedance.com)"
178.165.191.42 - - [02/Jan/2025:16:23:12 +0100] "GET /entry.php?id=10271&&ser=831332 HTTP/1.1" 200 987 "http://hausegger.activities.at/entry.php?id=10271&&ser=831272" "Mozilla/5.0 (Windows NT 10.0; Win64; x64; rv:133.0) Gecko/20100101 Firefox/133.0"
178.165.191.42 - - [02/Jan/2025:16:23:12 +0100] "GET /gui/javascript/form_form.js?1735831392 HTTP/1.1" 200 16206 "http://hausegger.activities.at/entry.php?id=10271&&ser=831332" "Mozilla/5.0 (Windows NT 10.0; Win64; x64; rv:133.0) Gecko/20100101 Firefox/133.0"
178.165.191.42 - - [02/Jan/2025:16:24:13 +0100] "GET /entry.php?id=10271&&ser=831392 HTTP/1.1" 200 988 "http://hausegger.activities.at/entry.php?id=10271&&ser=831332" "Mozilla/5.0 (Windows NT 10.0; Win64; x64; rv:133.0) Gecko/20100101 Firefox/133.0"
178.165.191.42 - - [02/Jan/2025:16:24:13 +0100] "GET /gui/javascript/form_form.js?1735831453 HTTP/1.1" 200 16206 "http://hausegger.activities.at/entry.php?id=10271&&ser=831392" "Mozilla/5.0 (Windows NT 10.0; Win64; x64; rv:133.0) Gecko/20100101 Firefox/133.0"
178.165.191.42 - - [02/Jan/2025:16:25:13 +0100] "GET /entry.php?id=10271&&ser=831453 HTTP/1.1" 200 988 "http://hausegger.activities.at/entry.php?id=10271&&ser=831392" "Mozilla/5.0 (Windows NT 10.0; Win64; x64; rv:133.0) Gecko/20100101 Firefox/133.0"
178.165.191.42 - - [02/Jan/2025:16:25:13 +0100] "GET /gui/javascript/form_form.js?1735831513 HTTP/1.1" 200 16206 "http://hausegger.activities.at/entry.php?id=10271&&ser=831453" "Mozilla/5.0 (Windows NT 10.0; Win64; x64; rv:133.0) Gecko/20100101 Firefox/133.0"
178.165.191.42 - - [02/Jan/2025:16:26:13 +0100] "GET /entry.php?id=10271&&ser=831513 HTTP/1.1" 200 988 "http://hausegger.activities.at/entry.php?id=10271&&ser=831453" "Mozilla/5.0 (Windows NT 10.0; Win64; x64; rv:133.0) Gecko/20100101 Firefox/133.0"
178.165.191.42 - - [02/Jan/2025:16:26:13 +0100] "GET /gui/javascript/form_form.js?1735831573 HTTP/1.1" 200 16206 "http://hausegger.activities.at/entry.php?id=10271&&ser=831513" "Mozilla/5.0 (Windows NT 10.0; Win64; x64; rv:133.0) Gecko/20100101 Firefox/133.0"
156.59.198.135 - - [02/Jan/2025:16:26:50 +0100] "GET /ed-test.activities.at/stats/lang/awstats-tw.txt HTTP/1.0" 404 306 "-" "Mozilla/5.0 (Linux; Android 5.0) AppleWebKit/537.36 (KHTML, like Gecko) Mobile Safari/537.36 (compatible; Bytespider; spider-feedback@bytedance.com)"
178.165.191.42 - - [02/Jan/2025:16:27:13 +0100] "GET /entry.php?id=10271&&ser=831573 HTTP/1.1" 200 988 "http://hausegger.activities.at/entry.php?id=10271&&ser=831513" "Mozilla/5.0 (Windows NT 10.0; Win64; x64; rv:133.0) Gecko/20100101 Firefox/133.0"
178.165.191.42 - - [02/Jan/2025:16:27:14 +0100] "GET /gui/javascript/form_form.js?1735831634 HTTP/1.1" 200 16206 "http://hausegger.activities.at/entry.php?id=10271&&ser=831573" "Mozilla/5.0 (Windows NT 10.0; Win64; x64; rv:133.0) Gecko/20100101 Firefox/133.0"
178.165.191.42 - - [02/Jan/2025:16:28:14 +0100] "GET /entry.php?id=10271&&ser=831634 HTTP/1.1" 200 987 "http://hausegger.activities.at/entry.php?id=10271&&ser=831573" "Mozilla/5.0 (Windows NT 10.0; Win64; x64; rv:133.0) Gecko/20100101 Firefox/133.0"
178.165.191.42 - - [02/Jan/2025:16:28:14 +0100] "GET /gui/javascript/form_form.js?1735831694 HTTP/1.1" 200 16206 "http://hausegger.activities.at/entry.php?id=10271&&ser=831634" "Mozilla/5.0 (Windows NT 10.0; Win64; x64; rv:133.0) Gecko/20100101 Firefox/133.0"
178.165.191.42 - - [02/Jan/2025:16:29:14 +0100] "GET /entry.php?id=10271&&ser=831694 HTTP/1.1" 200 988 "http://hausegger.activities.at/entry.php?id=10271&&ser=831634" "Mozilla/5.0 (Windows NT 10.0; Win64; x64; rv:133.0) Gecko/20100101 Firefox/133.0"
178.165.191.42 - - [02/Jan/2025:16:29:14 +0100] "GET /gui/javascript/form_form.js?1735831754 HTTP/1.1" 200 16206 "http://hausegger.activities.at/entry.php?id=10271&&ser=831694" "Mozilla/5.0 (Windows NT 10.0; Win64; x64; rv:133.0) Gecko/20100101 Firefox/133.0"
178.165.191.42 - - [02/Jan/2025:16:30:14 +0100] "GET /entry.php?id=10271&&ser=831754 HTTP/1.1" 200 987 "http://hausegger.activities.at/entry.php?id=10271&&ser=831694" "Mozilla/5.0 (Windows NT 10.0; Win64; x64; rv:133.0) Gecko/20100101 Firefox/133.0"
178.165.191.42 - - [02/Jan/2025:16:30:14 +0100] "GET /gui/javascript/form_form.js?1735831814 HTTP/1.1" 200 16206 "http://hausegger.activities.at/entry.php?id=10271&&ser=831754" "Mozilla/5.0 (Windows NT 10.0; Win64; x64; rv:133.0) Gecko/20100101 Firefox/133.0"
178.165.191.42 - - [02/Jan/2025:16:31:15 +0100] "GET /entry.php?id=10271&&ser=831814 HTTP/1.1" 200 988 "http://hausegger.activities.at/entry.php?id=10271&&ser=831754" "Mozilla/5.0 (Windows NT 10.0; Win64; x64; rv:133.0) Gecko/20100101 Firefox/133.0"
178.165.191.42 - - [02/Jan/2025:16:31:15 +0100] "GET /gui/javascript/form_form.js?1735831875 HTTP/1.1" 200 16206 "http://hausegger.activities.at/entry.php?id=10271&&ser=831814" "Mozilla/5.0 (Windows NT 10.0; Win64; x64; rv:133.0) Gecko/20100101 Firefox/133.0"
178.165.191.42 - - [02/Jan/2025:16:32:15 +0100] "GET /entry.php?id=10271&&ser=831875 HTTP/1.1" 200 988 "http://hausegger.activities.at/entry.php?id=10271&&ser=831814" "Mozilla/5.0 (Windows NT 10.0; Win64; x64; rv:133.0) Gecko/20100101 Firefox/133.0"
178.165.191.42 - - [02/Jan/2025:16:32:15 +0100] "GET /gui/javascript/form_form.js?1735831935 HTTP/1.1" 200 16206 "http://hausegger.activities.at/entry.php?id=10271&&ser=831875" "Mozilla/5.0 (Windows NT 10.0; Win64; x64; rv:133.0) Gecko/20100101 Firefox/133.0"
178.165.191.42 - - [02/Jan/2025:16:33:15 +0100] "GET /entry.php?id=10271&&ser=831935 HTTP/1.1" 200 988 "http://hausegger.activities.at/entry.php?id=10271&&ser=831875" "Mozilla/5.0 (Windows NT 10.0; Win64; x64; rv:133.0) Gecko/20100101 Firefox/133.0"
178.165.191.42 - - [02/Jan/2025:16:33:15 +0100] "GET /gui/javascript/form_form.js?1735831995 HTTP/1.1" 200 16206 "http://hausegger.activities.at/entry.php?id=10271&&ser=831935" "Mozilla/5.0 (Windows NT 10.0; Win64; x64; rv:133.0) Gecko/20100101 Firefox/133.0"
178.165.191.42 - - [02/Jan/2025:16:34:16 +0100] "GET /entry.php?id=10271&&ser=831995 HTTP/1.1" 200 988 "http://hausegger.activities.at/entry.php?id=10271&&ser=831935" "Mozilla/5.0 (Windows NT 10.0; Win64; x64; rv:133.0) Gecko/20100101 Firefox/133.0"
178.165.191.42 - - [02/Jan/2025:16:34:16 +0100] "GET /gui/javascript/form_form.js?1735832056 HTTP/1.1" 200 16206 "http://hausegger.activities.at/entry.php?id=10271&&ser=831995" "Mozilla/5.0 (Windows NT 10.0; Win64; x64; rv:133.0) Gecko/20100101 Firefox/133.0"
178.165.191.42 - - [02/Jan/2025:16:35:16 +0100] "GET /entry.php?id=10271&&ser=832056 HTTP/1.1" 200 987 "http://hausegger.activities.at/entry.php?id=10271&&ser=831995" "Mozilla/5.0 (Windows NT 10.0; Win64; x64; rv:133.0) Gecko/20100101 Firefox/133.0"
178.165.191.42 - - [02/Jan/2025:16:35:16 +0100] "GET /gui/javascript/form_form.js?1735832116 HTTP/1.1" 200 16206 "http://hausegger.activities.at/entry.php?id=10271&&ser=832056" "Mozilla/5.0 (Windows NT 10.0; Win64; x64; rv:133.0) Gecko/20100101 Firefox/133.0"
178.165.191.42 - - [02/Jan/2025:16:36:16 +0100] "GET /entry.php?id=10271&&ser=832116 HTTP/1.1" 200 987 "http://hausegger.activities.at/entry.php?id=10271&&ser=832056" "Mozilla/5.0 (Windows NT 10.0; Win64; x64; rv:133.0) Gecko/20100101 Firefox/133.0"
178.165.191.42 - - [02/Jan/2025:16:36:16 +0100] "GET /gui/javascript/form_form.js?1735832176 HTTP/1.1" 200 16206 "http://hausegger.activities.at/entry.php?id=10271&&ser=832116" "Mozilla/5.0 (Windows NT 10.0; Win64; x64; rv:133.0) Gecko/20100101 Firefox/133.0"
178.165.191.42 - - [02/Jan/2025:16:37:16 +0100] "GET /entry.php?id=10271&&ser=832176 HTTP/1.1" 200 987 "http://hausegger.activities.at/entry.php?id=10271&&ser=832116" "Mozilla/5.0 (Windows NT 10.0; Win64; x64; rv:133.0) Gecko/20100101 Firefox/133.0"
178.165.191.42 - - [02/Jan/2025:16:37:17 +0100] "GET /gui/javascript/form_form.js?1735832237 HTTP/1.1" 200 16206 "http://hausegger.activities.at/entry.php?id=10271&&ser=832176" "Mozilla/5.0 (Windows NT 10.0; Win64; x64; rv:133.0) Gecko/20100101 Firefox/133.0"
178.165.191.42 - - [02/Jan/2025:16:38:17 +0100] "GET /entry.php?id=10271&&ser=832237 HTTP/1.1" 200 987 "http://hausegger.activities.at/entry.php?id=10271&&ser=832176" "Mozilla/5.0 (Windows NT 10.0; Win64; x64; rv:133.0) Gecko/20100101 Firefox/133.0"
178.165.191.42 - - [02/Jan/2025:16:38:17 +0100] "GET /gui/javascript/form_form.js?1735832297 HTTP/1.1" 200 16206 "http://hausegger.activities.at/entry.php?id=10271&&ser=832237" "Mozilla/5.0 (Windows NT 10.0; Win64; x64; rv:133.0) Gecko/20100101 Firefox/133.0"
178.165.191.42 - - [02/Jan/2025:16:39:17 +0100] "GET /entry.php?id=10271&&ser=832297 HTTP/1.1" 200 987 "http://hausegger.activities.at/entry.php?id=10271&&ser=832237" "Mozilla/5.0 (Windows NT 10.0; Win64; x64; rv:133.0) Gecko/20100101 Firefox/133.0"
178.165.191.42 - - [02/Jan/2025:16:39:17 +0100] "GET /gui/javascript/form_form.js?1735832357 HTTP/1.1" 200 16206 "http://hausegger.activities.at/entry.php?id=10271&&ser=832297" "Mozilla/5.0 (Windows NT 10.0; Win64; x64; rv:133.0) Gecko/20100101 Firefox/133.0"
178.165.191.42 - - [02/Jan/2025:16:40:17 +0100] "GET /entry.php?id=10271&&ser=832357 HTTP/1.1" 200 987 "http://hausegger.activities.at/entry.php?id=10271&&ser=832297" "Mozilla/5.0 (Windows NT 10.0; Win64; x64; rv:133.0) Gecko/20100101 Firefox/133.0"
178.165.191.42 - - [02/Jan/2025:16:40:17 +0100] "GET /gui/javascript/form_form.js?1735832417 HTTP/1.1" 200 16206 "http://hausegger.activities.at/entry.php?id=10271&&ser=832357" "Mozilla/5.0 (Windows NT 10.0; Win64; x64; rv:133.0) Gecko/20100101 Firefox/133.0"
178.165.191.42 - - [02/Jan/2025:16:41:18 +0100] "GET /entry.php?id=10271&&ser=832417 HTTP/1.1" 200 987 "http://hausegger.activities.at/entry.php?id=10271&&ser=832357" "Mozilla/5.0 (Windows NT 10.0; Win64; x64; rv:133.0) Gecko/20100101 Firefox/133.0"
178.165.191.42 - - [02/Jan/2025:16:41:18 +0100] "GET /gui/javascript/form_form.js?1735832478 HTTP/1.1" 200 16206 "http://hausegger.activities.at/entry.php?id=10271&&ser=832417" "Mozilla/5.0 (Windows NT 10.0; Win64; x64; rv:133.0) Gecko/20100101 Firefox/133.0"
178.165.191.42 - - [02/Jan/2025:16:42:18 +0100] "GET /entry.php?id=10271&&ser=832478 HTTP/1.1" 200 987 "http://hausegger.activities.at/entry.php?id=10271&&ser=832417" "Mozilla/5.0 (Windows NT 10.0; Win64; x64; rv:133.0) Gecko/20100101 Firefox/133.0"
178.165.191.42 - - [02/Jan/2025:16:42:18 +0100] "GET /gui/javascript/form_form.js?1735832538 HTTP/1.1" 200 16206 "http://hausegger.activities.at/entry.php?id=10271&&ser=832478" "Mozilla/5.0 (Windows NT 10.0; Win64; x64; rv:133.0) Gecko/20100101 Firefox/133.0"
178.165.191.42 - - [02/Jan/2025:16:43:18 +0100] "GET /entry.php?id=10271&&ser=832538 HTTP/1.1" 200 988 "http://hausegger.activities.at/entry.php?id=10271&&ser=832478" "Mozilla/5.0 (Windows NT 10.0; Win64; x64; rv:133.0) Gecko/20100101 Firefox/133.0"
178.165.191.42 - - [02/Jan/2025:16:43:18 +0100] "GET /gui/javascript/form_form.js?1735832598 HTTP/1.1" 200 16206 "http://hausegger.activities.at/entry.php?id=10271&&ser=832538" "Mozilla/5.0 (Windows NT 10.0; Win64; x64; rv:133.0) Gecko/20100101 Firefox/133.0"
178.165.191.42 - - [02/Jan/2025:16:44:18 +0100] "GET /entry.php?id=10271&&ser=832598 HTTP/1.1" 200 988 "http://hausegger.activities.at/entry.php?id=10271&&ser=832538" "Mozilla/5.0 (Windows NT 10.0; Win64; x64; rv:133.0) Gecko/20100101 Firefox/133.0"
178.165.191.42 - - [02/Jan/2025:16:44:19 +0100] "GET /gui/javascript/form_form.js?1735832659 HTTP/1.1" 200 16206 "http://hausegger.activities.at/entry.php?id=10271&&ser=832598" "Mozilla/5.0 (Windows NT 10.0; Win64; x64; rv:133.0) Gecko/20100101 Firefox/133.0"
178.165.191.42 - - [02/Jan/2025:16:45:19 +0100] "GET /entry.php?id=10271&&ser=832659 HTTP/1.1" 200 987 "http://hausegger.activities.at/entry.php?id=10271&&ser=832598" "Mozilla/5.0 (Windows NT 10.0; Win64; x64; rv:133.0) Gecko/20100101 Firefox/133.0"
178.165.191.42 - - [02/Jan/2025:16:45:19 +0100] "GET /gui/javascript/form_form.js?1735832719 HTTP/1.1" 200 16206 "http://hausegger.activities.at/entry.php?id=10271&&ser=832659" "Mozilla/5.0 (Windows NT 10.0; Win64; x64; rv:133.0) Gecko/20100101 Firefox/133.0"
178.165.191.42 - - [02/Jan/2025:16:46:19 +0100] "GET /entry.php?id=10271&&ser=832719 HTTP/1.1" 200 987 "http://hausegger.activities.at/entry.php?id=10271&&ser=832659" "Mozilla/5.0 (Windows NT 10.0; Win64; x64; rv:133.0) Gecko/20100101 Firefox/133.0"
178.165.191.42 - - [02/Jan/2025:16:46:19 +0100] "GET /gui/javascript/form_form.js?1735832779 HTTP/1.1" 200 16206 "http://hausegger.activities.at/entry.php?id=10271&&ser=832719" "Mozilla/5.0 (Windows NT 10.0; Win64; x64; rv:133.0) Gecko/20100101 Firefox/133.0"
178.165.191.42 - - [02/Jan/2025:16:47:19 +0100] "GET /entry.php?id=10271&&ser=832779 HTTP/1.1" 200 987 "http://hausegger.activities.at/entry.php?id=10271&&ser=832719" "Mozilla/5.0 (Windows NT 10.0; Win64; x64; rv:133.0) Gecko/20100101 Firefox/133.0"
178.165.191.42 - - [02/Jan/2025:16:47:19 +0100] "GET /gui/javascript/form_form.js?1735832839 HTTP/1.1" 200 16206 "http://hausegger.activities.at/entry.php?id=10271&&ser=832779" "Mozilla/5.0 (Windows NT 10.0; Win64; x64; rv:133.0) Gecko/20100101 Firefox/133.0"
95.214.55.186 - - [02/Jan/2025:16:48:08 +0100] "GET / HTTP/1.1" 200 423 "-" "-"
178.165.191.42 - - [02/Jan/2025:16:48:20 +0100] "GET /entry.php?id=10271&&ser=832839 HTTP/1.1" 200 987 "http://hausegger.activities.at/entry.php?id=10271&&ser=832779" "Mozilla/5.0 (Windows NT 10.0; Win64; x64; rv:133.0) Gecko/20100101 Firefox/133.0"
178.165.191.42 - - [02/Jan/2025:16:48:20 +0100] "GET /gui/javascript/form_form.js?1735832900 HTTP/1.1" 200 16206 "http://hausegger.activities.at/entry.php?id=10271&&ser=832839" "Mozilla/5.0 (Windows NT 10.0; Win64; x64; rv:133.0) Gecko/20100101 Firefox/133.0"
178.165.191.42 - - [02/Jan/2025:16:49:20 +0100] "GET /entry.php?id=10271&&ser=832900 HTTP/1.1" 200 987 "http://hausegger.activities.at/entry.php?id=10271&&ser=832839" "Mozilla/5.0 (Windows NT 10.0; Win64; x64; rv:133.0) Gecko/20100101 Firefox/133.0"
178.165.191.42 - - [02/Jan/2025:16:49:20 +0100] "GET /gui/javascript/form_form.js?1735832960 HTTP/1.1" 200 16206 "http://hausegger.activities.at/entry.php?id=10271&&ser=832900" "Mozilla/5.0 (Windows NT 10.0; Win64; x64; rv:133.0) Gecko/20100101 Firefox/133.0"
178.165.191.42 - - [02/Jan/2025:16:50:20 +0100] "GET /entry.php?id=10271&&ser=832960 HTTP/1.1" 200 987 "http://hausegger.activities.at/entry.php?id=10271&&ser=832900" "Mozilla/5.0 (Windows NT 10.0; Win64; x64; rv:133.0) Gecko/20100101 Firefox/133.0"
178.165.191.42 - - [02/Jan/2025:16:50:20 +0100] "GET /gui/javascript/form_form.js?1735833020 HTTP/1.1" 200 16206 "http://hausegger.activities.at/entry.php?id=10271&&ser=832960" "Mozilla/5.0 (Windows NT 10.0; Win64; x64; rv:133.0) Gecko/20100101 Firefox/133.0"
156.59.198.136 - - [02/Jan/2025:16:50:52 +0100] "GET /ed-test.activities.at/stats/lang/awstats-br.txt HTTP/1.0" 404 306 "-" "Mozilla/5.0 (Linux; Android 5.0) AppleWebKit/537.36 (KHTML, like Gecko) Mobile Safari/537.36 (compatible; Bytespider; spider-feedback@bytedance.com)"
178.165.191.42 - - [02/Jan/2025:16:51:21 +0100] "GET /entry.php?id=10271&&ser=833020 HTTP/1.1" 200 987 "http://hausegger.activities.at/entry.php?id=10271&&ser=832960" "Mozilla/5.0 (Windows NT 10.0; Win64; x64; rv:133.0) Gecko/20100101 Firefox/133.0"
178.165.191.42 - - [02/Jan/2025:16:51:21 +0100] "GET /gui/javascript/form_form.js?1735833081 HTTP/1.1" 200 16206 "http://hausegger.activities.at/entry.php?id=10271&&ser=833020" "Mozilla/5.0 (Windows NT 10.0; Win64; x64; rv:133.0) Gecko/20100101 Firefox/133.0"
156.251.18.66 - - [02/Jan/2025:16:51:49 +0100] "POST /cgi-bin/.%2e/.%2e/.%2e/.%2e/.%2e/.%2e/.%2e/.%2e/.%2e/.%2e/bin/sh HTTP/1.1" 400 373 "-" "Custom-AsyncHttpClient"
156.251.18.66 - - [02/Jan/2025:16:51:52 +0100] "POST /cgi-bin/%%32%65%%32%65/%%32%65%%32%65/%%32%65%%32%65/%%32%65%%32%65/%%32%65%%32%65/%%32%65%%32%65/%%32%65%%32%65/bin/sh HTTP/1.1" 400 373 "-" "Custom-AsyncHttpClient"
156.251.18.66 - - [02/Jan/2025:16:51:57 +0100] "POST /hello.world?%ADd+allow_url_include%3d1+%ADd+auto_prepend_file%3dphp://input HTTP/1.1" 404 356 "-" "Custom-AsyncHttpClient"
156.251.18.66 - - [02/Jan/2025:16:52:01 +0100] "GET /vendor/phpunit/phpunit/src/Util/PHP/eval-stdin.php HTTP/1.1" 404 395 "-" "Custom-AsyncHttpClient"
178.165.191.42 - - [02/Jan/2025:16:52:21 +0100] "GET /entry.php?id=10271&&ser=833081 HTTP/1.1" 200 987 "http://hausegger.activities.at/entry.php?id=10271&&ser=833020" "Mozilla/5.0 (Windows NT 10.0; Win64; x64; rv:133.0) Gecko/20100101 Firefox/133.0"
178.165.191.42 - - [02/Jan/2025:16:52:21 +0100] "GET /gui/javascript/form_form.js?1735833141 HTTP/1.1" 200 16206 "http://hausegger.activities.at/entry.php?id=10271&&ser=833081" "Mozilla/5.0 (Windows NT 10.0; Win64; x64; rv:133.0) Gecko/20100101 Firefox/133.0"
156.251.18.66 - - [02/Jan/2025:16:52:38 +0100] "GET /vendor/phpunit/phpunit/Util/PHP/eval-stdin.php HTTP/1.1" 404 391 "-" "Custom-AsyncHttpClient"
156.251.18.66 - - [02/Jan/2025:16:52:41 +0100] "GET /vendor/phpunit/src/Util/PHP/eval-stdin.php HTTP/1.1" 404 387 "-" "Custom-AsyncHttpClient"
156.251.18.66 - - [02/Jan/2025:16:52:49 +0100] "GET /vendor/phpunit/Util/PHP/eval-stdin.php HTTP/1.1" 404 383 "-" "Custom-AsyncHttpClient"
156.251.18.66 - - [02/Jan/2025:16:53:05 +0100] "GET /vendor/phpunit/phpunit/LICENSE/eval-stdin.php HTTP/1.1" 404 390 "-" "Custom-AsyncHttpClient"
156.251.18.66 - - [02/Jan/2025:16:53:08 +0100] "GET /vendor/vendor/phpunit/phpunit/src/Util/PHP/eval-stdin.php HTTP/1.1" 404 402 "-" "Custom-AsyncHttpClient"
156.251.18.66 - - [02/Jan/2025:16:53:16 +0100] "GET /phpunit/phpunit/src/Util/PHP/eval-stdin.php HTTP/1.1" 404 388 "-" "Custom-AsyncHttpClient"
156.251.18.66 - - [02/Jan/2025:16:53:19 +0100] "GET /phpunit/phpunit/Util/PHP/eval-stdin.php HTTP/1.1" 404 384 "-" "Custom-AsyncHttpClient"
178.165.191.42 - - [02/Jan/2025:16:53:21 +0100] "GET /entry.php?id=10271&&ser=833141 HTTP/1.1" 200 987 "http://hausegger.activities.at/entry.php?id=10271&&ser=833081" "Mozilla/5.0 (Windows NT 10.0; Win64; x64; rv:133.0) Gecko/20100101 Firefox/133.0"
178.165.191.42 - - [02/Jan/2025:16:53:21 +0100] "GET /gui/javascript/form_form.js?1735833201 HTTP/1.1" 200 16206 "http://hausegger.activities.at/entry.php?id=10271&&ser=833141" "Mozilla/5.0 (Windows NT 10.0; Win64; x64; rv:133.0) Gecko/20100101 Firefox/133.0"
156.251.18.66 - - [02/Jan/2025:16:53:26 +0100] "GET /phpunit/src/Util/PHP/eval-stdin.php HTTP/1.1" 404 380 "-" "Custom-AsyncHttpClient"
156.251.18.66 - - [02/Jan/2025:16:53:26 +0100] "GET /phpunit/Util/PHP/eval-stdin.php HTTP/1.1" 404 376 "-" "Custom-AsyncHttpClient"
156.251.18.66 - - [02/Jan/2025:16:53:29 +0100] "GET /lib/phpunit/phpunit/src/Util/PHP/eval-stdin.php HTTP/1.1" 404 392 "-" "Custom-AsyncHttpClient"
156.251.18.66 - - [02/Jan/2025:16:53:45 +0100] "GET /lib/phpunit/phpunit/Util/PHP/eval-stdin.php HTTP/1.1" 404 388 "-" "Custom-AsyncHttpClient"
156.251.18.66 - - [02/Jan/2025:16:53:48 +0100] "GET /lib/phpunit/src/Util/PHP/eval-stdin.php HTTP/1.1" 404 384 "-" "Custom-AsyncHttpClient"
156.251.18.66 - - [02/Jan/2025:16:53:55 +0100] "GET /lib/phpunit/Util/PHP/eval-stdin.php HTTP/1.1" 404 380 "-" "Custom-AsyncHttpClient"
156.251.18.66 - - [02/Jan/2025:16:53:58 +0100] "GET /lib/vendor/phpunit/phpunit/src/Util/PHP/eval-stdin.php HTTP/1.1" 404 399 "-" "Custom-AsyncHttpClient"
156.251.18.66 - - [02/Jan/2025:16:54:01 +0100] "GET /laravel/vendor/phpunit/phpunit/src/Util/PHP/eval-stdin.php HTTP/1.1" 404 403 "-" "Custom-AsyncHttpClient"
156.251.18.66 - - [02/Jan/2025:16:54:05 +0100] "GET /www/vendor/phpunit/phpunit/src/Util/PHP/eval-stdin.php HTTP/1.1" 404 399 "-" "Custom-AsyncHttpClient"
156.251.18.66 - - [02/Jan/2025:16:54:08 +0100] "GET /ws/vendor/phpunit/phpunit/src/Util/PHP/eval-stdin.php HTTP/1.1" 404 398 "-" "Custom-AsyncHttpClient"
156.251.18.66 - - [02/Jan/2025:16:54:14 +0100] "GET /yii/vendor/phpunit/phpunit/src/Util/PHP/eval-stdin.php HTTP/1.1" 404 399 "-" "Custom-AsyncHttpClient"
178.165.191.42 - - [02/Jan/2025:16:54:21 +0100] "GET /entry.php?id=10271&&ser=833201 HTTP/1.1" 200 987 "http://hausegger.activities.at/entry.php?id=10271&&ser=833141" "Mozilla/5.0 (Windows NT 10.0; Win64; x64; rv:133.0) Gecko/20100101 Firefox/133.0"
178.165.191.42 - - [02/Jan/2025:16:54:22 +0100] "GET /gui/javascript/form_form.js?1735833262 HTTP/1.1" 200 16206 "http://hausegger.activities.at/entry.php?id=10271&&ser=833201" "Mozilla/5.0 (Windows NT 10.0; Win64; x64; rv:133.0) Gecko/20100101 Firefox/133.0"
156.251.18.66 - - [02/Jan/2025:16:54:22 +0100] "GET /zend/vendor/phpunit/phpunit/src/Util/PHP/eval-stdin.php HTTP/1.1" 404 400 "-" "Custom-AsyncHttpClient"
156.251.18.66 - - [02/Jan/2025:16:54:26 +0100] "GET /ws/ec/vendor/phpunit/phpunit/src/Util/PHP/eval-stdin.php HTTP/1.1" 404 401 "-" "Custom-AsyncHttpClient"
156.251.18.66 - - [02/Jan/2025:16:54:29 +0100] "GET /V2/vendor/phpunit/phpunit/src/Util/PHP/eval-stdin.php HTTP/1.1" 404 398 "-" "Custom-AsyncHttpClient"
156.251.18.66 - - [02/Jan/2025:16:54:32 +0100] "GET /tests/vendor/phpunit/phpunit/src/Util/PHP/eval-stdin.php HTTP/1.1" 404 401 "-" "Custom-AsyncHttpClient"
156.251.18.66 - - [02/Jan/2025:16:54:39 +0100] "GET /test/vendor/phpunit/phpunit/src/Util/PHP/eval-stdin.php HTTP/1.1" 404 400 "-" "Custom-AsyncHttpClient"
52.183.224.109 - - [02/Jan/2025:16:54:39 +0100] "GET / HTTP/1.1" 200 274 "-" "Mozilla/5.0 zgrab/0.x"
156.251.18.66 - - [02/Jan/2025:16:54:49 +0100] "GET /testing/vendor/phpunit/phpunit/src/Util/PHP/eval-stdin.php HTTP/1.1" 404 403 "-" "Custom-AsyncHttpClient"
156.251.18.66 - - [02/Jan/2025:16:54:55 +0100] "GET /api/vendor/phpunit/phpunit/src/Util/PHP/eval-stdin.php HTTP/1.1" 404 399 "-" "Custom-AsyncHttpClient"
156.251.18.66 - - [02/Jan/2025:16:54:58 +0100] "GET /demo/vendor/phpunit/phpunit/src/Util/PHP/eval-stdin.php HTTP/1.1" 404 400 "-" "Custom-AsyncHttpClient"
156.251.18.66 - - [02/Jan/2025:16:55:01 +0100] "GET /cms/vendor/phpunit/phpunit/src/Util/PHP/eval-stdin.php HTTP/1.1" 404 399 "-" "Custom-AsyncHttpClient"
156.251.18.66 - - [02/Jan/2025:16:55:05 +0100] "GET /crm/vendor/phpunit/phpunit/src/Util/PHP/eval-stdin.php HTTP/1.1" 404 399 "-" "Custom-AsyncHttpClient"
156.251.18.66 - - [02/Jan/2025:16:55:11 +0100] "GET /admin/vendor/phpunit/phpunit/src/Util/PHP/eval-stdin.php HTTP/1.1" 404 401 "-" "Custom-AsyncHttpClient"
156.251.18.66 - - [02/Jan/2025:16:55:14 +0100] "GET /backup/vendor/phpunit/phpunit/src/Util/PHP/eval-stdin.php HTTP/1.1" 404 402 "-" "Custom-AsyncHttpClient"
178.165.191.42 - - [02/Jan/2025:16:55:22 +0100] "GET /entry.php?id=10271&&ser=833262 HTTP/1.1" 200 987 "http://hausegger.activities.at/entry.php?id=10271&&ser=833201" "Mozilla/5.0 (Windows NT 10.0; Win64; x64; rv:133.0) Gecko/20100101 Firefox/133.0"
178.165.191.42 - - [02/Jan/2025:16:55:22 +0100] "GET /gui/javascript/form_form.js?1735833322 HTTP/1.1" 200 16206 "http://hausegger.activities.at/entry.php?id=10271&&ser=833262" "Mozilla/5.0 (Windows NT 10.0; Win64; x64; rv:133.0) Gecko/20100101 Firefox/133.0"
156.251.18.66 - - [02/Jan/2025:16:56:12 +0100] "GET /blog/vendor/phpunit/phpunit/src/Util/PHP/eval-stdin.php HTTP/1.1" 404 400 "-" "Custom-AsyncHttpClient"
156.251.18.66 - - [02/Jan/2025:16:56:15 +0100] "GET /workspace/drupal/vendor/phpunit/phpunit/src/Util/PHP/eval-stdin.php HTTP/1.1" 404 412 "-" "Custom-AsyncHttpClient"
156.251.18.66 - - [02/Jan/2025:16:56:22 +0100] "GET /panel/vendor/phpunit/phpunit/src/Util/PHP/eval-stdin.php HTTP/1.1" 404 401 "-" "Custom-AsyncHttpClient"
178.165.191.42 - - [02/Jan/2025:16:56:22 +0100] "GET /entry.php?id=10271&&ser=833322 HTTP/1.1" 200 987 "http://hausegger.activities.at/entry.php?id=10271&&ser=833262" "Mozilla/5.0 (Windows NT 10.0; Win64; x64; rv:133.0) Gecko/20100101 Firefox/133.0"
178.165.191.42 - - [02/Jan/2025:16:56:22 +0100] "GET /gui/javascript/form_form.js?1735833382 HTTP/1.1" 200 16206 "http://hausegger.activities.at/entry.php?id=10271&&ser=833322" "Mozilla/5.0 (Windows NT 10.0; Win64; x64; rv:133.0) Gecko/20100101 Firefox/133.0"
156.251.18.66 - - [02/Jan/2025:16:56:25 +0100] "GET /public/vendor/phpunit/phpunit/src/Util/PHP/eval-stdin.php HTTP/1.1" 404 402 "-" "Custom-AsyncHttpClient"
156.251.18.66 - - [02/Jan/2025:16:56:27 +0100] "GET /apps/vendor/phpunit/phpunit/src/Util/PHP/eval-stdin.php HTTP/1.1" 404 400 "-" "Custom-AsyncHttpClient"
156.251.18.66 - - [02/Jan/2025:16:56:33 +0100] "GET /app/vendor/phpunit/phpunit/src/Util/PHP/eval-stdin.php HTTP/1.1" 404 399 "-" "Custom-AsyncHttpClient"
156.251.18.66 - - [02/Jan/2025:16:56:39 +0100] "GET /index.php?s=/index/\\think\\app/invokefunction&function=call_user_func_array&vars[0]=md5&vars[1][]=Hello HTTP/1.1" 200 423 "-" "Custom-AsyncHttpClient"
156.251.18.66 - - [02/Jan/2025:16:57:05 +0100] "GET /public/index.php?s=/index/\\think\\app/invokefunction&function=call_user_func_array&vars[0]=md5&vars[1][]=Hello HTTP/1.1" 404 361 "-" "Custom-AsyncHttpClient"
156.251.18.66 - - [02/Jan/2025:16:57:09 +0100] "GET /index.php?lang=../../../../../../../../usr/local/lib/php/pearcmd&+config-create+/&/+/tmp/index1.php HTTP/1.1" 200 423 "-" "Custom-AsyncHttpClient"
156.251.18.66 - - [02/Jan/2025:16:57:16 +0100] "GET /index.php?lang=../../../../../../../../tmp/index1 HTTP/1.1" 200 423 "-" "Custom-AsyncHttpClient"
156.251.18.66 - - [02/Jan/2025:16:57:19 +0100] "GET /containers/json HTTP/1.1" 404 360 "-" "Custom-AsyncHttpClient"
178.165.191.42 - - [02/Jan/2025:16:57:22 +0100] "GET /entry.php?id=10271&&ser=833382 HTTP/1.1" 200 987 "http://hausegger.activities.at/entry.php?id=10271&&ser=833322" "Mozilla/5.0 (Windows NT 10.0; Win64; x64; rv:133.0) Gecko/20100101 Firefox/133.0"
178.165.191.42 - - [02/Jan/2025:16:57:22 +0100] "GET /gui/javascript/form_form.js?1735833442 HTTP/1.1" 200 16206 "http://hausegger.activities.at/entry.php?id=10271&&ser=833382" "Mozilla/5.0 (Windows NT 10.0; Win64; x64; rv:133.0) Gecko/20100101 Firefox/133.0"
178.165.191.42 - - [02/Jan/2025:16:58:23 +0100] "GET /entry.php?id=10271&&ser=833442 HTTP/1.1" 200 988 "http://hausegger.activities.at/entry.php?id=10271&&ser=833382" "Mozilla/5.0 (Windows NT 10.0; Win64; x64; rv:133.0) Gecko/20100101 Firefox/133.0"
178.165.191.42 - - [02/Jan/2025:16:58:23 +0100] "GET /gui/javascript/form_form.js?1735833503 HTTP/1.1" 200 16206 "http://hausegger.activities.at/entry.php?id=10271&&ser=833442" "Mozilla/5.0 (Windows NT 10.0; Win64; x64; rv:133.0) Gecko/20100101 Firefox/133.0"
207.90.244.16 - - [02/Jan/2025:16:59:16 +0100] "GET / HTTP/1.1" 200 423 "-" "Mozilla/5.0 (Windows NT 6.1) AppleWebKit/537.36 (KHTML, like Gecko) Chrome/41.0.2228.0 Safari/537.36"
207.90.244.16 - - [02/Jan/2025:16:59:17 +0100] "GET /robots.txt HTTP/1.1" 404 370 "-" "-"
178.165.191.42 - - [02/Jan/2025:16:59:23 +0100] "GET /entry.php?id=10271&&ser=833503 HTTP/1.1" 200 988 "http://hausegger.activities.at/entry.php?id=10271&&ser=833442" "Mozilla/5.0 (Windows NT 10.0; Win64; x64; rv:133.0) Gecko/20100101 Firefox/133.0"
178.165.191.42 - - [02/Jan/2025:16:59:23 +0100] "GET /gui/javascript/form_form.js?1735833563 HTTP/1.1" 200 16206 "http://hausegger.activities.at/entry.php?id=10271&&ser=833503" "Mozilla/5.0 (Windows NT 10.0; Win64; x64; rv:133.0) Gecko/20100101 Firefox/133.0"
207.90.244.16 - - [02/Jan/2025:16:59:24 +0100] "GET /sitemap.xml HTTP/1.1" 404 371 "-" "-"
207.90.244.16 - - [02/Jan/2025:16:59:25 +0100] "GET /.well-known/security.txt HTTP/1.1" 404 384 "-" "-"
207.90.244.16 - - [02/Jan/2025:16:59:30 +0100] "GET /activities.ico HTTP/1.1" 200 1406 "-" "Mozilla/5.0 (Windows NT 10.0; Win64; x64) AppleWebKit/537.36 (KHTML, like Gecko) Chrome/102.0.5005.63 Safari/537.36"
178.165.191.42 - - [02/Jan/2025:17:00:23 +0100] "GET /entry.php?id=10271&&ser=833563 HTTP/1.1" 200 987 "http://hausegger.activities.at/entry.php?id=10271&&ser=833503" "Mozilla/5.0 (Windows NT 10.0; Win64; x64; rv:133.0) Gecko/20100101 Firefox/133.0"
178.165.191.42 - - [02/Jan/2025:17:00:23 +0100] "GET /gui/javascript/form_form.js?1735833623 HTTP/1.1" 200 16206 "http://hausegger.activities.at/entry.php?id=10271&&ser=833563" "Mozilla/5.0 (Windows NT 10.0; Win64; x64; rv:133.0) Gecko/20100101 Firefox/133.0"
178.165.191.42 - - [02/Jan/2025:17:01:24 +0100] "GET /entry.php?id=10271&&ser=833623 HTTP/1.1" 200 988 "http://hausegger.activities.at/entry.php?id=10271&&ser=833563" "Mozilla/5.0 (Windows NT 10.0; Win64; x64; rv:133.0) Gecko/20100101 Firefox/133.0"
178.165.191.42 - - [02/Jan/2025:17:01:24 +0100] "GET /gui/javascript/form_form.js?1735833684 HTTP/1.1" 200 16206 "http://hausegger.activities.at/entry.php?id=10271&&ser=833623" "Mozilla/5.0 (Windows NT 10.0; Win64; x64; rv:133.0) Gecko/20100101 Firefox/133.0"
178.165.191.42 - - [02/Jan/2025:17:02:24 +0100] "GET /entry.php?id=10271&&ser=833684 HTTP/1.1" 200 987 "http://hausegger.activities.at/entry.php?id=10271&&ser=833623" "Mozilla/5.0 (Windows NT 10.0; Win64; x64; rv:133.0) Gecko/20100101 Firefox/133.0"
178.165.191.42 - - [02/Jan/2025:17:02:24 +0100] "GET /gui/javascript/form_form.js?1735833744 HTTP/1.1" 200 16206 "http://hausegger.activities.at/entry.php?id=10271&&ser=833684" "Mozilla/5.0 (Windows NT 10.0; Win64; x64; rv:133.0) Gecko/20100101 Firefox/133.0"
178.165.191.42 - - [02/Jan/2025:17:03:24 +0100] "GET /entry.php?id=10271&&ser=833744 HTTP/1.1" 200 988 "http://hausegger.activities.at/entry.php?id=10271&&ser=833684" "Mozilla/5.0 (Windows NT 10.0; Win64; x64; rv:133.0) Gecko/20100101 Firefox/133.0"
178.165.191.42 - - [02/Jan/2025:17:03:24 +0100] "GET /gui/javascript/form_form.js?1735833804 HTTP/1.1" 200 16206 "http://hausegger.activities.at/entry.php?id=10271&&ser=833744" "Mozilla/5.0 (Windows NT 10.0; Win64; x64; rv:133.0) Gecko/20100101 Firefox/133.0"
178.165.191.42 - - [02/Jan/2025:17:04:24 +0100] "GET /entry.php?id=10271&&ser=833804 HTTP/1.1" 200 988 "http://hausegger.activities.at/entry.php?id=10271&&ser=833744" "Mozilla/5.0 (Windows NT 10.0; Win64; x64; rv:133.0) Gecko/20100101 Firefox/133.0"
178.165.191.42 - - [02/Jan/2025:17:04:25 +0100] "GET /gui/javascript/form_form.js?1735833865 HTTP/1.1" 200 16206 "http://hausegger.activities.at/entry.php?id=10271&&ser=833804" "Mozilla/5.0 (Windows NT 10.0; Win64; x64; rv:133.0) Gecko/20100101 Firefox/133.0"
178.165.191.42 - - [02/Jan/2025:17:05:25 +0100] "GET /entry.php?id=10271&&ser=833865 HTTP/1.1" 200 987 "http://hausegger.activities.at/entry.php?id=10271&&ser=833804" "Mozilla/5.0 (Windows NT 10.0; Win64; x64; rv:133.0) Gecko/20100101 Firefox/133.0"
178.165.191.42 - - [02/Jan/2025:17:05:25 +0100] "GET /gui/javascript/form_form.js?1735833925 HTTP/1.1" 200 16206 "http://hausegger.activities.at/entry.php?id=10271&&ser=833865" "Mozilla/5.0 (Windows NT 10.0; Win64; x64; rv:133.0) Gecko/20100101 Firefox/133.0"
178.165.191.42 - - [02/Jan/2025:17:06:25 +0100] "GET /entry.php?id=10271&&ser=833925 HTTP/1.1" 200 987 "http://hausegger.activities.at/entry.php?id=10271&&ser=833865" "Mozilla/5.0 (Windows NT 10.0; Win64; x64; rv:133.0) Gecko/20100101 Firefox/133.0"
178.165.191.42 - - [02/Jan/2025:17:06:25 +0100] "GET /gui/javascript/form_form.js?1735833985 HTTP/1.1" 200 16206 "http://hausegger.activities.at/entry.php?id=10271&&ser=833925" "Mozilla/5.0 (Windows NT 10.0; Win64; x64; rv:133.0) Gecko/20100101 Firefox/133.0"
156.59.198.135 - - [02/Jan/2025:17:07:01 +0100] "GET /ed-test.activities.at/stats/lang/awstats-dk.txt HTTP/1.0" 404 307 "-" "Mozilla/5.0 (Linux; Android 5.0) AppleWebKit/537.36 (KHTML, like Gecko) Mobile Safari/537.36 (compatible; Bytespider; spider-feedback@bytedance.com)"
178.165.191.42 - - [02/Jan/2025:17:07:25 +0100] "GET /entry.php?id=10271&&ser=833985 HTTP/1.1" 200 988 "http://hausegger.activities.at/entry.php?id=10271&&ser=833925" "Mozilla/5.0 (Windows NT 10.0; Win64; x64; rv:133.0) Gecko/20100101 Firefox/133.0"
178.165.191.42 - - [02/Jan/2025:17:07:26 +0100] "GET /gui/javascript/form_form.js?1735834045 HTTP/1.1" 200 16206 "http://hausegger.activities.at/entry.php?id=10271&&ser=833985" "Mozilla/5.0 (Windows NT 10.0; Win64; x64; rv:133.0) Gecko/20100101 Firefox/133.0"
178.165.191.42 - - [02/Jan/2025:17:08:26 +0100] "GET /entry.php?id=10271&&ser=834045 HTTP/1.1" 200 987 "http://hausegger.activities.at/entry.php?id=10271&&ser=833985" "Mozilla/5.0 (Windows NT 10.0; Win64; x64; rv:133.0) Gecko/20100101 Firefox/133.0"
178.165.191.42 - - [02/Jan/2025:17:08:26 +0100] "GET /gui/javascript/form_form.js?1735834106 HTTP/1.1" 200 16206 "http://hausegger.activities.at/entry.php?id=10271&&ser=834045" "Mozilla/5.0 (Windows NT 10.0; Win64; x64; rv:133.0) Gecko/20100101 Firefox/133.0"
178.165.191.42 - - [02/Jan/2025:17:09:26 +0100] "GET /entry.php?id=10271&&ser=834106 HTTP/1.1" 200 987 "http://hausegger.activities.at/entry.php?id=10271&&ser=834045" "Mozilla/5.0 (Windows NT 10.0; Win64; x64; rv:133.0) Gecko/20100101 Firefox/133.0"
178.165.191.42 - - [02/Jan/2025:17:09:26 +0100] "GET /gui/javascript/form_form.js?1735834166 HTTP/1.1" 200 16206 "http://hausegger.activities.at/entry.php?id=10271&&ser=834106" "Mozilla/5.0 (Windows NT 10.0; Win64; x64; rv:133.0) Gecko/20100101 Firefox/133.0"
178.165.191.42 - - [02/Jan/2025:17:10:26 +0100] "GET /entry.php?id=10271&&ser=834166 HTTP/1.1" 200 987 "http://hausegger.activities.at/entry.php?id=10271&&ser=834106" "Mozilla/5.0 (Windows NT 10.0; Win64; x64; rv:133.0) Gecko/20100101 Firefox/133.0"
178.165.191.42 - - [02/Jan/2025:17:10:26 +0100] "GET /gui/javascript/form_form.js?1735834226 HTTP/1.1" 200 16206 "http://hausegger.activities.at/entry.php?id=10271&&ser=834166" "Mozilla/5.0 (Windows NT 10.0; Win64; x64; rv:133.0) Gecko/20100101 Firefox/133.0"
178.165.191.42 - - [02/Jan/2025:17:11:27 +0100] "GET /entry.php?id=10271&&ser=834226 HTTP/1.1" 200 987 "http://hausegger.activities.at/entry.php?id=10271&&ser=834166" "Mozilla/5.0 (Windows NT 10.0; Win64; x64; rv:133.0) Gecko/20100101 Firefox/133.0"
178.165.191.42 - - [02/Jan/2025:17:11:27 +0100] "GET /gui/javascript/form_form.js?1735834287 HTTP/1.1" 200 16206 "http://hausegger.activities.at/entry.php?id=10271&&ser=834226" "Mozilla/5.0 (Windows NT 10.0; Win64; x64; rv:133.0) Gecko/20100101 Firefox/133.0"
178.165.191.42 - - [02/Jan/2025:17:12:27 +0100] "GET /entry.php?id=10271&&ser=834287 HTTP/1.1" 200 988 "http://hausegger.activities.at/entry.php?id=10271&&ser=834226" "Mozilla/5.0 (Windows NT 10.0; Win64; x64; rv:133.0) Gecko/20100101 Firefox/133.0"
178.165.191.42 - - [02/Jan/2025:17:12:27 +0100] "GET /gui/javascript/form_form.js?1735834347 HTTP/1.1" 200 16206 "http://hausegger.activities.at/entry.php?id=10271&&ser=834287" "Mozilla/5.0 (Windows NT 10.0; Win64; x64; rv:133.0) Gecko/20100101 Firefox/133.0"
156.59.198.136 - - [02/Jan/2025:17:13:26 +0100] "GET /ed-test.activities.at/stats/lang/awstats-lv.txt HTTP/1.0" 404 306 "-" "Mozilla/5.0 (Linux; Android 5.0) AppleWebKit/537.36 (KHTML, like Gecko) Mobile Safari/537.36 (compatible; Bytespider; spider-feedback@bytedance.com)"
178.165.191.42 - - [02/Jan/2025:17:13:27 +0100] "GET /entry.php?id=10271&&ser=834347 HTTP/1.1" 200 987 "http://hausegger.activities.at/entry.php?id=10271&&ser=834287" "Mozilla/5.0 (Windows NT 10.0; Win64; x64; rv:133.0) Gecko/20100101 Firefox/133.0"
178.165.191.42 - - [02/Jan/2025:17:13:27 +0100] "GET /gui/javascript/form_form.js?1735834407 HTTP/1.1" 200 16206 "http://hausegger.activities.at/entry.php?id=10271&&ser=834347" "Mozilla/5.0 (Windows NT 10.0; Win64; x64; rv:133.0) Gecko/20100101 Firefox/133.0"
178.165.191.42 - - [02/Jan/2025:17:14:27 +0100] "GET /entry.php?id=10271&&ser=834407 HTTP/1.1" 200 989 "http://hausegger.activities.at/entry.php?id=10271&&ser=834347" "Mozilla/5.0 (Windows NT 10.0; Win64; x64; rv:133.0) Gecko/20100101 Firefox/133.0"
178.165.191.42 - - [02/Jan/2025:17:14:28 +0100] "GET /gui/javascript/form_form.js?1735834468 HTTP/1.1" 200 16206 "http://hausegger.activities.at/entry.php?id=10271&&ser=834407" "Mozilla/5.0 (Windows NT 10.0; Win64; x64; rv:133.0) Gecko/20100101 Firefox/133.0"
178.165.191.42 - - [02/Jan/2025:17:15:28 +0100] "GET /entry.php?id=10271&&ser=834467 HTTP/1.1" 200 988 "http://hausegger.activities.at/entry.php?id=10271&&ser=834407" "Mozilla/5.0 (Windows NT 10.0; Win64; x64; rv:133.0) Gecko/20100101 Firefox/133.0"
178.165.191.42 - - [02/Jan/2025:17:15:28 +0100] "GET /gui/javascript/form_form.js?1735834528 HTTP/1.1" 200 16206 "http://hausegger.activities.at/entry.php?id=10271&&ser=834467" "Mozilla/5.0 (Windows NT 10.0; Win64; x64; rv:133.0) Gecko/20100101 Firefox/133.0"
178.165.191.42 - - [02/Jan/2025:17:16:28 +0100] "GET /entry.php?id=10271&&ser=834528 HTTP/1.1" 200 988 "http://hausegger.activities.at/entry.php?id=10271&&ser=834467" "Mozilla/5.0 (Windows NT 10.0; Win64; x64; rv:133.0) Gecko/20100101 Firefox/133.0"
178.165.191.42 - - [02/Jan/2025:17:16:28 +0100] "GET /gui/javascript/form_form.js?1735834588 HTTP/1.1" 200 16206 "http://hausegger.activities.at/entry.php?id=10271&&ser=834528" "Mozilla/5.0 (Windows NT 10.0; Win64; x64; rv:133.0) Gecko/20100101 Firefox/133.0"
178.165.191.42 - - [02/Jan/2025:17:17:28 +0100] "GET /entry.php?id=10271&&ser=834588 HTTP/1.1" 200 987 "http://hausegger.activities.at/entry.php?id=10271&&ser=834528" "Mozilla/5.0 (Windows NT 10.0; Win64; x64; rv:133.0) Gecko/20100101 Firefox/133.0"
178.165.191.42 - - [02/Jan/2025:17:17:28 +0100] "GET /gui/javascript/form_form.js?1735834648 HTTP/1.1" 200 16206 "http://hausegger.activities.at/entry.php?id=10271&&ser=834588" "Mozilla/5.0 (Windows NT 10.0; Win64; x64; rv:133.0) Gecko/20100101 Firefox/133.0"
178.165.191.42 - - [02/Jan/2025:17:18:29 +0100] "GET /entry.php?id=10271&&ser=834648 HTTP/1.1" 200 987 "http://hausegger.activities.at/entry.php?id=10271&&ser=834588" "Mozilla/5.0 (Windows NT 10.0; Win64; x64; rv:133.0) Gecko/20100101 Firefox/133.0"
178.165.191.42 - - [02/Jan/2025:17:18:29 +0100] "GET /gui/javascript/form_form.js?1735834709 HTTP/1.1" 200 16206 "http://hausegger.activities.at/entry.php?id=10271&&ser=834648" "Mozilla/5.0 (Windows NT 10.0; Win64; x64; rv:133.0) Gecko/20100101 Firefox/133.0"
