178.165.191.42 - - [03/Jan/2025:10:27:08 +0100] "GET /entry.php?id=10271&&ser=896367 HTTP/1.1" 200 988 "http://hausegger.activities.at/entry.php?id=10271&&ser=896307" "Mozilla/5.0 (Windows NT 10.0; Win64; x64; rv:133.0) Gecko/20100101 Firefox/133.0"
178.165.191.42 - - [03/Jan/2025:10:27:08 +0100] "GET /gui/javascript/form_form.js?1735896428 HTTP/1.1" 200 16206 "http://hausegger.activities.at/entry.php?id=10271&&ser=896367" "Mozilla/5.0 (Windows NT 10.0; Win64; x64; rv:133.0) Gecko/20100101 Firefox/133.0"
178.165.191.42 - - [03/Jan/2025:10:28:08 +0100] "GET /entry.php?id=10271&&ser=896428 HTTP/1.1" 200 987 "http://hausegger.activities.at/entry.php?id=10271&&ser=896367" "Mozilla/5.0 (Windows NT 10.0; Win64; x64; rv:133.0) Gecko/20100101 Firefox/133.0"
178.165.191.42 - - [03/Jan/2025:10:28:08 +0100] "GET /gui/javascript/form_form.js?1735896488 HTTP/1.1" 200 16206 "http://hausegger.activities.at/entry.php?id=10271&&ser=896428" "Mozilla/5.0 (Windows NT 10.0; Win64; x64; rv:133.0) Gecko/20100101 Firefox/133.0"
178.165.191.42 - - [03/Jan/2025:10:29:08 +0100] "GET /entry.php?id=10271&&ser=896488 HTTP/1.1" 200 988 "http://hausegger.activities.at/entry.php?id=10271&&ser=896428" "Mozilla/5.0 (Windows NT 10.0; Win64; x64; rv:133.0) Gecko/20100101 Firefox/133.0"
178.165.191.42 - - [03/Jan/2025:10:29:08 +0100] "GET /gui/javascript/form_form.js?1735896548 HTTP/1.1" 200 16206 "http://hausegger.activities.at/entry.php?id=10271&&ser=896488" "Mozilla/5.0 (Windows NT 10.0; Win64; x64; rv:133.0) Gecko/20100101 Firefox/133.0"
31.220.1.83 - - [03/Jan/2025:10:29:14 +0100] "GET / HTTP/1.1" 200 274 "-" "Mozilla/5.0 (Windows NT 10.0; Win64; x64) AppleWebKit/537.36 (KHTML, like Gecko) Chrome/115.0.0.0 Safari/537.36"
156.59.198.135 - - [03/Jan/2025:10:29:51 +0100] "GET /docs/contadino/2018/RECHNUNG/RE18-00011.pdf HTTP/1.0" 404 308 "-" "Mozilla/5.0 (Linux; Android 5.0) AppleWebKit/537.36 (KHTML, like Gecko) Mobile Safari/537.36 (compatible; Bytespider; spider-feedback@bytedance.com)"
178.165.191.42 - - [03/Jan/2025:10:30:08 +0100] "GET /entry.php?id=10271&&ser=896548 HTTP/1.1" 200 987 "http://hausegger.activities.at/entry.php?id=10271&&ser=896488" "Mozilla/5.0 (Windows NT 10.0; Win64; x64; rv:133.0) Gecko/20100101 Firefox/133.0"
178.165.191.42 - - [03/Jan/2025:10:30:09 +0100] "GET /gui/javascript/form_form.js?1735896609 HTTP/1.1" 200 16206 "http://hausegger.activities.at/entry.php?id=10271&&ser=896548" "Mozilla/5.0 (Windows NT 10.0; Win64; x64; rv:133.0) Gecko/20100101 Firefox/133.0"
178.165.191.42 - - [03/Jan/2025:10:31:09 +0100] "GET /entry.php?id=10271&&ser=896609 HTTP/1.1" 200 987 "http://hausegger.activities.at/entry.php?id=10271&&ser=896548" "Mozilla/5.0 (Windows NT 10.0; Win64; x64; rv:133.0) Gecko/20100101 Firefox/133.0"
178.165.191.42 - - [03/Jan/2025:10:31:09 +0100] "GET /gui/javascript/form_form.js?1735896669 HTTP/1.1" 200 16206 "http://hausegger.activities.at/entry.php?id=10271&&ser=896609" "Mozilla/5.0 (Windows NT 10.0; Win64; x64; rv:133.0) Gecko/20100101 Firefox/133.0"
178.165.191.42 - - [03/Jan/2025:10:32:09 +0100] "GET /entry.php?id=10271&&ser=896669 HTTP/1.1" 200 987 "http://hausegger.activities.at/entry.php?id=10271&&ser=896609" "Mozilla/5.0 (Windows NT 10.0; Win64; x64; rv:133.0) Gecko/20100101 Firefox/133.0"
178.165.191.42 - - [03/Jan/2025:10:32:09 +0100] "GET /gui/javascript/form_form.js?1735896729 HTTP/1.1" 200 16206 "http://hausegger.activities.at/entry.php?id=10271&&ser=896669" "Mozilla/5.0 (Windows NT 10.0; Win64; x64; rv:133.0) Gecko/20100101 Firefox/133.0"
178.165.191.42 - - [03/Jan/2025:10:33:09 +0100] "GET /entry.php?id=10271&&ser=896729 HTTP/1.1" 200 987 "http://hausegger.activities.at/entry.php?id=10271&&ser=896669" "Mozilla/5.0 (Windows NT 10.0; Win64; x64; rv:133.0) Gecko/20100101 Firefox/133.0"
178.165.191.42 - - [03/Jan/2025:10:33:10 +0100] "GET /gui/javascript/form_form.js?1735896790 HTTP/1.1" 200 16206 "http://hausegger.activities.at/entry.php?id=10271&&ser=896729" "Mozilla/5.0 (Windows NT 10.0; Win64; x64; rv:133.0) Gecko/20100101 Firefox/133.0"
156.59.198.135 - - [03/Jan/2025:10:33:51 +0100] "GET /renault.2web.at/stats/lang/awstats-ro.txt HTTP/1.0" 404 303 "-" "Mozilla/5.0 (Linux; Android 5.0) AppleWebKit/537.36 (KHTML, like Gecko) Mobile Safari/537.36 (compatible; Bytespider; spider-feedback@bytedance.com)"
178.165.191.42 - - [03/Jan/2025:10:34:10 +0100] "GET /entry.php?id=10271&&ser=896790 HTTP/1.1" 200 988 "http://hausegger.activities.at/entry.php?id=10271&&ser=896729" "Mozilla/5.0 (Windows NT 10.0; Win64; x64; rv:133.0) Gecko/20100101 Firefox/133.0"
178.165.191.42 - - [03/Jan/2025:10:34:10 +0100] "GET /gui/javascript/form_form.js?1735896850 HTTP/1.1" 200 16206 "http://hausegger.activities.at/entry.php?id=10271&&ser=896790" "Mozilla/5.0 (Windows NT 10.0; Win64; x64; rv:133.0) Gecko/20100101 Firefox/133.0"
178.165.191.42 - - [03/Jan/2025:10:35:10 +0100] "GET /entry.php?id=10271&&ser=896850 HTTP/1.1" 200 987 "http://hausegger.activities.at/entry.php?id=10271&&ser=896790" "Mozilla/5.0 (Windows NT 10.0; Win64; x64; rv:133.0) Gecko/20100101 Firefox/133.0"
178.165.191.42 - - [03/Jan/2025:10:35:10 +0100] "GET /gui/javascript/form_form.js?1735896910 HTTP/1.1" 200 16206 "http://hausegger.activities.at/entry.php?id=10271&&ser=896850" "Mozilla/5.0 (Windows NT 10.0; Win64; x64; rv:133.0) Gecko/20100101 Firefox/133.0"
178.165.191.42 - - [03/Jan/2025:10:36:10 +0100] "GET /entry.php?id=10271&&ser=896910 HTTP/1.1" 200 987 "http://hausegger.activities.at/entry.php?id=10271&&ser=896850" "Mozilla/5.0 (Windows NT 10.0; Win64; x64; rv:133.0) Gecko/20100101 Firefox/133.0"
178.165.191.42 - - [03/Jan/2025:10:36:11 +0100] "GET /gui/javascript/form_form.js?1735896970 HTTP/1.1" 200 16206 "http://hausegger.activities.at/entry.php?id=10271&&ser=896910" "Mozilla/5.0 (Windows NT 10.0; Win64; x64; rv:133.0) Gecko/20100101 Firefox/133.0"
178.165.191.42 - - [03/Jan/2025:10:37:11 +0100] "GET /entry.php?id=10271&&ser=896970 HTTP/1.1" 200 987 "http://hausegger.activities.at/entry.php?id=10271&&ser=896910" "Mozilla/5.0 (Windows NT 10.0; Win64; x64; rv:133.0) Gecko/20100101 Firefox/133.0"
178.165.191.42 - - [03/Jan/2025:10:37:11 +0100] "GET /gui/javascript/form_form.js?1735897031 HTTP/1.1" 200 16206 "http://hausegger.activities.at/entry.php?id=10271&&ser=896970" "Mozilla/5.0 (Windows NT 10.0; Win64; x64; rv:133.0) Gecko/20100101 Firefox/133.0"
156.59.198.136 - - [03/Jan/2025:10:37:51 +0100] "GET /renault.activities.at/htdocs/export/xml/data/orders/201912181203_RenOrder.xml HTTP/1.0" 404 328 "-" "Mozilla/5.0 (Linux; Android 5.0) AppleWebKit/537.36 (KHTML, like Gecko) Mobile Safari/537.36 (compatible; Bytespider; spider-feedback@bytedance.com)"
178.165.191.42 - - [03/Jan/2025:10:38:11 +0100] "GET /entry.php?id=10271&&ser=897031 HTTP/1.1" 200 987 "http://hausegger.activities.at/entry.php?id=10271&&ser=896970" "Mozilla/5.0 (Windows NT 10.0; Win64; x64; rv:133.0) Gecko/20100101 Firefox/133.0"
178.165.191.42 - - [03/Jan/2025:10:38:11 +0100] "GET /gui/javascript/form_form.js?1735897091 HTTP/1.1" 200 16206 "http://hausegger.activities.at/entry.php?id=10271&&ser=897031" "Mozilla/5.0 (Windows NT 10.0; Win64; x64; rv:133.0) Gecko/20100101 Firefox/133.0"
178.165.191.42 - - [03/Jan/2025:10:39:11 +0100] "GET /entry.php?id=10271&&ser=897091 HTTP/1.1" 200 987 "http://hausegger.activities.at/entry.php?id=10271&&ser=897031" "Mozilla/5.0 (Windows NT 10.0; Win64; x64; rv:133.0) Gecko/20100101 Firefox/133.0"
178.165.191.42 - - [03/Jan/2025:10:39:11 +0100] "GET /gui/javascript/form_form.js?1735897151 HTTP/1.1" 200 16206 "http://hausegger.activities.at/entry.php?id=10271&&ser=897091" "Mozilla/5.0 (Windows NT 10.0; Win64; x64; rv:133.0) Gecko/20100101 Firefox/133.0"
104.234.115.62 - - [03/Jan/2025:10:39:15 +0100] "" 400 383 "-" "-"
178.165.191.42 - - [03/Jan/2025:10:40:12 +0100] "GET /entry.php?id=10271&&ser=897151 HTTP/1.1" 200 987 "http://hausegger.activities.at/entry.php?id=10271&&ser=897091" "Mozilla/5.0 (Windows NT 10.0; Win64; x64; rv:133.0) Gecko/20100101 Firefox/133.0"
178.165.191.42 - - [03/Jan/2025:10:40:12 +0100] "GET /gui/javascript/form_form.js?1735897212 HTTP/1.1" 200 16206 "http://hausegger.activities.at/entry.php?id=10271&&ser=897151" "Mozilla/5.0 (Windows NT 10.0; Win64; x64; rv:133.0) Gecko/20100101 Firefox/133.0"
162.216.150.219 - - [03/Jan/2025:10:40:29 +0100] "GET / HTTP/1.1" 200 274 "-" "Expanse, a Palo Alto Networks company, searches across the global IPv4 space multiple times per day to identify customers' presences on the Internet. If you would like to be excluded from our scans, please send IP addresses/domains to: scaninfo@paloaltonetworks.com"
178.165.191.42 - - [03/Jan/2025:10:41:12 +0100] "GET /entry.php?id=10271&&ser=897212 HTTP/1.1" 200 987 "http://hausegger.activities.at/entry.php?id=10271&&ser=897151" "Mozilla/5.0 (Windows NT 10.0; Win64; x64; rv:133.0) Gecko/20100101 Firefox/133.0"
178.165.191.42 - - [03/Jan/2025:10:41:12 +0100] "GET /gui/javascript/form_form.js?1735897272 HTTP/1.1" 200 16206 "http://hausegger.activities.at/entry.php?id=10271&&ser=897212" "Mozilla/5.0 (Windows NT 10.0; Win64; x64; rv:133.0) Gecko/20100101 Firefox/133.0"
104.234.115.62 - - [03/Jan/2025:10:41:57 +0100] "\x16\x03\x01" 400 383 "-" "-"
178.165.191.42 - - [03/Jan/2025:10:42:12 +0100] "GET /entry.php?id=10271&&ser=897272 HTTP/1.1" 200 987 "http://hausegger.activities.at/entry.php?id=10271&&ser=897212" "Mozilla/5.0 (Windows NT 10.0; Win64; x64; rv:133.0) Gecko/20100101 Firefox/133.0"
178.165.191.42 - - [03/Jan/2025:10:42:12 +0100] "GET /gui/javascript/form_form.js?1735897332 HTTP/1.1" 200 16206 "http://hausegger.activities.at/entry.php?id=10271&&ser=897272" "Mozilla/5.0 (Windows NT 10.0; Win64; x64; rv:133.0) Gecko/20100101 Firefox/133.0"
178.165.191.42 - - [03/Jan/2025:10:43:12 +0100] "GET /entry.php?id=10271&&ser=897332 HTTP/1.1" 200 988 "http://hausegger.activities.at/entry.php?id=10271&&ser=897272" "Mozilla/5.0 (Windows NT 10.0; Win64; x64; rv:133.0) Gecko/20100101 Firefox/133.0"
178.165.191.42 - - [03/Jan/2025:10:43:13 +0100] "GET /gui/javascript/form_form.js?1735897393 HTTP/1.1" 200 16206 "http://hausegger.activities.at/entry.php?id=10271&&ser=897332" "Mozilla/5.0 (Windows NT 10.0; Win64; x64; rv:133.0) Gecko/20100101 Firefox/133.0"
104.234.115.62 - - [03/Jan/2025:10:44:03 +0100] "\x16\x03\x01" 400 383 "-" "-"
178.165.191.42 - - [03/Jan/2025:10:44:13 +0100] "GET /entry.php?id=10271&&ser=897393 HTTP/1.1" 200 988 "http://hausegger.activities.at/entry.php?id=10271&&ser=897332" "Mozilla/5.0 (Windows NT 10.0; Win64; x64; rv:133.0) Gecko/20100101 Firefox/133.0"
178.165.191.42 - - [03/Jan/2025:10:44:13 +0100] "GET /gui/javascript/form_form.js?1735897453 HTTP/1.1" 200 16206 "http://hausegger.activities.at/entry.php?id=10271&&ser=897393" "Mozilla/5.0 (Windows NT 10.0; Win64; x64; rv:133.0) Gecko/20100101 Firefox/133.0"
178.165.191.42 - - [03/Jan/2025:10:45:13 +0100] "GET /entry.php?id=10271&&ser=897453 HTTP/1.1" 200 988 "http://hausegger.activities.at/entry.php?id=10271&&ser=897393" "Mozilla/5.0 (Windows NT 10.0; Win64; x64; rv:133.0) Gecko/20100101 Firefox/133.0"
178.165.191.42 - - [03/Jan/2025:10:45:13 +0100] "GET /gui/javascript/form_form.js?1735897513 HTTP/1.1" 200 16206 "http://hausegger.activities.at/entry.php?id=10271&&ser=897453" "Mozilla/5.0 (Windows NT 10.0; Win64; x64; rv:133.0) Gecko/20100101 Firefox/133.0"
5.181.190.248 - - [03/Jan/2025:10:45:51 +0100] "GET / HTTP/1.1" 200 423 "-" "-"
156.59.198.135 - - [03/Jan/2025:10:45:52 +0100] "GET /renault.activities.at/htdocs/dompdf-master/www/test/images/png/rgba8.png HTTP/1.0" 404 325 "-" "Mozilla/5.0 (Linux; Android 5.0) AppleWebKit/537.36 (KHTML, like Gecko) Mobile Safari/537.36 (compatible; Bytespider; spider-feedback@bytedance.com)"
178.165.191.42 - - [03/Jan/2025:10:46:13 +0100] "GET /entry.php?id=10271&&ser=897513 HTTP/1.1" 200 988 "http://hausegger.activities.at/entry.php?id=10271&&ser=897453" "Mozilla/5.0 (Windows NT 10.0; Win64; x64; rv:133.0) Gecko/20100101 Firefox/133.0"
178.165.191.42 - - [03/Jan/2025:10:46:13 +0100] "GET /gui/javascript/form_form.js?1735897573 HTTP/1.1" 200 16206 "http://hausegger.activities.at/entry.php?id=10271&&ser=897513" "Mozilla/5.0 (Windows NT 10.0; Win64; x64; rv:133.0) Gecko/20100101 Firefox/133.0"
178.165.191.42 - - [03/Jan/2025:10:47:14 +0100] "GET /entry.php?id=10271&&ser=897573 HTTP/1.1" 200 987 "http://hausegger.activities.at/entry.php?id=10271&&ser=897513" "Mozilla/5.0 (Windows NT 10.0; Win64; x64; rv:133.0) Gecko/20100101 Firefox/133.0"
178.165.191.42 - - [03/Jan/2025:10:47:14 +0100] "GET /gui/javascript/form_form.js?1735897634 HTTP/1.1" 200 16206 "http://hausegger.activities.at/entry.php?id=10271&&ser=897573" "Mozilla/5.0 (Windows NT 10.0; Win64; x64; rv:133.0) Gecko/20100101 Firefox/133.0"
178.165.191.42 - - [03/Jan/2025:10:48:02 +0100] "GET /entry.php?id=10828 HTTP/1.1" 200 9139 "http://hausegger.activities.at/entry.php?id=10270&__app__=10006038" "Mozilla/5.0 (Windows NT 10.0; Win64; x64; rv:133.0) Gecko/20100101 Firefox/133.0"
178.165.191.42 - - [03/Jan/2025:10:48:02 +0100] "GET /gui/javascript/form_form.js?1735897682 HTTP/1.1" 200 16206 "http://hausegger.activities.at/entry.php?id=10828" "Mozilla/5.0 (Windows NT 10.0; Win64; x64; rv:133.0) Gecko/20100101 Firefox/133.0"
178.165.191.42 - - [03/Jan/2025:10:48:03 +0100] "GET /entry.php?id=10889&document_id=& HTTP/1.1" 200 1508 "http://hausegger.activities.at/entry.php?id=10828" "Mozilla/5.0 (Windows NT 10.0; Win64; x64; rv:133.0) Gecko/20100101 Firefox/133.0"
178.165.191.42 - - [03/Jan/2025:10:48:03 +0100] "GET /gui/javascript/form_form.js?1735897683 HTTP/1.1" 200 16206 "http://hausegger.activities.at/entry.php?id=10889&document_id=&" "Mozilla/5.0 (Windows NT 10.0; Win64; x64; rv:133.0) Gecko/20100101 Firefox/133.0"
178.165.191.42 - - [03/Jan/2025:10:48:14 +0100] "GET /entry.php?id=10271&&ser=897634 HTTP/1.1" 200 987 "http://hausegger.activities.at/entry.php?id=10271&&ser=897573" "Mozilla/5.0 (Windows NT 10.0; Win64; x64; rv:133.0) Gecko/20100101 Firefox/133.0"
178.165.191.42 - - [03/Jan/2025:10:48:14 +0100] "GET /gui/javascript/form_form.js?1735897694 HTTP/1.1" 200 16206 "http://hausegger.activities.at/entry.php?id=10271&&ser=897634" "Mozilla/5.0 (Windows NT 10.0; Win64; x64; rv:133.0) Gecko/20100101 Firefox/133.0"
178.165.191.42 - - [03/Jan/2025:10:49:14 +0100] "GET /entry.php?id=10271&&ser=897694 HTTP/1.1" 200 988 "http://hausegger.activities.at/entry.php?id=10271&&ser=897634" "Mozilla/5.0 (Windows NT 10.0; Win64; x64; rv:133.0) Gecko/20100101 Firefox/133.0"
178.165.191.42 - - [03/Jan/2025:10:49:14 +0100] "GET /gui/javascript/form_form.js?1735897754 HTTP/1.1" 200 16206 "http://hausegger.activities.at/entry.php?id=10271&&ser=897694" "Mozilla/5.0 (Windows NT 10.0; Win64; x64; rv:133.0) Gecko/20100101 Firefox/133.0"
156.59.198.135 - - [03/Jan/2025:10:49:53 +0100] "GET /renault.activities.at/htdocs/export/xml/data/orders/202110251403_RenOrder.xml HTTP/1.0" 404 329 "-" "Mozilla/5.0 (Linux; Android 5.0) AppleWebKit/537.36 (KHTML, like Gecko) Mobile Safari/537.36 (compatible; Bytespider; spider-feedback@bytedance.com)"
178.165.191.42 - - [03/Jan/2025:10:50:15 +0100] "GET /entry.php?id=10271&&ser=897754 HTTP/1.1" 200 988 "http://hausegger.activities.at/entry.php?id=10271&&ser=897694" "Mozilla/5.0 (Windows NT 10.0; Win64; x64; rv:133.0) Gecko/20100101 Firefox/133.0"
178.165.191.42 - - [03/Jan/2025:10:50:15 +0100] "GET /gui/javascript/form_form.js?1735897815 HTTP/1.1" 200 16206 "http://hausegger.activities.at/entry.php?id=10271&&ser=897754" "Mozilla/5.0 (Windows NT 10.0; Win64; x64; rv:133.0) Gecko/20100101 Firefox/133.0"
178.165.191.42 - - [03/Jan/2025:10:51:15 +0100] "GET /entry.php?id=10271&&ser=897815 HTTP/1.1" 200 988 "http://hausegger.activities.at/entry.php?id=10271&&ser=897754" "Mozilla/5.0 (Windows NT 10.0; Win64; x64; rv:133.0) Gecko/20100101 Firefox/133.0"
178.165.191.42 - - [03/Jan/2025:10:51:15 +0100] "GET /gui/javascript/form_form.js?1735897875 HTTP/1.1" 200 16206 "http://hausegger.activities.at/entry.php?id=10271&&ser=897815" "Mozilla/5.0 (Windows NT 10.0; Win64; x64; rv:133.0) Gecko/20100101 Firefox/133.0"
104.234.115.62 - - [03/Jan/2025:10:51:32 +0100] "GET /manage/account/login HTTP/1.1" 404 291 "-" "'Mozilla/5.0 (compatible; GenomeCrawlerd/1.0; https://www.nokia.com/genomecrawler)'"
178.165.191.42 - - [03/Jan/2025:10:52:15 +0100] "GET /entry.php?id=10271&&ser=897875 HTTP/1.1" 200 988 "http://hausegger.activities.at/entry.php?id=10271&&ser=897815" "Mozilla/5.0 (Windows NT 10.0; Win64; x64; rv:133.0) Gecko/20100101 Firefox/133.0"
178.165.191.42 - - [03/Jan/2025:10:52:15 +0100] "GET /gui/javascript/form_form.js?1735897935 HTTP/1.1" 200 16206 "http://hausegger.activities.at/entry.php?id=10271&&ser=897875" "Mozilla/5.0 (Windows NT 10.0; Win64; x64; rv:133.0) Gecko/20100101 Firefox/133.0"
178.165.191.42 - - [03/Jan/2025:10:53:15 +0100] "GET /entry.php?id=10271&&ser=897935 HTTP/1.1" 200 988 "http://hausegger.activities.at/entry.php?id=10271&&ser=897875" "Mozilla/5.0 (Windows NT 10.0; Win64; x64; rv:133.0) Gecko/20100101 Firefox/133.0"
178.165.191.42 - - [03/Jan/2025:10:53:16 +0100] "GET /gui/javascript/form_form.js?1735897995 HTTP/1.1" 200 16206 "http://hausegger.activities.at/entry.php?id=10271&&ser=897935" "Mozilla/5.0 (Windows NT 10.0; Win64; x64; rv:133.0) Gecko/20100101 Firefox/133.0"
156.59.198.136 - - [03/Jan/2025:10:53:54 +0100] "GET /renault.activities.at/htdocs/pinEdit/editor/help/userhelp-Dateien/image144.gif HTTP/1.0" 404 327 "-" "Mozilla/5.0 (Linux; Android 5.0) AppleWebKit/537.36 (KHTML, like Gecko) Mobile Safari/537.36 (compatible; Bytespider; spider-feedback@bytedance.com)"
178.165.191.42 - - [03/Jan/2025:10:54:16 +0100] "GET /entry.php?id=10271&&ser=897995 HTTP/1.1" 200 988 "http://hausegger.activities.at/entry.php?id=10271&&ser=897935" "Mozilla/5.0 (Windows NT 10.0; Win64; x64; rv:133.0) Gecko/20100101 Firefox/133.0"
178.165.191.42 - - [03/Jan/2025:10:54:16 +0100] "GET /gui/javascript/form_form.js?1735898056 HTTP/1.1" 200 16206 "http://hausegger.activities.at/entry.php?id=10271&&ser=897995" "Mozilla/5.0 (Windows NT 10.0; Win64; x64; rv:133.0) Gecko/20100101 Firefox/133.0"
178.165.191.42 - - [03/Jan/2025:10:55:16 +0100] "GET /entry.php?id=10271&&ser=898056 HTTP/1.1" 200 987 "http://hausegger.activities.at/entry.php?id=10271&&ser=897995" "Mozilla/5.0 (Windows NT 10.0; Win64; x64; rv:133.0) Gecko/20100101 Firefox/133.0"
178.165.191.42 - - [03/Jan/2025:10:55:16 +0100] "GET /gui/javascript/form_form.js?1735898116 HTTP/1.1" 200 16206 "http://hausegger.activities.at/entry.php?id=10271&&ser=898056" "Mozilla/5.0 (Windows NT 10.0; Win64; x64; rv:133.0) Gecko/20100101 Firefox/133.0"
178.165.191.42 - - [03/Jan/2025:10:56:16 +0100] "GET /entry.php?id=10271&&ser=898116 HTTP/1.1" 200 987 "http://hausegger.activities.at/entry.php?id=10271&&ser=898056" "Mozilla/5.0 (Windows NT 10.0; Win64; x64; rv:133.0) Gecko/20100101 Firefox/133.0"
178.165.191.42 - - [03/Jan/2025:10:56:16 +0100] "GET /gui/javascript/form_form.js?1735898176 HTTP/1.1" 200 16206 "http://hausegger.activities.at/entry.php?id=10271&&ser=898116" "Mozilla/5.0 (Windows NT 10.0; Win64; x64; rv:133.0) Gecko/20100101 Firefox/133.0"
104.234.115.62 - - [03/Jan/2025:10:57:15 +0100] "GET /admin/index.html HTTP/1.1" 404 287 "-" "'Mozilla/5.0 (compatible; GenomeCrawlerd/1.0; https://www.nokia.com/genomecrawler)'"
178.165.191.42 - - [03/Jan/2025:10:57:17 +0100] "GET /entry.php?id=10271&&ser=898176 HTTP/1.1" 200 987 "http://hausegger.activities.at/entry.php?id=10271&&ser=898116" "Mozilla/5.0 (Windows NT 10.0; Win64; x64; rv:133.0) Gecko/20100101 Firefox/133.0"
178.165.191.42 - - [03/Jan/2025:10:57:17 +0100] "GET /gui/javascript/form_form.js?1735898237 HTTP/1.1" 200 16206 "http://hausegger.activities.at/entry.php?id=10271&&ser=898176" "Mozilla/5.0 (Windows NT 10.0; Win64; x64; rv:133.0) Gecko/20100101 Firefox/133.0"
156.59.198.135 - - [03/Jan/2025:10:57:54 +0100] "GET /renault.activities.at/htdocs/export/xml/data/orders/202010301303_RenOrder.xml HTTP/1.0" 404 329 "-" "Mozilla/5.0 (Linux; Android 5.0) AppleWebKit/537.36 (KHTML, like Gecko) Mobile Safari/537.36 (compatible; Bytespider; spider-feedback@bytedance.com)"
178.165.191.42 - - [03/Jan/2025:10:58:17 +0100] "GET /entry.php?id=10271&&ser=898237 HTTP/1.1" 200 987 "http://hausegger.activities.at/entry.php?id=10271&&ser=898176" "Mozilla/5.0 (Windows NT 10.0; Win64; x64; rv:133.0) Gecko/20100101 Firefox/133.0"
178.165.191.42 - - [03/Jan/2025:10:58:17 +0100] "GET /gui/javascript/form_form.js?1735898297 HTTP/1.1" 200 16206 "http://hausegger.activities.at/entry.php?id=10271&&ser=898237" "Mozilla/5.0 (Windows NT 10.0; Win64; x64; rv:133.0) Gecko/20100101 Firefox/133.0"
178.165.191.42 - - [03/Jan/2025:10:59:17 +0100] "GET /entry.php?id=10271&&ser=898297 HTTP/1.1" 200 988 "http://hausegger.activities.at/entry.php?id=10271&&ser=898237" "Mozilla/5.0 (Windows NT 10.0; Win64; x64; rv:133.0) Gecko/20100101 Firefox/133.0"
178.165.191.42 - - [03/Jan/2025:10:59:17 +0100] "GET /gui/javascript/form_form.js?1735898357 HTTP/1.1" 200 16206 "http://hausegger.activities.at/entry.php?id=10271&&ser=898297" "Mozilla/5.0 (Windows NT 10.0; Win64; x64; rv:133.0) Gecko/20100101 Firefox/133.0"
178.165.191.42 - - [03/Jan/2025:11:00:18 +0100] "GET /entry.php?id=10271&&ser=898357 HTTP/1.1" 200 987 "http://hausegger.activities.at/entry.php?id=10271&&ser=898297" "Mozilla/5.0 (Windows NT 10.0; Win64; x64; rv:133.0) Gecko/20100101 Firefox/133.0"
178.165.191.42 - - [03/Jan/2025:11:00:18 +0100] "GET /gui/javascript/form_form.js?1735898418 HTTP/1.1" 200 16206 "http://hausegger.activities.at/entry.php?id=10271&&ser=898357" "Mozilla/5.0 (Windows NT 10.0; Win64; x64; rv:133.0) Gecko/20100101 Firefox/133.0"
104.234.115.62 - - [03/Jan/2025:11:00:19 +0100] "\x16\x03\x01" 400 383 "-" "-"
178.165.191.42 - - [03/Jan/2025:11:01:18 +0100] "GET /entry.php?id=10271&&ser=898418 HTTP/1.1" 200 987 "http://hausegger.activities.at/entry.php?id=10271&&ser=898357" "Mozilla/5.0 (Windows NT 10.0; Win64; x64; rv:133.0) Gecko/20100101 Firefox/133.0"
178.165.191.42 - - [03/Jan/2025:11:01:18 +0100] "GET /gui/javascript/form_form.js?1735898478 HTTP/1.1" 200 16206 "http://hausegger.activities.at/entry.php?id=10271&&ser=898418" "Mozilla/5.0 (Windows NT 10.0; Win64; x64; rv:133.0) Gecko/20100101 Firefox/133.0"
178.165.191.42 - - [03/Jan/2025:11:02:18 +0100] "GET /entry.php?id=10271&&ser=898478 HTTP/1.1" 200 986 "http://hausegger.activities.at/entry.php?id=10271&&ser=898418" "Mozilla/5.0 (Windows NT 10.0; Win64; x64; rv:133.0) Gecko/20100101 Firefox/133.0"
178.165.191.42 - - [03/Jan/2025:11:02:18 +0100] "GET /gui/javascript/form_form.js?1735898538 HTTP/1.1" 200 16206 "http://hausegger.activities.at/entry.php?id=10271&&ser=898478" "Mozilla/5.0 (Windows NT 10.0; Win64; x64; rv:133.0) Gecko/20100101 Firefox/133.0"
104.234.115.62 - - [03/Jan/2025:11:02:48 +0100] "GET /index.html HTTP/1.1" 404 283 "-" "'Mozilla/5.0 (compatible; GenomeCrawlerd/1.0; https://www.nokia.com/genomecrawler)'"
178.165.191.42 - - [03/Jan/2025:11:03:18 +0100] "GET /entry.php?id=10271&&ser=898538 HTTP/1.1" 200 986 "http://hausegger.activities.at/entry.php?id=10271&&ser=898478" "Mozilla/5.0 (Windows NT 10.0; Win64; x64; rv:133.0) Gecko/20100101 Firefox/133.0"
178.165.191.42 - - [03/Jan/2025:11:03:18 +0100] "GET /gui/javascript/form_form.js?1735898598 HTTP/1.1" 200 16206 "http://hausegger.activities.at/entry.php?id=10271&&ser=898538" "Mozilla/5.0 (Windows NT 10.0; Win64; x64; rv:133.0) Gecko/20100101 Firefox/133.0"
178.165.191.42 - - [03/Jan/2025:11:04:19 +0100] "GET /entry.php?id=10271&&ser=898598 HTTP/1.1" 200 988 "http://hausegger.activities.at/entry.php?id=10271&&ser=898538" "Mozilla/5.0 (Windows NT 10.0; Win64; x64; rv:133.0) Gecko/20100101 Firefox/133.0"
178.165.191.42 - - [03/Jan/2025:11:04:19 +0100] "GET /gui/javascript/form_form.js?1735898659 HTTP/1.1" 200 16206 "http://hausegger.activities.at/entry.php?id=10271&&ser=898598" "Mozilla/5.0 (Windows NT 10.0; Win64; x64; rv:133.0) Gecko/20100101 Firefox/133.0"
178.165.191.42 - - [03/Jan/2025:11:05:19 +0100] "GET /entry.php?id=10271&&ser=898659 HTTP/1.1" 200 987 "http://hausegger.activities.at/entry.php?id=10271&&ser=898598" "Mozilla/5.0 (Windows NT 10.0; Win64; x64; rv:133.0) Gecko/20100101 Firefox/133.0"
178.165.191.42 - - [03/Jan/2025:11:05:19 +0100] "GET /gui/javascript/form_form.js?1735898719 HTTP/1.1" 200 16206 "http://hausegger.activities.at/entry.php?id=10271&&ser=898659" "Mozilla/5.0 (Windows NT 10.0; Win64; x64; rv:133.0) Gecko/20100101 Firefox/133.0"
178.165.191.42 - - [03/Jan/2025:11:06:19 +0100] "GET /entry.php?id=10271&&ser=898719 HTTP/1.1" 200 987 "http://hausegger.activities.at/entry.php?id=10271&&ser=898659" "Mozilla/5.0 (Windows NT 10.0; Win64; x64; rv:133.0) Gecko/20100101 Firefox/133.0"
178.165.191.42 - - [03/Jan/2025:11:06:20 +0100] "GET /gui/javascript/form_form.js?1735898779 HTTP/1.1" 200 16206 "http://hausegger.activities.at/entry.php?id=10271&&ser=898719" "Mozilla/5.0 (Windows NT 10.0; Win64; x64; rv:133.0) Gecko/20100101 Firefox/133.0"
178.165.191.42 - - [03/Jan/2025:11:07:20 +0100] "GET /entry.php?id=10271&&ser=898779 HTTP/1.1" 200 987 "http://hausegger.activities.at/entry.php?id=10271&&ser=898719" "Mozilla/5.0 (Windows NT 10.0; Win64; x64; rv:133.0) Gecko/20100101 Firefox/133.0"
178.165.191.42 - - [03/Jan/2025:11:07:20 +0100] "GET /gui/javascript/form_form.js?1735898840 HTTP/1.1" 200 16206 "http://hausegger.activities.at/entry.php?id=10271&&ser=898779" "Mozilla/5.0 (Windows NT 10.0; Win64; x64; rv:133.0) Gecko/20100101 Firefox/133.0"
178.165.191.42 - - [03/Jan/2025:11:08:20 +0100] "GET /entry.php?id=10271&&ser=898840 HTTP/1.1" 200 987 "http://hausegger.activities.at/entry.php?id=10271&&ser=898779" "Mozilla/5.0 (Windows NT 10.0; Win64; x64; rv:133.0) Gecko/20100101 Firefox/133.0"
178.165.191.42 - - [03/Jan/2025:11:08:20 +0100] "GET /gui/javascript/form_form.js?1735898900 HTTP/1.1" 200 16206 "http://hausegger.activities.at/entry.php?id=10271&&ser=898840" "Mozilla/5.0 (Windows NT 10.0; Win64; x64; rv:133.0) Gecko/20100101 Firefox/133.0"
178.165.191.42 - - [03/Jan/2025:11:09:20 +0100] "GET /entry.php?id=10271&&ser=898900 HTTP/1.1" 200 987 "http://hausegger.activities.at/entry.php?id=10271&&ser=898840" "Mozilla/5.0 (Windows NT 10.0; Win64; x64; rv:133.0) Gecko/20100101 Firefox/133.0"
178.165.191.42 - - [03/Jan/2025:11:09:20 +0100] "GET /gui/javascript/form_form.js?1735898960 HTTP/1.1" 200 16206 "http://hausegger.activities.at/entry.php?id=10271&&ser=898900" "Mozilla/5.0 (Windows NT 10.0; Win64; x64; rv:133.0) Gecko/20100101 Firefox/133.0"
104.234.115.62 - - [03/Jan/2025:11:09:21 +0100] "GET /+CSCOE+/logon.html HTTP/1.1" 404 290 "-" "'Mozilla/5.0 (compatible; GenomeCrawlerd/1.0; https://www.nokia.com/genomecrawler)'"
178.165.191.42 - - [03/Jan/2025:11:10:21 +0100] "GET /entry.php?id=10271&&ser=898960 HTTP/1.1" 200 987 "http://hausegger.activities.at/entry.php?id=10271&&ser=898900" "Mozilla/5.0 (Windows NT 10.0; Win64; x64; rv:133.0) Gecko/20100101 Firefox/133.0"
178.165.191.42 - - [03/Jan/2025:11:10:21 +0100] "GET /gui/javascript/form_form.js?1735899021 HTTP/1.1" 200 16206 "http://hausegger.activities.at/entry.php?id=10271&&ser=898960" "Mozilla/5.0 (Windows NT 10.0; Win64; x64; rv:133.0) Gecko/20100101 Firefox/133.0"
178.165.191.42 - - [03/Jan/2025:11:11:21 +0100] "GET /entry.php?id=10271&&ser=899021 HTTP/1.1" 200 986 "http://hausegger.activities.at/entry.php?id=10271&&ser=898960" "Mozilla/5.0 (Windows NT 10.0; Win64; x64; rv:133.0) Gecko/20100101 Firefox/133.0"
178.165.191.42 - - [03/Jan/2025:11:11:21 +0100] "GET /gui/javascript/form_form.js?1735899081 HTTP/1.1" 200 16206 "http://hausegger.activities.at/entry.php?id=10271&&ser=899021" "Mozilla/5.0 (Windows NT 10.0; Win64; x64; rv:133.0) Gecko/20100101 Firefox/133.0"
178.165.191.42 - - [03/Jan/2025:11:11:38 +0100] "POST /entry.php?id=10828 HTTP/1.1" 200 9329 "http://hausegger.activities.at/entry.php?id=10828" "Mozilla/5.0 (Windows NT 10.0; Win64; x64; rv:133.0) Gecko/20100101 Firefox/133.0"
178.165.191.42 - - [03/Jan/2025:11:11:38 +0100] "GET /gui/javascript/form_form.js?1735899098 HTTP/1.1" 200 16206 "http://hausegger.activities.at/entry.php?id=10828" "Mozilla/5.0 (Windows NT 10.0; Win64; x64; rv:133.0) Gecko/20100101 Firefox/133.0"
178.165.191.42 - - [03/Jan/2025:11:11:38 +0100] "GET /entry.php?id=10889&document_id=& HTTP/1.1" 200 1508 "http://hausegger.activities.at/entry.php?id=10828" "Mozilla/5.0 (Windows NT 10.0; Win64; x64; rv:133.0) Gecko/20100101 Firefox/133.0"
178.165.191.42 - - [03/Jan/2025:11:11:42 +0100] "GET /entry.php?id=10877&mode=loadSearchCustomer&obj=number&tag=debitor&value=m&ser=1735893749124 HTTP/1.1" 200 389 "http://hausegger.activities.at/entry.php?id=10828" "Mozilla/5.0 (Windows NT 10.0; Win64; x64; rv:133.0) Gecko/20100101 Firefox/133.0"
178.165.191.42 - - [03/Jan/2025:11:11:42 +0100] "GET /entry.php?id=10877&mode=loadSearchCustomer&obj=number&tag=debitor&value=mm&ser=1735893749269 HTTP/1.1" 200 175 "http://hausegger.activities.at/entry.php?id=10828" "Mozilla/5.0 (Windows NT 10.0; Win64; x64; rv:133.0) Gecko/20100101 Firefox/133.0"
178.165.191.42 - - [03/Jan/2025:11:11:42 +0100] "GET /entry.php?id=10877&mode=loadSearchCustomer&obj=number&tag=debitor&value=mm%20&ser=1735893749428 HTTP/1.1" 200 175 "http://hausegger.activities.at/entry.php?id=10828" "Mozilla/5.0 (Windows NT 10.0; Win64; x64; rv:133.0) Gecko/20100101 Firefox/133.0"
178.165.191.42 - - [03/Jan/2025:11:11:44 +0100] "POST /entry.php?id=10889 HTTP/1.1" 200 1752 "http://hausegger.activities.at/entry.php?id=10889&document_id=&" "Mozilla/5.0 (Windows NT 10.0; Win64; x64; rv:133.0) Gecko/20100101 Firefox/133.0"
178.165.191.42 - - [03/Jan/2025:11:11:44 +0100] "GET /gui/javascript/form_form.js?1735899104 HTTP/1.1" 200 16206 "http://hausegger.activities.at/entry.php?id=10889" "Mozilla/5.0 (Windows NT 10.0; Win64; x64; rv:133.0) Gecko/20100101 Firefox/133.0"
178.165.191.42 - - [03/Jan/2025:11:12:05 +0100] "POST /entry.php?id=10828 HTTP/1.1" 200 8742 "http://hausegger.activities.at/entry.php?id=10828" "Mozilla/5.0 (Windows NT 10.0; Win64; x64; rv:133.0) Gecko/20100101 Firefox/133.0"
178.165.191.42 - - [03/Jan/2025:11:12:05 +0100] "GET /gui/javascript/form_form.js?1735899125 HTTP/1.1" 200 16206 "http://hausegger.activities.at/entry.php?id=10828" "Mozilla/5.0 (Windows NT 10.0; Win64; x64; rv:133.0) Gecko/20100101 Firefox/133.0"
178.165.191.42 - - [03/Jan/2025:11:12:05 +0100] "GET /entry.php?id=10889&document_id=10346170& HTTP/1.1" 200 1508 "http://hausegger.activities.at/entry.php?id=10828" "Mozilla/5.0 (Windows NT 10.0; Win64; x64; rv:133.0) Gecko/20100101 Firefox/133.0"
178.165.191.42 - - [03/Jan/2025:11:12:06 +0100] "POST /entry.php?id=10828 HTTP/1.1" 200 4984 "http://hausegger.activities.at/entry.php?id=10828" "Mozilla/5.0 (Windows NT 10.0; Win64; x64; rv:133.0) Gecko/20100101 Firefox/133.0"
178.165.191.42 - - [03/Jan/2025:11:12:06 +0100] "GET /gui/javascript/form_form.js?1735899126 HTTP/1.1" 200 16206 "http://hausegger.activities.at/entry.php?id=10828" "Mozilla/5.0 (Windows NT 10.0; Win64; x64; rv:133.0) Gecko/20100101 Firefox/133.0"
178.165.191.42 - - [03/Jan/2025:11:12:06 +0100] "GET /entry.php?id=10889&document_id=10346170& HTTP/1.1" 200 1509 "http://hausegger.activities.at/entry.php?id=10828" "Mozilla/5.0 (Windows NT 10.0; Win64; x64; rv:133.0) Gecko/20100101 Firefox/133.0"
178.165.191.42 - - [03/Jan/2025:11:12:07 +0100] "GET /gui/javascript/form_form.js?1735899127 HTTP/1.1" 200 16206 "http://hausegger.activities.at/entry.php?id=10889&document_id=10346170&" "Mozilla/5.0 (Windows NT 10.0; Win64; x64; rv:133.0) Gecko/20100101 Firefox/133.0"
178.165.191.42 - - [03/Jan/2025:11:12:12 +0100] "POST /entry.php?id=10828 HTTP/1.1" 200 5006 "http://hausegger.activities.at/entry.php?id=10828" "Mozilla/5.0 (Windows NT 10.0; Win64; x64; rv:133.0) Gecko/20100101 Firefox/133.0"
178.165.191.42 - - [03/Jan/2025:11:12:12 +0100] "GET /gui/javascript/form_form.js?1735899132 HTTP/1.1" 200 16206 "http://hausegger.activities.at/entry.php?id=10828" "Mozilla/5.0 (Windows NT 10.0; Win64; x64; rv:133.0) Gecko/20100101 Firefox/133.0"
178.165.191.42 - - [03/Jan/2025:11:12:12 +0100] "GET /entry.php?id=10889&document_id=10346170& HTTP/1.1" 200 1509 "http://hausegger.activities.at/entry.php?id=10828" "Mozilla/5.0 (Windows NT 10.0; Win64; x64; rv:133.0) Gecko/20100101 Firefox/133.0"
178.165.191.42 - - [03/Jan/2025:11:12:13 +0100] "POST /entry.php?id=10828 HTTP/1.1" 200 4785 "http://hausegger.activities.at/entry.php?id=10828" "Mozilla/5.0 (Windows NT 10.0; Win64; x64; rv:133.0) Gecko/20100101 Firefox/133.0"
178.165.191.42 - - [03/Jan/2025:11:12:13 +0100] "GET /gui/javascript/form_form.js?1735899133 HTTP/1.1" 200 16206 "http://hausegger.activities.at/entry.php?id=10828" "Mozilla/5.0 (Windows NT 10.0; Win64; x64; rv:133.0) Gecko/20100101 Firefox/133.0"
178.165.191.42 - - [03/Jan/2025:11:12:14 +0100] "GET /entry.php?id=10830&&object=10346170&account=&mode=documentdebitor HTTP/1.1" 200 3133 "http://hausegger.activities.at/entry.php?id=10828" "Mozilla/5.0 (Windows NT 10.0; Win64; x64; rv:133.0) Gecko/20100101 Firefox/133.0"
178.165.191.42 - - [03/Jan/2025:11:12:14 +0100] "GET /gui/styles/DocumentPosition.css HTTP/1.1" 304 - "http://hausegger.activities.at/entry.php?id=10830&&object=10346170&account=&mode=documentdebitor" "Mozilla/5.0 (Windows NT 10.0; Win64; x64; rv:133.0) Gecko/20100101 Firefox/133.0"
178.165.191.42 - - [03/Jan/2025:11:12:14 +0100] "GET /gui/javascript/form_bu_job_processing_position.js HTTP/1.1" 304 - "http://hausegger.activities.at/entry.php?id=10830&&object=10346170&account=&mode=documentdebitor" "Mozilla/5.0 (Windows NT 10.0; Win64; x64; rv:133.0) Gecko/20100101 Firefox/133.0"
178.165.191.42 - - [03/Jan/2025:11:12:14 +0100] "GET /gui/javascript/form_form.js?1735899134 HTTP/1.1" 200 16206 "http://hausegger.activities.at/entry.php?id=10830&&object=10346170&account=&mode=documentdebitor" "Mozilla/5.0 (Windows NT 10.0; Win64; x64; rv:133.0) Gecko/20100101 Firefox/133.0"
178.165.191.42 - - [03/Jan/2025:11:12:14 +0100] "GET /gui/images/icons/ajax_loading.gif HTTP/1.1" 304 - "http://hausegger.activities.at/entry.php?id=10830&&object=10346170&account=&mode=documentdebitor" "Mozilla/5.0 (Windows NT 10.0; Win64; x64; rv:133.0) Gecko/20100101 Firefox/133.0"
178.165.191.42 - - [03/Jan/2025:11:12:14 +0100] "GET /gui/images/icons/newrow.gif HTTP/1.1" 304 - "http://hausegger.activities.at/entry.php?id=10830&&object=10346170&account=&mode=documentdebitor" "Mozilla/5.0 (Windows NT 10.0; Win64; x64; rv:133.0) Gecko/20100101 Firefox/133.0"
178.165.191.42 - - [03/Jan/2025:11:12:14 +0100] "GET /entry.php?id=10889&document_id=10346170& HTTP/1.1" 200 1509 "http://hausegger.activities.at/entry.php?id=10828" "Mozilla/5.0 (Windows NT 10.0; Win64; x64; rv:133.0) Gecko/20100101 Firefox/133.0"
178.165.191.42 - - [03/Jan/2025:11:12:15 +0100] "POST /entry.php?id=10889 HTTP/1.1" 200 1581 "http://hausegger.activities.at/entry.php?id=10889&document_id=10346170&" "Mozilla/5.0 (Windows NT 10.0; Win64; x64; rv:133.0) Gecko/20100101 Firefox/133.0"
178.165.191.42 - - [03/Jan/2025:11:12:15 +0100] "GET /gui/javascript/form_form.js?1735899135 HTTP/1.1" 200 16206 "http://hausegger.activities.at/entry.php?id=10889" "Mozilla/5.0 (Windows NT 10.0; Win64; x64; rv:133.0) Gecko/20100101 Firefox/133.0"
178.165.191.42 - - [03/Jan/2025:11:12:21 +0100] "GET /entry.php?id=10271&&ser=899081 HTTP/1.1" 200 987 "http://hausegger.activities.at/entry.php?id=10271&&ser=899021" "Mozilla/5.0 (Windows NT 10.0; Win64; x64; rv:133.0) Gecko/20100101 Firefox/133.0"
178.165.191.42 - - [03/Jan/2025:11:12:22 +0100] "GET /gui/javascript/form_form.js?1735899142 HTTP/1.1" 200 16206 "http://hausegger.activities.at/entry.php?id=10271&&ser=899081" "Mozilla/5.0 (Windows NT 10.0; Win64; x64; rv:133.0) Gecko/20100101 Firefox/133.0"
104.234.115.62 - - [03/Jan/2025:11:12:26 +0100] "\x16\x03\x01" 400 383 "-" "-"
178.165.191.42 - - [03/Jan/2025:11:12:26 +0100] "GET /entry.php?id=10828 HTTP/1.1" 200 9139 "http://hausegger.activities.at/entry.php?id=10270&__app__=10006038" "Mozilla/5.0 (Windows NT 10.0; Win64; x64; rv:133.0) Gecko/20100101 Firefox/133.0"
178.165.191.42 - - [03/Jan/2025:11:12:26 +0100] "GET /gui/javascript/form_form.js?1735899146 HTTP/1.1" 200 16206 "http://hausegger.activities.at/entry.php?id=10828" "Mozilla/5.0 (Windows NT 10.0; Win64; x64; rv:133.0) Gecko/20100101 Firefox/133.0"
178.165.191.42 - - [03/Jan/2025:11:12:27 +0100] "GET /entry.php?id=10889&document_id=& HTTP/1.1" 200 1509 "http://hausegger.activities.at/entry.php?id=10828" "Mozilla/5.0 (Windows NT 10.0; Win64; x64; rv:133.0) Gecko/20100101 Firefox/133.0"
178.165.191.42 - - [03/Jan/2025:11:12:27 +0100] "GET /gui/javascript/form_form.js?1735899147 HTTP/1.1" 200 16206 "http://hausegger.activities.at/entry.php?id=10889&document_id=&" "Mozilla/5.0 (Windows NT 10.0; Win64; x64; rv:133.0) Gecko/20100101 Firefox/133.0"
178.165.191.42 - - [03/Jan/2025:11:12:28 +0100] "GET /entry.php?id=11237&type=10665 HTTP/1.1" 200 276 "http://hausegger.activities.at/entry.php?id=10828" "Mozilla/5.0 (Windows NT 10.0; Win64; x64; rv:133.0) Gecko/20100101 Firefox/133.0"
178.165.191.42 - - [03/Jan/2025:11:12:28 +0100] "GET /entry.php?id=11239&mode=document&form=10665& HTTP/1.1" 200 2016 "http://hausegger.activities.at/entry.php?id=11237&type=10665" "Mozilla/5.0 (Windows NT 10.0; Win64; x64; rv:133.0) Gecko/20100101 Firefox/133.0"
178.165.191.42 - - [03/Jan/2025:11:12:29 +0100] "GET /gui/javascript/form_bu_document_workflow.js?1735899148 HTTP/1.1" 200 4900 "http://hausegger.activities.at/entry.php?id=11239&mode=document&form=10665&" "Mozilla/5.0 (Windows NT 10.0; Win64; x64; rv:133.0) Gecko/20100101 Firefox/133.0"
178.165.191.42 - - [03/Jan/2025:11:12:29 +0100] "GET /gui/javascript/form_form.js?1735899148 HTTP/1.1" 200 16206 "http://hausegger.activities.at/entry.php?id=11239&mode=document&form=10665&" "Mozilla/5.0 (Windows NT 10.0; Win64; x64; rv:133.0) Gecko/20100101 Firefox/133.0"
178.165.191.42 - - [03/Jan/2025:11:12:28 +0100] "GET /entry.php?id=11238&mode=document&form=10665& HTTP/1.1" 200 3304 "http://hausegger.activities.at/entry.php?id=11237&type=10665" "Mozilla/5.0 (Windows NT 10.0; Win64; x64; rv:133.0) Gecko/20100101 Firefox/133.0"
178.165.191.42 - - [03/Jan/2025:11:12:28 +0100] "GET /entry.php?id=10676&&title=Belegsuche HTTP/1.1" 200 1391 "http://hausegger.activities.at/entry.php?id=11237&type=10665" "Mozilla/5.0 (Windows NT 10.0; Win64; x64; rv:133.0) Gecko/20100101 Firefox/133.0"
178.165.191.42 - - [03/Jan/2025:11:12:29 +0100] "GET /gui/javascript/form_bu_document_workflow.js?1735899149 HTTP/1.1" 200 4900 "http://hausegger.activities.at/entry.php?id=11238&mode=document&form=10665&" "Mozilla/5.0 (Windows NT 10.0; Win64; x64; rv:133.0) Gecko/20100101 Firefox/133.0"
178.165.191.42 - - [03/Jan/2025:11:12:29 +0100] "GET /gui/javascript/form_form.js?1735899149 HTTP/1.1" 200 16206 "http://hausegger.activities.at/entry.php?id=11238&mode=document&form=10665&" "Mozilla/5.0 (Windows NT 10.0; Win64; x64; rv:133.0) Gecko/20100101 Firefox/133.0"
178.165.191.42 - - [03/Jan/2025:11:12:29 +0100] "GET /gui/javascript/form_form.js?1735899149 HTTP/1.1" 200 16206 "http://hausegger.activities.at/entry.php?id=10676&&title=Belegsuche" "Mozilla/5.0 (Windows NT 10.0; Win64; x64; rv:133.0) Gecko/20100101 Firefox/133.0"
178.165.191.42 - - [03/Jan/2025:11:12:28 +0100] "GET /entry.php?id=11240&mode=document&form=10665& HTTP/1.1" 200 2666 "http://hausegger.activities.at/entry.php?id=11237&type=10665" "Mozilla/5.0 (Windows NT 10.0; Win64; x64; rv:133.0) Gecko/20100101 Firefox/133.0"
178.165.191.42 - - [03/Jan/2025:11:12:29 +0100] "GET /entry.php?id=10776&form=11066&name=list& HTTP/1.1" 200 1513 "http://hausegger.activities.at/entry.php?id=11240&mode=document&form=10665&" "Mozilla/5.0 (Windows NT 10.0; Win64; x64; rv:133.0) Gecko/20100101 Firefox/133.0"
178.165.191.42 - - [03/Jan/2025:11:12:29 +0100] "GET /entry.php?id=10778&form=11066&name=list& HTTP/1.1" 200 2586 "http://hausegger.activities.at/entry.php?id=11240&mode=document&form=10665&" "Mozilla/5.0 (Windows NT 10.0; Win64; x64; rv:133.0) Gecko/20100101 Firefox/133.0"
178.165.191.42 - - [03/Jan/2025:11:12:29 +0100] "POST /entry.php?id=11240 HTTP/1.1" 200 2672 "http://hausegger.activities.at/entry.php?id=11240&mode=document&form=10665&" "Mozilla/5.0 (Windows NT 10.0; Win64; x64; rv:133.0) Gecko/20100101 Firefox/133.0"
178.165.191.42 - - [03/Jan/2025:11:12:29 +0100] "GET /entry.php?id=10778&form=11066&name=list& HTTP/1.1" 200 2788 "http://hausegger.activities.at/entry.php?id=11240" "Mozilla/5.0 (Windows NT 10.0; Win64; x64; rv:133.0) Gecko/20100101 Firefox/133.0"
178.165.191.42 - - [03/Jan/2025:11:12:29 +0100] "GET /entry.php?id=10776&form=11066&name=list& HTTP/1.1" 200 1513 "http://hausegger.activities.at/entry.php?id=11240" "Mozilla/5.0 (Windows NT 10.0; Win64; x64; rv:133.0) Gecko/20100101 Firefox/133.0"
178.165.191.42 - - [03/Jan/2025:11:13:22 +0100] "GET /entry.php?id=10271&&ser=899142 HTTP/1.1" 200 987 "http://hausegger.activities.at/entry.php?id=10271&&ser=899081" "Mozilla/5.0 (Windows NT 10.0; Win64; x64; rv:133.0) Gecko/20100101 Firefox/133.0"
178.165.191.42 - - [03/Jan/2025:11:13:22 +0100] "GET /gui/javascript/form_form.js?1735899202 HTTP/1.1" 200 16206 "http://hausegger.activities.at/entry.php?id=10271&&ser=899142" "Mozilla/5.0 (Windows NT 10.0; Win64; x64; rv:133.0) Gecko/20100101 Firefox/133.0"
51.158.123.235 - - [03/Jan/2025:11:13:43 +0100] "GET /robots.txt HTTP/1.1" 404 370 "-" "Mozilla/5.0 (compatible; SeekportBot; +https://bot.seekport.com)"
51.158.123.235 - - [03/Jan/2025:11:13:43 +0100] "GET /robots.txt HTTP/1.1" 404 370 "-" "Mozilla/5.0 (compatible; SeekportBot; +https://bot.seekport.com)"
51.158.123.235 - - [03/Jan/2025:11:13:45 +0100] "GET / HTTP/1.1" 200 423 "-" "Mozilla/5.0 (compatible; SeekportBot; +https://bot.seekport.com)"
178.165.191.42 - - [03/Jan/2025:11:14:22 +0100] "GET /entry.php?id=10271&&ser=899202 HTTP/1.1" 200 987 "http://hausegger.activities.at/entry.php?id=10271&&ser=899142" "Mozilla/5.0 (Windows NT 10.0; Win64; x64; rv:133.0) Gecko/20100101 Firefox/133.0"
178.165.191.42 - - [03/Jan/2025:11:14:22 +0100] "GET /gui/javascript/form_form.js?1735899262 HTTP/1.1" 200 16206 "http://hausegger.activities.at/entry.php?id=10271&&ser=899202" "Mozilla/5.0 (Windows NT 10.0; Win64; x64; rv:133.0) Gecko/20100101 Firefox/133.0"
104.234.115.62 - - [03/Jan/2025:11:14:49 +0100] "GET /cgi-bin/login.cgi HTTP/1.1" 404 289 "-" "'Mozilla/5.0 (compatible; GenomeCrawlerd/1.0; https://www.nokia.com/genomecrawler)'"
178.165.191.42 - - [03/Jan/2025:11:15:22 +0100] "GET /entry.php?id=10271&&ser=899262 HTTP/1.1" 200 987 "http://hausegger.activities.at/entry.php?id=10271&&ser=899202" "Mozilla/5.0 (Windows NT 10.0; Win64; x64; rv:133.0) Gecko/20100101 Firefox/133.0"
178.165.191.42 - - [03/Jan/2025:11:15:22 +0100] "GET /gui/javascript/form_form.js?1735899322 HTTP/1.1" 200 16206 "http://hausegger.activities.at/entry.php?id=10271&&ser=899262" "Mozilla/5.0 (Windows NT 10.0; Win64; x64; rv:133.0) Gecko/20100101 Firefox/133.0"
178.165.191.42 - - [03/Jan/2025:11:16:23 +0100] "GET /entry.php?id=10271&&ser=899322 HTTP/1.1" 200 988 "http://hausegger.activities.at/entry.php?id=10271&&ser=899262" "Mozilla/5.0 (Windows NT 10.0; Win64; x64; rv:133.0) Gecko/20100101 Firefox/133.0"
178.165.191.42 - - [03/Jan/2025:11:16:23 +0100] "GET /gui/javascript/form_form.js?1735899383 HTTP/1.1" 200 16206 "http://hausegger.activities.at/entry.php?id=10271&&ser=899322" "Mozilla/5.0 (Windows NT 10.0; Win64; x64; rv:133.0) Gecko/20100101 Firefox/133.0"
178.165.191.42 - - [03/Jan/2025:11:17:26 +0100] "GET /entry.php?id=10271&&ser=899383 HTTP/1.1" 200 987 "http://hausegger.activities.at/entry.php?id=10271&&ser=899322" "Mozilla/5.0 (Windows NT 10.0; Win64; x64; rv:133.0) Gecko/20100101 Firefox/133.0"
178.165.191.42 - - [03/Jan/2025:11:17:26 +0100] "GET /gui/javascript/form_form.js?1735899446 HTTP/1.1" 200 16206 "http://hausegger.activities.at/entry.php?id=10271&&ser=899383" "Mozilla/5.0 (Windows NT 10.0; Win64; x64; rv:133.0) Gecko/20100101 Firefox/133.0"
156.59.198.136 - - [03/Jan/2025:11:17:56 +0100] "GET /renault.activities.at/htdocs/export/xml/data/orders/202006151103_RenOrder.xml HTTP/1.0" 404 329 "-" "Mozilla/5.0 (Linux; Android 5.0) AppleWebKit/537.36 (KHTML, like Gecko) Mobile Safari/537.36 (compatible; Bytespider; spider-feedback@bytedance.com)"
178.165.191.42 - - [03/Jan/2025:11:18:26 +0100] "GET /entry.php?id=10271&&ser=899446 HTTP/1.1" 200 988 "http://hausegger.activities.at/entry.php?id=10271&&ser=899383" "Mozilla/5.0 (Windows NT 10.0; Win64; x64; rv:133.0) Gecko/20100101 Firefox/133.0"
178.165.191.42 - - [03/Jan/2025:11:18:26 +0100] "GET /gui/javascript/form_form.js?1735899506 HTTP/1.1" 200 16206 "http://hausegger.activities.at/entry.php?id=10271&&ser=899446" "Mozilla/5.0 (Windows NT 10.0; Win64; x64; rv:133.0) Gecko/20100101 Firefox/133.0"
104.234.115.62 - - [03/Jan/2025:11:18:28 +0100] "\x16\x03\x01" 400 383 "-" "-"
178.165.191.42 - - [03/Jan/2025:11:19:26 +0100] "GET /entry.php?id=10271&&ser=899506 HTTP/1.1" 200 988 "http://hausegger.activities.at/entry.php?id=10271&&ser=899446" "Mozilla/5.0 (Windows NT 10.0; Win64; x64; rv:133.0) Gecko/20100101 Firefox/133.0"
178.165.191.42 - - [03/Jan/2025:11:19:26 +0100] "GET /gui/javascript/form_form.js?1735899566 HTTP/1.1" 200 16206 "http://hausegger.activities.at/entry.php?id=10271&&ser=899506" "Mozilla/5.0 (Windows NT 10.0; Win64; x64; rv:133.0) Gecko/20100101 Firefox/133.0"
178.165.191.42 - - [03/Jan/2025:11:20:26 +0100] "GET /entry.php?id=10271&&ser=899566 HTTP/1.1" 200 987 "http://hausegger.activities.at/entry.php?id=10271&&ser=899506" "Mozilla/5.0 (Windows NT 10.0; Win64; x64; rv:133.0) Gecko/20100101 Firefox/133.0"
178.165.191.42 - - [03/Jan/2025:11:20:26 +0100] "GET /gui/javascript/form_form.js?1735899626 HTTP/1.1" 200 16206 "http://hausegger.activities.at/entry.php?id=10271&&ser=899566" "Mozilla/5.0 (Windows NT 10.0; Win64; x64; rv:133.0) Gecko/20100101 Firefox/133.0"
104.234.115.62 - - [03/Jan/2025:11:20:54 +0100] "GET /logon.htm HTTP/1.1" 404 283 "-" "'Mozilla/5.0 (compatible; GenomeCrawlerd/1.0; https://www.nokia.com/genomecrawler)'"
178.165.191.42 - - [03/Jan/2025:11:21:27 +0100] "GET /entry.php?id=10271&&ser=899626 HTTP/1.1" 200 987 "http://hausegger.activities.at/entry.php?id=10271&&ser=899566" "Mozilla/5.0 (Windows NT 10.0; Win64; x64; rv:133.0) Gecko/20100101 Firefox/133.0"
178.165.191.42 - - [03/Jan/2025:11:21:27 +0100] "GET /gui/javascript/form_form.js?1735899687 HTTP/1.1" 200 16206 "http://hausegger.activities.at/entry.php?id=10271&&ser=899626" "Mozilla/5.0 (Windows NT 10.0; Win64; x64; rv:133.0) Gecko/20100101 Firefox/133.0"
156.59.198.135 - - [03/Jan/2025:11:21:56 +0100] "GET /renault.activities.at/htdocs/export/xml/data/orders/202105191003_RenOrder.xml HTTP/1.0" 404 328 "-" "Mozilla/5.0 (Linux; Android 5.0) AppleWebKit/537.36 (KHTML, like Gecko) Mobile Safari/537.36 (compatible; Bytespider; spider-feedback@bytedance.com)"
178.165.191.42 - - [03/Jan/2025:11:22:27 +0100] "GET /entry.php?id=10271&&ser=899687 HTTP/1.1" 200 987 "http://hausegger.activities.at/entry.php?id=10271&&ser=899626" "Mozilla/5.0 (Windows NT 10.0; Win64; x64; rv:133.0) Gecko/20100101 Firefox/133.0"
178.165.191.42 - - [03/Jan/2025:11:22:27 +0100] "GET /gui/javascript/form_form.js?1735899747 HTTP/1.1" 200 16206 "http://hausegger.activities.at/entry.php?id=10271&&ser=899687" "Mozilla/5.0 (Windows NT 10.0; Win64; x64; rv:133.0) Gecko/20100101 Firefox/133.0"
178.165.191.42 - - [03/Jan/2025:11:23:27 +0100] "GET /entry.php?id=10271&&ser=899747 HTTP/1.1" 200 987 "http://hausegger.activities.at/entry.php?id=10271&&ser=899687" "Mozilla/5.0 (Windows NT 10.0; Win64; x64; rv:133.0) Gecko/20100101 Firefox/133.0"
178.165.191.42 - - [03/Jan/2025:11:23:27 +0100] "GET /gui/javascript/form_form.js?1735899807 HTTP/1.1" 200 16206 "http://hausegger.activities.at/entry.php?id=10271&&ser=899747" "Mozilla/5.0 (Windows NT 10.0; Win64; x64; rv:133.0) Gecko/20100101 Firefox/133.0"
104.234.115.62 - - [03/Jan/2025:11:24:19 +0100] "\x16\x03\x01" 400 383 "-" "-"
178.165.191.42 - - [03/Jan/2025:11:24:28 +0100] "GET /entry.php?id=10271&&ser=899807 HTTP/1.1" 200 987 "http://hausegger.activities.at/entry.php?id=10271&&ser=899747" "Mozilla/5.0 (Windows NT 10.0; Win64; x64; rv:133.0) Gecko/20100101 Firefox/133.0"
178.165.191.42 - - [03/Jan/2025:11:24:28 +0100] "GET /gui/javascript/form_form.js?1735899868 HTTP/1.1" 200 16206 "http://hausegger.activities.at/entry.php?id=10271&&ser=899807" "Mozilla/5.0 (Windows NT 10.0; Win64; x64; rv:133.0) Gecko/20100101 Firefox/133.0"
178.165.191.42 - - [03/Jan/2025:11:25:28 +0100] "GET /entry.php?id=10271&&ser=899868 HTTP/1.1" 200 988 "http://hausegger.activities.at/entry.php?id=10271&&ser=899807" "Mozilla/5.0 (Windows NT 10.0; Win64; x64; rv:133.0) Gecko/20100101 Firefox/133.0"
178.165.191.42 - - [03/Jan/2025:11:25:28 +0100] "GET /gui/javascript/form_form.js?1735899928 HTTP/1.1" 200 16206 "http://hausegger.activities.at/entry.php?id=10271&&ser=899868" "Mozilla/5.0 (Windows NT 10.0; Win64; x64; rv:133.0) Gecko/20100101 Firefox/133.0"
156.59.198.136 - - [03/Jan/2025:11:25:57 +0100] "GET /renault.2web.at/stats/lang/awstats-cy.txt HTTP/1.0" 404 303 "-" "Mozilla/5.0 (Linux; Android 5.0) AppleWebKit/537.36 (KHTML, like Gecko) Mobile Safari/537.36 (compatible; Bytespider; spider-feedback@bytedance.com)"
178.165.191.42 - - [03/Jan/2025:11:26:28 +0100] "GET /entry.php?id=10271&&ser=899928 HTTP/1.1" 200 987 "http://hausegger.activities.at/entry.php?id=10271&&ser=899868" "Mozilla/5.0 (Windows NT 10.0; Win64; x64; rv:133.0) Gecko/20100101 Firefox/133.0"
178.165.191.42 - - [03/Jan/2025:11:26:28 +0100] "GET /gui/javascript/form_form.js?1735899988 HTTP/1.1" 200 16206 "http://hausegger.activities.at/entry.php?id=10271&&ser=899928" "Mozilla/5.0 (Windows NT 10.0; Win64; x64; rv:133.0) Gecko/20100101 Firefox/133.0"
104.234.115.62 - - [03/Jan/2025:11:26:49 +0100] "GET /login.jsp HTTP/1.1" 404 284 "-" "'Mozilla/5.0 (compatible; GenomeCrawlerd/1.0; https://www.nokia.com/genomecrawler)'"
