178.165.191.42 - - [03/Jan/2025:11:27:28 +0100] "GET /entry.php?id=10271&&ser=899988 HTTP/1.1" 200 987 "http://hausegger.activities.at/entry.php?id=10271&&ser=899928" "Mozilla/5.0 (Windows NT 10.0; Win64; x64; rv:133.0) Gecko/20100101 Firefox/133.0"
178.165.191.42 - - [03/Jan/2025:11:27:29 +0100] "GET /gui/javascript/form_form.js?1735900048 HTTP/1.1" 200 16206 "http://hausegger.activities.at/entry.php?id=10271&&ser=899988" "Mozilla/5.0 (Windows NT 10.0; Win64; x64; rv:133.0) Gecko/20100101 Firefox/133.0"
178.165.191.42 - - [03/Jan/2025:11:28:29 +0100] "GET /entry.php?id=10271&&ser=900048 HTTP/1.1" 200 987 "http://hausegger.activities.at/entry.php?id=10271&&ser=899988" "Mozilla/5.0 (Windows NT 10.0; Win64; x64; rv:133.0) Gecko/20100101 Firefox/133.0"
178.165.191.42 - - [03/Jan/2025:11:28:29 +0100] "GET /gui/javascript/form_form.js?1735900109 HTTP/1.1" 200 16206 "http://hausegger.activities.at/entry.php?id=10271&&ser=900048" "Mozilla/5.0 (Windows NT 10.0; Win64; x64; rv:133.0) Gecko/20100101 Firefox/133.0"
178.165.191.42 - - [03/Jan/2025:11:29:29 +0100] "GET /entry.php?id=10271&&ser=900109 HTTP/1.1" 200 987 "http://hausegger.activities.at/entry.php?id=10271&&ser=900048" "Mozilla/5.0 (Windows NT 10.0; Win64; x64; rv:133.0) Gecko/20100101 Firefox/133.0"
178.165.191.42 - - [03/Jan/2025:11:29:29 +0100] "GET /gui/javascript/form_form.js?1735900169 HTTP/1.1" 200 16206 "http://hausegger.activities.at/entry.php?id=10271&&ser=900109" "Mozilla/5.0 (Windows NT 10.0; Win64; x64; rv:133.0) Gecko/20100101 Firefox/133.0"
178.165.191.42 - - [03/Jan/2025:11:30:29 +0100] "GET /entry.php?id=10271&&ser=900169 HTTP/1.1" 200 987 "http://hausegger.activities.at/entry.php?id=10271&&ser=900109" "Mozilla/5.0 (Windows NT 10.0; Win64; x64; rv:133.0) Gecko/20100101 Firefox/133.0"
178.165.191.42 - - [03/Jan/2025:11:30:29 +0100] "GET /gui/javascript/form_form.js?1735900229 HTTP/1.1" 200 16206 "http://hausegger.activities.at/entry.php?id=10271&&ser=900169" "Mozilla/5.0 (Windows NT 10.0; Win64; x64; rv:133.0) Gecko/20100101 Firefox/133.0"
104.234.115.62 - - [03/Jan/2025:11:30:42 +0100] "\x16\x03\x01" 400 383 "-" "-"
178.165.191.42 - - [03/Jan/2025:11:31:30 +0100] "GET /entry.php?id=10271&&ser=900229 HTTP/1.1" 200 986 "http://hausegger.activities.at/entry.php?id=10271&&ser=900169" "Mozilla/5.0 (Windows NT 10.0; Win64; x64; rv:133.0) Gecko/20100101 Firefox/133.0"
178.165.191.42 - - [03/Jan/2025:11:31:30 +0100] "GET /gui/javascript/form_form.js?1735900290 HTTP/1.1" 200 16206 "http://hausegger.activities.at/entry.php?id=10271&&ser=900229" "Mozilla/5.0 (Windows NT 10.0; Win64; x64; rv:133.0) Gecko/20100101 Firefox/133.0"
178.165.191.42 - - [03/Jan/2025:11:32:30 +0100] "GET /entry.php?id=10271&&ser=900290 HTTP/1.1" 200 987 "http://hausegger.activities.at/entry.php?id=10271&&ser=900229" "Mozilla/5.0 (Windows NT 10.0; Win64; x64; rv:133.0) Gecko/20100101 Firefox/133.0"
178.165.191.42 - - [03/Jan/2025:11:32:30 +0100] "GET /gui/javascript/form_form.js?1735900350 HTTP/1.1" 200 16206 "http://hausegger.activities.at/entry.php?id=10271&&ser=900290" "Mozilla/5.0 (Windows NT 10.0; Win64; x64; rv:133.0) Gecko/20100101 Firefox/133.0"
104.234.115.62 - - [03/Jan/2025:11:33:07 +0100] "GET /doc/index.html HTTP/1.1" 404 286 "-" "'Mozilla/5.0 (compatible; GenomeCrawlerd/1.0; https://www.nokia.com/genomecrawler)'"
178.165.191.42 - - [03/Jan/2025:11:33:30 +0100] "GET /entry.php?id=10271&&ser=900350 HTTP/1.1" 200 987 "http://hausegger.activities.at/entry.php?id=10271&&ser=900290" "Mozilla/5.0 (Windows NT 10.0; Win64; x64; rv:133.0) Gecko/20100101 Firefox/133.0"
178.165.191.42 - - [03/Jan/2025:11:33:30 +0100] "GET /gui/javascript/form_form.js?1735900410 HTTP/1.1" 200 16206 "http://hausegger.activities.at/entry.php?id=10271&&ser=900350" "Mozilla/5.0 (Windows NT 10.0; Win64; x64; rv:133.0) Gecko/20100101 Firefox/133.0"
178.165.191.42 - - [03/Jan/2025:11:34:30 +0100] "GET /entry.php?id=10271&&ser=900410 HTTP/1.1" 200 987 "http://hausegger.activities.at/entry.php?id=10271&&ser=900350" "Mozilla/5.0 (Windows NT 10.0; Win64; x64; rv:133.0) Gecko/20100101 Firefox/133.0"
178.165.191.42 - - [03/Jan/2025:11:34:31 +0100] "GET /gui/javascript/form_form.js?1735900470 HTTP/1.1" 200 16206 "http://hausegger.activities.at/entry.php?id=10271&&ser=900410" "Mozilla/5.0 (Windows NT 10.0; Win64; x64; rv:133.0) Gecko/20100101 Firefox/133.0"
178.165.191.42 - - [03/Jan/2025:11:35:31 +0100] "GET /entry.php?id=10271&&ser=900470 HTTP/1.1" 200 986 "http://hausegger.activities.at/entry.php?id=10271&&ser=900410" "Mozilla/5.0 (Windows NT 10.0; Win64; x64; rv:133.0) Gecko/20100101 Firefox/133.0"
178.165.191.42 - - [03/Jan/2025:11:35:31 +0100] "GET /gui/javascript/form_form.js?1735900531 HTTP/1.1" 200 16206 "http://hausegger.activities.at/entry.php?id=10271&&ser=900470" "Mozilla/5.0 (Windows NT 10.0; Win64; x64; rv:133.0) Gecko/20100101 Firefox/133.0"
178.165.191.42 - - [03/Jan/2025:11:36:31 +0100] "GET /entry.php?id=10271&&ser=900531 HTTP/1.1" 200 986 "http://hausegger.activities.at/entry.php?id=10271&&ser=900470" "Mozilla/5.0 (Windows NT 10.0; Win64; x64; rv:133.0) Gecko/20100101 Firefox/133.0"
178.165.191.42 - - [03/Jan/2025:11:36:31 +0100] "GET /gui/javascript/form_form.js?1735900591 HTTP/1.1" 200 16206 "http://hausegger.activities.at/entry.php?id=10271&&ser=900531" "Mozilla/5.0 (Windows NT 10.0; Win64; x64; rv:133.0) Gecko/20100101 Firefox/133.0"
104.234.115.62 - - [03/Jan/2025:11:36:36 +0100] "\x16\x03\x01" 400 383 "-" "-"
178.165.191.42 - - [03/Jan/2025:11:37:31 +0100] "GET /entry.php?id=10271&&ser=900591 HTTP/1.1" 200 986 "http://hausegger.activities.at/entry.php?id=10271&&ser=900531" "Mozilla/5.0 (Windows NT 10.0; Win64; x64; rv:133.0) Gecko/20100101 Firefox/133.0"
178.165.191.42 - - [03/Jan/2025:11:37:31 +0100] "GET /gui/javascript/form_form.js?1735900651 HTTP/1.1" 200 16206 "http://hausegger.activities.at/entry.php?id=10271&&ser=900591" "Mozilla/5.0 (Windows NT 10.0; Win64; x64; rv:133.0) Gecko/20100101 Firefox/133.0"
178.165.191.42 - - [03/Jan/2025:11:38:32 +0100] "GET /entry.php?id=10271&&ser=900651 HTTP/1.1" 200 987 "http://hausegger.activities.at/entry.php?id=10271&&ser=900591" "Mozilla/5.0 (Windows NT 10.0; Win64; x64; rv:133.0) Gecko/20100101 Firefox/133.0"
178.165.191.42 - - [03/Jan/2025:11:38:32 +0100] "GET /gui/javascript/form_form.js?1735900712 HTTP/1.1" 200 16206 "http://hausegger.activities.at/entry.php?id=10271&&ser=900651" "Mozilla/5.0 (Windows NT 10.0; Win64; x64; rv:133.0) Gecko/20100101 Firefox/133.0"
104.234.115.62 - - [03/Jan/2025:11:39:08 +0100] "GET /remote/login HTTP/1.1" 404 285 "-" "'Mozilla/5.0 (compatible; GenomeCrawlerd/1.0; https://www.nokia.com/genomecrawler)'"
156.59.198.136 - - [03/Jan/2025:11:39:22 +0100] "GET /docs/contadino/2018/RECHNUNG/RE18-00015.pdf HTTP/1.0" 404 308 "-" "Mozilla/5.0 (Linux; Android 5.0) AppleWebKit/537.36 (KHTML, like Gecko) Mobile Safari/537.36 (compatible; Bytespider; spider-feedback@bytedance.com)"
178.165.191.42 - - [03/Jan/2025:11:39:32 +0100] "GET /entry.php?id=10271&&ser=900712 HTTP/1.1" 200 987 "http://hausegger.activities.at/entry.php?id=10271&&ser=900651" "Mozilla/5.0 (Windows NT 10.0; Win64; x64; rv:133.0) Gecko/20100101 Firefox/133.0"
178.165.191.42 - - [03/Jan/2025:11:39:32 +0100] "GET /gui/javascript/form_form.js?1735900772 HTTP/1.1" 200 16206 "http://hausegger.activities.at/entry.php?id=10271&&ser=900712" "Mozilla/5.0 (Windows NT 10.0; Win64; x64; rv:133.0) Gecko/20100101 Firefox/133.0"
178.165.191.42 - - [03/Jan/2025:11:40:32 +0100] "GET /entry.php?id=10271&&ser=900772 HTTP/1.1" 200 987 "http://hausegger.activities.at/entry.php?id=10271&&ser=900712" "Mozilla/5.0 (Windows NT 10.0; Win64; x64; rv:133.0) Gecko/20100101 Firefox/133.0"
178.165.191.42 - - [03/Jan/2025:11:40:32 +0100] "GET /gui/javascript/form_form.js?1735900832 HTTP/1.1" 200 16206 "http://hausegger.activities.at/entry.php?id=10271&&ser=900772" "Mozilla/5.0 (Windows NT 10.0; Win64; x64; rv:133.0) Gecko/20100101 Firefox/133.0"
178.165.191.42 - - [03/Jan/2025:11:41:37 +0100] "GET /entry.php?id=10271&&ser=900832 HTTP/1.1" 200 987 "http://hausegger.activities.at/entry.php?id=10271&&ser=900772" "Mozilla/5.0 (Windows NT 10.0; Win64; x64; rv:133.0) Gecko/20100101 Firefox/133.0"
178.165.191.42 - - [03/Jan/2025:11:41:38 +0100] "GET /gui/javascript/form_form.js?1735900897 HTTP/1.1" 200 16206 "http://hausegger.activities.at/entry.php?id=10271&&ser=900832" "Mozilla/5.0 (Windows NT 10.0; Win64; x64; rv:133.0) Gecko/20100101 Firefox/133.0"
178.165.191.42 - - [03/Jan/2025:11:42:38 +0100] "GET /entry.php?id=10271&&ser=900897 HTTP/1.1" 200 988 "http://hausegger.activities.at/entry.php?id=10271&&ser=900832" "Mozilla/5.0 (Windows NT 10.0; Win64; x64; rv:133.0) Gecko/20100101 Firefox/133.0"
178.165.191.42 - - [03/Jan/2025:11:42:38 +0100] "GET /gui/javascript/form_form.js?1735900958 HTTP/1.1" 200 16206 "http://hausegger.activities.at/entry.php?id=10271&&ser=900897" "Mozilla/5.0 (Windows NT 10.0; Win64; x64; rv:133.0) Gecko/20100101 Firefox/133.0"
104.234.115.62 - - [03/Jan/2025:11:43:24 +0100] "\x16\x03\x01" 400 383 "-" "-"
178.165.191.42 - - [03/Jan/2025:11:43:38 +0100] "GET /entry.php?id=10271&&ser=900958 HTTP/1.1" 200 986 "http://hausegger.activities.at/entry.php?id=10271&&ser=900897" "Mozilla/5.0 (Windows NT 10.0; Win64; x64; rv:133.0) Gecko/20100101 Firefox/133.0"
178.165.191.42 - - [03/Jan/2025:11:43:38 +0100] "GET /gui/javascript/form_form.js?1735901018 HTTP/1.1" 200 16206 "http://hausegger.activities.at/entry.php?id=10271&&ser=900958" "Mozilla/5.0 (Windows NT 10.0; Win64; x64; rv:133.0) Gecko/20100101 Firefox/133.0"
178.165.191.42 - - [03/Jan/2025:11:44:38 +0100] "GET /entry.php?id=10271&&ser=901018 HTTP/1.1" 200 987 "http://hausegger.activities.at/entry.php?id=10271&&ser=900958" "Mozilla/5.0 (Windows NT 10.0; Win64; x64; rv:133.0) Gecko/20100101 Firefox/133.0"
178.165.191.42 - - [03/Jan/2025:11:44:38 +0100] "GET /gui/javascript/form_form.js?1735901078 HTTP/1.1" 200 16206 "http://hausegger.activities.at/entry.php?id=10271&&ser=901018" "Mozilla/5.0 (Windows NT 10.0; Win64; x64; rv:133.0) Gecko/20100101 Firefox/133.0"
178.165.191.42 - - [03/Jan/2025:11:45:39 +0100] "GET /entry.php?id=10271&&ser=901078 HTTP/1.1" 200 987 "http://hausegger.activities.at/entry.php?id=10271&&ser=901018" "Mozilla/5.0 (Windows NT 10.0; Win64; x64; rv:133.0) Gecko/20100101 Firefox/133.0"
178.165.191.42 - - [03/Jan/2025:11:45:39 +0100] "GET /gui/javascript/form_form.js?1735901139 HTTP/1.1" 200 16206 "http://hausegger.activities.at/entry.php?id=10271&&ser=901078" "Mozilla/5.0 (Windows NT 10.0; Win64; x64; rv:133.0) Gecko/20100101 Firefox/133.0"
104.234.115.62 - - [03/Jan/2025:11:45:58 +0100] "GET / HTTP/1.1" 200 274 "-" "'Mozilla/5.0 (compatible; GenomeCrawlerd/1.0; https://www.nokia.com/genomecrawler)'"
178.165.191.42 - - [03/Jan/2025:11:46:39 +0100] "GET /entry.php?id=10271&&ser=901139 HTTP/1.1" 200 987 "http://hausegger.activities.at/entry.php?id=10271&&ser=901078" "Mozilla/5.0 (Windows NT 10.0; Win64; x64; rv:133.0) Gecko/20100101 Firefox/133.0"
178.165.191.42 - - [03/Jan/2025:11:46:39 +0100] "GET /gui/javascript/form_form.js?1735901199 HTTP/1.1" 200 16206 "http://hausegger.activities.at/entry.php?id=10271&&ser=901139" "Mozilla/5.0 (Windows NT 10.0; Win64; x64; rv:133.0) Gecko/20100101 Firefox/133.0"
178.165.191.42 - - [03/Jan/2025:11:47:39 +0100] "GET /entry.php?id=10271&&ser=901199 HTTP/1.1" 200 988 "http://hausegger.activities.at/entry.php?id=10271&&ser=901139" "Mozilla/5.0 (Windows NT 10.0; Win64; x64; rv:133.0) Gecko/20100101 Firefox/133.0"
178.165.191.42 - - [03/Jan/2025:11:47:39 +0100] "GET /gui/javascript/form_form.js?1735901259 HTTP/1.1" 200 16206 "http://hausegger.activities.at/entry.php?id=10271&&ser=901199" "Mozilla/5.0 (Windows NT 10.0; Win64; x64; rv:133.0) Gecko/20100101 Firefox/133.0"
156.59.198.136 - - [03/Jan/2025:11:48:00 +0100] "GET /docs/contadino/2017/GS17-000002.pdf HTTP/1.0" 404 301 "-" "Mozilla/5.0 (Linux; Android 5.0) AppleWebKit/537.36 (KHTML, like Gecko) Mobile Safari/537.36 (compatible; Bytespider; spider-feedback@bytedance.com)"
178.165.191.42 - - [03/Jan/2025:11:48:40 +0100] "GET /entry.php?id=10271&&ser=901259 HTTP/1.1" 200 987 "http://hausegger.activities.at/entry.php?id=10271&&ser=901199" "Mozilla/5.0 (Windows NT 10.0; Win64; x64; rv:133.0) Gecko/20100101 Firefox/133.0"
178.165.191.42 - - [03/Jan/2025:11:48:40 +0100] "GET /gui/javascript/form_form.js?1735901320 HTTP/1.1" 200 16206 "http://hausegger.activities.at/entry.php?id=10271&&ser=901259" "Mozilla/5.0 (Windows NT 10.0; Win64; x64; rv:133.0) Gecko/20100101 Firefox/133.0"
178.165.191.42 - - [03/Jan/2025:11:49:40 +0100] "GET /entry.php?id=10271&&ser=901320 HTTP/1.1" 200 987 "http://hausegger.activities.at/entry.php?id=10271&&ser=901259" "Mozilla/5.0 (Windows NT 10.0; Win64; x64; rv:133.0) Gecko/20100101 Firefox/133.0"
178.165.191.42 - - [03/Jan/2025:11:49:40 +0100] "GET /gui/javascript/form_form.js?1735901380 HTTP/1.1" 200 16206 "http://hausegger.activities.at/entry.php?id=10271&&ser=901320" "Mozilla/5.0 (Windows NT 10.0; Win64; x64; rv:133.0) Gecko/20100101 Firefox/133.0"
178.165.191.42 - - [03/Jan/2025:11:50:40 +0100] "GET /entry.php?id=10271&&ser=901380 HTTP/1.1" 200 987 "http://hausegger.activities.at/entry.php?id=10271&&ser=901320" "Mozilla/5.0 (Windows NT 10.0; Win64; x64; rv:133.0) Gecko/20100101 Firefox/133.0"
178.165.191.42 - - [03/Jan/2025:11:50:40 +0100] "GET /gui/javascript/form_form.js?1735901440 HTTP/1.1" 200 16206 "http://hausegger.activities.at/entry.php?id=10271&&ser=901380" "Mozilla/5.0 (Windows NT 10.0; Win64; x64; rv:133.0) Gecko/20100101 Firefox/133.0"
178.165.191.42 - - [03/Jan/2025:11:51:40 +0100] "GET /entry.php?id=10271&&ser=901440 HTTP/1.1" 200 987 "http://hausegger.activities.at/entry.php?id=10271&&ser=901380" "Mozilla/5.0 (Windows NT 10.0; Win64; x64; rv:133.0) Gecko/20100101 Firefox/133.0"
178.165.191.42 - - [03/Jan/2025:11:51:41 +0100] "GET /gui/javascript/form_form.js?1735901501 HTTP/1.1" 200 16206 "http://hausegger.activities.at/entry.php?id=10271&&ser=901440" "Mozilla/5.0 (Windows NT 10.0; Win64; x64; rv:133.0) Gecko/20100101 Firefox/133.0"
178.165.191.42 - - [03/Jan/2025:11:52:41 +0100] "GET /entry.php?id=10271&&ser=901501 HTTP/1.1" 200 987 "http://hausegger.activities.at/entry.php?id=10271&&ser=901440" "Mozilla/5.0 (Windows NT 10.0; Win64; x64; rv:133.0) Gecko/20100101 Firefox/133.0"
178.165.191.42 - - [03/Jan/2025:11:52:41 +0100] "GET /gui/javascript/form_form.js?1735901561 HTTP/1.1" 200 16206 "http://hausegger.activities.at/entry.php?id=10271&&ser=901501" "Mozilla/5.0 (Windows NT 10.0; Win64; x64; rv:133.0) Gecko/20100101 Firefox/133.0"
178.79.137.112 - - [03/Jan/2025:11:53:40 +0100] "GET / HTTP/1.1" 200 274 "-" "Mozilla/5.0 (Windows NT 6.1; WOW64; rv:8.0) Gecko/20100101 Firefox/8.0"
178.79.137.112 - - [03/Jan/2025:11:53:40 +0100] "\x16\x03\x01" 400 383 "-" "-"
178.79.137.112 - - [03/Jan/2025:11:53:40 +0100] "\x16\x03\x01" 400 383 "-" "-"
178.79.137.112 - - [03/Jan/2025:11:53:40 +0100] "\x16\x03\x01" 400 383 "-" "-"
178.165.191.42 - - [03/Jan/2025:11:53:41 +0100] "GET /entry.php?id=10271&&ser=901561 HTTP/1.1" 200 987 "http://hausegger.activities.at/entry.php?id=10271&&ser=901501" "Mozilla/5.0 (Windows NT 10.0; Win64; x64; rv:133.0) Gecko/20100101 Firefox/133.0"
178.165.191.42 - - [03/Jan/2025:11:53:41 +0100] "GET /gui/javascript/form_form.js?1735901621 HTTP/1.1" 200 16206 "http://hausegger.activities.at/entry.php?id=10271&&ser=901561" "Mozilla/5.0 (Windows NT 10.0; Win64; x64; rv:133.0) Gecko/20100101 Firefox/133.0"
178.165.191.42 - - [03/Jan/2025:11:54:41 +0100] "GET /entry.php?id=10271&&ser=901621 HTTP/1.1" 200 986 "http://hausegger.activities.at/entry.php?id=10271&&ser=901561" "Mozilla/5.0 (Windows NT 10.0; Win64; x64; rv:133.0) Gecko/20100101 Firefox/133.0"
178.165.191.42 - - [03/Jan/2025:11:54:41 +0100] "GET /gui/javascript/form_form.js?1735901681 HTTP/1.1" 200 16206 "http://hausegger.activities.at/entry.php?id=10271&&ser=901621" "Mozilla/5.0 (Windows NT 10.0; Win64; x64; rv:133.0) Gecko/20100101 Firefox/133.0"
178.165.191.42 - - [03/Jan/2025:11:55:42 +0100] "GET /entry.php?id=10271&&ser=901681 HTTP/1.1" 200 987 "http://hausegger.activities.at/entry.php?id=10271&&ser=901621" "Mozilla/5.0 (Windows NT 10.0; Win64; x64; rv:133.0) Gecko/20100101 Firefox/133.0"
178.165.191.42 - - [03/Jan/2025:11:55:42 +0100] "GET /gui/javascript/form_form.js?1735901742 HTTP/1.1" 200 16206 "http://hausegger.activities.at/entry.php?id=10271&&ser=901681" "Mozilla/5.0 (Windows NT 10.0; Win64; x64; rv:133.0) Gecko/20100101 Firefox/133.0"
178.165.191.42 - - [03/Jan/2025:11:56:42 +0100] "GET /entry.php?id=10271&&ser=901742 HTTP/1.1" 200 986 "http://hausegger.activities.at/entry.php?id=10271&&ser=901681" "Mozilla/5.0 (Windows NT 10.0; Win64; x64; rv:133.0) Gecko/20100101 Firefox/133.0"
178.165.191.42 - - [03/Jan/2025:11:56:42 +0100] "GET /gui/javascript/form_form.js?1735901802 HTTP/1.1" 200 16206 "http://hausegger.activities.at/entry.php?id=10271&&ser=901742" "Mozilla/5.0 (Windows NT 10.0; Win64; x64; rv:133.0) Gecko/20100101 Firefox/133.0"
156.59.198.135 - - [03/Jan/2025:11:56:48 +0100] "GET /renault.activities.at/htdocs/export/xml/data/orders/202103100803_RenOrder.xml HTTP/1.0" 404 329 "-" "Mozilla/5.0 (Linux; Android 5.0) AppleWebKit/537.36 (KHTML, like Gecko) Mobile Safari/537.36 (compatible; Bytespider; spider-feedback@bytedance.com)"
178.165.191.42 - - [03/Jan/2025:11:57:42 +0100] "GET /entry.php?id=10271&&ser=901802 HTTP/1.1" 200 986 "http://hausegger.activities.at/entry.php?id=10271&&ser=901742" "Mozilla/5.0 (Windows NT 10.0; Win64; x64; rv:133.0) Gecko/20100101 Firefox/133.0"
178.165.191.42 - - [03/Jan/2025:11:57:42 +0100] "GET /gui/javascript/form_form.js?1735901862 HTTP/1.1" 200 16206 "http://hausegger.activities.at/entry.php?id=10271&&ser=901802" "Mozilla/5.0 (Windows NT 10.0; Win64; x64; rv:133.0) Gecko/20100101 Firefox/133.0"
178.165.191.42 - - [03/Jan/2025:11:58:42 +0100] "GET /entry.php?id=10271&&ser=901862 HTTP/1.1" 200 987 "http://hausegger.activities.at/entry.php?id=10271&&ser=901802" "Mozilla/5.0 (Windows NT 10.0; Win64; x64; rv:133.0) Gecko/20100101 Firefox/133.0"
178.165.191.42 - - [03/Jan/2025:11:58:43 +0100] "GET /gui/javascript/form_form.js?1735901923 HTTP/1.1" 200 16206 "http://hausegger.activities.at/entry.php?id=10271&&ser=901862" "Mozilla/5.0 (Windows NT 10.0; Win64; x64; rv:133.0) Gecko/20100101 Firefox/133.0"
178.165.191.42 - - [03/Jan/2025:11:59:43 +0100] "GET /entry.php?id=10271&&ser=901923 HTTP/1.1" 200 987 "http://hausegger.activities.at/entry.php?id=10271&&ser=901862" "Mozilla/5.0 (Windows NT 10.0; Win64; x64; rv:133.0) Gecko/20100101 Firefox/133.0"
178.165.191.42 - - [03/Jan/2025:11:59:43 +0100] "GET /gui/javascript/form_form.js?1735901983 HTTP/1.1" 200 16206 "http://hausegger.activities.at/entry.php?id=10271&&ser=901923" "Mozilla/5.0 (Windows NT 10.0; Win64; x64; rv:133.0) Gecko/20100101 Firefox/133.0"
178.165.191.42 - - [03/Jan/2025:12:00:43 +0100] "GET /entry.php?id=10271&&ser=901983 HTTP/1.1" 200 987 "http://hausegger.activities.at/entry.php?id=10271&&ser=901923" "Mozilla/5.0 (Windows NT 10.0; Win64; x64; rv:133.0) Gecko/20100101 Firefox/133.0"
178.165.191.42 - - [03/Jan/2025:12:00:43 +0100] "GET /gui/javascript/form_form.js?1735902043 HTTP/1.1" 200 16206 "http://hausegger.activities.at/entry.php?id=10271&&ser=901983" "Mozilla/5.0 (Windows NT 10.0; Win64; x64; rv:133.0) Gecko/20100101 Firefox/133.0"
156.59.198.135 - - [03/Jan/2025:12:00:48 +0100] "GET /docs/contadino/2018/RECHNUNG/RE18-00018.pdf HTTP/1.0" 404 308 "-" "Mozilla/5.0 (Linux; Android 5.0) AppleWebKit/537.36 (KHTML, like Gecko) Mobile Safari/537.36 (compatible; Bytespider; spider-feedback@bytedance.com)"
178.165.191.42 - - [03/Jan/2025:12:01:43 +0100] "GET /entry.php?id=10271&&ser=902043 HTTP/1.1" 200 987 "http://hausegger.activities.at/entry.php?id=10271&&ser=901983" "Mozilla/5.0 (Windows NT 10.0; Win64; x64; rv:133.0) Gecko/20100101 Firefox/133.0"
178.165.191.42 - - [03/Jan/2025:12:01:44 +0100] "GET /gui/javascript/form_form.js?1735902103 HTTP/1.1" 200 16206 "http://hausegger.activities.at/entry.php?id=10271&&ser=902043" "Mozilla/5.0 (Windows NT 10.0; Win64; x64; rv:133.0) Gecko/20100101 Firefox/133.0"
178.165.191.42 - - [03/Jan/2025:12:02:44 +0100] "GET /entry.php?id=10271&&ser=902103 HTTP/1.1" 200 987 "http://hausegger.activities.at/entry.php?id=10271&&ser=902043" "Mozilla/5.0 (Windows NT 10.0; Win64; x64; rv:133.0) Gecko/20100101 Firefox/133.0"
178.165.191.42 - - [03/Jan/2025:12:02:44 +0100] "GET /gui/javascript/form_form.js?1735902164 HTTP/1.1" 200 16206 "http://hausegger.activities.at/entry.php?id=10271&&ser=902103" "Mozilla/5.0 (Windows NT 10.0; Win64; x64; rv:133.0) Gecko/20100101 Firefox/133.0"
178.165.191.42 - - [03/Jan/2025:12:03:44 +0100] "GET /entry.php?id=10271&&ser=902164 HTTP/1.1" 200 987 "http://hausegger.activities.at/entry.php?id=10271&&ser=902103" "Mozilla/5.0 (Windows NT 10.0; Win64; x64; rv:133.0) Gecko/20100101 Firefox/133.0"
178.165.191.42 - - [03/Jan/2025:12:03:44 +0100] "GET /gui/javascript/form_form.js?1735902224 HTTP/1.1" 200 16206 "http://hausegger.activities.at/entry.php?id=10271&&ser=902164" "Mozilla/5.0 (Windows NT 10.0; Win64; x64; rv:133.0) Gecko/20100101 Firefox/133.0"
178.165.191.42 - - [03/Jan/2025:12:04:44 +0100] "GET /entry.php?id=10271&&ser=902224 HTTP/1.1" 200 987 "http://hausegger.activities.at/entry.php?id=10271&&ser=902164" "Mozilla/5.0 (Windows NT 10.0; Win64; x64; rv:133.0) Gecko/20100101 Firefox/133.0"
178.165.191.42 - - [03/Jan/2025:12:04:44 +0100] "GET /gui/javascript/form_form.js?1735902284 HTTP/1.1" 200 16206 "http://hausegger.activities.at/entry.php?id=10271&&ser=902224" "Mozilla/5.0 (Windows NT 10.0; Win64; x64; rv:133.0) Gecko/20100101 Firefox/133.0"
178.165.191.42 - - [03/Jan/2025:12:05:45 +0100] "GET /entry.php?id=10271&&ser=902284 HTTP/1.1" 200 988 "http://hausegger.activities.at/entry.php?id=10271&&ser=902224" "Mozilla/5.0 (Windows NT 10.0; Win64; x64; rv:133.0) Gecko/20100101 Firefox/133.0"
178.165.191.42 - - [03/Jan/2025:12:05:45 +0100] "GET /gui/javascript/form_form.js?1735902345 HTTP/1.1" 200 16206 "http://hausegger.activities.at/entry.php?id=10271&&ser=902284" "Mozilla/5.0 (Windows NT 10.0; Win64; x64; rv:133.0) Gecko/20100101 Firefox/133.0"
156.59.198.135 - - [03/Jan/2025:12:06:44 +0100] "GET /renault.2web.at/stats/lang/awstats-ba.txt HTTP/1.0" 404 303 "-" "Mozilla/5.0 (Linux; Android 5.0) AppleWebKit/537.36 (KHTML, like Gecko) Mobile Safari/537.36 (compatible; Bytespider; spider-feedback@bytedance.com)"
178.165.191.42 - - [03/Jan/2025:12:06:45 +0100] "GET /entry.php?id=10271&&ser=902345 HTTP/1.1" 200 988 "http://hausegger.activities.at/entry.php?id=10271&&ser=902284" "Mozilla/5.0 (Windows NT 10.0; Win64; x64; rv:133.0) Gecko/20100101 Firefox/133.0"
178.165.191.42 - - [03/Jan/2025:12:06:45 +0100] "GET /gui/javascript/form_form.js?1735902405 HTTP/1.1" 200 16206 "http://hausegger.activities.at/entry.php?id=10271&&ser=902345" "Mozilla/5.0 (Windows NT 10.0; Win64; x64; rv:133.0) Gecko/20100101 Firefox/133.0"
178.165.191.42 - - [03/Jan/2025:12:07:45 +0100] "GET /entry.php?id=10271&&ser=902405 HTTP/1.1" 200 988 "http://hausegger.activities.at/entry.php?id=10271&&ser=902345" "Mozilla/5.0 (Windows NT 10.0; Win64; x64; rv:133.0) Gecko/20100101 Firefox/133.0"
178.165.191.42 - - [03/Jan/2025:12:07:45 +0100] "GET /gui/javascript/form_form.js?1735902465 HTTP/1.1" 200 16206 "http://hausegger.activities.at/entry.php?id=10271&&ser=902405" "Mozilla/5.0 (Windows NT 10.0; Win64; x64; rv:133.0) Gecko/20100101 Firefox/133.0"
178.165.191.42 - - [03/Jan/2025:12:08:45 +0100] "GET /entry.php?id=10271&&ser=902465 HTTP/1.1" 200 987 "http://hausegger.activities.at/entry.php?id=10271&&ser=902405" "Mozilla/5.0 (Windows NT 10.0; Win64; x64; rv:133.0) Gecko/20100101 Firefox/133.0"
178.165.191.42 - - [03/Jan/2025:12:08:46 +0100] "GET /gui/javascript/form_form.js?1735902526 HTTP/1.1" 200 16206 "http://hausegger.activities.at/entry.php?id=10271&&ser=902465" "Mozilla/5.0 (Windows NT 10.0; Win64; x64; rv:133.0) Gecko/20100101 Firefox/133.0"
178.165.191.42 - - [03/Jan/2025:12:09:46 +0100] "GET /entry.php?id=10271&&ser=902526 HTTP/1.1" 200 986 "http://hausegger.activities.at/entry.php?id=10271&&ser=902465" "Mozilla/5.0 (Windows NT 10.0; Win64; x64; rv:133.0) Gecko/20100101 Firefox/133.0"
178.165.191.42 - - [03/Jan/2025:12:09:46 +0100] "GET /gui/javascript/form_form.js?1735902586 HTTP/1.1" 200 16206 "http://hausegger.activities.at/entry.php?id=10271&&ser=902526" "Mozilla/5.0 (Windows NT 10.0; Win64; x64; rv:133.0) Gecko/20100101 Firefox/133.0"
178.165.191.42 - - [03/Jan/2025:12:10:46 +0100] "GET /entry.php?id=10271&&ser=902586 HTTP/1.1" 200 987 "http://hausegger.activities.at/entry.php?id=10271&&ser=902526" "Mozilla/5.0 (Windows NT 10.0; Win64; x64; rv:133.0) Gecko/20100101 Firefox/133.0"
178.165.191.42 - - [03/Jan/2025:12:10:46 +0100] "GET /gui/javascript/form_form.js?1735902646 HTTP/1.1" 200 16206 "http://hausegger.activities.at/entry.php?id=10271&&ser=902586" "Mozilla/5.0 (Windows NT 10.0; Win64; x64; rv:133.0) Gecko/20100101 Firefox/133.0"
178.165.191.42 - - [03/Jan/2025:12:11:46 +0100] "GET /entry.php?id=10271&&ser=902646 HTTP/1.1" 200 988 "http://hausegger.activities.at/entry.php?id=10271&&ser=902586" "Mozilla/5.0 (Windows NT 10.0; Win64; x64; rv:133.0) Gecko/20100101 Firefox/133.0"
178.165.191.42 - - [03/Jan/2025:12:11:47 +0100] "GET /gui/javascript/form_form.js?1735902707 HTTP/1.1" 200 16206 "http://hausegger.activities.at/entry.php?id=10271&&ser=902646" "Mozilla/5.0 (Windows NT 10.0; Win64; x64; rv:133.0) Gecko/20100101 Firefox/133.0"
178.165.191.42 - - [03/Jan/2025:12:12:47 +0100] "GET /entry.php?id=10271&&ser=902706 HTTP/1.1" 200 987 "http://hausegger.activities.at/entry.php?id=10271&&ser=902646" "Mozilla/5.0 (Windows NT 10.0; Win64; x64; rv:133.0) Gecko/20100101 Firefox/133.0"
178.165.191.42 - - [03/Jan/2025:12:12:47 +0100] "GET /gui/javascript/form_form.js?1735902767 HTTP/1.1" 200 16206 "http://hausegger.activities.at/entry.php?id=10271&&ser=902706" "Mozilla/5.0 (Windows NT 10.0; Win64; x64; rv:133.0) Gecko/20100101 Firefox/133.0"
178.165.191.42 - - [03/Jan/2025:12:13:47 +0100] "GET /entry.php?id=10271&&ser=902767 HTTP/1.1" 200 987 "http://hausegger.activities.at/entry.php?id=10271&&ser=902706" "Mozilla/5.0 (Windows NT 10.0; Win64; x64; rv:133.0) Gecko/20100101 Firefox/133.0"
178.165.191.42 - - [03/Jan/2025:12:13:47 +0100] "GET /gui/javascript/form_form.js?1735902827 HTTP/1.1" 200 16206 "http://hausegger.activities.at/entry.php?id=10271&&ser=902767" "Mozilla/5.0 (Windows NT 10.0; Win64; x64; rv:133.0) Gecko/20100101 Firefox/133.0"
184.105.139.68 - - [03/Jan/2025:12:14:03 +0100] "GET / HTTP/1.1" 200 274 "-" "Mozilla/5.0 (X11; Linux x86_64) AppleWebKit/537.36 (KHTML, like Gecko) HeadlessChrome/101.0.4951.41 Safari/537.36"
178.165.191.42 - - [03/Jan/2025:12:14:47 +0100] "GET /entry.php?id=10271&&ser=902827 HTTP/1.1" 200 987 "http://hausegger.activities.at/entry.php?id=10271&&ser=902767" "Mozilla/5.0 (Windows NT 10.0; Win64; x64; rv:133.0) Gecko/20100101 Firefox/133.0"
178.165.191.42 - - [03/Jan/2025:12:14:47 +0100] "GET /gui/javascript/form_form.js?1735902887 HTTP/1.1" 200 16206 "http://hausegger.activities.at/entry.php?id=10271&&ser=902827" "Mozilla/5.0 (Windows NT 10.0; Win64; x64; rv:133.0) Gecko/20100101 Firefox/133.0"
178.165.191.42 - - [03/Jan/2025:12:15:48 +0100] "GET /entry.php?id=10271&&ser=902887 HTTP/1.1" 200 987 "http://hausegger.activities.at/entry.php?id=10271&&ser=902827" "Mozilla/5.0 (Windows NT 10.0; Win64; x64; rv:133.0) Gecko/20100101 Firefox/133.0"
178.165.191.42 - - [03/Jan/2025:12:15:48 +0100] "GET /gui/javascript/form_form.js?1735902948 HTTP/1.1" 200 16206 "http://hausegger.activities.at/entry.php?id=10271&&ser=902887" "Mozilla/5.0 (Windows NT 10.0; Win64; x64; rv:133.0) Gecko/20100101 Firefox/133.0"
184.105.139.68 - - [03/Jan/2025:12:16:28 +0100] "GET /favicon.ico HTTP/1.1" 404 284 "-" "Mozilla/5.0 (X11; Linux x86_64) AppleWebKit/537.36 (KHTML, like Gecko) Chrome/126.0.0.0 Safari/537.36"
178.165.191.42 - - [03/Jan/2025:12:16:48 +0100] "GET /entry.php?id=10271&&ser=902948 HTTP/1.1" 200 987 "http://hausegger.activities.at/entry.php?id=10271&&ser=902887" "Mozilla/5.0 (Windows NT 10.0; Win64; x64; rv:133.0) Gecko/20100101 Firefox/133.0"
178.165.191.42 - - [03/Jan/2025:12:16:48 +0100] "GET /gui/javascript/form_form.js?1735903008 HTTP/1.1" 200 16206 "http://hausegger.activities.at/entry.php?id=10271&&ser=902948" "Mozilla/5.0 (Windows NT 10.0; Win64; x64; rv:133.0) Gecko/20100101 Firefox/133.0"
184.105.139.68 - - [03/Jan/2025:12:17:11 +0100] "GET /geoserver/web/ HTTP/1.1" 404 284 "-" "Mozilla/5.0 (X11; Linux x86_64) AppleWebKit/537.36 (KHTML, like Gecko) HeadlessChrome/101.0.4951.41 Safari/537.36"
184.105.139.68 - - [03/Jan/2025:12:17:47 +0100] "GET /info.php HTTP/1.1" 404 283 "-" "Mozilla/5.0 (X11; Linux x86_64) AppleWebKit/537.36 (KHTML, like Gecko) HeadlessChrome/101.0.4951.41 Safari/537.36"
178.165.191.42 - - [03/Jan/2025:12:17:48 +0100] "GET /entry.php?id=10271&&ser=903008 HTTP/1.1" 200 986 "http://hausegger.activities.at/entry.php?id=10271&&ser=902948" "Mozilla/5.0 (Windows NT 10.0; Win64; x64; rv:133.0) Gecko/20100101 Firefox/133.0"
178.165.191.42 - - [03/Jan/2025:12:17:48 +0100] "GET /gui/javascript/form_form.js?1735903068 HTTP/1.1" 200 16206 "http://hausegger.activities.at/entry.php?id=10271&&ser=903008" "Mozilla/5.0 (Windows NT 10.0; Win64; x64; rv:133.0) Gecko/20100101 Firefox/133.0"
184.105.139.68 - - [03/Jan/2025:12:17:49 +0100] "GET /phpinfo.php HTTP/1.1" 200 10233 "-" "Mozilla/5.0 (X11; Linux x86_64) AppleWebKit/537.36 (KHTML, like Gecko) Chrome/123.0.0.0 Safari/537.36"
184.105.139.68 - - [03/Jan/2025:12:17:52 +0100] "GET /dashboard/phpinfo.php HTTP/1.1" 404 290 "-" "Mozilla/5.0 (Macintosh; Intel Mac OS X 14_4) AppleWebKit/537.36 (KHTML, like Gecko) Chrome/123.0.0.0 Safari/537.36"
178.165.191.42 - - [03/Jan/2025:12:18:48 +0100] "GET /entry.php?id=10271&&ser=903068 HTTP/1.1" 200 987 "http://hausegger.activities.at/entry.php?id=10271&&ser=903008" "Mozilla/5.0 (Windows NT 10.0; Win64; x64; rv:133.0) Gecko/20100101 Firefox/133.0"
178.165.191.42 - - [03/Jan/2025:12:18:49 +0100] "GET /gui/javascript/form_form.js?1735903129 HTTP/1.1" 200 16206 "http://hausegger.activities.at/entry.php?id=10271&&ser=903068" "Mozilla/5.0 (Windows NT 10.0; Win64; x64; rv:133.0) Gecko/20100101 Firefox/133.0"
52.167.144.67 - - [03/Jan/2025:12:18:56 +0100] "GET /robots.txt HTTP/1.1" 404 298 "-" "Mozilla/5.0 AppleWebKit/537.36 (KHTML, like Gecko; compatible; bingbot/2.0; +http://www.bing.com/bingbot.htm) Chrome/116.0.1938.76 Safari/537.36"
157.55.39.205 - - [03/Jan/2025:12:19:04 +0100] "GET /sitemap.txt HTTP/1.1" 404 299 "-" "Mozilla/5.0 AppleWebKit/537.36 (KHTML, like Gecko; compatible; bingbot/2.0; +http://www.bing.com/bingbot.htm) Chrome/116.0.1938.76 Safari/537.36"
178.165.191.42 - - [03/Jan/2025:12:19:49 +0100] "GET /entry.php?id=10271&&ser=903129 HTTP/1.1" 200 987 "http://hausegger.activities.at/entry.php?id=10271&&ser=903068" "Mozilla/5.0 (Windows NT 10.0; Win64; x64; rv:133.0) Gecko/20100101 Firefox/133.0"
178.165.191.42 - - [03/Jan/2025:12:19:49 +0100] "GET /gui/javascript/form_form.js?1735903189 HTTP/1.1" 200 16206 "http://hausegger.activities.at/entry.php?id=10271&&ser=903129" "Mozilla/5.0 (Windows NT 10.0; Win64; x64; rv:133.0) Gecko/20100101 Firefox/133.0"
178.165.191.42 - - [03/Jan/2025:12:20:49 +0100] "GET /entry.php?id=10271&&ser=903189 HTTP/1.1" 200 987 "http://hausegger.activities.at/entry.php?id=10271&&ser=903129" "Mozilla/5.0 (Windows NT 10.0; Win64; x64; rv:133.0) Gecko/20100101 Firefox/133.0"
178.165.191.42 - - [03/Jan/2025:12:20:49 +0100] "GET /gui/javascript/form_form.js?1735903249 HTTP/1.1" 200 16206 "http://hausegger.activities.at/entry.php?id=10271&&ser=903189" "Mozilla/5.0 (Windows NT 10.0; Win64; x64; rv:133.0) Gecko/20100101 Firefox/133.0"
178.165.191.42 - - [03/Jan/2025:12:21:49 +0100] "GET /entry.php?id=10271&&ser=903249 HTTP/1.1" 200 988 "http://hausegger.activities.at/entry.php?id=10271&&ser=903189" "Mozilla/5.0 (Windows NT 10.0; Win64; x64; rv:133.0) Gecko/20100101 Firefox/133.0"
178.165.191.42 - - [03/Jan/2025:12:21:49 +0100] "GET /gui/javascript/form_form.js?1735903309 HTTP/1.1" 200 16206 "http://hausegger.activities.at/entry.php?id=10271&&ser=903249" "Mozilla/5.0 (Windows NT 10.0; Win64; x64; rv:133.0) Gecko/20100101 Firefox/133.0"
178.165.191.42 - - [03/Jan/2025:12:22:50 +0100] "GET /entry.php?id=10271&&ser=903309 HTTP/1.1" 200 988 "http://hausegger.activities.at/entry.php?id=10271&&ser=903249" "Mozilla/5.0 (Windows NT 10.0; Win64; x64; rv:133.0) Gecko/20100101 Firefox/133.0"
178.165.191.42 - - [03/Jan/2025:12:22:50 +0100] "GET /gui/javascript/form_form.js?1735903370 HTTP/1.1" 200 16206 "http://hausegger.activities.at/entry.php?id=10271&&ser=903309" "Mozilla/5.0 (Windows NT 10.0; Win64; x64; rv:133.0) Gecko/20100101 Firefox/133.0"
178.165.191.42 - - [03/Jan/2025:12:23:50 +0100] "GET /entry.php?id=10271&&ser=903370 HTTP/1.1" 200 988 "http://hausegger.activities.at/entry.php?id=10271&&ser=903309" "Mozilla/5.0 (Windows NT 10.0; Win64; x64; rv:133.0) Gecko/20100101 Firefox/133.0"
178.165.191.42 - - [03/Jan/2025:12:23:50 +0100] "GET /gui/javascript/form_form.js?1735903430 HTTP/1.1" 200 16206 "http://hausegger.activities.at/entry.php?id=10271&&ser=903370" "Mozilla/5.0 (Windows NT 10.0; Win64; x64; rv:133.0) Gecko/20100101 Firefox/133.0"
178.165.191.42 - - [03/Jan/2025:12:24:50 +0100] "GET /entry.php?id=10271&&ser=903430 HTTP/1.1" 200 987 "http://hausegger.activities.at/entry.php?id=10271&&ser=903370" "Mozilla/5.0 (Windows NT 10.0; Win64; x64; rv:133.0) Gecko/20100101 Firefox/133.0"
178.165.191.42 - - [03/Jan/2025:12:24:50 +0100] "GET /gui/javascript/form_form.js?1735903490 HTTP/1.1" 200 16206 "http://hausegger.activities.at/entry.php?id=10271&&ser=903430" "Mozilla/5.0 (Windows NT 10.0; Win64; x64; rv:133.0) Gecko/20100101 Firefox/133.0"
5.181.190.248 - - [03/Jan/2025:12:25:44 +0100] "GET / HTTP/1.1" 200 423 "-" "-"
178.165.191.42 - - [03/Jan/2025:12:25:51 +0100] "GET /entry.php?id=10271&&ser=903490 HTTP/1.1" 200 987 "http://hausegger.activities.at/entry.php?id=10271&&ser=903430" "Mozilla/5.0 (Windows NT 10.0; Win64; x64; rv:133.0) Gecko/20100101 Firefox/133.0"
178.165.191.42 - - [03/Jan/2025:12:25:51 +0100] "GET /gui/javascript/form_form.js?1735903551 HTTP/1.1" 200 16206 "http://hausegger.activities.at/entry.php?id=10271&&ser=903490" "Mozilla/5.0 (Windows NT 10.0; Win64; x64; rv:133.0) Gecko/20100101 Firefox/133.0"
154.213.187.122 - - [03/Jan/2025:12:25:57 +0100] "GET /login.rsp HTTP/1.1" 404 354 "-" "Hello World"
178.165.191.42 - - [03/Jan/2025:12:26:51 +0100] "GET /entry.php?id=10271&&ser=903551 HTTP/1.1" 200 986 "http://hausegger.activities.at/entry.php?id=10271&&ser=903490" "Mozilla/5.0 (Windows NT 10.0; Win64; x64; rv:133.0) Gecko/20100101 Firefox/133.0"
178.165.191.42 - - [03/Jan/2025:12:26:51 +0100] "GET /gui/javascript/form_form.js?1735903611 HTTP/1.1" 200 16206 "http://hausegger.activities.at/entry.php?id=10271&&ser=903551" "Mozilla/5.0 (Windows NT 10.0; Win64; x64; rv:133.0) Gecko/20100101 Firefox/133.0"
178.165.191.42 - - [03/Jan/2025:12:27:51 +0100] "GET /entry.php?id=10271&&ser=903611 HTTP/1.1" 200 986 "http://hausegger.activities.at/entry.php?id=10271&&ser=903551" "Mozilla/5.0 (Windows NT 10.0; Win64; x64; rv:133.0) Gecko/20100101 Firefox/133.0"
178.165.191.42 - - [03/Jan/2025:12:27:51 +0100] "GET /gui/javascript/form_form.js?1735903671 HTTP/1.1" 200 16206 "http://hausegger.activities.at/entry.php?id=10271&&ser=903611" "Mozilla/5.0 (Windows NT 10.0; Win64; x64; rv:133.0) Gecko/20100101 Firefox/133.0"
178.165.191.42 - - [03/Jan/2025:12:28:51 +0100] "GET /entry.php?id=10271&&ser=903671 HTTP/1.1" 200 987 "http://hausegger.activities.at/entry.php?id=10271&&ser=903611" "Mozilla/5.0 (Windows NT 10.0; Win64; x64; rv:133.0) Gecko/20100101 Firefox/133.0"
178.165.191.42 - - [03/Jan/2025:12:28:52 +0100] "GET /gui/javascript/form_form.js?1735903731 HTTP/1.1" 200 16206 "http://hausegger.activities.at/entry.php?id=10271&&ser=903671" "Mozilla/5.0 (Windows NT 10.0; Win64; x64; rv:133.0) Gecko/20100101 Firefox/133.0"
178.165.191.42 - - [03/Jan/2025:12:29:55 +0100] "GET /entry.php?id=10271&&ser=903731 HTTP/1.1" 200 988 "http://hausegger.activities.at/entry.php?id=10271&&ser=903671" "Mozilla/5.0 (Windows NT 10.0; Win64; x64; rv:133.0) Gecko/20100101 Firefox/133.0"
178.165.191.42 - - [03/Jan/2025:12:29:55 +0100] "GET /gui/javascript/form_form.js?1735903795 HTTP/1.1" 200 16206 "http://hausegger.activities.at/entry.php?id=10271&&ser=903731" "Mozilla/5.0 (Windows NT 10.0; Win64; x64; rv:133.0) Gecko/20100101 Firefox/133.0"
178.165.191.42 - - [03/Jan/2025:12:30:55 +0100] "GET /entry.php?id=10271&&ser=903795 HTTP/1.1" 200 988 "http://hausegger.activities.at/entry.php?id=10271&&ser=903731" "Mozilla/5.0 (Windows NT 10.0; Win64; x64; rv:133.0) Gecko/20100101 Firefox/133.0"
178.165.191.42 - - [03/Jan/2025:12:30:55 +0100] "GET /gui/javascript/form_form.js?1735903855 HTTP/1.1" 200 16206 "http://hausegger.activities.at/entry.php?id=10271&&ser=903795" "Mozilla/5.0 (Windows NT 10.0; Win64; x64; rv:133.0) Gecko/20100101 Firefox/133.0"
178.165.191.42 - - [03/Jan/2025:12:31:55 +0100] "GET /entry.php?id=10271&&ser=903855 HTTP/1.1" 200 988 "http://hausegger.activities.at/entry.php?id=10271&&ser=903795" "Mozilla/5.0 (Windows NT 10.0; Win64; x64; rv:133.0) Gecko/20100101 Firefox/133.0"
178.165.191.42 - - [03/Jan/2025:12:31:55 +0100] "GET /gui/javascript/form_form.js?1735903915 HTTP/1.1" 200 16206 "http://hausegger.activities.at/entry.php?id=10271&&ser=903855" "Mozilla/5.0 (Windows NT 10.0; Win64; x64; rv:133.0) Gecko/20100101 Firefox/133.0"
178.165.191.42 - - [03/Jan/2025:12:32:55 +0100] "GET /entry.php?id=10271&&ser=903915 HTTP/1.1" 200 987 "http://hausegger.activities.at/entry.php?id=10271&&ser=903855" "Mozilla/5.0 (Windows NT 10.0; Win64; x64; rv:133.0) Gecko/20100101 Firefox/133.0"
178.165.191.42 - - [03/Jan/2025:12:32:56 +0100] "GET /gui/javascript/form_form.js?1735903976 HTTP/1.1" 200 16206 "http://hausegger.activities.at/entry.php?id=10271&&ser=903915" "Mozilla/5.0 (Windows NT 10.0; Win64; x64; rv:133.0) Gecko/20100101 Firefox/133.0"
178.165.191.42 - - [03/Jan/2025:12:33:56 +0100] "GET /entry.php?id=10271&&ser=903976 HTTP/1.1" 200 987 "http://hausegger.activities.at/entry.php?id=10271&&ser=903915" "Mozilla/5.0 (Windows NT 10.0; Win64; x64; rv:133.0) Gecko/20100101 Firefox/133.0"
178.165.191.42 - - [03/Jan/2025:12:33:56 +0100] "GET /gui/javascript/form_form.js?1735904036 HTTP/1.1" 200 16206 "http://hausegger.activities.at/entry.php?id=10271&&ser=903976" "Mozilla/5.0 (Windows NT 10.0; Win64; x64; rv:133.0) Gecko/20100101 Firefox/133.0"
178.165.191.42 - - [03/Jan/2025:12:34:56 +0100] "GET /entry.php?id=10271&&ser=904036 HTTP/1.1" 200 987 "http://hausegger.activities.at/entry.php?id=10271&&ser=903976" "Mozilla/5.0 (Windows NT 10.0; Win64; x64; rv:133.0) Gecko/20100101 Firefox/133.0"
178.165.191.42 - - [03/Jan/2025:12:34:56 +0100] "GET /gui/javascript/form_form.js?1735904096 HTTP/1.1" 200 16206 "http://hausegger.activities.at/entry.php?id=10271&&ser=904036" "Mozilla/5.0 (Windows NT 10.0; Win64; x64; rv:133.0) Gecko/20100101 Firefox/133.0"
178.165.191.42 - - [03/Jan/2025:12:35:56 +0100] "GET /entry.php?id=10271&&ser=904096 HTTP/1.1" 200 988 "http://hausegger.activities.at/entry.php?id=10271&&ser=904036" "Mozilla/5.0 (Windows NT 10.0; Win64; x64; rv:133.0) Gecko/20100101 Firefox/133.0"
178.165.191.42 - - [03/Jan/2025:12:35:57 +0100] "GET /gui/javascript/form_form.js?1735904157 HTTP/1.1" 200 16206 "http://hausegger.activities.at/entry.php?id=10271&&ser=904096" "Mozilla/5.0 (Windows NT 10.0; Win64; x64; rv:133.0) Gecko/20100101 Firefox/133.0"
178.165.191.42 - - [03/Jan/2025:12:36:57 +0100] "GET /entry.php?id=10271&&ser=904156 HTTP/1.1" 200 987 "http://hausegger.activities.at/entry.php?id=10271&&ser=904096" "Mozilla/5.0 (Windows NT 10.0; Win64; x64; rv:133.0) Gecko/20100101 Firefox/133.0"
178.165.191.42 - - [03/Jan/2025:12:36:57 +0100] "GET /gui/javascript/form_form.js?1735904217 HTTP/1.1" 200 16206 "http://hausegger.activities.at/entry.php?id=10271&&ser=904156" "Mozilla/5.0 (Windows NT 10.0; Win64; x64; rv:133.0) Gecko/20100101 Firefox/133.0"
178.165.191.42 - - [03/Jan/2025:12:37:57 +0100] "GET /entry.php?id=10271&&ser=904217 HTTP/1.1" 200 987 "http://hausegger.activities.at/entry.php?id=10271&&ser=904156" "Mozilla/5.0 (Windows NT 10.0; Win64; x64; rv:133.0) Gecko/20100101 Firefox/133.0"
178.165.191.42 - - [03/Jan/2025:12:37:57 +0100] "GET /gui/javascript/form_form.js?1735904277 HTTP/1.1" 200 16206 "http://hausegger.activities.at/entry.php?id=10271&&ser=904217" "Mozilla/5.0 (Windows NT 10.0; Win64; x64; rv:133.0) Gecko/20100101 Firefox/133.0"
178.165.191.42 - - [03/Jan/2025:12:38:57 +0100] "GET /entry.php?id=10271&&ser=904277 HTTP/1.1" 200 988 "http://hausegger.activities.at/entry.php?id=10271&&ser=904217" "Mozilla/5.0 (Windows NT 10.0; Win64; x64; rv:133.0) Gecko/20100101 Firefox/133.0"
178.165.191.42 - - [03/Jan/2025:12:38:57 +0100] "GET /gui/javascript/form_form.js?1735904337 HTTP/1.1" 200 16206 "http://hausegger.activities.at/entry.php?id=10271&&ser=904277" "Mozilla/5.0 (Windows NT 10.0; Win64; x64; rv:133.0) Gecko/20100101 Firefox/133.0"
178.165.191.42 - - [03/Jan/2025:12:39:58 +0100] "GET /entry.php?id=10271&&ser=904337 HTTP/1.1" 200 987 "http://hausegger.activities.at/entry.php?id=10271&&ser=904277" "Mozilla/5.0 (Windows NT 10.0; Win64; x64; rv:133.0) Gecko/20100101 Firefox/133.0"
178.165.191.42 - - [03/Jan/2025:12:39:58 +0100] "GET /gui/javascript/form_form.js?1735904398 HTTP/1.1" 200 16206 "http://hausegger.activities.at/entry.php?id=10271&&ser=904337" "Mozilla/5.0 (Windows NT 10.0; Win64; x64; rv:133.0) Gecko/20100101 Firefox/133.0"
178.165.191.42 - - [03/Jan/2025:12:40:58 +0100] "GET /entry.php?id=10271&&ser=904398 HTTP/1.1" 200 988 "http://hausegger.activities.at/entry.php?id=10271&&ser=904337" "Mozilla/5.0 (Windows NT 10.0; Win64; x64; rv:133.0) Gecko/20100101 Firefox/133.0"
178.165.191.42 - - [03/Jan/2025:12:40:58 +0100] "GET /gui/javascript/form_form.js?1735904458 HTTP/1.1" 200 16206 "http://hausegger.activities.at/entry.php?id=10271&&ser=904398" "Mozilla/5.0 (Windows NT 10.0; Win64; x64; rv:133.0) Gecko/20100101 Firefox/133.0"
178.165.191.42 - - [03/Jan/2025:12:41:58 +0100] "GET /entry.php?id=10271&&ser=904458 HTTP/1.1" 200 988 "http://hausegger.activities.at/entry.php?id=10271&&ser=904398" "Mozilla/5.0 (Windows NT 10.0; Win64; x64; rv:133.0) Gecko/20100101 Firefox/133.0"
178.165.191.42 - - [03/Jan/2025:12:41:58 +0100] "GET /gui/javascript/form_form.js?1735904518 HTTP/1.1" 200 16206 "http://hausegger.activities.at/entry.php?id=10271&&ser=904458" "Mozilla/5.0 (Windows NT 10.0; Win64; x64; rv:133.0) Gecko/20100101 Firefox/133.0"
90.182.200.58 - - [03/Jan/2025:12:42:36 +0100] "GET / HTTP/1.0" 200 423 "-" "Mozilla/5.0 (Linux; U; Android 4.0.3; ko-kr; LG-L160L Build/IML74K) AppleWebkit/534.30 (KHTML, like Gecko) Version/4.0 Mobile Safari/534.30"
178.165.191.42 - - [03/Jan/2025:12:42:59 +0100] "GET /entry.php?id=10271&&ser=904518 HTTP/1.1" 200 988 "http://hausegger.activities.at/entry.php?id=10271&&ser=904458" "Mozilla/5.0 (Windows NT 10.0; Win64; x64; rv:133.0) Gecko/20100101 Firefox/133.0"
178.165.191.42 - - [03/Jan/2025:12:42:59 +0100] "GET /gui/javascript/form_form.js?1735904579 HTTP/1.1" 200 16206 "http://hausegger.activities.at/entry.php?id=10271&&ser=904518" "Mozilla/5.0 (Windows NT 10.0; Win64; x64; rv:133.0) Gecko/20100101 Firefox/133.0"
156.59.198.136 - - [03/Jan/2025:12:43:48 +0100] "GET /renault.2web.at/stats/lang/awstats-pl.txt HTTP/1.0" 404 303 "-" "Mozilla/5.0 (Linux; Android 5.0) AppleWebKit/537.36 (KHTML, like Gecko) Mobile Safari/537.36 (compatible; Bytespider; spider-feedback@bytedance.com)"
178.165.191.42 - - [03/Jan/2025:12:43:59 +0100] "GET /entry.php?id=10271&&ser=904579 HTTP/1.1" 200 987 "http://hausegger.activities.at/entry.php?id=10271&&ser=904518" "Mozilla/5.0 (Windows NT 10.0; Win64; x64; rv:133.0) Gecko/20100101 Firefox/133.0"
178.165.191.42 - - [03/Jan/2025:12:43:59 +0100] "GET /gui/javascript/form_form.js?1735904639 HTTP/1.1" 200 16206 "http://hausegger.activities.at/entry.php?id=10271&&ser=904579" "Mozilla/5.0 (Windows NT 10.0; Win64; x64; rv:133.0) Gecko/20100101 Firefox/133.0"
178.165.191.42 - - [03/Jan/2025:12:44:59 +0100] "GET /entry.php?id=10271&&ser=904639 HTTP/1.1" 200 987 "http://hausegger.activities.at/entry.php?id=10271&&ser=904579" "Mozilla/5.0 (Windows NT 10.0; Win64; x64; rv:133.0) Gecko/20100101 Firefox/133.0"
178.165.191.42 - - [03/Jan/2025:12:44:59 +0100] "GET /gui/javascript/form_form.js?1735904699 HTTP/1.1" 200 16206 "http://hausegger.activities.at/entry.php?id=10271&&ser=904639" "Mozilla/5.0 (Windows NT 10.0; Win64; x64; rv:133.0) Gecko/20100101 Firefox/133.0"
178.165.191.42 - - [03/Jan/2025:12:45:59 +0100] "GET /entry.php?id=10271&&ser=904699 HTTP/1.1" 200 988 "http://hausegger.activities.at/entry.php?id=10271&&ser=904639" "Mozilla/5.0 (Windows NT 10.0; Win64; x64; rv:133.0) Gecko/20100101 Firefox/133.0"
178.165.191.42 - - [03/Jan/2025:12:46:00 +0100] "GET /gui/javascript/form_form.js?1735904759 HTTP/1.1" 200 16206 "http://hausegger.activities.at/entry.php?id=10271&&ser=904699" "Mozilla/5.0 (Windows NT 10.0; Win64; x64; rv:133.0) Gecko/20100101 Firefox/133.0"
178.165.191.42 - - [03/Jan/2025:12:47:00 +0100] "GET /entry.php?id=10271&&ser=904759 HTTP/1.1" 200 987 "http://hausegger.activities.at/entry.php?id=10271&&ser=904699" "Mozilla/5.0 (Windows NT 10.0; Win64; x64; rv:133.0) Gecko/20100101 Firefox/133.0"
178.165.191.42 - - [03/Jan/2025:12:47:00 +0100] "GET /gui/javascript/form_form.js?1735904820 HTTP/1.1" 200 16206 "http://hausegger.activities.at/entry.php?id=10271&&ser=904759" "Mozilla/5.0 (Windows NT 10.0; Win64; x64; rv:133.0) Gecko/20100101 Firefox/133.0"
156.59.198.135 - - [03/Jan/2025:12:47:48 +0100] "GET /docs/contadino/2017/GS17-000006.pdf HTTP/1.0" 404 302 "-" "Mozilla/5.0 (Linux; Android 5.0) AppleWebKit/537.36 (KHTML, like Gecko) Mobile Safari/537.36 (compatible; Bytespider; spider-feedback@bytedance.com)"
178.165.191.42 - - [03/Jan/2025:12:48:00 +0100] "GET /entry.php?id=10271&&ser=904820 HTTP/1.1" 200 987 "http://hausegger.activities.at/entry.php?id=10271&&ser=904759" "Mozilla/5.0 (Windows NT 10.0; Win64; x64; rv:133.0) Gecko/20100101 Firefox/133.0"
178.165.191.42 - - [03/Jan/2025:12:48:00 +0100] "GET /gui/javascript/form_form.js?1735904880 HTTP/1.1" 200 16206 "http://hausegger.activities.at/entry.php?id=10271&&ser=904820" "Mozilla/5.0 (Windows NT 10.0; Win64; x64; rv:133.0) Gecko/20100101 Firefox/133.0"
47.251.89.163 - - [03/Jan/2025:12:48:52 +0100] "GET / HTTP/1.1" 200 423 "-" "curl/7.64.1"
178.165.191.42 - - [03/Jan/2025:12:49:00 +0100] "GET /entry.php?id=10271&&ser=904880 HTTP/1.1" 200 987 "http://hausegger.activities.at/entry.php?id=10271&&ser=904820" "Mozilla/5.0 (Windows NT 10.0; Win64; x64; rv:133.0) Gecko/20100101 Firefox/133.0"
178.165.191.42 - - [03/Jan/2025:12:49:00 +0100] "GET /gui/javascript/form_form.js?1735904940 HTTP/1.1" 200 16206 "http://hausegger.activities.at/entry.php?id=10271&&ser=904880" "Mozilla/5.0 (Windows NT 10.0; Win64; x64; rv:133.0) Gecko/20100101 Firefox/133.0"
178.165.191.42 - - [03/Jan/2025:12:50:01 +0100] "GET /entry.php?id=10271&&ser=904940 HTTP/1.1" 200 986 "http://hausegger.activities.at/entry.php?id=10271&&ser=904880" "Mozilla/5.0 (Windows NT 10.0; Win64; x64; rv:133.0) Gecko/20100101 Firefox/133.0"
178.165.191.42 - - [03/Jan/2025:12:50:01 +0100] "GET /gui/javascript/form_form.js?1735905001 HTTP/1.1" 200 16206 "http://hausegger.activities.at/entry.php?id=10271&&ser=904940" "Mozilla/5.0 (Windows NT 10.0; Win64; x64; rv:133.0) Gecko/20100101 Firefox/133.0"
178.165.191.42 - - [03/Jan/2025:12:51:01 +0100] "GET /entry.php?id=10271&&ser=905001 HTTP/1.1" 200 987 "http://hausegger.activities.at/entry.php?id=10271&&ser=904940" "Mozilla/5.0 (Windows NT 10.0; Win64; x64; rv:133.0) Gecko/20100101 Firefox/133.0"
178.165.191.42 - - [03/Jan/2025:12:51:01 +0100] "GET /gui/javascript/form_form.js?1735905061 HTTP/1.1" 200 16206 "http://hausegger.activities.at/entry.php?id=10271&&ser=905001" "Mozilla/5.0 (Windows NT 10.0; Win64; x64; rv:133.0) Gecko/20100101 Firefox/133.0"
156.59.198.135 - - [03/Jan/2025:12:51:48 +0100] "GET /renault.2web.at/stats/lang/awstats-pt.txt HTTP/1.0" 404 303 "-" "Mozilla/5.0 (Linux; Android 5.0) AppleWebKit/537.36 (KHTML, like Gecko) Mobile Safari/537.36 (compatible; Bytespider; spider-feedback@bytedance.com)"
178.165.191.42 - - [03/Jan/2025:12:52:01 +0100] "GET /entry.php?id=10271&&ser=905061 HTTP/1.1" 200 987 "http://hausegger.activities.at/entry.php?id=10271&&ser=905001" "Mozilla/5.0 (Windows NT 10.0; Win64; x64; rv:133.0) Gecko/20100101 Firefox/133.0"
178.165.191.42 - - [03/Jan/2025:12:52:01 +0100] "GET /gui/javascript/form_form.js?1735905121 HTTP/1.1" 200 16206 "http://hausegger.activities.at/entry.php?id=10271&&ser=905061" "Mozilla/5.0 (Windows NT 10.0; Win64; x64; rv:133.0) Gecko/20100101 Firefox/133.0"
178.165.191.42 - - [03/Jan/2025:12:53:01 +0100] "GET /entry.php?id=10271&&ser=905121 HTTP/1.1" 200 989 "http://hausegger.activities.at/entry.php?id=10271&&ser=905061" "Mozilla/5.0 (Windows NT 10.0; Win64; x64; rv:133.0) Gecko/20100101 Firefox/133.0"
178.165.191.42 - - [03/Jan/2025:12:53:02 +0100] "GET /gui/javascript/form_form.js?1735905182 HTTP/1.1" 200 16206 "http://hausegger.activities.at/entry.php?id=10271&&ser=905121" "Mozilla/5.0 (Windows NT 10.0; Win64; x64; rv:133.0) Gecko/20100101 Firefox/133.0"
178.165.191.42 - - [03/Jan/2025:12:54:02 +0100] "GET /entry.php?id=10271&&ser=905181 HTTP/1.1" 200 988 "http://hausegger.activities.at/entry.php?id=10271&&ser=905121" "Mozilla/5.0 (Windows NT 10.0; Win64; x64; rv:133.0) Gecko/20100101 Firefox/133.0"
178.165.191.42 - - [03/Jan/2025:12:54:02 +0100] "GET /gui/javascript/form_form.js?1735905242 HTTP/1.1" 200 16206 "http://hausegger.activities.at/entry.php?id=10271&&ser=905181" "Mozilla/5.0 (Windows NT 10.0; Win64; x64; rv:133.0) Gecko/20100101 Firefox/133.0"
