1.4.162.30 - - [06/Jan/2025:01:08:31 +0100] "GET / HTTP/1.0" 200 423 "-" "curl/7.88.1"
220.89.23.247 - - [06/Jan/2025:01:18:20 +0100] "GET / HTTP/1.0" 200 423 "-" "curl/7.88.1"
156.59.198.136 - - [06/Jan/2025:01:25:58 +0100] "GET /renault.activities.at/htdocs/binaries/10688680.pdf HTTP/1.0" 404 311 "-" "Mozilla/5.0 (Linux; Android 5.0) AppleWebKit/537.36 (KHTML, like Gecko) Mobile Safari/537.36 (compatible; Bytespider; spider-feedback@bytedance.com)"
171.6.55.69 - - [06/Jan/2025:01:48:19 +0100] "GET / HTTP/1.0" 200 423 "-" "curl/7.88.1"
93.174.93.12 - - [06/Jan/2025:01:48:37 +0100] "GET / HTTP/1.0" 200 423 "-" "Mozilla/5.0 (Linux; Android 6.0; Le X620 Build/MRA58K) AppleWebKit/537.36 (KHTML, like Gecko) Chrome/56.0.2924.87 Mobile Safari/537.36"
103.111.83.86 - - [06/Jan/2025:01:51:25 +0100] "GET / HTTP/1.1" 200 423 "-" "Mozilla/5.0 (Windows NT 6.1; Win64; x64; rv:77.0) Gecko/20100101 Firefox/77.0"
80.82.68.110 - - [06/Jan/2025:02:00:24 +0100] "CONNECT api.ipify.org:443 HTTP/1.1" 200 423 "-" "Go-http-client/1.1"
179.43.191.146 - - [06/Jan/2025:02:02:10 +0100] "GET / HTTP/1.1" 200 274 "-" "Mozilla/5.0 (Windows NT 10.0; Win64; x64) AppleWebKit/537.36 (KHTML, like Gecko) Chrome/90.0.4430.85 Safari/537.36 Edg/90.0.818.46"
156.59.198.135 - - [06/Jan/2025:02:07:30 +0100] "GET /renault.2web.at/htdocs/binaries/10311644.doc HTTP/1.0" 404 307 "-" "Mozilla/5.0 (Linux; Android 5.0) AppleWebKit/537.36 (KHTML, like Gecko) Mobile Safari/537.36 (compatible; Bytespider; spider-feedback@bytedance.com)"
156.59.198.136 - - [06/Jan/2025:02:11:30 +0100] "GET /ed-test.2web.at/stats/lang/awstats-si.txt HTTP/1.0" 404 302 "-" "Mozilla/5.0 (Linux; Android 5.0) AppleWebKit/537.36 (KHTML, like Gecko) Mobile Safari/537.36 (compatible; Bytespider; spider-feedback@bytedance.com)"
150.241.108.142 - - [06/Jan/2025:02:17:46 +0100] "\x16\x03\x01" 400 383 "-" "-"
150.241.108.142 - - [06/Jan/2025:02:17:46 +0100] "GET / HTTP/1.1" 200 274 "-" "Mozilla/5.0 (ZZ; Linux i686; rv:126.0) Gecko/20100101 Firefox/126.0"
156.59.198.135 - - [06/Jan/2025:02:21:11 +0100] "GET /ed-test.2web.at/stats/lang/awstats-gr.txt HTTP/1.0" 404 303 "-" "Mozilla/5.0 (Linux; Android 5.0) AppleWebKit/537.36 (KHTML, like Gecko) Mobile Safari/537.36 (compatible; Bytespider; spider-feedback@bytedance.com)"
57.152.56.146 - - [06/Jan/2025:02:27:04 +0100] "GET /hudson HTTP/1.1" 404 280 "-" "Mozilla/5.0 zgrab/0.x"
95.214.52.254 - - [06/Jan/2025:02:40:50 +0100] "GET / HTTP/1.1" 200 274 "-" "Mozilla/5.0 (Windows NT 10.0; Win64; x64) AppleWebKit/537.36 (KHTML, like Gecko) Chrome/90.0.4430.85 Safari/537.36 Edg/90.0.818.46"
193.34.212.75 - - [06/Jan/2025:02:48:46 +0100] "GET / HTTP/1.1" 200 423 "-" "-"
166.88.134.89 - - [06/Jan/2025:02:50:55 +0100] "GET /cgi-bin/php-cgi.exe?arg=%0aContent-Type:%20text/plain%0a%0a HTTP/1.1" 404 291 "-" "Go-http-client/1.1"
166.88.134.89 - - [06/Jan/2025:02:54:10 +0100] "GET /cgi-bin/php-cgi.exe?arg=%0aContent-Type:%20text/plain%0a%0a HTTP/1.1" 404 291 "-" "Go-http-client/1.1"
166.88.134.89 - - [06/Jan/2025:02:54:10 +0100] "GET /cgi-bin/php-cgi.exe?arg=%0aContent-Type:%20text/plain%0a%0a HTTP/1.1" 404 291 "-" "Go-http-client/1.1"
166.88.134.89 - - [06/Jan/2025:02:54:10 +0100] "GET /cgi-bin/php-cgi.exe?arg=%0aContent-Type:%20text/plain%0a%0a HTTP/1.1" 404 291 "-" "Go-http-client/1.1"
166.88.134.89 - - [06/Jan/2025:02:54:10 +0100] "GET /cgi-bin/php-cgi.exe?arg=%0aContent-Type:%20text/plain%0a%0a HTTP/1.1" 404 291 "-" "Go-http-client/1.1"
166.88.134.89 - - [06/Jan/2025:02:54:10 +0100] "GET /php-cgi/php-cgi.exe?arg=%0aContent-Type:%20text/plain%0a%0a HTTP/1.1" 404 287 "-" "Go-http-client/1.1"
166.88.134.89 - - [06/Jan/2025:02:54:10 +0100] "GET /php-cgi/php-cgi.exe?arg=%0aContent-Type:%20text/plain%0a%0a HTTP/1.1" 404 287 "-" "Go-http-client/1.1"
166.88.134.89 - - [06/Jan/2025:02:54:10 +0100] "GET /php-cgi/php-cgi.exe?arg=%0aContent-Type:%20text/plain%0a%0a HTTP/1.1" 404 287 "-" "Go-http-client/1.1"
166.88.134.89 - - [06/Jan/2025:02:54:10 +0100] "GET /php-cgi/php-cgi.exe?arg=%0aContent-Type:%20text/plain%0a%0a HTTP/1.1" 404 287 "-" "Go-http-client/1.1"
156.59.198.135 - - [06/Jan/2025:03:05:58 +0100] "GET /renault.2web.at/htdocs/binaries/renault-/rs-74-2016winter-check-und-service-tageanmeldungdoc.doc HTTP/1.0" 404 338 "-" "Mozilla/5.0 (Linux; Android 5.0) AppleWebKit/537.36 (KHTML, like Gecko) Mobile Safari/537.36 (compatible; Bytespider; spider-feedback@bytedance.com)"
47.128.112.244 - - [06/Jan/2025:03:09:59 +0100] "GET /robots.txt HTTP/1.1" 404 284 "-" "Mozilla/5.0 (Linux; Android 5.0) AppleWebKit/537.36 (KHTML, like Gecko) Mobile Safari/537.36 (compatible; Bytespider; spider-feedback@bytedance.com)"
156.59.198.136 - - [06/Jan/2025:03:13:58 +0100] "GET /renault.2web.at/htdocs/binaries/10656106.doc HTTP/1.0" 404 306 "-" "Mozilla/5.0 (Linux; Android 5.0) AppleWebKit/537.36 (KHTML, like Gecko) Mobile Safari/537.36 (compatible; Bytespider; spider-feedback@bytedance.com)"
47.128.31.204 - - [06/Jan/2025:03:17:59 +0100] "GET /robots.txt HTTP/1.1" 404 284 "-" "Mozilla/5.0 (Linux; Android 5.0) AppleWebKit/537.36 (KHTML, like Gecko) Mobile Safari/537.36 (compatible; Bytespider; spider-feedback@bytedance.com)"
5.181.190.248 - - [06/Jan/2025:03:19:44 +0100] "GET / HTTP/1.1" 200 423 "-" "-"
199.45.154.157 - - [06/Jan/2025:03:21:47 +0100] "GET / HTTP/1.1" 200 423 "-" "-"
199.45.154.157 - - [06/Jan/2025:03:21:51 +0100] "GET / HTTP/1.1" 200 274 "-" "Mozilla/5.0 (compatible; CensysInspect/1.1; +https://about.censys.io/)"
199.45.154.157 - - [06/Jan/2025:03:21:52 +0100] "GET /activities.ico HTTP/1.1" 200 1406 "-" "Mozilla/5.0 (compatible; CensysInspect/1.1; +https://about.censys.io/)"
199.45.154.157 - - [06/Jan/2025:03:21:52 +0100] "GET /favicon.ico HTTP/1.1" 404 284 "-" "Mozilla/5.0 (compatible; CensysInspect/1.1; +https://about.censys.io/)"
199.45.154.157 - - [06/Jan/2025:03:21:53 +0100] "PRI * HTTP/2.0" 400 383 "-" "-"
47.128.57.180 - - [06/Jan/2025:03:22:05 +0100] "GET /robots.txt HTTP/1.1" 404 284 "-" "Mozilla/5.0 (Linux; Android 5.0) AppleWebKit/537.36 (KHTML, like Gecko) Mobile Safari/537.36 (compatible; Bytespider; spider-feedback@bytedance.com)"
47.128.112.105 - - [06/Jan/2025:03:25:59 +0100] "GET /robots.txt HTTP/1.1" 404 284 "-" "Mozilla/5.0 (Linux; Android 5.0) AppleWebKit/537.36 (KHTML, like Gecko) Mobile Safari/537.36 (compatible; Bytespider; spider-feedback@bytedance.com)"
178.215.236.132 - - [06/Jan/2025:03:30:37 +0100] "GET /.env HTTP/1.1" 404 280 "-" "Mozilla/5.0 (iPhone; CPU iPhone OS 12_3_1 like Mac OS X) AppleWebKit/605.1.15 (KHTML, like Gecko) Mobile/15E148 MicroMessenger/7.0.4(0x17000428) NetType/WIFI Language/zh_CN"
183.207.45.115 - - [06/Jan/2025:03:32:58 +0100] "GET / HTTP/1.1" 200 274 "-" "Mozilla/5.0 (Windows NT 10.0; Win64; x64) AppleWebKit/537.36 (KHTML, like Gecko) Chrome/107.0.0.0 Safari/537.36"
37.48.73.13 - - [06/Jan/2025:03:38:54 +0100] "GET /terminal/client/eventReport HTTP/1.1" 404 372 "-" "Mozilla/5.0 (Windows NT 10.0; Win64; x64) AppleWebKit/537.36 (KHTML, like Gecko) Chrome/77.0.3835.0 Safari/537.36"
183.99.29.11 - - [06/Jan/2025:03:41:19 +0100] "GET / HTTP/1.0" 200 423 "-" "curl/7.88.1"
198.235.24.178 - - [06/Jan/2025:03:54:01 +0100] "\x16\x03\x01" 400 383 "-" "-"
198.235.24.178 - - [06/Jan/2025:03:54:01 +0100] "\x16\x03\x01" 400 383 "-" "-"
156.59.198.136 - - [06/Jan/2025:03:56:56 +0100] "GET /renault.activities.at/htdocs/binaries/10044340.pdf HTTP/1.0" 404 311 "-" "Mozilla/5.0 (Linux; Android 5.0) AppleWebKit/537.36 (KHTML, like Gecko) Mobile Safari/537.36 (compatible; Bytespider; spider-feedback@bytedance.com)"
183.101.107.14 - - [06/Jan/2025:04:00:23 +0100] "GET / HTTP/1.0" 200 423 "-" "curl/7.88.1"
183.101.107.14 - - [06/Jan/2025:04:00:24 +0100] "GET / HTTP/1.0" 200 423 "-" "curl/7.88.1"
57.129.64.10 - - [06/Jan/2025:04:00:42 +0100] "GET / HTTP/1.1" 200 274 "-" "Mozilla/5.0 (compatible; ModatScanner/1.0; +https://modat.io/)"
156.59.198.136 - - [06/Jan/2025:04:00:56 +0100] "GET /renault.activities.at/htdocs/binaries/renault-/rs-129-fr.doc HTTP/1.0" 404 313 "-" "Mozilla/5.0 (Linux; Android 5.0) AppleWebKit/537.36 (KHTML, like Gecko) Mobile Safari/537.36 (compatible; Bytespider; spider-feedback@bytedance.com)"
154.213.187.122 - - [06/Jan/2025:04:01:05 +0100] "GET /login.rsp HTTP/1.1" 404 354 "-" "Hello World"
156.59.198.136 - - [06/Jan/2025:04:04:56 +0100] "GET /renault.activities.at/htdocs/export/xml/data/orders/202109061503_RenOrder.xml HTTP/1.0" 404 329 "-" "Mozilla/5.0 (Linux; Android 5.0) AppleWebKit/537.36 (KHTML, like Gecko) Mobile Safari/537.36 (compatible; Bytespider; spider-feedback@bytedance.com)"
156.59.198.135 - - [06/Jan/2025:04:08:58 +0100] "GET /renault.activities.at/htdocs/binaries/10126848.doc HTTP/1.0" 404 311 "-" "Mozilla/5.0 (Linux; Android 5.0) AppleWebKit/537.36 (KHTML, like Gecko) Mobile Safari/537.36 (compatible; Bytespider; spider-feedback@bytedance.com)"
156.59.198.136 - - [06/Jan/2025:04:16:58 +0100] "GET /renault.2web.at/htdocs/binaries/renault-/rs-155-fr.doc HTTP/1.0" 404 310 "-" "Mozilla/5.0 (Linux; Android 5.0) AppleWebKit/537.36 (KHTML, like Gecko) Mobile Safari/537.36 (compatible; Bytespider; spider-feedback@bytedance.com)"
171.6.148.76 - - [06/Jan/2025:04:30:22 +0100] "GET / HTTP/1.0" 200 423 "-" "curl/7.88.1"
172.169.111.241 - - [06/Jan/2025:04:38:26 +0100] "MGLNDD_212.69.160.11_80" 400 383 "-" "-"
46.19.138.234 - - [06/Jan/2025:04:41:08 +0100] "GET / HTTP/1.1" 200 274 "-" "Mozilla/5.0 (Windows NT 10.0; Win64; x64) AppleWebKit/537.36 (KHTML, like Gecko) Chrome/90.0.4430.85 Safari/537.36 Edg/90.0.818.46"
5.181.190.248 - - [06/Jan/2025:04:51:20 +0100] "GET / HTTP/1.1" 200 423 "-" "-"
59.24.127.242 - - [06/Jan/2025:05:04:13 +0100] "GET / HTTP/1.0" 200 423 "-" "curl/7.88.1"
156.59.198.136 - - [06/Jan/2025:05:07:00 +0100] "GET /renault.activities.at/htdocs/binaries/10126849.xls HTTP/1.0" 404 311 "-" "Mozilla/5.0 (Linux; Android 5.0) AppleWebKit/537.36 (KHTML, like Gecko) Mobile Safari/537.36 (compatible; Bytespider; spider-feedback@bytedance.com)"
220.77.125.191 - - [06/Jan/2025:05:10:00 +0100] "GET / HTTP/1.0" 200 423 "-" "curl/7.88.1"
156.59.198.135 - - [06/Jan/2025:05:11:09 +0100] "GET /ed-test.2web.at/stats/lang/awstats-nb.txt HTTP/1.0" 404 302 "-" "Mozilla/5.0 (Linux; Android 5.0) AppleWebKit/537.36 (KHTML, like Gecko) Mobile Safari/537.36 (compatible; Bytespider; spider-feedback@bytedance.com)"
156.59.198.136 - - [06/Jan/2025:05:20:23 +0100] "GET /renault.2web.at/htdocs/binaries/10006727.doc HTTP/1.0" 404 307 "-" "Mozilla/5.0 (Linux; Android 5.0) AppleWebKit/537.36 (KHTML, like Gecko) Mobile Safari/537.36 (compatible; Bytespider; spider-feedback@bytedance.com)"
222.100.211.17 - - [06/Jan/2025:05:26:29 +0100] "GET / HTTP/1.0" 200 423 "-" "curl/7.88.1"
80.82.77.202 - - [06/Jan/2025:05:30:37 +0100] "GET / HTTP/1.0" 200 423 "-" "Mozilla/5.0 (Linux; U; Android 2.2; en-us; SCH-I800 Build/FROYO) AppleWebKit/533.1 (KHTML, like Gecko) Version/4.0 Mobile Safari/533.1"
194.195.210.116 - - [06/Jan/2025:05:31:24 +0100] "POST /wsman HTTP/1.1" 404 281 "-" "Mozilla/5.0 (Macintosh; Intel Mac OS X 10_15_7) AppleWebKit/537.36 (KHTML, like Gecko) Chrome/92.0.4515.159 Safari/537.36"
173.255.209.168 - - [06/Jan/2025:05:31:26 +0100] "GET / HTTP/1.1" 200 274 "-" "Mozilla/5.0 (Macintosh; Intel Mac OS X 10_15_7) AppleWebKit/537.36 (KHTML, like Gecko) Chrome/92.0.4515.159 Safari/537.36"
23.92.21.44 - - [06/Jan/2025:05:31:26 +0100] "GET / HTTP/1.1" 200 423 "-" "Mozilla/5.0 (Windows NT 10.0; Win64; x64; rv:109.0) Gecko/20100101 Firefox/109.0"
147.182.143.80 - - [06/Jan/2025:05:31:26 +0100] "GET /sslvpnLogin.html HTTP/1.1" 404 288 "-" "Mozilla/5.0 (Macintosh; Intel Mac OS X 10_15_7) AppleWebKit/537.36 (KHTML, like Gecko) Chrome/92.0.4515.159 Safari/537.36"
147.182.143.80 - - [06/Jan/2025:05:31:26 +0100] "GET / HTTP/1.1" 200 274 "-" "Mozilla/5.0 (Macintosh; Intel Mac OS X 10_15_7) AppleWebKit/537.36 (KHTML, like Gecko) Chrome/92.0.4515.159 Safari/537.36"
147.182.143.80 - - [06/Jan/2025:05:31:26 +0100] "GET /api/sonicos/auth HTTP/1.1" 404 287 "-" "Mozilla/5.0 (Macintosh; Intel Mac OS X 10_15_7) AppleWebKit/537.36 (KHTML, like Gecko) Chrome/92.0.4515.159 Safari/537.36"
147.182.143.80 - - [06/Jan/2025:05:31:26 +0100] "GET /auth1.html HTTP/1.1" 404 283 "-" "Mozilla/5.0 (Macintosh; Intel Mac OS X 10_15_7) AppleWebKit/537.36 (KHTML, like Gecko) Chrome/92.0.4515.159 Safari/537.36"
147.182.143.80 - - [06/Jan/2025:05:31:26 +0100] "GET /auth.html HTTP/1.1" 404 282 "-" "Mozilla/5.0 (Macintosh; Intel Mac OS X 10_15_7) AppleWebKit/537.36 (KHTML, like Gecko) Chrome/92.0.4515.159 Safari/537.36"
147.182.143.80 - - [06/Jan/2025:05:31:26 +0100] "GET /api/sonicos/tfa HTTP/1.1" 404 287 "-" "Mozilla/5.0 (Macintosh; Intel Mac OS X 10_15_7) AppleWebKit/537.36 (KHTML, like Gecko) Chrome/92.0.4515.159 Safari/537.36"
45.33.10.140 - - [06/Jan/2025:05:32:35 +0100] "GET / HTTP/1.1" 200 274 "-" "Mozilla/5.0 (Windows NT 10.0; Win64; x64) AppleWebKit/537.36 (KHTML, like Gecko) Chrome/83.0.4103.61 Safari/537.36"
45.33.10.140 - - [06/Jan/2025:05:32:35 +0100] "GET /activities.ico HTTP/1.1" 200 1406 "-" "Mozilla/5.0 (Windows NT 10.0; Win64; x64) AppleWebKit/537.36 (KHTML, like Gecko) Chrome/83.0.4103.61 Safari/537.36"
45.33.10.140 - - [06/Jan/2025:05:35:15 +0100] "GET / HTTP/1.1" 200 274 "-" "Mozilla/5.0 (Windows NT 10.0; Win64; x64) AppleWebKit/537.36 (KHTML, like Gecko) Chrome/83.0.4103.61 Safari/537.36"
45.33.10.140 - - [06/Jan/2025:05:35:15 +0100] "GET /layout.php HTTP/1.1" 200 816 "http://212.69.160.11/" "Mozilla/5.0 (X11; Linux x86_64) AppleWebKit/537.36 (KHTML, like Gecko) HeadlessChrome/131.0.6778.139 Safari/537.36"
45.33.10.140 - - [06/Jan/2025:05:35:16 +0100] "GET /gui/javascript/form_form.js HTTP/1.1" 200 16206 "http://212.69.160.11/layout.php" "Mozilla/5.0 (X11; Linux x86_64) AppleWebKit/537.36 (KHTML, like Gecko) HeadlessChrome/131.0.6778.139 Safari/537.36"
45.33.10.140 - - [06/Jan/2025:05:35:16 +0100] "GET /entry.php?id=11412 HTTP/1.1" 200 1758 "http://212.69.160.11/layout.php" "Mozilla/5.0 (X11; Linux x86_64) AppleWebKit/537.36 (KHTML, like Gecko) HeadlessChrome/131.0.6778.139 Safari/537.36"
45.33.10.140 - - [06/Jan/2025:05:35:16 +0100] "GET /entry.php?id=10273 HTTP/1.1" 200 1902 "http://212.69.160.11/layout.php" "Mozilla/5.0 (X11; Linux x86_64) AppleWebKit/537.36 (KHTML, like Gecko) HeadlessChrome/131.0.6778.139 Safari/537.36"
45.33.10.140 - - [06/Jan/2025:05:35:16 +0100] "GET /entry.php?id=10270 HTTP/1.1" 200 909 "http://212.69.160.11/layout.php" "Mozilla/5.0 (X11; Linux x86_64) AppleWebKit/537.36 (KHTML, like Gecko) HeadlessChrome/131.0.6778.139 Safari/537.36"
45.33.10.140 - - [06/Jan/2025:05:35:16 +0100] "GET /entry.php?id=10272 HTTP/1.1" 200 1159 "http://212.69.160.11/layout.php" "Mozilla/5.0 (X11; Linux x86_64) AppleWebKit/537.36 (KHTML, like Gecko) HeadlessChrome/131.0.6778.139 Safari/537.36"
45.33.10.140 - - [06/Jan/2025:05:35:17 +0100] "GET /gui/javascript/jquery/css/gui-themes/ui.spinner.css HTTP/1.1" 200 350 "http://212.69.160.11/entry.php?id=11412" "Mozilla/5.0 (X11; Linux x86_64) AppleWebKit/537.36 (KHTML, like Gecko) HeadlessChrome/131.0.6778.139 Safari/537.36"
45.33.10.140 - - [06/Jan/2025:05:35:17 +0100] "GET /gui/javascript/jquery/css/gui-themes/custom.min.css HTTP/1.1" 200 5618 "http://212.69.160.11/entry.php?id=11412" "Mozilla/5.0 (X11; Linux x86_64) AppleWebKit/537.36 (KHTML, like Gecko) HeadlessChrome/131.0.6778.139 Safari/537.36"
45.33.10.140 - - [06/Jan/2025:05:35:17 +0100] "GET /gui/javascript/jquery/css/gui-themes/jquery.tooltip.css HTTP/1.1" 200 246 "http://212.69.160.11/entry.php?id=11412" "Mozilla/5.0 (X11; Linux x86_64) AppleWebKit/537.36 (KHTML, like Gecko) HeadlessChrome/131.0.6778.139 Safari/537.36"
45.33.10.140 - - [06/Jan/2025:05:35:17 +0100] "GET /gui/styles/tmplDefault.css HTTP/1.1" 200 2135 "http://212.69.160.11/entry.php?id=11412" "Mozilla/5.0 (X11; Linux x86_64) AppleWebKit/537.36 (KHTML, like Gecko) HeadlessChrome/131.0.6778.139 Safari/537.36"
45.33.10.140 - - [06/Jan/2025:05:35:17 +0100] "GET /framework/webfx/style/toolbar/cb2.css HTTP/1.1" 200 793 "http://212.69.160.11/entry.php?id=10273" "Mozilla/5.0 (X11; Linux x86_64) AppleWebKit/537.36 (KHTML, like Gecko) HeadlessChrome/131.0.6778.139 Safari/537.36"
45.33.10.140 - - [06/Jan/2025:05:35:17 +0100] "GET /gui/javascript/form_form.js?1736138116 HTTP/1.1" 200 16206 "http://212.69.160.11/entry.php?id=11412" "Mozilla/5.0 (X11; Linux x86_64) AppleWebKit/537.36 (KHTML, like Gecko) HeadlessChrome/131.0.6778.139 Safari/537.36"
45.33.10.140 - - [06/Jan/2025:05:35:17 +0100] "GET /gui/javascript/jquery/jquery-tooltip/jquery.tooltip.min.js HTTP/1.1" 200 1982 "http://212.69.160.11/entry.php?id=11412" "Mozilla/5.0 (X11; Linux x86_64) AppleWebKit/537.36 (KHTML, like Gecko) HeadlessChrome/131.0.6778.139 Safari/537.36"
45.33.10.140 - - [06/Jan/2025:05:35:17 +0100] "GET /framework/webfx/javascript/toolbar/ieemu.js HTTP/1.1" 200 2366 "http://212.69.160.11/entry.php?id=10273" "Mozilla/5.0 (X11; Linux x86_64) AppleWebKit/537.36 (KHTML, like Gecko) HeadlessChrome/131.0.6778.139 Safari/537.36"
45.33.10.140 - - [06/Jan/2025:05:35:17 +0100] "GET /framework/webfx/javascript/toolbar/cb2.js HTTP/1.1" 200 1686 "http://212.69.160.11/entry.php?id=10273" "Mozilla/5.0 (X11; Linux x86_64) AppleWebKit/537.36 (KHTML, like Gecko) HeadlessChrome/131.0.6778.139 Safari/537.36"
45.33.10.140 - - [06/Jan/2025:05:35:17 +0100] "GET /gui/javascript/jquery/js/jquery-1.8.2.js HTTP/1.1" 200 35391 "http://212.69.160.11/entry.php?id=11412" "Mozilla/5.0 (X11; Linux x86_64) AppleWebKit/537.36 (KHTML, like Gecko) HeadlessChrome/131.0.6778.139 Safari/537.36"
45.33.10.140 - - [06/Jan/2025:05:35:17 +0100] "GET /framework/webfx/javascript/statusbar/statusBar.js HTTP/1.1" 200 649 "http://212.69.160.11/entry.php?id=10272" "Mozilla/5.0 (X11; Linux x86_64) AppleWebKit/537.36 (KHTML, like Gecko) HeadlessChrome/131.0.6778.139 Safari/537.36"
45.33.10.140 - - [06/Jan/2025:05:35:17 +0100] "GET /gui/images/icons/cancel.gif HTTP/1.1" 200 125 "http://212.69.160.11/entry.php?id=11412" "Mozilla/5.0 (X11; Linux x86_64) AppleWebKit/537.36 (KHTML, like Gecko) HeadlessChrome/131.0.6778.139 Safari/537.36"
45.33.10.140 - - [06/Jan/2025:05:35:17 +0100] "GET /gui/javascript/jquery/js/jquery-ui-1.9.0.custom.min.js HTTP/1.1" 200 51286 "http://212.69.160.11/entry.php?id=11412" "Mozilla/5.0 (X11; Linux x86_64) AppleWebKit/537.36 (KHTML, like Gecko) HeadlessChrome/131.0.6778.139 Safari/537.36"
45.33.10.140 - - [06/Jan/2025:05:35:17 +0100] "GET /gui/images/icons/Logo_activites_RGB.gif HTTP/1.1" 200 1336 "http://212.69.160.11/entry.php?id=10273" "Mozilla/5.0 (X11; Linux x86_64) AppleWebKit/537.36 (KHTML, like Gecko) HeadlessChrome/131.0.6778.139 Safari/537.36"
45.33.10.140 - - [06/Jan/2025:05:35:17 +0100] "GET /gui/images/emptybar.gif HTTP/1.1" 200 89 "http://212.69.160.11/entry.php?id=10272" "Mozilla/5.0 (X11; Linux x86_64) AppleWebKit/537.36 (KHTML, like Gecko) HeadlessChrome/131.0.6778.139 Safari/537.36"
45.33.10.140 - - [06/Jan/2025:05:35:17 +0100] "GET /entry.php?id=10287 HTTP/1.1" 200 2386 "http://212.69.160.11/entry.php?id=11412" "Mozilla/5.0 (X11; Linux x86_64) AppleWebKit/537.36 (KHTML, like Gecko) HeadlessChrome/131.0.6778.139 Safari/537.36"
45.33.10.140 - - [06/Jan/2025:05:35:17 +0100] "GET /entry.php?id=10271& HTTP/1.1" 200 934 "http://212.69.160.11/entry.php?id=10272" "Mozilla/5.0 (X11; Linux x86_64) AppleWebKit/537.36 (KHTML, like Gecko) HeadlessChrome/131.0.6778.139 Safari/537.36"
45.33.10.140 - - [06/Jan/2025:05:35:18 +0100] "GET /gui/javascript/form_form.js?1736138118 HTTP/1.1" 200 16206 "http://212.69.160.11/entry.php?id=10287" "Mozilla/5.0 (X11; Linux x86_64) AppleWebKit/537.36 (KHTML, like Gecko) HeadlessChrome/131.0.6778.139 Safari/537.36"
45.33.10.140 - - [06/Jan/2025:05:35:18 +0100] "GET /entry.php?id=10270& HTTP/1.1" 200 909 "http://212.69.160.11/entry.php?id=10287" "Mozilla/5.0 (X11; Linux x86_64) AppleWebKit/537.36 (KHTML, like Gecko) HeadlessChrome/131.0.6778.139 Safari/537.36"
45.33.10.140 - - [06/Jan/2025:05:35:18 +0100] "GET /entry.php?id=10273& HTTP/1.1" 200 1902 "http://212.69.160.11/entry.php?id=10287" "Mozilla/5.0 (X11; Linux x86_64) AppleWebKit/537.36 (KHTML, like Gecko) HeadlessChrome/131.0.6778.139 Safari/537.36"
98.159.234.48 - - [06/Jan/2025:05:40:01 +0100] "GET / HTTP/1.1" 200 274 "-" "Mozilla/5.0"
147.185.132.177 - - [06/Jan/2025:05:41:02 +0100] "GET / HTTP/1.0" 200 423 "-" "Expanse, a Palo Alto Networks company, searches across the global IPv4 space multiple times per day to identify customers' presences on the Internet. If you would like to be excluded from our scans, please send IP addresses/domains to: scaninfo@paloaltonetworks.com"
45.56.114.50 - - [06/Jan/2025:05:53:22 +0100] "GET / HTTP/1.0" 200 423 "-" "-"
45.56.114.50 - - [06/Jan/2025:05:53:24 +0100] "Gh0st\xad" 400 383 "-" "-"
68.183.161.97 - - [06/Jan/2025:05:53:26 +0100] "GET / HTTP/1.0" 200 423 "-" "-"
45.56.114.50 - - [06/Jan/2025:05:53:28 +0100] "HELP" 400 383 "-" "-"
45.56.114.50 - - [06/Jan/2025:05:53:28 +0100] "\x1b\x84\xd5\xb0]\xf4\xc4\x93\xc50\xc2X\x8c\xda\xb1\xd7\xac\xafn\x1d\xe1\x1e\x1a3*\x85\xb7\x1d'\xb1\xc9k\xbf\xf0\xbc" 400 383 "-" "-"
45.56.114.50 - - [06/Jan/2025:05:53:30 +0100] "\x16\x03\x01" 400 383 "-" "-"
45.56.114.50 - - [06/Jan/2025:05:53:31 +0100] "\xbd\xff\x9e\xffE\xff\x9e\xff\xbd\xff\x9e\xff\xa4\xff\x86\xff\xc4\xff\xbe\xff\xc7\xff\xdb\xff\xee\xff\xd9\xff\xed\xff\xa4\xff\x9d\xff\xcf\xff\xd8\xff\xe5\xff\x04\xff\x12\xff0\xff\xb1\xff\xbd\xff\xe7\xff\xe2\xff\xdd\xff\xdc\xff\xde\xff\xc8\xff\xcc\xff\xbe\xff\xf8\xff&\xff\x01\xff\x0f\xff\xf5\xff\x06\xff\xff\xff\xf7\xff!\xff\xde\xff\x02\xff&\xff\x0c\xff\x01\xff\xf5\xff" 400 383 "-" "-"
194.195.210.60 - - [06/Jan/2025:05:56:59 +0100] "GET / HTTP/1.0" 200 423 "-" "-"
14.56.193.140 - - [06/Jan/2025:06:09:21 +0100] "GET / HTTP/1.0" 200 423 "-" "curl/7.88.1"
156.59.198.136 - - [06/Jan/2025:06:13:46 +0100] "GET /renault.activities.at/htdocs/binaries/10225299.pdf HTTP/1.0" 404 311 "-" "Mozilla/5.0 (Linux; Android 5.0) AppleWebKit/537.36 (KHTML, like Gecko) Mobile Safari/537.36 (compatible; Bytespider; spider-feedback@bytedance.com)"
156.59.198.135 - - [06/Jan/2025:06:17:47 +0100] "GET /renault.activities.at/htdocs/export/xml/data/orders/201909201203_RenOrder.xml HTTP/1.0" 404 328 "-" "Mozilla/5.0 (Linux; Android 5.0) AppleWebKit/537.36 (KHTML, like Gecko) Mobile Safari/537.36 (compatible; Bytespider; spider-feedback@bytedance.com)"
156.59.198.136 - - [06/Jan/2025:06:21:47 +0100] "GET /ed-test.2web.at/etc/redirects/redirects.xls HTTP/1.0" 404 301 "-" "Mozilla/5.0 (Linux; Android 5.0) AppleWebKit/537.36 (KHTML, like Gecko) Mobile Safari/537.36 (compatible; Bytespider; spider-feedback@bytedance.com)"
207.154.253.99 - - [06/Jan/2025:06:24:24 +0100] "GET /.git/config HTTP/1.1" 404 285 "-" "Mozilla/5.0 (ZZ; Linux x86_64) AppleWebKit/537.36 (KHTML, like Gecko) Chrome/121.0.0.0 Safari/537.36"
207.154.253.99 - - [06/Jan/2025:06:24:34 +0100] "GET /.git/config HTTP/1.1" 404 285 "-" "Mozilla/5.0 (ZZ; Linux x86_64) AppleWebKit/537.36 (KHTML, like Gecko) Chrome/121.0.0.0 Safari/537.36"
154.213.184.132 - - [06/Jan/2025:06:27:53 +0100] "CONNECT google.com:443 HTTP/1.1" 200 423 "-" "Go-http-client/1.1"
156.59.198.136 - - [06/Jan/2025:06:44:37 +0100] "GET /ed-test.2web.at/stats/lang/awstats-hr.txt HTTP/1.0" 404 302 "-" "Mozilla/5.0 (Linux; Android 5.0) AppleWebKit/537.36 (KHTML, like Gecko) Mobile Safari/537.36 (compatible; Bytespider; spider-feedback@bytedance.com)"
54.201.102.169 - - [06/Jan/2025:06:46:13 +0100] "GET / HTTP/1.1" 200 274 "-" "Mozilla/5.0 (Macintosh; Intel Mac OS X 10_11_5) AppleWebKit/537.36 (KHTML, like Gecko) Chrome/50.0.2661.102 Safari/537.36"
34.76.133.13 - - [06/Jan/2025:06:47:54 +0100] "GET / HTTP/1.1" 200 274 "-" "python-requests/2.32.3"
156.59.198.135 - - [06/Jan/2025:06:48:37 +0100] "GET /renault.2web.at/htdocs/binaries/10126848.doc HTTP/1.0" 404 307 "-" "Mozilla/5.0 (Linux; Android 5.0) AppleWebKit/537.36 (KHTML, like Gecko) Mobile Safari/537.36 (compatible; Bytespider; spider-feedback@bytedance.com)"
3.147.59.36 - - [06/Jan/2025:06:49:55 +0100] "\x16\x03\x01" 400 383 "-" "-"
3.147.59.36 - - [06/Jan/2025:06:49:57 +0100] "GET / HTTP/1.1" 200 274 "-" "Mozilla/5.0 (Macintosh; Intel Mac OS X 10_15_7) Chrome/126.0.0.0 Safari/537.36"
156.59.198.136 - - [06/Jan/2025:06:54:05 +0100] "GET /renault.activities.at/htdocs/binaries/10118689.pdf HTTP/1.0" 404 311 "-" "Mozilla/5.0 (Linux; Android 5.0) AppleWebKit/537.36 (KHTML, like Gecko) Mobile Safari/537.36 (compatible; Bytespider; spider-feedback@bytedance.com)"
45.79.120.183 - - [06/Jan/2025:07:01:49 +0100] "\x16\x03\x01" 400 383 "-" "-"
45.79.120.183 - - [06/Jan/2025:07:01:55 +0100] "GET / HTTP/1.1" 200 274 "-" "Mozilla/5.0 (Debian; Linux x86_64; rv:126.0) Gecko/20100101 Firefox/126.0"
156.59.198.135 - - [06/Jan/2025:07:17:15 +0100] "GET /ed.activities.at/etc/redirects/redirects.xls HTTP/1.0" 404 302 "-" "Mozilla/5.0 (Linux; Android 5.0) AppleWebKit/537.36 (KHTML, like Gecko) Mobile Safari/537.36 (compatible; Bytespider; spider-feedback@bytedance.com)"
146.247.186.78 - - [06/Jan/2025:07:30:20 +0100] "GET /geju.php HTTP/1.1" 404 295 "-" "Mozlila/5.0 (Linux; Android 7.0; SM-G892A Bulid/NRD90M; wv) AppleWebKit/537.36 (KHTML, like Gecko) Version/4.0 Chrome/60.0.3112.107 Moblie Safari/537.36"
146.247.186.78 - - [06/Jan/2025:07:30:27 +0100] "GET /wp-content/plugins/about.php HTTP/1.1" 404 308 "-" "Mozlila/5.0 (Linux; Android 7.0; SM-G892A Bulid/NRD90M; wv) AppleWebKit/537.36 (KHTML, like Gecko) Version/4.0 Chrome/60.0.3112.107 Moblie Safari/537.36"
146.247.186.78 - - [06/Jan/2025:07:30:31 +0100] "GET /wp.php HTTP/1.1" 404 293 "-" "Mozlila/5.0 (Linux; Android 7.0; SM-G892A Bulid/NRD90M; wv) AppleWebKit/537.36 (KHTML, like Gecko) Version/4.0 Chrome/60.0.3112.107 Moblie Safari/537.36"
146.247.186.78 - - [06/Jan/2025:07:30:37 +0100] "GET /hoot.php HTTP/1.1" 404 294 "-" "Mozlila/5.0 (Linux; Android 7.0; SM-G892A Bulid/NRD90M; wv) AppleWebKit/537.36 (KHTML, like Gecko) Version/4.0 Chrome/60.0.3112.107 Moblie Safari/537.36"
146.247.186.78 - - [06/Jan/2025:07:30:45 +0100] "GET /about.php HTTP/1.1" 404 295 "-" "Mozlila/5.0 (Linux; Android 7.0; SM-G892A Bulid/NRD90M; wv) AppleWebKit/537.36 (KHTML, like Gecko) Version/4.0 Chrome/60.0.3112.107 Moblie Safari/537.36"
146.247.186.78 - - [06/Jan/2025:07:30:49 +0100] "GET /admin.php HTTP/1.1" 404 294 "-" "Mozlila/5.0 (Linux; Android 7.0; SM-G892A Bulid/NRD90M; wv) AppleWebKit/537.36 (KHTML, like Gecko) Version/4.0 Chrome/60.0.3112.107 Moblie Safari/537.36"
146.247.186.78 - - [06/Jan/2025:07:30:52 +0100] "GET /wp-content/plugins/admin.php HTTP/1.1" 404 308 "-" "Mozlila/5.0 (Linux; Android 7.0; SM-G892A Bulid/NRD90M; wv) AppleWebKit/537.36 (KHTML, like Gecko) Version/4.0 Chrome/60.0.3112.107 Moblie Safari/537.36"
146.247.186.78 - - [06/Jan/2025:07:30:54 +0100] "GET /wp-content/db-cache.php HTTP/1.1" 404 304 "-" "Mozlila/5.0 (Linux; Android 7.0; SM-G892A Bulid/NRD90M; wv) AppleWebKit/537.36 (KHTML, like Gecko) Version/4.0 Chrome/60.0.3112.107 Moblie Safari/537.36"
146.247.186.78 - - [06/Jan/2025:07:30:58 +0100] "GET /wp-content/themes/twentyeleven/functions.php HTTP/1.1" 404 317 "-" "Mozlila/5.0 (Linux; Android 7.0; SM-G892A Bulid/NRD90M; wv) AppleWebKit/537.36 (KHTML, like Gecko) Version/4.0 Chrome/60.0.3112.107 Moblie Safari/537.36"
146.247.186.78 - - [06/Jan/2025:07:31:16 +0100] "GET /wp-content/themes/oceanwp/functions.php HTTP/1.1" 404 315 "-" "Mozlila/5.0 (Linux; Android 7.0; SM-G892A Bulid/NRD90M; wv) AppleWebKit/537.36 (KHTML, like Gecko) Version/4.0 Chrome/60.0.3112.107 Moblie Safari/537.36"
146.247.186.78 - - [06/Jan/2025:07:31:19 +0100] "GET /wp-content/themes/twentythirteen/functions.php HTTP/1.1" 404 318 "-" "Mozlila/5.0 (Linux; Android 7.0; SM-G892A Bulid/NRD90M; wv) AppleWebKit/537.36 (KHTML, like Gecko) Version/4.0 Chrome/60.0.3112.107 Moblie Safari/537.36"
152.32.213.68 - - [06/Jan/2025:07:31:25 +0100] "GET /favicon.ico HTTP/1.1" 404 284 "-" "Go-http-client/1.1"
152.32.213.68 - - [06/Jan/2025:07:31:25 +0100] "GET /sitemap.xml HTTP/1.1" 404 285 "-" "Go-http-client/1.1"
152.32.213.68 - - [06/Jan/2025:07:31:25 +0100] "GET /robots.txt HTTP/1.1" 404 284 "-" "Go-http-client/1.1"
146.247.186.78 - - [06/Jan/2025:07:31:28 +0100] "GET /wp-content/themes/kadence/functions.php HTTP/1.1" 404 315 "-" "Mozlila/5.0 (Linux; Android 7.0; SM-G892A Bulid/NRD90M; wv) AppleWebKit/537.36 (KHTML, like Gecko) Version/4.0 Chrome/60.0.3112.107 Moblie Safari/537.36"
152.32.213.68 - - [06/Jan/2025:07:31:29 +0100] "GET / HTTP/1.1" 200 274 "-" "Mozilla/5.0 (X11; Linux x86_64) AppleWebKit/602.43 (KHTML, like Gecko) Chrome/79.0.2177 Safari/537.36"
152.32.213.68 - - [06/Jan/2025:07:31:29 +0100] "GET /activities.ico HTTP/1.1" 200 1406 "-" "Go-http-client/1.1"
152.32.213.68 - - [06/Jan/2025:07:31:30 +0100] "GET /sitemap.xml HTTP/1.1" 404 285 "-" "Go-http-client/1.1"
152.32.213.68 - - [06/Jan/2025:07:31:30 +0100] "GET /robots.txt HTTP/1.1" 404 284 "-" "Go-http-client/1.1"
146.247.186.78 - - [06/Jan/2025:07:31:33 +0100] "GET /wp-content/themes/twentytwenty/functions.php HTTP/1.1" 404 315 "-" "Mozlila/5.0 (Linux; Android 7.0; SM-G892A Bulid/NRD90M; wv) AppleWebKit/537.36 (KHTML, like Gecko) Version/4.0 Chrome/60.0.3112.107 Moblie Safari/537.36"
13.52.212.109 - - [06/Jan/2025:07:35:47 +0100] "GET / HTTP/1.1" 200 274 "-" "Mozilla/5.0 (Macintosh; Intel Mac OS X 10_11_5) AppleWebKit/537.36 (KHTML, like Gecko) Chrome/50.0.2661.102 Safari/537.36"
193.34.212.75 - - [06/Jan/2025:07:42:32 +0100] "GET / HTTP/1.1" 200 423 "-" "-"
156.59.198.135 - - [06/Jan/2025:07:44:27 +0100] "GET /renault.activities.at/htdocs/export/xml/data/orders/202111231703_RenOrder.xml HTTP/1.0" 404 329 "-" "Mozilla/5.0 (Linux; Android 5.0) AppleWebKit/537.36 (KHTML, like Gecko) Mobile Safari/537.36 (compatible; Bytespider; spider-feedback@bytedance.com)"
118.193.43.158 - - [06/Jan/2025:07:47:33 +0100] "GET /favicon.ico HTTP/1.1" 404 284 "-" "Go-http-client/1.1"
118.193.43.158 - - [06/Jan/2025:07:47:34 +0100] "GET /sitemap.xml HTTP/1.1" 404 285 "-" "Go-http-client/1.1"
118.193.43.158 - - [06/Jan/2025:07:47:34 +0100] "GET /robots.txt HTTP/1.1" 404 284 "-" "Go-http-client/1.1"
118.193.43.158 - - [06/Jan/2025:07:47:37 +0100] "GET / HTTP/1.1" 200 274 "-" "Mozilla/5.0 (Macintosh; Intel Mac OS X 9_2_1) AppleWebKit/568.45 (KHTML, like Gecko) Chrome/65.0.1438 Safari/537.36"
118.193.43.158 - - [06/Jan/2025:07:47:38 +0100] "GET /activities.ico HTTP/1.1" 200 1406 "-" "Go-http-client/1.1"
118.193.43.158 - - [06/Jan/2025:07:47:38 +0100] "GET /robots.txt HTTP/1.1" 404 284 "-" "Go-http-client/1.1"
118.193.43.158 - - [06/Jan/2025:07:47:38 +0100] "GET /sitemap.xml HTTP/1.1" 404 285 "-" "Go-http-client/1.1"
156.59.198.136 - - [06/Jan/2025:07:49:51 +0100] "GET /ed-test.2web.at/stats/lang/awstats-et.txt HTTP/1.0" 404 302 "-" "Mozilla/5.0 (Linux; Android 5.0) AppleWebKit/537.36 (KHTML, like Gecko) Mobile Safari/537.36 (compatible; Bytespider; spider-feedback@bytedance.com)"
156.59.198.135 - - [06/Jan/2025:07:53:51 +0100] "GET /ed-test.2web.at/stats/lang/awstats-cz.txt HTTP/1.0" 404 303 "-" "Mozilla/5.0 (Linux; Android 5.0) AppleWebKit/537.36 (KHTML, like Gecko) Mobile Safari/537.36 (compatible; Bytespider; spider-feedback@bytedance.com)"
179.43.191.146 - - [06/Jan/2025:07:55:02 +0100] "GET / HTTP/1.1" 200 274 "-" "Mozilla/5.0 (Windows NT 10.0; Win64; x64) AppleWebKit/537.36 (KHTML, like Gecko) Chrome/90.0.4430.85 Safari/537.36 Edg/90.0.818.46"
156.59.198.136 - - [06/Jan/2025:07:57:51 +0100] "GET /renault.activities.at/htdocs/export/xml/data/orders/202003061203_RenOrder.xml HTTP/1.0" 404 329 "-" "Mozilla/5.0 (Linux; Android 5.0) AppleWebKit/537.36 (KHTML, like Gecko) Mobile Safari/537.36 (compatible; Bytespider; spider-feedback@bytedance.com)"
156.59.198.136 - - [06/Jan/2025:08:01:51 +0100] "GET /renault.activities.at/htdocs/binaries/10188912.pdf HTTP/1.0" 404 311 "-" "Mozilla/5.0 (Linux; Android 5.0) AppleWebKit/537.36 (KHTML, like Gecko) Mobile Safari/537.36 (compatible; Bytespider; spider-feedback@bytedance.com)"
156.59.198.135 - - [06/Jan/2025:08:05:51 +0100] "GET /renault.activities.at/htdocs/activities/framework/webfx/javascript/tinymce/skins/lightgray/fonts/readme.md HTTP/1.0" 404 346 "-" "Mozilla/5.0 (Linux; Android 5.0) AppleWebKit/537.36 (KHTML, like Gecko) Mobile Safari/537.36 (compatible; Bytespider; spider-feedback@bytedance.com)"
115.20.187.167 - - [06/Jan/2025:08:09:39 +0100] "GET / HTTP/1.0" 200 423 "-" "curl/7.88.1"
156.59.198.136 - - [06/Jan/2025:08:09:52 +0100] "GET /renault.activities.at/htdocs/binaries/10073812.pdf HTTP/1.0" 404 312 "-" "Mozilla/5.0 (Linux; Android 5.0) AppleWebKit/537.36 (KHTML, like Gecko) Mobile Safari/537.36 (compatible; Bytespider; spider-feedback@bytedance.com)"
195.3.223.55 - - [06/Jan/2025:08:10:15 +0100] "GET / HTTP/1.1" 200 423 "-" "-"
79.50.170.149 - - [06/Jan/2025:08:10:38 +0100] "GET / HTTP/1.0" 200 423 "-" "curl/7.88.1"
156.59.198.136 - - [06/Jan/2025:08:13:51 +0100] "GET /renault.activities.at/htdocs/binaries/10665041.pdf HTTP/1.0" 404 311 "-" "Mozilla/5.0 (Linux; Android 5.0) AppleWebKit/537.36 (KHTML, like Gecko) Mobile Safari/537.36 (compatible; Bytespider; spider-feedback@bytedance.com)"
87.120.115.119 - - [06/Jan/2025:08:51:28 +0100] "GET /.env HTTP/1.1" 404 280 "-" "Mozilla/5.0 (Linux; Android 5.0.1; GT-I9500) AppleWebKit/537.36 (KHTML, like Gecko) Chrome/76.0.3809.111 Mobile Safari/537.36"
156.59.198.135 - - [06/Jan/2025:08:57:10 +0100] "GET /renault.2web.at/htdocs/export/xml/data/exportArticles_20231019095110.xml HTTP/1.0" 404 325 "-" "Mozilla/5.0 (Linux; Android 5.0) AppleWebKit/537.36 (KHTML, like Gecko) Mobile Safari/537.36 (compatible; Bytespider; spider-feedback@bytedance.com)"
156.59.198.136 - - [06/Jan/2025:09:05:10 +0100] "GET /renault.2web.at/htdocs/binaries/10197031.doc HTTP/1.0" 404 307 "-" "Mozilla/5.0 (Linux; Android 5.0) AppleWebKit/537.36 (KHTML, like Gecko) Mobile Safari/537.36 (compatible; Bytespider; spider-feedback@bytedance.com)"
45.134.225.136 - - [06/Jan/2025:09:20:01 +0100] "GET / HTTP/1.1" 200 423 "-" "Hello World"
31.220.0.86 - - [06/Jan/2025:09:24:01 +0100] "GET /.git/config HTTP/1.1" 404 299 "-" "Mozilla/5.0 (Macintosh; Intel Mac OS X 10_13_6) AppleWebKit/537.36 (KHTML, like Gecko) Chrome/71.0.3542.0 Safari/537.36"
66.249.64.33 - - [06/Jan/2025:09:28:46 +0100] "GET /robots.txt HTTP/1.1" 404 292 "-" "Mozilla/5.0 (compatible; Googlebot/2.1; +http://www.google.com/bot.html)"
156.59.198.136 - - [06/Jan/2025:09:43:41 +0100] "GET /renault.activities.at/htdocs/activities/framework/webfx/javascript/flot/API.md HTTP/1.0" 404 327 "-" "Mozilla/5.0 (Linux; Android 5.0) AppleWebKit/537.36 (KHTML, like Gecko) Mobile Safari/537.36 (compatible; Bytespider; spider-feedback@bytedance.com)"
172.202.246.89 - - [06/Jan/2025:09:46:06 +0100] "GET /manager/html HTTP/1.1" 404 283 "-" "Mozilla/5.0 zgrab/0.x"
156.59.198.136 - - [06/Jan/2025:09:47:51 +0100] "GET /ed-test.2web.at/stats/lang/awstats-id.txt HTTP/1.0" 404 302 "-" "Mozilla/5.0 (Linux; Android 5.0) AppleWebKit/537.36 (KHTML, like Gecko) Mobile Safari/537.36 (compatible; Bytespider; spider-feedback@bytedance.com)"
114.181.182.38 - - [06/Jan/2025:09:49:42 +0100] "GET / HTTP/1.0" 200 423 "-" "curl/7.88.1"
5.181.190.248 - - [06/Jan/2025:10:00:50 +0100] "GET / HTTP/1.1" 200 423 "-" "-"
46.19.138.234 - - [06/Jan/2025:10:03:41 +0100] "GET / HTTP/1.1" 200 274 "-" "Mozilla/5.0 (Windows NT 10.0; Win64; x64) AppleWebKit/537.36 (KHTML, like Gecko) Chrome/90.0.4430.85 Safari/537.36 Edg/90.0.818.46"
156.59.198.136 - - [06/Jan/2025:10:11:27 +0100] "GET /renault.activities.at/htdocs/activities/framework/webfx/javascript/tinymce/langs/readme.md HTTP/1.0" 404 334 "-" "Mozilla/5.0 (Linux; Android 5.0) AppleWebKit/537.36 (KHTML, like Gecko) Mobile Safari/537.36 (compatible; Bytespider; spider-feedback@bytedance.com)"
222.118.255.7 - - [06/Jan/2025:10:25:33 +0100] "GET / HTTP/1.0" 200 423 "-" "curl/7.88.1"
110.141.6.250 - - [06/Jan/2025:10:53:09 +0100] "GET / HTTP/1.0" 200 423 "-" "Mozilla/5.0 (Linux; U; Android 4.0.3; ko-kr; LG-L160L Build/IML74K) AppleWebkit/534.30 (KHTML, like Gecko) Version/4.0 Mobile Safari/534.30"
195.3.223.55 - - [06/Jan/2025:10:59:37 +0100] "GET / HTTP/1.1" 200 423 "-" "-"
156.59.198.136 - - [06/Jan/2025:11:00:24 +0100] "GET /ed-test.2web.at/stats/lang/awstats-is.txt HTTP/1.0" 404 302 "-" "Mozilla/5.0 (Linux; Android 5.0) AppleWebKit/537.36 (KHTML, like Gecko) Mobile Safari/537.36 (compatible; Bytespider; spider-feedback@bytedance.com)"
193.34.212.75 - - [06/Jan/2025:11:04:01 +0100] "GET / HTTP/1.1" 200 423 "-" "-"
156.59.198.135 - - [06/Jan/2025:11:04:24 +0100] "GET /renault.activities.at/htdocs/activities/framework/webfx/javascript/flot/NEWS.md HTTP/1.0" 404 327 "-" "Mozilla/5.0 (Linux; Android 5.0) AppleWebKit/537.36 (KHTML, like Gecko) Mobile Safari/537.36 (compatible; Bytespider; spider-feedback@bytedance.com)"
14.43.121.244 - - [06/Jan/2025:11:16:17 +0100] "GET / HTTP/1.0" 200 423 "-" "curl/7.88.1"
104.152.52.201 - - [06/Jan/2025:11:16:47 +0100] "GET / HTTP/1.0" 200 423 "-" "masscan/1.3 (https://github.com/robertdavidgraham/masscan)"
156.59.198.135 - - [06/Jan/2025:11:18:15 +0100] "GET /renault.activities.at/htdocs/binaries/10485654.pdf HTTP/1.0" 404 311 "-" "Mozilla/5.0 (Linux; Android 5.0) AppleWebKit/537.36 (KHTML, like Gecko) Mobile Safari/537.36 (compatible; Bytespider; spider-feedback@bytedance.com)"
183.207.45.109 - - [06/Jan/2025:11:21:53 +0100] "GET / HTTP/1.1" 200 274 "-" "Mozilla/5.0 (Windows NT 10.0; Win64; x64) AppleWebKit/537.36 (KHTML, like Gecko) Chrome/107.0.0.0 Safari/537.36"
156.59.198.135 - - [06/Jan/2025:11:22:15 +0100] "GET /renault.activities.at/htdocs/pinEdit/editor/config/security.xml HTTP/1.0" 404 319 "-" "Mozilla/5.0 (Linux; Android 5.0) AppleWebKit/537.36 (KHTML, like Gecko) Mobile Safari/537.36 (compatible; Bytespider; spider-feedback@bytedance.com)"
156.59.198.136 - - [06/Jan/2025:11:26:15 +0100] "GET /renault.activities.at/htdocs/binaries/10122735.pdf HTTP/1.0" 404 312 "-" "Mozilla/5.0 (Linux; Android 5.0) AppleWebKit/537.36 (KHTML, like Gecko) Mobile Safari/537.36 (compatible; Bytespider; spider-feedback@bytedance.com)"
156.59.198.136 - - [06/Jan/2025:11:48:39 +0100] "GET /renault.activities.at/htdocs/binaries/10008563.pdf HTTP/1.0" 404 311 "-" "Mozilla/5.0 (Linux; Android 5.0) AppleWebKit/537.36 (KHTML, like Gecko) Mobile Safari/537.36 (compatible; Bytespider; spider-feedback@bytedance.com)"
156.59.198.136 - - [06/Jan/2025:11:52:39 +0100] "GET /ed-test.2web.at/stats/lang/awstats-cn.txt HTTP/1.0" 404 302 "-" "Mozilla/5.0 (Linux; Android 5.0) AppleWebKit/537.36 (KHTML, like Gecko) Mobile Safari/537.36 (compatible; Bytespider; spider-feedback@bytedance.com)"
165.154.119.158 - - [06/Jan/2025:11:59:04 +0100] "\x16\x03\x01\x01\x17\x01" 400 383 "-" "-"
165.154.119.158 - - [06/Jan/2025:11:59:15 +0100] "GET / HTTP/1.1" 200 423 "-" "Mozilla/5.0 (Macintosh; Intel Mac OS X 10_15_7) AppleWebKit/537.36 (KHTML, like Gecko) Chrome/120.0.0.0 Safari/537.36 Edg/120.0.0.0"
165.154.119.158 - - [06/Jan/2025:11:59:15 +0100] "GET /activities.ico HTTP/1.1" 200 1406 "-" "Mozilla/5.0 (Macintosh; Intel Mac OS X 10_7_0) AppleWebKit/535.11 (KHTML, like Gecko) Chrome/17.0.963.56 Safari/535.11"
165.154.119.158 - - [06/Jan/2025:11:59:16 +0100] "GET /robots.txt HTTP/1.1" 404 284 "-" "Mozilla/5.0 (Macintosh; Intel Mac OS X 10_7_0) AppleWebKit/535.11 (KHTML, like Gecko) Chrome/17.0.963.56 Safari/535.11"
165.154.119.158 - - [06/Jan/2025:11:59:16 +0100] "GET /sitemap.xml HTTP/1.1" 404 285 "-" "Mozilla/5.0 (Macintosh; Intel Mac OS X 10_7_0) AppleWebKit/535.11 (KHTML, like Gecko) Chrome/17.0.963.56 Safari/535.11"
165.154.119.158 - - [06/Jan/2025:11:59:16 +0100] "GET /config.json HTTP/1.1" 404 285 "-" "Mozilla/5.0 (Macintosh; Intel Mac OS X 10_7_0) AppleWebKit/535.11 (KHTML, like Gecko) Chrome/17.0.963.56 Safari/535.11"
156.59.198.136 - - [06/Jan/2025:12:01:41 +0100] "GET /renault.activities.at/htdocs/binaries/10008643.pdf HTTP/1.0" 404 311 "-" "Mozilla/5.0 (Linux; Android 5.0) AppleWebKit/537.36 (KHTML, like Gecko) Mobile Safari/537.36 (compatible; Bytespider; spider-feedback@bytedance.com)"
156.59.198.135 - - [06/Jan/2025:12:06:09 +0100] "GET /renault.activities.at/htdocs/pinEdit/editor/help/userhelp-Dateien/colorschememapping.xml HTTP/1.0" 404 333 "-" "Mozilla/5.0 (Linux; Android 5.0) AppleWebKit/537.36 (KHTML, like Gecko) Mobile Safari/537.36 (compatible; Bytespider; spider-feedback@bytedance.com)"
156.59.198.136 - - [06/Jan/2025:12:14:36 +0100] "GET /renault.2web.at/htdocs/export/xml/data/exportArticles_20230924035604.xml HTTP/1.0" 404 326 "-" "Mozilla/5.0 (Linux; Android 5.0) AppleWebKit/537.36 (KHTML, like Gecko) Mobile Safari/537.36 (compatible; Bytespider; spider-feedback@bytedance.com)"
156.59.198.136 - - [06/Jan/2025:12:19:06 +0100] "GET /renault.activities.at/htdocs/export/xml/data/orders/202109141103_RenOrder.xml HTTP/1.0" 404 329 "-" "Mozilla/5.0 (Linux; Android 5.0) AppleWebKit/537.36 (KHTML, like Gecko) Mobile Safari/537.36 (compatible; Bytespider; spider-feedback@bytedance.com)"
162.216.149.152 - - [06/Jan/2025:12:20:14 +0100] "GET / HTTP/1.1" 200 274 "-" "Expanse, a Palo Alto Networks company, searches across the global IPv4 space multiple times per day to identify customers' presences on the Internet. If you would like to be excluded from our scans, please send IP addresses/domains to: scaninfo@paloaltonetworks.com"
154.213.184.132 - - [06/Jan/2025:12:20:30 +0100] "CONNECT google.com:443 HTTP/1.1" 200 423 "-" "Go-http-client/1.1"
156.59.198.135 - - [06/Jan/2025:12:23:07 +0100] "GET /ed-test.2web.at/stats/lang/awstats-bg.txt HTTP/1.0" 404 303 "-" "Mozilla/5.0 (Linux; Android 5.0) AppleWebKit/537.36 (KHTML, like Gecko) Mobile Safari/537.36 (compatible; Bytespider; spider-feedback@bytedance.com)"
139.99.9.160 - - [06/Jan/2025:12:36:14 +0100] "GET / HTTP/1.1" 200 423 "-" "Mozilla/5.0 (X11; Ubuntu; Linux x86_64; rv:130.0) Gecko/20100101 Firefox/130.0"
156.59.198.136 - - [06/Jan/2025:12:38:56 +0100] "GET /renault.activities.at/htdocs/pinEdit/editor/help/userhelp-Dateien/image079.jpg HTTP/1.0" 404 328 "-" "Mozilla/5.0 (Linux; Android 5.0) AppleWebKit/537.36 (KHTML, like Gecko) Mobile Safari/537.36 (compatible; Bytespider; spider-feedback@bytedance.com)"
193.34.212.75 - - [06/Jan/2025:12:51:53 +0100] "GET / HTTP/1.1" 200 423 "-" "-"
71.6.232.23 - - [06/Jan/2025:12:55:34 +0100] "GET / HTTP/1.1" 200 274 "-" "Mozilla/5.0 (Windows NT 10.0; Win64; x64) AppleWebKit/537.36 (KHTML, like Gecko) Chrome/74.0.3729.131 Safari/537.36"
203.243.54.141 - - [06/Jan/2025:13:01:59 +0100] "GET / HTTP/1.0" 200 423 "-" "curl/7.88.1"
156.59.198.136 - - [06/Jan/2025:13:02:05 +0100] "GET /renault.activities.at/htdocs/export/xml/data/orders/202109290903_RenOrder.xml HTTP/1.0" 404 329 "-" "Mozilla/5.0 (Linux; Android 5.0) AppleWebKit/537.36 (KHTML, like Gecko) Mobile Safari/537.36 (compatible; Bytespider; spider-feedback@bytedance.com)"
156.59.198.135 - - [06/Jan/2025:13:06:05 +0100] "GET /renault.activities.at/htdocs/activities/framework/webfx/javascript/flot/CONTRIBUTING.md HTTP/1.0" 404 335 "-" "Mozilla/5.0 (Linux; Android 5.0) AppleWebKit/537.36 (KHTML, like Gecko) Mobile Safari/537.36 (compatible; Bytespider; spider-feedback@bytedance.com)"
204.10.194.48 - - [06/Jan/2025:13:08:59 +0100] "GET /admin.php HTTP/1.1" 404 297 "-" "Mozlila/5.0 (Linux; Android 7.0; SM-G892A Bulid/NRD90M; wv) AppleWebKit/537.36 (KHTML, like Gecko) Version/4.0 Chrome/60.0.3112.107 Moblie Safari/537.36"
204.10.194.48 - - [06/Jan/2025:13:09:01 +0100] "GET /mah.php HTTP/1.1" 404 296 "-" "Mozlila/5.0 (Linux; Android 7.0; SM-G892A Bulid/NRD90M; wv) AppleWebKit/537.36 (KHTML, like Gecko) Version/4.0 Chrome/60.0.3112.107 Moblie Safari/537.36"
204.10.194.48 - - [06/Jan/2025:13:09:03 +0100] "GET /simple.php HTTP/1.1" 404 298 "-" "Mozlila/5.0 (Linux; Android 7.0; SM-G892A Bulid/NRD90M; wv) AppleWebKit/537.36 (KHTML, like Gecko) Version/4.0 Chrome/60.0.3112.107 Moblie Safari/537.36"
204.10.194.48 - - [06/Jan/2025:13:09:05 +0100] "GET /chosen.php HTTP/1.1" 404 298 "-" "Mozlila/5.0 (Linux; Android 7.0; SM-G892A Bulid/NRD90M; wv) AppleWebKit/537.36 (KHTML, like Gecko) Version/4.0 Chrome/60.0.3112.107 Moblie Safari/537.36"
204.10.194.48 - - [06/Jan/2025:13:09:06 +0100] "GET /wp-comments.php HTTP/1.1" 404 302 "-" "Mozlila/5.0 (Linux; Android 7.0; SM-G892A Bulid/NRD90M; wv) AppleWebKit/537.36 (KHTML, like Gecko) Version/4.0 Chrome/60.0.3112.107 Moblie Safari/537.36"
204.10.194.48 - - [06/Jan/2025:13:09:08 +0100] "GET /wp.php HTTP/1.1" 404 295 "-" "Mozlila/5.0 (Linux; Android 7.0; SM-G892A Bulid/NRD90M; wv) AppleWebKit/537.36 (KHTML, like Gecko) Version/4.0 Chrome/60.0.3112.107 Moblie Safari/537.36"
204.10.194.48 - - [06/Jan/2025:13:09:10 +0100] "GET /KxxK.php HTTP/1.1" 404 298 "-" "Mozlila/5.0 (Linux; Android 7.0; SM-G892A Bulid/NRD90M; wv) AppleWebKit/537.36 (KHTML, like Gecko) Version/4.0 Chrome/60.0.3112.107 Moblie Safari/537.36"
204.10.194.48 - - [06/Jan/2025:13:09:11 +0100] "GET /flower.php HTTP/1.1" 404 298 "-" "Mozlila/5.0 (Linux; Android 7.0; SM-G892A Bulid/NRD90M; wv) AppleWebKit/537.36 (KHTML, like Gecko) Version/4.0 Chrome/60.0.3112.107 Moblie Safari/537.36"
204.10.194.48 - - [06/Jan/2025:13:09:13 +0100] "GET /classwithtostring.php HTTP/1.1" 404 304 "-" "Mozlila/5.0 (Linux; Android 7.0; SM-G892A Bulid/NRD90M; wv) AppleWebKit/537.36 (KHTML, like Gecko) Version/4.0 Chrome/60.0.3112.107 Moblie Safari/537.36"
204.10.194.48 - - [06/Jan/2025:13:09:14 +0100] "GET /sim.php HTTP/1.1" 404 296 "-" "Mozlila/5.0 (Linux; Android 7.0; SM-G892A Bulid/NRD90M; wv) AppleWebKit/537.36 (KHTML, like Gecko) Version/4.0 Chrome/60.0.3112.107 Moblie Safari/537.36"
204.10.194.48 - - [06/Jan/2025:13:09:15 +0100] "GET /autoload_classmap.php HTTP/1.1" 404 305 "-" "Mozlila/5.0 (Linux; Android 7.0; SM-G892A Bulid/NRD90M; wv) AppleWebKit/537.36 (KHTML, like Gecko) Version/4.0 Chrome/60.0.3112.107 Moblie Safari/537.36"
204.10.194.48 - - [06/Jan/2025:13:09:17 +0100] "GET /radio.php HTTP/1.1" 404 297 "-" "Mozlila/5.0 (Linux; Android 7.0; SM-G892A Bulid/NRD90M; wv) AppleWebKit/537.36 (KHTML, like Gecko) Version/4.0 Chrome/60.0.3112.107 Moblie Safari/537.36"
204.10.194.48 - - [06/Jan/2025:13:09:19 +0100] "GET /style.php HTTP/1.1" 404 297 "-" "Mozlila/5.0 (Linux; Android 7.0; SM-G892A Bulid/NRD90M; wv) AppleWebKit/537.36 (KHTML, like Gecko) Version/4.0 Chrome/60.0.3112.107 Moblie Safari/537.36"
204.10.194.48 - - [06/Jan/2025:13:09:20 +0100] "GET /item.php HTTP/1.1" 404 296 "-" "Mozlila/5.0 (Linux; Android 7.0; SM-G892A Bulid/NRD90M; wv) AppleWebKit/537.36 (KHTML, like Gecko) Version/4.0 Chrome/60.0.3112.107 Moblie Safari/537.36"
204.10.194.48 - - [06/Jan/2025:13:09:22 +0100] "GET /edit.php HTTP/1.1" 404 296 "-" "Mozlila/5.0 (Linux; Android 7.0; SM-G892A Bulid/NRD90M; wv) AppleWebKit/537.36 (KHTML, like Gecko) Version/4.0 Chrome/60.0.3112.107 Moblie Safari/537.36"
204.10.194.48 - - [06/Jan/2025:13:09:24 +0100] "GET /file.php HTTP/1.1" 404 296 "-" "Mozlila/5.0 (Linux; Android 7.0; SM-G892A Bulid/NRD90M; wv) AppleWebKit/537.36 (KHTML, like Gecko) Version/4.0 Chrome/60.0.3112.107 Moblie Safari/537.36"
204.10.194.48 - - [06/Jan/2025:13:09:26 +0100] "GET /about.php HTTP/1.1" 404 297 "-" "Mozlila/5.0 (Linux; Android 7.0; SM-G892A Bulid/NRD90M; wv) AppleWebKit/537.36 (KHTML, like Gecko) Version/4.0 Chrome/60.0.3112.107 Moblie Safari/537.36"
204.10.194.48 - - [06/Jan/2025:13:09:27 +0100] "GET /wp-content/plugins/newsfeed/nf.php HTTP/1.1" 404 314 "-" "Mozlila/5.0 (Linux; Android 7.0; SM-G892A Bulid/NRD90M; wv) AppleWebKit/537.36 (KHTML, like Gecko) Version/4.0 Chrome/60.0.3112.107 Moblie Safari/537.36"
204.10.194.48 - - [06/Jan/2025:13:09:28 +0100] "GET /wp-content/themes/deeto/login.php HTTP/1.1" 404 312 "-" "Mozlila/5.0 (Linux; Android 7.0; SM-G892A Bulid/NRD90M; wv) AppleWebKit/537.36 (KHTML, like Gecko) Version/4.0 Chrome/60.0.3112.107 Moblie Safari/537.36"
204.10.194.48 - - [06/Jan/2025:13:09:30 +0100] "GET /themes.php HTTP/1.1" 404 298 "-" "Mozlila/5.0 (Linux; Android 7.0; SM-G892A Bulid/NRD90M; wv) AppleWebKit/537.36 (KHTML, like Gecko) Version/4.0 Chrome/60.0.3112.107 Moblie Safari/537.36"
204.10.194.48 - - [06/Jan/2025:13:09:31 +0100] "GET /dropdown.php HTTP/1.1" 404 299 "-" "Mozlila/5.0 (Linux; Android 7.0; SM-G892A Bulid/NRD90M; wv) AppleWebKit/537.36 (KHTML, like Gecko) Version/4.0 Chrome/60.0.3112.107 Moblie Safari/537.36"
204.10.194.48 - - [06/Jan/2025:13:09:32 +0100] "GET /wp-add.php?a=c HTTP/1.1" 404 298 "-" "Mozlila/5.0 (Linux; Android 7.0; SM-G892A Bulid/NRD90M; wv) AppleWebKit/537.36 (KHTML, like Gecko) Version/4.0 Chrome/60.0.3112.107 Moblie Safari/537.36"
204.10.194.48 - - [06/Jan/2025:13:09:34 +0100] "GET /administrator/templates/hathor/index.php HTTP/1.1" 404 317 "-" "Mozlila/5.0 (Linux; Android 7.0; SM-G892A Bulid/NRD90M; wv) AppleWebKit/537.36 (KHTML, like Gecko) Version/4.0 Chrome/60.0.3112.107 Moblie Safari/537.36"
204.10.194.48 - - [06/Jan/2025:13:09:35 +0100] "GET /sim.php HTTP/1.1" 404 296 "-" "Mozlila/5.0 (Linux; Android 7.0; SM-G892A Bulid/NRD90M; wv) AppleWebKit/537.36 (KHTML, like Gecko) Version/4.0 Chrome/60.0.3112.107 Moblie Safari/537.36"
204.10.194.48 - - [06/Jan/2025:13:09:37 +0100] "GET /administrator/templates/isis/index.php HTTP/1.1" 404 316 "-" "Mozlila/5.0 (Linux; Android 7.0; SM-G892A Bulid/NRD90M; wv) AppleWebKit/537.36 (KHTML, like Gecko) Version/4.0 Chrome/60.0.3112.107 Moblie Safari/537.36"
204.10.194.48 - - [06/Jan/2025:13:09:40 +0100] "GET /templates/beez/index.php HTTP/1.1" 404 308 "-" "Mozlila/5.0 (Linux; Android 7.0; SM-G892A Bulid/NRD90M; wv) AppleWebKit/537.36 (KHTML, like Gecko) Version/4.0 Chrome/60.0.3112.107 Moblie Safari/537.36"
204.10.194.48 - - [06/Jan/2025:13:09:41 +0100] "GET /templates/beez3/index.php HTTP/1.1" 404 309 "-" "Mozlila/5.0 (Linux; Android 7.0; SM-G892A Bulid/NRD90M; wv) AppleWebKit/537.36 (KHTML, like Gecko) Version/4.0 Chrome/60.0.3112.107 Moblie Safari/537.36"
204.10.194.48 - - [06/Jan/2025:13:09:42 +0100] "GET /templates/beez5/error.php HTTP/1.1" 404 308 "-" "Mozlila/5.0 (Linux; Android 7.0; SM-G892A Bulid/NRD90M; wv) AppleWebKit/537.36 (KHTML, like Gecko) Version/4.0 Chrome/60.0.3112.107 Moblie Safari/537.36"
