156.59.198.136 - - [07/Jan/2025:01:09:39 +0100] "GET /renault.activities.at/htdocs/binaries/10017496.pdf HTTP/1.0" 404 311 "-" "Mozilla/5.0 (Linux; Android 5.0) AppleWebKit/537.36 (KHTML, like Gecko) Mobile Safari/537.36 (compatible; Bytespider; spider-feedback@bytedance.com)"
156.59.198.136 - - [07/Jan/2025:01:13:40 +0100] "GET /ed-test.activities.at/stats/lang/awstats-bg.txt HTTP/1.0" 404 306 "-" "Mozilla/5.0 (Linux; Android 5.0) AppleWebKit/537.36 (KHTML, like Gecko) Mobile Safari/537.36 (compatible; Bytespider; spider-feedback@bytedance.com)"
156.59.198.136 - - [07/Jan/2025:01:17:40 +0100] "GET /renault.activities.at/htdocs/export/xml/data/orders/202003041003_RenOrder.xml HTTP/1.0" 404 328 "-" "Mozilla/5.0 (Linux; Android 5.0) AppleWebKit/537.36 (KHTML, like Gecko) Mobile Safari/537.36 (compatible; Bytespider; spider-feedback@bytedance.com)"
93.174.93.12 - - [07/Jan/2025:01:18:36 +0100] "GET / HTTP/1.0" 200 423 "-" "Mozilla/5.0 (Linux; U; Android 2.1; en-us; Nexus One Build/ERD62) AppleWebKit/530.17 (KHTML, like Gecko) Version/4.0 Mobile Safari/530.17"
156.59.198.136 - - [07/Jan/2025:01:21:40 +0100] "GET /renault.activities.at/htdocs/export/xml/data/orders/202004161503_RenOrder.xml HTTP/1.0" 404 329 "-" "Mozilla/5.0 (Linux; Android 5.0) AppleWebKit/537.36 (KHTML, like Gecko) Mobile Safari/537.36 (compatible; Bytespider; spider-feedback@bytedance.com)"
156.59.198.135 - - [07/Jan/2025:01:25:41 +0100] "GET /renault.activities.at/htdocs/pinEdit/editor/help/userhelp-Dateien/image141.jpg HTTP/1.0" 404 327 "-" "Mozilla/5.0 (Linux; Android 5.0) AppleWebKit/537.36 (KHTML, like Gecko) Mobile Safari/537.36 (compatible; Bytespider; spider-feedback@bytedance.com)"
156.59.198.135 - - [07/Jan/2025:01:29:42 +0100] "GET /ed-test.2web.at/stats/lang/awstats-nn.txt HTTP/1.0" 404 302 "-" "Mozilla/5.0 (Linux; Android 5.0) AppleWebKit/537.36 (KHTML, like Gecko) Mobile Safari/537.36 (compatible; Bytespider; spider-feedback@bytedance.com)"
193.34.212.75 - - [07/Jan/2025:01:37:57 +0100] "GET / HTTP/1.1" 200 423 "-" "-"
156.59.198.135 - - [07/Jan/2025:01:41:57 +0100] "GET /renault.activities.at/htdocs/export/xml/data/orders/202010060803_RenOrder.xml HTTP/1.0" 404 329 "-" "Mozilla/5.0 (Linux; Android 5.0) AppleWebKit/537.36 (KHTML, like Gecko) Mobile Safari/537.36 (compatible; Bytespider; spider-feedback@bytedance.com)"
91.223.3.201 - - [07/Jan/2025:01:43:33 +0100] "GET / HTTP/1.1" 200 274 "-" "Mozilla/5.0 (Windows NT 10.0; Win64; x64) AppleWebKit/537.36 (KHTML, like Gecko) Chrome/90.0.4430.85 Safari/537.36 Edg/90.0.818.46"
156.59.198.135 - - [07/Jan/2025:01:46:57 +0100] "GET /ed-test.2web.at/stats/lang/awstats-fr.txt HTTP/1.0" 404 303 "-" "Mozilla/5.0 (Linux; Android 5.0) AppleWebKit/537.36 (KHTML, like Gecko) Mobile Safari/537.36 (compatible; Bytespider; spider-feedback@bytedance.com)"
185.16.39.104 - - [07/Jan/2025:01:57:04 +0100] "GET / HTTP/1.1" 200 423 "-" "-"
156.59.198.135 - - [07/Jan/2025:01:57:07 +0100] "GET /renault.activities.at/htdocs/binaries/10228523.pdf HTTP/1.0" 404 311 "-" "Mozilla/5.0 (Linux; Android 5.0) AppleWebKit/537.36 (KHTML, like Gecko) Mobile Safari/537.36 (compatible; Bytespider; spider-feedback@bytedance.com)"
156.59.198.135 - - [07/Jan/2025:02:06:16 +0100] "GET /ed-test.activities.at/stats/lang/awstats-id.txt HTTP/1.0" 404 306 "-" "Mozilla/5.0 (Linux; Android 5.0) AppleWebKit/537.36 (KHTML, like Gecko) Mobile Safari/537.36 (compatible; Bytespider; spider-feedback@bytedance.com)"
156.59.198.136 - - [07/Jan/2025:02:10:16 +0100] "GET /ed-test.2web.at/stats/lang/awstats-sr.txt HTTP/1.0" 404 302 "-" "Mozilla/5.0 (Linux; Android 5.0) AppleWebKit/537.36 (KHTML, like Gecko) Mobile Safari/537.36 (compatible; Bytespider; spider-feedback@bytedance.com)"
121.151.75.159 - - [07/Jan/2025:02:24:27 +0100] "GET / HTTP/1.0" 200 423 "-" "Mozilla/5.0 (Linux; U; Android 4.0.3; ko-kr; LG-L160L Build/IML74K) AppleWebkit/534.30 (KHTML, like Gecko) Version/4.0 Mobile Safari/534.30"
144.126.158.245 - - [07/Jan/2025:02:46:27 +0100] "GET / HTTP/1.1" 200 423 "-" "Mozilla/5.0 (Windows NT 10.0; Win64; x64) AppleWebKit/537.36 (KHTML, like Gecko) Chrome/80.0.3987.149 Safari/537.36"
144.126.158.245 - - [07/Jan/2025:02:46:27 +0100] "GET / HTTP/1.1" 200 423 "-" "Mozilla/5.0 (Windows NT 10.0; Win64; x64) AppleWebKit/537.36 (KHTML, like Gecko) Chrome/80.0.3987.149 Safari/537.36"
144.126.158.245 - - [07/Jan/2025:02:46:27 +0100] "GET /wp-includes/wlwmanifest.xml HTTP/1.1" 404 392 "-" "Mozilla/5.0 (Windows NT 10.0; Win64; x64) AppleWebKit/537.36 (KHTML, like Gecko) Chrome/80.0.3987.149 Safari/537.36"
144.126.158.245 - - [07/Jan/2025:02:46:27 +0100] "GET /xmlrpc.php?rsd HTTP/1.1" 404 375 "-" "Mozilla/5.0 (Windows NT 10.0; Win64; x64) AppleWebKit/537.36 (KHTML, like Gecko) Chrome/80.0.3987.149 Safari/537.36"
144.126.158.245 - - [07/Jan/2025:02:46:28 +0100] "GET / HTTP/1.1" 200 423 "-" "Mozilla/5.0 (Windows NT 10.0; Win64; x64) AppleWebKit/537.36 (KHTML, like Gecko) Chrome/80.0.3987.149 Safari/537.36"
144.126.158.245 - - [07/Jan/2025:02:46:29 +0100] "GET /blog/wp-includes/wlwmanifest.xml HTTP/1.1" 404 397 "-" "Mozilla/5.0 (Windows NT 10.0; Win64; x64) AppleWebKit/537.36 (KHTML, like Gecko) Chrome/80.0.3987.149 Safari/537.36"
144.126.158.245 - - [07/Jan/2025:02:46:29 +0100] "GET /web/wp-includes/wlwmanifest.xml HTTP/1.1" 404 396 "-" "Mozilla/5.0 (Windows NT 10.0; Win64; x64) AppleWebKit/537.36 (KHTML, like Gecko) Chrome/80.0.3987.149 Safari/537.36"
144.126.158.245 - - [07/Jan/2025:02:46:30 +0100] "GET /wordpress/wp-includes/wlwmanifest.xml HTTP/1.1" 404 402 "-" "Mozilla/5.0 (Windows NT 10.0; Win64; x64) AppleWebKit/537.36 (KHTML, like Gecko) Chrome/80.0.3987.149 Safari/537.36"
144.126.158.245 - - [07/Jan/2025:02:46:30 +0100] "GET /website/wp-includes/wlwmanifest.xml HTTP/1.1" 404 400 "-" "Mozilla/5.0 (Windows NT 10.0; Win64; x64) AppleWebKit/537.36 (KHTML, like Gecko) Chrome/80.0.3987.149 Safari/537.36"
144.126.158.245 - - [07/Jan/2025:02:46:30 +0100] "GET /wp/wp-includes/wlwmanifest.xml HTTP/1.1" 404 395 "-" "Mozilla/5.0 (Windows NT 10.0; Win64; x64) AppleWebKit/537.36 (KHTML, like Gecko) Chrome/80.0.3987.149 Safari/537.36"
144.126.158.245 - - [07/Jan/2025:02:46:31 +0100] "GET /news/wp-includes/wlwmanifest.xml HTTP/1.1" 404 397 "-" "Mozilla/5.0 (Windows NT 10.0; Win64; x64) AppleWebKit/537.36 (KHTML, like Gecko) Chrome/80.0.3987.149 Safari/537.36"
144.126.158.245 - - [07/Jan/2025:02:46:31 +0100] "GET /2018/wp-includes/wlwmanifest.xml HTTP/1.1" 404 397 "-" "Mozilla/5.0 (Windows NT 10.0; Win64; x64) AppleWebKit/537.36 (KHTML, like Gecko) Chrome/80.0.3987.149 Safari/537.36"
144.126.158.245 - - [07/Jan/2025:02:46:31 +0100] "GET /2019/wp-includes/wlwmanifest.xml HTTP/1.1" 404 397 "-" "Mozilla/5.0 (Windows NT 10.0; Win64; x64) AppleWebKit/537.36 (KHTML, like Gecko) Chrome/80.0.3987.149 Safari/537.36"
144.126.158.245 - - [07/Jan/2025:02:46:31 +0100] "GET /shop/wp-includes/wlwmanifest.xml HTTP/1.1" 404 397 "-" "Mozilla/5.0 (Windows NT 10.0; Win64; x64) AppleWebKit/537.36 (KHTML, like Gecko) Chrome/80.0.3987.149 Safari/537.36"
144.126.158.245 - - [07/Jan/2025:02:46:46 +0100] "GET /wp1/wp-includes/wlwmanifest.xml HTTP/1.1" 404 396 "-" "Mozilla/5.0 (Windows NT 10.0; Win64; x64) AppleWebKit/537.36 (KHTML, like Gecko) Chrome/80.0.3987.149 Safari/537.36"
144.126.158.245 - - [07/Jan/2025:02:46:50 +0100] "GET /test/wp-includes/wlwmanifest.xml HTTP/1.1" 404 397 "-" "Mozilla/5.0 (Windows NT 10.0; Win64; x64) AppleWebKit/537.36 (KHTML, like Gecko) Chrome/80.0.3987.149 Safari/537.36"
144.126.158.245 - - [07/Jan/2025:02:46:51 +0100] "GET /media/wp-includes/wlwmanifest.xml HTTP/1.1" 404 398 "-" "Mozilla/5.0 (Windows NT 10.0; Win64; x64) AppleWebKit/537.36 (KHTML, like Gecko) Chrome/80.0.3987.149 Safari/537.36"
144.126.158.245 - - [07/Jan/2025:02:46:51 +0100] "GET /wp2/wp-includes/wlwmanifest.xml HTTP/1.1" 404 396 "-" "Mozilla/5.0 (Windows NT 10.0; Win64; x64) AppleWebKit/537.36 (KHTML, like Gecko) Chrome/80.0.3987.149 Safari/537.36"
144.126.158.245 - - [07/Jan/2025:02:46:51 +0100] "GET /site/wp-includes/wlwmanifest.xml HTTP/1.1" 404 397 "-" "Mozilla/5.0 (Windows NT 10.0; Win64; x64) AppleWebKit/537.36 (KHTML, like Gecko) Chrome/80.0.3987.149 Safari/537.36"
144.126.158.245 - - [07/Jan/2025:02:46:52 +0100] "GET /cms/wp-includes/wlwmanifest.xml HTTP/1.1" 404 396 "-" "Mozilla/5.0 (Windows NT 10.0; Win64; x64) AppleWebKit/537.36 (KHTML, like Gecko) Chrome/80.0.3987.149 Safari/537.36"
144.126.158.245 - - [07/Jan/2025:02:46:52 +0100] "GET /sito/wp-includes/wlwmanifest.xml HTTP/1.1" 404 397 "-" "Mozilla/5.0 (Windows NT 10.0; Win64; x64) AppleWebKit/537.36 (KHTML, like Gecko) Chrome/80.0.3987.149 Safari/537.36"
156.59.198.136 - - [07/Jan/2025:02:55:20 +0100] "GET /renault.activities.at/htdocs/pinEdit/editor/help/userhelp-Dateien/image077.jpg HTTP/1.0" 404 328 "-" "Mozilla/5.0 (Linux; Android 5.0) AppleWebKit/537.36 (KHTML, like Gecko) Mobile Safari/537.36 (compatible; Bytespider; spider-feedback@bytedance.com)"
156.59.198.135 - - [07/Jan/2025:02:59:21 +0100] "GET /renault.activities.at/htdocs/export/xml/data/orders/201912060903_RenOrder.xml HTTP/1.0" 404 329 "-" "Mozilla/5.0 (Linux; Android 5.0) AppleWebKit/537.36 (KHTML, like Gecko) Mobile Safari/537.36 (compatible; Bytespider; spider-feedback@bytedance.com)"
156.59.198.136 - - [07/Jan/2025:03:03:21 +0100] "GET /ed-test.2web.at/stats/lang/awstats-al.txt HTTP/1.0" 404 302 "-" "Mozilla/5.0 (Linux; Android 5.0) AppleWebKit/537.36 (KHTML, like Gecko) Mobile Safari/537.36 (compatible; Bytespider; spider-feedback@bytedance.com)"
178.215.236.132 - - [07/Jan/2025:03:06:42 +0100] "GET /.git/config HTTP/1.1" 404 285 "-" "Mozilla/5.0 (Macintosh; Intel Mac OS X 10_11) AppleWebKit/601.1.56 (KHTML, like Gecko) Version/9.0 Safari/601.1.56"
156.59.198.136 - - [07/Jan/2025:03:12:57 +0100] "GET /renault.activities.at/htdocs/export/xml/data/orders/202004161603_RenOrder.xml HTTP/1.0" 404 329 "-" "Mozilla/5.0 (Linux; Android 5.0) AppleWebKit/537.36 (KHTML, like Gecko) Mobile Safari/537.36 (compatible; Bytespider; spider-feedback@bytedance.com)"
47.128.29.134 - - [07/Jan/2025:03:17:00 +0100] "GET /robots.txt HTTP/1.1" 404 284 "-" "Mozilla/5.0 (Linux; Android 5.0) AppleWebKit/537.36 (KHTML, like Gecko) Mobile Safari/537.36 (compatible; Bytespider; spider-feedback@bytedance.com)"
47.128.52.201 - - [07/Jan/2025:03:20:58 +0100] "GET /robots.txt HTTP/1.1" 404 284 "-" "Mozilla/5.0 (Linux; Android 5.0) AppleWebKit/537.36 (KHTML, like Gecko) Mobile Safari/537.36 (compatible; Bytespider; spider-feedback@bytedance.com)"
194.38.23.16 - - [07/Jan/2025:03:23:06 +0100] "GET /wp-content/plugins/advanced_file_manager_5/php/connector.minimal.php HTTP/1.1" 404 420 "-" "ALittle Client"
194.38.23.16 - - [07/Jan/2025:03:23:07 +0100] "GET /wp-content/plugins/advanced_file_manager_5/php/connector.minimal.php HTTP/1.1" 404 433 "-" "ALittle Client"
47.128.115.187 - - [07/Jan/2025:03:24:58 +0100] "GET /robots.txt HTTP/1.1" 404 284 "-" "Mozilla/5.0 (Linux; Android 5.0) AppleWebKit/537.36 (KHTML, like Gecko) Mobile Safari/537.36 (compatible; Bytespider; spider-feedback@bytedance.com)"
179.43.191.146 - - [07/Jan/2025:03:27:39 +0100] "GET / HTTP/1.1" 200 274 "-" "Mozilla/5.0 (Windows NT 10.0; Win64; x64) AppleWebKit/537.36 (KHTML, like Gecko) Chrome/90.0.4430.85 Safari/537.36 Edg/90.0.818.46"
47.128.27.136 - - [07/Jan/2025:03:28:58 +0100] "GET /robots.txt HTTP/1.1" 404 284 "-" "Mozilla/5.0 (Linux; Android 5.0) AppleWebKit/537.36 (KHTML, like Gecko) Mobile Safari/537.36 (compatible; Bytespider; spider-feedback@bytedance.com)"
156.59.198.135 - - [07/Jan/2025:03:37:32 +0100] "GET /renault.activities.at/htdocs/export/xml/data/orders/202010121403_RenOrder.xml HTTP/1.0" 404 328 "-" "Mozilla/5.0 (Linux; Android 5.0) AppleWebKit/537.36 (KHTML, like Gecko) Mobile Safari/537.36 (compatible; Bytespider; spider-feedback@bytedance.com)"
183.107.126.242 - - [07/Jan/2025:03:45:46 +0100] "GET / HTTP/1.0" 200 423 "-" "curl/7.88.1"
156.59.198.136 - - [07/Jan/2025:03:47:59 +0100] "GET /renault.activities.at/htdocs/binaries/10130624.pdf HTTP/1.0" 404 311 "-" "Mozilla/5.0 (Linux; Android 5.0) AppleWebKit/537.36 (KHTML, like Gecko) Mobile Safari/537.36 (compatible; Bytespider; spider-feedback@bytedance.com)"
156.59.198.135 - - [07/Jan/2025:04:08:00 +0100] "GET /renault.activities.at/htdocs/export/xml/data/orders/202007151003_RenOrder.xml HTTP/1.0" 404 330 "-" "Mozilla/5.0 (Linux; Android 5.0) AppleWebKit/537.36 (KHTML, like Gecko) Mobile Safari/537.36 (compatible; Bytespider; spider-feedback@bytedance.com)"
195.3.223.55 - - [07/Jan/2025:04:08:29 +0100] "GET / HTTP/1.1" 200 423 "-" "-"
95.214.53.198 - - [07/Jan/2025:04:36:08 +0100] "GET /cgi-bin/php/login.php HTTP/1.1" 404 292 "-" "Mozilla/5.0 (Windows NT 10.0; Win64; x64) AppleWebKit/537.36 (KHTML, like Gecko) Chrome/131.0.6778.140 Safari/537.36"
185.82.219.124 - - [07/Jan/2025:04:51:30 +0100] "GET /.env HTTP/1.0" 404 359 "-" "Mozilla/5.0 (Windows NT 6.0; rv:40.0) Gecko/20100101 Firefox/40.0"
156.59.198.136 - - [07/Jan/2025:04:56:31 +0100] "GET /renault.2web.at/htdocs/binaries/10009029.pdf HTTP/1.0" 404 307 "-" "Mozilla/5.0 (Linux; Android 5.0) AppleWebKit/537.36 (KHTML, like Gecko) Mobile Safari/537.36 (compatible; Bytespider; spider-feedback@bytedance.com)"
46.19.138.234 - - [07/Jan/2025:04:57:32 +0100] "GET / HTTP/1.1" 200 274 "-" "Mozilla/5.0 (Windows NT 10.0; Win64; x64) AppleWebKit/537.36 (KHTML, like Gecko) Chrome/90.0.4430.85 Safari/537.36 Edg/90.0.818.46"
156.59.198.136 - - [07/Jan/2025:05:00:31 +0100] "GET /ed-test.2web.at/stats/lang/awstats-sk.txt HTTP/1.0" 404 303 "-" "Mozilla/5.0 (Linux; Android 5.0) AppleWebKit/537.36 (KHTML, like Gecko) Mobile Safari/537.36 (compatible; Bytespider; spider-feedback@bytedance.com)"
109.194.243.110 - - [07/Jan/2025:05:02:35 +0100] "GET / HTTP/1.0" 200 423 "-" "Mozilla/5.0 (Windows NT 6.3; Win64; x64) AppleWebKit/537.36 (KHTML, like Gecko) Chrome/75.0.3770.100 Safari/537.36"
156.59.198.136 - - [07/Jan/2025:05:04:32 +0100] "GET /renault.activities.at/htdocs/pdftest/help/UML/Fetchers.PNG HTTP/1.0" 404 315 "-" "Mozilla/5.0 (Linux; Android 5.0) AppleWebKit/537.36 (KHTML, like Gecko) Mobile Safari/537.36 (compatible; Bytespider; spider-feedback@bytedance.com)"
193.34.212.75 - - [07/Jan/2025:05:19:27 +0100] "GET / HTTP/1.1" 200 423 "-" "-"
156.59.198.135 - - [07/Jan/2025:05:24:33 +0100] "GET /renault.activities.at/htdocs/export/xml/data/orders/201910141103_RenOrder.xml HTTP/1.0" 404 328 "-" "Mozilla/5.0 (Linux; Android 5.0) AppleWebKit/537.36 (KHTML, like Gecko) Mobile Safari/537.36 (compatible; Bytespider; spider-feedback@bytedance.com)"
185.16.39.104 - - [07/Jan/2025:05:28:18 +0100] "GET / HTTP/1.1" 200 423 "-" "-"
156.59.198.135 - - [07/Jan/2025:05:28:34 +0100] "GET /renault.activities.at/htdocs/export/xml/data/orders/202110131103_RenOrder.xml HTTP/1.0" 404 328 "-" "Mozilla/5.0 (Linux; Android 5.0) AppleWebKit/537.36 (KHTML, like Gecko) Mobile Safari/537.36 (compatible; Bytespider; spider-feedback@bytedance.com)"
156.59.198.136 - - [07/Jan/2025:05:32:34 +0100] "GET /renault.activities.at/htdocs/export/xml/data/orders/202009011003_RenOrder.xml HTTP/1.0" 404 328 "-" "Mozilla/5.0 (Linux; Android 5.0) AppleWebKit/537.36 (KHTML, like Gecko) Mobile Safari/537.36 (compatible; Bytespider; spider-feedback@bytedance.com)"
156.59.198.136 - - [07/Jan/2025:05:36:34 +0100] "GET /renault.activities.at/htdocs/binaries/10017492.pdf HTTP/1.0" 404 311 "-" "Mozilla/5.0 (Linux; Android 5.0) AppleWebKit/537.36 (KHTML, like Gecko) Mobile Safari/537.36 (compatible; Bytespider; spider-feedback@bytedance.com)"
116.232.19.182 - - [07/Jan/2025:05:40:31 +0100] "GET / HTTP/1.1" 200 423 "-" "Mozilla/5.0 (Windows NT 10.0; WOW64) AppleWebKit/537.36 (KHTML, like Gecko) Chrome/51.0.2704.103 Safari/537.36"
89.248.165.236 - - [07/Jan/2025:05:44:27 +0100] "CONNECT api.ipify.org:443 HTTP/1.1" 200 423 "-" "Go-http-client/1.1"
156.59.198.136 - - [07/Jan/2025:05:44:32 +0100] "GET /renault.activities.at/htdocs/export/xml/data/orders/202011181203_RenOrder.xml HTTP/1.0" 404 328 "-" "Mozilla/5.0 (Linux; Android 5.0) AppleWebKit/537.36 (KHTML, like Gecko) Mobile Safari/537.36 (compatible; Bytespider; spider-feedback@bytedance.com)"
14.63.43.202 - - [07/Jan/2025:05:47:39 +0100] "GET / HTTP/1.0" 200 423 "-" "curl/7.88.1"
156.59.198.135 - - [07/Jan/2025:05:48:32 +0100] "GET /renault.activities.at/htdocs/binaries/10319304.pdf HTTP/1.0" 404 311 "-" "Mozilla/5.0 (Linux; Android 5.0) AppleWebKit/537.36 (KHTML, like Gecko) Mobile Safari/537.36 (compatible; Bytespider; spider-feedback@bytedance.com)"
45.156.129.133 - - [07/Jan/2025:05:50:40 +0100] "GET / HTTP/1.1" 200 274 "-" "Mozilla/5.0 (Windows NT 10.0; Win64; x64) AppleWebKit/537.36 (KHTML, like Gecko) Chrome/60.0.3112.113 Safari/537.36"
156.59.198.136 - - [07/Jan/2025:06:08:34 +0100] "GET /renault.activities.at/htdocs/pinEdit/editor/help/userhelp-Dateien/image146.jpg HTTP/1.0" 404 327 "-" "Mozilla/5.0 (Linux; Android 5.0) AppleWebKit/537.36 (KHTML, like Gecko) Mobile Safari/537.36 (compatible; Bytespider; spider-feedback@bytedance.com)"
156.59.198.135 - - [07/Jan/2025:06:12:35 +0100] "GET /renault.2web.at/htdocs/binaries/10442911.pdf HTTP/1.0" 404 307 "-" "Mozilla/5.0 (Linux; Android 5.0) AppleWebKit/537.36 (KHTML, like Gecko) Mobile Safari/537.36 (compatible; Bytespider; spider-feedback@bytedance.com)"
156.59.198.135 - - [07/Jan/2025:06:16:35 +0100] "GET /renault.activities.at/htdocs/binaries/10023570.pdf HTTP/1.0" 404 312 "-" "Mozilla/5.0 (Linux; Android 5.0) AppleWebKit/537.36 (KHTML, like Gecko) Mobile Safari/537.36 (compatible; Bytespider; spider-feedback@bytedance.com)"
156.59.198.136 - - [07/Jan/2025:06:20:36 +0100] "GET /renault.activities.at/htdocs/binaries/10117645.pdf HTTP/1.0" 404 311 "-" "Mozilla/5.0 (Linux; Android 5.0) AppleWebKit/537.36 (KHTML, like Gecko) Mobile Safari/537.36 (compatible; Bytespider; spider-feedback@bytedance.com)"
195.87.226.148 - - [07/Jan/2025:06:22:41 +0100] "GET / HTTP/1.0" 200 423 "-" "-"
156.59.198.136 - - [07/Jan/2025:06:24:36 +0100] "GET /renault.activities.at/htdocs/binaries/10019518.pdf HTTP/1.0" 404 311 "-" "Mozilla/5.0 (Linux; Android 5.0) AppleWebKit/537.36 (KHTML, like Gecko) Mobile Safari/537.36 (compatible; Bytespider; spider-feedback@bytedance.com)"
157.173.198.110 - - [07/Jan/2025:06:31:28 +0100] "GET / HTTP/1.1" 200 423 "-" "Mozilla/5.0 (Windows NT 10.0; Win64; x64) AppleWebKit/537.36 (KHTML, like Gecko) Chrome/80.0.3987.149 Safari/537.36"
157.173.198.110 - - [07/Jan/2025:06:31:28 +0100] "GET / HTTP/1.1" 200 423 "-" "Mozilla/5.0 (Windows NT 10.0; Win64; x64) AppleWebKit/537.36 (KHTML, like Gecko) Chrome/80.0.3987.149 Safari/537.36"
157.173.198.110 - - [07/Jan/2025:06:31:29 +0100] "GET /wp-includes/wlwmanifest.xml HTTP/1.1" 404 392 "-" "Mozilla/5.0 (Windows NT 10.0; Win64; x64) AppleWebKit/537.36 (KHTML, like Gecko) Chrome/80.0.3987.149 Safari/537.36"
157.173.198.110 - - [07/Jan/2025:06:31:29 +0100] "GET /xmlrpc.php?rsd HTTP/1.1" 404 375 "-" "Mozilla/5.0 (Windows NT 10.0; Win64; x64) AppleWebKit/537.36 (KHTML, like Gecko) Chrome/80.0.3987.149 Safari/537.36"
157.173.198.110 - - [07/Jan/2025:06:31:29 +0100] "GET / HTTP/1.1" 200 423 "-" "Mozilla/5.0 (Windows NT 10.0; Win64; x64) AppleWebKit/537.36 (KHTML, like Gecko) Chrome/80.0.3987.149 Safari/537.36"
157.173.198.110 - - [07/Jan/2025:06:31:29 +0100] "GET /blog/wp-includes/wlwmanifest.xml HTTP/1.1" 404 397 "-" "Mozilla/5.0 (Windows NT 10.0; Win64; x64) AppleWebKit/537.36 (KHTML, like Gecko) Chrome/80.0.3987.149 Safari/537.36"
157.173.198.110 - - [07/Jan/2025:06:31:30 +0100] "GET /web/wp-includes/wlwmanifest.xml HTTP/1.1" 404 396 "-" "Mozilla/5.0 (Windows NT 10.0; Win64; x64) AppleWebKit/537.36 (KHTML, like Gecko) Chrome/80.0.3987.149 Safari/537.36"
157.173.198.110 - - [07/Jan/2025:06:31:30 +0100] "GET /wordpress/wp-includes/wlwmanifest.xml HTTP/1.1" 404 402 "-" "Mozilla/5.0 (Windows NT 10.0; Win64; x64) AppleWebKit/537.36 (KHTML, like Gecko) Chrome/80.0.3987.149 Safari/537.36"
157.173.198.110 - - [07/Jan/2025:06:31:30 +0100] "GET /website/wp-includes/wlwmanifest.xml HTTP/1.1" 404 400 "-" "Mozilla/5.0 (Windows NT 10.0; Win64; x64) AppleWebKit/537.36 (KHTML, like Gecko) Chrome/80.0.3987.149 Safari/537.36"
157.173.198.110 - - [07/Jan/2025:06:31:30 +0100] "GET /wp/wp-includes/wlwmanifest.xml HTTP/1.1" 404 395 "-" "Mozilla/5.0 (Windows NT 10.0; Win64; x64) AppleWebKit/537.36 (KHTML, like Gecko) Chrome/80.0.3987.149 Safari/537.36"
157.173.198.110 - - [07/Jan/2025:06:31:31 +0100] "GET /news/wp-includes/wlwmanifest.xml HTTP/1.1" 404 397 "-" "Mozilla/5.0 (Windows NT 10.0; Win64; x64) AppleWebKit/537.36 (KHTML, like Gecko) Chrome/80.0.3987.149 Safari/537.36"
157.173.198.110 - - [07/Jan/2025:06:31:31 +0100] "GET /2018/wp-includes/wlwmanifest.xml HTTP/1.1" 404 397 "-" "Mozilla/5.0 (Windows NT 10.0; Win64; x64) AppleWebKit/537.36 (KHTML, like Gecko) Chrome/80.0.3987.149 Safari/537.36"
157.173.198.110 - - [07/Jan/2025:06:31:31 +0100] "GET /2019/wp-includes/wlwmanifest.xml HTTP/1.1" 404 397 "-" "Mozilla/5.0 (Windows NT 10.0; Win64; x64) AppleWebKit/537.36 (KHTML, like Gecko) Chrome/80.0.3987.149 Safari/537.36"
157.173.198.110 - - [07/Jan/2025:06:31:32 +0100] "GET /shop/wp-includes/wlwmanifest.xml HTTP/1.1" 404 397 "-" "Mozilla/5.0 (Windows NT 10.0; Win64; x64) AppleWebKit/537.36 (KHTML, like Gecko) Chrome/80.0.3987.149 Safari/537.36"
157.173.198.110 - - [07/Jan/2025:06:31:32 +0100] "GET /wp1/wp-includes/wlwmanifest.xml HTTP/1.1" 404 396 "-" "Mozilla/5.0 (Windows NT 10.0; Win64; x64) AppleWebKit/537.36 (KHTML, like Gecko) Chrome/80.0.3987.149 Safari/537.36"
157.173.198.110 - - [07/Jan/2025:06:31:32 +0100] "GET /test/wp-includes/wlwmanifest.xml HTTP/1.1" 404 397 "-" "Mozilla/5.0 (Windows NT 10.0; Win64; x64) AppleWebKit/537.36 (KHTML, like Gecko) Chrome/80.0.3987.149 Safari/537.36"
157.173.198.110 - - [07/Jan/2025:06:31:33 +0100] "GET /media/wp-includes/wlwmanifest.xml HTTP/1.1" 404 398 "-" "Mozilla/5.0 (Windows NT 10.0; Win64; x64) AppleWebKit/537.36 (KHTML, like Gecko) Chrome/80.0.3987.149 Safari/537.36"
157.173.198.110 - - [07/Jan/2025:06:31:33 +0100] "GET /wp2/wp-includes/wlwmanifest.xml HTTP/1.1" 404 396 "-" "Mozilla/5.0 (Windows NT 10.0; Win64; x64) AppleWebKit/537.36 (KHTML, like Gecko) Chrome/80.0.3987.149 Safari/537.36"
157.173.198.110 - - [07/Jan/2025:06:31:34 +0100] "GET /site/wp-includes/wlwmanifest.xml HTTP/1.1" 404 397 "-" "Mozilla/5.0 (Windows NT 10.0; Win64; x64) AppleWebKit/537.36 (KHTML, like Gecko) Chrome/80.0.3987.149 Safari/537.36"
157.173.198.110 - - [07/Jan/2025:06:31:34 +0100] "GET /cms/wp-includes/wlwmanifest.xml HTTP/1.1" 404 396 "-" "Mozilla/5.0 (Windows NT 10.0; Win64; x64) AppleWebKit/537.36 (KHTML, like Gecko) Chrome/80.0.3987.149 Safari/537.36"
157.173.198.110 - - [07/Jan/2025:06:31:34 +0100] "GET /sito/wp-includes/wlwmanifest.xml HTTP/1.1" 404 397 "-" "Mozilla/5.0 (Windows NT 10.0; Win64; x64) AppleWebKit/537.36 (KHTML, like Gecko) Chrome/80.0.3987.149 Safari/537.36"
92.154.95.236 - - [07/Jan/2025:06:33:03 +0100] "GET / HTTP/1.0" 200 423 "-" "Mozilla/5.0 (Windows NT 10.0; Win64; x64) AppleWebKit/537.36 (KHTML, like Gecko) Chrome/79.0.3945.130 Safari/537.36"
188.166.49.135 - - [07/Jan/2025:06:35:22 +0100] "GET / HTTP/1.1" 200 423 "-" "Mozilla/5.0 (Windows NT 10.0; Win64; x64; rv:109.0) Gecko/20100101 Firefox/118.0"
91.223.3.201 - - [07/Jan/2025:06:36:54 +0100] "GET / HTTP/1.1" 200 274 "-" "Mozilla/5.0 (Windows NT 10.0; Win64; x64) AppleWebKit/537.36 (KHTML, like Gecko) Chrome/90.0.4430.85 Safari/537.36 Edg/90.0.818.46"
84.1.29.224 - - [07/Jan/2025:06:41:34 +0100] "GET / HTTP/1.0" 200 423 "-" "-"
141.98.11.132 - - [07/Jan/2025:06:43:01 +0100] "\x03" 400 383 "-" "-"
156.59.198.135 - - [07/Jan/2025:07:01:14 +0100] "GET /ed-test.2web.at/stats/lang/awstats-ba.txt HTTP/1.0" 404 302 "-" "Mozilla/5.0 (Linux; Android 5.0) AppleWebKit/537.36 (KHTML, like Gecko) Mobile Safari/537.36 (compatible; Bytespider; spider-feedback@bytedance.com)"
193.34.212.75 - - [07/Jan/2025:07:02:40 +0100] "GET / HTTP/1.1" 200 423 "-" "-"
195.3.223.55 - - [07/Jan/2025:07:03:15 +0100] "GET / HTTP/1.1" 200 274 "-" "Mozilla/5.0 (Windows NT 10.0; Win64; x64) AppleWebKit/537.36 (KHTML, like Gecko) Chrome/90.0.4430.85 Safari/537.36 Edg/90.0.818.46"
156.59.198.136 - - [07/Jan/2025:07:06:43 +0100] "GET /ed-test.2web.at/stats/lang/awstats-ua.txt HTTP/1.0" 404 302 "-" "Mozilla/5.0 (Linux; Android 5.0) AppleWebKit/537.36 (KHTML, like Gecko) Mobile Safari/537.36 (compatible; Bytespider; spider-feedback@bytedance.com)"
156.59.198.136 - - [07/Jan/2025:07:10:45 +0100] "GET /ed-test.2web.at/stats/lang/awstats-en.txt HTTP/1.0" 404 302 "-" "Mozilla/5.0 (Linux; Android 5.0) AppleWebKit/537.36 (KHTML, like Gecko) Mobile Safari/537.36 (compatible; Bytespider; spider-feedback@bytedance.com)"
205.210.31.232 - - [07/Jan/2025:07:14:41 +0100] "GET / HTTP/1.1" 200 274 "-" "Expanse, a Palo Alto Networks company, searches across the global IPv4 space multiple times per day to identify customers' presences on the Internet. If you would like to be excluded from our scans, please send IP addresses/domains to: scaninfo@paloaltonetworks.com"
3.147.59.36 - - [07/Jan/2025:07:18:57 +0100] "\x16\x03\x01" 400 383 "-" "-"
3.147.59.36 - - [07/Jan/2025:07:19:35 +0100] "GET / HTTP/1.1" 200 274 "-" "Mozilla/5.0 (Macintosh; Intel Mac OS X 10_15_7) Chrome/126.0.0.0 Safari/537.36"
47.251.93.227 - - [07/Jan/2025:07:20:19 +0100] "GET / HTTP/1.1" 200 274 "-" "Mozilla/5.0 zgrab/0.x"
185.16.39.104 - - [07/Jan/2025:07:22:28 +0100] "GET / HTTP/1.1" 200 274 "-" "Mozilla/5.0 (Windows NT 10.0; Win64; x64) AppleWebKit/537.36 (KHTML, like Gecko) Chrome/90.0.4430.85 Safari/537.36 Edg/90.0.818.46"
156.59.198.135 - - [07/Jan/2025:07:28:09 +0100] "GET /renault.activities.at/htdocs/pinEdit/editor/help/userhelp-Dateien/image123.jpg HTTP/1.0" 404 328 "-" "Mozilla/5.0 (Linux; Android 5.0) AppleWebKit/537.36 (KHTML, like Gecko) Mobile Safari/537.36 (compatible; Bytespider; spider-feedback@bytedance.com)"
92.154.95.236 - - [07/Jan/2025:07:29:53 +0100] "GET / HTTP/1.1" 200 274 "-" "Mozilla/5.0 (Windows NT 10.0; Win64; x64) AppleWebKit/537.36 (KHTML, like Gecko) Chrome/79.0.3945.130 Safari/537.36"
92.154.95.236 - - [07/Jan/2025:07:30:05 +0100] "GET /owa/auth/logon.aspx HTTP/1.1" 404 291 "-" "Mozilla/5.0 (Windows NT 10.0; Win64; x64) AppleWebKit/537.36 (KHTML, like Gecko) Chrome/79.0.3945.130 Safari/537.36"
92.154.95.236 - - [07/Jan/2025:07:30:16 +0100] "GET /.git/index HTTP/1.1" 404 285 "-" "Mozilla/5.0 (Windows NT 10.0; Win64; x64) AppleWebKit/537.36 (KHTML, like Gecko) Chrome/79.0.3945.130 Safari/537.36"
92.154.95.236 - - [07/Jan/2025:07:30:28 +0100] "GET /favicon.ico HTTP/1.1" 404 284 "-" "Mozilla/5.0 (Windows NT 10.0; Win64; x64) AppleWebKit/537.36 (KHTML, like Gecko) Chrome/79.0.3945.130 Safari/537.36"
92.154.95.236 - - [07/Jan/2025:07:30:39 +0100] "GET /centreon/ HTTP/1.1" 404 282 "-" "Mozilla/5.0 (Windows NT 10.0; Win64; x64) AppleWebKit/537.36 (KHTML, like Gecko) Chrome/79.0.3945.130 Safari/537.36"
92.154.95.236 - - [07/Jan/2025:07:31:00 +0100] "GET /.well-known/security.txt HTTP/1.1" 404 295 "-" "Mozilla/5.0 ANSSI security.txt fetch (https://www.cert.ssi.gouv.fr/scans/)"
183.160.195.77 - - [07/Jan/2025:07:33:04 +0100] "GET / HTTP/1.1" 200 423 "-" "-"
81.154.125.64 - - [07/Jan/2025:07:33:38 +0100] "GET / HTTP/1.0" 200 423 "-" "Mozilla/5.0 (Linux; U; Android 4.0.3; ko-kr; LG-L160L Build/IML74K) AppleWebkit/534.30 (KHTML, like Gecko) Version/4.0 Mobile Safari/534.30"
1.202.114.95 - - [07/Jan/2025:07:34:05 +0100] "GET / HTTP/1.1" 200 423 "-" "Mozilla/5.0 (Windows NT 6.1) AppleWebKit/537.36 (KHTML, like Gecko) Chrome/49.0.2623.112 Safari/537.36"
59.172.116.221 - - [07/Jan/2025:07:34:05 +0100] "GET /layout.php HTTP/1.1" 200 1674 "-" "Mozilla/5.0 (Windows NT 6.1) AppleWebKit/537.36 (KHTML, like Gecko) Chrome/49.0.2623.112 Safari/537.36"
43.248.108.186 - - [07/Jan/2025:07:34:06 +0100] "GET /entry.php?id=10441&UIN= HTTP/1.1" 200 2866 "-" "Mozilla/5.0 (Windows NT 6.1) AppleWebKit/537.36 (KHTML, like Gecko) Chrome/49.0.2623.112 Safari/537.36"
140.206.195.130 - - [07/Jan/2025:07:34:07 +0100] "GET /activities.ico HTTP/1.1" 200 1406 "-" "Mozilla/5.0 (Windows NT 6.1) AppleWebKit/537.36 (KHTML, like Gecko) Chrome/49.0.2623.112 Safari/537.36"
31.117.109.128 - - [07/Jan/2025:07:34:38 +0100] "GET / HTTP/1.0" 200 423 "-" "Mozilla/5.0 (Linux; U; Android 4.0.3; ko-kr; LG-L160L Build/IML74K) AppleWebkit/534.30 (KHTML, like Gecko) Version/4.0 Mobile Safari/534.30"
156.59.198.136 - - [07/Jan/2025:07:53:02 +0100] "GET /ed-test.activities.at/stats/lang/awstats-cz.txt HTTP/1.0" 404 307 "-" "Mozilla/5.0 (Linux; Android 5.0) AppleWebKit/537.36 (KHTML, like Gecko) Mobile Safari/537.36 (compatible; Bytespider; spider-feedback@bytedance.com)"
114.119.153.211 - - [07/Jan/2025:07:54:11 +0100] "GET /robots.txt HTTP/1.1" 404 291 "-" "Mozilla/5.0 (compatible;PetalBot;+https://webmaster.petalsearch.com/site/petalbot)"
220.87.189.22 - - [07/Jan/2025:07:58:44 +0100] "GET / HTTP/1.0" 200 423 "-" "curl/7.88.1"
118.34.33.31 - - [07/Jan/2025:08:02:53 +0100] "GET / HTTP/1.0" 200 423 "-" "curl/7.88.1"
195.3.223.55 - - [07/Jan/2025:08:04:27 +0100] "GET / HTTP/1.1" 200 274 "-" "Mozilla/5.0 (Windows NT 10.0; Win64; x64) AppleWebKit/537.36 (KHTML, like Gecko) Chrome/90.0.4430.85 Safari/537.36 Edg/90.0.818.46"
167.94.138.52 - - [07/Jan/2025:08:07:14 +0100] "GET / HTTP/1.1" 200 423 "-" "-"
156.59.198.136 - - [07/Jan/2025:08:07:16 +0100] "GET /renault.2web.at/htdocs/binaries/10069856.pdf HTTP/1.0" 404 308 "-" "Mozilla/5.0 (Linux; Android 5.0) AppleWebKit/537.36 (KHTML, like Gecko) Mobile Safari/537.36 (compatible; Bytespider; spider-feedback@bytedance.com)"
167.94.138.52 - - [07/Jan/2025:08:07:24 +0100] "GET / HTTP/1.1" 200 274 "-" "Mozilla/5.0 (compatible; CensysInspect/1.1; +https://about.censys.io/)"
167.94.138.52 - - [07/Jan/2025:08:07:27 +0100] "GET /activities.ico HTTP/1.1" 200 1406 "-" "Mozilla/5.0 (compatible; CensysInspect/1.1; +https://about.censys.io/)"
1.204.166.3 - - [07/Jan/2025:08:07:30 +0100] "GET / HTTP/1.0" 200 423 "-" "-"
167.94.138.52 - - [07/Jan/2025:08:07:30 +0100] "GET /favicon.ico HTTP/1.1" 404 284 "-" "Mozilla/5.0 (compatible; CensysInspect/1.1; +https://about.censys.io/)"
167.94.138.52 - - [07/Jan/2025:08:07:33 +0100] "PRI * HTTP/2.0" 400 383 "-" "-"
1.204.166.3 - - [07/Jan/2025:08:07:34 +0100] "HEAD / HTTP/1.1" 200 - "-" "Mozilla/5.0(WindowsNT10.0;Win64;x64)AppleWebKit/537.36(KHTML,likeGecko)Chrome/86.0.4240.111Safari/537.36"
1.204.166.3 - - [07/Jan/2025:08:07:44 +0100] "\x16\x03\x01\x02" 400 383 "-" "-"
1.204.166.3 - - [07/Jan/2025:08:07:44 +0100] "\x16\x03\x01\x02" 400 383 "-" "-"
156.59.198.136 - - [07/Jan/2025:08:11:17 +0100] "GET /renault.activities.at/htdocs/dompdf-master/www/test/images/png/rgba16.png HTTP/1.0" 404 326 "-" "Mozilla/5.0 (Linux; Android 5.0) AppleWebKit/537.36 (KHTML, like Gecko) Mobile Safari/537.36 (compatible; Bytespider; spider-feedback@bytedance.com)"
156.59.198.136 - - [07/Jan/2025:08:15:17 +0100] "GET /renault.activities.at/htdocs/export/xml/data/orders/201908091203_RenOrder.xml HTTP/1.0" 404 329 "-" "Mozilla/5.0 (Linux; Android 5.0) AppleWebKit/537.36 (KHTML, like Gecko) Mobile Safari/537.36 (compatible; Bytespider; spider-feedback@bytedance.com)"
156.59.198.136 - - [07/Jan/2025:08:19:17 +0100] "GET /ed-test.2web.at/stats/lang/awstats-it.txt HTTP/1.0" 404 302 "-" "Mozilla/5.0 (Linux; Android 5.0) AppleWebKit/537.36 (KHTML, like Gecko) Mobile Safari/537.36 (compatible; Bytespider; spider-feedback@bytedance.com)"
118.46.11.204 - - [07/Jan/2025:08:26:39 +0100] "GET / HTTP/1.0" 200 423 "-" "curl/7.88.1"
64.62.197.54 - - [07/Jan/2025:08:27:55 +0100] "GET / HTTP/1.1" 200 274 "-" "Mozilla/5.0 (Windows NT 10.0; Win64; x64; rv:109.0) Gecko/20100101 Firefox/116.0"
87.120.115.119 - - [07/Jan/2025:08:28:24 +0100] "GET /_profiler/phpinfo HTTP/1.1" 404 289 "-" "Mozilla/5.0 (Windows NT 6.1; WOW64) AppleWebKit/537.36 (KHTML, like Gecko) Chrome/69.0.3497.100 Safari/537.36"
157.173.193.190 - - [07/Jan/2025:08:30:01 +0100] "GET / HTTP/1.1" 200 423 "-" "Mozilla/5.0 (Windows NT 10.0; Win64; x64) AppleWebKit/537.36 (KHTML, like Gecko) Chrome/80.0.3987.149 Safari/537.36"
157.173.193.190 - - [07/Jan/2025:08:30:01 +0100] "GET / HTTP/1.1" 200 423 "-" "Mozilla/5.0 (Windows NT 10.0; Win64; x64) AppleWebKit/537.36 (KHTML, like Gecko) Chrome/80.0.3987.149 Safari/537.36"
157.173.193.190 - - [07/Jan/2025:08:30:01 +0100] "GET /wp-includes/wlwmanifest.xml HTTP/1.1" 404 392 "-" "Mozilla/5.0 (Windows NT 10.0; Win64; x64) AppleWebKit/537.36 (KHTML, like Gecko) Chrome/80.0.3987.149 Safari/537.36"
157.173.193.190 - - [07/Jan/2025:08:30:02 +0100] "GET /xmlrpc.php?rsd HTTP/1.1" 404 375 "-" "Mozilla/5.0 (Windows NT 10.0; Win64; x64) AppleWebKit/537.36 (KHTML, like Gecko) Chrome/80.0.3987.149 Safari/537.36"
157.173.193.190 - - [07/Jan/2025:08:30:02 +0100] "GET / HTTP/1.1" 200 423 "-" "Mozilla/5.0 (Windows NT 10.0; Win64; x64) AppleWebKit/537.36 (KHTML, like Gecko) Chrome/80.0.3987.149 Safari/537.36"
157.173.193.190 - - [07/Jan/2025:08:30:02 +0100] "GET /blog/wp-includes/wlwmanifest.xml HTTP/1.1" 404 397 "-" "Mozilla/5.0 (Windows NT 10.0; Win64; x64) AppleWebKit/537.36 (KHTML, like Gecko) Chrome/80.0.3987.149 Safari/537.36"
157.173.193.190 - - [07/Jan/2025:08:30:03 +0100] "GET /web/wp-includes/wlwmanifest.xml HTTP/1.1" 404 396 "-" "Mozilla/5.0 (Windows NT 10.0; Win64; x64) AppleWebKit/537.36 (KHTML, like Gecko) Chrome/80.0.3987.149 Safari/537.36"
157.173.193.190 - - [07/Jan/2025:08:30:03 +0100] "GET /wordpress/wp-includes/wlwmanifest.xml HTTP/1.1" 404 402 "-" "Mozilla/5.0 (Windows NT 10.0; Win64; x64) AppleWebKit/537.36 (KHTML, like Gecko) Chrome/80.0.3987.149 Safari/537.36"
157.173.193.190 - - [07/Jan/2025:08:30:03 +0100] "GET /website/wp-includes/wlwmanifest.xml HTTP/1.1" 404 400 "-" "Mozilla/5.0 (Windows NT 10.0; Win64; x64) AppleWebKit/537.36 (KHTML, like Gecko) Chrome/80.0.3987.149 Safari/537.36"
157.173.193.190 - - [07/Jan/2025:08:30:04 +0100] "GET /wp/wp-includes/wlwmanifest.xml HTTP/1.1" 404 395 "-" "Mozilla/5.0 (Windows NT 10.0; Win64; x64) AppleWebKit/537.36 (KHTML, like Gecko) Chrome/80.0.3987.149 Safari/537.36"
157.173.193.190 - - [07/Jan/2025:08:30:04 +0100] "GET /news/wp-includes/wlwmanifest.xml HTTP/1.1" 404 397 "-" "Mozilla/5.0 (Windows NT 10.0; Win64; x64) AppleWebKit/537.36 (KHTML, like Gecko) Chrome/80.0.3987.149 Safari/537.36"
64.62.197.54 - - [07/Jan/2025:08:30:04 +0100] "GET /favicon.ico HTTP/1.1" 404 284 "-" "Mozilla/5.0 (X11; Linux x86_64) AppleWebKit/537.36 (KHTML, like Gecko) HeadlessChrome/122.0.6261.94 Safari/537.36"
157.173.193.190 - - [07/Jan/2025:08:30:04 +0100] "GET /2018/wp-includes/wlwmanifest.xml HTTP/1.1" 404 397 "-" "Mozilla/5.0 (Windows NT 10.0; Win64; x64) AppleWebKit/537.36 (KHTML, like Gecko) Chrome/80.0.3987.149 Safari/537.36"
157.173.193.190 - - [07/Jan/2025:08:30:04 +0100] "GET /2019/wp-includes/wlwmanifest.xml HTTP/1.1" 404 397 "-" "Mozilla/5.0 (Windows NT 10.0; Win64; x64) AppleWebKit/537.36 (KHTML, like Gecko) Chrome/80.0.3987.149 Safari/537.36"
157.173.193.190 - - [07/Jan/2025:08:30:05 +0100] "GET /shop/wp-includes/wlwmanifest.xml HTTP/1.1" 404 397 "-" "Mozilla/5.0 (Windows NT 10.0; Win64; x64) AppleWebKit/537.36 (KHTML, like Gecko) Chrome/80.0.3987.149 Safari/537.36"
157.173.193.190 - - [07/Jan/2025:08:30:05 +0100] "GET /wp1/wp-includes/wlwmanifest.xml HTTP/1.1" 404 396 "-" "Mozilla/5.0 (Windows NT 10.0; Win64; x64) AppleWebKit/537.36 (KHTML, like Gecko) Chrome/80.0.3987.149 Safari/537.36"
157.173.193.190 - - [07/Jan/2025:08:30:05 +0100] "GET /test/wp-includes/wlwmanifest.xml HTTP/1.1" 404 397 "-" "Mozilla/5.0 (Windows NT 10.0; Win64; x64) AppleWebKit/537.36 (KHTML, like Gecko) Chrome/80.0.3987.149 Safari/537.36"
157.173.193.190 - - [07/Jan/2025:08:30:06 +0100] "GET /media/wp-includes/wlwmanifest.xml HTTP/1.1" 404 398 "-" "Mozilla/5.0 (Windows NT 10.0; Win64; x64) AppleWebKit/537.36 (KHTML, like Gecko) Chrome/80.0.3987.149 Safari/537.36"
157.173.193.190 - - [07/Jan/2025:08:30:06 +0100] "GET /wp2/wp-includes/wlwmanifest.xml HTTP/1.1" 404 396 "-" "Mozilla/5.0 (Windows NT 10.0; Win64; x64) AppleWebKit/537.36 (KHTML, like Gecko) Chrome/80.0.3987.149 Safari/537.36"
157.173.193.190 - - [07/Jan/2025:08:30:06 +0100] "GET /site/wp-includes/wlwmanifest.xml HTTP/1.1" 404 397 "-" "Mozilla/5.0 (Windows NT 10.0; Win64; x64) AppleWebKit/537.36 (KHTML, like Gecko) Chrome/80.0.3987.149 Safari/537.36"
157.173.193.190 - - [07/Jan/2025:08:30:06 +0100] "GET /cms/wp-includes/wlwmanifest.xml HTTP/1.1" 404 396 "-" "Mozilla/5.0 (Windows NT 10.0; Win64; x64) AppleWebKit/537.36 (KHTML, like Gecko) Chrome/80.0.3987.149 Safari/537.36"
157.173.193.190 - - [07/Jan/2025:08:30:07 +0100] "GET /sito/wp-includes/wlwmanifest.xml HTTP/1.1" 404 397 "-" "Mozilla/5.0 (Windows NT 10.0; Win64; x64) AppleWebKit/537.36 (KHTML, like Gecko) Chrome/80.0.3987.149 Safari/537.36"
64.62.197.48 - - [07/Jan/2025:08:30:38 +0100] "GET /geoserver/web/ HTTP/1.1" 404 284 "-" "Mozilla/5.0 (Windows NT 10.0; Win64; x64; rv:109.0) Gecko/20100101 Firefox/116.0"
64.62.197.50 - - [07/Jan/2025:08:31:24 +0100] "GET /info.php HTTP/1.1" 404 283 "-" "Mozilla/5.0 (Windows NT 10.0; Win64; x64; rv:109.0) Gecko/20100101 Firefox/116.0"
64.62.197.57 - - [07/Jan/2025:08:31:27 +0100] "GET /phpinfo.php HTTP/1.1" 200 10171 "-" "Mozilla/5.0 (Windows NT 10.0; rv:91.0) Gecko/20100101 Firefox/91.0"
64.62.197.57 - - [07/Jan/2025:08:31:30 +0100] "GET /dashboard/phpinfo.php HTTP/1.1" 404 290 "-" "Mozilla/5.0 (Windows NT 10.0; Win64; x64) AppleWebKit/537.36 (KHTML, like Gecko) Chrome/99.0.4844.51 Safari/537.36"
185.189.182.234 - - [07/Jan/2025:08:43:25 +0100] "GET / HTTP/1.1" 400 383 "-" "-"
156.59.198.136 - - [07/Jan/2025:08:57:46 +0100] "GET /renault.activities.at/htdocs/binaries/10204335.pdf HTTP/1.0" 404 311 "-" "Mozilla/5.0 (Linux; Android 5.0) AppleWebKit/537.36 (KHTML, like Gecko) Mobile Safari/537.36 (compatible; Bytespider; spider-feedback@bytedance.com)"
45.156.129.135 - - [07/Jan/2025:09:10:52 +0100] "GET / HTTP/1.1" 200 274 "-" "Mozilla/5.0 (Windows NT 10.0; Win64; x64) AppleWebKit/537.36 (KHTML, like Gecko) Chrome/60.0.3112.113 Safari/537.36"
147.185.133.173 - - [07/Jan/2025:09:19:26 +0100] "GET / HTTP/1.1" 200 274 "-" "Expanse, a Palo Alto Networks company, searches across the global IPv4 space multiple times per day to identify customers' presences on the Internet. If you would like to be excluded from our scans, please send IP addresses/domains to: scaninfo@paloaltonetworks.com"
87.120.115.34 - - [07/Jan/2025:09:21:21 +0100] "GET /_profiler/phpinfo HTTP/1.1" 404 289 "-" "Mozilla/5.0 (X11; Linux x86_64; rv:109.0) Gecko/20100101 Firefox/118.0"
93.174.93.12 - - [07/Jan/2025:09:25:58 +0100] "\x16\x03\x02\x01o\x01" 400 383 "-" "-"
179.43.191.146 - - [07/Jan/2025:09:27:21 +0100] "GET / HTTP/1.1" 200 274 "-" "Mozilla/5.0 (Windows NT 10.0; Win64; x64) AppleWebKit/537.36 (KHTML, like Gecko) Chrome/90.0.4430.85 Safari/537.36 Edg/90.0.818.46"
87.120.115.34 - - [07/Jan/2025:09:31:34 +0100] "GET /_profiler/phpinfo HTTP/1.1" 404 289 "-" "Mozilla/5.0 (Macintosh; Intel Mac OS X 10_14_6) AppleWebKit/605.1.15 (KHTML, like Gecko) Version/14.1.2 Safari/605.1.15"
147.185.132.102 - - [07/Jan/2025:09:38:11 +0100] "\x16\x03\x01" 400 383 "-" "-"
147.185.132.102 - - [07/Jan/2025:09:38:12 +0100] "\x16\x03\x01" 400 383 "-" "-"
156.59.198.135 - - [07/Jan/2025:09:46:06 +0100] "GET /renault.activities.at/htdocs/export/xml/data/orders/202103181803_RenOrder.xml HTTP/1.0" 404 328 "-" "Mozilla/5.0 (Linux; Android 5.0) AppleWebKit/537.36 (KHTML, like Gecko) Mobile Safari/537.36 (compatible; Bytespider; spider-feedback@bytedance.com)"
178.165.176.49 - - [07/Jan/2025:10:09:24 +0100] "GET /layout.php HTTP/1.1" 200 815 "-" "Mozilla/5.0 (Windows NT 10.0; Win64; x64; rv:133.0) Gecko/20100101 Firefox/133.0"
178.165.176.49 - - [07/Jan/2025:10:09:24 +0100] "GET /entry.php?id=10273 HTTP/1.1" 200 1902 "http://hausegger.activities.at/layout.php" "Mozilla/5.0 (Windows NT 10.0; Win64; x64; rv:133.0) Gecko/20100101 Firefox/133.0"
178.165.176.49 - - [07/Jan/2025:10:09:24 +0100] "GET /entry.php?id=10270 HTTP/1.1" 200 909 "http://hausegger.activities.at/layout.php" "Mozilla/5.0 (Windows NT 10.0; Win64; x64; rv:133.0) Gecko/20100101 Firefox/133.0"
178.165.176.49 - - [07/Jan/2025:10:09:24 +0100] "GET /entry.php?id=10272 HTTP/1.1" 200 1159 "http://hausegger.activities.at/layout.php" "Mozilla/5.0 (Windows NT 10.0; Win64; x64; rv:133.0) Gecko/20100101 Firefox/133.0"
178.165.176.49 - - [07/Jan/2025:10:09:24 +0100] "GET /gui/javascript/jquery/css/gui-themes/custom.min.css HTTP/1.1" 304 - "http://hausegger.activities.at/entry.php?id=10273" "Mozilla/5.0 (Windows NT 10.0; Win64; x64; rv:133.0) Gecko/20100101 Firefox/133.0"
178.165.176.49 - - [07/Jan/2025:10:09:24 +0100] "GET /gui/javascript/jquery/css/gui-themes/jquery.tooltip.css HTTP/1.1" 304 - "http://hausegger.activities.at/entry.php?id=10273" "Mozilla/5.0 (Windows NT 10.0; Win64; x64; rv:133.0) Gecko/20100101 Firefox/133.0"
178.165.176.49 - - [07/Jan/2025:10:09:24 +0100] "GET /gui/javascript/jquery/css/gui-themes/ui.spinner.css HTTP/1.1" 304 - "http://hausegger.activities.at/entry.php?id=10273" "Mozilla/5.0 (Windows NT 10.0; Win64; x64; rv:133.0) Gecko/20100101 Firefox/133.0"
178.165.176.49 - - [07/Jan/2025:10:09:24 +0100] "GET /entry.php?id=11412 HTTP/1.1" 200 1760 "http://hausegger.activities.at/layout.php" "Mozilla/5.0 (Windows NT 10.0; Win64; x64; rv:133.0) Gecko/20100101 Firefox/133.0"
178.165.176.49 - - [07/Jan/2025:10:09:24 +0100] "GET /gui/javascript/jquery/js/jquery-1.8.2.js HTTP/1.1" 304 - "http://hausegger.activities.at/entry.php?id=10273" "Mozilla/5.0 (Windows NT 10.0; Win64; x64; rv:133.0) Gecko/20100101 Firefox/133.0"
178.165.176.49 - - [07/Jan/2025:10:09:24 +0100] "GET /gui/javascript/form_form.js?1736240964 HTTP/1.1" 200 16206 "http://hausegger.activities.at/entry.php?id=10273" "Mozilla/5.0 (Windows NT 10.0; Win64; x64; rv:133.0) Gecko/20100101 Firefox/133.0"
178.165.176.49 - - [07/Jan/2025:10:09:24 +0100] "GET /gui/javascript/jquery/js/jquery-ui-1.9.0.custom.min.js HTTP/1.1" 304 - "http://hausegger.activities.at/entry.php?id=10273" "Mozilla/5.0 (Windows NT 10.0; Win64; x64; rv:133.0) Gecko/20100101 Firefox/133.0"
178.165.176.49 - - [07/Jan/2025:10:09:24 +0100] "GET /gui/javascript/form_form.js?1736240964 HTTP/1.1" 200 16206 "http://hausegger.activities.at/entry.php?id=10272" "Mozilla/5.0 (Windows NT 10.0; Win64; x64; rv:133.0) Gecko/20100101 Firefox/133.0"
178.165.176.49 - - [07/Jan/2025:10:09:24 +0100] "GET /gui/javascript/form_form.js?1736240964 HTTP/1.1" 200 16206 "http://hausegger.activities.at/entry.php?id=11412" "Mozilla/5.0 (Windows NT 10.0; Win64; x64; rv:133.0) Gecko/20100101 Firefox/133.0"
178.165.176.49 - - [07/Jan/2025:10:09:24 +0100] "GET /gui/javascript/form_form.js?1736240964 HTTP/1.1" 200 16206 "http://hausegger.activities.at/entry.php?id=10270" "Mozilla/5.0 (Windows NT 10.0; Win64; x64; rv:133.0) Gecko/20100101 Firefox/133.0"
178.165.176.49 - - [07/Jan/2025:10:09:25 +0100] "GET /entry.php?id=10287 HTTP/1.1" 200 2396 "http://hausegger.activities.at/entry.php?id=11412" "Mozilla/5.0 (Windows NT 10.0; Win64; x64; rv:133.0) Gecko/20100101 Firefox/133.0"
178.165.176.49 - - [07/Jan/2025:10:09:25 +0100] "GET /entry.php?id=10271& HTTP/1.1" 200 935 "http://hausegger.activities.at/entry.php?id=10272" "Mozilla/5.0 (Windows NT 10.0; Win64; x64; rv:133.0) Gecko/20100101 Firefox/133.0"
178.165.176.49 - - [07/Jan/2025:10:09:25 +0100] "GET /gui/javascript/form_form.js?1736240965 HTTP/1.1" 200 16206 "http://hausegger.activities.at/entry.php?id=10287" "Mozilla/5.0 (Windows NT 10.0; Win64; x64; rv:133.0) Gecko/20100101 Firefox/133.0"
178.165.176.49 - - [07/Jan/2025:10:09:25 +0100] "GET /gui/javascript/form_form.js?1736240965 HTTP/1.1" 200 16206 "http://hausegger.activities.at/entry.php?id=10271&" "Mozilla/5.0 (Windows NT 10.0; Win64; x64; rv:133.0) Gecko/20100101 Firefox/133.0"
178.165.176.49 - - [07/Jan/2025:10:09:25 +0100] "GET /entry.php?id=10273& HTTP/1.1" 200 1902 "http://hausegger.activities.at/entry.php?id=10287" "Mozilla/5.0 (Windows NT 10.0; Win64; x64; rv:133.0) Gecko/20100101 Firefox/133.0"
178.165.176.49 - - [07/Jan/2025:10:09:25 +0100] "GET /entry.php?id=10270& HTTP/1.1" 200 909 "http://hausegger.activities.at/entry.php?id=10287" "Mozilla/5.0 (Windows NT 10.0; Win64; x64; rv:133.0) Gecko/20100101 Firefox/133.0"
178.165.176.49 - - [07/Jan/2025:10:09:27 +0100] "POST /entry.php?id=10287& HTTP/1.1" 200 1965 "http://hausegger.activities.at/entry.php?id=10287" "Mozilla/5.0 (Windows NT 10.0; Win64; x64; rv:133.0) Gecko/20100101 Firefox/133.0"
178.165.176.49 - - [07/Jan/2025:10:10:30 +0100] "GET /gui/javascript/form_form.js?1736241030 HTTP/1.1" 200 16206 "http://hausegger.activities.at/entry.php?id=10287&" "Mozilla/5.0 (Windows NT 10.0; Win64; x64; rv:133.0) Gecko/20100101 Firefox/133.0"
178.165.176.49 - - [07/Jan/2025:10:10:30 +0100] "GET /entry.php?id=10273& HTTP/1.1" 200 2012 "http://hausegger.activities.at/entry.php?id=10287&" "Mozilla/5.0 (Windows NT 10.0; Win64; x64; rv:133.0) Gecko/20100101 Firefox/133.0"
178.165.176.49 - - [07/Jan/2025:10:10:31 +0100] "GET /gui/javascript/form_form.js?1736241031 HTTP/1.1" 200 16206 "http://hausegger.activities.at/entry.php?id=10273&" "Mozilla/5.0 (Windows NT 10.0; Win64; x64; rv:133.0) Gecko/20100101 Firefox/133.0"
178.165.176.49 - - [07/Jan/2025:10:10:30 +0100] "GET /entry.php?id=10271& HTTP/1.1" 200 987 "http://hausegger.activities.at/entry.php?id=10272" "Mozilla/5.0 (Windows NT 10.0; Win64; x64; rv:133.0) Gecko/20100101 Firefox/133.0"
178.165.176.49 - - [07/Jan/2025:10:10:31 +0100] "GET /entry.php?id=10270&__app__=10006038 HTTP/1.1" 200 2230 "http://hausegger.activities.at/entry.php?id=10273&" "Mozilla/5.0 (Windows NT 10.0; Win64; x64; rv:133.0) Gecko/20100101 Firefox/133.0"
178.165.176.49 - - [07/Jan/2025:10:10:31 +0100] "GET /undefined HTTP/1.1" 404 289 "http://hausegger.activities.at/entry.php?id=10270&__app__=10006038" "Mozilla/5.0 (Windows NT 10.0; Win64; x64; rv:133.0) Gecko/20100101 Firefox/133.0"
178.165.176.49 - - [07/Jan/2025:10:10:31 +0100] "GET /framework/webfx/style/toolbar/images/cbback.gif HTTP/1.1" 404 318 "http://hausegger.activities.at/framework/webfx/style/toolbar/cb2.css" "Mozilla/5.0 (Windows NT 10.0; Win64; x64; rv:133.0) Gecko/20100101 Firefox/133.0"
178.165.176.49 - - [07/Jan/2025:10:11:31 +0100] "GET /entry.php?id=10271&&ser=241031 HTTP/1.1" 200 987 "http://hausegger.activities.at/entry.php?id=10271&" "Mozilla/5.0 (Windows NT 10.0; Win64; x64; rv:133.0) Gecko/20100101 Firefox/133.0"
178.165.176.49 - - [07/Jan/2025:10:11:31 +0100] "GET /gui/javascript/form_form.js?1736241091 HTTP/1.1" 200 16206 "http://hausegger.activities.at/entry.php?id=10271&&ser=241031" "Mozilla/5.0 (Windows NT 10.0; Win64; x64; rv:133.0) Gecko/20100101 Firefox/133.0"
178.165.176.49 - - [07/Jan/2025:10:12:03 +0100] "GET /entry.php?id=10712 HTTP/1.1" 200 402 "http://hausegger.activities.at/entry.php?id=10270&__app__=10006038" "Mozilla/5.0 (Windows NT 10.0; Win64; x64; rv:133.0) Gecko/20100101 Firefox/133.0"
178.165.176.49 - - [07/Jan/2025:10:12:04 +0100] "GET /entry.php?id=10676&&title=Artikelverwaltung HTTP/1.1" 200 1393 "http://hausegger.activities.at/entry.php?id=10712" "Mozilla/5.0 (Windows NT 10.0; Win64; x64; rv:133.0) Gecko/20100101 Firefox/133.0"
178.165.176.49 - - [07/Jan/2025:10:12:04 +0100] "GET /gui/javascript/form_form.js?1736241124 HTTP/1.1" 200 16206 "http://hausegger.activities.at/entry.php?id=10676&&title=Artikelverwaltung" "Mozilla/5.0 (Windows NT 10.0; Win64; x64; rv:133.0) Gecko/20100101 Firefox/133.0"
178.165.176.49 - - [07/Jan/2025:10:12:04 +0100] "GET /entry.php?id=10715& HTTP/1.1" 200 2532 "http://hausegger.activities.at/entry.php?id=10712" "Mozilla/5.0 (Windows NT 10.0; Win64; x64; rv:133.0) Gecko/20100101 Firefox/133.0"
178.165.176.49 - - [07/Jan/2025:10:12:04 +0100] "GET /gui/javascript/form_article.js HTTP/1.1" 304 - "http://hausegger.activities.at/entry.php?id=10715&" "Mozilla/5.0 (Windows NT 10.0; Win64; x64; rv:133.0) Gecko/20100101 Firefox/133.0"
178.165.176.49 - - [07/Jan/2025:10:12:04 +0100] "GET /framework/webfx/javascript/scrolltable/scrolltableIframe.js HTTP/1.1" 304 - "http://hausegger.activities.at/entry.php?id=10715&" "Mozilla/5.0 (Windows NT 10.0; Win64; x64; rv:133.0) Gecko/20100101 Firefox/133.0"
178.165.176.49 - - [07/Jan/2025:10:12:04 +0100] "GET /entry.php?id=10716& HTTP/1.1" 200 4885 "http://hausegger.activities.at/entry.php?id=10712" "Mozilla/5.0 (Windows NT 10.0; Win64; x64; rv:133.0) Gecko/20100101 Firefox/133.0"
178.165.176.49 - - [07/Jan/2025:10:12:04 +0100] "GET /entry.php?id=10776&form=10560&name=list& HTTP/1.1" 200 2179 "http://hausegger.activities.at/entry.php?id=10715&" "Mozilla/5.0 (Windows NT 10.0; Win64; x64; rv:133.0) Gecko/20100101 Firefox/133.0"
178.165.176.49 - - [07/Jan/2025:10:12:04 +0100] "GET /entry.php?id=10778&form=10560&name=list& HTTP/1.1" 200 2691 "http://hausegger.activities.at/entry.php?id=10715&" "Mozilla/5.0 (Windows NT 10.0; Win64; x64; rv:133.0) Gecko/20100101 Firefox/133.0"
178.165.176.49 - - [07/Jan/2025:10:12:04 +0100] "GET /gui/images/icons/export.gif HTTP/1.1" 304 - "http://hausegger.activities.at/entry.php?id=10776&form=10560&name=list&" "Mozilla/5.0 (Windows NT 10.0; Win64; x64; rv:133.0) Gecko/20100101 Firefox/133.0"
178.165.176.49 - - [07/Jan/2025:10:12:04 +0100] "GET /gui/images/icons/filter_off.gif HTTP/1.1" 304 - "http://hausegger.activities.at/entry.php?id=10776&form=10560&name=list&" "Mozilla/5.0 (Windows NT 10.0; Win64; x64; rv:133.0) Gecko/20100101 Firefox/133.0"
178.165.176.49 - - [07/Jan/2025:10:12:04 +0100] "GET /gui/images/icons/disabled_isvisible.gif HTTP/1.1" 304 - "http://hausegger.activities.at/entry.php?id=10776&form=10560&name=list&" "Mozilla/5.0 (Windows NT 10.0; Win64; x64; rv:133.0) Gecko/20100101 Firefox/133.0"
178.165.176.49 - - [07/Jan/2025:10:12:04 +0100] "GET /gui/images/icons/disabled_order.gif HTTP/1.1" 304 - "http://hausegger.activities.at/entry.php?id=10776&form=10560&name=list&" "Mozilla/5.0 (Windows NT 10.0; Win64; x64; rv:133.0) Gecko/20100101 Firefox/133.0"
