178.165.176.49 - - [09/Jan/2025:18:19:59 +0100] "GET /gui/javascript/form_form.js?1736443199 HTTP/1.1" 200 16206 "http://hausegger.activities.at/entry.php?id=10271&&ser=443139" "Mozilla/5.0 (Windows NT 10.0; Win64; x64; rv:134.0) Gecko/20100101 Firefox/134.0"
178.165.176.49 - - [09/Jan/2025:18:20:59 +0100] "GET /entry.php?id=10271&&ser=443199 HTTP/1.1" 200 987 "http://hausegger.activities.at/entry.php?id=10271&&ser=443139" "Mozilla/5.0 (Windows NT 10.0; Win64; x64; rv:134.0) Gecko/20100101 Firefox/134.0"
178.165.176.49 - - [09/Jan/2025:18:20:59 +0100] "GET /gui/javascript/form_form.js?1736443259 HTTP/1.1" 200 16206 "http://hausegger.activities.at/entry.php?id=10271&&ser=443199" "Mozilla/5.0 (Windows NT 10.0; Win64; x64; rv:134.0) Gecko/20100101 Firefox/134.0"
190.103.30.146 - - [09/Jan/2025:18:21:40 +0100] "GET / HTTP/1.1" 200 423 "-" "Mozilla/5.0 (Windows NT 10.0; WOW64) AppleWebKit/537.36 (KHTML, like Gecko) Chrome/52.0.2743.116 Safari/537.36"
178.165.176.49 - - [09/Jan/2025:18:21:59 +0100] "GET /entry.php?id=10271&&ser=443259 HTTP/1.1" 200 988 "http://hausegger.activities.at/entry.php?id=10271&&ser=443199" "Mozilla/5.0 (Windows NT 10.0; Win64; x64; rv:134.0) Gecko/20100101 Firefox/134.0"
178.165.176.49 - - [09/Jan/2025:18:22:00 +0100] "GET /gui/javascript/form_form.js?1736443319 HTTP/1.1" 200 16206 "http://hausegger.activities.at/entry.php?id=10271&&ser=443259" "Mozilla/5.0 (Windows NT 10.0; Win64; x64; rv:134.0) Gecko/20100101 Firefox/134.0"
178.165.176.49 - - [09/Jan/2025:18:23:00 +0100] "GET /entry.php?id=10271&&ser=443319 HTTP/1.1" 200 988 "http://hausegger.activities.at/entry.php?id=10271&&ser=443259" "Mozilla/5.0 (Windows NT 10.0; Win64; x64; rv:134.0) Gecko/20100101 Firefox/134.0"
178.165.176.49 - - [09/Jan/2025:18:23:00 +0100] "GET /gui/javascript/form_form.js?1736443380 HTTP/1.1" 200 16206 "http://hausegger.activities.at/entry.php?id=10271&&ser=443319" "Mozilla/5.0 (Windows NT 10.0; Win64; x64; rv:134.0) Gecko/20100101 Firefox/134.0"
178.165.176.49 - - [09/Jan/2025:18:24:00 +0100] "GET /entry.php?id=10271&&ser=443380 HTTP/1.1" 200 988 "http://hausegger.activities.at/entry.php?id=10271&&ser=443319" "Mozilla/5.0 (Windows NT 10.0; Win64; x64; rv:134.0) Gecko/20100101 Firefox/134.0"
178.165.176.49 - - [09/Jan/2025:18:24:00 +0100] "GET /gui/javascript/form_form.js?1736443440 HTTP/1.1" 200 16206 "http://hausegger.activities.at/entry.php?id=10271&&ser=443380" "Mozilla/5.0 (Windows NT 10.0; Win64; x64; rv:134.0) Gecko/20100101 Firefox/134.0"
178.165.176.49 - - [09/Jan/2025:18:25:00 +0100] "GET /entry.php?id=10271&&ser=443440 HTTP/1.1" 200 987 "http://hausegger.activities.at/entry.php?id=10271&&ser=443380" "Mozilla/5.0 (Windows NT 10.0; Win64; x64; rv:134.0) Gecko/20100101 Firefox/134.0"
178.165.176.49 - - [09/Jan/2025:18:25:00 +0100] "GET /gui/javascript/form_form.js?1736443500 HTTP/1.1" 200 16206 "http://hausegger.activities.at/entry.php?id=10271&&ser=443440" "Mozilla/5.0 (Windows NT 10.0; Win64; x64; rv:134.0) Gecko/20100101 Firefox/134.0"
178.165.176.49 - - [09/Jan/2025:18:26:01 +0100] "GET /entry.php?id=10271&&ser=443500 HTTP/1.1" 200 987 "http://hausegger.activities.at/entry.php?id=10271&&ser=443440" "Mozilla/5.0 (Windows NT 10.0; Win64; x64; rv:134.0) Gecko/20100101 Firefox/134.0"
178.165.176.49 - - [09/Jan/2025:18:26:01 +0100] "GET /gui/javascript/form_form.js?1736443561 HTTP/1.1" 200 16206 "http://hausegger.activities.at/entry.php?id=10271&&ser=443500" "Mozilla/5.0 (Windows NT 10.0; Win64; x64; rv:134.0) Gecko/20100101 Firefox/134.0"
46.19.138.234 - - [09/Jan/2025:18:26:19 +0100] "GET / HTTP/1.1" 200 274 "-" "Mozilla/5.0 (Windows NT 10.0; Win64; x64) AppleWebKit/537.36 (KHTML, like Gecko) Chrome/90.0.4430.85 Safari/537.36 Edg/90.0.818.46"
178.165.176.49 - - [09/Jan/2025:18:27:01 +0100] "GET /entry.php?id=10271&&ser=443561 HTTP/1.1" 200 987 "http://hausegger.activities.at/entry.php?id=10271&&ser=443500" "Mozilla/5.0 (Windows NT 10.0; Win64; x64; rv:134.0) Gecko/20100101 Firefox/134.0"
178.165.176.49 - - [09/Jan/2025:18:27:01 +0100] "GET /gui/javascript/form_form.js?1736443621 HTTP/1.1" 200 16206 "http://hausegger.activities.at/entry.php?id=10271&&ser=443561" "Mozilla/5.0 (Windows NT 10.0; Win64; x64; rv:134.0) Gecko/20100101 Firefox/134.0"
178.165.176.49 - - [09/Jan/2025:18:28:01 +0100] "GET /entry.php?id=10271&&ser=443621 HTTP/1.1" 200 987 "http://hausegger.activities.at/entry.php?id=10271&&ser=443561" "Mozilla/5.0 (Windows NT 10.0; Win64; x64; rv:134.0) Gecko/20100101 Firefox/134.0"
178.165.176.49 - - [09/Jan/2025:18:28:01 +0100] "GET /gui/javascript/form_form.js?1736443681 HTTP/1.1" 200 16206 "http://hausegger.activities.at/entry.php?id=10271&&ser=443621" "Mozilla/5.0 (Windows NT 10.0; Win64; x64; rv:134.0) Gecko/20100101 Firefox/134.0"
178.165.176.49 - - [09/Jan/2025:18:29:01 +0100] "GET /entry.php?id=10271&&ser=443681 HTTP/1.1" 200 987 "http://hausegger.activities.at/entry.php?id=10271&&ser=443621" "Mozilla/5.0 (Windows NT 10.0; Win64; x64; rv:134.0) Gecko/20100101 Firefox/134.0"
178.165.176.49 - - [09/Jan/2025:18:29:02 +0100] "GET /gui/javascript/form_form.js?1736443741 HTTP/1.1" 200 16206 "http://hausegger.activities.at/entry.php?id=10271&&ser=443681" "Mozilla/5.0 (Windows NT 10.0; Win64; x64; rv:134.0) Gecko/20100101 Firefox/134.0"
178.165.176.49 - - [09/Jan/2025:18:30:03 +0100] "GET /entry.php?id=10271&&ser=443741 HTTP/1.1" 200 988 "http://hausegger.activities.at/entry.php?id=10271&&ser=443681" "Mozilla/5.0 (Windows NT 10.0; Win64; x64; rv:134.0) Gecko/20100101 Firefox/134.0"
178.165.176.49 - - [09/Jan/2025:18:30:03 +0100] "GET /gui/javascript/form_form.js?1736443803 HTTP/1.1" 200 16206 "http://hausegger.activities.at/entry.php?id=10271&&ser=443741" "Mozilla/5.0 (Windows NT 10.0; Win64; x64; rv:134.0) Gecko/20100101 Firefox/134.0"
178.165.176.49 - - [09/Jan/2025:18:31:03 +0100] "GET /entry.php?id=10271&&ser=443803 HTTP/1.1" 200 988 "http://hausegger.activities.at/entry.php?id=10271&&ser=443741" "Mozilla/5.0 (Windows NT 10.0; Win64; x64; rv:134.0) Gecko/20100101 Firefox/134.0"
178.165.176.49 - - [09/Jan/2025:18:31:03 +0100] "GET /gui/javascript/form_form.js?1736443863 HTTP/1.1" 200 16206 "http://hausegger.activities.at/entry.php?id=10271&&ser=443803" "Mozilla/5.0 (Windows NT 10.0; Win64; x64; rv:134.0) Gecko/20100101 Firefox/134.0"
178.165.176.49 - - [09/Jan/2025:18:32:03 +0100] "GET /entry.php?id=10271&&ser=443863 HTTP/1.1" 200 987 "http://hausegger.activities.at/entry.php?id=10271&&ser=443803" "Mozilla/5.0 (Windows NT 10.0; Win64; x64; rv:134.0) Gecko/20100101 Firefox/134.0"
178.165.176.49 - - [09/Jan/2025:18:32:04 +0100] "GET /gui/javascript/form_form.js?1736443923 HTTP/1.1" 200 16206 "http://hausegger.activities.at/entry.php?id=10271&&ser=443863" "Mozilla/5.0 (Windows NT 10.0; Win64; x64; rv:134.0) Gecko/20100101 Firefox/134.0"
178.165.176.49 - - [09/Jan/2025:18:33:04 +0100] "GET /entry.php?id=10271&&ser=443923 HTTP/1.1" 200 987 "http://hausegger.activities.at/entry.php?id=10271&&ser=443863" "Mozilla/5.0 (Windows NT 10.0; Win64; x64; rv:134.0) Gecko/20100101 Firefox/134.0"
178.165.176.49 - - [09/Jan/2025:18:33:04 +0100] "GET /gui/javascript/form_form.js?1736443984 HTTP/1.1" 200 16206 "http://hausegger.activities.at/entry.php?id=10271&&ser=443923" "Mozilla/5.0 (Windows NT 10.0; Win64; x64; rv:134.0) Gecko/20100101 Firefox/134.0"
178.165.176.49 - - [09/Jan/2025:18:34:04 +0100] "GET /entry.php?id=10271&&ser=443984 HTTP/1.1" 200 988 "http://hausegger.activities.at/entry.php?id=10271&&ser=443923" "Mozilla/5.0 (Windows NT 10.0; Win64; x64; rv:134.0) Gecko/20100101 Firefox/134.0"
178.165.176.49 - - [09/Jan/2025:18:34:04 +0100] "GET /gui/javascript/form_form.js?1736444044 HTTP/1.1" 200 16206 "http://hausegger.activities.at/entry.php?id=10271&&ser=443984" "Mozilla/5.0 (Windows NT 10.0; Win64; x64; rv:134.0) Gecko/20100101 Firefox/134.0"
178.165.176.49 - - [09/Jan/2025:18:35:04 +0100] "GET /entry.php?id=10271&&ser=444044 HTTP/1.1" 200 987 "http://hausegger.activities.at/entry.php?id=10271&&ser=443984" "Mozilla/5.0 (Windows NT 10.0; Win64; x64; rv:134.0) Gecko/20100101 Firefox/134.0"
178.165.176.49 - - [09/Jan/2025:18:35:04 +0100] "GET /gui/javascript/form_form.js?1736444104 HTTP/1.1" 200 16206 "http://hausegger.activities.at/entry.php?id=10271&&ser=444044" "Mozilla/5.0 (Windows NT 10.0; Win64; x64; rv:134.0) Gecko/20100101 Firefox/134.0"
104.45.233.92 - - [09/Jan/2025:18:35:48 +0100] "MGLNDD_212.69.160.11_80" 400 383 "-" "-"
178.165.176.49 - - [09/Jan/2025:18:36:05 +0100] "GET /entry.php?id=10271&&ser=444104 HTTP/1.1" 200 987 "http://hausegger.activities.at/entry.php?id=10271&&ser=444044" "Mozilla/5.0 (Windows NT 10.0; Win64; x64; rv:134.0) Gecko/20100101 Firefox/134.0"
178.165.176.49 - - [09/Jan/2025:18:36:05 +0100] "GET /gui/javascript/form_form.js?1736444165 HTTP/1.1" 200 16206 "http://hausegger.activities.at/entry.php?id=10271&&ser=444104" "Mozilla/5.0 (Windows NT 10.0; Win64; x64; rv:134.0) Gecko/20100101 Firefox/134.0"
178.165.176.49 - - [09/Jan/2025:18:37:05 +0100] "GET /entry.php?id=10271&&ser=444165 HTTP/1.1" 200 987 "http://hausegger.activities.at/entry.php?id=10271&&ser=444104" "Mozilla/5.0 (Windows NT 10.0; Win64; x64; rv:134.0) Gecko/20100101 Firefox/134.0"
178.165.176.49 - - [09/Jan/2025:18:37:05 +0100] "GET /gui/javascript/form_form.js?1736444225 HTTP/1.1" 200 16206 "http://hausegger.activities.at/entry.php?id=10271&&ser=444165" "Mozilla/5.0 (Windows NT 10.0; Win64; x64; rv:134.0) Gecko/20100101 Firefox/134.0"
178.165.176.49 - - [09/Jan/2025:18:38:05 +0100] "GET /entry.php?id=10271&&ser=444225 HTTP/1.1" 200 987 "http://hausegger.activities.at/entry.php?id=10271&&ser=444165" "Mozilla/5.0 (Windows NT 10.0; Win64; x64; rv:134.0) Gecko/20100101 Firefox/134.0"
178.165.176.49 - - [09/Jan/2025:18:38:05 +0100] "GET /gui/javascript/form_form.js?1736444285 HTTP/1.1" 200 16206 "http://hausegger.activities.at/entry.php?id=10271&&ser=444225" "Mozilla/5.0 (Windows NT 10.0; Win64; x64; rv:134.0) Gecko/20100101 Firefox/134.0"
178.165.176.49 - - [09/Jan/2025:18:39:05 +0100] "GET /entry.php?id=10271&&ser=444285 HTTP/1.1" 200 988 "http://hausegger.activities.at/entry.php?id=10271&&ser=444225" "Mozilla/5.0 (Windows NT 10.0; Win64; x64; rv:134.0) Gecko/20100101 Firefox/134.0"
178.165.176.49 - - [09/Jan/2025:18:39:06 +0100] "GET /gui/javascript/form_form.js?1736444346 HTTP/1.1" 200 16206 "http://hausegger.activities.at/entry.php?id=10271&&ser=444285" "Mozilla/5.0 (Windows NT 10.0; Win64; x64; rv:134.0) Gecko/20100101 Firefox/134.0"
178.165.176.49 - - [09/Jan/2025:18:40:06 +0100] "GET /entry.php?id=10271&&ser=444346 HTTP/1.1" 200 986 "http://hausegger.activities.at/entry.php?id=10271&&ser=444285" "Mozilla/5.0 (Windows NT 10.0; Win64; x64; rv:134.0) Gecko/20100101 Firefox/134.0"
178.165.176.49 - - [09/Jan/2025:18:40:06 +0100] "GET /gui/javascript/form_form.js?1736444406 HTTP/1.1" 200 16206 "http://hausegger.activities.at/entry.php?id=10271&&ser=444346" "Mozilla/5.0 (Windows NT 10.0; Win64; x64; rv:134.0) Gecko/20100101 Firefox/134.0"
178.165.176.49 - - [09/Jan/2025:18:41:06 +0100] "GET /entry.php?id=10271&&ser=444406 HTTP/1.1" 200 986 "http://hausegger.activities.at/entry.php?id=10271&&ser=444346" "Mozilla/5.0 (Windows NT 10.0; Win64; x64; rv:134.0) Gecko/20100101 Firefox/134.0"
178.165.176.49 - - [09/Jan/2025:18:41:06 +0100] "GET /gui/javascript/form_form.js?1736444466 HTTP/1.1" 200 16206 "http://hausegger.activities.at/entry.php?id=10271&&ser=444406" "Mozilla/5.0 (Windows NT 10.0; Win64; x64; rv:134.0) Gecko/20100101 Firefox/134.0"
178.165.176.49 - - [09/Jan/2025:18:42:06 +0100] "GET /entry.php?id=10271&&ser=444466 HTTP/1.1" 200 987 "http://hausegger.activities.at/entry.php?id=10271&&ser=444406" "Mozilla/5.0 (Windows NT 10.0; Win64; x64; rv:134.0) Gecko/20100101 Firefox/134.0"
178.165.176.49 - - [09/Jan/2025:18:42:07 +0100] "GET /gui/javascript/form_form.js?1736444526 HTTP/1.1" 200 16206 "http://hausegger.activities.at/entry.php?id=10271&&ser=444466" "Mozilla/5.0 (Windows NT 10.0; Win64; x64; rv:134.0) Gecko/20100101 Firefox/134.0"
178.165.176.49 - - [09/Jan/2025:18:43:07 +0100] "GET /entry.php?id=10271&&ser=444526 HTTP/1.1" 200 987 "http://hausegger.activities.at/entry.php?id=10271&&ser=444466" "Mozilla/5.0 (Windows NT 10.0; Win64; x64; rv:134.0) Gecko/20100101 Firefox/134.0"
178.165.176.49 - - [09/Jan/2025:18:43:07 +0100] "GET /gui/javascript/form_form.js?1736444587 HTTP/1.1" 200 16206 "http://hausegger.activities.at/entry.php?id=10271&&ser=444526" "Mozilla/5.0 (Windows NT 10.0; Win64; x64; rv:134.0) Gecko/20100101 Firefox/134.0"
178.165.176.49 - - [09/Jan/2025:18:44:07 +0100] "GET /entry.php?id=10271&&ser=444587 HTTP/1.1" 200 988 "http://hausegger.activities.at/entry.php?id=10271&&ser=444526" "Mozilla/5.0 (Windows NT 10.0; Win64; x64; rv:134.0) Gecko/20100101 Firefox/134.0"
178.165.176.49 - - [09/Jan/2025:18:44:07 +0100] "GET /gui/javascript/form_form.js?1736444647 HTTP/1.1" 200 16206 "http://hausegger.activities.at/entry.php?id=10271&&ser=444587" "Mozilla/5.0 (Windows NT 10.0; Win64; x64; rv:134.0) Gecko/20100101 Firefox/134.0"
178.165.176.49 - - [09/Jan/2025:18:45:07 +0100] "GET /entry.php?id=10271&&ser=444647 HTTP/1.1" 200 986 "http://hausegger.activities.at/entry.php?id=10271&&ser=444587" "Mozilla/5.0 (Windows NT 10.0; Win64; x64; rv:134.0) Gecko/20100101 Firefox/134.0"
178.165.176.49 - - [09/Jan/2025:18:45:07 +0100] "GET /gui/javascript/form_form.js?1736444707 HTTP/1.1" 200 16206 "http://hausegger.activities.at/entry.php?id=10271&&ser=444647" "Mozilla/5.0 (Windows NT 10.0; Win64; x64; rv:134.0) Gecko/20100101 Firefox/134.0"
178.165.176.49 - - [09/Jan/2025:18:46:08 +0100] "GET /entry.php?id=10271&&ser=444707 HTTP/1.1" 200 986 "http://hausegger.activities.at/entry.php?id=10271&&ser=444647" "Mozilla/5.0 (Windows NT 10.0; Win64; x64; rv:134.0) Gecko/20100101 Firefox/134.0"
178.165.176.49 - - [09/Jan/2025:18:46:08 +0100] "GET /gui/javascript/form_form.js?1736444768 HTTP/1.1" 200 16206 "http://hausegger.activities.at/entry.php?id=10271&&ser=444707" "Mozilla/5.0 (Windows NT 10.0; Win64; x64; rv:134.0) Gecko/20100101 Firefox/134.0"
178.165.176.49 - - [09/Jan/2025:18:47:08 +0100] "GET /entry.php?id=10271&&ser=444768 HTTP/1.1" 200 988 "http://hausegger.activities.at/entry.php?id=10271&&ser=444707" "Mozilla/5.0 (Windows NT 10.0; Win64; x64; rv:134.0) Gecko/20100101 Firefox/134.0"
178.165.176.49 - - [09/Jan/2025:18:47:08 +0100] "GET /gui/javascript/form_form.js?1736444828 HTTP/1.1" 200 16206 "http://hausegger.activities.at/entry.php?id=10271&&ser=444768" "Mozilla/5.0 (Windows NT 10.0; Win64; x64; rv:134.0) Gecko/20100101 Firefox/134.0"
178.165.176.49 - - [09/Jan/2025:18:48:08 +0100] "GET /entry.php?id=10271&&ser=444828 HTTP/1.1" 200 987 "http://hausegger.activities.at/entry.php?id=10271&&ser=444768" "Mozilla/5.0 (Windows NT 10.0; Win64; x64; rv:134.0) Gecko/20100101 Firefox/134.0"
178.165.176.49 - - [09/Jan/2025:18:48:08 +0100] "GET /gui/javascript/form_form.js?1736444888 HTTP/1.1" 200 16206 "http://hausegger.activities.at/entry.php?id=10271&&ser=444828" "Mozilla/5.0 (Windows NT 10.0; Win64; x64; rv:134.0) Gecko/20100101 Firefox/134.0"
178.165.176.49 - - [09/Jan/2025:18:49:08 +0100] "GET /entry.php?id=10271&&ser=444888 HTTP/1.1" 200 988 "http://hausegger.activities.at/entry.php?id=10271&&ser=444828" "Mozilla/5.0 (Windows NT 10.0; Win64; x64; rv:134.0) Gecko/20100101 Firefox/134.0"
178.165.176.49 - - [09/Jan/2025:18:49:09 +0100] "GET /gui/javascript/form_form.js?1736444949 HTTP/1.1" 200 16206 "http://hausegger.activities.at/entry.php?id=10271&&ser=444888" "Mozilla/5.0 (Windows NT 10.0; Win64; x64; rv:134.0) Gecko/20100101 Firefox/134.0"
178.165.176.49 - - [09/Jan/2025:18:50:09 +0100] "GET /entry.php?id=10271&&ser=444949 HTTP/1.1" 200 987 "http://hausegger.activities.at/entry.php?id=10271&&ser=444888" "Mozilla/5.0 (Windows NT 10.0; Win64; x64; rv:134.0) Gecko/20100101 Firefox/134.0"
178.165.176.49 - - [09/Jan/2025:18:50:09 +0100] "GET /gui/javascript/form_form.js?1736445009 HTTP/1.1" 200 16206 "http://hausegger.activities.at/entry.php?id=10271&&ser=444949" "Mozilla/5.0 (Windows NT 10.0; Win64; x64; rv:134.0) Gecko/20100101 Firefox/134.0"
178.165.176.49 - - [09/Jan/2025:18:51:09 +0100] "GET /entry.php?id=10271&&ser=445009 HTTP/1.1" 200 987 "http://hausegger.activities.at/entry.php?id=10271&&ser=444949" "Mozilla/5.0 (Windows NT 10.0; Win64; x64; rv:134.0) Gecko/20100101 Firefox/134.0"
178.165.176.49 - - [09/Jan/2025:18:51:09 +0100] "GET /gui/javascript/form_form.js?1736445069 HTTP/1.1" 200 16206 "http://hausegger.activities.at/entry.php?id=10271&&ser=445009" "Mozilla/5.0 (Windows NT 10.0; Win64; x64; rv:134.0) Gecko/20100101 Firefox/134.0"
178.165.176.49 - - [09/Jan/2025:18:52:09 +0100] "GET /entry.php?id=10271&&ser=445069 HTTP/1.1" 200 987 "http://hausegger.activities.at/entry.php?id=10271&&ser=445009" "Mozilla/5.0 (Windows NT 10.0; Win64; x64; rv:134.0) Gecko/20100101 Firefox/134.0"
178.165.176.49 - - [09/Jan/2025:18:52:10 +0100] "GET /gui/javascript/form_form.js?1736445130 HTTP/1.1" 200 16206 "http://hausegger.activities.at/entry.php?id=10271&&ser=445069" "Mozilla/5.0 (Windows NT 10.0; Win64; x64; rv:134.0) Gecko/20100101 Firefox/134.0"
178.165.176.49 - - [09/Jan/2025:18:53:10 +0100] "GET /entry.php?id=10271&&ser=445130 HTTP/1.1" 200 987 "http://hausegger.activities.at/entry.php?id=10271&&ser=445069" "Mozilla/5.0 (Windows NT 10.0; Win64; x64; rv:134.0) Gecko/20100101 Firefox/134.0"
178.165.176.49 - - [09/Jan/2025:18:53:10 +0100] "GET /gui/javascript/form_form.js?1736445190 HTTP/1.1" 200 16206 "http://hausegger.activities.at/entry.php?id=10271&&ser=445130" "Mozilla/5.0 (Windows NT 10.0; Win64; x64; rv:134.0) Gecko/20100101 Firefox/134.0"
178.165.176.49 - - [09/Jan/2025:18:54:10 +0100] "GET /entry.php?id=10271&&ser=445190 HTTP/1.1" 200 987 "http://hausegger.activities.at/entry.php?id=10271&&ser=445130" "Mozilla/5.0 (Windows NT 10.0; Win64; x64; rv:134.0) Gecko/20100101 Firefox/134.0"
178.165.176.49 - - [09/Jan/2025:18:54:10 +0100] "GET /gui/javascript/form_form.js?1736445250 HTTP/1.1" 200 16206 "http://hausegger.activities.at/entry.php?id=10271&&ser=445190" "Mozilla/5.0 (Windows NT 10.0; Win64; x64; rv:134.0) Gecko/20100101 Firefox/134.0"
93.174.93.12 - - [09/Jan/2025:18:54:36 +0100] "GET / HTTP/1.0" 200 423 "-" "Mozilla/5.0 (Linux; Android 4.3; SPH-L710 Build/JSS15J) AppleWebKit/537.36 (KHTML, like Gecko) Chrome/32.0.1700.99 Mobile Safari/537.36"
178.165.176.49 - - [09/Jan/2025:18:55:10 +0100] "GET /entry.php?id=10271&&ser=445250 HTTP/1.1" 200 987 "http://hausegger.activities.at/entry.php?id=10271&&ser=445190" "Mozilla/5.0 (Windows NT 10.0; Win64; x64; rv:134.0) Gecko/20100101 Firefox/134.0"
178.165.176.49 - - [09/Jan/2025:18:55:10 +0100] "GET /gui/javascript/form_form.js?1736445310 HTTP/1.1" 200 16206 "http://hausegger.activities.at/entry.php?id=10271&&ser=445250" "Mozilla/5.0 (Windows NT 10.0; Win64; x64; rv:134.0) Gecko/20100101 Firefox/134.0"
178.165.176.49 - - [09/Jan/2025:18:56:11 +0100] "GET /entry.php?id=10271&&ser=445310 HTTP/1.1" 200 987 "http://hausegger.activities.at/entry.php?id=10271&&ser=445250" "Mozilla/5.0 (Windows NT 10.0; Win64; x64; rv:134.0) Gecko/20100101 Firefox/134.0"
178.165.176.49 - - [09/Jan/2025:18:56:11 +0100] "GET /gui/javascript/form_form.js?1736445371 HTTP/1.1" 200 16206 "http://hausegger.activities.at/entry.php?id=10271&&ser=445310" "Mozilla/5.0 (Windows NT 10.0; Win64; x64; rv:134.0) Gecko/20100101 Firefox/134.0"
178.165.176.49 - - [09/Jan/2025:18:57:11 +0100] "GET /entry.php?id=10271&&ser=445371 HTTP/1.1" 200 987 "http://hausegger.activities.at/entry.php?id=10271&&ser=445310" "Mozilla/5.0 (Windows NT 10.0; Win64; x64; rv:134.0) Gecko/20100101 Firefox/134.0"
178.165.176.49 - - [09/Jan/2025:18:57:11 +0100] "GET /gui/javascript/form_form.js?1736445431 HTTP/1.1" 200 16206 "http://hausegger.activities.at/entry.php?id=10271&&ser=445371" "Mozilla/5.0 (Windows NT 10.0; Win64; x64; rv:134.0) Gecko/20100101 Firefox/134.0"
156.59.198.135 - - [09/Jan/2025:18:57:36 +0100] "GET /renault.2web.at/stats/lang/awstats-cz.txt HTTP/1.0" 404 304 "-" "Mozilla/5.0 (Linux; Android 5.0) AppleWebKit/537.36 (KHTML, like Gecko) Mobile Safari/537.36 (compatible; Bytespider; spider-feedback@bytedance.com)"
178.165.176.49 - - [09/Jan/2025:18:57:50 +0100] "GET /entry.php?id=10287&login=1 HTTP/1.1" 200 1879 "http://hausegger.activities.at/entry.php?id=10273&" "Mozilla/5.0 (Windows NT 10.0; Win64; x64; rv:134.0) Gecko/20100101 Firefox/134.0"
178.165.176.49 - - [09/Jan/2025:18:57:50 +0100] "GET /gui/javascript/form_form.js?1736445470 HTTP/1.1" 200 16206 "http://hausegger.activities.at/entry.php?id=10287&login=1" "Mozilla/5.0 (Windows NT 10.0; Win64; x64; rv:134.0) Gecko/20100101 Firefox/134.0"
178.165.176.49 - - [09/Jan/2025:18:57:52 +0100] "GET /gui/images/progressbar.gif HTTP/1.1" 304 - "http://hausegger.activities.at/entry.php?id=10272" "Mozilla/5.0 (Windows NT 10.0; Win64; x64; rv:134.0) Gecko/20100101 Firefox/134.0"
178.165.176.49 - - [09/Jan/2025:18:57:52 +0100] "POST /entry.php?id=10287& HTTP/1.1" 200 2433 "http://hausegger.activities.at/entry.php?id=10287&login=1" "Mozilla/5.0 (Windows NT 10.0; Win64; x64; rv:134.0) Gecko/20100101 Firefox/134.0"
178.165.176.49 - - [09/Jan/2025:18:57:52 +0100] "GET /gui/javascript/form_form.js?1736445472 HTTP/1.1" 200 16206 "http://hausegger.activities.at/entry.php?id=10287&" "Mozilla/5.0 (Windows NT 10.0; Win64; x64; rv:134.0) Gecko/20100101 Firefox/134.0"
178.165.176.49 - - [09/Jan/2025:18:57:52 +0100] "GET /entry.php?id=10270& HTTP/1.1" 200 909 "http://hausegger.activities.at/entry.php?id=10287&" "Mozilla/5.0 (Windows NT 10.0; Win64; x64; rv:134.0) Gecko/20100101 Firefox/134.0"
178.165.176.49 - - [09/Jan/2025:18:57:52 +0100] "GET /entry.php?id=10273&logout=true& HTTP/1.1" 200 1912 "http://hausegger.activities.at/entry.php?id=10287&" "Mozilla/5.0 (Windows NT 10.0; Win64; x64; rv:134.0) Gecko/20100101 Firefox/134.0"
156.59.198.136 - - [09/Jan/2025:19:05:56 +0100] "GET /renault.activities.at/htdocs/export/xml/data/orders/202001100903_RenOrder.xml HTTP/1.0" 404 328 "-" "Mozilla/5.0 (Linux; Android 5.0) AppleWebKit/537.36 (KHTML, like Gecko) Mobile Safari/537.36 (compatible; Bytespider; spider-feedback@bytedance.com)"
156.59.198.136 - - [09/Jan/2025:19:13:06 +0100] "GET /renault.activities.at/htdocs/export/xml/data/orders/201907301003_RenOrder.xml HTTP/1.0" 404 330 "-" "Mozilla/5.0 (Linux; Android 5.0) AppleWebKit/537.36 (KHTML, like Gecko) Mobile Safari/537.36 (compatible; Bytespider; spider-feedback@bytedance.com)"
185.16.39.104 - - [09/Jan/2025:19:22:45 +0100] "GET / HTTP/1.1" 200 274 "-" "Mozilla/5.0 (Windows NT 10.0; Win64; x64) AppleWebKit/537.36 (KHTML, like Gecko) Chrome/90.0.4430.85 Safari/537.36 Edg/90.0.818.46"
156.59.198.136 - - [09/Jan/2025:19:29:50 +0100] "GET /renault.activities.at/htdocs/pinEdit/editor/help/userhelp-Dateien/image075.jpg HTTP/1.0" 404 328 "-" "Mozilla/5.0 (Linux; Android 5.0) AppleWebKit/537.36 (KHTML, like Gecko) Mobile Safari/537.36 (compatible; Bytespider; spider-feedback@bytedance.com)"
193.200.78.250 - - [09/Jan/2025:19:35:38 +0100] "GET / HTTP/1.1" 200 274 "-" "Mozilla/5.0 (Windows NT 10.0; Win64; x64) AppleWebKit/537.36 (KHTML, like Gecko) Chrome/90.0.4430.85 Safari/537.36 Edg/90.0.818.46"
87.121.79.3 - - [09/Jan/2025:19:36:37 +0100] "GET / HTTP/1.1" 200 274 "-" "Mozilla/5.0 (Windows NT 10.0; Win64; x64) AppleWebKit/537.36 (KHTML, like Gecko) Chrome/90.0.4430.85 Safari/537.36 Edg/90.0.818.46"
45.95.147.253 - - [09/Jan/2025:19:41:52 +0100] "GET / HTTP/1.0" 200 423 "-" "ivre-masscan/1.3 https://github.com/robertdavidgraham/"
193.34.212.75 - - [09/Jan/2025:19:47:28 +0100] "GET / HTTP/1.1" 200 423 "-" "-"
156.59.198.135 - - [09/Jan/2025:19:51:17 +0100] "GET /renault.activities.at/htdocs/export/xml/data/orders/202109081403_RenOrder.xml HTTP/1.0" 404 329 "-" "Mozilla/5.0 (Linux; Android 5.0) AppleWebKit/537.36 (KHTML, like Gecko) Mobile Safari/537.36 (compatible; Bytespider; spider-feedback@bytedance.com)"
179.43.191.146 - - [09/Jan/2025:19:55:10 +0100] "GET / HTTP/1.1" 200 274 "-" "Mozilla/5.0 (Windows NT 10.0; Win64; x64) AppleWebKit/537.36 (KHTML, like Gecko) Chrome/90.0.4430.85 Safari/537.36 Edg/90.0.818.46"
156.59.198.136 - - [09/Jan/2025:19:55:16 +0100] "GET /docs/contadino/2017/RE17-000026.pdf HTTP/1.0" 404 302 "-" "Mozilla/5.0 (Linux; Android 5.0) AppleWebKit/537.36 (KHTML, like Gecko) Mobile Safari/537.36 (compatible; Bytespider; spider-feedback@bytedance.com)"
156.59.198.136 - - [09/Jan/2025:20:05:44 +0100] "GET /renault.activities.at/htdocs/export/xml/data/orders/202010151303_RenOrder.xml HTTP/1.0" 404 328 "-" "Mozilla/5.0 (Linux; Android 5.0) AppleWebKit/537.36 (KHTML, like Gecko) Mobile Safari/537.36 (compatible; Bytespider; spider-feedback@bytedance.com)"
156.59.198.135 - - [09/Jan/2025:20:12:21 +0100] "GET /renault.activities.at/htdocs/ewp/ew_includes/popups/ew_images/image_map.png HTTP/1.0" 404 325 "-" "Mozilla/5.0 (Linux; Android 5.0) AppleWebKit/537.36 (KHTML, like Gecko) Mobile Safari/537.36 (compatible; Bytespider; spider-feedback@bytedance.com)"
5.181.190.248 - - [09/Jan/2025:20:27:02 +0100] "GET / HTTP/1.1" 200 423 "-" "-"
95.214.55.39 - - [09/Jan/2025:20:42:15 +0100] "GET / HTTP/1.1" 200 423 "-" "-"
156.59.198.136 - - [09/Jan/2025:20:53:00 +0100] "GET /docs/contadino/2017/RE17-000011.pdf HTTP/1.0" 404 301 "-" "Mozilla/5.0 (Linux; Android 5.0) AppleWebKit/537.36 (KHTML, like Gecko) Mobile Safari/537.36 (compatible; Bytespider; spider-feedback@bytedance.com)"
156.59.198.136 - - [09/Jan/2025:20:57:01 +0100] "GET /ed.activities.at/stats/lang/awstats-ru.txt HTTP/1.0" 404 304 "-" "Mozilla/5.0 (Linux; Android 5.0) AppleWebKit/537.36 (KHTML, like Gecko) Mobile Safari/537.36 (compatible; Bytespider; spider-feedback@bytedance.com)"
156.59.198.135 - - [09/Jan/2025:21:01:02 +0100] "GET /renault.activities.at/htdocs/editor/design/image/Office2003/outdent.gif HTTP/1.0" 404 325 "-" "Mozilla/5.0 (Linux; Android 5.0) AppleWebKit/537.36 (KHTML, like Gecko) Mobile Safari/537.36 (compatible; Bytespider; spider-feedback@bytedance.com)"
156.59.198.135 - - [09/Jan/2025:21:05:02 +0100] "GET /docs/contadino/2017/RE17-000033.pdf HTTP/1.0" 404 302 "-" "Mozilla/5.0 (Linux; Android 5.0) AppleWebKit/537.36 (KHTML, like Gecko) Mobile Safari/537.36 (compatible; Bytespider; spider-feedback@bytedance.com)"
79.3.134.175 - - [09/Jan/2025:21:06:59 +0100] "GET / HTTP/1.0" 200 423 "-" "-"
218.102.12.49 - - [09/Jan/2025:21:09:01 +0100] "GET / HTTP/1.0" 200 423 "-" "curl/7.88.1"
156.59.198.136 - - [09/Jan/2025:21:09:03 +0100] "GET /renault.2web.at/stats/lang/awstats-tw.txt HTTP/1.0" 404 303 "-" "Mozilla/5.0 (Linux; Android 5.0) AppleWebKit/537.36 (KHTML, like Gecko) Mobile Safari/537.36 (compatible; Bytespider; spider-feedback@bytedance.com)"
156.59.198.136 - - [09/Jan/2025:21:15:58 +0100] "GET /ed.activities.at/stats/lang/awstats-he.txt HTTP/1.0" 404 303 "-" "Mozilla/5.0 (Linux; Android 5.0) AppleWebKit/537.36 (KHTML, like Gecko) Mobile Safari/537.36 (compatible; Bytespider; spider-feedback@bytedance.com)"
147.185.132.210 - - [09/Jan/2025:21:22:13 +0100] "\x16\x03\x01" 400 383 "-" "-"
147.185.132.210 - - [09/Jan/2025:21:22:13 +0100] "\x16\x03\x01" 400 383 "-" "-"
79.135.62.16 - - [09/Jan/2025:21:23:03 +0100] "GET / HTTP/1.0" 200 423 "-" "-"
179.43.191.146 - - [09/Jan/2025:21:38:43 +0100] "GET / HTTP/1.1" 200 274 "-" "Mozilla/5.0 (Windows NT 10.0; Win64; x64) AppleWebKit/537.36 (KHTML, like Gecko) Chrome/90.0.4430.85 Safari/537.36 Edg/90.0.818.46"
156.59.198.136 - - [09/Jan/2025:21:47:31 +0100] "GET /renault.activities.at/htdocs/editor/design/image/Office2003/button.gif HTTP/1.0" 404 325 "-" "Mozilla/5.0 (Linux; Android 5.0) AppleWebKit/537.36 (KHTML, like Gecko) Mobile Safari/537.36 (compatible; Bytespider; spider-feedback@bytedance.com)"
91.223.3.201 - - [09/Jan/2025:22:01:27 +0100] "GET / HTTP/1.1" 200 274 "-" "Mozilla/5.0 (Windows NT 10.0; Win64; x64) AppleWebKit/537.36 (KHTML, like Gecko) Chrome/90.0.4430.85 Safari/537.36 Edg/90.0.818.46"
193.200.78.250 - - [09/Jan/2025:22:05:43 +0100] "GET / HTTP/1.1" 200 274 "-" "Mozilla/5.0 (Windows NT 10.0; Win64; x64) AppleWebKit/537.36 (KHTML, like Gecko) Chrome/90.0.4430.85 Safari/537.36 Edg/90.0.818.46"
156.59.198.136 - - [09/Jan/2025:22:07:33 +0100] "GET /renault.activities.at/htdocs/editor/design/image/Office2003/superscript.gif HTTP/1.0" 404 328 "-" "Mozilla/5.0 (Linux; Android 5.0) AppleWebKit/537.36 (KHTML, like Gecko) Mobile Safari/537.36 (compatible; Bytespider; spider-feedback@bytedance.com)"
17.241.219.239 - - [09/Jan/2025:22:10:47 +0100] "GET /robots.txt HTTP/1.1" 404 292 "-" "Mozilla/5.0 (Macintosh; Intel Mac OS X 10_15_7) AppleWebKit/605.1.15 (KHTML, like Gecko) Version/17.4 Safari/605.1.15 (Applebot/0.1; +http://www.apple.com/go/applebot)"
17.241.75.218 - - [09/Jan/2025:22:10:48 +0100] "GET /index.php?sid=54df32ee0ee0f7bf8a54e23511949d55 HTTP/1.1" 200 274 "-" "Mozilla/5.0 (Macintosh; Intel Mac OS X 10_15_7) AppleWebKit/605.1.15 (KHTML, like Gecko) Version/17.4 Safari/605.1.15 (Applebot/0.1; +http://www.apple.com/go/applebot)"
156.59.198.136 - - [09/Jan/2025:22:11:33 +0100] "GET /ed.activities.at/stats/lang/awstats-br.txt HTTP/1.0" 404 304 "-" "Mozilla/5.0 (Linux; Android 5.0) AppleWebKit/537.36 (KHTML, like Gecko) Mobile Safari/537.36 (compatible; Bytespider; spider-feedback@bytedance.com)"
95.214.55.39 - - [09/Jan/2025:22:11:50 +0100] "GET /cgi-bin/luci/;stok=/locale HTTP/1.1" 404 371 "-" "-"
80.82.77.202 - - [09/Jan/2025:22:13:29 +0100] "\x16\x03\x02\x01o\x01" 400 383 "-" "-"
66.169.6.245 - - [09/Jan/2025:22:13:52 +0100] "GET / HTTP/1.0" 200 423 "-" "curl/7.88.1"
121.181.138.168 - - [09/Jan/2025:22:14:16 +0100] "GET / HTTP/1.0" 200 423 "-" "curl/7.88.1"
156.59.198.135 - - [09/Jan/2025:22:15:33 +0100] "GET /ed.activities.at/stats/lang/awstats-lt.txt HTTP/1.0" 404 303 "-" "Mozilla/5.0 (Linux; Android 5.0) AppleWebKit/537.36 (KHTML, like Gecko) Mobile Safari/537.36 (compatible; Bytespider; spider-feedback@bytedance.com)"
87.120.115.34 - - [09/Jan/2025:22:19:58 +0100] "GET /_profiler/phpinfo HTTP/1.1" 404 289 "-" "Mozilla/5.0 (Macintosh; Intel Mac OS X 10_15_7) AppleWebKit/605.1.15 (KHTML, like Gecko) LoiLoNote/19.0.0 Version/17.1.2 Safari/605.1.15"
156.59.198.136 - - [09/Jan/2025:22:21:21 +0100] "GET /renault.activities.at/htdocs/editor/design/image/Office2003/orderedlist.gif HTTP/1.0" 404 327 "-" "Mozilla/5.0 (Linux; Android 5.0) AppleWebKit/537.36 (KHTML, like Gecko) Mobile Safari/537.36 (compatible; Bytespider; spider-feedback@bytedance.com)"
156.59.198.136 - - [09/Jan/2025:22:25:22 +0100] "GET /renault.activities.at/htdocs/editor/design/image/Office2003/backcolor.gif HTTP/1.0" 404 328 "-" "Mozilla/5.0 (Linux; Android 5.0) AppleWebKit/537.36 (KHTML, like Gecko) Mobile Safari/537.36 (compatible; Bytespider; spider-feedback@bytedance.com)"
156.59.198.136 - - [09/Jan/2025:22:29:22 +0100] "GET /renault.activities.at/htdocs/editor/design/image/Office2003/unorderedlist.gif HTTP/1.0" 404 329 "-" "Mozilla/5.0 (Linux; Android 5.0) AppleWebKit/537.36 (KHTML, like Gecko) Mobile Safari/537.36 (compatible; Bytespider; spider-feedback@bytedance.com)"
156.59.198.136 - - [09/Jan/2025:22:40:39 +0100] "GET /docs/contadino/2017/RE17-000012.pdf HTTP/1.0" 404 302 "-" "Mozilla/5.0 (Linux; Android 5.0) AppleWebKit/537.36 (KHTML, like Gecko) Mobile Safari/537.36 (compatible; Bytespider; spider-feedback@bytedance.com)"
87.121.79.3 - - [09/Jan/2025:22:49:15 +0100] "GET / HTTP/1.1" 200 274 "-" "Mozilla/5.0 (Windows NT 10.0; Win64; x64) AppleWebKit/537.36 (KHTML, like Gecko) Chrome/90.0.4430.85 Safari/537.36 Edg/90.0.818.46"
156.59.198.135 - - [09/Jan/2025:22:57:53 +0100] "GET /docs/ecommlogistics/belege/RE2015.PDF HTTP/1.0" 404 303 "-" "Mozilla/5.0 (Linux; Android 5.0) AppleWebKit/537.36 (KHTML, like Gecko) Mobile Safari/537.36 (compatible; Bytespider; spider-feedback@bytedance.com)"
156.59.198.136 - - [09/Jan/2025:23:04:52 +0100] "GET /docs/contadino/2017/RE17-000019.pdf HTTP/1.0" 404 302 "-" "Mozilla/5.0 (Linux; Android 5.0) AppleWebKit/537.36 (KHTML, like Gecko) Mobile Safari/537.36 (compatible; Bytespider; spider-feedback@bytedance.com)"
195.3.223.55 - - [09/Jan/2025:23:12:44 +0100] "GET / HTTP/1.1" 200 274 "-" "Mozilla/5.0 (Windows NT 10.0; Win64; x64) AppleWebKit/537.36 (KHTML, like Gecko) Chrome/90.0.4430.85 Safari/537.36 Edg/90.0.818.46"
178.215.236.132 - - [09/Jan/2025:23:12:46 +0100] "GET /_profiler/phpinfo HTTP/1.1" 404 289 "-" "Mozilla/5.0 (iPhone; CPU iPhone OS 12_3_1 like Mac OS X) AppleWebKit/605.1.15 (KHTML, like Gecko) Mobile/15E148 MicroMessenger/7.0.4(0x17000428) NetType/WIFI Language/zh_CN"
103.163.80.15 - - [09/Jan/2025:23:13:40 +0100] "GET / HTTP/1.1" 200 423 "-" "Mozilla/5.0 (Windows NT 10.0; WOW64) AppleWebKit/537.36 (KHTML, like Gecko) Chrome/52.0.2743.116 Safari/537.36"
156.59.198.136 - - [09/Jan/2025:23:26:15 +0100] "GET /renault.2web.at/stats/lang/awstats-br.txt HTTP/1.0" 404 303 "-" "Mozilla/5.0 (Linux; Android 5.0) AppleWebKit/537.36 (KHTML, like Gecko) Mobile Safari/537.36 (compatible; Bytespider; spider-feedback@bytedance.com)"
95.214.55.226 - - [09/Jan/2025:23:26:18 +0100] "GET / HTTP/1.1" 200 423 "-" "-"
147.45.112.147 - - [09/Jan/2025:23:39:42 +0100] "\x03" 400 383 "-" "-"
57.129.64.237 - - [09/Jan/2025:23:40:05 +0100] "GET / HTTP/1.1" 200 274 "-" "Mozilla/5.0 (compatible; ModatScanner/1.0; +https://modat.io/)"
176.98.189.144 - - [09/Jan/2025:23:44:40 +0100] "GET / HTTP/1.1" 200 423 "-" "-"
156.59.198.136 - - [09/Jan/2025:23:48:27 +0100] "GET /renault.2web.at/stats/lang/awstats-nn.txt HTTP/1.0" 404 303 "-" "Mozilla/5.0 (Linux; Android 5.0) AppleWebKit/537.36 (KHTML, like Gecko) Mobile Safari/537.36 (compatible; Bytespider; spider-feedback@bytedance.com)"
156.59.198.135 - - [09/Jan/2025:23:52:27 +0100] "GET /ed.activities.at/stats/lang/awstats-fr.txt HTTP/1.0" 404 304 "-" "Mozilla/5.0 (Linux; Android 5.0) AppleWebKit/537.36 (KHTML, like Gecko) Mobile Safari/537.36 (compatible; Bytespider; spider-feedback@bytedance.com)"
193.200.78.250 - - [09/Jan/2025:23:59:14 +0100] "GET /logon.htm HTTP/1.1" 404 350 "-" "Hello World"
104.234.115.131 - - [10/Jan/2025:00:01:53 +0100] "" 400 383 "-" "-"
104.234.115.131 - - [10/Jan/2025:00:02:11 +0100] "\x16\x03\x01" 400 383 "-" "-"
156.59.198.135 - - [10/Jan/2025:00:02:25 +0100] "GET /docs/contadino/2017/RE17-000013.pdf HTTP/1.0" 404 302 "-" "Mozilla/5.0 (Linux; Android 5.0) AppleWebKit/537.36 (KHTML, like Gecko) Mobile Safari/537.36 (compatible; Bytespider; spider-feedback@bytedance.com)"
104.234.115.131 - - [10/Jan/2025:00:02:46 +0100] "\x16\x03\x01" 400 383 "-" "-"
185.196.220.253 - - [10/Jan/2025:00:03:05 +0100] "GET / HTTP/1.1" 200 423 "-" "Hello World"
104.234.115.131 - - [10/Jan/2025:00:03:38 +0100] "\x16\x03\x01" 400 383 "-" "-"
104.234.115.131 - - [10/Jan/2025:00:04:08 +0100] "GET /manage/account/login HTTP/1.1" 404 291 "-" "'Mozilla/5.0 (compatible; GenomeCrawlerd/1.0; https://www.nokia.com/genomecrawler)'"
104.234.115.131 - - [10/Jan/2025:00:04:18 +0100] "\x16\x03\x01" 400 383 "-" "-"
104.234.115.131 - - [10/Jan/2025:00:04:45 +0100] "\x16\x03\x01" 400 383 "-" "-"
104.234.115.131 - - [10/Jan/2025:00:06:05 +0100] "\x16\x03\x01" 400 383 "-" "-"
156.59.198.135 - - [10/Jan/2025:00:06:25 +0100] "GET /renault.activities.at/htdocs/editor/design/image/Office2003/bold.gif HTTP/1.0" 404 324 "-" "Mozilla/5.0 (Linux; Android 5.0) AppleWebKit/537.36 (KHTML, like Gecko) Mobile Safari/537.36 (compatible; Bytespider; spider-feedback@bytedance.com)"
46.19.138.234 - - [10/Jan/2025:00:06:49 +0100] "GET / HTTP/1.1" 200 274 "-" "Mozilla/5.0 (Windows NT 10.0; Win64; x64) AppleWebKit/537.36 (KHTML, like Gecko) Chrome/90.0.4430.85 Safari/537.36 Edg/90.0.818.46"
104.234.115.131 - - [10/Jan/2025:00:08:15 +0100] "\x16\x03\x01" 400 383 "-" "-"
104.234.115.131 - - [10/Jan/2025:00:08:41 +0100] "GET /doc/index.html HTTP/1.1" 404 286 "-" "'Mozilla/5.0 (compatible; GenomeCrawlerd/1.0; https://www.nokia.com/genomecrawler)'"
104.234.115.131 - - [10/Jan/2025:00:10:07 +0100] "GET / HTTP/1.1" 200 274 "-" "'Mozilla/5.0 (compatible; GenomeCrawlerd/1.0; https://www.nokia.com/genomecrawler)'"
92.255.57.58 - - [10/Jan/2025:00:10:20 +0100] "GET /?XDEBUG_SESSION_START=phpstorm HTTP/1.1" 200 274 "-" "Mozilla/5.0 (Windows NT 10.0; Win64; x64) AppleWebKit/537.36 (KHTML, like Gecko) Chrome/78.0.3904.108 Safari/537.36"
156.59.198.135 - - [10/Jan/2025:00:10:28 +0100] "GET /renault.activities.at/htdocs/editor/design/image/Office2003/indent.gif HTTP/1.0" 404 324 "-" "Mozilla/5.0 (Linux; Android 5.0) AppleWebKit/537.36 (KHTML, like Gecko) Mobile Safari/537.36 (compatible; Bytespider; spider-feedback@bytedance.com)"
156.59.198.135 - - [10/Jan/2025:00:14:30 +0100] "GET /renault.activities.at/htdocs/editor/design/image/Office2003/print.gif HTTP/1.0" 404 324 "-" "Mozilla/5.0 (Linux; Android 5.0) AppleWebKit/537.36 (KHTML, like Gecko) Mobile Safari/537.36 (compatible; Bytespider; spider-feedback@bytedance.com)"
156.59.198.136 - - [10/Jan/2025:00:18:30 +0100] "GET /renault.activities.at/htdocs/editor/design/image/Office2003/checkbox.gif HTTP/1.0" 404 327 "-" "Mozilla/5.0 (Linux; Android 5.0) AppleWebKit/537.36 (KHTML, like Gecko) Mobile Safari/537.36 (compatible; Bytespider; spider-feedback@bytedance.com)"
156.59.198.135 - - [10/Jan/2025:00:22:30 +0100] "GET /ed.activities.at/stats/lang/awstats-hr.txt HTTP/1.0" 404 304 "-" "Mozilla/5.0 (Linux; Android 5.0) AppleWebKit/537.36 (KHTML, like Gecko) Mobile Safari/537.36 (compatible; Bytespider; spider-feedback@bytedance.com)"
156.59.198.135 - - [10/Jan/2025:00:26:30 +0100] "GET /docs/contadino/2017/RE17-000016.pdf HTTP/1.0" 404 302 "-" "Mozilla/5.0 (Linux; Android 5.0) AppleWebKit/537.36 (KHTML, like Gecko) Mobile Safari/537.36 (compatible; Bytespider; spider-feedback@bytedance.com)"
156.59.198.135 - - [10/Jan/2025:00:30:30 +0100] "GET /docs/contadino/2018/ANGEBOT/AG18-00004.pdf HTTP/1.0" 404 308 "-" "Mozilla/5.0 (Linux; Android 5.0) AppleWebKit/537.36 (KHTML, like Gecko) Mobile Safari/537.36 (compatible; Bytespider; spider-feedback@bytedance.com)"
185.16.39.104 - - [10/Jan/2025:00:36:30 +0100] "GET / HTTP/1.1" 200 274 "-" "Mozilla/5.0 (Windows NT 10.0; Win64; x64) AppleWebKit/537.36 (KHTML, like Gecko) Chrome/90.0.4430.85 Safari/537.36 Edg/90.0.818.46"
156.59.198.135 - - [10/Jan/2025:00:44:56 +0100] "GET /renault.activities.at/htdocs/editor/design/image/Office2003/open.gif HTTP/1.0" 404 323 "-" "Mozilla/5.0 (Linux; Android 5.0) AppleWebKit/537.36 (KHTML, like Gecko) Mobile Safari/537.36 (compatible; Bytespider; spider-feedback@bytedance.com)"