178.165.176.49 - - [13/Jan/2025:11:22:27 +0100] "GET /gui/javascript/form_form.js?1736763747 HTTP/1.1" 200 16206 "http://hausegger.activities.at/entry.php?id=10271&&ser=763687" "Mozilla/5.0 (Windows NT 10.0; Win64; x64; rv:134.0) Gecko/20100101 Firefox/134.0"
178.165.176.49 - - [13/Jan/2025:11:23:27 +0100] "GET /entry.php?id=10271&&ser=763747 HTTP/1.1" 200 987 "http://hausegger.activities.at/entry.php?id=10271&&ser=763687" "Mozilla/5.0 (Windows NT 10.0; Win64; x64; rv:134.0) Gecko/20100101 Firefox/134.0"
178.165.176.49 - - [13/Jan/2025:11:23:27 +0100] "GET /gui/javascript/form_form.js?1736763807 HTTP/1.1" 200 16206 "http://hausegger.activities.at/entry.php?id=10271&&ser=763747" "Mozilla/5.0 (Windows NT 10.0; Win64; x64; rv:134.0) Gecko/20100101 Firefox/134.0"
178.165.176.49 - - [13/Jan/2025:11:24:27 +0100] "GET /entry.php?id=10271&&ser=763807 HTTP/1.1" 200 987 "http://hausegger.activities.at/entry.php?id=10271&&ser=763747" "Mozilla/5.0 (Windows NT 10.0; Win64; x64; rv:134.0) Gecko/20100101 Firefox/134.0"
178.165.176.49 - - [13/Jan/2025:11:24:27 +0100] "GET /gui/javascript/form_form.js?1736763867 HTTP/1.1" 200 16206 "http://hausegger.activities.at/entry.php?id=10271&&ser=763807" "Mozilla/5.0 (Windows NT 10.0; Win64; x64; rv:134.0) Gecko/20100101 Firefox/134.0"
95.214.55.39 - - [13/Jan/2025:11:25:01 +0100] "GET /cgi-bin/luci/;stok=/locale HTTP/1.1" 404 371 "-" "-"
178.165.176.49 - - [13/Jan/2025:11:25:28 +0100] "GET /entry.php?id=10271&&ser=763867 HTTP/1.1" 200 988 "http://hausegger.activities.at/entry.php?id=10271&&ser=763807" "Mozilla/5.0 (Windows NT 10.0; Win64; x64; rv:134.0) Gecko/20100101 Firefox/134.0"
178.165.176.49 - - [13/Jan/2025:11:25:28 +0100] "GET /gui/javascript/form_form.js?1736763928 HTTP/1.1" 200 16206 "http://hausegger.activities.at/entry.php?id=10271&&ser=763867" "Mozilla/5.0 (Windows NT 10.0; Win64; x64; rv:134.0) Gecko/20100101 Firefox/134.0"
178.165.176.49 - - [13/Jan/2025:11:26:28 +0100] "GET /entry.php?id=10271&&ser=763928 HTTP/1.1" 200 987 "http://hausegger.activities.at/entry.php?id=10271&&ser=763867" "Mozilla/5.0 (Windows NT 10.0; Win64; x64; rv:134.0) Gecko/20100101 Firefox/134.0"
178.165.176.49 - - [13/Jan/2025:11:26:28 +0100] "GET /gui/javascript/form_form.js?1736763988 HTTP/1.1" 200 16206 "http://hausegger.activities.at/entry.php?id=10271&&ser=763928" "Mozilla/5.0 (Windows NT 10.0; Win64; x64; rv:134.0) Gecko/20100101 Firefox/134.0"
178.165.176.49 - - [13/Jan/2025:11:27:28 +0100] "GET /entry.php?id=10271&&ser=763988 HTTP/1.1" 200 987 "http://hausegger.activities.at/entry.php?id=10271&&ser=763928" "Mozilla/5.0 (Windows NT 10.0; Win64; x64; rv:134.0) Gecko/20100101 Firefox/134.0"
178.165.176.49 - - [13/Jan/2025:11:27:28 +0100] "GET /gui/javascript/form_form.js?1736764048 HTTP/1.1" 200 16206 "http://hausegger.activities.at/entry.php?id=10271&&ser=763988" "Mozilla/5.0 (Windows NT 10.0; Win64; x64; rv:134.0) Gecko/20100101 Firefox/134.0"
178.165.176.49 - - [13/Jan/2025:11:28:29 +0100] "GET /entry.php?id=10271&&ser=764048 HTTP/1.1" 200 987 "http://hausegger.activities.at/entry.php?id=10271&&ser=763988" "Mozilla/5.0 (Windows NT 10.0; Win64; x64; rv:134.0) Gecko/20100101 Firefox/134.0"
178.165.176.49 - - [13/Jan/2025:11:28:29 +0100] "GET /gui/javascript/form_form.js?1736764109 HTTP/1.1" 200 16206 "http://hausegger.activities.at/entry.php?id=10271&&ser=764048" "Mozilla/5.0 (Windows NT 10.0; Win64; x64; rv:134.0) Gecko/20100101 Firefox/134.0"
178.165.176.49 - - [13/Jan/2025:11:29:29 +0100] "GET /entry.php?id=10271&&ser=764109 HTTP/1.1" 200 987 "http://hausegger.activities.at/entry.php?id=10271&&ser=764048" "Mozilla/5.0 (Windows NT 10.0; Win64; x64; rv:134.0) Gecko/20100101 Firefox/134.0"
178.165.176.49 - - [13/Jan/2025:11:29:29 +0100] "GET /gui/javascript/form_form.js?1736764169 HTTP/1.1" 200 16206 "http://hausegger.activities.at/entry.php?id=10271&&ser=764109" "Mozilla/5.0 (Windows NT 10.0; Win64; x64; rv:134.0) Gecko/20100101 Firefox/134.0"
178.165.176.49 - - [13/Jan/2025:11:30:29 +0100] "GET /entry.php?id=10271&&ser=764169 HTTP/1.1" 200 987 "http://hausegger.activities.at/entry.php?id=10271&&ser=764109" "Mozilla/5.0 (Windows NT 10.0; Win64; x64; rv:134.0) Gecko/20100101 Firefox/134.0"
178.165.176.49 - - [13/Jan/2025:11:30:29 +0100] "GET /gui/javascript/form_form.js?1736764229 HTTP/1.1" 200 16206 "http://hausegger.activities.at/entry.php?id=10271&&ser=764169" "Mozilla/5.0 (Windows NT 10.0; Win64; x64; rv:134.0) Gecko/20100101 Firefox/134.0"
178.165.176.49 - - [13/Jan/2025:11:31:29 +0100] "GET /entry.php?id=10271&&ser=764229 HTTP/1.1" 200 987 "http://hausegger.activities.at/entry.php?id=10271&&ser=764169" "Mozilla/5.0 (Windows NT 10.0; Win64; x64; rv:134.0) Gecko/20100101 Firefox/134.0"
178.165.176.49 - - [13/Jan/2025:11:31:30 +0100] "GET /gui/javascript/form_form.js?1736764290 HTTP/1.1" 200 16206 "http://hausegger.activities.at/entry.php?id=10271&&ser=764229" "Mozilla/5.0 (Windows NT 10.0; Win64; x64; rv:134.0) Gecko/20100101 Firefox/134.0"
178.165.176.49 - - [13/Jan/2025:11:32:30 +0100] "GET /entry.php?id=10271&&ser=764290 HTTP/1.1" 200 987 "http://hausegger.activities.at/entry.php?id=10271&&ser=764229" "Mozilla/5.0 (Windows NT 10.0; Win64; x64; rv:134.0) Gecko/20100101 Firefox/134.0"
178.165.176.49 - - [13/Jan/2025:11:32:30 +0100] "GET /gui/javascript/form_form.js?1736764350 HTTP/1.1" 200 16206 "http://hausegger.activities.at/entry.php?id=10271&&ser=764290" "Mozilla/5.0 (Windows NT 10.0; Win64; x64; rv:134.0) Gecko/20100101 Firefox/134.0"
178.165.176.49 - - [13/Jan/2025:11:33:30 +0100] "GET /entry.php?id=10271&&ser=764350 HTTP/1.1" 200 987 "http://hausegger.activities.at/entry.php?id=10271&&ser=764290" "Mozilla/5.0 (Windows NT 10.0; Win64; x64; rv:134.0) Gecko/20100101 Firefox/134.0"
178.165.176.49 - - [13/Jan/2025:11:33:30 +0100] "GET /gui/javascript/form_form.js?1736764410 HTTP/1.1" 200 16206 "http://hausegger.activities.at/entry.php?id=10271&&ser=764350" "Mozilla/5.0 (Windows NT 10.0; Win64; x64; rv:134.0) Gecko/20100101 Firefox/134.0"
178.165.176.49 - - [13/Jan/2025:11:34:30 +0100] "GET /entry.php?id=10271&&ser=764410 HTTP/1.1" 200 987 "http://hausegger.activities.at/entry.php?id=10271&&ser=764350" "Mozilla/5.0 (Windows NT 10.0; Win64; x64; rv:134.0) Gecko/20100101 Firefox/134.0"
178.165.176.49 - - [13/Jan/2025:11:34:31 +0100] "GET /gui/javascript/form_form.js?1736764471 HTTP/1.1" 200 16206 "http://hausegger.activities.at/entry.php?id=10271&&ser=764410" "Mozilla/5.0 (Windows NT 10.0; Win64; x64; rv:134.0) Gecko/20100101 Firefox/134.0"
178.165.176.49 - - [13/Jan/2025:11:35:31 +0100] "GET /entry.php?id=10271&&ser=764470 HTTP/1.1" 200 987 "http://hausegger.activities.at/entry.php?id=10271&&ser=764410" "Mozilla/5.0 (Windows NT 10.0; Win64; x64; rv:134.0) Gecko/20100101 Firefox/134.0"
178.165.176.49 - - [13/Jan/2025:11:35:31 +0100] "GET /gui/javascript/form_form.js?1736764531 HTTP/1.1" 200 16206 "http://hausegger.activities.at/entry.php?id=10271&&ser=764470" "Mozilla/5.0 (Windows NT 10.0; Win64; x64; rv:134.0) Gecko/20100101 Firefox/134.0"
178.165.176.49 - - [13/Jan/2025:11:36:31 +0100] "GET /entry.php?id=10271&&ser=764531 HTTP/1.1" 200 987 "http://hausegger.activities.at/entry.php?id=10271&&ser=764470" "Mozilla/5.0 (Windows NT 10.0; Win64; x64; rv:134.0) Gecko/20100101 Firefox/134.0"
178.165.176.49 - - [13/Jan/2025:11:36:31 +0100] "GET /gui/javascript/form_form.js?1736764591 HTTP/1.1" 200 16206 "http://hausegger.activities.at/entry.php?id=10271&&ser=764531" "Mozilla/5.0 (Windows NT 10.0; Win64; x64; rv:134.0) Gecko/20100101 Firefox/134.0"
178.165.176.49 - - [13/Jan/2025:11:37:31 +0100] "GET /entry.php?id=10271&&ser=764591 HTTP/1.1" 200 987 "http://hausegger.activities.at/entry.php?id=10271&&ser=764531" "Mozilla/5.0 (Windows NT 10.0; Win64; x64; rv:134.0) Gecko/20100101 Firefox/134.0"
178.165.176.49 - - [13/Jan/2025:11:37:31 +0100] "GET /gui/javascript/form_form.js?1736764651 HTTP/1.1" 200 16206 "http://hausegger.activities.at/entry.php?id=10271&&ser=764591" "Mozilla/5.0 (Windows NT 10.0; Win64; x64; rv:134.0) Gecko/20100101 Firefox/134.0"
178.165.176.49 - - [13/Jan/2025:11:38:32 +0100] "GET /entry.php?id=10271&&ser=764651 HTTP/1.1" 200 987 "http://hausegger.activities.at/entry.php?id=10271&&ser=764591" "Mozilla/5.0 (Windows NT 10.0; Win64; x64; rv:134.0) Gecko/20100101 Firefox/134.0"
178.165.176.49 - - [13/Jan/2025:11:38:32 +0100] "GET /gui/javascript/form_form.js?1736764712 HTTP/1.1" 200 16206 "http://hausegger.activities.at/entry.php?id=10271&&ser=764651" "Mozilla/5.0 (Windows NT 10.0; Win64; x64; rv:134.0) Gecko/20100101 Firefox/134.0"
178.165.176.49 - - [13/Jan/2025:11:39:32 +0100] "GET /entry.php?id=10271&&ser=764712 HTTP/1.1" 200 988 "http://hausegger.activities.at/entry.php?id=10271&&ser=764651" "Mozilla/5.0 (Windows NT 10.0; Win64; x64; rv:134.0) Gecko/20100101 Firefox/134.0"
178.165.176.49 - - [13/Jan/2025:11:39:32 +0100] "GET /gui/javascript/form_form.js?1736764772 HTTP/1.1" 200 16206 "http://hausegger.activities.at/entry.php?id=10271&&ser=764712" "Mozilla/5.0 (Windows NT 10.0; Win64; x64; rv:134.0) Gecko/20100101 Firefox/134.0"
178.165.176.49 - - [13/Jan/2025:11:40:32 +0100] "GET /entry.php?id=10271&&ser=764772 HTTP/1.1" 200 987 "http://hausegger.activities.at/entry.php?id=10271&&ser=764712" "Mozilla/5.0 (Windows NT 10.0; Win64; x64; rv:134.0) Gecko/20100101 Firefox/134.0"
178.165.176.49 - - [13/Jan/2025:11:40:32 +0100] "GET /gui/javascript/form_form.js?1736764832 HTTP/1.1" 200 16206 "http://hausegger.activities.at/entry.php?id=10271&&ser=764772" "Mozilla/5.0 (Windows NT 10.0; Win64; x64; rv:134.0) Gecko/20100101 Firefox/134.0"
178.165.176.49 - - [13/Jan/2025:11:41:32 +0100] "GET /entry.php?id=10271&&ser=764832 HTTP/1.1" 200 987 "http://hausegger.activities.at/entry.php?id=10271&&ser=764772" "Mozilla/5.0 (Windows NT 10.0; Win64; x64; rv:134.0) Gecko/20100101 Firefox/134.0"
178.165.176.49 - - [13/Jan/2025:11:41:33 +0100] "GET /gui/javascript/form_form.js?1736764893 HTTP/1.1" 200 16206 "http://hausegger.activities.at/entry.php?id=10271&&ser=764832" "Mozilla/5.0 (Windows NT 10.0; Win64; x64; rv:134.0) Gecko/20100101 Firefox/134.0"
178.165.176.49 - - [13/Jan/2025:11:42:33 +0100] "GET /entry.php?id=10271&&ser=764893 HTTP/1.1" 200 987 "http://hausegger.activities.at/entry.php?id=10271&&ser=764832" "Mozilla/5.0 (Windows NT 10.0; Win64; x64; rv:134.0) Gecko/20100101 Firefox/134.0"
178.165.176.49 - - [13/Jan/2025:11:42:33 +0100] "GET /gui/javascript/form_form.js?1736764953 HTTP/1.1" 200 16206 "http://hausegger.activities.at/entry.php?id=10271&&ser=764893" "Mozilla/5.0 (Windows NT 10.0; Win64; x64; rv:134.0) Gecko/20100101 Firefox/134.0"
156.59.198.135 - - [13/Jan/2025:11:43:10 +0100] "GET /ed-test.activities.at/stats/lang/awstats-mk.txt HTTP/1.0" 404 307 "-" "Mozilla/5.0 (Linux; Android 5.0) AppleWebKit/537.36 (KHTML, like Gecko) Mobile Safari/537.36 (compatible; Bytespider; spider-feedback@bytedance.com)"
178.165.176.49 - - [13/Jan/2025:11:43:33 +0100] "GET /entry.php?id=10271&&ser=764953 HTTP/1.1" 200 987 "http://hausegger.activities.at/entry.php?id=10271&&ser=764893" "Mozilla/5.0 (Windows NT 10.0; Win64; x64; rv:134.0) Gecko/20100101 Firefox/134.0"
178.165.176.49 - - [13/Jan/2025:11:43:33 +0100] "GET /gui/javascript/form_form.js?1736765013 HTTP/1.1" 200 16206 "http://hausegger.activities.at/entry.php?id=10271&&ser=764953" "Mozilla/5.0 (Windows NT 10.0; Win64; x64; rv:134.0) Gecko/20100101 Firefox/134.0"
178.165.176.49 - - [13/Jan/2025:11:44:33 +0100] "GET /entry.php?id=10271&&ser=765013 HTTP/1.1" 200 987 "http://hausegger.activities.at/entry.php?id=10271&&ser=764953" "Mozilla/5.0 (Windows NT 10.0; Win64; x64; rv:134.0) Gecko/20100101 Firefox/134.0"
178.165.176.49 - - [13/Jan/2025:11:44:33 +0100] "GET /gui/javascript/form_form.js?1736765073 HTTP/1.1" 200 16206 "http://hausegger.activities.at/entry.php?id=10271&&ser=765013" "Mozilla/5.0 (Windows NT 10.0; Win64; x64; rv:134.0) Gecko/20100101 Firefox/134.0"
178.165.176.49 - - [13/Jan/2025:11:45:34 +0100] "GET /entry.php?id=10271&&ser=765073 HTTP/1.1" 200 987 "http://hausegger.activities.at/entry.php?id=10271&&ser=765013" "Mozilla/5.0 (Windows NT 10.0; Win64; x64; rv:134.0) Gecko/20100101 Firefox/134.0"
178.165.176.49 - - [13/Jan/2025:11:45:34 +0100] "GET /gui/javascript/form_form.js?1736765134 HTTP/1.1" 200 16206 "http://hausegger.activities.at/entry.php?id=10271&&ser=765073" "Mozilla/5.0 (Windows NT 10.0; Win64; x64; rv:134.0) Gecko/20100101 Firefox/134.0"
178.165.176.49 - - [13/Jan/2025:11:46:34 +0100] "GET /entry.php?id=10271&&ser=765134 HTTP/1.1" 200 986 "http://hausegger.activities.at/entry.php?id=10271&&ser=765073" "Mozilla/5.0 (Windows NT 10.0; Win64; x64; rv:134.0) Gecko/20100101 Firefox/134.0"
178.165.176.49 - - [13/Jan/2025:11:46:34 +0100] "GET /gui/javascript/form_form.js?1736765194 HTTP/1.1" 200 16206 "http://hausegger.activities.at/entry.php?id=10271&&ser=765134" "Mozilla/5.0 (Windows NT 10.0; Win64; x64; rv:134.0) Gecko/20100101 Firefox/134.0"
194.38.23.16 - - [13/Jan/2025:11:47:01 +0100] "GET /wp-content/plugins/super-forms/uploads/php/index.php?file=tf2rghf.jpg HTTP/1.1" 404 404 "-" "ALittle Client"
194.38.23.16 - - [13/Jan/2025:11:47:14 +0100] "GET /wp-content/plugins/super-forms/uploads/php/index.php?file=tf2rghf.jpg HTTP/1.1" 404 417 "-" "ALittle Client"
178.165.176.49 - - [13/Jan/2025:11:47:34 +0100] "GET /entry.php?id=10271&&ser=765194 HTTP/1.1" 200 988 "http://hausegger.activities.at/entry.php?id=10271&&ser=765134" "Mozilla/5.0 (Windows NT 10.0; Win64; x64; rv:134.0) Gecko/20100101 Firefox/134.0"
178.165.176.49 - - [13/Jan/2025:11:47:34 +0100] "GET /gui/javascript/form_form.js?1736765254 HTTP/1.1" 200 16206 "http://hausegger.activities.at/entry.php?id=10271&&ser=765194" "Mozilla/5.0 (Windows NT 10.0; Win64; x64; rv:134.0) Gecko/20100101 Firefox/134.0"
178.165.176.49 - - [13/Jan/2025:11:48:35 +0100] "GET /entry.php?id=10271&&ser=765254 HTTP/1.1" 200 988 "http://hausegger.activities.at/entry.php?id=10271&&ser=765194" "Mozilla/5.0 (Windows NT 10.0; Win64; x64; rv:134.0) Gecko/20100101 Firefox/134.0"
178.165.176.49 - - [13/Jan/2025:11:48:35 +0100] "GET /gui/javascript/form_form.js?1736765315 HTTP/1.1" 200 16206 "http://hausegger.activities.at/entry.php?id=10271&&ser=765254" "Mozilla/5.0 (Windows NT 10.0; Win64; x64; rv:134.0) Gecko/20100101 Firefox/134.0"
178.165.176.49 - - [13/Jan/2025:11:49:35 +0100] "GET /entry.php?id=10271&&ser=765315 HTTP/1.1" 200 987 "http://hausegger.activities.at/entry.php?id=10271&&ser=765254" "Mozilla/5.0 (Windows NT 10.0; Win64; x64; rv:134.0) Gecko/20100101 Firefox/134.0"
178.165.176.49 - - [13/Jan/2025:11:49:35 +0100] "GET /gui/javascript/form_form.js?1736765375 HTTP/1.1" 200 16206 "http://hausegger.activities.at/entry.php?id=10271&&ser=765315" "Mozilla/5.0 (Windows NT 10.0; Win64; x64; rv:134.0) Gecko/20100101 Firefox/134.0"
178.165.176.49 - - [13/Jan/2025:11:50:35 +0100] "GET /entry.php?id=10271&&ser=765375 HTTP/1.1" 200 988 "http://hausegger.activities.at/entry.php?id=10271&&ser=765315" "Mozilla/5.0 (Windows NT 10.0; Win64; x64; rv:134.0) Gecko/20100101 Firefox/134.0"
178.165.176.49 - - [13/Jan/2025:11:50:35 +0100] "GET /gui/javascript/form_form.js?1736765435 HTTP/1.1" 200 16206 "http://hausegger.activities.at/entry.php?id=10271&&ser=765375" "Mozilla/5.0 (Windows NT 10.0; Win64; x64; rv:134.0) Gecko/20100101 Firefox/134.0"
178.165.176.49 - - [13/Jan/2025:11:51:35 +0100] "GET /entry.php?id=10271&&ser=765435 HTTP/1.1" 200 990 "http://hausegger.activities.at/entry.php?id=10271&&ser=765375" "Mozilla/5.0 (Windows NT 10.0; Win64; x64; rv:134.0) Gecko/20100101 Firefox/134.0"
178.165.176.49 - - [13/Jan/2025:11:51:36 +0100] "GET /gui/javascript/form_form.js?1736765496 HTTP/1.1" 200 16206 "http://hausegger.activities.at/entry.php?id=10271&&ser=765435" "Mozilla/5.0 (Windows NT 10.0; Win64; x64; rv:134.0) Gecko/20100101 Firefox/134.0"
178.165.176.49 - - [13/Jan/2025:11:52:36 +0100] "GET /entry.php?id=10271&&ser=765495 HTTP/1.1" 200 988 "http://hausegger.activities.at/entry.php?id=10271&&ser=765435" "Mozilla/5.0 (Windows NT 10.0; Win64; x64; rv:134.0) Gecko/20100101 Firefox/134.0"
178.165.176.49 - - [13/Jan/2025:11:52:36 +0100] "GET /gui/javascript/form_form.js?1736765556 HTTP/1.1" 200 16206 "http://hausegger.activities.at/entry.php?id=10271&&ser=765495" "Mozilla/5.0 (Windows NT 10.0; Win64; x64; rv:134.0) Gecko/20100101 Firefox/134.0"
178.165.176.49 - - [13/Jan/2025:11:53:36 +0100] "GET /entry.php?id=10271&&ser=765556 HTTP/1.1" 200 988 "http://hausegger.activities.at/entry.php?id=10271&&ser=765495" "Mozilla/5.0 (Windows NT 10.0; Win64; x64; rv:134.0) Gecko/20100101 Firefox/134.0"
178.165.176.49 - - [13/Jan/2025:11:53:36 +0100] "GET /gui/javascript/form_form.js?1736765616 HTTP/1.1" 200 16206 "http://hausegger.activities.at/entry.php?id=10271&&ser=765556" "Mozilla/5.0 (Windows NT 10.0; Win64; x64; rv:134.0) Gecko/20100101 Firefox/134.0"
178.165.176.49 - - [13/Jan/2025:11:54:36 +0100] "GET /entry.php?id=10271&&ser=765616 HTTP/1.1" 200 986 "http://hausegger.activities.at/entry.php?id=10271&&ser=765556" "Mozilla/5.0 (Windows NT 10.0; Win64; x64; rv:134.0) Gecko/20100101 Firefox/134.0"
178.165.176.49 - - [13/Jan/2025:11:54:36 +0100] "GET /gui/javascript/form_form.js?1736765676 HTTP/1.1" 200 16206 "http://hausegger.activities.at/entry.php?id=10271&&ser=765616" "Mozilla/5.0 (Windows NT 10.0; Win64; x64; rv:134.0) Gecko/20100101 Firefox/134.0"
178.165.176.49 - - [13/Jan/2025:11:55:37 +0100] "GET /entry.php?id=10271&&ser=765676 HTTP/1.1" 200 987 "http://hausegger.activities.at/entry.php?id=10271&&ser=765616" "Mozilla/5.0 (Windows NT 10.0; Win64; x64; rv:134.0) Gecko/20100101 Firefox/134.0"
178.165.176.49 - - [13/Jan/2025:11:55:37 +0100] "GET /gui/javascript/form_form.js?1736765737 HTTP/1.1" 200 16206 "http://hausegger.activities.at/entry.php?id=10271&&ser=765676" "Mozilla/5.0 (Windows NT 10.0; Win64; x64; rv:134.0) Gecko/20100101 Firefox/134.0"
178.165.176.49 - - [13/Jan/2025:11:56:37 +0100] "GET /entry.php?id=10271&&ser=765737 HTTP/1.1" 200 987 "http://hausegger.activities.at/entry.php?id=10271&&ser=765676" "Mozilla/5.0 (Windows NT 10.0; Win64; x64; rv:134.0) Gecko/20100101 Firefox/134.0"
178.165.176.49 - - [13/Jan/2025:11:56:37 +0100] "GET /gui/javascript/form_form.js?1736765797 HTTP/1.1" 200 16206 "http://hausegger.activities.at/entry.php?id=10271&&ser=765737" "Mozilla/5.0 (Windows NT 10.0; Win64; x64; rv:134.0) Gecko/20100101 Firefox/134.0"
178.165.176.49 - - [13/Jan/2025:11:57:37 +0100] "GET /entry.php?id=10271&&ser=765797 HTTP/1.1" 200 988 "http://hausegger.activities.at/entry.php?id=10271&&ser=765737" "Mozilla/5.0 (Windows NT 10.0; Win64; x64; rv:134.0) Gecko/20100101 Firefox/134.0"
178.165.176.49 - - [13/Jan/2025:11:57:37 +0100] "GET /gui/javascript/form_form.js?1736765857 HTTP/1.1" 200 16206 "http://hausegger.activities.at/entry.php?id=10271&&ser=765797" "Mozilla/5.0 (Windows NT 10.0; Win64; x64; rv:134.0) Gecko/20100101 Firefox/134.0"
178.165.176.49 - - [13/Jan/2025:11:58:38 +0100] "GET /entry.php?id=10271&&ser=765857 HTTP/1.1" 200 987 "http://hausegger.activities.at/entry.php?id=10271&&ser=765797" "Mozilla/5.0 (Windows NT 10.0; Win64; x64; rv:134.0) Gecko/20100101 Firefox/134.0"
178.165.176.49 - - [13/Jan/2025:11:58:38 +0100] "GET /gui/javascript/form_form.js?1736765918 HTTP/1.1" 200 16206 "http://hausegger.activities.at/entry.php?id=10271&&ser=765857" "Mozilla/5.0 (Windows NT 10.0; Win64; x64; rv:134.0) Gecko/20100101 Firefox/134.0"
216.244.66.229 - - [13/Jan/2025:11:58:40 +0100] "GET /robots.txt HTTP/1.1" 404 366 "-" "Mozilla/5.0 (compatible; DotBot/1.2; +https://opensiteexplorer.org/dotbot; help@moz.com)"
156.59.198.136 - - [13/Jan/2025:11:59:19 +0100] "GET /ed-test.2web.at/stats/lang/awstats-sr.txt HTTP/1.0" 404 302 "-" "Mozilla/5.0 (Linux; Android 5.0) AppleWebKit/537.36 (KHTML, like Gecko) Mobile Safari/537.36 (compatible; Bytespider; spider-feedback@bytedance.com)"
178.165.176.49 - - [13/Jan/2025:11:59:38 +0100] "GET /entry.php?id=10271&&ser=765918 HTTP/1.1" 200 987 "http://hausegger.activities.at/entry.php?id=10271&&ser=765857" "Mozilla/5.0 (Windows NT 10.0; Win64; x64; rv:134.0) Gecko/20100101 Firefox/134.0"
178.165.176.49 - - [13/Jan/2025:11:59:38 +0100] "GET /gui/javascript/form_form.js?1736765978 HTTP/1.1" 200 16206 "http://hausegger.activities.at/entry.php?id=10271&&ser=765918" "Mozilla/5.0 (Windows NT 10.0; Win64; x64; rv:134.0) Gecko/20100101 Firefox/134.0"
216.244.66.229 - - [13/Jan/2025:12:00:14 +0100] "GET / HTTP/1.1" 200 423 "-" "Mozilla/5.0 (compatible; DotBot/1.2; +https://opensiteexplorer.org/dotbot; help@moz.com)"
178.165.176.49 - - [13/Jan/2025:12:00:38 +0100] "GET /entry.php?id=10271&&ser=765978 HTTP/1.1" 200 987 "http://hausegger.activities.at/entry.php?id=10271&&ser=765918" "Mozilla/5.0 (Windows NT 10.0; Win64; x64; rv:134.0) Gecko/20100101 Firefox/134.0"
178.165.176.49 - - [13/Jan/2025:12:00:38 +0100] "GET /gui/javascript/form_form.js?1736766038 HTTP/1.1" 200 16206 "http://hausegger.activities.at/entry.php?id=10271&&ser=765978" "Mozilla/5.0 (Windows NT 10.0; Win64; x64; rv:134.0) Gecko/20100101 Firefox/134.0"
178.165.176.49 - - [13/Jan/2025:12:01:38 +0100] "GET /entry.php?id=10271&&ser=766038 HTTP/1.1" 200 987 "http://hausegger.activities.at/entry.php?id=10271&&ser=765978" "Mozilla/5.0 (Windows NT 10.0; Win64; x64; rv:134.0) Gecko/20100101 Firefox/134.0"
178.165.176.49 - - [13/Jan/2025:12:01:39 +0100] "GET /gui/javascript/form_form.js?1736766099 HTTP/1.1" 200 16206 "http://hausegger.activities.at/entry.php?id=10271&&ser=766038" "Mozilla/5.0 (Windows NT 10.0; Win64; x64; rv:134.0) Gecko/20100101 Firefox/134.0"
178.165.176.49 - - [13/Jan/2025:12:02:39 +0100] "GET /entry.php?id=10271&&ser=766099 HTTP/1.1" 200 987 "http://hausegger.activities.at/entry.php?id=10271&&ser=766038" "Mozilla/5.0 (Windows NT 10.0; Win64; x64; rv:134.0) Gecko/20100101 Firefox/134.0"
178.165.176.49 - - [13/Jan/2025:12:02:39 +0100] "GET /gui/javascript/form_form.js?1736766159 HTTP/1.1" 200 16206 "http://hausegger.activities.at/entry.php?id=10271&&ser=766099" "Mozilla/5.0 (Windows NT 10.0; Win64; x64; rv:134.0) Gecko/20100101 Firefox/134.0"
178.165.176.49 - - [13/Jan/2025:12:03:39 +0100] "GET /entry.php?id=10271&&ser=766159 HTTP/1.1" 200 987 "http://hausegger.activities.at/entry.php?id=10271&&ser=766099" "Mozilla/5.0 (Windows NT 10.0; Win64; x64; rv:134.0) Gecko/20100101 Firefox/134.0"
178.165.176.49 - - [13/Jan/2025:12:03:40 +0100] "GET /gui/javascript/form_form.js?1736766219 HTTP/1.1" 200 16206 "http://hausegger.activities.at/entry.php?id=10271&&ser=766159" "Mozilla/5.0 (Windows NT 10.0; Win64; x64; rv:134.0) Gecko/20100101 Firefox/134.0"
156.59.198.136 - - [13/Jan/2025:12:04:27 +0100] "GET /renault.activities.at/htdocs/pinEdit/editor/help/userhelp-Dateien/image127.jpg HTTP/1.0" 404 327 "-" "Mozilla/5.0 (Linux; Android 5.0) AppleWebKit/537.36 (KHTML, like Gecko) Mobile Safari/537.36 (compatible; Bytespider; spider-feedback@bytedance.com)"
178.165.176.49 - - [13/Jan/2025:12:04:40 +0100] "GET /entry.php?id=10271&&ser=766219 HTTP/1.1" 200 987 "http://hausegger.activities.at/entry.php?id=10271&&ser=766159" "Mozilla/5.0 (Windows NT 10.0; Win64; x64; rv:134.0) Gecko/20100101 Firefox/134.0"
178.165.176.49 - - [13/Jan/2025:12:04:40 +0100] "GET /gui/javascript/form_form.js?1736766280 HTTP/1.1" 200 16206 "http://hausegger.activities.at/entry.php?id=10271&&ser=766219" "Mozilla/5.0 (Windows NT 10.0; Win64; x64; rv:134.0) Gecko/20100101 Firefox/134.0"
178.165.176.49 - - [13/Jan/2025:12:05:40 +0100] "GET /entry.php?id=10271&&ser=766280 HTTP/1.1" 200 987 "http://hausegger.activities.at/entry.php?id=10271&&ser=766219" "Mozilla/5.0 (Windows NT 10.0; Win64; x64; rv:134.0) Gecko/20100101 Firefox/134.0"
178.165.176.49 - - [13/Jan/2025:12:05:40 +0100] "GET /gui/javascript/form_form.js?1736766340 HTTP/1.1" 200 16206 "http://hausegger.activities.at/entry.php?id=10271&&ser=766280" "Mozilla/5.0 (Windows NT 10.0; Win64; x64; rv:134.0) Gecko/20100101 Firefox/134.0"
178.165.176.49 - - [13/Jan/2025:12:06:40 +0100] "GET /entry.php?id=10271&&ser=766340 HTTP/1.1" 200 987 "http://hausegger.activities.at/entry.php?id=10271&&ser=766280" "Mozilla/5.0 (Windows NT 10.0; Win64; x64; rv:134.0) Gecko/20100101 Firefox/134.0"
178.165.176.49 - - [13/Jan/2025:12:06:40 +0100] "GET /gui/javascript/form_form.js?1736766400 HTTP/1.1" 200 16206 "http://hausegger.activities.at/entry.php?id=10271&&ser=766340" "Mozilla/5.0 (Windows NT 10.0; Win64; x64; rv:134.0) Gecko/20100101 Firefox/134.0"
178.165.176.49 - - [13/Jan/2025:12:07:41 +0100] "GET /entry.php?id=10271&&ser=766400 HTTP/1.1" 200 988 "http://hausegger.activities.at/entry.php?id=10271&&ser=766340" "Mozilla/5.0 (Windows NT 10.0; Win64; x64; rv:134.0) Gecko/20100101 Firefox/134.0"
178.165.176.49 - - [13/Jan/2025:12:07:41 +0100] "GET /gui/javascript/form_form.js?1736766461 HTTP/1.1" 200 16206 "http://hausegger.activities.at/entry.php?id=10271&&ser=766400" "Mozilla/5.0 (Windows NT 10.0; Win64; x64; rv:134.0) Gecko/20100101 Firefox/134.0"
178.165.176.49 - - [13/Jan/2025:12:08:41 +0100] "GET /entry.php?id=10271&&ser=766461 HTTP/1.1" 200 987 "http://hausegger.activities.at/entry.php?id=10271&&ser=766400" "Mozilla/5.0 (Windows NT 10.0; Win64; x64; rv:134.0) Gecko/20100101 Firefox/134.0"
178.165.176.49 - - [13/Jan/2025:12:08:41 +0100] "GET /gui/javascript/form_form.js?1736766521 HTTP/1.1" 200 16206 "http://hausegger.activities.at/entry.php?id=10271&&ser=766461" "Mozilla/5.0 (Windows NT 10.0; Win64; x64; rv:134.0) Gecko/20100101 Firefox/134.0"
178.165.176.49 - - [13/Jan/2025:12:09:41 +0100] "GET /entry.php?id=10271&&ser=766521 HTTP/1.1" 200 987 "http://hausegger.activities.at/entry.php?id=10271&&ser=766461" "Mozilla/5.0 (Windows NT 10.0; Win64; x64; rv:134.0) Gecko/20100101 Firefox/134.0"
178.165.176.49 - - [13/Jan/2025:12:09:41 +0100] "GET /gui/javascript/form_form.js?1736766581 HTTP/1.1" 200 16206 "http://hausegger.activities.at/entry.php?id=10271&&ser=766521" "Mozilla/5.0 (Windows NT 10.0; Win64; x64; rv:134.0) Gecko/20100101 Firefox/134.0"
178.165.176.49 - - [13/Jan/2025:12:10:41 +0100] "GET /entry.php?id=10271&&ser=766581 HTTP/1.1" 200 988 "http://hausegger.activities.at/entry.php?id=10271&&ser=766521" "Mozilla/5.0 (Windows NT 10.0; Win64; x64; rv:134.0) Gecko/20100101 Firefox/134.0"
178.165.176.49 - - [13/Jan/2025:12:10:42 +0100] "GET /gui/javascript/form_form.js?1736766641 HTTP/1.1" 200 16206 "http://hausegger.activities.at/entry.php?id=10271&&ser=766581" "Mozilla/5.0 (Windows NT 10.0; Win64; x64; rv:134.0) Gecko/20100101 Firefox/134.0"
178.165.176.49 - - [13/Jan/2025:12:11:42 +0100] "GET /entry.php?id=10271&&ser=766641 HTTP/1.1" 200 987 "http://hausegger.activities.at/entry.php?id=10271&&ser=766581" "Mozilla/5.0 (Windows NT 10.0; Win64; x64; rv:134.0) Gecko/20100101 Firefox/134.0"
178.165.176.49 - - [13/Jan/2025:12:11:42 +0100] "GET /gui/javascript/form_form.js?1736766702 HTTP/1.1" 200 16206 "http://hausegger.activities.at/entry.php?id=10271&&ser=766641" "Mozilla/5.0 (Windows NT 10.0; Win64; x64; rv:134.0) Gecko/20100101 Firefox/134.0"
178.165.176.49 - - [13/Jan/2025:12:12:42 +0100] "GET /entry.php?id=10271&&ser=766702 HTTP/1.1" 200 986 "http://hausegger.activities.at/entry.php?id=10271&&ser=766641" "Mozilla/5.0 (Windows NT 10.0; Win64; x64; rv:134.0) Gecko/20100101 Firefox/134.0"
178.165.176.49 - - [13/Jan/2025:12:12:42 +0100] "GET /gui/javascript/form_form.js?1736766762 HTTP/1.1" 200 16206 "http://hausegger.activities.at/entry.php?id=10271&&ser=766702" "Mozilla/5.0 (Windows NT 10.0; Win64; x64; rv:134.0) Gecko/20100101 Firefox/134.0"
178.165.176.49 - - [13/Jan/2025:12:13:42 +0100] "GET /entry.php?id=10271&&ser=766762 HTTP/1.1" 200 987 "http://hausegger.activities.at/entry.php?id=10271&&ser=766702" "Mozilla/5.0 (Windows NT 10.0; Win64; x64; rv:134.0) Gecko/20100101 Firefox/134.0"
178.165.176.49 - - [13/Jan/2025:12:13:42 +0100] "GET /gui/javascript/form_form.js?1736766822 HTTP/1.1" 200 16206 "http://hausegger.activities.at/entry.php?id=10271&&ser=766762" "Mozilla/5.0 (Windows NT 10.0; Win64; x64; rv:134.0) Gecko/20100101 Firefox/134.0"
178.165.176.49 - - [13/Jan/2025:12:14:43 +0100] "GET /entry.php?id=10271&&ser=766822 HTTP/1.1" 200 987 "http://hausegger.activities.at/entry.php?id=10271&&ser=766762" "Mozilla/5.0 (Windows NT 10.0; Win64; x64; rv:134.0) Gecko/20100101 Firefox/134.0"
178.165.176.49 - - [13/Jan/2025:12:14:43 +0100] "GET /gui/javascript/form_form.js?1736766883 HTTP/1.1" 200 16206 "http://hausegger.activities.at/entry.php?id=10271&&ser=766822" "Mozilla/5.0 (Windows NT 10.0; Win64; x64; rv:134.0) Gecko/20100101 Firefox/134.0"
178.165.176.49 - - [13/Jan/2025:12:15:43 +0100] "GET /entry.php?id=10271&&ser=766883 HTTP/1.1" 200 987 "http://hausegger.activities.at/entry.php?id=10271&&ser=766822" "Mozilla/5.0 (Windows NT 10.0; Win64; x64; rv:134.0) Gecko/20100101 Firefox/134.0"
178.165.176.49 - - [13/Jan/2025:12:15:43 +0100] "GET /gui/javascript/form_form.js?1736766943 HTTP/1.1" 200 16206 "http://hausegger.activities.at/entry.php?id=10271&&ser=766883" "Mozilla/5.0 (Windows NT 10.0; Win64; x64; rv:134.0) Gecko/20100101 Firefox/134.0"
178.165.176.49 - - [13/Jan/2025:12:16:43 +0100] "GET /entry.php?id=10271&&ser=766943 HTTP/1.1" 200 987 "http://hausegger.activities.at/entry.php?id=10271&&ser=766883" "Mozilla/5.0 (Windows NT 10.0; Win64; x64; rv:134.0) Gecko/20100101 Firefox/134.0"
178.165.176.49 - - [13/Jan/2025:12:16:43 +0100] "GET /gui/javascript/form_form.js?1736767003 HTTP/1.1" 200 16206 "http://hausegger.activities.at/entry.php?id=10271&&ser=766943" "Mozilla/5.0 (Windows NT 10.0; Win64; x64; rv:134.0) Gecko/20100101 Firefox/134.0"
178.165.176.49 - - [13/Jan/2025:12:17:43 +0100] "GET /entry.php?id=10271&&ser=767003 HTTP/1.1" 200 987 "http://hausegger.activities.at/entry.php?id=10271&&ser=766943" "Mozilla/5.0 (Windows NT 10.0; Win64; x64; rv:134.0) Gecko/20100101 Firefox/134.0"
178.165.176.49 - - [13/Jan/2025:12:17:44 +0100] "GET /gui/javascript/form_form.js?1736767064 HTTP/1.1" 200 16206 "http://hausegger.activities.at/entry.php?id=10271&&ser=767003" "Mozilla/5.0 (Windows NT 10.0; Win64; x64; rv:134.0) Gecko/20100101 Firefox/134.0"
112.94.98.81 - - [13/Jan/2025:12:17:59 +0100] "POST /GponForm/diag_Form?images/ HTTP/1.1" 404 286 "-" "Hello, World"
178.165.176.49 - - [13/Jan/2025:12:18:44 +0100] "GET /entry.php?id=10271&&ser=767064 HTTP/1.1" 200 987 "http://hausegger.activities.at/entry.php?id=10271&&ser=767003" "Mozilla/5.0 (Windows NT 10.0; Win64; x64; rv:134.0) Gecko/20100101 Firefox/134.0"
178.165.176.49 - - [13/Jan/2025:12:18:44 +0100] "GET /gui/javascript/form_form.js?1736767124 HTTP/1.1" 200 16206 "http://hausegger.activities.at/entry.php?id=10271&&ser=767064" "Mozilla/5.0 (Windows NT 10.0; Win64; x64; rv:134.0) Gecko/20100101 Firefox/134.0"
178.165.176.49 - - [13/Jan/2025:12:19:44 +0100] "GET /entry.php?id=10271&&ser=767124 HTTP/1.1" 200 987 "http://hausegger.activities.at/entry.php?id=10271&&ser=767064" "Mozilla/5.0 (Windows NT 10.0; Win64; x64; rv:134.0) Gecko/20100101 Firefox/134.0"
178.165.176.49 - - [13/Jan/2025:12:19:44 +0100] "GET /gui/javascript/form_form.js?1736767184 HTTP/1.1" 200 16206 "http://hausegger.activities.at/entry.php?id=10271&&ser=767124" "Mozilla/5.0 (Windows NT 10.0; Win64; x64; rv:134.0) Gecko/20100101 Firefox/134.0"
178.165.176.49 - - [13/Jan/2025:12:20:50 +0100] "GET /entry.php?id=10271&&ser=767184 HTTP/1.1" 200 987 "http://hausegger.activities.at/entry.php?id=10271&&ser=767124" "Mozilla/5.0 (Windows NT 10.0; Win64; x64; rv:134.0) Gecko/20100101 Firefox/134.0"
178.165.176.49 - - [13/Jan/2025:12:20:50 +0100] "GET /gui/javascript/form_form.js?1736767250 HTTP/1.1" 200 16206 "http://hausegger.activities.at/entry.php?id=10271&&ser=767184" "Mozilla/5.0 (Windows NT 10.0; Win64; x64; rv:134.0) Gecko/20100101 Firefox/134.0"
178.165.176.49 - - [13/Jan/2025:12:21:51 +0100] "GET /entry.php?id=10271&&ser=767250 HTTP/1.1" 200 987 "http://hausegger.activities.at/entry.php?id=10271&&ser=767184" "Mozilla/5.0 (Windows NT 10.0; Win64; x64; rv:134.0) Gecko/20100101 Firefox/134.0"
178.165.176.49 - - [13/Jan/2025:12:21:51 +0100] "GET /gui/javascript/form_form.js?1736767311 HTTP/1.1" 200 16206 "http://hausegger.activities.at/entry.php?id=10271&&ser=767250" "Mozilla/5.0 (Windows NT 10.0; Win64; x64; rv:134.0) Gecko/20100101 Firefox/134.0"
178.165.176.49 - - [13/Jan/2025:12:22:51 +0100] "GET /entry.php?id=10271&&ser=767311 HTTP/1.1" 200 987 "http://hausegger.activities.at/entry.php?id=10271&&ser=767250" "Mozilla/5.0 (Windows NT 10.0; Win64; x64; rv:134.0) Gecko/20100101 Firefox/134.0"
178.165.176.49 - - [13/Jan/2025:12:22:51 +0100] "GET /gui/javascript/form_form.js?1736767371 HTTP/1.1" 200 16206 "http://hausegger.activities.at/entry.php?id=10271&&ser=767311" "Mozilla/5.0 (Windows NT 10.0; Win64; x64; rv:134.0) Gecko/20100101 Firefox/134.0"
178.165.176.49 - - [13/Jan/2025:12:23:51 +0100] "GET /entry.php?id=10271&&ser=767371 HTTP/1.1" 200 986 "http://hausegger.activities.at/entry.php?id=10271&&ser=767311" "Mozilla/5.0 (Windows NT 10.0; Win64; x64; rv:134.0) Gecko/20100101 Firefox/134.0"
178.165.176.49 - - [13/Jan/2025:12:23:51 +0100] "GET /gui/javascript/form_form.js?1736767431 HTTP/1.1" 200 16206 "http://hausegger.activities.at/entry.php?id=10271&&ser=767371" "Mozilla/5.0 (Windows NT 10.0; Win64; x64; rv:134.0) Gecko/20100101 Firefox/134.0"
156.59.198.135 - - [13/Jan/2025:12:24:29 +0100] "GET /renault.activities.at/htdocs/export/xml/data/orders/202001081003_RenOrder.xml HTTP/1.0" 404 328 "-" "Mozilla/5.0 (Linux; Android 5.0) AppleWebKit/537.36 (KHTML, like Gecko) Mobile Safari/537.36 (compatible; Bytespider; spider-feedback@bytedance.com)"
34.91.223.23 - - [13/Jan/2025:12:24:40 +0100] "\x16\x03\x01" 400 383 "-" "-"
34.91.223.23 - - [13/Jan/2025:12:24:42 +0100] "OPTIONS / HTTP/1.0" 200 423 "-" "-"
178.165.176.49 - - [13/Jan/2025:12:24:52 +0100] "GET /entry.php?id=10271&&ser=767431 HTTP/1.1" 200 987 "http://hausegger.activities.at/entry.php?id=10271&&ser=767371" "Mozilla/5.0 (Windows NT 10.0; Win64; x64; rv:134.0) Gecko/20100101 Firefox/134.0"
178.165.176.49 - - [13/Jan/2025:12:24:52 +0100] "GET /gui/javascript/form_form.js?1736767492 HTTP/1.1" 200 16206 "http://hausegger.activities.at/entry.php?id=10271&&ser=767431" "Mozilla/5.0 (Windows NT 10.0; Win64; x64; rv:134.0) Gecko/20100101 Firefox/134.0"
178.165.176.49 - - [13/Jan/2025:12:25:52 +0100] "GET /entry.php?id=10271&&ser=767492 HTTP/1.1" 200 988 "http://hausegger.activities.at/entry.php?id=10271&&ser=767431" "Mozilla/5.0 (Windows NT 10.0; Win64; x64; rv:134.0) Gecko/20100101 Firefox/134.0"
178.165.176.49 - - [13/Jan/2025:12:25:52 +0100] "GET /gui/javascript/form_form.js?1736767552 HTTP/1.1" 200 16206 "http://hausegger.activities.at/entry.php?id=10271&&ser=767492" "Mozilla/5.0 (Windows NT 10.0; Win64; x64; rv:134.0) Gecko/20100101 Firefox/134.0"
178.165.176.49 - - [13/Jan/2025:12:26:52 +0100] "GET /entry.php?id=10271&&ser=767552 HTTP/1.1" 200 986 "http://hausegger.activities.at/entry.php?id=10271&&ser=767492" "Mozilla/5.0 (Windows NT 10.0; Win64; x64; rv:134.0) Gecko/20100101 Firefox/134.0"
178.165.176.49 - - [13/Jan/2025:12:26:52 +0100] "GET /gui/javascript/form_form.js?1736767612 HTTP/1.1" 200 16206 "http://hausegger.activities.at/entry.php?id=10271&&ser=767552" "Mozilla/5.0 (Windows NT 10.0; Win64; x64; rv:134.0) Gecko/20100101 Firefox/134.0"
178.165.176.49 - - [13/Jan/2025:12:27:52 +0100] "GET /entry.php?id=10271&&ser=767612 HTTP/1.1" 200 986 "http://hausegger.activities.at/entry.php?id=10271&&ser=767552" "Mozilla/5.0 (Windows NT 10.0; Win64; x64; rv:134.0) Gecko/20100101 Firefox/134.0"
178.165.176.49 - - [13/Jan/2025:12:27:53 +0100] "GET /gui/javascript/form_form.js?1736767673 HTTP/1.1" 200 16206 "http://hausegger.activities.at/entry.php?id=10271&&ser=767612" "Mozilla/5.0 (Windows NT 10.0; Win64; x64; rv:134.0) Gecko/20100101 Firefox/134.0"
156.59.198.136 - - [13/Jan/2025:12:28:30 +0100] "GET /renault.activities.at/htdocs/binaries/10130826.pdf HTTP/1.0" 404 311 "-" "Mozilla/5.0 (Linux; Android 5.0) AppleWebKit/537.36 (KHTML, like Gecko) Mobile Safari/537.36 (compatible; Bytespider; spider-feedback@bytedance.com)"
178.165.176.49 - - [13/Jan/2025:12:28:53 +0100] "GET /entry.php?id=10271&&ser=767673 HTTP/1.1" 200 988 "http://hausegger.activities.at/entry.php?id=10271&&ser=767612" "Mozilla/5.0 (Windows NT 10.0; Win64; x64; rv:134.0) Gecko/20100101 Firefox/134.0"
178.165.176.49 - - [13/Jan/2025:12:28:53 +0100] "GET /gui/javascript/form_form.js?1736767733 HTTP/1.1" 200 16206 "http://hausegger.activities.at/entry.php?id=10271&&ser=767673" "Mozilla/5.0 (Windows NT 10.0; Win64; x64; rv:134.0) Gecko/20100101 Firefox/134.0"
178.165.176.49 - - [13/Jan/2025:12:29:53 +0100] "GET /entry.php?id=10271&&ser=767733 HTTP/1.1" 200 988 "http://hausegger.activities.at/entry.php?id=10271&&ser=767673" "Mozilla/5.0 (Windows NT 10.0; Win64; x64; rv:134.0) Gecko/20100101 Firefox/134.0"
178.165.176.49 - - [13/Jan/2025:12:29:53 +0100] "GET /gui/javascript/form_form.js?1736767793 HTTP/1.1" 200 16206 "http://hausegger.activities.at/entry.php?id=10271&&ser=767733" "Mozilla/5.0 (Windows NT 10.0; Win64; x64; rv:134.0) Gecko/20100101 Firefox/134.0"
5.181.190.248 - - [13/Jan/2025:12:30:51 +0100] "GET / HTTP/1.1" 200 423 "-" "-"
178.165.176.49 - - [13/Jan/2025:12:30:53 +0100] "GET /entry.php?id=10271&&ser=767793 HTTP/1.1" 200 987 "http://hausegger.activities.at/entry.php?id=10271&&ser=767733" "Mozilla/5.0 (Windows NT 10.0; Win64; x64; rv:134.0) Gecko/20100101 Firefox/134.0"
178.165.176.49 - - [13/Jan/2025:12:30:53 +0100] "GET /gui/javascript/form_form.js?1736767853 HTTP/1.1" 200 16206 "http://hausegger.activities.at/entry.php?id=10271&&ser=767793" "Mozilla/5.0 (Windows NT 10.0; Win64; x64; rv:134.0) Gecko/20100101 Firefox/134.0"
178.165.176.49 - - [13/Jan/2025:12:31:54 +0100] "GET /entry.php?id=10271&&ser=767853 HTTP/1.1" 200 987 "http://hausegger.activities.at/entry.php?id=10271&&ser=767793" "Mozilla/5.0 (Windows NT 10.0; Win64; x64; rv:134.0) Gecko/20100101 Firefox/134.0"
178.165.176.49 - - [13/Jan/2025:12:31:54 +0100] "GET /gui/javascript/form_form.js?1736767914 HTTP/1.1" 200 16206 "http://hausegger.activities.at/entry.php?id=10271&&ser=767853" "Mozilla/5.0 (Windows NT 10.0; Win64; x64; rv:134.0) Gecko/20100101 Firefox/134.0"
156.59.198.136 - - [13/Jan/2025:12:32:30 +0100] "GET /renault.activities.at/htdocs/export/xml/data/orders/202008280803_RenOrder.xml HTTP/1.0" 404 329 "-" "Mozilla/5.0 (Linux; Android 5.0) AppleWebKit/537.36 (KHTML, like Gecko) Mobile Safari/537.36 (compatible; Bytespider; spider-feedback@bytedance.com)"
178.165.176.49 - - [13/Jan/2025:12:32:54 +0100] "GET /entry.php?id=10271&&ser=767914 HTTP/1.1" 200 988 "http://hausegger.activities.at/entry.php?id=10271&&ser=767853" "Mozilla/5.0 (Windows NT 10.0; Win64; x64; rv:134.0) Gecko/20100101 Firefox/134.0"
178.165.176.49 - - [13/Jan/2025:12:32:54 +0100] "GET /gui/javascript/form_form.js?1736767974 HTTP/1.1" 200 16206 "http://hausegger.activities.at/entry.php?id=10271&&ser=767914" "Mozilla/5.0 (Windows NT 10.0; Win64; x64; rv:134.0) Gecko/20100101 Firefox/134.0"
178.165.176.49 - - [13/Jan/2025:12:33:54 +0100] "GET /entry.php?id=10271&&ser=767974 HTTP/1.1" 200 987 "http://hausegger.activities.at/entry.php?id=10271&&ser=767914" "Mozilla/5.0 (Windows NT 10.0; Win64; x64; rv:134.0) Gecko/20100101 Firefox/134.0"
178.165.176.49 - - [13/Jan/2025:12:33:54 +0100] "GET /gui/javascript/form_form.js?1736768034 HTTP/1.1" 200 16206 "http://hausegger.activities.at/entry.php?id=10271&&ser=767974" "Mozilla/5.0 (Windows NT 10.0; Win64; x64; rv:134.0) Gecko/20100101 Firefox/134.0"
178.165.176.49 - - [13/Jan/2025:12:34:55 +0100] "GET /entry.php?id=10271&&ser=768034 HTTP/1.1" 200 987 "http://hausegger.activities.at/entry.php?id=10271&&ser=767974" "Mozilla/5.0 (Windows NT 10.0; Win64; x64; rv:134.0) Gecko/20100101 Firefox/134.0"
178.165.176.49 - - [13/Jan/2025:12:34:55 +0100] "GET /gui/javascript/form_form.js?1736768095 HTTP/1.1" 200 16206 "http://hausegger.activities.at/entry.php?id=10271&&ser=768034" "Mozilla/5.0 (Windows NT 10.0; Win64; x64; rv:134.0) Gecko/20100101 Firefox/134.0"
178.165.176.49 - - [13/Jan/2025:12:35:56 +0100] "GET /entry.php?id=10271&&ser=768095 HTTP/1.1" 200 987 "http://hausegger.activities.at/entry.php?id=10271&&ser=768034" "Mozilla/5.0 (Windows NT 10.0; Win64; x64; rv:134.0) Gecko/20100101 Firefox/134.0"
178.165.176.49 - - [13/Jan/2025:12:35:56 +0100] "GET /gui/javascript/form_form.js?1736768156 HTTP/1.1" 200 16206 "http://hausegger.activities.at/entry.php?id=10271&&ser=768095" "Mozilla/5.0 (Windows NT 10.0; Win64; x64; rv:134.0) Gecko/20100101 Firefox/134.0"
156.59.198.136 - - [13/Jan/2025:12:36:31 +0100] "GET /renault.activities.at/htdocs/binaries/10117645.pdf HTTP/1.0" 404 311 "-" "Mozilla/5.0 (Linux; Android 5.0) AppleWebKit/537.36 (KHTML, like Gecko) Mobile Safari/537.36 (compatible; Bytespider; spider-feedback@bytedance.com)"
178.165.176.49 - - [13/Jan/2025:12:36:56 +0100] "GET /entry.php?id=10271&&ser=768156 HTTP/1.1" 200 987 "http://hausegger.activities.at/entry.php?id=10271&&ser=768095" "Mozilla/5.0 (Windows NT 10.0; Win64; x64; rv:134.0) Gecko/20100101 Firefox/134.0"
178.165.176.49 - - [13/Jan/2025:12:36:56 +0100] "GET /gui/javascript/form_form.js?1736768216 HTTP/1.1" 200 16206 "http://hausegger.activities.at/entry.php?id=10271&&ser=768156" "Mozilla/5.0 (Windows NT 10.0; Win64; x64; rv:134.0) Gecko/20100101 Firefox/134.0"
178.165.176.49 - - [13/Jan/2025:12:37:56 +0100] "GET /entry.php?id=10271&&ser=768216 HTTP/1.1" 200 987 "http://hausegger.activities.at/entry.php?id=10271&&ser=768156" "Mozilla/5.0 (Windows NT 10.0; Win64; x64; rv:134.0) Gecko/20100101 Firefox/134.0"
178.165.176.49 - - [13/Jan/2025:12:37:56 +0100] "GET /gui/javascript/form_form.js?1736768276 HTTP/1.1" 200 16206 "http://hausegger.activities.at/entry.php?id=10271&&ser=768216" "Mozilla/5.0 (Windows NT 10.0; Win64; x64; rv:134.0) Gecko/20100101 Firefox/134.0"
178.165.176.49 - - [13/Jan/2025:12:38:57 +0100] "GET /entry.php?id=10271&&ser=768276 HTTP/1.1" 200 988 "http://hausegger.activities.at/entry.php?id=10271&&ser=768216" "Mozilla/5.0 (Windows NT 10.0; Win64; x64; rv:134.0) Gecko/20100101 Firefox/134.0"
178.165.176.49 - - [13/Jan/2025:12:38:57 +0100] "GET /gui/javascript/form_form.js?1736768337 HTTP/1.1" 200 16206 "http://hausegger.activities.at/entry.php?id=10271&&ser=768276" "Mozilla/5.0 (Windows NT 10.0; Win64; x64; rv:134.0) Gecko/20100101 Firefox/134.0"
178.165.176.49 - - [13/Jan/2025:12:39:57 +0100] "GET /entry.php?id=10271&&ser=768337 HTTP/1.1" 200 987 "http://hausegger.activities.at/entry.php?id=10271&&ser=768276" "Mozilla/5.0 (Windows NT 10.0; Win64; x64; rv:134.0) Gecko/20100101 Firefox/134.0"
178.165.176.49 - - [13/Jan/2025:12:39:57 +0100] "GET /gui/javascript/form_form.js?1736768397 HTTP/1.1" 200 16206 "http://hausegger.activities.at/entry.php?id=10271&&ser=768337" "Mozilla/5.0 (Windows NT 10.0; Win64; x64; rv:134.0) Gecko/20100101 Firefox/134.0"
178.165.176.49 - - [13/Jan/2025:12:40:57 +0100] "GET /entry.php?id=10271&&ser=768397 HTTP/1.1" 200 987 "http://hausegger.activities.at/entry.php?id=10271&&ser=768337" "Mozilla/5.0 (Windows NT 10.0; Win64; x64; rv:134.0) Gecko/20100101 Firefox/134.0"
178.165.176.49 - - [13/Jan/2025:12:40:57 +0100] "GET /gui/javascript/form_form.js?1736768457 HTTP/1.1" 200 16206 "http://hausegger.activities.at/entry.php?id=10271&&ser=768397" "Mozilla/5.0 (Windows NT 10.0; Win64; x64; rv:134.0) Gecko/20100101 Firefox/134.0"
156.59.198.135 - - [13/Jan/2025:12:41:28 +0100] "GET /renault.2web.at/htdocs/binaries/10444274.pdf HTTP/1.0" 404 308 "-" "Mozilla/5.0 (Linux; Android 5.0) AppleWebKit/537.36 (KHTML, like Gecko) Mobile Safari/537.36 (compatible; Bytespider; spider-feedback@bytedance.com)"
178.165.176.49 - - [13/Jan/2025:12:41:58 +0100] "GET /entry.php?id=10271&&ser=768457 HTTP/1.1" 200 987 "http://hausegger.activities.at/entry.php?id=10271&&ser=768397" "Mozilla/5.0 (Windows NT 10.0; Win64; x64; rv:134.0) Gecko/20100101 Firefox/134.0"
178.165.176.49 - - [13/Jan/2025:12:41:58 +0100] "GET /gui/javascript/form_form.js?1736768518 HTTP/1.1" 200 16206 "http://hausegger.activities.at/entry.php?id=10271&&ser=768457" "Mozilla/5.0 (Windows NT 10.0; Win64; x64; rv:134.0) Gecko/20100101 Firefox/134.0"
178.165.176.49 - - [13/Jan/2025:12:42:26 +0100] "POST /entry.php?id=10828 HTTP/1.1" 200 9331 "http://hausegger.activities.at/entry.php?id=10828" "Mozilla/5.0 (Windows NT 10.0; Win64; x64; rv:134.0) Gecko/20100101 Firefox/134.0"
178.165.176.49 - - [13/Jan/2025:12:42:26 +0100] "GET /gui/javascript/form_form.js?1736768546 HTTP/1.1" 200 16206 "http://hausegger.activities.at/entry.php?id=10828" "Mozilla/5.0 (Windows NT 10.0; Win64; x64; rv:134.0) Gecko/20100101 Firefox/134.0"
178.165.176.49 - - [13/Jan/2025:12:42:26 +0100] "GET /entry.php?id=10889&document_id=& HTTP/1.1" 200 1509 "http://hausegger.activities.at/entry.php?id=10828" "Mozilla/5.0 (Windows NT 10.0; Win64; x64; rv:134.0) Gecko/20100101 Firefox/134.0"
178.165.176.49 - - [13/Jan/2025:12:42:30 +0100] "GET /entry.php?id=10877&mode=loadSearchCustomer&obj=number&tag=debitor&value=m&ser=1736763172630 HTTP/1.1" 200 389 "http://hausegger.activities.at/entry.php?id=10828" "Mozilla/5.0 (Windows NT 10.0; Win64; x64; rv:134.0) Gecko/20100101 Firefox/134.0"
178.165.176.49 - - [13/Jan/2025:12:42:30 +0100] "GET /entry.php?id=10877&mode=loadSearchCustomer&obj=number&tag=debitor&value=mm&ser=1736763172798 HTTP/1.1" 200 175 "http://hausegger.activities.at/entry.php?id=10828" "Mozilla/5.0 (Windows NT 10.0; Win64; x64; rv:134.0) Gecko/20100101 Firefox/134.0"
178.165.176.49 - - [13/Jan/2025:12:42:31 +0100] "POST /entry.php?id=10889 HTTP/1.1" 200 1754 "http://hausegger.activities.at/entry.php?id=10889&document_id=&" "Mozilla/5.0 (Windows NT 10.0; Win64; x64; rv:134.0) Gecko/20100101 Firefox/134.0"
178.165.176.49 - - [13/Jan/2025:12:42:31 +0100] "GET /gui/javascript/form_form.js?1736768551 HTTP/1.1" 200 16206 "http://hausegger.activities.at/entry.php?id=10889" "Mozilla/5.0 (Windows NT 10.0; Win64; x64; rv:134.0) Gecko/20100101 Firefox/134.0"
178.165.176.49 - - [13/Jan/2025:12:42:45 +0100] "POST /entry.php?id=10828 HTTP/1.1" 200 8737 "http://hausegger.activities.at/entry.php?id=10828" "Mozilla/5.0 (Windows NT 10.0; Win64; x64; rv:134.0) Gecko/20100101 Firefox/134.0"
178.165.176.49 - - [13/Jan/2025:12:42:46 +0100] "GET /gui/javascript/form_form.js?1736768566 HTTP/1.1" 200 16206 "http://hausegger.activities.at/entry.php?id=10828" "Mozilla/5.0 (Windows NT 10.0; Win64; x64; rv:134.0) Gecko/20100101 Firefox/134.0"
178.165.176.49 - - [13/Jan/2025:12:42:46 +0100] "GET /entry.php?id=10889&document_id=10346354& HTTP/1.1" 200 1509 "http://hausegger.activities.at/entry.php?id=10828" "Mozilla/5.0 (Windows NT 10.0; Win64; x64; rv:134.0) Gecko/20100101 Firefox/134.0"
178.165.176.49 - - [13/Jan/2025:12:42:47 +0100] "POST /entry.php?id=10828 HTTP/1.1" 200 4986 "http://hausegger.activities.at/entry.php?id=10828" "Mozilla/5.0 (Windows NT 10.0; Win64; x64; rv:134.0) Gecko/20100101 Firefox/134.0"
178.165.176.49 - - [13/Jan/2025:12:42:47 +0100] "GET /gui/javascript/form_form.js?1736768567 HTTP/1.1" 200 16206 "http://hausegger.activities.at/entry.php?id=10828" "Mozilla/5.0 (Windows NT 10.0; Win64; x64; rv:134.0) Gecko/20100101 Firefox/134.0"
178.165.176.49 - - [13/Jan/2025:12:42:47 +0100] "GET /entry.php?id=10889&document_id=10346354& HTTP/1.1" 200 1509 "http://hausegger.activities.at/entry.php?id=10828" "Mozilla/5.0 (Windows NT 10.0; Win64; x64; rv:134.0) Gecko/20100101 Firefox/134.0"
178.165.176.49 - - [13/Jan/2025:12:42:50 +0100] "POST /entry.php?id=10828 HTTP/1.1" 200 5008 "http://hausegger.activities.at/entry.php?id=10828" "Mozilla/5.0 (Windows NT 10.0; Win64; x64; rv:134.0) Gecko/20100101 Firefox/134.0"
178.165.176.49 - - [13/Jan/2025:12:42:50 +0100] "GET /gui/javascript/form_form.js?1736768570 HTTP/1.1" 200 16206 "http://hausegger.activities.at/entry.php?id=10828" "Mozilla/5.0 (Windows NT 10.0; Win64; x64; rv:134.0) Gecko/20100101 Firefox/134.0"
178.165.176.49 - - [13/Jan/2025:12:42:50 +0100] "GET /entry.php?id=10889&document_id=10346354& HTTP/1.1" 200 1509 "http://hausegger.activities.at/entry.php?id=10828" "Mozilla/5.0 (Windows NT 10.0; Win64; x64; rv:134.0) Gecko/20100101 Firefox/134.0"
178.165.176.49 - - [13/Jan/2025:12:42:58 +0100] "GET /entry.php?id=10271&&ser=768518 HTTP/1.1" 200 987 "http://hausegger.activities.at/entry.php?id=10271&&ser=768457" "Mozilla/5.0 (Windows NT 10.0; Win64; x64; rv:134.0) Gecko/20100101 Firefox/134.0"
178.165.176.49 - - [13/Jan/2025:12:42:58 +0100] "GET /gui/javascript/form_form.js?1736768578 HTTP/1.1" 200 16206 "http://hausegger.activities.at/entry.php?id=10271&&ser=768518" "Mozilla/5.0 (Windows NT 10.0; Win64; x64; rv:134.0) Gecko/20100101 Firefox/134.0"
178.165.176.49 - - [13/Jan/2025:12:43:00 +0100] "POST /entry.php?id=10828 HTTP/1.1" 200 4784 "http://hausegger.activities.at/entry.php?id=10828" "Mozilla/5.0 (Windows NT 10.0; Win64; x64; rv:134.0) Gecko/20100101 Firefox/134.0"
178.165.176.49 - - [13/Jan/2025:12:43:00 +0100] "GET /gui/javascript/form_form.js?1736768580 HTTP/1.1" 200 16206 "http://hausegger.activities.at/entry.php?id=10828" "Mozilla/5.0 (Windows NT 10.0; Win64; x64; rv:134.0) Gecko/20100101 Firefox/134.0"
178.165.176.49 - - [13/Jan/2025:12:43:00 +0100] "GET /entry.php?id=10830&&object=10346354&account=&mode=documentdebitor HTTP/1.1" 200 3133 "http://hausegger.activities.at/entry.php?id=10828" "Mozilla/5.0 (Windows NT 10.0; Win64; x64; rv:134.0) Gecko/20100101 Firefox/134.0"
178.165.176.49 - - [13/Jan/2025:12:43:00 +0100] "GET /entry.php?id=10889&document_id=10346354& HTTP/1.1" 200 1508 "http://hausegger.activities.at/entry.php?id=10828" "Mozilla/5.0 (Windows NT 10.0; Win64; x64; rv:134.0) Gecko/20100101 Firefox/134.0"
178.165.176.49 - - [13/Jan/2025:12:43:01 +0100] "GET /gui/javascript/form_form.js?1736768581 HTTP/1.1" 200 16206 "http://hausegger.activities.at/entry.php?id=10889&document_id=10346354&" "Mozilla/5.0 (Windows NT 10.0; Win64; x64; rv:134.0) Gecko/20100101 Firefox/134.0"
178.165.176.49 - - [13/Jan/2025:12:43:01 +0100] "POST /entry.php?id=10889 HTTP/1.1" 200 1580 "http://hausegger.activities.at/entry.php?id=10889&document_id=10346354&" "Mozilla/5.0 (Windows NT 10.0; Win64; x64; rv:134.0) Gecko/20100101 Firefox/134.0"
