156.59.198.135 - - [13/Jan/2025:01:15:43 +0100] "GET /renault.activities.at/htdocs/export/xml/data/orders/202008041103_RenOrder.xml HTTP/1.0" 404 329 "-" "Mozilla/5.0 (Linux; Android 5.0) AppleWebKit/537.36 (KHTML, like Gecko) Mobile Safari/537.36 (compatible; Bytespider; spider-feedback@bytedance.com)"
95.214.55.39 - - [13/Jan/2025:01:19:17 +0100] "GET /cgi-bin/luci/;stok=/locale HTTP/1.1" 404 371 "-" "-"
156.59.198.136 - - [13/Jan/2025:01:19:43 +0100] "GET /renault.activities.at/htdocs/export/xml/data/orders/201909121303_RenOrder.xml HTTP/1.0" 404 328 "-" "Mozilla/5.0 (Linux; Android 5.0) AppleWebKit/537.36 (KHTML, like Gecko) Mobile Safari/537.36 (compatible; Bytespider; spider-feedback@bytedance.com)"
156.59.198.136 - - [13/Jan/2025:01:30:04 +0100] "GET /renault.activities.at/htdocs/pinEdit/editor/help/userhelp-Dateien/image148.gif HTTP/1.0" 404 327 "-" "Mozilla/5.0 (Linux; Android 5.0) AppleWebKit/537.36 (KHTML, like Gecko) Mobile Safari/537.36 (compatible; Bytespider; spider-feedback@bytedance.com)"
156.59.198.136 - - [13/Jan/2025:01:34:05 +0100] "GET /renault.activities.at/htdocs/pinEdit/editor/help/userhelp-Dateien/image131.jpg HTTP/1.0" 404 327 "-" "Mozilla/5.0 (Linux; Android 5.0) AppleWebKit/537.36 (KHTML, like Gecko) Mobile Safari/537.36 (compatible; Bytespider; spider-feedback@bytedance.com)"
95.214.55.226 - - [13/Jan/2025:01:36:10 +0100] "GET / HTTP/1.1" 200 423 "-" "-"
156.59.198.135 - - [13/Jan/2025:01:58:38 +0100] "GET /ed-test.2web.at/stats/lang/awstats-gl.txt HTTP/1.0" 404 303 "-" "Mozilla/5.0 (Linux; Android 5.0) AppleWebKit/537.36 (KHTML, like Gecko) Mobile Safari/537.36 (compatible; Bytespider; spider-feedback@bytedance.com)"
156.59.198.135 - - [13/Jan/2025:02:02:39 +0100] "GET /ed-test.activities.at/stats/lang/awstats-gl.txt HTTP/1.0" 404 306 "-" "Mozilla/5.0 (Linux; Android 5.0) AppleWebKit/537.36 (KHTML, like Gecko) Mobile Safari/537.36 (compatible; Bytespider; spider-feedback@bytedance.com)"
209.38.249.248 - - [13/Jan/2025:02:04:46 +0100] "GET / HTTP/1.0" 200 423 "-" "-"
209.38.249.248 - - [13/Jan/2025:02:04:46 +0100] "GET /odinhttpcall1736724908 HTTP/1.1" 404 367 "-" "Mozilla/5.0 (compatible; Odin; https://docs.getodin.com/)"
209.38.249.248 - - [13/Jan/2025:02:04:46 +0100] "POST /sdk HTTP/1.1" 404 348 "-" "Mozilla/5.0 (compatible; Odin; https://docs.getodin.com/)"
209.38.249.248 - - [13/Jan/2025:02:04:46 +0100] "GET / HTTP/1.0" 200 423 "-" "-"
209.38.249.248 - - [13/Jan/2025:02:04:46 +0100] "GET /HNAP1 HTTP/1.1" 404 350 "-" "Mozilla/5.0 (compatible; Odin; https://docs.getodin.com/)"
209.38.249.248 - - [13/Jan/2025:02:04:46 +0100] "GET /evox/about HTTP/1.1" 404 355 "-" "Mozilla/5.0 (compatible; Odin; https://docs.getodin.com/)"
209.38.249.248 - - [13/Jan/2025:02:04:46 +0100] "GET / HTTP/1.0" 200 423 "-" "-"
209.38.249.248 - - [13/Jan/2025:02:04:46 +0100] "GET / HTTP/1.1" 200 423 "-" "-"
64.226.76.157 - - [13/Jan/2025:02:04:46 +0100] "GET /query?q=SHOW+DIAGNOSTICS HTTP/1.1" 404 350 "-" "Go-http-client/1.1"
64.226.78.1 - - [13/Jan/2025:02:04:46 +0100] "GET /solr/admin/info/system HTTP/1.1" 404 367 "-" "Go-http-client/1.1"
159.223.23.197 - - [13/Jan/2025:02:04:46 +0100] "\x16\x03\x01" 400 383 "-" "-"
64.226.78.1 - - [13/Jan/2025:02:04:46 +0100] "GET /v2/_catalog HTTP/1.1" 404 356 "-" "Go-http-client/1.1"
209.38.239.116 - - [13/Jan/2025:02:04:46 +0100] "GET /cgi-bin/authLogin.cgi HTTP/1.1" 404 366 "-" "Go-http-client/1.1"
68.183.69.149 - - [13/Jan/2025:02:04:46 +0100] "GET / HTTP/1.1" 200 274 "-" "Mozilla/5.0 (compatible; Odin; https://docs.getodin.com/)"
159.223.23.197 - - [13/Jan/2025:02:04:46 +0100] "\x16\x03\x01\x01$\x01" 400 383 "-" "-"
64.226.78.1 - - [13/Jan/2025:02:04:46 +0100] "GET /solr/admin/cores?action=STATUS&wt=json HTTP/1.1" 404 361 "-" "Go-http-client/1.1"
159.223.23.197 - - [13/Jan/2025:02:04:46 +0100] "\x16\x03\x01" 400 383 "-" "-"
178.128.221.39 - - [13/Jan/2025:02:04:47 +0100] "GET /activities.ico HTTP/1.1" 200 1406 "-" "Go-http-client/1.1"
156.59.198.136 - - [13/Jan/2025:02:06:39 +0100] "GET /renault.activities.at/htdocs/binaries/10267451.pdf HTTP/1.0" 404 311 "-" "Mozilla/5.0 (Linux; Android 5.0) AppleWebKit/537.36 (KHTML, like Gecko) Mobile Safari/537.36 (compatible; Bytespider; spider-feedback@bytedance.com)"
156.59.198.136 - - [13/Jan/2025:02:10:40 +0100] "GET /renault.activities.at/htdocs/binaries/10225293.pdf HTTP/1.0" 404 311 "-" "Mozilla/5.0 (Linux; Android 5.0) AppleWebKit/537.36 (KHTML, like Gecko) Mobile Safari/537.36 (compatible; Bytespider; spider-feedback@bytedance.com)"
92.255.57.58 - - [13/Jan/2025:02:13:57 +0100] "GET /?XDEBUG_SESSION_START=phpstorm HTTP/1.1" 200 274 "-" "Mozilla/5.0 (Windows NT 10.0; Win64; x64) AppleWebKit/537.36 (KHTML, like Gecko) Chrome/78.0.3904.108 Safari/537.36"
156.59.198.135 - - [13/Jan/2025:02:14:39 +0100] "GET /renault.activities.at/htdocs/binaries/10171423_1.pdf HTTP/1.0" 404 313 "-" "Mozilla/5.0 (Linux; Android 5.0) AppleWebKit/537.36 (KHTML, like Gecko) Mobile Safari/537.36 (compatible; Bytespider; spider-feedback@bytedance.com)"
156.59.198.135 - - [13/Jan/2025:02:18:40 +0100] "GET /ed-test.activities.at/stats/lang/awstats-ko.txt HTTP/1.0" 404 307 "-" "Mozilla/5.0 (Linux; Android 5.0) AppleWebKit/537.36 (KHTML, like Gecko) Mobile Safari/537.36 (compatible; Bytespider; spider-feedback@bytedance.com)"
156.59.198.135 - - [13/Jan/2025:02:22:40 +0100] "GET /renault.activities.at/htdocs/binaries/10130624.pdf HTTP/1.0" 404 311 "-" "Mozilla/5.0 (Linux; Android 5.0) AppleWebKit/537.36 (KHTML, like Gecko) Mobile Safari/537.36 (compatible; Bytespider; spider-feedback@bytedance.com)"
156.59.198.135 - - [13/Jan/2025:02:26:40 +0100] "GET /renault.activities.at/htdocs/export/xml/data/orders/202105171203_RenOrder.xml HTTP/1.0" 404 329 "-" "Mozilla/5.0 (Linux; Android 5.0) AppleWebKit/537.36 (KHTML, like Gecko) Mobile Safari/537.36 (compatible; Bytespider; spider-feedback@bytedance.com)"
93.174.93.12 - - [13/Jan/2025:02:27:43 +0100] "GET / HTTP/1.0" 200 423 "-" "Mozilla/5.0 (Linux; Android 7.1.1; Moto E (4) Plus) AppleWebKit/537.36 (KHTML, like Gecko) Chrome/76.0.3809.111 Mobile Safari/537.36"
95.214.55.39 - - [13/Jan/2025:02:40:17 +0100] "GET /cgi-bin/luci/;stok=/locale HTTP/1.1" 404 371 "-" "-"
156.59.198.136 - - [13/Jan/2025:02:40:45 +0100] "GET /ed-test.2web.at/stats/lang/awstats-se.txt HTTP/1.0" 404 302 "-" "Mozilla/5.0 (Linux; Android 5.0) AppleWebKit/537.36 (KHTML, like Gecko) Mobile Safari/537.36 (compatible; Bytespider; spider-feedback@bytedance.com)"
156.59.198.136 - - [13/Jan/2025:02:44:45 +0100] "GET /renault.activities.at/htdocs/export/xml/data/orders/201910300903_RenOrder.xml HTTP/1.0" 404 329 "-" "Mozilla/5.0 (Linux; Android 5.0) AppleWebKit/537.36 (KHTML, like Gecko) Mobile Safari/537.36 (compatible; Bytespider; spider-feedback@bytedance.com)"
156.59.198.135 - - [13/Jan/2025:02:48:45 +0100] "GET /renault.activities.at/htdocs/export/xml/data/orders/201910101503_RenOrder.xml HTTP/1.0" 404 327 "-" "Mozilla/5.0 (Linux; Android 5.0) AppleWebKit/537.36 (KHTML, like Gecko) Mobile Safari/537.36 (compatible; Bytespider; spider-feedback@bytedance.com)"
156.59.198.136 - - [13/Jan/2025:02:52:46 +0100] "GET /renault.activities.at/htdocs/pinEdit/editor/help/userhelp-Dateien/image166.jpg HTTP/1.0" 404 327 "-" "Mozilla/5.0 (Linux; Android 5.0) AppleWebKit/537.36 (KHTML, like Gecko) Mobile Safari/537.36 (compatible; Bytespider; spider-feedback@bytedance.com)"
77.239.215.219 - - [13/Jan/2025:02:52:58 +0100] "POST /HNAP1/ HTTP/1.0" 400 373 "-" "-"
156.59.198.136 - - [13/Jan/2025:02:56:46 +0100] "GET /renault.activities.at/htdocs/export/xml/data/orders/202010210703_RenOrder.xml HTTP/1.0" 404 329 "-" "Mozilla/5.0 (Linux; Android 5.0) AppleWebKit/537.36 (KHTML, like Gecko) Mobile Safari/537.36 (compatible; Bytespider; spider-feedback@bytedance.com)"
156.59.198.135 - - [13/Jan/2025:03:00:46 +0100] "GET /renault.activities.at/htdocs/export/xml/data/orders/202003021103_RenOrder.xml HTTP/1.0" 404 329 "-" "Mozilla/5.0 (Linux; Android 5.0) AppleWebKit/537.36 (KHTML, like Gecko) Mobile Safari/537.36 (compatible; Bytespider; spider-feedback@bytedance.com)"
193.34.212.75 - - [13/Jan/2025:03:02:39 +0100] "GET / HTTP/1.1" 200 423 "-" "-"
156.59.198.135 - - [13/Jan/2025:03:04:48 +0100] "GET /ed-test.2web.at/stats/lang/awstats-ar.txt HTTP/1.0" 404 302 "-" "Mozilla/5.0 (Linux; Android 5.0) AppleWebKit/537.36 (KHTML, like Gecko) Mobile Safari/537.36 (compatible; Bytespider; spider-feedback@bytedance.com)"
92.255.57.58 - - [13/Jan/2025:03:12:32 +0100] "GET /actuator/gateway/routes HTTP/1.1" 404 293 "-" "Mozilla/5.0 (Windows NT 10.0; Win64; x64) AppleWebKit/537.36 (KHTML, like Gecko) Chrome/78.0.3904.108 Safari/537.36"
156.59.198.136 - - [13/Jan/2025:03:16:48 +0100] "GET /renault.activities.at/htdocs/export/xml/data/orders/202002101303_RenOrder.xml HTTP/1.0" 404 329 "-" "Mozilla/5.0 (Linux; Android 5.0) AppleWebKit/537.36 (KHTML, like Gecko) Mobile Safari/537.36 (compatible; Bytespider; spider-feedback@bytedance.com)"
156.59.198.135 - - [13/Jan/2025:03:20:48 +0100] "GET /renault.activities.at/htdocs/export/xml/data/orders/202103241403_RenOrder.xml HTTP/1.0" 404 329 "-" "Mozilla/5.0 (Linux; Android 5.0) AppleWebKit/537.36 (KHTML, like Gecko) Mobile Safari/537.36 (compatible; Bytespider; spider-feedback@bytedance.com)"
92.255.57.58 - - [13/Jan/2025:03:33:49 +0100] "\x16\x03\x01\x05\xa8\x01" 400 383 "-" "-"
45.148.10.242 - - [13/Jan/2025:03:36:45 +0100] "GET / HTTP/1.1" 200 423 "-" "-"
95.214.55.39 - - [13/Jan/2025:03:46:29 +0100] "GET /cgi-bin/luci/;stok=/locale HTTP/1.1" 404 371 "-" "-"
46.19.138.234 - - [13/Jan/2025:03:48:39 +0100] "GET / HTTP/1.1" 200 274 "-" "Mozilla/5.0 (Windows NT 10.0; Win64; x64) AppleWebKit/537.36 (KHTML, like Gecko) Chrome/90.0.4430.85 Safari/537.36 Edg/90.0.818.46"
185.16.39.104 - - [13/Jan/2025:03:49:29 +0100] "GET / HTTP/1.1" 200 274 "-" "-"
5.181.190.248 - - [13/Jan/2025:04:01:03 +0100] "GET / HTTP/1.1" 200 423 "-" "-"
195.3.223.55 - - [13/Jan/2025:04:04:08 +0100] "GET / HTTP/1.1" 200 274 "-" "Mozilla/5.0 (Windows NT 10.0; Win64; x64) AppleWebKit/537.36 (KHTML, like Gecko) Chrome/90.0.4430.85 Safari/537.36 Edg/90.0.818.46"
156.59.198.135 - - [13/Jan/2025:04:15:18 +0100] "GET /ed-test.activities.at/stats/lang/awstats-cn.txt HTTP/1.0" 404 306 "-" "Mozilla/5.0 (Linux; Android 5.0) AppleWebKit/537.36 (KHTML, like Gecko) Mobile Safari/537.36 (compatible; Bytespider; spider-feedback@bytedance.com)"
156.59.198.135 - - [13/Jan/2025:04:23:16 +0100] "GET /renault.activities.at/htdocs/export/xml/data/orders/202102171503_RenOrder.xml HTTP/1.0" 404 328 "-" "Mozilla/5.0 (Linux; Android 5.0) AppleWebKit/537.36 (KHTML, like Gecko) Mobile Safari/537.36 (compatible; Bytespider; spider-feedback@bytedance.com)"
172.206.143.159 - - [13/Jan/2025:04:32:24 +0100] "GET /hudson HTTP/1.1" 404 280 "-" "Mozilla/5.0 zgrab/0.x"
156.59.198.135 - - [13/Jan/2025:04:34:00 +0100] "GET /renault.activities.at/htdocs/pdftest/help/UML/Pre_filters.PNG HTTP/1.0" 404 318 "-" "Mozilla/5.0 (Linux; Android 5.0) AppleWebKit/537.36 (KHTML, like Gecko) Mobile Safari/537.36 (compatible; Bytespider; spider-feedback@bytedance.com)"
80.82.77.202 - - [13/Jan/2025:04:35:55 +0100] "GET / HTTP/1.0" 200 423 "-" "Mozilla/5.0 (X11; FreeBSD i386; rv:28.0) Gecko/20100101 Firefox/28.0 SeaMonkey/2.25"
13.91.165.251 - - [13/Jan/2025:04:36:15 +0100] "GET /ReportServer HTTP/1.1" 404 282 "-" "Mozilla/5.0 zgrab/0.x"
47.128.53.16 - - [13/Jan/2025:04:54:15 +0100] "GET /robots.txt HTTP/1.1" 404 284 "-" "Mozilla/5.0 (Linux; Android 5.0) AppleWebKit/537.36 (KHTML, like Gecko) Mobile Safari/537.36 (compatible; Bytespider; spider-feedback@bytedance.com)"
47.128.24.90 - - [13/Jan/2025:04:58:11 +0100] "GET /robots.txt HTTP/1.1" 404 284 "-" "Mozilla/5.0 (Linux; Android 5.0) AppleWebKit/537.36 (KHTML, like Gecko) Mobile Safari/537.36 (compatible; Bytespider; spider-feedback@bytedance.com)"
156.59.198.135 - - [13/Jan/2025:05:02:11 +0100] "GET /renault.2web.at/htdocs/binaries/10661192.pdf HTTP/1.0" 404 307 "-" "Mozilla/5.0 (Linux; Android 5.0) AppleWebKit/537.36 (KHTML, like Gecko) Mobile Safari/537.36 (compatible; Bytespider; spider-feedback@bytedance.com)"
18.134.98.39 - - [13/Jan/2025:05:03:50 +0100] "GET /.git/config HTTP/1.1" 404 296 "-" "Mozilla/5.0 (Linux; Android 10; DL1036) AppleWebKit/537.36 (KHTML, like Gecko) Chrome/81.0.4044.138 Safari/537.36"
156.59.198.136 - - [13/Jan/2025:05:06:11 +0100] "GET /renault.activities.at/htdocs/binaries/10117642.pdf HTTP/1.0" 404 311 "-" "Mozilla/5.0 (Linux; Android 5.0) AppleWebKit/537.36 (KHTML, like Gecko) Mobile Safari/537.36 (compatible; Bytespider; spider-feedback@bytedance.com)"
95.214.55.39 - - [13/Jan/2025:05:21:29 +0100] "GET /cgi-bin/luci/;stok=/locale HTTP/1.1" 404 371 "-" "-"
45.148.10.242 - - [13/Jan/2025:05:23:31 +0100] "GET / HTTP/1.1" 200 423 "-" "-"
156.59.198.135 - - [13/Jan/2025:05:27:42 +0100] "GET /renault.activities.at/htdocs/pinEdit/editor/help/userhelp-Dateien/image129.jpg HTTP/1.0" 404 328 "-" "Mozilla/5.0 (Linux; Android 5.0) AppleWebKit/537.36 (KHTML, like Gecko) Mobile Safari/537.36 (compatible; Bytespider; spider-feedback@bytedance.com)"
5.181.190.248 - - [13/Jan/2025:05:30:40 +0100] "GET / HTTP/1.1" 200 423 "-" "-"
185.242.226.116 - - [13/Jan/2025:05:32:05 +0100] "GET / HTTP/1.1" 200 274 "-" "Mozilla/5.0 (Windows NT 10.0; Win64; x64) AppleWebKit/537.36 (KHTML, like Gecko) Chrome/88.0.4324.190 Safari/537.36"
156.59.198.136 - - [13/Jan/2025:05:50:51 +0100] "GET /renault.activities.at/htdocs/export/xml/data/orders/201908211803_RenOrder.xml HTTP/1.0" 404 328 "-" "Mozilla/5.0 (Linux; Android 5.0) AppleWebKit/537.36 (KHTML, like Gecko) Mobile Safari/537.36 (compatible; Bytespider; spider-feedback@bytedance.com)"
88.214.25.61 - - [13/Jan/2025:06:07:56 +0100] "\x03" 400 383 "-" "-"
193.34.212.75 - - [13/Jan/2025:06:08:53 +0100] "GET / HTTP/1.1" 200 423 "-" "-"
83.222.191.146 - - [13/Jan/2025:06:12:56 +0100] "GET / HTTP/1.1" 200 274 "-" "Mozilla/5.0 (Windows NT 10.0; Win64; x64) AppleWebKit/537.36 (KHTML, like Gecko) Chrome/90.0.4430.85 Safari/537.36 Edg/90.0.818.46"
78.153.140.177 - - [13/Jan/2025:06:22:55 +0100] "GET /.env HTTP/1.1" 404 349 "-" "Mozilla/5.0 (Windows NT 6.2; rv:52.0) Gecko/20100101 Firefox/52.0"
78.153.140.177 - - [13/Jan/2025:06:22:55 +0100] "\x16\x03\x01" 400 383 "-" "-"
78.153.140.177 - - [13/Jan/2025:06:23:36 +0100] "GET /.ENV HTTP/1.1" 404 349 "-" "Mozilla/5.0 (Linux; Android 7.1.2; Nexus 6P Build/N2G48C) AppleWebKit/537.36 (KHTML, like Gecko) Chrome/60.0.3112.107 Mobile Safari/537.36"
78.153.140.177 - - [13/Jan/2025:06:23:38 +0100] "GET /.Env HTTP/1.1" 404 349 "-" "Mozilla/5.0 (Linux; Android 5.1.1; C6743 Build/LMY47V) AppleWebKit/537.36 (KHTML, like Gecko) Chrome/50.0.2661.89 Mobile Safari/537.36"
78.153.140.177 - - [13/Jan/2025:06:23:43 +0100] "GET /.AWS/credentials HTTP/1.1" 404 361 "-" "Mozilla/5.0 (Macintosh; Intel Mac OS X 10.9; rv:29.0) Gecko/20100101 Firefox/29.0"
78.153.140.177 - - [13/Jan/2025:06:23:54 +0100] "GET /.AWS/CREDENTIALS HTTP/1.1" 404 361 "-" "Mozilla/5.0 (Linux; BRAVIA 4K 2015 Build/LMY48E.S197) AppleWebKit/537.36 (KHTML, like Gecko) Chrome/41.0.2272.101 Safari/537.36 OPR/28.0.1754.0 OMI/4.4.22.20.E102586-1.126"
78.153.140.177 - - [13/Jan/2025:06:23:55 +0100] "GET /.Aws/credentials HTTP/1.1" 404 361 "-" "Mozilla/5.0 (compatible; MSIE 9.0; Windows NT 6.1; WOW64; Trident/5.0; SLCC2; .NET CLR 2.0.50727; .NET CLR 3.5.30729; .NET CLR 3.0.30729; .NET4.0C; .NET4.0E)"
78.153.140.177 - - [13/Jan/2025:06:24:04 +0100] "GET /.CONFIG.yaml HTTP/1.1" 404 357 "-" "Mozilla/5.0 (Windows NT 6.1) AppleWebKit/537.36 (KHTML, like Gecko) Chrome/64.0.3282.140 Safari/537.36"
78.153.140.177 - - [13/Jan/2025:06:24:25 +0100] "GET /.Config.yaml HTTP/1.1" 404 357 "-" "Mozilla/5.0 (Windows NT 6.1; WOW64) AppleWebKit/537.36 (KHTML, like Gecko) Chrome/43.0.2357.81 Safari/537.36 OPR/30.0.1835.59 (Edition Campaign 16)"
78.153.140.177 - - [13/Jan/2025:06:24:39 +0100] "GET /.env.BAK HTTP/1.1" 404 353 "-" "Mozilla/5.0 (X11; U; Linux x86_64; en-US; rv:1.9.0.6) Gecko/2009012700 SUSE/3.0.6-1.4 Firefox/3.0.6"
78.153.140.177 - - [13/Jan/2025:06:24:55 +0100] "GET /.ENV.example HTTP/1.1" 404 357 "-" "Mozilla/4.0 (compatible; MSIE 6.0; Windows NT 5.1; ru)"
78.153.140.177 - - [13/Jan/2025:06:24:58 +0100] "GET /.env.EXAMPLE HTTP/1.1" 404 357 "-" "Mozilla/5.0 (Macintosh; U; Intel Mac OS X 10_6; en-us) AppleWebKit/531.9 (KHTML, like Gecko) Version/4.0.3 Safari/531.9"
78.153.140.177 - - [13/Jan/2025:06:25:05 +0100] "GET /.ENV.EXAMPLE HTTP/1.1" 404 357 "-" "Mozilla/5.0 (Macintosh; U; PPC Mac OS X; en) AppleWebKit/522.11 (KHTML, like Gecko) Version/3.0.2 Safari/522.12"
78.153.140.177 - - [13/Jan/2025:06:25:12 +0100] "GET /ADMIN/.env HTTP/1.1" 404 355 "-" "Mozilla/5.0 (iPod touch; CPU iPhone OS 10_3_2 like Mac OS X) AppleWebKit/603.2.4 (KHTML, like Gecko) Version/10.0 Mobile/14F89 Safari/602.1"
78.153.140.177 - - [13/Jan/2025:06:25:26 +0100] "GET /Admin/.env HTTP/1.1" 404 355 "-" "Mozilla/5.0 (Windows NT 10.0; WOW64) AppleWebKit/537.36 (KHTML, like Gecko) Chrome/42.0.0.9895 Safari/537.36"
78.153.140.177 - - [13/Jan/2025:06:25:38 +0100] "GET /Application/.env HTTP/1.1" 404 361 "-" "Opera/9.80 (Windows NT 6.1; U; es-ES) Presto/2.9.181 Version/12.00"
78.153.140.177 - - [13/Jan/2025:06:25:53 +0100] "GET /APPLICATION/.env HTTP/1.1" 404 361 "-" "Mozilla/5.0 (Linux; Android 6.0.1; Redmi Note 4 Build/MMB29M) AppleWebKit/537.36 (KHTML, like Gecko) Chrome/54.0.2840.85 Mobile Safari/537.36"
78.153.140.177 - - [13/Jan/2025:06:26:24 +0100] "GET /BACKEND/.env HTTP/1.1" 404 357 "-" "Opera/9.80 (Macintosh; Intel Mac OS X 10.7.4; U; en) Presto/2.10.229 Version/11.62"
78.153.140.177 - - [13/Jan/2025:06:26:29 +0100] "GET /Config/.env HTTP/1.1" 404 356 "-" "Mozilla/5.0 (Windows; U; Windows NT 5.1 ; en-us; ThinkPad Tablet Build/ThinkPadTablet_A310_02) AppleWebKit/534.13 (KHTML, like Gecko) Version/4.0 Safari/534.13"
78.153.140.177 - - [13/Jan/2025:06:26:32 +0100] "GET /CONFIG/.env HTTP/1.1" 404 356 "-" "Mozilla/5.0 (Linux; U; Android 4.4.2; en-us; SM-T210R Build/KOT49H) AppleWebKit/534.30 (KHTML, like Gecko) Version/4.0 Safari/534.30"
78.153.140.177 - - [13/Jan/2025:06:26:43 +0100] "GET /Core/.env HTTP/1.1" 404 354 "-" "Mozilla/4.0 (compatible; MSIE 7.0; Windows NT 6.1; Trident/4.0; SLCC2; .NET CLR 2.0.50727; .NET CLR 3.5.30729; .NET CLR 3.0.30729; Media Center PC 6.0; InfoPath.2; .NET4.0C; .NET4.0E)"
95.214.55.39 - - [13/Jan/2025:06:26:50 +0100] "GET /cgi-bin/luci/;stok=/locale HTTP/1.1" 404 371 "-" "-"
78.153.140.177 - - [13/Jan/2025:06:26:52 +0100] "GET /CORE/.env HTTP/1.1" 404 354 "-" "Mozilla/5.0 (X11; U; Linux x86_64; en-US; rv:1.9.0.7) Gecko/2009030516 Ubuntu/9.04 (jaunty) Firefox/3.0.7 GTB5"
78.153.140.177 - - [13/Jan/2025:06:26:57 +0100] "GET /Cp/.env HTTP/1.1" 404 352 "-" "Mozilla/5.0 (Windows NT 6.3; WOW64) AppleWebKit/537.36 (KHTML, like Gecko) Chrome/43.0.2357.125 Safari/537.36 OPR/30.0.1835.88 (Edition Campaign 67)"
78.153.140.177 - - [13/Jan/2025:06:26:57 +0100] "GET /CP/.env HTTP/1.1" 404 352 "-" "Mozilla/5.0 (iPhone; CPU iPhone OS 10_3_2 like Mac OS X) AppleWebKit/603.2.1 (KHTML, like Gecko) Version/10.0 Mobile/14F5065b Safari/602.1"
78.153.140.177 - - [13/Jan/2025:06:26:58 +0100] "GET /Credentials HTTP/1.1" 404 356 "-" "Mozilla/5.0 (Windows NT 6.1; WOW64) AppleWebKit/537.36 (KHTML, like Gecko) Chrome/48.0.2564.109 Safari/537.36 OPR/35.0.2066.68"
78.153.140.177 - - [13/Jan/2025:06:26:58 +0100] "GET /CREDENTIALS HTTP/1.1" 404 356 "-" "Mozilla/5.0 (Macintosh; U; Intel Mac OS X 10_6_6; ja-jp) AppleWebKit/533.20.25 (KHTML, like Gecko) Version/5.0.4 Safari/533.20.27"
78.153.140.177 - - [13/Jan/2025:06:26:59 +0100] "GET /Crm/.env HTTP/1.1" 404 353 "-" "Mozilla/5.0 (Linux; Android 6.0.1; Nexus 5X Build/MMB29P) AppleWebKit/537.36 (KHTML, like Gecko; Google Page Speed Insights) Chrome/41.0.2272.118 Mobile Safari/537.36"
78.153.140.177 - - [13/Jan/2025:06:27:03 +0100] "GET /CRM/.env HTTP/1.1" 404 353 "-" "Mozilla/5.0 (X11; U; Linux i686; en-US; rv:1.8.1.9) Gecko/20071025 Firefox/1.5.0.9 (Debian-2.0.0.9-2)"
78.153.140.177 - - [13/Jan/2025:06:27:03 +0100] "GET /Data/.env HTTP/1.1" 404 354 "-" "Mozilla/5.0 (Linux; U; Android 4.0.4; pt-br; GT-S7562L Build/IMM76I) AppleWebKit/534.30 (KHTML, like Gecko) Version/4.0 Mobile Safari/534.30"
78.153.140.177 - - [13/Jan/2025:06:27:03 +0100] "GET /DATA/.env HTTP/1.1" 404 354 "-" "Mozilla/5.0 (Linux; Android 6.0; Android SDK built for x86_64 Build/MASTER; wv) AppleWebKit/537.36 (KHTML, like Gecko) Version/4.0 Chrome/44.0.2403.119 Mobile Safari/537.36"
156.59.198.136 - - [13/Jan/2025:06:40:20 +0100] "GET /ed-test.2web.at/stats/lang/awstats-ko.txt HTTP/1.0" 404 303 "-" "Mozilla/5.0 (Linux; Android 5.0) AppleWebKit/537.36 (KHTML, like Gecko) Mobile Safari/537.36 (compatible; Bytespider; spider-feedback@bytedance.com)"
156.59.198.135 - - [13/Jan/2025:06:45:04 +0100] "GET /renault.2web.at/htdocs/binaries/10623060.pdf HTTP/1.0" 404 308 "-" "Mozilla/5.0 (Linux; Android 5.0) AppleWebKit/537.36 (KHTML, like Gecko) Mobile Safari/537.36 (compatible; Bytespider; spider-feedback@bytedance.com)"
156.59.198.135 - - [13/Jan/2025:06:53:59 +0100] "GET /renault.activities.at/htdocs/dompdf-master/www/test/images/png/rgb16_t_bk.png HTTP/1.0" 404 329 "-" "Mozilla/5.0 (Linux; Android 5.0) AppleWebKit/537.36 (KHTML, like Gecko) Mobile Safari/537.36 (compatible; Bytespider; spider-feedback@bytedance.com)"
156.59.198.135 - - [13/Jan/2025:07:05:59 +0100] "GET /renault.activities.at/htdocs/export/xml/data/orders/202010161403_RenOrder.xml HTTP/1.0" 404 329 "-" "Mozilla/5.0 (Linux; Android 5.0) AppleWebKit/537.36 (KHTML, like Gecko) Mobile Safari/537.36 (compatible; Bytespider; spider-feedback@bytedance.com)"
156.59.198.135 - - [13/Jan/2025:07:10:00 +0100] "GET /renault.activities.at/htdocs/export/xml/data/orders/202005191103_RenOrder.xml HTTP/1.0" 404 328 "-" "Mozilla/5.0 (Linux; Android 5.0) AppleWebKit/537.36 (KHTML, like Gecko) Mobile Safari/537.36 (compatible; Bytespider; spider-feedback@bytedance.com)"
95.214.55.226 - - [13/Jan/2025:07:12:03 +0100] "GET / HTTP/1.1" 200 423 "-" "-"
156.59.198.135 - - [13/Jan/2025:07:14:00 +0100] "GET /renault.activities.at/htdocs/binaries/10204335.pdf HTTP/1.0" 404 311 "-" "Mozilla/5.0 (Linux; Android 5.0) AppleWebKit/537.36 (KHTML, like Gecko) Mobile Safari/537.36 (compatible; Bytespider; spider-feedback@bytedance.com)"
185.196.220.253 - - [13/Jan/2025:07:17:55 +0100] "GET / HTTP/1.1" 200 423 "-" "Hello World"
156.59.198.136 - - [13/Jan/2025:07:18:00 +0100] "GET /renault.activities.at/htdocs/binaries/10377529.pdf HTTP/1.0" 404 313 "-" "Mozilla/5.0 (Linux; Android 5.0) AppleWebKit/537.36 (KHTML, like Gecko) Mobile Safari/537.36 (compatible; Bytespider; spider-feedback@bytedance.com)"
24.6.130.205 - - [13/Jan/2025:07:20:58 +0100] "GET / HTTP/1.1" 200 423 "-" "Mozilla/5.0 (Windows NT 6.1; WOW64) AppleWebKit/537.36 (KHTML, like Gecko) Chrome/52.0.2743.116 Safari/537.36"
45.148.10.242 - - [13/Jan/2025:07:32:46 +0100] "GET / HTTP/1.1" 200 423 "-" "-"
185.189.182.234 - - [13/Jan/2025:07:43:06 +0100] "GET / HTTP/1.1" 400 383 "-" "-"
156.59.198.135 - - [13/Jan/2025:07:50:45 +0100] "GET /renault.activities.at/htdocs/export/xml/data/orders/202104201203_RenOrder.xml HTTP/1.0" 404 329 "-" "Mozilla/5.0 (Linux; Android 5.0) AppleWebKit/537.36 (KHTML, like Gecko) Mobile Safari/537.36 (compatible; Bytespider; spider-feedback@bytedance.com)"
156.59.198.135 - - [13/Jan/2025:07:54:45 +0100] "GET /renault.activities.at/htdocs/export/xml/data/orders/202105041503_RenOrder.xml HTTP/1.0" 404 329 "-" "Mozilla/5.0 (Linux; Android 5.0) AppleWebKit/537.36 (KHTML, like Gecko) Mobile Safari/537.36 (compatible; Bytespider; spider-feedback@bytedance.com)"
156.59.198.135 - - [13/Jan/2025:07:58:45 +0100] "GET /ed-test.activities.at/stats/lang/awstats-bg.txt HTTP/1.0" 404 306 "-" "Mozilla/5.0 (Linux; Android 5.0) AppleWebKit/537.36 (KHTML, like Gecko) Mobile Safari/537.36 (compatible; Bytespider; spider-feedback@bytedance.com)"
179.43.191.146 - - [13/Jan/2025:08:03:51 +0100] "GET / HTTP/1.1" 200 274 "-" "Mozilla/5.0 (Windows NT 10.0; Win64; x64) AppleWebKit/537.36 (KHTML, like Gecko) Chrome/90.0.4430.85 Safari/537.36 Edg/90.0.818.46"
5.181.190.248 - - [13/Jan/2025:08:04:04 +0100] "GET / HTTP/1.1" 200 423 "-" "-"
147.185.132.105 - - [13/Jan/2025:08:18:37 +0100] "GET / HTTP/1.0" 200 423 "-" "Expanse, a Palo Alto Networks company, searches across the global IPv4 space multiple times per day to identify customers' presences on the Internet. If you would like to be excluded from our scans, please send IP addresses/domains to: scaninfo@paloaltonetworks.com"
47.236.187.54 - - [13/Jan/2025:08:19:15 +0100] "POST /cgi-bin/.%2e/.%2e/.%2e/.%2e/.%2e/.%2e/.%2e/.%2e/.%2e/.%2e/bin/sh HTTP/1.1" 400 373 "-" "Custom-AsyncHttpClient"
52.234.238.185 - - [13/Jan/2025:08:20:09 +0100] "MGLNDD_212.69.160.11_80" 400 383 "-" "-"
156.59.198.135 - - [13/Jan/2025:08:25:12 +0100] "GET /renault.activities.at/htdocs/dompdf-master/www/test/images/png/pal.png HTTP/1.0" 404 323 "-" "Mozilla/5.0 (Linux; Android 5.0) AppleWebKit/537.36 (KHTML, like Gecko) Mobile Safari/537.36 (compatible; Bytespider; spider-feedback@bytedance.com)"
91.223.3.201 - - [13/Jan/2025:08:32:41 +0100] "GET / HTTP/1.1" 200 274 "-" "Mozilla/5.0 (Windows NT 10.0; Win64; x64) AppleWebKit/537.36 (KHTML, like Gecko) Chrome/90.0.4430.85 Safari/537.36 Edg/90.0.818.46"
65.49.1.78 - - [13/Jan/2025:08:44:07 +0100] "\x16\x03\x01" 400 383 "-" "-"
156.59.198.135 - - [13/Jan/2025:08:51:01 +0100] "GET /renault.activities.at/htdocs/export/xml/data/orders/202010281703_RenOrder.xml HTTP/1.0" 404 329 "-" "Mozilla/5.0 (Linux; Android 5.0) AppleWebKit/537.36 (KHTML, like Gecko) Mobile Safari/537.36 (compatible; Bytespider; spider-feedback@bytedance.com)"
156.59.198.136 - - [13/Jan/2025:08:55:01 +0100] "GET /ed-test.2web.at/stats/lang/awstats-en.txt HTTP/1.0" 404 302 "-" "Mozilla/5.0 (Linux; Android 5.0) AppleWebKit/537.36 (KHTML, like Gecko) Mobile Safari/537.36 (compatible; Bytespider; spider-feedback@bytedance.com)"
156.59.198.136 - - [13/Jan/2025:09:07:19 +0100] "GET /renault.activities.at/htdocs/export/xml/data/orders/201908261603_RenOrder.xml HTTP/1.0" 404 330 "-" "Mozilla/5.0 (Linux; Android 5.0) AppleWebKit/537.36 (KHTML, like Gecko) Mobile Safari/537.36 (compatible; Bytespider; spider-feedback@bytedance.com)"
185.16.39.104 - - [13/Jan/2025:09:18:55 +0100] "GET / HTTP/1.1" 200 274 "-" "-"
156.59.198.135 - - [13/Jan/2025:09:21:43 +0100] "GET /ed-test.activities.at/stats/lang/awstats-cz.txt HTTP/1.0" 404 307 "-" "Mozilla/5.0 (Linux; Android 5.0) AppleWebKit/537.36 (KHTML, like Gecko) Mobile Safari/537.36 (compatible; Bytespider; spider-feedback@bytedance.com)"
195.3.223.55 - - [13/Jan/2025:09:25:13 +0100] "GET / HTTP/1.1" 200 274 "-" "Mozilla/5.0 (Windows NT 10.0; Win64; x64) AppleWebKit/537.36 (KHTML, like Gecko) Chrome/90.0.4430.85 Safari/537.36 Edg/90.0.818.46"
95.214.55.39 - - [13/Jan/2025:09:42:11 +0100] "GET /cgi-bin/luci/;stok=/locale HTTP/1.1" 404 371 "-" "-"
156.59.198.135 - - [13/Jan/2025:09:44:22 +0100] "GET /ed-test.activities.at/stats/lang/awstats-pt.txt HTTP/1.0" 404 306 "-" "Mozilla/5.0 (Linux; Android 5.0) AppleWebKit/537.36 (KHTML, like Gecko) Mobile Safari/537.36 (compatible; Bytespider; spider-feedback@bytedance.com)"
185.7.214.55 - - [13/Jan/2025:09:46:43 +0100] "GET /.git/config HTTP/1.1" 404 285 "-" "python-requests/2.25.1"
156.59.198.135 - - [13/Jan/2025:09:49:13 +0100] "GET /renault.activities.at/htdocs/binaries/10228523.pdf HTTP/1.0" 404 311 "-" "Mozilla/5.0 (Linux; Android 5.0) AppleWebKit/537.36 (KHTML, like Gecko) Mobile Safari/537.36 (compatible; Bytespider; spider-feedback@bytedance.com)"
178.165.176.49 - - [13/Jan/2025:09:50:31 +0100] "GET /layout.php HTTP/1.1" 200 815 "-" "Mozilla/5.0 (Windows NT 10.0; Win64; x64; rv:134.0) Gecko/20100101 Firefox/134.0"
178.165.176.49 - - [13/Jan/2025:09:50:32 +0100] "GET /entry.php?id=10272 HTTP/1.1" 200 1159 "http://hausegger.activities.at/layout.php" "Mozilla/5.0 (Windows NT 10.0; Win64; x64; rv:134.0) Gecko/20100101 Firefox/134.0"
178.165.176.49 - - [13/Jan/2025:09:50:32 +0100] "GET /entry.php?id=10273 HTTP/1.1" 200 1903 "http://hausegger.activities.at/layout.php" "Mozilla/5.0 (Windows NT 10.0; Win64; x64; rv:134.0) Gecko/20100101 Firefox/134.0"
178.165.176.49 - - [13/Jan/2025:09:50:32 +0100] "GET /entry.php?id=11412 HTTP/1.1" 200 1759 "http://hausegger.activities.at/layout.php" "Mozilla/5.0 (Windows NT 10.0; Win64; x64; rv:134.0) Gecko/20100101 Firefox/134.0"
178.165.176.49 - - [13/Jan/2025:09:50:32 +0100] "GET /entry.php?id=10270 HTTP/1.1" 200 909 "http://hausegger.activities.at/layout.php" "Mozilla/5.0 (Windows NT 10.0; Win64; x64; rv:134.0) Gecko/20100101 Firefox/134.0"
178.165.176.49 - - [13/Jan/2025:09:50:32 +0100] "GET /gui/javascript/jquery/css/gui-themes/custom.min.css HTTP/1.1" 200 5618 "http://hausegger.activities.at/entry.php?id=10273" "Mozilla/5.0 (Windows NT 10.0; Win64; x64; rv:134.0) Gecko/20100101 Firefox/134.0"
178.165.176.49 - - [13/Jan/2025:09:50:32 +0100] "GET /gui/javascript/jquery/css/gui-themes/ui.spinner.css HTTP/1.1" 200 350 "http://hausegger.activities.at/entry.php?id=10273" "Mozilla/5.0 (Windows NT 10.0; Win64; x64; rv:134.0) Gecko/20100101 Firefox/134.0"
178.165.176.49 - - [13/Jan/2025:09:50:32 +0100] "GET /gui/javascript/form_form.js?1736758232 HTTP/1.1" 200 16206 "http://hausegger.activities.at/entry.php?id=10272" "Mozilla/5.0 (Windows NT 10.0; Win64; x64; rv:134.0) Gecko/20100101 Firefox/134.0"
178.165.176.49 - - [13/Jan/2025:09:50:32 +0100] "GET /gui/javascript/form_form.js?1736758232 HTTP/1.1" 200 16206 "http://hausegger.activities.at/entry.php?id=10273" "Mozilla/5.0 (Windows NT 10.0; Win64; x64; rv:134.0) Gecko/20100101 Firefox/134.0"
178.165.176.49 - - [13/Jan/2025:09:50:32 +0100] "GET /gui/javascript/form_form.js?1736758232 HTTP/1.1" 200 16206 "http://hausegger.activities.at/entry.php?id=11412" "Mozilla/5.0 (Windows NT 10.0; Win64; x64; rv:134.0) Gecko/20100101 Firefox/134.0"
178.165.176.49 - - [13/Jan/2025:09:50:32 +0100] "GET /gui/javascript/form_form.js?1736758232 HTTP/1.1" 200 16206 "http://hausegger.activities.at/entry.php?id=10270" "Mozilla/5.0 (Windows NT 10.0; Win64; x64; rv:134.0) Gecko/20100101 Firefox/134.0"
178.165.176.49 - - [13/Jan/2025:09:50:33 +0100] "GET /gui/images/emptybar.gif HTTP/1.1" 200 89 "http://hausegger.activities.at/entry.php?id=10272" "Mozilla/5.0 (Windows NT 10.0; Win64; x64; rv:134.0) Gecko/20100101 Firefox/134.0"
178.165.176.49 - - [13/Jan/2025:09:50:33 +0100] "GET /entry.php?id=10271& HTTP/1.1" 200 934 "http://hausegger.activities.at/entry.php?id=10272" "Mozilla/5.0 (Windows NT 10.0; Win64; x64; rv:134.0) Gecko/20100101 Firefox/134.0"
178.165.176.49 - - [13/Jan/2025:09:50:33 +0100] "GET /gui/javascript/form_form.js?1736758233 HTTP/1.1" 200 16206 "http://hausegger.activities.at/entry.php?id=10271&" "Mozilla/5.0 (Windows NT 10.0; Win64; x64; rv:134.0) Gecko/20100101 Firefox/134.0"
178.165.176.49 - - [13/Jan/2025:09:50:33 +0100] "GET /entry.php?id=10287 HTTP/1.1" 200 2396 "http://hausegger.activities.at/entry.php?id=11412" "Mozilla/5.0 (Windows NT 10.0; Win64; x64; rv:134.0) Gecko/20100101 Firefox/134.0"
178.165.176.49 - - [13/Jan/2025:09:50:33 +0100] "GET /entry.php?id=10273& HTTP/1.1" 200 1903 "http://hausegger.activities.at/entry.php?id=10287" "Mozilla/5.0 (Windows NT 10.0; Win64; x64; rv:134.0) Gecko/20100101 Firefox/134.0"
178.165.176.49 - - [13/Jan/2025:09:50:33 +0100] "GET /entry.php?id=10270& HTTP/1.1" 200 909 "http://hausegger.activities.at/entry.php?id=10287" "Mozilla/5.0 (Windows NT 10.0; Win64; x64; rv:134.0) Gecko/20100101 Firefox/134.0"
178.165.176.49 - - [13/Jan/2025:09:50:35 +0100] "POST /entry.php?id=10287& HTTP/1.1" 200 1967 "http://hausegger.activities.at/entry.php?id=10287" "Mozilla/5.0 (Windows NT 10.0; Win64; x64; rv:134.0) Gecko/20100101 Firefox/134.0"
178.165.176.49 - - [13/Jan/2025:09:51:39 +0100] "GET /gui/javascript/form_form.js?1736758298 HTTP/1.1" 200 16206 "http://hausegger.activities.at/entry.php?id=10287&" "Mozilla/5.0 (Windows NT 10.0; Win64; x64; rv:134.0) Gecko/20100101 Firefox/134.0"
178.165.176.49 - - [13/Jan/2025:09:51:39 +0100] "GET /entry.php?id=10273& HTTP/1.1" 200 2013 "http://hausegger.activities.at/entry.php?id=10287&" "Mozilla/5.0 (Windows NT 10.0; Win64; x64; rv:134.0) Gecko/20100101 Firefox/134.0"
178.165.176.49 - - [13/Jan/2025:09:51:39 +0100] "GET /gui/javascript/form_form.js?1736758299 HTTP/1.1" 200 16206 "http://hausegger.activities.at/entry.php?id=10273&" "Mozilla/5.0 (Windows NT 10.0; Win64; x64; rv:134.0) Gecko/20100101 Firefox/134.0"
178.165.176.49 - - [13/Jan/2025:09:51:39 +0100] "GET /entry.php?id=10270&__app__=10006038 HTTP/1.1" 200 2231 "http://hausegger.activities.at/entry.php?id=10273&" "Mozilla/5.0 (Windows NT 10.0; Win64; x64; rv:134.0) Gecko/20100101 Firefox/134.0"
178.165.176.49 - - [13/Jan/2025:09:51:39 +0100] "GET /entry.php?id=10271& HTTP/1.1" 200 987 "http://hausegger.activities.at/entry.php?id=10272" "Mozilla/5.0 (Windows NT 10.0; Win64; x64; rv:134.0) Gecko/20100101 Firefox/134.0"
178.165.176.49 - - [13/Jan/2025:09:51:39 +0100] "GET /undefined HTTP/1.1" 404 289 "http://hausegger.activities.at/entry.php?id=10270&__app__=10006038" "Mozilla/5.0 (Windows NT 10.0; Win64; x64; rv:134.0) Gecko/20100101 Firefox/134.0"
178.165.176.49 - - [13/Jan/2025:09:51:40 +0100] "GET /framework/webfx/style/toolbar/images/cbback.gif HTTP/1.1" 404 318 "http://hausegger.activities.at/framework/webfx/style/toolbar/cb2.css" "Mozilla/5.0 (Windows NT 10.0; Win64; x64; rv:134.0) Gecko/20100101 Firefox/134.0"
178.165.176.49 - - [13/Jan/2025:09:52:39 +0100] "GET /entry.php?id=10271&&ser=758299 HTTP/1.1" 200 990 "http://hausegger.activities.at/entry.php?id=10271&" "Mozilla/5.0 (Windows NT 10.0; Win64; x64; rv:134.0) Gecko/20100101 Firefox/134.0"
178.165.176.49 - - [13/Jan/2025:09:52:40 +0100] "GET /gui/javascript/form_form.js?1736758360 HTTP/1.1" 200 16206 "http://hausegger.activities.at/entry.php?id=10271&&ser=758299" "Mozilla/5.0 (Windows NT 10.0; Win64; x64; rv:134.0) Gecko/20100101 Firefox/134.0"
178.165.176.49 - - [13/Jan/2025:09:53:40 +0100] "GET /entry.php?id=10271&&ser=758359 HTTP/1.1" 200 987 "http://hausegger.activities.at/entry.php?id=10271&&ser=758299" "Mozilla/5.0 (Windows NT 10.0; Win64; x64; rv:134.0) Gecko/20100101 Firefox/134.0"
178.165.176.49 - - [13/Jan/2025:09:53:40 +0100] "GET /gui/javascript/form_form.js?1736758420 HTTP/1.1" 200 16206 "http://hausegger.activities.at/entry.php?id=10271&&ser=758359" "Mozilla/5.0 (Windows NT 10.0; Win64; x64; rv:134.0) Gecko/20100101 Firefox/134.0"
36.70.183.186 - - [13/Jan/2025:09:54:26 +0100] "HEAD /robots.txt HTTP/1.0" 404 - "-" "-"
178.165.176.49 - - [13/Jan/2025:09:54:40 +0100] "GET /entry.php?id=10271&&ser=758420 HTTP/1.1" 200 987 "http://hausegger.activities.at/entry.php?id=10271&&ser=758359" "Mozilla/5.0 (Windows NT 10.0; Win64; x64; rv:134.0) Gecko/20100101 Firefox/134.0"
178.165.176.49 - - [13/Jan/2025:09:54:40 +0100] "GET /gui/javascript/form_form.js?1736758480 HTTP/1.1" 200 16206 "http://hausegger.activities.at/entry.php?id=10271&&ser=758420" "Mozilla/5.0 (Windows NT 10.0; Win64; x64; rv:134.0) Gecko/20100101 Firefox/134.0"
178.165.176.49 - - [13/Jan/2025:09:55:47 +0100] "GET /entry.php?id=10271&&ser=758480 HTTP/1.1" 200 988 "http://hausegger.activities.at/entry.php?id=10271&&ser=758420" "Mozilla/5.0 (Windows NT 10.0; Win64; x64; rv:134.0) Gecko/20100101 Firefox/134.0"
178.165.176.49 - - [13/Jan/2025:09:55:47 +0100] "GET /gui/javascript/form_form.js?1736758547 HTTP/1.1" 200 16206 "http://hausegger.activities.at/entry.php?id=10271&&ser=758480" "Mozilla/5.0 (Windows NT 10.0; Win64; x64; rv:134.0) Gecko/20100101 Firefox/134.0"
178.165.176.49 - - [13/Jan/2025:09:56:47 +0100] "GET /entry.php?id=10271&&ser=758547 HTTP/1.1" 200 987 "http://hausegger.activities.at/entry.php?id=10271&&ser=758480" "Mozilla/5.0 (Windows NT 10.0; Win64; x64; rv:134.0) Gecko/20100101 Firefox/134.0"
178.165.176.49 - - [13/Jan/2025:09:56:47 +0100] "GET /gui/javascript/form_form.js?1736758607 HTTP/1.1" 200 16206 "http://hausegger.activities.at/entry.php?id=10271&&ser=758547" "Mozilla/5.0 (Windows NT 10.0; Win64; x64; rv:134.0) Gecko/20100101 Firefox/134.0"
178.165.176.49 - - [13/Jan/2025:09:57:48 +0100] "GET /entry.php?id=10271&&ser=758607 HTTP/1.1" 200 987 "http://hausegger.activities.at/entry.php?id=10271&&ser=758547" "Mozilla/5.0 (Windows NT 10.0; Win64; x64; rv:134.0) Gecko/20100101 Firefox/134.0"
178.165.176.49 - - [13/Jan/2025:09:57:48 +0100] "GET /gui/javascript/form_form.js?1736758668 HTTP/1.1" 200 16206 "http://hausegger.activities.at/entry.php?id=10271&&ser=758607" "Mozilla/5.0 (Windows NT 10.0; Win64; x64; rv:134.0) Gecko/20100101 Firefox/134.0"
178.165.176.49 - - [13/Jan/2025:09:58:48 +0100] "GET /entry.php?id=10271&&ser=758668 HTTP/1.1" 200 988 "http://hausegger.activities.at/entry.php?id=10271&&ser=758607" "Mozilla/5.0 (Windows NT 10.0; Win64; x64; rv:134.0) Gecko/20100101 Firefox/134.0"
178.165.176.49 - - [13/Jan/2025:09:58:48 +0100] "GET /gui/javascript/form_form.js?1736758728 HTTP/1.1" 200 16206 "http://hausegger.activities.at/entry.php?id=10271&&ser=758668" "Mozilla/5.0 (Windows NT 10.0; Win64; x64; rv:134.0) Gecko/20100101 Firefox/134.0"
178.165.176.49 - - [13/Jan/2025:09:59:48 +0100] "GET /entry.php?id=10271&&ser=758728 HTTP/1.1" 200 987 "http://hausegger.activities.at/entry.php?id=10271&&ser=758668" "Mozilla/5.0 (Windows NT 10.0; Win64; x64; rv:134.0) Gecko/20100101 Firefox/134.0"
178.165.176.49 - - [13/Jan/2025:09:59:48 +0100] "GET /gui/javascript/form_form.js?1736758788 HTTP/1.1" 200 16206 "http://hausegger.activities.at/entry.php?id=10271&&ser=758728" "Mozilla/5.0 (Windows NT 10.0; Win64; x64; rv:134.0) Gecko/20100101 Firefox/134.0"
178.165.176.49 - - [13/Jan/2025:10:00:48 +0100] "GET /entry.php?id=10271&&ser=758788 HTTP/1.1" 200 987 "http://hausegger.activities.at/entry.php?id=10271&&ser=758728" "Mozilla/5.0 (Windows NT 10.0; Win64; x64; rv:134.0) Gecko/20100101 Firefox/134.0"
178.165.176.49 - - [13/Jan/2025:10:00:49 +0100] "GET /gui/javascript/form_form.js?1736758849 HTTP/1.1" 200 16206 "http://hausegger.activities.at/entry.php?id=10271&&ser=758788" "Mozilla/5.0 (Windows NT 10.0; Win64; x64; rv:134.0) Gecko/20100101 Firefox/134.0"
178.165.176.49 - - [13/Jan/2025:10:01:49 +0100] "GET /entry.php?id=10271&&ser=758849 HTTP/1.1" 200 987 "http://hausegger.activities.at/entry.php?id=10271&&ser=758788" "Mozilla/5.0 (Windows NT 10.0; Win64; x64; rv:134.0) Gecko/20100101 Firefox/134.0"
178.165.176.49 - - [13/Jan/2025:10:01:49 +0100] "GET /gui/javascript/form_form.js?1736758909 HTTP/1.1" 200 16206 "http://hausegger.activities.at/entry.php?id=10271&&ser=758849" "Mozilla/5.0 (Windows NT 10.0; Win64; x64; rv:134.0) Gecko/20100101 Firefox/134.0"
178.165.176.49 - - [13/Jan/2025:10:02:19 +0100] "GET /entry.php?id=10828 HTTP/1.1" 200 9140 "http://hausegger.activities.at/entry.php?id=10270&__app__=10006038" "Mozilla/5.0 (Windows NT 10.0; Win64; x64; rv:134.0) Gecko/20100101 Firefox/134.0"
178.165.176.49 - - [13/Jan/2025:10:02:20 +0100] "GET /gui/javascript/form_form.js?1736758940 HTTP/1.1" 200 16206 "http://hausegger.activities.at/entry.php?id=10828" "Mozilla/5.0 (Windows NT 10.0; Win64; x64; rv:134.0) Gecko/20100101 Firefox/134.0"
178.165.176.49 - - [13/Jan/2025:10:02:20 +0100] "GET /entry.php?id=10889&document_id=& HTTP/1.1" 200 1508 "http://hausegger.activities.at/entry.php?id=10828" "Mozilla/5.0 (Windows NT 10.0; Win64; x64; rv:134.0) Gecko/20100101 Firefox/134.0"
178.165.176.49 - - [13/Jan/2025:10:02:21 +0100] "POST /entry.php?id=10828 HTTP/1.1" 200 9331 "http://hausegger.activities.at/entry.php?id=10828" "Mozilla/5.0 (Windows NT 10.0; Win64; x64; rv:134.0) Gecko/20100101 Firefox/134.0"
178.165.176.49 - - [13/Jan/2025:10:02:22 +0100] "GET /gui/javascript/form_form.js?1736758942 HTTP/1.1" 200 16206 "http://hausegger.activities.at/entry.php?id=10828" "Mozilla/5.0 (Windows NT 10.0; Win64; x64; rv:134.0) Gecko/20100101 Firefox/134.0"
178.165.176.49 - - [13/Jan/2025:10:02:22 +0100] "GET /entry.php?id=10889&document_id=& HTTP/1.1" 200 1508 "http://hausegger.activities.at/entry.php?id=10828" "Mozilla/5.0 (Windows NT 10.0; Win64; x64; rv:134.0) Gecko/20100101 Firefox/134.0"
178.165.176.49 - - [13/Jan/2025:10:02:25 +0100] "GET /entry.php?id=10877&mode=loadSearchCustomer&obj=number&tag=debitor&value=f&ser=1736753567566 HTTP/1.1" 200 325 "http://hausegger.activities.at/entry.php?id=10828" "Mozilla/5.0 (Windows NT 10.0; Win64; x64; rv:134.0) Gecko/20100101 Firefox/134.0"
178.165.176.49 - - [13/Jan/2025:10:02:25 +0100] "GET /entry.php?id=10877&mode=loadSearchCustomer&obj=number&tag=debitor&value=f.&ser=1736753568022 HTTP/1.1" 200 175 "http://hausegger.activities.at/entry.php?id=10828" "Mozilla/5.0 (Windows NT 10.0; Win64; x64; rv:134.0) Gecko/20100101 Firefox/134.0"
178.165.176.49 - - [13/Jan/2025:10:02:26 +0100] "POST /entry.php?id=10889 HTTP/1.1" 200 1759 "http://hausegger.activities.at/entry.php?id=10889&document_id=&" "Mozilla/5.0 (Windows NT 10.0; Win64; x64; rv:134.0) Gecko/20100101 Firefox/134.0"
178.165.176.49 - - [13/Jan/2025:10:02:27 +0100] "GET /gui/javascript/form_form.js?1736758947 HTTP/1.1" 200 16206 "http://hausegger.activities.at/entry.php?id=10889" "Mozilla/5.0 (Windows NT 10.0; Win64; x64; rv:134.0) Gecko/20100101 Firefox/134.0"
178.165.176.49 - - [13/Jan/2025:10:02:39 +0100] "POST /entry.php?id=10828 HTTP/1.1" 200 8732 "http://hausegger.activities.at/entry.php?id=10828" "Mozilla/5.0 (Windows NT 10.0; Win64; x64; rv:134.0) Gecko/20100101 Firefox/134.0"
178.165.176.49 - - [13/Jan/2025:10:02:39 +0100] "GET /gui/javascript/form_form.js?1736758959 HTTP/1.1" 200 16206 "http://hausegger.activities.at/entry.php?id=10828" "Mozilla/5.0 (Windows NT 10.0; Win64; x64; rv:134.0) Gecko/20100101 Firefox/134.0"
178.165.176.49 - - [13/Jan/2025:10:02:39 +0100] "GET /entry.php?id=10889&document_id=10346350& HTTP/1.1" 200 1508 "http://hausegger.activities.at/entry.php?id=10828" "Mozilla/5.0 (Windows NT 10.0; Win64; x64; rv:134.0) Gecko/20100101 Firefox/134.0"
178.165.176.49 - - [13/Jan/2025:10:02:40 +0100] "GET /gui/javascript/form_form.js?1736758960 HTTP/1.1" 200 16206 "http://hausegger.activities.at/entry.php?id=10889&document_id=10346350&" "Mozilla/5.0 (Windows NT 10.0; Win64; x64; rv:134.0) Gecko/20100101 Firefox/134.0"
178.165.176.49 - - [13/Jan/2025:10:02:41 +0100] "POST /entry.php?id=10828 HTTP/1.1" 200 4992 "http://hausegger.activities.at/entry.php?id=10828" "Mozilla/5.0 (Windows NT 10.0; Win64; x64; rv:134.0) Gecko/20100101 Firefox/134.0"
178.165.176.49 - - [13/Jan/2025:10:02:41 +0100] "GET /gui/javascript/form_form.js?1736758961 HTTP/1.1" 200 16206 "http://hausegger.activities.at/entry.php?id=10828" "Mozilla/5.0 (Windows NT 10.0; Win64; x64; rv:134.0) Gecko/20100101 Firefox/134.0"
178.165.176.49 - - [13/Jan/2025:10:02:41 +0100] "GET /entry.php?id=10889&document_id=10346350& HTTP/1.1" 200 1508 "http://hausegger.activities.at/entry.php?id=10828" "Mozilla/5.0 (Windows NT 10.0; Win64; x64; rv:134.0) Gecko/20100101 Firefox/134.0"
178.165.176.49 - - [13/Jan/2025:10:02:42 +0100] "GET /gui/javascript/form_form.js?1736758962 HTTP/1.1" 200 16206 "http://hausegger.activities.at/entry.php?id=10889&document_id=10346350&" "Mozilla/5.0 (Windows NT 10.0; Win64; x64; rv:134.0) Gecko/20100101 Firefox/134.0"
178.165.176.49 - - [13/Jan/2025:10:02:46 +0100] "POST /entry.php?id=10828 HTTP/1.1" 200 5016 "http://hausegger.activities.at/entry.php?id=10828" "Mozilla/5.0 (Windows NT 10.0; Win64; x64; rv:134.0) Gecko/20100101 Firefox/134.0"
178.165.176.49 - - [13/Jan/2025:10:02:47 +0100] "GET /gui/javascript/form_form.js?1736758967 HTTP/1.1" 200 16206 "http://hausegger.activities.at/entry.php?id=10828" "Mozilla/5.0 (Windows NT 10.0; Win64; x64; rv:134.0) Gecko/20100101 Firefox/134.0"
178.165.176.49 - - [13/Jan/2025:10:02:47 +0100] "GET /entry.php?id=10889&document_id=10346350& HTTP/1.1" 200 1509 "http://hausegger.activities.at/entry.php?id=10828" "Mozilla/5.0 (Windows NT 10.0; Win64; x64; rv:134.0) Gecko/20100101 Firefox/134.0"
178.165.176.49 - - [13/Jan/2025:10:02:49 +0100] "POST /entry.php?id=10828 HTTP/1.1" 200 4790 "http://hausegger.activities.at/entry.php?id=10828" "Mozilla/5.0 (Windows NT 10.0; Win64; x64; rv:134.0) Gecko/20100101 Firefox/134.0"
178.165.176.49 - - [13/Jan/2025:10:02:49 +0100] "GET /gui/javascript/form_form.js?1736758969 HTTP/1.1" 200 16206 "http://hausegger.activities.at/entry.php?id=10828" "Mozilla/5.0 (Windows NT 10.0; Win64; x64; rv:134.0) Gecko/20100101 Firefox/134.0"
178.165.176.49 - - [13/Jan/2025:10:02:49 +0100] "GET /entry.php?id=10271&&ser=758909 HTTP/1.1" 200 987 "http://hausegger.activities.at/entry.php?id=10271&&ser=758849" "Mozilla/5.0 (Windows NT 10.0; Win64; x64; rv:134.0) Gecko/20100101 Firefox/134.0"
178.165.176.49 - - [13/Jan/2025:10:02:49 +0100] "GET /entry.php?id=10830&&object=10346350&account=&mode=documentdebitor HTTP/1.1" 200 3132 "http://hausegger.activities.at/entry.php?id=10828" "Mozilla/5.0 (Windows NT 10.0; Win64; x64; rv:134.0) Gecko/20100101 Firefox/134.0"
178.165.176.49 - - [13/Jan/2025:10:02:49 +0100] "GET /entry.php?id=10889&document_id=10346350& HTTP/1.1" 200 1509 "http://hausegger.activities.at/entry.php?id=10828" "Mozilla/5.0 (Windows NT 10.0; Win64; x64; rv:134.0) Gecko/20100101 Firefox/134.0"
178.165.176.49 - - [13/Jan/2025:10:02:51 +0100] "POST /entry.php?id=10889 HTTP/1.1" 200 1580 "http://hausegger.activities.at/entry.php?id=10889&document_id=10346350&" "Mozilla/5.0 (Windows NT 10.0; Win64; x64; rv:134.0) Gecko/20100101 Firefox/134.0"
178.165.176.49 - - [13/Jan/2025:10:02:51 +0100] "GET /gui/javascript/form_form.js?1736758971 HTTP/1.1" 200 16206 "http://hausegger.activities.at/entry.php?id=10889" "Mozilla/5.0 (Windows NT 10.0; Win64; x64; rv:134.0) Gecko/20100101 Firefox/134.0"
178.165.176.49 - - [13/Jan/2025:10:02:53 +0100] "GET /entry.php?id=10877&mode=loadSearchArticle&obj=article_1&tag=debit&refobject=10346350&value=7&ser=1736753595302 HTTP/1.1" 200 4348 "http://hausegger.activities.at/entry.php?id=10830&&object=10346350&account=&mode=documentdebitor" "Mozilla/5.0 (Windows NT 10.0; Win64; x64; rv:134.0) Gecko/20100101 Firefox/134.0"
178.165.176.49 - - [13/Jan/2025:10:02:53 +0100] "GET /entry.php?id=10877&mode=loadSearchArticle&obj=article_1&tag=debit&refobject=10346350&value=76&ser=1736753595598 HTTP/1.1" 200 2017 "http://hausegger.activities.at/entry.php?id=10830&&object=10346350&account=&mode=documentdebitor" "Mozilla/5.0 (Windows NT 10.0; Win64; x64; rv:134.0) Gecko/20100101 Firefox/134.0"
178.165.176.49 - - [13/Jan/2025:10:02:53 +0100] "GET /entry.php?id=10877&mode=loadSearchArticle&obj=article_1&tag=debit&refobject=10346350&value=760&ser=1736753595726 HTTP/1.1" 200 811 "http://hausegger.activities.at/entry.php?id=10830&&object=10346350&account=&mode=documentdebitor" "Mozilla/5.0 (Windows NT 10.0; Win64; x64; rv:134.0) Gecko/20100101 Firefox/134.0"
178.165.176.49 - - [13/Jan/2025:10:02:53 +0100] "GET /entry.php?id=10877&mode=loadSearchArticle&obj=article_1&tag=debit&refobject=10346350&value=760-&ser=1736753595969 HTTP/1.1" 200 376 "http://hausegger.activities.at/entry.php?id=10830&&object=10346350&account=&mode=documentdebitor" "Mozilla/5.0 (Windows NT 10.0; Win64; x64; rv:134.0) Gecko/20100101 Firefox/134.0"
178.165.176.49 - - [13/Jan/2025:10:02:54 +0100] "GET /entry.php?id=10877&mode=loadSearchArticle&obj=article_1&tag=debit&refobject=10346350&value=760-2&ser=1736753596246 HTTP/1.1" 200 279 "http://hausegger.activities.at/entry.php?id=10830&&object=10346350&account=&mode=documentdebitor" "Mozilla/5.0 (Windows NT 10.0; Win64; x64; rv:134.0) Gecko/20100101 Firefox/134.0"
178.165.176.49 - - [13/Jan/2025:10:02:54 +0100] "GET /entry.php?id=10877&mode=loadSearchArticle&obj=article_1&tag=debit&refobject=10346350&value=760-250&ser=1736753596518 HTTP/1.1" 200 279 "http://hausegger.activities.at/entry.php?id=10830&&object=10346350&account=&mode=documentdebitor" "Mozilla/5.0 (Windows NT 10.0; Win64; x64; rv:134.0) Gecko/20100101 Firefox/134.0"
178.165.176.49 - - [13/Jan/2025:10:02:54 +0100] "GET /entry.php?id=10877&mode=loadSearchArticle&obj=article_1&tag=debit&refobject=10346350&value=760-250&ser=1736753596598 HTTP/1.1" 200 279 "http://hausegger.activities.at/entry.php?id=10830&&object=10346350&account=&mode=documentdebitor" "Mozilla/5.0 (Windows NT 10.0; Win64; x64; rv:134.0) Gecko/20100101 Firefox/134.0"
178.165.176.49 - - [13/Jan/2025:10:02:55 +0100] "POST /entry.php?id=10889 HTTP/1.1" 200 1909 "http://hausegger.activities.at/entry.php?id=10889" "Mozilla/5.0 (Windows NT 10.0; Win64; x64; rv:134.0) Gecko/20100101 Firefox/134.0"
178.165.176.49 - - [13/Jan/2025:10:02:55 +0100] "GET /gui/javascript/form_form.js?1736758975 HTTP/1.1" 200 16206 "http://hausegger.activities.at/entry.php?id=10889" "Mozilla/5.0 (Windows NT 10.0; Win64; x64; rv:134.0) Gecko/20100101 Firefox/134.0"
178.165.176.49 - - [13/Jan/2025:10:02:55 +0100] "POST /entry.php?id=10889 HTTP/1.1" 200 1677 "http://hausegger.activities.at/entry.php?id=10889" "Mozilla/5.0 (Windows NT 10.0; Win64; x64; rv:134.0) Gecko/20100101 Firefox/134.0"
178.165.176.49 - - [13/Jan/2025:10:02:57 +0100] "GET /gui/javascript/form_form.js?1736758977 HTTP/1.1" 200 16206 "http://hausegger.activities.at/entry.php?id=10889" "Mozilla/5.0 (Windows NT 10.0; Win64; x64; rv:134.0) Gecko/20100101 Firefox/134.0"
178.165.176.49 - - [13/Jan/2025:10:02:57 +0100] "POST /entry.php?id=10889 HTTP/1.1" 200 1599 "http://hausegger.activities.at/entry.php?id=10889" "Mozilla/5.0 (Windows NT 10.0; Win64; x64; rv:134.0) Gecko/20100101 Firefox/134.0"
178.165.176.49 - - [13/Jan/2025:10:02:58 +0100] "GET /gui/javascript/form_form.js?1736758978 HTTP/1.1" 200 16206 "http://hausegger.activities.at/entry.php?id=10889" "Mozilla/5.0 (Windows NT 10.0; Win64; x64; rv:134.0) Gecko/20100101 Firefox/134.0"
178.165.176.49 - - [13/Jan/2025:10:02:58 +0100] "GET /entry.php?id=10877&mode=loadSearchArticle&obj=article_2&tag=debit&refobject=10346350&value=7&ser=1736753600814 HTTP/1.1" 200 4348 "http://hausegger.activities.at/entry.php?id=10830&&object=10346350&account=&mode=documentdebitor" "Mozilla/5.0 (Windows NT 10.0; Win64; x64; rv:134.0) Gecko/20100101 Firefox/134.0"
