45.156.128.97 - - [15/Jan/2025:01:02:40 +0100] "GET / HTTP/1.1" 200 274 "-" "Mozilla/5.0 (Windows NT 10.0; WOW64) AppleWebKit/537.36 (KHTML, like Gecko) Chrome/66.0.3359.117 Safari/537.36"
156.59.198.136 - - [15/Jan/2025:01:15:57 +0100] "GET /renault.2web.at/stats/lang/awstats-dk.txt HTTP/1.0" 404 304 "-" "Mozilla/5.0 (Linux; Android 5.0) AppleWebKit/537.36 (KHTML, like Gecko) Mobile Safari/537.36 (compatible; Bytespider; spider-feedback@bytedance.com)"
156.59.198.136 - - [15/Jan/2025:01:44:17 +0100] "GET /renault.activities.at/htdocs/export/xml/data/orders/202010090803_RenOrder.xml HTTP/1.0" 404 328 "-" "Mozilla/5.0 (Linux; Android 5.0) AppleWebKit/537.36 (KHTML, like Gecko) Mobile Safari/537.36 (compatible; Bytespider; spider-feedback@bytedance.com)"
172.202.157.251 - - [15/Jan/2025:01:50:39 +0100] "MGLNDD_212.69.160.11_80" 400 383 "-" "-"
156.59.198.136 - - [15/Jan/2025:01:54:02 +0100] "GET /renault.activities.at/htdocs/export/xml/data/orders/202011191303_RenOrder.xml HTTP/1.0" 404 328 "-" "Mozilla/5.0 (Linux; Android 5.0) AppleWebKit/537.36 (KHTML, like Gecko) Mobile Safari/537.36 (compatible; Bytespider; spider-feedback@bytedance.com)"
117.235.76.112 - - [15/Jan/2025:01:54:04 +0100] "GET / HTTP/1.1" 200 423 "-" "Mozilla/5.0 (Windows NT 6.1; WOW64) AppleWebKit/537.36 (KHTML, like Gecko) Chrome/52.0.2743.116 Safari/537.36"
156.59.198.135 - - [15/Jan/2025:02:00:42 +0100] "GET /renault.2web.at/stats/lang/awstats-pl.txt HTTP/1.0" 404 303 "-" "Mozilla/5.0 (Linux; Android 5.0) AppleWebKit/537.36 (KHTML, like Gecko) Mobile Safari/537.36 (compatible; Bytespider; spider-feedback@bytedance.com)"
156.59.198.136 - - [15/Jan/2025:02:04:43 +0100] "GET /docs/contadino/2018/RECHNUNG/RE18-00012.pdf HTTP/1.0" 404 309 "-" "Mozilla/5.0 (Linux; Android 5.0) AppleWebKit/537.36 (KHTML, like Gecko) Mobile Safari/537.36 (compatible; Bytespider; spider-feedback@bytedance.com)"
95.214.55.226 - - [15/Jan/2025:02:15:19 +0100] "GET / HTTP/1.1" 200 423 "-" "-"
156.59.198.136 - - [15/Jan/2025:02:30:05 +0100] "GET /renault.2web.at/stats/lang/awstats-et.txt HTTP/1.0" 404 303 "-" "Mozilla/5.0 (Linux; Android 5.0) AppleWebKit/537.36 (KHTML, like Gecko) Mobile Safari/537.36 (compatible; Bytespider; spider-feedback@bytedance.com)"
109.194.243.110 - - [15/Jan/2025:02:30:14 +0100] "GET / HTTP/1.0" 200 423 "http://food-and-drink.vienna-lodgings.at/" "Mozilla/5.0 (Windows NT 10.0; WOW64) AppleWebKit/537.36 (KHTML, like Gecko) Chrome/103.0.0.0 Safari/537.36"
34.79.246.220 - - [15/Jan/2025:02:38:28 +0100] "GET / HTTP/1.1" 200 274 "-" "python-requests/2.32.3"
85.90.246.159 - - [15/Jan/2025:02:39:33 +0100] "\x16\x03\x01" 400 383 "-" "-"
156.59.198.136 - - [15/Jan/2025:02:44:59 +0100] "GET /docs/contadino/2018/RECHNUNG/RE18-00006.pdf HTTP/1.0" 404 308 "-" "Mozilla/5.0 (Linux; Android 5.0) AppleWebKit/537.36 (KHTML, like Gecko) Mobile Safari/537.36 (compatible; Bytespider; spider-feedback@bytedance.com)"
49.143.109.139 - - [15/Jan/2025:02:58:16 +0100] "GET / HTTP/1.0" 200 423 "-" "curl/7.88.1"
156.59.198.136 - - [15/Jan/2025:02:59:08 +0100] "GET /docs/contadino/2018/RECHNUNG/RE18-00014.pdf HTTP/1.0" 404 308 "-" "Mozilla/5.0 (Linux; Android 5.0) AppleWebKit/537.36 (KHTML, like Gecko) Mobile Safari/537.36 (compatible; Bytespider; spider-feedback@bytedance.com)"
156.59.198.136 - - [15/Jan/2025:03:03:08 +0100] "GET /renault.2web.at/stats/lang/awstats-th.txt HTTP/1.0" 404 303 "-" "Mozilla/5.0 (Linux; Android 5.0) AppleWebKit/537.36 (KHTML, like Gecko) Mobile Safari/537.36 (compatible; Bytespider; spider-feedback@bytedance.com)"
156.59.198.136 - - [15/Jan/2025:03:23:09 +0100] "GET /renault.activities.at/htdocs/export/xml/data/orders/202003041203_RenOrder.xml HTTP/1.0" 404 329 "-" "Mozilla/5.0 (Linux; Android 5.0) AppleWebKit/537.36 (KHTML, like Gecko) Mobile Safari/537.36 (compatible; Bytespider; spider-feedback@bytedance.com)"
109.194.243.110 - - [15/Jan/2025:03:56:29 +0100] "GET / HTTP/1.0" 200 423 "-" "Mozilla/5.0 (Windows NT 6.3; Win64; x64) AppleWebKit/537.36 (KHTML, like Gecko) Chrome/75.0.3770.100 Safari/537.36"
156.59.198.136 - - [15/Jan/2025:04:11:13 +0100] "GET /docs/contadino/2018/RECHNUNG/RE18-00002.pdf HTTP/1.0" 404 307 "-" "Mozilla/5.0 (Linux; Android 5.0) AppleWebKit/537.36 (KHTML, like Gecko) Mobile Safari/537.36 (compatible; Bytespider; spider-feedback@bytedance.com)"
87.120.120.18 - - [15/Jan/2025:04:14:20 +0100] "GET /.env HTTP/1.1" 404 280 "-" "Mozilla/5.0 (Windows NT 10.0; Win64; x64) AppleWebKit/537.36 (KHTML, like Gecko) Chrome/67.0.3396.62 Safari/537.36"
92.255.57.58 - - [15/Jan/2025:04:20:36 +0100] "GET /?XDEBUG_SESSION_START=phpstorm HTTP/1.1" 200 274 "-" "Mozilla/5.0 (Windows NT 10.0; Win64; x64) AppleWebKit/537.36 (KHTML, like Gecko) Chrome/78.0.3904.108 Safari/537.36"
179.43.191.146 - - [15/Jan/2025:04:21:33 +0100] "GET / HTTP/1.1" 200 274 "-" "Mozilla/5.0 (Windows NT 10.0; Win64; x64) AppleWebKit/537.36 (KHTML, like Gecko) Chrome/90.0.4430.85 Safari/537.36 Edg/90.0.818.46"
156.59.198.136 - - [15/Jan/2025:04:21:53 +0100] "GET /renault.2web.at/stats/lang/awstats-de.txt HTTP/1.0" 404 303 "-" "Mozilla/5.0 (Linux; Android 5.0) AppleWebKit/537.36 (KHTML, like Gecko) Mobile Safari/537.36 (compatible; Bytespider; spider-feedback@bytedance.com)"
156.59.198.135 - - [15/Jan/2025:04:25:53 +0100] "GET /docs/contadino/2017/GS17-000004.pdf HTTP/1.0" 404 301 "-" "Mozilla/5.0 (Linux; Android 5.0) AppleWebKit/537.36 (KHTML, like Gecko) Mobile Safari/537.36 (compatible; Bytespider; spider-feedback@bytedance.com)"
156.59.198.135 - - [15/Jan/2025:04:29:53 +0100] "GET /renault.activities.at/htdocs/export/xml/data/orders/202005111003_RenOrder.xml HTTP/1.0" 404 328 "-" "Mozilla/5.0 (Linux; Android 5.0) AppleWebKit/537.36 (KHTML, like Gecko) Mobile Safari/537.36 (compatible; Bytespider; spider-feedback@bytedance.com)"
156.59.198.136 - - [15/Jan/2025:04:58:54 +0100] "GET /renault.activities.at/htdocs/export/xml/data/orders/201910221103_RenOrder.xml HTTP/1.0" 404 328 "-" "Mozilla/5.0 (Linux; Android 5.0) AppleWebKit/537.36 (KHTML, like Gecko) Mobile Safari/537.36 (compatible; Bytespider; spider-feedback@bytedance.com)"
92.255.57.58 - - [15/Jan/2025:05:02:50 +0100] "GET /actuator/gateway/routes HTTP/1.1" 404 293 "-" "Mozilla/5.0 (Windows NT 10.0; Win64; x64) AppleWebKit/537.36 (KHTML, like Gecko) Chrome/78.0.3904.108 Safari/537.36"
156.59.198.135 - - [15/Jan/2025:05:02:54 +0100] "GET /renault.activities.at/htdocs/export/xml/data/orders/201911051103_RenOrder.xml HTTP/1.0" 404 328 "-" "Mozilla/5.0 (Linux; Android 5.0) AppleWebKit/537.36 (KHTML, like Gecko) Mobile Safari/537.36 (compatible; Bytespider; spider-feedback@bytedance.com)"
173.252.83.5 - - [15/Jan/2025:05:09:51 +0100] "GET /robots.txt HTTP/1.1" 404 366 "-" "facebookexternalhit/1.1 (+http://www.facebook.com/externalhit_uatext.php)"
31.13.127.32 - - [15/Jan/2025:05:11:50 +0100] "GET /robots.txt HTTP/1.1" 404 292 "-" "facebookexternalhit/1.1 (+http://www.facebook.com/externalhit_uatext.php)"
198.235.24.166 - - [15/Jan/2025:05:21:46 +0100] "\x16\x03\x01" 400 383 "-" "-"
198.235.24.166 - - [15/Jan/2025:05:21:46 +0100] "\x16\x03\x01" 400 383 "-" "-"
46.19.138.234 - - [15/Jan/2025:05:22:14 +0100] "GET / HTTP/1.1" 200 274 "-" "Mozilla/5.0 (Windows NT 10.0; Win64; x64) AppleWebKit/537.36 (KHTML, like Gecko) Chrome/90.0.4430.85 Safari/537.36 Edg/90.0.818.46"
118.193.47.114 - - [15/Jan/2025:05:25:52 +0100] "\x16\x03\x01\x01\x17\x01" 400 383 "-" "-"
118.193.47.114 - - [15/Jan/2025:05:26:03 +0100] "GET / HTTP/1.1" 200 423 "-" "Mozilla/5.0 (Macintosh; Intel Mac OS X 10_15_7) AppleWebKit/537.36 (KHTML, like Gecko) Chrome/120.0.0.0 Safari/537.36 Edg/120.0.0.0"
118.193.47.114 - - [15/Jan/2025:05:26:04 +0100] "GET /activities.ico HTTP/1.1" 200 1406 "-" "Mozilla/5.0 (Macintosh; Intel Mac OS X 10_7_0) AppleWebKit/535.11 (KHTML, like Gecko) Chrome/17.0.963.56 Safari/535.11"
118.193.47.114 - - [15/Jan/2025:05:26:04 +0100] "GET /robots.txt HTTP/1.1" 404 284 "-" "Mozilla/5.0 (Macintosh; Intel Mac OS X 10_7_0) AppleWebKit/535.11 (KHTML, like Gecko) Chrome/17.0.963.56 Safari/535.11"
118.193.47.114 - - [15/Jan/2025:05:26:05 +0100] "GET /sitemap.xml HTTP/1.1" 404 285 "-" "Mozilla/5.0 (Macintosh; Intel Mac OS X 10_7_0) AppleWebKit/535.11 (KHTML, like Gecko) Chrome/17.0.963.56 Safari/535.11"
118.193.47.114 - - [15/Jan/2025:05:26:06 +0100] "GET /config.json HTTP/1.1" 404 285 "-" "Mozilla/5.0 (Macintosh; Intel Mac OS X 10_7_0) AppleWebKit/535.11 (KHTML, like Gecko) Chrome/17.0.963.56 Safari/535.11"
47.128.39.131 - - [15/Jan/2025:05:44:03 +0100] "GET /robots.txt HTTP/1.1" 404 284 "-" "Mozilla/5.0 (Linux; Android 5.0) AppleWebKit/537.36 (KHTML, like Gecko) Mobile Safari/537.36 (compatible; Bytespider; spider-feedback@bytedance.com)"
47.128.51.173 - - [15/Jan/2025:05:56:09 +0100] "GET /robots.txt HTTP/1.1" 404 284 "-" "Mozilla/5.0 (Linux; Android 5.0) AppleWebKit/537.36 (KHTML, like Gecko) Mobile Safari/537.36 (compatible; Bytespider; spider-feedback@bytedance.com)"
92.255.57.58 - - [15/Jan/2025:05:57:09 +0100] "\x16\x03\x01\x05\xa8\x01" 400 383 "-" "-"
156.59.198.136 - - [15/Jan/2025:06:04:05 +0100] "GET /ed-test.activities.at/stats/lang/awstats-hr.txt HTTP/1.0" 404 306 "-" "Mozilla/5.0 (Linux; Android 5.0) AppleWebKit/537.36 (KHTML, like Gecko) Mobile Safari/537.36 (compatible; Bytespider; spider-feedback@bytedance.com)"
156.59.198.136 - - [15/Jan/2025:06:08:05 +0100] "GET /renault.activities.at/htdocs/pinEdit/editor/help/userhelp-Dateien/image055.gif HTTP/1.0" 404 327 "-" "Mozilla/5.0 (Linux; Android 5.0) AppleWebKit/537.36 (KHTML, like Gecko) Mobile Safari/537.36 (compatible; Bytespider; spider-feedback@bytedance.com)"
156.59.198.135 - - [15/Jan/2025:06:12:06 +0100] "GET /renault.activities.at/htdocs/export/xml/data/orders/202101281303_RenOrder.xml HTTP/1.0" 404 328 "-" "Mozilla/5.0 (Linux; Android 5.0) AppleWebKit/537.36 (KHTML, like Gecko) Mobile Safari/537.36 (compatible; Bytespider; spider-feedback@bytedance.com)"
47.128.50.102 - - [15/Jan/2025:06:16:09 +0100] "GET /robots.txt HTTP/1.1" 404 284 "-" "Mozilla/5.0 (Linux; Android 5.0) AppleWebKit/537.36 (KHTML, like Gecko) Mobile Safari/537.36 (compatible; Bytespider; spider-feedback@bytedance.com)"
156.59.198.135 - - [15/Jan/2025:06:20:06 +0100] "GET /renault.activities.at/htdocs/export/xml/data/orders/202104160903_RenOrder.xml HTTP/1.0" 404 329 "-" "Mozilla/5.0 (Linux; Android 5.0) AppleWebKit/537.36 (KHTML, like Gecko) Mobile Safari/537.36 (compatible; Bytespider; spider-feedback@bytedance.com)"
123.160.223.74 - - [15/Jan/2025:06:21:00 +0100] "GET / HTTP/1.1" 200 274 "-" "Mozilla/5.0 (Macintosh; Intel Mac OS X 10_15_7) AppleWebKit/537.36 (KHTML, like Gecko) Chrome/96.0.4664.110 Safari/537.36"
123.160.223.75 - - [15/Jan/2025:06:21:01 +0100] "GET / HTTP/1.1" 200 274 "-" "Mozilla/5.0 (Macintosh; Intel Mac OS X 11_0_0) AppleWebKit/537.36 (KHTML, like Gecko) Chrome/87.0.4280.88 Safari/537.36"
123.160.223.75 - - [15/Jan/2025:06:21:02 +0100] "GET /layout.php HTTP/1.1" 200 816 "http://212.69.160.11/" "Mozilla/5.0 (X11; Linux x86_64) AppleWebKit/537.36 (KHTML, like Gecko) HeadlessChrome/114.0.5720.0 Safari/537.36"
123.160.223.74 - - [15/Jan/2025:06:21:02 +0100] "GET /gui/javascript/form_form.js HTTP/1.1" 200 16206 "http://212.69.160.11/layout.php" "Mozilla/5.0 (X11; Linux x86_64) AppleWebKit/537.36 (KHTML, like Gecko) HeadlessChrome/114.0.5720.0 Safari/537.36"
123.160.223.75 - - [15/Jan/2025:06:21:03 +0100] "GET /entry.php?id=10270 HTTP/1.1" 200 909 "http://212.69.160.11/layout.php" "Mozilla/5.0 (X11; Linux x86_64) AppleWebKit/537.36 (KHTML, like Gecko) HeadlessChrome/114.0.5720.0 Safari/537.36"
123.160.223.74 - - [15/Jan/2025:06:21:03 +0100] "GET /entry.php?id=10272 HTTP/1.1" 200 1159 "http://212.69.160.11/layout.php" "Mozilla/5.0 (X11; Linux x86_64) AppleWebKit/537.36 (KHTML, like Gecko) HeadlessChrome/114.0.5720.0 Safari/537.36"
123.160.223.75 - - [15/Jan/2025:06:21:03 +0100] "GET /entry.php?id=10273 HTTP/1.1" 200 1904 "http://212.69.160.11/layout.php" "Mozilla/5.0 (X11; Linux x86_64) AppleWebKit/537.36 (KHTML, like Gecko) HeadlessChrome/114.0.5720.0 Safari/537.36"
123.160.223.75 - - [15/Jan/2025:06:21:03 +0100] "GET /entry.php?id=11412 HTTP/1.1" 200 1760 "http://212.69.160.11/layout.php" "Mozilla/5.0 (X11; Linux x86_64) AppleWebKit/537.36 (KHTML, like Gecko) HeadlessChrome/114.0.5720.0 Safari/537.36"
123.160.223.75 - - [15/Jan/2025:06:21:04 +0100] "GET /gui/javascript/jquery/css/gui-themes/jquery.tooltip.css HTTP/1.1" 200 246 "http://212.69.160.11/entry.php?id=10270" "Mozilla/5.0 (X11; Linux x86_64) AppleWebKit/537.36 (KHTML, like Gecko) HeadlessChrome/114.0.5720.0 Safari/537.36"
123.160.223.74 - - [15/Jan/2025:06:21:04 +0100] "GET /gui/javascript/jquery/css/gui-themes/custom.min.css HTTP/1.1" 200 5618 "http://212.69.160.11/entry.php?id=10270" "Mozilla/5.0 (X11; Linux x86_64) AppleWebKit/537.36 (KHTML, like Gecko) HeadlessChrome/114.0.5720.0 Safari/537.36"
123.160.223.75 - - [15/Jan/2025:06:21:04 +0100] "GET /gui/javascript/jquery/css/gui-themes/ui.spinner.css HTTP/1.1" 200 350 "http://212.69.160.11/entry.php?id=10270" "Mozilla/5.0 (X11; Linux x86_64) AppleWebKit/537.36 (KHTML, like Gecko) HeadlessChrome/114.0.5720.0 Safari/537.36"
123.160.223.74 - - [15/Jan/2025:06:21:04 +0100] "GET /gui/styles/tmplDefault.css HTTP/1.1" 200 2135 "http://212.69.160.11/entry.php?id=10272" "Mozilla/5.0 (X11; Linux x86_64) AppleWebKit/537.36 (KHTML, like Gecko) HeadlessChrome/114.0.5720.0 Safari/537.36"
123.160.223.75 - - [15/Jan/2025:06:21:04 +0100] "GET /framework/webfx/style/toolbar/cb2.css HTTP/1.1" 200 793 "http://212.69.160.11/entry.php?id=10273" "Mozilla/5.0 (X11; Linux x86_64) AppleWebKit/537.36 (KHTML, like Gecko) HeadlessChrome/114.0.5720.0 Safari/537.36"
123.160.223.74 - - [15/Jan/2025:06:21:04 +0100] "GET /gui/javascript/jquery/jquery-tooltip/jquery.tooltip.min.js HTTP/1.1" 200 1982 "http://212.69.160.11/entry.php?id=10270" "Mozilla/5.0 (X11; Linux x86_64) AppleWebKit/537.36 (KHTML, like Gecko) HeadlessChrome/114.0.5720.0 Safari/537.36"
123.160.223.75 - - [15/Jan/2025:06:21:04 +0100] "GET /gui/javascript/form_form.js?1736918463 HTTP/1.1" 200 16206 "http://212.69.160.11/entry.php?id=10270" "Mozilla/5.0 (X11; Linux x86_64) AppleWebKit/537.36 (KHTML, like Gecko) HeadlessChrome/114.0.5720.0 Safari/537.36"
123.160.223.75 - - [15/Jan/2025:06:21:04 +0100] "GET /framework/webfx/javascript/statusbar/statusBar.js HTTP/1.1" 200 649 "http://212.69.160.11/entry.php?id=10272" "Mozilla/5.0 (X11; Linux x86_64) AppleWebKit/537.36 (KHTML, like Gecko) HeadlessChrome/114.0.5720.0 Safari/537.36"
123.160.223.74 - - [15/Jan/2025:06:21:04 +0100] "GET /gui/javascript/jquery/js/jquery-1.8.2.js HTTP/1.1" 200 35391 "http://212.69.160.11/entry.php?id=10270" "Mozilla/5.0 (X11; Linux x86_64) AppleWebKit/537.36 (KHTML, like Gecko) HeadlessChrome/114.0.5720.0 Safari/537.36"
123.160.223.74 - - [15/Jan/2025:06:21:04 +0100] "GET /gui/javascript/jquery/js/jquery-ui-1.9.0.custom.min.js HTTP/1.1" 200 51286 "http://212.69.160.11/entry.php?id=10270" "Mozilla/5.0 (X11; Linux x86_64) AppleWebKit/537.36 (KHTML, like Gecko) HeadlessChrome/114.0.5720.0 Safari/537.36"
123.160.223.74 - - [15/Jan/2025:06:21:05 +0100] "GET /framework/webfx/javascript/toolbar/ieemu.js HTTP/1.1" 200 2366 "http://212.69.160.11/entry.php?id=10273" "Mozilla/5.0 (X11; Linux x86_64) AppleWebKit/537.36 (KHTML, like Gecko) HeadlessChrome/114.0.5720.0 Safari/537.36"
123.160.223.74 - - [15/Jan/2025:06:21:05 +0100] "GET /framework/webfx/javascript/toolbar/cb2.js HTTP/1.1" 200 1686 "http://212.69.160.11/entry.php?id=10273" "Mozilla/5.0 (X11; Linux x86_64) AppleWebKit/537.36 (KHTML, like Gecko) HeadlessChrome/114.0.5720.0 Safari/537.36"
123.160.223.75 - - [15/Jan/2025:06:21:06 +0100] "GET /entry.php?id=10271& HTTP/1.1" 200 934 "http://212.69.160.11/entry.php?id=10272" "Mozilla/5.0 (X11; Linux x86_64) AppleWebKit/537.36 (KHTML, like Gecko) HeadlessChrome/114.0.5720.0 Safari/537.36"
123.160.223.74 - - [15/Jan/2025:06:21:06 +0100] "GET /entry.php?id=10287 HTTP/1.1" 200 2386 "http://212.69.160.11/entry.php?id=11412" "Mozilla/5.0 (X11; Linux x86_64) AppleWebKit/537.36 (KHTML, like Gecko) HeadlessChrome/114.0.5720.0 Safari/537.36"
123.160.223.74 - - [15/Jan/2025:06:21:07 +0100] "GET /gui/javascript/form_form.js?1736918466 HTTP/1.1" 200 16206 "http://212.69.160.11/entry.php?id=10271&" "Mozilla/5.0 (X11; Linux x86_64) AppleWebKit/537.36 (KHTML, like Gecko) HeadlessChrome/114.0.5720.0 Safari/537.36"
123.160.223.75 - - [15/Jan/2025:06:21:08 +0100] "GET /gui/javascript/form_form.js?1736918467 HTTP/1.1" 200 16206 "http://212.69.160.11/entry.php?id=10287" "Mozilla/5.0 (X11; Linux x86_64) AppleWebKit/537.36 (KHTML, like Gecko) HeadlessChrome/114.0.5720.0 Safari/537.36"
123.160.223.74 - - [15/Jan/2025:06:21:09 +0100] "GET /entry.php?id=10270& HTTP/1.1" 200 909 "http://212.69.160.11/entry.php?id=10287" "Mozilla/5.0 (X11; Linux x86_64) AppleWebKit/537.36 (KHTML, like Gecko) HeadlessChrome/114.0.5720.0 Safari/537.36"
123.160.223.74 - - [15/Jan/2025:06:21:09 +0100] "GET /entry.php?id=10273& HTTP/1.1" 200 1904 "http://212.69.160.11/entry.php?id=10287" "Mozilla/5.0 (X11; Linux x86_64) AppleWebKit/537.36 (KHTML, like Gecko) HeadlessChrome/114.0.5720.0 Safari/537.36"
123.160.223.74 - - [15/Jan/2025:06:21:09 +0100] "GET /gui/javascript/form_form.js?1736918469 HTTP/1.1" 200 16206 "http://212.69.160.11/entry.php?id=10273&" "Mozilla/5.0 (X11; Linux x86_64) AppleWebKit/537.36 (KHTML, like Gecko) HeadlessChrome/114.0.5720.0 Safari/537.36"
123.160.223.72 - - [15/Jan/2025:06:21:12 +0100] "GET /activities.ico HTTP/1.1" 200 1406 "-" "Mozilla/5.0 (Macintosh; Intel Mac OS X 10_15_7) AppleWebKit/537.36 (KHTML, like Gecko) Chrome/96.0.4664.110 Safari/537.36"
123.160.223.75 - - [15/Jan/2025:06:22:21 +0100] "GET / HTTP/1.1" 200 274 "-" "Mozilla/5.0 (Macintosh; Intel Mac OS X 10_15_7) AppleWebKit/537.36 (KHTML, like Gecko) Chrome/96.0.4664.110 Safari/537.36"
123.160.223.73 - - [15/Jan/2025:06:22:23 +0100] "GET / HTTP/1.1" 200 274 "-" "Mozilla/5.0 (Macintosh; Intel Mac OS X 11_0_0) AppleWebKit/537.36 (KHTML, like Gecko) Chrome/87.0.4280.88 Safari/537.36"
123.160.223.74 - - [15/Jan/2025:06:22:28 +0100] "GET /activities.ico HTTP/1.1" 200 1406 "-" "Mozilla/5.0 (Macintosh; Intel Mac OS X 10_15_7) AppleWebKit/537.36 (KHTML, like Gecko) Chrome/96.0.4664.110 Safari/537.36"
123.160.221.132 - - [15/Jan/2025:06:23:39 +0100] "GET / HTTP/1.1" 200 274 "-" "Mozilla/5.0 (Macintosh; Intel Mac OS X 10_15_7) AppleWebKit/537.36 (KHTML, like Gecko) Chrome/96.0.4664.110 Safari/537.36"
123.160.221.132 - - [15/Jan/2025:06:23:41 +0100] "GET / HTTP/1.1" 200 274 "-" "Mozilla/5.0 (Macintosh; Intel Mac OS X 11_0_0) AppleWebKit/537.36 (KHTML, like Gecko) Chrome/87.0.4280.88 Safari/537.36"
123.160.221.130 - - [15/Jan/2025:06:23:46 +0100] "GET /activities.ico HTTP/1.1" 200 1406 "-" "Mozilla/5.0 (Macintosh; Intel Mac OS X 10_15_7) AppleWebKit/537.36 (KHTML, like Gecko) Chrome/96.0.4664.110 Safari/537.36"
156.59.198.135 - - [15/Jan/2025:06:24:06 +0100] "GET /renault.activities.at/htdocs/export/xml/data/orders/202109221103_RenOrder.xml HTTP/1.0" 404 329 "-" "Mozilla/5.0 (Linux; Android 5.0) AppleWebKit/537.36 (KHTML, like Gecko) Mobile Safari/537.36 (compatible; Bytespider; spider-feedback@bytedance.com)"
123.160.223.75 - - [15/Jan/2025:06:24:15 +0100] "GET / HTTP/1.1" 200 274 "-" "Mozilla/5.0 (Macintosh; Intel Mac OS X 10_15_7) AppleWebKit/537.36 (KHTML, like Gecko) Chrome/96.0.4664.110 Safari/537.36"
123.160.223.75 - - [15/Jan/2025:06:24:15 +0100] "GET / HTTP/1.1" 200 274 "-" "Mozilla/5.0 (Macintosh; Intel Mac OS X 11_0_0) AppleWebKit/537.36 (KHTML, like Gecko) Chrome/87.0.4280.88 Safari/537.36"
123.160.223.73 - - [15/Jan/2025:06:24:17 +0100] "GET /layout.php HTTP/1.1" 200 819 "http://staff.castlegem.co.uk/" "Mozilla/5.0 (X11; Linux x86_64) AppleWebKit/537.36 (KHTML, like Gecko) HeadlessChrome/114.0.5720.0 Safari/537.36"
123.160.223.73 - - [15/Jan/2025:06:24:17 +0100] "GET /gui/javascript/form_form.js HTTP/1.1" 200 16206 "http://staff.castlegem.co.uk/layout.php" "Mozilla/5.0 (X11; Linux x86_64) AppleWebKit/537.36 (KHTML, like Gecko) HeadlessChrome/114.0.5720.0 Safari/537.36"
123.160.223.72 - - [15/Jan/2025:06:24:19 +0100] "GET /entry.php?id=10273 HTTP/1.1" 200 1903 "http://staff.castlegem.co.uk/layout.php" "Mozilla/5.0 (X11; Linux x86_64) AppleWebKit/537.36 (KHTML, like Gecko) HeadlessChrome/114.0.5720.0 Safari/537.36"
123.160.223.73 - - [15/Jan/2025:06:24:19 +0100] "GET /entry.php?id=10270 HTTP/1.1" 200 909 "http://staff.castlegem.co.uk/layout.php" "Mozilla/5.0 (X11; Linux x86_64) AppleWebKit/537.36 (KHTML, like Gecko) HeadlessChrome/114.0.5720.0 Safari/537.36"
123.160.223.72 - - [15/Jan/2025:06:24:19 +0100] "GET /entry.php?id=10272 HTTP/1.1" 200 1159 "http://staff.castlegem.co.uk/layout.php" "Mozilla/5.0 (X11; Linux x86_64) AppleWebKit/537.36 (KHTML, like Gecko) HeadlessChrome/114.0.5720.0 Safari/537.36"
123.160.223.73 - - [15/Jan/2025:06:24:19 +0100] "GET /entry.php?id=11412 HTTP/1.1" 200 1760 "http://staff.castlegem.co.uk/layout.php" "Mozilla/5.0 (X11; Linux x86_64) AppleWebKit/537.36 (KHTML, like Gecko) HeadlessChrome/114.0.5720.0 Safari/537.36"
123.160.223.72 - - [15/Jan/2025:06:24:19 +0100] "GET /gui/javascript/jquery/css/gui-themes/custom.min.css HTTP/1.1" 200 5618 "http://staff.castlegem.co.uk/entry.php?id=10270" "Mozilla/5.0 (X11; Linux x86_64) AppleWebKit/537.36 (KHTML, like Gecko) HeadlessChrome/114.0.5720.0 Safari/537.36"
123.160.223.73 - - [15/Jan/2025:06:24:20 +0100] "GET /gui/javascript/jquery/css/gui-themes/ui.spinner.css HTTP/1.1" 200 350 "http://staff.castlegem.co.uk/entry.php?id=10270" "Mozilla/5.0 (X11; Linux x86_64) AppleWebKit/537.36 (KHTML, like Gecko) HeadlessChrome/114.0.5720.0 Safari/537.36"
123.160.223.73 - - [15/Jan/2025:06:24:20 +0100] "GET /gui/javascript/jquery/css/gui-themes/jquery.tooltip.css HTTP/1.1" 200 246 "http://staff.castlegem.co.uk/entry.php?id=10270" "Mozilla/5.0 (X11; Linux x86_64) AppleWebKit/537.36 (KHTML, like Gecko) HeadlessChrome/114.0.5720.0 Safari/537.36"
123.160.223.73 - - [15/Jan/2025:06:24:20 +0100] "GET /framework/webfx/style/toolbar/cb2.css HTTP/1.1" 200 793 "http://staff.castlegem.co.uk/entry.php?id=10273" "Mozilla/5.0 (X11; Linux x86_64) AppleWebKit/537.36 (KHTML, like Gecko) HeadlessChrome/114.0.5720.0 Safari/537.36"
123.160.223.72 - - [15/Jan/2025:06:24:20 +0100] "GET /gui/styles/tmplDefault.css HTTP/1.1" 200 2135 "http://staff.castlegem.co.uk/entry.php?id=11412" "Mozilla/5.0 (X11; Linux x86_64) AppleWebKit/537.36 (KHTML, like Gecko) HeadlessChrome/114.0.5720.0 Safari/537.36"
123.160.223.74 - - [15/Jan/2025:06:24:20 +0100] "GET /activities.ico HTTP/1.1" 200 1406 "-" "Mozilla/5.0 (Macintosh; Intel Mac OS X 10_15_7) AppleWebKit/537.36 (KHTML, like Gecko) Chrome/96.0.4664.110 Safari/537.36"
123.160.223.72 - - [15/Jan/2025:06:24:20 +0100] "GET /gui/javascript/form_form.js?1736918659 HTTP/1.1" 200 16206 "http://staff.castlegem.co.uk/entry.php?id=10270" "Mozilla/5.0 (X11; Linux x86_64) AppleWebKit/537.36 (KHTML, like Gecko) HeadlessChrome/114.0.5720.0 Safari/537.36"
123.160.223.72 - - [15/Jan/2025:06:24:21 +0100] "GET /gui/javascript/jquery/jquery-tooltip/jquery.tooltip.min.js HTTP/1.1" 200 1982 "http://staff.castlegem.co.uk/entry.php?id=10270" "Mozilla/5.0 (X11; Linux x86_64) AppleWebKit/537.36 (KHTML, like Gecko) HeadlessChrome/114.0.5720.0 Safari/537.36"
123.160.223.73 - - [15/Jan/2025:06:24:20 +0100] "GET /gui/javascript/jquery/js/jquery-1.8.2.js HTTP/1.1" 200 35391 "http://staff.castlegem.co.uk/entry.php?id=10270" "Mozilla/5.0 (X11; Linux x86_64) AppleWebKit/537.36 (KHTML, like Gecko) HeadlessChrome/114.0.5720.0 Safari/537.36"
123.160.223.72 - - [15/Jan/2025:06:24:21 +0100] "GET /framework/webfx/javascript/toolbar/ieemu.js HTTP/1.1" 200 2366 "http://staff.castlegem.co.uk/entry.php?id=10273" "Mozilla/5.0 (X11; Linux x86_64) AppleWebKit/537.36 (KHTML, like Gecko) HeadlessChrome/114.0.5720.0 Safari/537.36"
123.160.223.72 - - [15/Jan/2025:06:24:21 +0100] "GET /framework/webfx/javascript/toolbar/cb2.js HTTP/1.1" 200 1686 "http://staff.castlegem.co.uk/entry.php?id=10273" "Mozilla/5.0 (X11; Linux x86_64) AppleWebKit/537.36 (KHTML, like Gecko) HeadlessChrome/114.0.5720.0 Safari/537.36"
123.160.223.73 - - [15/Jan/2025:06:24:22 +0100] "GET /framework/webfx/javascript/statusbar/statusBar.js HTTP/1.1" 200 649 "http://staff.castlegem.co.uk/entry.php?id=10272" "Mozilla/5.0 (X11; Linux x86_64) AppleWebKit/537.36 (KHTML, like Gecko) HeadlessChrome/114.0.5720.0 Safari/537.36"
123.160.223.73 - - [15/Jan/2025:06:24:21 +0100] "GET /gui/javascript/jquery/js/jquery-ui-1.9.0.custom.min.js HTTP/1.1" 200 51286 "http://staff.castlegem.co.uk/entry.php?id=10270" "Mozilla/5.0 (X11; Linux x86_64) AppleWebKit/537.36 (KHTML, like Gecko) HeadlessChrome/114.0.5720.0 Safari/537.36"
123.160.223.73 - - [15/Jan/2025:06:24:23 +0100] "GET /entry.php?id=10287 HTTP/1.1" 200 2386 "http://staff.castlegem.co.uk/entry.php?id=11412" "Mozilla/5.0 (X11; Linux x86_64) AppleWebKit/537.36 (KHTML, like Gecko) HeadlessChrome/114.0.5720.0 Safari/537.36"
123.160.223.73 - - [15/Jan/2025:06:24:23 +0100] "GET /entry.php?id=10271& HTTP/1.1" 200 934 "http://staff.castlegem.co.uk/entry.php?id=10272" "Mozilla/5.0 (X11; Linux x86_64) AppleWebKit/537.36 (KHTML, like Gecko) HeadlessChrome/114.0.5720.0 Safari/537.36"
123.160.223.73 - - [15/Jan/2025:06:24:24 +0100] "GET /gui/javascript/form_form.js?1736918663 HTTP/1.1" 200 16206 "http://staff.castlegem.co.uk/entry.php?id=10287" "Mozilla/5.0 (X11; Linux x86_64) AppleWebKit/537.36 (KHTML, like Gecko) HeadlessChrome/114.0.5720.0 Safari/537.36"
123.160.223.73 - - [15/Jan/2025:06:24:25 +0100] "GET /entry.php?id=10270& HTTP/1.1" 200 909 "http://staff.castlegem.co.uk/entry.php?id=10287" "Mozilla/5.0 (X11; Linux x86_64) AppleWebKit/537.36 (KHTML, like Gecko) HeadlessChrome/114.0.5720.0 Safari/537.36"
123.160.223.73 - - [15/Jan/2025:06:24:25 +0100] "GET /entry.php?id=10273& HTTP/1.1" 200 1903 "http://staff.castlegem.co.uk/entry.php?id=10287" "Mozilla/5.0 (X11; Linux x86_64) AppleWebKit/537.36 (KHTML, like Gecko) HeadlessChrome/114.0.5720.0 Safari/537.36"
123.160.223.72 - - [15/Jan/2025:06:24:26 +0100] "GET /gui/javascript/form_form.js?1736918665 HTTP/1.1" 200 16206 "http://staff.castlegem.co.uk/entry.php?id=10270&" "Mozilla/5.0 (X11; Linux x86_64) AppleWebKit/537.36 (KHTML, like Gecko) HeadlessChrome/114.0.5720.0 Safari/537.36"
123.160.223.73 - - [15/Jan/2025:06:26:40 +0100] "GET / HTTP/1.1" 200 274 "-" "Mozilla/5.0 (Macintosh; Intel Mac OS X 10_15_7) AppleWebKit/537.36 (KHTML, like Gecko) Chrome/96.0.4664.110 Safari/537.36"
123.160.223.73 - - [15/Jan/2025:06:26:42 +0100] "GET / HTTP/1.1" 200 274 "-" "Mozilla/5.0 (Macintosh; Intel Mac OS X 11_0_0) AppleWebKit/537.36 (KHTML, like Gecko) Chrome/87.0.4280.88 Safari/537.36"
111.7.96.176 - - [15/Jan/2025:06:26:42 +0100] "GET / HTTP/1.1" 200 274 "-" "Mozilla/5.0 (Macintosh; Intel Mac OS X 10_15_7) AppleWebKit/537.36 (KHTML, like Gecko) Chrome/96.0.4664.110 Safari/537.36"
111.7.96.176 - - [15/Jan/2025:06:26:43 +0100] "GET / HTTP/1.1" 200 274 "-" "Mozilla/5.0 (Macintosh; Intel Mac OS X 11_0_0) AppleWebKit/537.36 (KHTML, like Gecko) Chrome/87.0.4280.88 Safari/537.36"
111.7.96.176 - - [15/Jan/2025:06:26:43 +0100] "GET /layout.php HTTP/1.1" 200 826 "http://food-and-drink.vienna-lodgings.at/" "Mozilla/5.0 (X11; Linux x86_64) AppleWebKit/537.36 (KHTML, like Gecko) HeadlessChrome/120.0.6099.199 Safari/537.36"
123.160.223.72 - - [15/Jan/2025:06:26:43 +0100] "GET /layout.php HTTP/1.1" 200 814 "http://mail.creativecube.at/" "Mozilla/5.0 (X11; Linux x86_64) AppleWebKit/537.36 (KHTML, like Gecko) HeadlessChrome/114.0.5720.0 Safari/537.36"
111.7.96.176 - - [15/Jan/2025:06:26:44 +0100] "GET /gui/javascript/form_form.js HTTP/1.1" 200 16206 "http://food-and-drink.vienna-lodgings.at/layout.php" "Mozilla/5.0 (X11; Linux x86_64) AppleWebKit/537.36 (KHTML, like Gecko) HeadlessChrome/120.0.6099.199 Safari/537.36"
111.7.96.176 - - [15/Jan/2025:06:26:44 +0100] "GET /entry.php?id=10270 HTTP/1.1" 200 908 "http://food-and-drink.vienna-lodgings.at/layout.php" "Mozilla/5.0 (X11; Linux x86_64) AppleWebKit/537.36 (KHTML, like Gecko) HeadlessChrome/120.0.6099.199 Safari/537.36"
111.7.96.176 - - [15/Jan/2025:06:26:44 +0100] "GET /entry.php?id=10273 HTTP/1.1" 200 1903 "http://food-and-drink.vienna-lodgings.at/layout.php" "Mozilla/5.0 (X11; Linux x86_64) AppleWebKit/537.36 (KHTML, like Gecko) HeadlessChrome/120.0.6099.199 Safari/537.36"
123.160.223.73 - - [15/Jan/2025:06:26:44 +0100] "GET /gui/javascript/form_form.js HTTP/1.1" 200 16206 "http://mail.creativecube.at/layout.php" "Mozilla/5.0 (X11; Linux x86_64) AppleWebKit/537.36 (KHTML, like Gecko) HeadlessChrome/114.0.5720.0 Safari/537.36"
111.7.96.176 - - [15/Jan/2025:06:26:45 +0100] "GET /entry.php?id=10272 HTTP/1.1" 200 1158 "http://food-and-drink.vienna-lodgings.at/layout.php" "Mozilla/5.0 (X11; Linux x86_64) AppleWebKit/537.36 (KHTML, like Gecko) HeadlessChrome/120.0.6099.199 Safari/537.36"
111.7.96.176 - - [15/Jan/2025:06:26:45 +0100] "GET /entry.php?id=11412 HTTP/1.1" 200 1759 "http://food-and-drink.vienna-lodgings.at/layout.php" "Mozilla/5.0 (X11; Linux x86_64) AppleWebKit/537.36 (KHTML, like Gecko) HeadlessChrome/120.0.6099.199 Safari/537.36"
111.7.96.176 - - [15/Jan/2025:06:26:45 +0100] "GET /gui/javascript/jquery/css/gui-themes/custom.min.css HTTP/1.1" 200 5618 "http://food-and-drink.vienna-lodgings.at/entry.php?id=10270" "Mozilla/5.0 (X11; Linux x86_64) AppleWebKit/537.36 (KHTML, like Gecko) HeadlessChrome/120.0.6099.199 Safari/537.36"
111.7.96.176 - - [15/Jan/2025:06:26:45 +0100] "GET /gui/javascript/jquery/css/gui-themes/ui.spinner.css HTTP/1.1" 200 350 "http://food-and-drink.vienna-lodgings.at/entry.php?id=10270" "Mozilla/5.0 (X11; Linux x86_64) AppleWebKit/537.36 (KHTML, like Gecko) HeadlessChrome/120.0.6099.199 Safari/537.36"
111.7.96.176 - - [15/Jan/2025:06:26:45 +0100] "GET /gui/javascript/jquery/css/gui-themes/jquery.tooltip.css HTTP/1.1" 200 246 "http://food-and-drink.vienna-lodgings.at/entry.php?id=10270" "Mozilla/5.0 (X11; Linux x86_64) AppleWebKit/537.36 (KHTML, like Gecko) HeadlessChrome/120.0.6099.199 Safari/537.36"
111.7.96.176 - - [15/Jan/2025:06:26:45 +0100] "GET /framework/webfx/style/toolbar/cb2.css HTTP/1.1" 200 793 "http://food-and-drink.vienna-lodgings.at/entry.php?id=10273" "Mozilla/5.0 (X11; Linux x86_64) AppleWebKit/537.36 (KHTML, like Gecko) HeadlessChrome/120.0.6099.199 Safari/537.36"
111.7.96.176 - - [15/Jan/2025:06:26:45 +0100] "GET /gui/styles/tmplDefault.css HTTP/1.1" 200 2135 "http://food-and-drink.vienna-lodgings.at/entry.php?id=10272" "Mozilla/5.0 (X11; Linux x86_64) AppleWebKit/537.36 (KHTML, like Gecko) HeadlessChrome/120.0.6099.199 Safari/537.36"
111.7.96.176 - - [15/Jan/2025:06:26:46 +0100] "GET /gui/javascript/jquery/jquery-tooltip/jquery.tooltip.min.js HTTP/1.1" 200 1982 "http://food-and-drink.vienna-lodgings.at/entry.php?id=10270" "Mozilla/5.0 (X11; Linux x86_64) AppleWebKit/537.36 (KHTML, like Gecko) HeadlessChrome/120.0.6099.199 Safari/537.36"
123.160.223.72 - - [15/Jan/2025:06:26:46 +0100] "GET /entry.php?id=10270 HTTP/1.1" 200 908 "http://mail.creativecube.at/layout.php" "Mozilla/5.0 (X11; Linux x86_64) AppleWebKit/537.36 (KHTML, like Gecko) HeadlessChrome/114.0.5720.0 Safari/537.36"
111.7.96.176 - - [15/Jan/2025:06:26:45 +0100] "GET /gui/javascript/jquery/js/jquery-1.8.2.js HTTP/1.1" 200 35391 "http://food-and-drink.vienna-lodgings.at/entry.php?id=10270" "Mozilla/5.0 (X11; Linux x86_64) AppleWebKit/537.36 (KHTML, like Gecko) HeadlessChrome/120.0.6099.199 Safari/537.36"
111.7.96.176 - - [15/Jan/2025:06:26:45 +0100] "GET /gui/javascript/form_form.js?1736918804 HTTP/1.1" 200 16206 "http://food-and-drink.vienna-lodgings.at/entry.php?id=10270" "Mozilla/5.0 (X11; Linux x86_64) AppleWebKit/537.36 (KHTML, like Gecko) HeadlessChrome/120.0.6099.199 Safari/537.36"
123.160.223.73 - - [15/Jan/2025:06:26:46 +0100] "GET /entry.php?id=11412 HTTP/1.1" 200 1759 "http://mail.creativecube.at/layout.php" "Mozilla/5.0 (X11; Linux x86_64) AppleWebKit/537.36 (KHTML, like Gecko) HeadlessChrome/114.0.5720.0 Safari/537.36"
123.160.223.73 - - [15/Jan/2025:06:26:46 +0100] "GET /entry.php?id=10273 HTTP/1.1" 200 1903 "http://mail.creativecube.at/layout.php" "Mozilla/5.0 (X11; Linux x86_64) AppleWebKit/537.36 (KHTML, like Gecko) HeadlessChrome/114.0.5720.0 Safari/537.36"
123.160.223.73 - - [15/Jan/2025:06:26:46 +0100] "GET /entry.php?id=10272 HTTP/1.1" 200 1158 "http://mail.creativecube.at/layout.php" "Mozilla/5.0 (X11; Linux x86_64) AppleWebKit/537.36 (KHTML, like Gecko) HeadlessChrome/114.0.5720.0 Safari/537.36"
111.7.96.176 - - [15/Jan/2025:06:26:46 +0100] "GET /framework/webfx/javascript/toolbar/ieemu.js HTTP/1.1" 200 2366 "http://food-and-drink.vienna-lodgings.at/entry.php?id=10273" "Mozilla/5.0 (X11; Linux x86_64) AppleWebKit/537.36 (KHTML, like Gecko) HeadlessChrome/120.0.6099.199 Safari/537.36"
123.160.223.73 - - [15/Jan/2025:06:26:46 +0100] "GET /gui/javascript/jquery/css/gui-themes/custom.min.css HTTP/1.1" 200 5618 "http://mail.creativecube.at/entry.php?id=10270" "Mozilla/5.0 (X11; Linux x86_64) AppleWebKit/537.36 (KHTML, like Gecko) HeadlessChrome/114.0.5720.0 Safari/537.36"
111.7.96.176 - - [15/Jan/2025:06:26:46 +0100] "GET /framework/webfx/javascript/statusbar/statusBar.js HTTP/1.1" 200 649 "http://food-and-drink.vienna-lodgings.at/entry.php?id=10272" "Mozilla/5.0 (X11; Linux x86_64) AppleWebKit/537.36 (KHTML, like Gecko) HeadlessChrome/120.0.6099.199 Safari/537.36"
111.7.96.176 - - [15/Jan/2025:06:26:46 +0100] "GET /framework/webfx/javascript/toolbar/cb2.js HTTP/1.1" 200 1686 "http://food-and-drink.vienna-lodgings.at/entry.php?id=10273" "Mozilla/5.0 (X11; Linux x86_64) AppleWebKit/537.36 (KHTML, like Gecko) HeadlessChrome/120.0.6099.199 Safari/537.36"
111.7.96.176 - - [15/Jan/2025:06:26:46 +0100] "GET /gui/javascript/jquery/js/jquery-ui-1.9.0.custom.min.js HTTP/1.1" 200 51286 "http://food-and-drink.vienna-lodgings.at/entry.php?id=10270" "Mozilla/5.0 (X11; Linux x86_64) AppleWebKit/537.36 (KHTML, like Gecko) HeadlessChrome/120.0.6099.199 Safari/537.36"
111.7.96.176 - - [15/Jan/2025:06:26:46 +0100] "GET /gui/javascript/form_form.js?1736918805 HTTP/1.1" 200 16206 "http://food-and-drink.vienna-lodgings.at/entry.php?id=10272" "Mozilla/5.0 (X11; Linux x86_64) AppleWebKit/537.36 (KHTML, like Gecko) HeadlessChrome/120.0.6099.199 Safari/537.36"
123.160.223.73 - - [15/Jan/2025:06:26:47 +0100] "GET /gui/javascript/jquery/css/gui-themes/jquery.tooltip.css HTTP/1.1" 200 246 "http://mail.creativecube.at/entry.php?id=10270" "Mozilla/5.0 (X11; Linux x86_64) AppleWebKit/537.36 (KHTML, like Gecko) HeadlessChrome/114.0.5720.0 Safari/537.36"
123.160.223.73 - - [15/Jan/2025:06:26:47 +0100] "GET /framework/webfx/style/toolbar/cb2.css HTTP/1.1" 200 793 "http://mail.creativecube.at/entry.php?id=10273" "Mozilla/5.0 (X11; Linux x86_64) AppleWebKit/537.36 (KHTML, like Gecko) HeadlessChrome/114.0.5720.0 Safari/537.36"
123.160.223.72 - - [15/Jan/2025:06:26:47 +0100] "GET /gui/styles/tmplDefault.css HTTP/1.1" 200 2135 "http://mail.creativecube.at/entry.php?id=11412" "Mozilla/5.0 (X11; Linux x86_64) AppleWebKit/537.36 (KHTML, like Gecko) HeadlessChrome/114.0.5720.0 Safari/537.36"
123.160.223.73 - - [15/Jan/2025:06:26:47 +0100] "GET /gui/javascript/jquery/css/gui-themes/ui.spinner.css HTTP/1.1" 200 350 "http://mail.creativecube.at/entry.php?id=10270" "Mozilla/5.0 (X11; Linux x86_64) AppleWebKit/537.36 (KHTML, like Gecko) HeadlessChrome/114.0.5720.0 Safari/537.36"
123.160.223.72 - - [15/Jan/2025:06:26:47 +0100] "GET /activities.ico HTTP/1.1" 200 1406 "-" "Mozilla/5.0 (Macintosh; Intel Mac OS X 10_15_7) AppleWebKit/537.36 (KHTML, like Gecko) Chrome/96.0.4664.110 Safari/537.36"
123.160.223.72 - - [15/Jan/2025:06:26:47 +0100] "GET /gui/javascript/form_form.js?1736918806 HTTP/1.1" 200 16206 "http://mail.creativecube.at/entry.php?id=10270" "Mozilla/5.0 (X11; Linux x86_64) AppleWebKit/537.36 (KHTML, like Gecko) HeadlessChrome/114.0.5720.0 Safari/537.36"
111.7.96.176 - - [15/Jan/2025:06:26:47 +0100] "GET /entry.php?id=10287 HTTP/1.1" 200 2386 "http://food-and-drink.vienna-lodgings.at/entry.php?id=11412" "Mozilla/5.0 (X11; Linux x86_64) AppleWebKit/537.36 (KHTML, like Gecko) HeadlessChrome/120.0.6099.199 Safari/537.36"
111.7.96.176 - - [15/Jan/2025:06:26:47 +0100] "GET /entry.php?id=10271& HTTP/1.1" 200 933 "http://food-and-drink.vienna-lodgings.at/entry.php?id=10272" "Mozilla/5.0 (X11; Linux x86_64) AppleWebKit/537.36 (KHTML, like Gecko) HeadlessChrome/120.0.6099.199 Safari/537.36"
111.7.96.176 - - [15/Jan/2025:06:26:48 +0100] "GET /activities.ico HTTP/1.1" 200 1406 "-" "Mozilla/5.0 (Macintosh; Intel Mac OS X 10_15_7) AppleWebKit/537.36 (KHTML, like Gecko) Chrome/96.0.4664.110 Safari/537.36"
123.160.223.72 - - [15/Jan/2025:06:26:48 +0100] "GET /gui/javascript/jquery/jquery-tooltip/jquery.tooltip.min.js HTTP/1.1" 200 1982 "http://mail.creativecube.at/entry.php?id=10270" "Mozilla/5.0 (X11; Linux x86_64) AppleWebKit/537.36 (KHTML, like Gecko) HeadlessChrome/114.0.5720.0 Safari/537.36"
123.160.223.73 - - [15/Jan/2025:06:26:48 +0100] "GET /framework/webfx/javascript/toolbar/ieemu.js HTTP/1.1" 200 2366 "http://mail.creativecube.at/entry.php?id=10273" "Mozilla/5.0 (X11; Linux x86_64) AppleWebKit/537.36 (KHTML, like Gecko) HeadlessChrome/114.0.5720.0 Safari/537.36"
123.160.223.72 - - [15/Jan/2025:06:26:48 +0100] "GET /framework/webfx/javascript/toolbar/cb2.js HTTP/1.1" 200 1686 "http://mail.creativecube.at/entry.php?id=10273" "Mozilla/5.0 (X11; Linux x86_64) AppleWebKit/537.36 (KHTML, like Gecko) HeadlessChrome/114.0.5720.0 Safari/537.36"
111.7.96.176 - - [15/Jan/2025:06:26:48 +0100] "GET /gui/javascript/form_form.js?1736918807 HTTP/1.1" 200 16206 "http://food-and-drink.vienna-lodgings.at/entry.php?id=10287" "Mozilla/5.0 (X11; Linux x86_64) AppleWebKit/537.36 (KHTML, like Gecko) HeadlessChrome/120.0.6099.199 Safari/537.36"
123.160.223.72 - - [15/Jan/2025:06:26:47 +0100] "GET /gui/javascript/jquery/js/jquery-1.8.2.js HTTP/1.1" 200 35391 "http://mail.creativecube.at/entry.php?id=10270" "Mozilla/5.0 (X11; Linux x86_64) AppleWebKit/537.36 (KHTML, like Gecko) HeadlessChrome/114.0.5720.0 Safari/537.36"
111.7.96.176 - - [15/Jan/2025:06:26:48 +0100] "GET /entry.php?id=10273& HTTP/1.1" 200 1903 "http://food-and-drink.vienna-lodgings.at/entry.php?id=10287" "Mozilla/5.0 (X11; Linux x86_64) AppleWebKit/537.36 (KHTML, like Gecko) HeadlessChrome/120.0.6099.199 Safari/537.36"
123.160.223.73 - - [15/Jan/2025:06:26:48 +0100] "GET /gui/javascript/jquery/js/jquery-ui-1.9.0.custom.min.js HTTP/1.1" 200 51286 "http://mail.creativecube.at/entry.php?id=10270" "Mozilla/5.0 (X11; Linux x86_64) AppleWebKit/537.36 (KHTML, like Gecko) HeadlessChrome/114.0.5720.0 Safari/537.36"
111.7.96.176 - - [15/Jan/2025:06:26:49 +0100] "GET /entry.php?id=10270& HTTP/1.1" 200 908 "http://food-and-drink.vienna-lodgings.at/entry.php?id=10287" "Mozilla/5.0 (X11; Linux x86_64) AppleWebKit/537.36 (KHTML, like Gecko) HeadlessChrome/120.0.6099.199 Safari/537.36"
111.7.96.176 - - [15/Jan/2025:06:26:49 +0100] "GET /gui/javascript/form_form.js?1736918809 HTTP/1.1" 200 16206 "http://food-and-drink.vienna-lodgings.at/entry.php?id=10273&" "Mozilla/5.0 (X11; Linux x86_64) AppleWebKit/537.36 (KHTML, like Gecko) HeadlessChrome/120.0.6099.199 Safari/537.36"
123.160.223.73 - - [15/Jan/2025:06:26:50 +0100] "GET /framework/webfx/javascript/statusbar/statusBar.js HTTP/1.1" 200 649 "http://mail.creativecube.at/entry.php?id=10272" "Mozilla/5.0 (X11; Linux x86_64) AppleWebKit/537.36 (KHTML, like Gecko) HeadlessChrome/114.0.5720.0 Safari/537.36"
123.160.223.72 - - [15/Jan/2025:06:26:51 +0100] "GET /entry.php?id=10287 HTTP/1.1" 200 2385 "http://mail.creativecube.at/entry.php?id=11412" "Mozilla/5.0 (X11; Linux x86_64) AppleWebKit/537.36 (KHTML, like Gecko) HeadlessChrome/114.0.5720.0 Safari/537.36"
123.160.223.73 - - [15/Jan/2025:06:26:51 +0100] "GET /entry.php?id=10271& HTTP/1.1" 200 932 "http://mail.creativecube.at/entry.php?id=10272" "Mozilla/5.0 (X11; Linux x86_64) AppleWebKit/537.36 (KHTML, like Gecko) HeadlessChrome/114.0.5720.0 Safari/537.36"
123.160.223.73 - - [15/Jan/2025:06:26:52 +0100] "GET /gui/javascript/form_form.js?1736918811 HTTP/1.1" 200 16206 "http://mail.creativecube.at/entry.php?id=10287" "Mozilla/5.0 (X11; Linux x86_64) AppleWebKit/537.36 (KHTML, like Gecko) HeadlessChrome/114.0.5720.0 Safari/537.36"
123.160.223.73 - - [15/Jan/2025:06:26:53 +0100] "GET /entry.php?id=10273& HTTP/1.1" 200 1903 "http://mail.creativecube.at/entry.php?id=10287" "Mozilla/5.0 (X11; Linux x86_64) AppleWebKit/537.36 (KHTML, like Gecko) HeadlessChrome/114.0.5720.0 Safari/537.36"
123.160.223.72 - - [15/Jan/2025:06:26:53 +0100] "GET /entry.php?id=10270& HTTP/1.1" 200 907 "http://mail.creativecube.at/entry.php?id=10287" "Mozilla/5.0 (X11; Linux x86_64) AppleWebKit/537.36 (KHTML, like Gecko) HeadlessChrome/114.0.5720.0 Safari/537.36"
123.160.223.72 - - [15/Jan/2025:06:26:54 +0100] "GET /gui/javascript/form_form.js?1736918813 HTTP/1.1" 200 16206 "http://mail.creativecube.at/entry.php?id=10273&" "Mozilla/5.0 (X11; Linux x86_64) AppleWebKit/537.36 (KHTML, like Gecko) HeadlessChrome/114.0.5720.0 Safari/537.36"
47.128.110.140 - - [15/Jan/2025:06:28:07 +0100] "GET /robots.txt HTTP/1.1" 404 284 "-" "Mozilla/5.0 (Linux; Android 5.0) AppleWebKit/537.36 (KHTML, like Gecko) Mobile Safari/537.36 (compatible; Bytespider; spider-feedback@bytedance.com)"
111.7.96.176 - - [15/Jan/2025:06:28:25 +0100] "GET / HTTP/1.1" 200 274 "-" "Mozilla/5.0 (Macintosh; Intel Mac OS X 10_15_7) AppleWebKit/537.36 (KHTML, like Gecko) Chrome/96.0.4664.110 Safari/537.36"
111.7.96.176 - - [15/Jan/2025:06:28:29 +0100] "GET / HTTP/1.1" 200 274 "-" "Mozilla/5.0 (Macintosh; Intel Mac OS X 11_0_0) AppleWebKit/537.36 (KHTML, like Gecko) Chrome/87.0.4280.88 Safari/537.36"
111.7.96.176 - - [15/Jan/2025:06:28:30 +0100] "GET /layout.php HTTP/1.1" 200 818 "http://smtpo.financetrainer.com/" "Mozilla/5.0 (X11; Linux x86_64) AppleWebKit/537.36 (KHTML, like Gecko) HeadlessChrome/120.0.6099.199 Safari/537.36"
111.7.96.176 - - [15/Jan/2025:06:28:30 +0100] "GET /gui/javascript/form_form.js HTTP/1.1" 200 16206 "http://smtpo.financetrainer.com/layout.php" "Mozilla/5.0 (X11; Linux x86_64) AppleWebKit/537.36 (KHTML, like Gecko) HeadlessChrome/120.0.6099.199 Safari/537.36"
111.7.96.176 - - [15/Jan/2025:06:28:31 +0100] "GET /entry.php?id=10270 HTTP/1.1" 200 909 "http://smtpo.financetrainer.com/layout.php" "Mozilla/5.0 (X11; Linux x86_64) AppleWebKit/537.36 (KHTML, like Gecko) HeadlessChrome/120.0.6099.199 Safari/537.36"
111.7.96.176 - - [15/Jan/2025:06:28:31 +0100] "GET /entry.php?id=10273 HTTP/1.1" 200 1902 "http://smtpo.financetrainer.com/layout.php" "Mozilla/5.0 (X11; Linux x86_64) AppleWebKit/537.36 (KHTML, like Gecko) HeadlessChrome/120.0.6099.199 Safari/537.36"
111.7.96.176 - - [15/Jan/2025:06:28:31 +0100] "GET /entry.php?id=10272 HTTP/1.1" 200 1158 "http://smtpo.financetrainer.com/layout.php" "Mozilla/5.0 (X11; Linux x86_64) AppleWebKit/537.36 (KHTML, like Gecko) HeadlessChrome/120.0.6099.199 Safari/537.36"
111.7.96.176 - - [15/Jan/2025:06:28:31 +0100] "GET /gui/javascript/jquery/css/gui-themes/custom.min.css HTTP/1.1" 200 5618 "http://smtpo.financetrainer.com/entry.php?id=10270" "Mozilla/5.0 (X11; Linux x86_64) AppleWebKit/537.36 (KHTML, like Gecko) HeadlessChrome/120.0.6099.199 Safari/537.36"
111.7.96.176 - - [15/Jan/2025:06:28:31 +0100] "GET /entry.php?id=11412 HTTP/1.1" 200 1759 "http://smtpo.financetrainer.com/layout.php" "Mozilla/5.0 (X11; Linux x86_64) AppleWebKit/537.36 (KHTML, like Gecko) HeadlessChrome/120.0.6099.199 Safari/537.36"
111.7.96.176 - - [15/Jan/2025:06:28:31 +0100] "GET /gui/javascript/jquery/css/gui-themes/ui.spinner.css HTTP/1.1" 200 350 "http://smtpo.financetrainer.com/entry.php?id=10270" "Mozilla/5.0 (X11; Linux x86_64) AppleWebKit/537.36 (KHTML, like Gecko) HeadlessChrome/120.0.6099.199 Safari/537.36"
111.7.96.176 - - [15/Jan/2025:06:28:31 +0100] "GET /gui/javascript/jquery/css/gui-themes/jquery.tooltip.css HTTP/1.1" 200 246 "http://smtpo.financetrainer.com/entry.php?id=10270" "Mozilla/5.0 (X11; Linux x86_64) AppleWebKit/537.36 (KHTML, like Gecko) HeadlessChrome/120.0.6099.199 Safari/537.36"
111.7.96.176 - - [15/Jan/2025:06:28:31 +0100] "GET /framework/webfx/style/toolbar/cb2.css HTTP/1.1" 200 793 "http://smtpo.financetrainer.com/entry.php?id=10273" "Mozilla/5.0 (X11; Linux x86_64) AppleWebKit/537.36 (KHTML, like Gecko) HeadlessChrome/120.0.6099.199 Safari/537.36"
111.7.96.176 - - [15/Jan/2025:06:28:31 +0100] "GET /gui/styles/tmplDefault.css HTTP/1.1" 200 2135 "http://smtpo.financetrainer.com/entry.php?id=10272" "Mozilla/5.0 (X11; Linux x86_64) AppleWebKit/537.36 (KHTML, like Gecko) HeadlessChrome/120.0.6099.199 Safari/537.36"
111.7.96.176 - - [15/Jan/2025:06:28:31 +0100] "GET /gui/javascript/form_form.js?1736918911 HTTP/1.1" 200 16206 "http://smtpo.financetrainer.com/entry.php?id=10270" "Mozilla/5.0 (X11; Linux x86_64) AppleWebKit/537.36 (KHTML, like Gecko) HeadlessChrome/120.0.6099.199 Safari/537.36"
111.7.96.176 - - [15/Jan/2025:06:28:32 +0100] "GET /gui/javascript/jquery/js/jquery-1.8.2.js HTTP/1.1" 200 35391 "http://smtpo.financetrainer.com/entry.php?id=10270" "Mozilla/5.0 (X11; Linux x86_64) AppleWebKit/537.36 (KHTML, like Gecko) HeadlessChrome/120.0.6099.199 Safari/537.36"
111.7.96.176 - - [15/Jan/2025:06:28:32 +0100] "GET /framework/webfx/javascript/toolbar/ieemu.js HTTP/1.1" 200 2366 "http://smtpo.financetrainer.com/entry.php?id=10273" "Mozilla/5.0 (X11; Linux x86_64) AppleWebKit/537.36 (KHTML, like Gecko) HeadlessChrome/120.0.6099.199 Safari/537.36"
111.7.96.176 - - [15/Jan/2025:06:28:32 +0100] "GET /gui/javascript/jquery/jquery-tooltip/jquery.tooltip.min.js HTTP/1.1" 200 1982 "http://smtpo.financetrainer.com/entry.php?id=10270" "Mozilla/5.0 (X11; Linux x86_64) AppleWebKit/537.36 (KHTML, like Gecko) HeadlessChrome/120.0.6099.199 Safari/537.36"
111.7.96.176 - - [15/Jan/2025:06:28:32 +0100] "GET /gui/javascript/jquery/js/jquery-ui-1.9.0.custom.min.js HTTP/1.1" 200 51286 "http://smtpo.financetrainer.com/entry.php?id=10270" "Mozilla/5.0 (X11; Linux x86_64) AppleWebKit/537.36 (KHTML, like Gecko) HeadlessChrome/120.0.6099.199 Safari/537.36"
111.7.96.176 - - [15/Jan/2025:06:28:32 +0100] "GET /framework/webfx/javascript/toolbar/cb2.js HTTP/1.1" 200 1686 "http://smtpo.financetrainer.com/entry.php?id=10273" "Mozilla/5.0 (X11; Linux x86_64) AppleWebKit/537.36 (KHTML, like Gecko) HeadlessChrome/120.0.6099.199 Safari/537.36"
111.7.96.176 - - [15/Jan/2025:06:28:33 +0100] "GET /entry.php?id=10287 HTTP/1.1" 200 2386 "http://smtpo.financetrainer.com/entry.php?id=11412" "Mozilla/5.0 (X11; Linux x86_64) AppleWebKit/537.36 (KHTML, like Gecko) HeadlessChrome/120.0.6099.199 Safari/537.36"
111.7.96.176 - - [15/Jan/2025:06:28:33 +0100] "GET /framework/webfx/javascript/statusbar/statusBar.js HTTP/1.1" 200 649 "http://smtpo.financetrainer.com/entry.php?id=10272" "Mozilla/5.0 (X11; Linux x86_64) AppleWebKit/537.36 (KHTML, like Gecko) HeadlessChrome/120.0.6099.199 Safari/537.36"
111.7.96.176 - - [15/Jan/2025:06:28:33 +0100] "GET /entry.php?id=10271& HTTP/1.1" 200 934 "http://smtpo.financetrainer.com/entry.php?id=10272" "Mozilla/5.0 (X11; Linux x86_64) AppleWebKit/537.36 (KHTML, like Gecko) HeadlessChrome/120.0.6099.199 Safari/537.36"
111.7.96.176 - - [15/Jan/2025:06:28:34 +0100] "GET /gui/javascript/form_form.js?1736918913 HTTP/1.1" 200 16206 "http://smtpo.financetrainer.com/entry.php?id=10287" "Mozilla/5.0 (X11; Linux x86_64) AppleWebKit/537.36 (KHTML, like Gecko) HeadlessChrome/120.0.6099.199 Safari/537.36"
111.7.96.176 - - [15/Jan/2025:06:28:35 +0100] "GET /entry.php?id=10273& HTTP/1.1" 200 1903 "http://smtpo.financetrainer.com/entry.php?id=10287" "Mozilla/5.0 (X11; Linux x86_64) AppleWebKit/537.36 (KHTML, like Gecko) HeadlessChrome/120.0.6099.199 Safari/537.36"
111.7.96.176 - - [15/Jan/2025:06:28:35 +0100] "GET /entry.php?id=10270& HTTP/1.1" 200 909 "http://smtpo.financetrainer.com/entry.php?id=10287" "Mozilla/5.0 (X11; Linux x86_64) AppleWebKit/537.36 (KHTML, like Gecko) HeadlessChrome/120.0.6099.199 Safari/537.36"
111.7.96.176 - - [15/Jan/2025:06:28:35 +0100] "GET /gui/javascript/form_form.js?1736918915 HTTP/1.1" 200 16206 "http://smtpo.financetrainer.com/entry.php?id=10273&" "Mozilla/5.0 (X11; Linux x86_64) AppleWebKit/537.36 (KHTML, like Gecko) HeadlessChrome/120.0.6099.199 Safari/537.36"
111.7.96.176 - - [15/Jan/2025:06:28:36 +0100] "GET /activities.ico HTTP/1.1" 200 1406 "-" "Mozilla/5.0 (Macintosh; Intel Mac OS X 10_15_7) AppleWebKit/537.36 (KHTML, like Gecko) Chrome/96.0.4664.110 Safari/537.36"
123.160.223.74 - - [15/Jan/2025:06:29:15 +0100] "GET / HTTP/1.1" 200 274 "-" "Mozilla/5.0 (Macintosh; Intel Mac OS X 10_15_7) AppleWebKit/537.36 (KHTML, like Gecko) Chrome/96.0.4664.110 Safari/537.36"
123.160.223.75 - - [15/Jan/2025:06:29:15 +0100] "GET / HTTP/1.1" 200 274 "-" "Mozilla/5.0 (Macintosh; Intel Mac OS X 11_0_0) AppleWebKit/537.36 (KHTML, like Gecko) Chrome/87.0.4280.88 Safari/537.36"
123.160.223.72 - - [15/Jan/2025:06:29:17 +0100] "GET /layout.php HTTP/1.1" 200 817 "http://zafi.castlegem.co.uk/" "Mozilla/5.0 (X11; Linux x86_64) AppleWebKit/537.36 (KHTML, like Gecko) HeadlessChrome/114.0.5720.0 Safari/537.36"
123.160.223.73 - - [15/Jan/2025:06:29:17 +0100] "GET /gui/javascript/form_form.js HTTP/1.1" 200 16206 "http://zafi.castlegem.co.uk/layout.php" "Mozilla/5.0 (X11; Linux x86_64) AppleWebKit/537.36 (KHTML, like Gecko) HeadlessChrome/114.0.5720.0 Safari/537.36"
123.160.223.73 - - [15/Jan/2025:06:29:19 +0100] "GET /entry.php?id=10270 HTTP/1.1" 200 909 "http://zafi.castlegem.co.uk/layout.php" "Mozilla/5.0 (X11; Linux x86_64) AppleWebKit/537.36 (KHTML, like Gecko) HeadlessChrome/114.0.5720.0 Safari/537.36"
123.160.223.72 - - [15/Jan/2025:06:29:19 +0100] "GET /entry.php?id=10273 HTTP/1.1" 200 1903 "http://zafi.castlegem.co.uk/layout.php" "Mozilla/5.0 (X11; Linux x86_64) AppleWebKit/537.36 (KHTML, like Gecko) HeadlessChrome/114.0.5720.0 Safari/537.36"
